2019-09-24 13:50:02.628 15 INFO rally.task.context [-] Task ba28f948-c7a2-431a-a20f-c2cf9cacb62d | Context cleanup@openstack setup() finished in 0.00 msec
2019-09-24 13:50:02.636 15 RALLYDEBUG rally.task.runner [-] Starting the constant runner (task UUID: ba28f948-c7a2-431a-a20f-c2cf9cacb62d). timeout: 0 concurrency: 20 concurrency_per_worker: 1 times: 40 concurrency_overhead: 0 processes_to_start: 20 max_cpu_used: 88
2019-09-24 13:50:02.650 2170 RALLYDEBUG rally.task.runner [-] Starting a worker. concurrency: 1 args: {"network_create_args": {}, "subnet_create_args": {}, "subnet_cidr_start": "1.1.0.0/30", "subnets_per_network": 2} times: 40 method_name: run timeout: 0 duration: None cls:
2019-09-24 13:50:02.652 2171 RALLYDEBUG rally.task.runner [-] Starting a worker. concurrency: 1 args: {"network_create_args": {}, "subnet_create_args": {}, "subnet_cidr_start": "1.1.0.0/30", "subnets_per_network": 2} times: 40 method_name: run timeout: 0 duration: None cls:
2019-09-24 13:50:02.654 2172 RALLYDEBUG rally.task.runner [-] Starting a worker. concurrency: 1 args: {"network_create_args": {}, "subnet_create_args": {}, "subnet_cidr_start": "1.1.0.0/30", "subnets_per_network": 2} times: 40 method_name: run timeout: 0 duration: None cls:
2019-09-24 13:50:02.656 2170 INFO rally.task.runner [-] Task ba28f948-c7a2-431a-a20f-c2cf9cacb62d | ITER: 1 START
2019-09-24 13:50:02.658 2170 WARNING rally_openstack.scenarios.neutron.utils [-] Running this scenario without either the 'network' or 'existing_network' context is deprecated
2019-09-24 13:50:02.658 2173 RALLYDEBUG rally.task.runner [-] Starting a worker. concurrency: 1 args: {"network_create_args": {}, "subnet_create_args": {}, "subnet_cidr_start": "1.1.0.0/30", "subnets_per_network": 2} times: 40 method_name: run timeout: 0 duration: None cls:
2019-09-24 13:50:02.658 2171 INFO rally.task.runner [-] Task ba28f948-c7a2-431a-a20f-c2cf9cacb62d | ITER: 2 START
2019-09-24 13:50:02.660 2171 WARNING rally_openstack.scenarios.neutron.utils [-] Running this scenario without either the 'network' or 'existing_network' context is deprecated
2019-09-24 13:50:02.660 2174 RALLYDEBUG rally.task.runner [-] Starting a worker. concurrency: 1 args: {"network_create_args": {}, "subnet_create_args": {}, "subnet_cidr_start": "1.1.0.0/30", "subnets_per_network": 2} times: 40 method_name: run timeout: 0 duration: None cls:
2019-09-24 13:50:02.661 2172 INFO rally.task.runner [-] Task ba28f948-c7a2-431a-a20f-c2cf9cacb62d | ITER: 3 START
2019-09-24 13:50:02.663 2172 WARNING rally_openstack.scenarios.neutron.utils [-] Running this scenario without either the 'network' or 'existing_network' context is deprecated
2019-09-24 13:50:02.663 2177 RALLYDEBUG rally.task.runner [-] Starting a worker. concurrency: 1 args: {"network_create_args": {}, "subnet_create_args": {}, "subnet_cidr_start": "1.1.0.0/30", "subnets_per_network": 2} times: 40 method_name: run timeout: 0 duration: None cls:
2019-09-24 13:50:02.664 2173 INFO rally.task.runner [-] Task ba28f948-c7a2-431a-a20f-c2cf9cacb62d | ITER: 4 START
2019-09-24 13:50:02.666 2173 WARNING rally_openstack.scenarios.neutron.utils [-] Running this scenario without either the 'network' or 'existing_network' context is deprecated
2019-09-24 13:50:02.666 2174 INFO rally.task.runner [-] Task ba28f948-c7a2-431a-a20f-c2cf9cacb62d | ITER: 5 START
2019-09-24 13:50:02.668 2174 WARNING rally_openstack.scenarios.neutron.utils [-] Running this scenario without either the 'network' or 'existing_network' context is deprecated
2019-09-24 13:50:02.668 2180 RALLYDEBUG rally.task.runner [-] Starting a worker. concurrency: 1 args: {"network_create_args": {}, "subnet_create_args": {}, "subnet_cidr_start": "1.1.0.0/30", "subnets_per_network": 2} times: 40 method_name: run timeout: 0 duration: None cls:
2019-09-24 13:50:02.669 2177 INFO rally.task.runner [-] Task ba28f948-c7a2-431a-a20f-c2cf9cacb62d | ITER: 6 START
2019-09-24 13:50:02.669 2183 RALLYDEBUG rally.task.runner [-] Starting a worker. concurrency: 1 args: {"network_create_args": {}, "subnet_create_args": {}, "subnet_cidr_start": "1.1.0.0/30", "subnets_per_network": 2} times: 40 method_name: run timeout: 0 duration: None cls:
2019-09-24 13:50:02.671 2177 WARNING rally_openstack.scenarios.neutron.utils [-] Running this scenario without either the 'network' or 'existing_network' context is deprecated
2019-09-24 13:50:02.671 2186 RALLYDEBUG rally.task.runner [-] Starting a worker. concurrency: 1 args: {"network_create_args": {}, "subnet_create_args": {}, "subnet_cidr_start": "1.1.0.0/30", "subnets_per_network": 2} times: 40 method_name: run timeout: 0 duration: None cls:
2019-09-24 13:50:02.673 2189 RALLYDEBUG rally.task.runner [-] Starting a worker. concurrency: 1 args: {"network_create_args": {}, "subnet_create_args": {}, "subnet_cidr_start": "1.1.0.0/30", "subnets_per_network": 2} times: 40 method_name: run timeout: 0 duration: None cls:
2019-09-24 13:50:02.675 2183 INFO rally.task.runner [-] Task ba28f948-c7a2-431a-a20f-c2cf9cacb62d | ITER: 8 START
2019-09-24 13:50:02.675 2180 INFO rally.task.runner [-] Task ba28f948-c7a2-431a-a20f-c2cf9cacb62d | ITER: 7 START
2019-09-24 13:50:02.676 2183 WARNING rally_openstack.scenarios.neutron.utils [-] Running this scenario without either the 'network' or 'existing_network' context is deprecated
2019-09-24 13:50:02.676 2180 WARNING rally_openstack.scenarios.neutron.utils [-] Running this scenario without either the 'network' or 'existing_network' context is deprecated
2019-09-24 13:50:02.677 2189 INFO rally.task.runner [-] Task ba28f948-c7a2-431a-a20f-c2cf9cacb62d | ITER: 10 START
2019-09-24 13:50:02.677 2192 RALLYDEBUG rally.task.runner [-] Starting a worker. concurrency: 1 args: {"network_create_args": {}, "subnet_create_args": {}, "subnet_cidr_start": "1.1.0.0/30", "subnets_per_network": 2} times: 40 method_name: run timeout: 0 duration: None cls:
2019-09-24 13:50:02.677 2186 INFO rally.task.runner [-] Task ba28f948-c7a2-431a-a20f-c2cf9cacb62d | ITER: 9 START
2019-09-24 13:50:02.679 2189 WARNING rally_openstack.scenarios.neutron.utils [-] Running this scenario without either the 'network' or 'existing_network' context is deprecated
2019-09-24 13:50:02.679 2186 WARNING rally_openstack.scenarios.neutron.utils [-] Running this scenario without either the 'network' or 'existing_network' context is deprecated
2019-09-24 13:50:02.679 2193 RALLYDEBUG rally.task.runner [-] Starting a worker. concurrency: 1 args: {"network_create_args": {}, "subnet_create_args": {}, "subnet_cidr_start": "1.1.0.0/30", "subnets_per_network": 2} times: 40 method_name: run timeout: 0 duration: None cls:
2019-09-24 13:50:02.683 2192 INFO rally.task.runner [-] Task ba28f948-c7a2-431a-a20f-c2cf9cacb62d | ITER: 11 START
2019-09-24 13:50:02.682 2198 RALLYDEBUG rally.task.runner [-] Starting a worker. concurrency: 1 args: {"network_create_args": {}, "subnet_create_args": {}, "subnet_cidr_start": "1.1.0.0/30", "subnets_per_network": 2} times: 40 method_name: run timeout: 0 duration: None cls:
2019-09-24 13:50:02.684 2192 WARNING rally_openstack.scenarios.neutron.utils [-] Running this scenario without either the 'network' or 'existing_network' context is deprecated
2019-09-24 13:50:02.684 2203 RALLYDEBUG rally.task.runner [-] Starting a worker. concurrency: 1 args: {"network_create_args": {}, "subnet_create_args": {}, "subnet_cidr_start": "1.1.0.0/30", "subnets_per_network": 2} times: 40 method_name: run timeout: 0 duration: None cls:
2019-09-24 13:50:02.685 2193 INFO rally.task.runner [-] Task ba28f948-c7a2-431a-a20f-c2cf9cacb62d | ITER: 12 START
2019-09-24 13:50:02.687 2193 WARNING rally_openstack.scenarios.neutron.utils [-] Running this scenario without either the 'network' or 'existing_network' context is deprecated
2019-09-24 13:50:02.688 2204 RALLYDEBUG rally.task.runner [-] Starting a worker. concurrency: 1 args: {"network_create_args": {}, "subnet_create_args": {}, "subnet_cidr_start": "1.1.0.0/30", "subnets_per_network": 2} times: 40 method_name: run timeout: 0 duration: None cls:
2019-09-24 13:50:02.688 2198 INFO rally.task.runner [-] Task ba28f948-c7a2-431a-a20f-c2cf9cacb62d | ITER: 13 START
2019-09-24 13:50:02.689 2203 INFO rally.task.runner [-] Task ba28f948-c7a2-431a-a20f-c2cf9cacb62d | ITER: 14 START
2019-09-24 13:50:02.690 2198 WARNING rally_openstack.scenarios.neutron.utils [-] Running this scenario without either the 'network' or 'existing_network' context is deprecated
2019-09-24 13:50:02.691 2203 WARNING rally_openstack.scenarios.neutron.utils [-] Running this scenario without either the 'network' or 'existing_network' context is deprecated
2019-09-24 13:50:02.690 2208 RALLYDEBUG rally.task.runner [-] Starting a worker. concurrency: 1 args: {"network_create_args": {}, "subnet_create_args": {}, "subnet_cidr_start": "1.1.0.0/30", "subnets_per_network": 2} times: 40 method_name: run timeout: 0 duration: None cls:
2019-09-24 13:50:02.694 2204 INFO rally.task.runner [-] Task ba28f948-c7a2-431a-a20f-c2cf9cacb62d | ITER: 15 START
2019-09-24 13:50:02.694 2211 RALLYDEBUG rally.task.runner [-] Starting a worker. concurrency: 1 args: {"network_create_args": {}, "subnet_create_args": {}, "subnet_cidr_start": "1.1.0.0/30", "subnets_per_network": 2} times: 40 method_name: run timeout: 0 duration: None cls:
2019-09-24 13:50:02.695 2215 RALLYDEBUG rally.task.runner [-] Starting a worker. concurrency: 1 args: {"network_create_args": {}, "subnet_create_args": {}, "subnet_cidr_start": "1.1.0.0/30", "subnets_per_network": 2} times: 40 method_name: run timeout: 0 duration: None cls:
2019-09-24 13:50:02.695 2204 WARNING rally_openstack.scenarios.neutron.utils [-] Running this scenario without either the 'network' or 'existing_network' context is deprecated
2019-09-24 13:50:02.696 2208 INFO rally.task.runner [-] Task ba28f948-c7a2-431a-a20f-c2cf9cacb62d | ITER: 16 START
2019-09-24 13:50:02.697 2208 WARNING rally_openstack.scenarios.neutron.utils [-] Running this scenario without either the 'network' or 'existing_network' context is deprecated
2019-09-24 13:50:02.699 2211 INFO rally.task.runner [-] Task ba28f948-c7a2-431a-a20f-c2cf9cacb62d | ITER: 17 START
2019-09-24 13:50:02.699 2217 RALLYDEBUG rally.task.runner [-] Starting a worker. concurrency: 1 args: {"network_create_args": {}, "subnet_create_args": {}, "subnet_cidr_start": "1.1.0.0/30", "subnets_per_network": 2} times: 40 method_name: run timeout: 0 duration: None cls:
2019-09-24 13:50:02.700 2215 INFO rally.task.runner [-] Task ba28f948-c7a2-431a-a20f-c2cf9cacb62d | ITER: 18 START
2019-09-24 13:50:02.701 2211 WARNING rally_openstack.scenarios.neutron.utils [-] Running this scenario without either the 'network' or 'existing_network' context is deprecated
2019-09-24 13:50:02.701 2215 WARNING rally_openstack.scenarios.neutron.utils [-] Running this scenario without either the 'network' or 'existing_network' context is deprecated
2019-09-24 13:50:02.701 2220 RALLYDEBUG rally.task.runner [-] Starting a worker. concurrency: 1 args: {"network_create_args": {}, "subnet_create_args": {}, "subnet_cidr_start": "1.1.0.0/30", "subnets_per_network": 2} times: 40 method_name: run timeout: 0 duration: None cls:
2019-09-24 13:50:02.705 2217 INFO rally.task.runner [-] Task ba28f948-c7a2-431a-a20f-c2cf9cacb62d | ITER: 19 START
2019-09-24 13:50:02.706 2217 WARNING rally_openstack.scenarios.neutron.utils [-] Running this scenario without either the 'network' or 'existing_network' context is deprecated
2019-09-24 13:50:02.707 2220 INFO rally.task.runner [-] Task ba28f948-c7a2-431a-a20f-c2cf9cacb62d | ITER: 20 START
2019-09-24 13:50:02.708 2220 WARNING rally_openstack.scenarios.neutron.utils [-] Running this scenario without either the 'network' or 'existing_network' context is deprecated
2019-09-24 13:50:03.841 2173 RALLYDEBUG rally_openstack.wrappers.network [-] CIDR generated: 1.1.4.96/30
2019-09-24 13:50:04.211 2170 RALLYDEBUG rally_openstack.wrappers.network [-] CIDR generated: 1.1.4.100/30
2019-09-24 13:50:04.491 2180 RALLYDEBUG rally_openstack.wrappers.network [-] CIDR generated: 1.1.4.104/30
2019-09-24 13:50:04.536 2172 RALLYDEBUG rally_openstack.wrappers.network [-] CIDR generated: 1.1.4.108/30
2019-09-24 13:50:04.688 2171 RALLYDEBUG rally_openstack.wrappers.network [-] CIDR generated: 1.1.4.112/30
2019-09-24 13:50:04.758 2189 RALLYDEBUG rally_openstack.wrappers.network [-] CIDR generated: 1.1.4.116/30
2019-09-24 13:50:05.272 2183 RALLYDEBUG rally_openstack.wrappers.network [-] CIDR generated: 1.1.4.120/30
2019-09-24 13:50:05.800 2177 RALLYDEBUG rally_openstack.wrappers.network [-] CIDR generated: 1.1.4.124/30
2019-09-24 13:50:05.889 2215 RALLYDEBUG rally_openstack.wrappers.network [-] CIDR generated: 1.1.4.128/30
2019-09-24 13:50:05.919 2204 RALLYDEBUG rally_openstack.wrappers.network [-] CIDR generated: 1.1.4.132/30
2019-09-24 13:50:06.150 2174 RALLYDEBUG rally_openstack.wrappers.network [-] CIDR generated: 1.1.4.136/30
2019-09-24 13:50:06.207 2198 RALLYDEBUG rally_openstack.wrappers.network [-] CIDR generated: 1.1.4.140/30
2019-09-24 13:50:06.439 2193 RALLYDEBUG rally_openstack.wrappers.network [-] CIDR generated: 1.1.4.144/30
2019-09-24 13:50:06.553 2203 RALLYDEBUG rally_openstack.wrappers.network [-] CIDR generated: 1.1.4.148/30
2019-09-24 13:50:07.096 2217 RALLYDEBUG rally_openstack.wrappers.network [-] CIDR generated: 1.1.4.152/30
2019-09-24 13:50:07.513 2211 RALLYDEBUG rally_openstack.wrappers.network [-] CIDR generated: 1.1.4.156/30
2019-09-24 13:50:07.562 2220 RALLYDEBUG rally_openstack.wrappers.network [-] CIDR generated: 1.1.4.160/30
2019-09-24 13:50:07.563 2192 RALLYDEBUG rally_openstack.wrappers.network [-] CIDR generated: 1.1.4.164/30
2019-09-24 13:50:07.586 2186 RALLYDEBUG rally_openstack.wrappers.network [-] CIDR generated: 1.1.4.168/30
2019-09-24 13:50:07.681 2208 RALLYDEBUG rally_openstack.wrappers.network [-] CIDR generated: 1.1.4.172/30
2019-09-24 13:50:09.349 2173 RALLYDEBUG rally_openstack.wrappers.network [-] CIDR generated: 1.1.4.176/30
2019-09-24 13:50:10.224 2172 RALLYDEBUG rally_openstack.wrappers.network [-] CIDR generated: 1.1.4.180/30
2019-09-24 13:50:10.386 2180 RALLYDEBUG rally_openstack.wrappers.network [-] CIDR generated: 1.1.4.184/30
2019-09-24 13:50:11.099 2177 RALLYDEBUG rally_openstack.wrappers.network [-] CIDR generated: 1.1.4.188/30
2019-09-24 13:50:11.120 2215 RALLYDEBUG rally_openstack.wrappers.network [-] CIDR generated: 1.1.4.192/30
2019-09-24 13:50:11.144 2198 RALLYDEBUG rally_openstack.wrappers.network [-] CIDR generated: 1.1.4.196/30
2019-09-24 13:50:11.167 2170 RALLYDEBUG rally_openstack.wrappers.network [-] CIDR generated: 1.1.4.200/30
2019-09-24 13:50:11.401 2217 RALLYDEBUG rally_openstack.wrappers.network [-] CIDR generated: 1.1.4.204/30
2019-09-24 13:50:11.574 2220 RALLYDEBUG rally_openstack.wrappers.network [-] CIDR generated: 1.1.4.208/30
2019-09-24 13:50:11.610 2171 RALLYDEBUG rally_openstack.wrappers.network [-] CIDR generated: 1.1.4.212/30
2019-09-24 13:50:11.639 2189 RALLYDEBUG rally_openstack.wrappers.network [-] CIDR generated: 1.1.4.216/30
2019-09-24 13:50:11.750 2211 RALLYDEBUG rally_openstack.wrappers.network [-] CIDR generated: 1.1.4.220/30
2019-09-24 13:50:11.787 2192 RALLYDEBUG rally_openstack.wrappers.network [-] CIDR generated: 1.1.4.224/30
2019-09-24 13:50:12.179 2208 RALLYDEBUG rally_openstack.wrappers.network [-] CIDR generated: 1.1.4.228/30
2019-09-24 13:50:12.619 2183 RALLYDEBUG rally_openstack.wrappers.network [-] CIDR generated: 1.1.4.232/30
2019-09-24 13:50:13.188 2204 RALLYDEBUG rally_openstack.wrappers.network [-] CIDR generated: 1.1.4.236/30
2019-09-24 13:50:13.431 2174 RALLYDEBUG rally_openstack.wrappers.network [-] CIDR generated: 1.1.4.240/30
2019-09-24 13:50:14.139 2203 RALLYDEBUG rally_openstack.wrappers.network [-] CIDR generated: 1.1.4.244/30
2019-09-24 13:50:14.174 2193 RALLYDEBUG rally_openstack.wrappers.network [-] CIDR generated: 1.1.4.248/30
2019-09-24 13:50:14.717 2186 RALLYDEBUG rally_openstack.wrappers.network [-] CIDR generated: 1.1.4.252/30
2019-09-24 13:50:17.812 2217 INFO rally.task.runner [-] Task ba28f948-c7a2-431a-a20f-c2cf9cacb62d | ITER: 19 END: OK
2019-09-24 13:50:17.817 2217 INFO rally.task.runner [-] Task ba28f948-c7a2-431a-a20f-c2cf9cacb62d | ITER: 21 START
2019-09-24 13:50:17.818 2217 WARNING rally_openstack.scenarios.neutron.utils [-] Running this scenario without either the 'network' or 'existing_network' context is deprecated
2019-09-24 13:50:21.276 2217 RALLYDEBUG rally_openstack.wrappers.network [-] CIDR generated: 1.1.5.0/30
2019-09-24 13:50:25.456 2173 INFO rally.task.runner [-] Task ba28f948-c7a2-431a-a20f-c2cf9cacb62d | ITER: 4 END: OK
2019-09-24 13:50:25.460 2173 INFO rally.task.runner [-] Task ba28f948-c7a2-431a-a20f-c2cf9cacb62d | ITER: 22 START
2019-09-24 13:50:25.461 2173 WARNING rally_openstack.scenarios.neutron.utils [-] Running this scenario without either the 'network' or 'existing_network' context is deprecated
2019-09-24 13:50:26.514 2217 RALLYDEBUG rally_openstack.wrappers.network [-] CIDR generated: 1.1.5.4/30
2019-09-24 13:50:28.239 2171 INFO rally.task.runner [-] Task ba28f948-c7a2-431a-a20f-c2cf9cacb62d | ITER: 2 END: OK
2019-09-24 13:50:28.244 2171 INFO rally.task.runner [-] Task ba28f948-c7a2-431a-a20f-c2cf9cacb62d | ITER: 23 START
2019-09-24 13:50:28.245 2171 WARNING rally_openstack.scenarios.neutron.utils [-] Running this scenario without either the 'network' or 'existing_network' context is deprecated
2019-09-24 13:50:29.094 2173 RALLYDEBUG rally_openstack.wrappers.network [-] CIDR generated: 1.1.5.8/30
2019-09-24 13:50:29.525 2171 RALLYDEBUG rally_openstack.wrappers.network [-] CIDR generated: 1.1.5.12/30
2019-09-24 13:50:30.841 2173 RALLYDEBUG rally_openstack.wrappers.network [-] CIDR generated: 1.1.5.16/30
2019-09-24 13:50:30.866 2170 INFO rally.task.runner [-] Task ba28f948-c7a2-431a-a20f-c2cf9cacb62d | ITER: 1 END: OK
2019-09-24 13:50:30.875 2170 INFO rally.task.runner [-] Task ba28f948-c7a2-431a-a20f-c2cf9cacb62d | ITER: 24 START
2019-09-24 13:50:30.876 2170 WARNING rally_openstack.scenarios.neutron.utils [-] Running this scenario without either the 'network' or 'existing_network' context is deprecated
2019-09-24 13:50:31.483 2215 INFO rally.task.runner [-] Task ba28f948-c7a2-431a-a20f-c2cf9cacb62d | ITER: 18 END: OK
2019-09-24 13:50:31.492 2215 INFO rally.task.runner [-] Task ba28f948-c7a2-431a-a20f-c2cf9cacb62d | ITER: 25 START
2019-09-24 13:50:31.493 2215 WARNING rally_openstack.scenarios.neutron.utils [-] Running this scenario without either the 'network' or 'existing_network' context is deprecated
2019-09-24 13:50:31.570 2189 INFO rally.task.runner [-] Task ba28f948-c7a2-431a-a20f-c2cf9cacb62d | ITER: 10 END: OK
2019-09-24 13:50:31.578 2189 INFO rally.task.runner [-] Task ba28f948-c7a2-431a-a20f-c2cf9cacb62d | ITER: 26 START
2019-09-24 13:50:31.580 2189 WARNING rally_openstack.scenarios.neutron.utils [-] Running this scenario without either the 'network' or 'existing_network' context is deprecated
2019-09-24 13:50:31.737 2172 INFO rally.task.runner [-] Task ba28f948-c7a2-431a-a20f-c2cf9cacb62d | ITER: 3 END: OK
2019-09-24 13:50:31.744 2172 INFO rally.task.runner [-] Task ba28f948-c7a2-431a-a20f-c2cf9cacb62d | ITER: 27 START
2019-09-24 13:50:31.745 2172 WARNING rally_openstack.scenarios.neutron.utils [-] Running this scenario without either the 'network' or 'existing_network' context is deprecated
2019-09-24 13:50:32.349 2170 RALLYDEBUG rally_openstack.wrappers.network [-] CIDR generated: 1.1.5.20/30
2019-09-24 13:50:33.574 2183 INFO rally.task.runner [-] Task ba28f948-c7a2-431a-a20f-c2cf9cacb62d | ITER: 8 END: OK
2019-09-24 13:50:33.583 2183 INFO rally.task.runner [-] Task ba28f948-c7a2-431a-a20f-c2cf9cacb62d | ITER: 28 START
2019-09-24 13:50:33.585 2183 WARNING rally_openstack.scenarios.neutron.utils [-] Running this scenario without either the 'network' or 'existing_network' context is deprecated
2019-09-24 13:50:33.609 2215 RALLYDEBUG rally_openstack.wrappers.network [-] CIDR generated: 1.1.5.24/30
2019-09-24 13:50:33.627 2172 RALLYDEBUG rally_openstack.wrappers.network [-] CIDR generated: 1.1.5.28/30
2019-09-24 13:50:33.669 2189 RALLYDEBUG rally_openstack.wrappers.network [-] CIDR generated: 1.1.5.32/30
2019-09-24 13:50:33.713 2198 INFO rally.task.runner [-] Task ba28f948-c7a2-431a-a20f-c2cf9cacb62d | ITER: 13 END: OK
2019-09-24 13:50:33.722 2198 INFO rally.task.runner [-] Task ba28f948-c7a2-431a-a20f-c2cf9cacb62d | ITER: 29 START
2019-09-24 13:50:33.723 2198 WARNING rally_openstack.scenarios.neutron.utils [-] Running this scenario without either the 'network' or 'existing_network' context is deprecated
2019-09-24 13:50:35.229 2203 INFO rally.task.runner [-] Task ba28f948-c7a2-431a-a20f-c2cf9cacb62d | ITER: 14 END: OK
2019-09-24 13:50:35.235 2203 INFO rally.task.runner [-] Task ba28f948-c7a2-431a-a20f-c2cf9cacb62d | ITER: 30 START
2019-09-24 13:50:35.236 2203 WARNING rally_openstack.scenarios.neutron.utils [-] Running this scenario without either the 'network' or 'existing_network' context is deprecated
2019-09-24 13:50:35.237 2183 RALLYDEBUG rally_openstack.wrappers.network [-] CIDR generated: 1.1.5.36/30
2019-09-24 13:50:35.260 2204 INFO rally.task.runner [-] Task ba28f948-c7a2-431a-a20f-c2cf9cacb62d | ITER: 15 END: OK
2019-09-24 13:50:35.262 2193 INFO rally.task.runner [-] Task ba28f948-c7a2-431a-a20f-c2cf9cacb62d | ITER: 12 END: OK
2019-09-24 13:50:35.268 2204 INFO rally.task.runner [-] Task ba28f948-c7a2-431a-a20f-c2cf9cacb62d | ITER: 31 START
2019-09-24 13:50:35.269 2204 WARNING rally_openstack.scenarios.neutron.utils [-] Running this scenario without either the 'network' or 'existing_network' context is deprecated
2019-09-24 13:50:35.271 2193 INFO rally.task.runner [-] Task ba28f948-c7a2-431a-a20f-c2cf9cacb62d | ITER: 32 START
2019-09-24 13:50:35.272 2193 WARNING rally_openstack.scenarios.neutron.utils [-] Running this scenario without either the 'network' or 'existing_network' context is deprecated
2019-09-24 13:50:36.069 2220 INFO rally.task.runner [-] Task ba28f948-c7a2-431a-a20f-c2cf9cacb62d | ITER: 20 END: OK
2019-09-24 13:50:36.076 2220 INFO rally.task.runner [-] Task ba28f948-c7a2-431a-a20f-c2cf9cacb62d | ITER: 33 START
2019-09-24 13:50:36.077 2220 WARNING rally_openstack.scenarios.neutron.utils [-] Running this scenario without either the 'network' or 'existing_network' context is deprecated
2019-09-24 13:50:36.083 2211 INFO rally.task.runner [-] Task ba28f948-c7a2-431a-a20f-c2cf9cacb62d | ITER: 17 END: OK
2019-09-24 13:50:36.092 2211 INFO rally.task.runner [-] Task ba28f948-c7a2-431a-a20f-c2cf9cacb62d | ITER: 34 START
2019-09-24 13:50:36.094 2211 WARNING rally_openstack.scenarios.neutron.utils [-] Running this scenario without either the 'network' or 'existing_network' context is deprecated
2019-09-24 13:50:36.260 2203 RALLYDEBUG rally_openstack.wrappers.network [-] CIDR generated: 1.1.5.40/30
2019-09-24 13:50:36.420 2204 RALLYDEBUG rally_openstack.wrappers.network [-] CIDR generated: 1.1.5.44/30
2019-09-24 13:50:36.497 2192 INFO rally.task.runner [-] Task ba28f948-c7a2-431a-a20f-c2cf9cacb62d | ITER: 11 END: OK
2019-09-24 13:50:36.505 2192 INFO rally.task.runner [-] Task ba28f948-c7a2-431a-a20f-c2cf9cacb62d | ITER: 35 START
2019-09-24 13:50:36.506 2192 WARNING rally_openstack.scenarios.neutron.utils [-] Running this scenario without either the 'network' or 'existing_network' context is deprecated
2019-09-24 13:50:36.615 2180 INFO rally.task.runner [-] Task ba28f948-c7a2-431a-a20f-c2cf9cacb62d | ITER: 7 END: OK
2019-09-24 13:50:36.621 2180 INFO rally.task.runner [-] Task ba28f948-c7a2-431a-a20f-c2cf9cacb62d | ITER: 36 START
2019-09-24 13:50:36.622 2180 WARNING rally_openstack.scenarios.neutron.utils [-] Running this scenario without either the 'network' or 'existing_network' context is deprecated
2019-09-24 13:50:37.544 2174 INFO rally.task.runner [-] Task ba28f948-c7a2-431a-a20f-c2cf9cacb62d | ITER: 5 END: OK
2019-09-24 13:50:37.552 2174 INFO rally.task.runner [-] Task ba28f948-c7a2-431a-a20f-c2cf9cacb62d | ITER: 37 START
2019-09-24 13:50:37.553 2174 WARNING rally_openstack.scenarios.neutron.utils [-] Running this scenario without either the 'network' or 'existing_network' context is deprecated
2019-09-24 13:50:38.038 2174 RALLYDEBUG rally_openstack.wrappers.network [-] CIDR generated: 1.1.5.48/30
2019-09-24 13:50:38.586 2171 RALLYDEBUG rally_openstack.wrappers.network [-] CIDR generated: 1.1.5.52/30
2019-09-24 13:50:39.317 2177 INFO rally.task.runner [-] Task ba28f948-c7a2-431a-a20f-c2cf9cacb62d | ITER: 6 END: OK
2019-09-24 13:50:39.326 2177 INFO rally.task.runner [-] Task ba28f948-c7a2-431a-a20f-c2cf9cacb62d | ITER: 38 START
2019-09-24 13:50:39.327 2177 WARNING rally_openstack.scenarios.neutron.utils [-] Running this scenario without either the 'network' or 'existing_network' context is deprecated
2019-09-24 13:50:39.369 2208 INFO rally.task.runner [-] Task ba28f948-c7a2-431a-a20f-c2cf9cacb62d | ITER: 16 END: OK
2019-09-24 13:50:39.376 2208 INFO rally.task.runner [-] Task ba28f948-c7a2-431a-a20f-c2cf9cacb62d | ITER: 39 START
2019-09-24 13:50:39.377 2208 WARNING rally_openstack.scenarios.neutron.utils [-] Running this scenario without either the 'network' or 'existing_network' context is deprecated
2019-09-24 13:50:39.412 2198 RALLYDEBUG rally_openstack.wrappers.network [-] CIDR generated: 1.1.5.56/30
2019-09-24 13:50:40.210 2186 INFO rally.task.runner [-] Task ba28f948-c7a2-431a-a20f-c2cf9cacb62d | ITER: 9 END: OK
2019-09-24 13:50:40.218 2186 INFO rally.task.runner [-] Task ba28f948-c7a2-431a-a20f-c2cf9cacb62d | ITER: 40 START
2019-09-24 13:50:40.219 2186 WARNING rally_openstack.scenarios.neutron.utils [-] Running this scenario without either the 'network' or 'existing_network' context is deprecated
2019-09-24 13:50:40.262 2193 RALLYDEBUG rally_openstack.wrappers.network [-] CIDR generated: 1.1.5.60/30
2019-09-24 13:50:40.422 2220 RALLYDEBUG rally_openstack.wrappers.network [-] CIDR generated: 1.1.5.64/30
2019-09-24 13:50:40.526 2211 RALLYDEBUG rally_openstack.wrappers.network [-] CIDR generated: 1.1.5.68/30
2019-09-24 13:50:40.616 2180 RALLYDEBUG rally_openstack.wrappers.network [-] CIDR generated: 1.1.5.72/30
2019-09-24 13:50:40.668 2170 RALLYDEBUG rally_openstack.wrappers.network [-] CIDR generated: 1.1.5.76/30
2019-09-24 13:50:40.716 2192 RALLYDEBUG rally_openstack.wrappers.network [-] CIDR generated: 1.1.5.80/30
2019-09-24 13:50:40.730 2177 RALLYDEBUG rally_openstack.wrappers.network [-] CIDR generated: 1.1.5.84/30
2019-09-24 13:50:40.842 2208 RALLYDEBUG rally_openstack.wrappers.network [-] CIDR generated: 1.1.5.88/30
2019-09-24 13:50:41.921 2215 RALLYDEBUG rally_openstack.wrappers.network [-] CIDR generated: 1.1.5.92/30
2019-09-24 13:50:41.952 2172 RALLYDEBUG rally_openstack.wrappers.network [-] CIDR generated: 1.1.5.96/30
2019-09-24 13:50:41.960 2189 RALLYDEBUG rally_openstack.wrappers.network [-] CIDR generated: 1.1.5.100/30
2019-09-24 13:50:42.850 2186 RALLYDEBUG rally_openstack.wrappers.network [-] CIDR generated: 1.1.5.104/30
2019-09-24 13:50:42.909 2183 RALLYDEBUG rally_openstack.wrappers.network [-] CIDR generated: 1.1.5.108/30
2019-09-24 13:50:43.057 2204 RALLYDEBUG rally_openstack.wrappers.network [-] CIDR generated: 1.1.5.112/30
2019-09-24 13:50:43.538 2174 RALLYDEBUG rally_openstack.wrappers.network [-] CIDR generated: 1.1.5.116/30
2019-09-24 13:50:43.546 2203 RALLYDEBUG rally_openstack.wrappers.network [-] CIDR generated: 1.1.5.120/30
2019-09-24 13:50:43.695 2217 INFO rally.task.runner [-] Task ba28f948-c7a2-431a-a20f-c2cf9cacb62d | ITER: 21 END: OK
2019-09-24 13:50:43.906 2177 RALLYDEBUG rally_openstack.wrappers.network [-] CIDR generated: 1.1.5.124/30
2019-09-24 13:50:43.920 2211 RALLYDEBUG rally_openstack.wrappers.network [-] CIDR generated: 1.1.5.128/30
2019-09-24 13:50:44.837 2198 RALLYDEBUG rally_openstack.wrappers.network [-] CIDR generated: 1.1.5.132/30
2019-09-24 13:50:48.160 2173 INFO rally.task.runner [-] Task ba28f948-c7a2-431a-a20f-c2cf9cacb62d | ITER: 22 END: OK
2019-09-24 13:50:49.510 2193 RALLYDEBUG rally_openstack.wrappers.network [-] CIDR generated: 1.1.5.136/30
2019-09-24 13:50:49.568 2220 RALLYDEBUG rally_openstack.wrappers.network [-] CIDR generated: 1.1.5.140/30
2019-09-24 13:50:49.871 2180 RALLYDEBUG rally_openstack.wrappers.network [-] CIDR generated: 1.1.5.144/30
2019-09-24 13:50:49.893 2208 RALLYDEBUG rally_openstack.wrappers.network [-] CIDR generated: 1.1.5.148/30
2019-09-24 13:50:49.923 2192 RALLYDEBUG rally_openstack.wrappers.network [-] CIDR generated: 1.1.5.152/30
2019-09-24 13:50:51.489 2186 RALLYDEBUG rally_openstack.wrappers.network [-] CIDR generated: 1.1.5.156/30
2019-09-24 13:50:52.221 2171 INFO rally.task.runner [-] Task ba28f948-c7a2-431a-a20f-c2cf9cacb62d | ITER: 23 END: OK
2019-09-24 13:50:54.754 2211 INFO rally.task.runner [-] Task ba28f948-c7a2-431a-a20f-c2cf9cacb62d | ITER: 34 END: OK
2019-09-24 13:51:01.116 2172 INFO rally.task.runner [-] Task ba28f948-c7a2-431a-a20f-c2cf9cacb62d | ITER: 27 END: OK
2019-09-24 13:51:01.157 2170 INFO rally.task.runner [-] Task ba28f948-c7a2-431a-a20f-c2cf9cacb62d | ITER: 24 END: OK
2019-09-24 13:51:02.931 2198 INFO rally.task.runner [-] Task ba28f948-c7a2-431a-a20f-c2cf9cacb62d | ITER: 29 END: OK
2019-09-24 13:51:03.734 2174 INFO rally.task.runner [-] Task ba28f948-c7a2-431a-a20f-c2cf9cacb62d | ITER: 37 END: OK
2019-09-24 13:51:04.120 2193 INFO rally.task.runner [-] Task ba28f948-c7a2-431a-a20f-c2cf9cacb62d | ITER: 32 END: OK
2019-09-24 13:51:04.128 2220 INFO rally.task.runner [-] Task ba28f948-c7a2-431a-a20f-c2cf9cacb62d | ITER: 33 END: OK
2019-09-24 13:51:06.685 2186 INFO rally.task.runner [-] Task ba28f948-c7a2-431a-a20f-c2cf9cacb62d | ITER: 40 END: OK
2019-09-24 13:51:07.129 2215 INFO rally.task.runner [-] Task ba28f948-c7a2-431a-a20f-c2cf9cacb62d | ITER: 25 END: OK
2019-09-24 13:51:07.132 2183 INFO rally.task.runner [-] Task ba28f948-c7a2-431a-a20f-c2cf9cacb62d | ITER: 28 END: OK
2019-09-24 13:51:07.235 2204 INFO rally.task.runner [-] Task ba28f948-c7a2-431a-a20f-c2cf9cacb62d | ITER: 31 END: OK
2019-09-24 13:51:07.269 2189 INFO rally.task.runner [-] Task ba28f948-c7a2-431a-a20f-c2cf9cacb62d | ITER: 26 END: OK
2019-09-24 13:51:07.755 2192 INFO rally.task.runner [-] Task ba28f948-c7a2-431a-a20f-c2cf9cacb62d | ITER: 35 END: OK
2019-09-24 13:51:07.803 2180 INFO rally.task.runner [-] Task ba28f948-c7a2-431a-a20f-c2cf9cacb62d | ITER: 36 END: OK
2019-09-24 13:51:07.872 2177 INFO rally.task.runner [-] Task ba28f948-c7a2-431a-a20f-c2cf9cacb62d | ITER: 38 END: OK
2019-09-24 13:51:07.956 2203 INFO rally.task.runner [-] Task ba28f948-c7a2-431a-a20f-c2cf9cacb62d | ITER: 30 END: OK
2019-09-24 13:51:08.500 2208 INFO rally.task.runner [-] Task ba28f948-c7a2-431a-a20f-c2cf9cacb62d | ITER: 39 END: OK
2019-09-24 13:51:08.525 15 INFO rally.task.context [-] Task ba28f948-c7a2-431a-a20f-c2cf9cacb62d | Context cleanup@openstack cleanup() started
2019-09-24 13:51:08.528 15 RALLYDEBUG rally_openstack.cleanup.manager [-] Cleaning up neutron vip objects
2019-09-24 13:51:08.768 15 RALLYDEBUG rally_openstack.cleanup.manager [-] Cleaning up neutron health_monitor objects
2019-09-24 13:51:08.987 15 RALLYDEBUG rally_openstack.cleanup.manager [-] Cleaning up neutron pool objects
2019-09-24 13:51:09.208 15 RALLYDEBUG rally_openstack.cleanup.manager [-] Cleaning up neutron loadbalancer objects
2019-09-24 13:51:09.414 15 RALLYDEBUG rally_openstack.cleanup.manager [-] Cleaning up neutron floatingip objects
2019-09-24 13:51:09.641 15 RALLYDEBUG rally_openstack.cleanup.manager [-] Cleaning up neutron port objects
2019-09-24 13:51:10.204 15 RALLYDEBUG rally_openstack.cleanup.manager [-] Cleaning up neutron subnet objects
2019-09-24 13:51:10.469 15 RALLYDEBUG rally_openstack.cleanup.manager [-] Cleaning up neutron network objects
2019-09-24 13:51:11.045 15 RALLYDEBUG rally_openstack.cleanup.manager [-] Deleting neutron.network object s_rally_d5794a17_0uLTDLh2 (0b3d5e7a-787b-4d56-88d4-2b55d85cdba8)
2019-09-24 13:51:11.050 15 RALLYDEBUG rally_openstack.cleanup.manager [-] Deleting neutron.network object s_rally_d5794a17_PjiqXu7r (1ab4dd2e-a18d-4e43-b78c-7d543f1c3934)
2019-09-24 13:51:11.062 15 RALLYDEBUG rally_openstack.cleanup.manager [-] Deleting neutron.network object s_rally_d5794a17_EUDm8xWc (281dab7c-6c3c-49ed-89bf-af54791b73de)
2019-09-24 13:51:11.074 15 RALLYDEBUG rally_openstack.cleanup.manager [-] Deleting neutron.network object s_rally_d5794a17_lkt8hquJ (2e81ae0c-9056-4515-832b-dd04a9350dba)
2019-09-24 13:51:11.074 15 RALLYDEBUG rally_openstack.cleanup.manager [-] Deleting neutron.network object s_rally_d5794a17_pyQz15yY (2ef99f0d-c7a5-45b3-ac2b-bbc1977b30db)
2019-09-24 13:51:11.087 15 RALLYDEBUG rally_openstack.cleanup.manager [-] Deleting neutron.network object s_rally_d5794a17_0sheR9Bt (34985bdf-6cf9-4571-b609-96a5dbcd6d23)
2019-09-24 13:51:11.100 15 RALLYDEBUG rally_openstack.cleanup.manager [-] Deleting neutron.network object s_rally_d5794a17_C6rdvvWm (3860711d-4bc1-4788-ad1b-69e5d438ff19)
2019-09-24 13:51:11.130 15 RALLYDEBUG rally_openstack.cleanup.manager [-] Deleting neutron.network object s_rally_d5794a17_1XE9MxVE (3e4b1cf3-b146-48a4-8930-0d1b360fac2e)
2019-09-24 13:51:11.178 15 RALLYDEBUG rally_openstack.cleanup.manager [-] Deleting neutron.network object s_rally_d5794a17_nEHqocG2 (46382909-85bc-4029-a2f7-d5dae6ff6b40)
2019-09-24 13:51:11.172 15 RALLYDEBUG rally_openstack.cleanup.manager [-] Deleting neutron.network object s_rally_d5794a17_PJMyKdyK (467f09f5-3990-470a-a410-7e56fcbb63ca)
2019-09-24 13:51:11.203 15 RALLYDEBUG rally_openstack.cleanup.manager [-] Deleting neutron.network object s_rally_d5794a17_KgRIA5ZI (436a93b1-769b-4f33-a2e9-9a31795653c7)
2019-09-24 13:51:11.218 15 RALLYDEBUG rally_openstack.cleanup.manager [-] Deleting neutron.network object s_rally_d5794a17_DBhxkXXx (5cf06cc4-8f70-49cd-8271-4607c111e5ed)
2019-09-24 13:51:11.218 15 RALLYDEBUG rally_openstack.cleanup.manager [-] Deleting neutron.network object s_rally_d5794a17_O6tMkq1n (71d07924-7959-4256-b989-8ce2dbae15d0)
2019-09-24 13:51:11.230 15 RALLYDEBUG rally_openstack.cleanup.manager [-] Deleting neutron.network object s_rally_d5794a17_lOmufkde (776fd656-9222-43f2-be56-d5d6bf85cef5)
2019-09-24 13:51:11.229 15 RALLYDEBUG rally_openstack.cleanup.manager [-] Deleting neutron.network object s_rally_d5794a17_deI4rFO8 (732ec843-7559-4c64-bd30-b1743526aa45)
2019-09-24 13:51:11.252 15 RALLYDEBUG rally_openstack.cleanup.manager [-] Deleting neutron.network object s_rally_d5794a17_WfVAD20D (8e35d2f8-96d8-47a0-aa45-c446b3be8482)
2019-09-24 13:51:11.261 15 RALLYDEBUG rally_openstack.cleanup.manager [-] Deleting neutron.network object s_rally_d5794a17_7K0lUX4R (8f781043-48fb-46ce-9f02-e4da78e46a32)
2019-09-24 13:51:11.274 15 RALLYDEBUG rally_openstack.cleanup.manager [-] Deleting neutron.network object s_rally_d5794a17_bdQuc5Z0 (885d0865-0b2f-4a6f-9dc0-e58ab27172b3)
2019-09-24 13:51:11.286 15 RALLYDEBUG rally_openstack.cleanup.manager [-] Deleting neutron.network object s_rally_d5794a17_VeIXQlxV (8a6c11b1-2228-4e4f-ad5c-e6e5f2947dee)
2019-09-24 13:51:11.296 15 RALLYDEBUG rally_openstack.cleanup.manager [-] Deleting neutron.network object s_rally_d5794a17_rfcagiUl (90f70f4b-b87d-420c-b790-9f4922f0ab2b)
2019-09-24 13:51:16.907 15 RALLYDEBUG rally_openstack.cleanup.manager [-] Deleting neutron.network object s_rally_d5794a17_l6xMCwRt (949661a7-66e4-478c-a4b0-0c344c2e9f7c)
2019-09-24 13:51:17.468 15 RALLYDEBUG rally_openstack.cleanup.manager [-] Deleting neutron.network object s_rally_d5794a17_6Qj6CMgB (992155f7-3407-4ec5-ac5f-0c31d3bb403b)
2019-09-24 13:51:17.485 15 RALLYDEBUG rally_openstack.cleanup.manager [-] Deleting neutron.network object s_rally_d5794a17_RLL3eNKk (a2fdeeae-62a0-4875-a79b-13512ab3afdb)
2019-09-24 13:51:18.579 15 RALLYDEBUG rally_openstack.cleanup.manager [-] Deleting neutron.network object s_rally_d5794a17_KftGpy6m (a695e4d2-bdbc-409e-aace-cd255ca31f18)
2019-09-24 13:51:19.158 15 RALLYDEBUG rally_openstack.cleanup.manager [-] Deleting neutron.network object s_rally_d5794a17_eauul6Qn (a963e4fa-1f84-4dea-9953-3f321e2a9fa9)
2019-09-24 13:51:19.330 15 RALLYDEBUG rally_openstack.cleanup.manager [-] Deleting neutron.network object s_rally_d5794a17_gyieMNgr (ad9e0d5c-d082-4008-b296-c3703698e321)
2019-09-24 13:51:19.453 15 RALLYDEBUG rally_openstack.cleanup.manager [-] Deleting neutron.network object s_rally_d5794a17_KsjP0E4R (af36ba55-8c75-472c-91c0-11c8dea1c8e2)
2019-09-24 13:51:19.533 15 RALLYDEBUG rally_openstack.cleanup.manager [-] Deleting neutron.network object s_rally_d5794a17_sN9BtYko (b1272935-78f9-45d3-b396-7306949c9b78)
2019-09-24 13:51:20.259 15 RALLYDEBUG rally_openstack.cleanup.manager [-] Deleting neutron.network object s_rally_d5794a17_ZMi2jcNT (b71ecfc0-959f-4e0c-b7c2-f6e56f222f86)
2019-09-24 13:51:20.819 15 RALLYDEBUG rally_openstack.cleanup.manager [-] Deleting neutron.network object s_rally_d5794a17_2yaT9fFh (b78753e0-d01e-445c-9a38-d3bf772771b5)
2019-09-24 13:51:21.012 15 RALLYDEBUG rally_openstack.cleanup.manager [-] Deleting neutron.network object s_rally_d5794a17_EZ0bPalC (c3c63fbe-8399-4e21-b32d-07b5bb62341b)
2019-09-24 13:51:21.108 15 RALLYDEBUG rally_openstack.cleanup.manager [-] Deleting neutron.network object s_rally_d5794a17_5MdsdNFx (ca406a01-e08f-4fbb-b265-2f82979cfb76)
2019-09-24 13:51:21.156 15 RALLYDEBUG rally_openstack.cleanup.manager [-] Deleting neutron.network object s_rally_d5794a17_LEusQU4n (d1707c01-eb57-4c2d-a79c-b043e35f09d2)
2019-09-24 13:51:22.111 15 RALLYDEBUG rally_openstack.cleanup.manager [-] Deleting neutron.network object s_rally_d5794a17_8iAcF06I (df7003df-7a21-4030-9cf6-92f378df8929)
2019-09-24 13:51:23.127 15 RALLYDEBUG rally_openstack.cleanup.manager [-] Deleting neutron.network object s_rally_d5794a17_wukHDLjp (e7d30403-b644-4b01-9876-e8cce299e14d)
2019-09-24 13:51:24.544 15 RALLYDEBUG rally_openstack.cleanup.manager [-] Deleting neutron.network object s_rally_d5794a17_Nn7HEvto (ed454a0a-8b35-4c5b-890f-7a9d8e772036)
2019-09-24 13:51:24.842 15 RALLYDEBUG rally_openstack.cleanup.manager [-] Deleting neutron.network object s_rally_d5794a17_yuGjp4Po (f0922cbe-45b0-41d8-a76a-a633733e3065)
2019-09-24 13:51:25.110 15 RALLYDEBUG rally_openstack.cleanup.manager [-] Deleting neutron.network object s_rally_d5794a17_kwgO0FGi (f50ee9d7-2c15-45e2-a862-752a2e2ac63f)
2019-09-24 13:51:25.651 15 RALLYDEBUG rally_openstack.cleanup.manager [-] Deleting neutron.network object s_rally_d5794a17_qqE5xTns (fade723e-5bf4-4aff-ad9e-3bc739bdd37b)
2019-09-24 13:51:26.643 15 RALLYDEBUG rally_openstack.cleanup.manager [-] Deleting neutron.network object s_rally_d5794a17_1hZD9yle (ff8d56cc-3b43-40d5-a52c-ba9fd41eb614)
2019-09-24 13:51:36.302 15 RALLYDEBUG rally_openstack.cleanup.manager [-] Cleaning up neutron router objects
2019-09-24 13:51:36.585 15 RALLYDEBUG rally_openstack.cleanup.manager [-] Cleaning up neutron security_group objects
2019-09-24 13:51:37.055 15 INFO rally.task.context [-] Task ba28f948-c7a2-431a-a20f-c2cf9cacb62d | Context cleanup@openstack cleanup() finished in 28.53 sec
2019-09-24 13:51:37.055 15 INFO rally.task.context [-] Task ba28f948-c7a2-431a-a20f-c2cf9cacb62d | Context quotas@openstack cleanup() started
2019-09-24 13:51:37.095 15 INFO rally.task.context [-] Task ba28f948-c7a2-431a-a20f-c2cf9cacb62d | Context quotas@openstack cleanup() finished in 39.75 msec
2019-09-24 13:51:37.095 15 INFO rally.task.context [-] Task ba28f948-c7a2-431a-a20f-c2cf9cacb62d | Context users@openstack cleanup() started
2019-09-24 13:51:38.686 15 INFO rally.task.context [-] Task ba28f948-c7a2-431a-a20f-c2cf9cacb62d | Context users@openstack cleanup() finished in 1.59 sec
2019-09-24 13:51:39.820 15 INFO rally.task.engine [-] Load duration is: 65.842084
2019-09-24 13:51:39.820 15 INFO rally.task.engine [-] Full runner duration is: 65.888703
2019-09-24 13:51:39.821 15 INFO rally.task.engine [-] Full duration is: 97.24175
2019-09-24 13:51:39.922 15 INFO rally.task.engine [-] Running workload: position = 0 config = { "version": 2, "title": "A cropped version of a bigger task.", "description": "Auto-generated task from a single workload (uuid=0934bbd2-edbe-4098-aa58-0b9b8da500b9)", "subtasks": [ { "title": "NeutronNetworks.create_and_list_routers", "description": "Create and a given number of routers and list all routers.", "scenario": { "NeutronNetworks.create_and_list_routers": { "network_create_args": null, "subnet_create_args": null, "subnet_cidr_start": "1.1.0.0/30", "subnets_per_network": 2, "router_create_args": null } }, "contexts": { "users": { "tenants": 1, "users_per_tenant": 1 }, "quotas": { "neutron": { "network": -1, "subnet": -1, "router": -1 } } }, "runner": { "constant": { "times": 40, "concurrency": 20 } }, "hooks": [], "sla": { "failure_rate": { "max": 0 } } } ] }
2019-09-24 13:51:39.936 15 RALLYDEBUG rally_openstack.contexts.keystone.users [-] Creating 1 tenants using 20 threads
2019-09-24 13:51:40.296 15 RALLYDEBUG rally_openstack.contexts.keystone.users [-] Creating 1 users using 20 threads
2019-09-24 13:51:40.763 15 INFO rally.task.context [-] Task ba28f948-c7a2-431a-a20f-c2cf9cacb62d | Context users@openstack setup() finished in 0.83 sec
2019-09-24 13:51:41.258 15 INFO rally.task.context [-] Task ba28f948-c7a2-431a-a20f-c2cf9cacb62d | Context quotas@openstack setup() finished in 0.49 sec
2019-09-24 13:51:41.259 15 INFO rally.task.context [-] Task ba28f948-c7a2-431a-a20f-c2cf9cacb62d | Context cleanup@openstack setup() finished in 0.01 msec
2019-09-24 13:51:41.267 15 RALLYDEBUG rally.task.runner [-] Starting the constant runner (task UUID: ba28f948-c7a2-431a-a20f-c2cf9cacb62d). timeout: 0 concurrency: 20 concurrency_per_worker: 1 times: 40 concurrency_overhead: 0 processes_to_start: 20 max_cpu_used: 88
2019-09-24 13:51:41.280 2552 RALLYDEBUG rally.task.runner [-] Starting a worker. concurrency: 1 args: {"network_create_args": null, "subnet_create_args": null, "subnet_cidr_start": "1.1.0.0/30", "subnets_per_network": 2, "router_create_args": null} times: 40 method_name: run timeout: 0 duration: None cls:
2019-09-24 13:51:41.282 2553 RALLYDEBUG rally.task.runner [-] Starting a worker. concurrency: 1 args: {"network_create_args": null, "subnet_create_args": null, "subnet_cidr_start": "1.1.0.0/30", "subnets_per_network": 2, "router_create_args": null} times: 40 method_name: run timeout: 0 duration: None cls:
2019-09-24 13:51:41.284 2554 RALLYDEBUG rally.task.runner [-] Starting a worker. concurrency: 1 args: {"network_create_args": null, "subnet_create_args": null, "subnet_cidr_start": "1.1.0.0/30", "subnets_per_network": 2, "router_create_args": null} times: 40 method_name: run timeout: 0 duration: None cls:
2019-09-24 13:51:41.286 2552 INFO rally.task.runner [-] Task ba28f948-c7a2-431a-a20f-c2cf9cacb62d | ITER: 1 START
2019-09-24 13:51:41.287 2555 RALLYDEBUG rally.task.runner [-] Starting a worker. concurrency: 1 args: {"network_create_args": null, "subnet_create_args": null, "subnet_cidr_start": "1.1.0.0/30", "subnets_per_network": 2, "router_create_args": null} times: 40 method_name: run timeout: 0 duration: None cls:
2019-09-24 13:51:41.288 2553 INFO rally.task.runner [-] Task ba28f948-c7a2-431a-a20f-c2cf9cacb62d | ITER: 2 START
2019-09-24 13:51:41.290 2554 INFO rally.task.runner [-] Task ba28f948-c7a2-431a-a20f-c2cf9cacb62d | ITER: 3 START
2019-09-24 13:51:41.289 2556 RALLYDEBUG rally.task.runner [-] Starting a worker. concurrency: 1 args: {"network_create_args": null, "subnet_create_args": null, "subnet_cidr_start": "1.1.0.0/30", "subnets_per_network": 2, "router_create_args": null} times: 40 method_name: run timeout: 0 duration: None cls:
2019-09-24 13:51:41.292 2558 RALLYDEBUG rally.task.runner [-] Starting a worker. concurrency: 1 args: {"network_create_args": null, "subnet_create_args": null, "subnet_cidr_start": "1.1.0.0/30", "subnets_per_network": 2, "router_create_args": null} times: 40 method_name: run timeout: 0 duration: None cls:
2019-09-24 13:51:41.293 2555 INFO rally.task.runner [-] Task ba28f948-c7a2-431a-a20f-c2cf9cacb62d | ITER: 4 START
2019-09-24 13:51:41.295 2556 INFO rally.task.runner [-] Task ba28f948-c7a2-431a-a20f-c2cf9cacb62d | ITER: 5 START
2019-09-24 13:51:41.295 2562 RALLYDEBUG rally.task.runner [-] Starting a worker. concurrency: 1 args: {"network_create_args": null, "subnet_create_args": null, "subnet_cidr_start": "1.1.0.0/30", "subnets_per_network": 2, "router_create_args": null} times: 40 method_name: run timeout: 0 duration: None cls:
2019-09-24 13:51:41.298 2558 INFO rally.task.runner [-] Task ba28f948-c7a2-431a-a20f-c2cf9cacb62d | ITER: 6 START
2019-09-24 13:51:41.297 2565 RALLYDEBUG rally.task.runner [-] Starting a worker. concurrency: 1 args: {"network_create_args": null, "subnet_create_args": null, "subnet_cidr_start": "1.1.0.0/30", "subnets_per_network": 2, "router_create_args": null} times: 40 method_name: run timeout: 0 duration: None cls:
2019-09-24 13:51:41.300 2562 INFO rally.task.runner [-] Task ba28f948-c7a2-431a-a20f-c2cf9cacb62d | ITER: 7 START
2019-09-24 13:51:41.300 2568 RALLYDEBUG rally.task.runner [-] Starting a worker. concurrency: 1 args: {"network_create_args": null, "subnet_create_args": null, "subnet_cidr_start": "1.1.0.0/30", "subnets_per_network": 2, "router_create_args": null} times: 40 method_name: run timeout: 0 duration: None cls:
2019-09-24 13:51:41.303 2565 INFO rally.task.runner [-] Task ba28f948-c7a2-431a-a20f-c2cf9cacb62d | ITER: 8 START
2019-09-24 13:51:41.303 2571 RALLYDEBUG rally.task.runner [-] Starting a worker. concurrency: 1 args: {"network_create_args": null, "subnet_create_args": null, "subnet_cidr_start": "1.1.0.0/30", "subnets_per_network": 2, "router_create_args": null} times: 40 method_name: run timeout: 0 duration: None cls:
2019-09-24 13:51:41.306 2568 INFO rally.task.runner [-] Task ba28f948-c7a2-431a-a20f-c2cf9cacb62d | ITER: 9 START
2019-09-24 13:51:41.305 2574 RALLYDEBUG rally.task.runner [-] Starting a worker. concurrency: 1 args: {"network_create_args": null, "subnet_create_args": null, "subnet_cidr_start": "1.1.0.0/30", "subnets_per_network": 2, "router_create_args": null} times: 40 method_name: run timeout: 0 duration: None cls:
2019-09-24 13:51:41.309 2571 INFO rally.task.runner [-] Task ba28f948-c7a2-431a-a20f-c2cf9cacb62d | ITER: 10 START
2019-09-24 13:51:41.308 2577 RALLYDEBUG rally.task.runner [-] Starting a worker. concurrency: 1 args: {"network_create_args": null, "subnet_create_args": null, "subnet_cidr_start": "1.1.0.0/30", "subnets_per_network": 2, "router_create_args": null} times: 40 method_name: run timeout: 0 duration: None cls:
2019-09-24 13:51:41.311 2574 INFO rally.task.runner [-] Task ba28f948-c7a2-431a-a20f-c2cf9cacb62d | ITER: 11 START
2019-09-24 13:51:41.311 2580 RALLYDEBUG rally.task.runner [-] Starting a worker. concurrency: 1 args: {"network_create_args": null, "subnet_create_args": null, "subnet_cidr_start": "1.1.0.0/30", "subnets_per_network": 2, "router_create_args": null} times: 40 method_name: run timeout: 0 duration: None cls:
2019-09-24 13:51:41.313 2583 RALLYDEBUG rally.task.runner [-] Starting a worker. concurrency: 1 args: {"network_create_args": null, "subnet_create_args": null, "subnet_cidr_start": "1.1.0.0/30", "subnets_per_network": 2, "router_create_args": null} times: 40 method_name: run timeout: 0 duration: None cls:
2019-09-24 13:51:41.314 2577 INFO rally.task.runner [-] Task ba28f948-c7a2-431a-a20f-c2cf9cacb62d | ITER: 12 START
2019-09-24 13:51:41.316 2580 INFO rally.task.runner [-] Task ba28f948-c7a2-431a-a20f-c2cf9cacb62d | ITER: 13 START
2019-09-24 13:51:41.316 2586 RALLYDEBUG rally.task.runner [-] Starting a worker. concurrency: 1 args: {"network_create_args": null, "subnet_create_args": null, "subnet_cidr_start": "1.1.0.0/30", "subnets_per_network": 2, "router_create_args": null} times: 40 method_name: run timeout: 0 duration: None cls:
2019-09-24 13:51:41.318 2589 RALLYDEBUG rally.task.runner [-] Starting a worker. concurrency: 1 args: {"network_create_args": null, "subnet_create_args": null, "subnet_cidr_start": "1.1.0.0/30", "subnets_per_network": 2, "router_create_args": null} times: 40 method_name: run timeout: 0 duration: None cls:
2019-09-24 13:51:41.319 2592 RALLYDEBUG rally.task.runner [-] Starting a worker. concurrency: 1 args: {"network_create_args": null, "subnet_create_args": null, "subnet_cidr_start": "1.1.0.0/30", "subnets_per_network": 2, "router_create_args": null} times: 40 method_name: run timeout: 0 duration: None cls:
2019-09-24 13:51:41.319 2583 INFO rally.task.runner [-] Task ba28f948-c7a2-431a-a20f-c2cf9cacb62d | ITER: 14 START
2019-09-24 13:51:41.321 2586 INFO rally.task.runner [-] Task ba28f948-c7a2-431a-a20f-c2cf9cacb62d | ITER: 15 START
2019-09-24 13:51:41.323 2592 INFO rally.task.runner [-] Task ba28f948-c7a2-431a-a20f-c2cf9cacb62d | ITER: 17 START
2019-09-24 13:51:41.323 2589 INFO rally.task.runner [-] Task ba28f948-c7a2-431a-a20f-c2cf9cacb62d | ITER: 16 START
2019-09-24 13:51:41.324 2595 RALLYDEBUG rally.task.runner [-] Starting a worker. concurrency: 1 args: {"network_create_args": null, "subnet_create_args": null, "subnet_cidr_start": "1.1.0.0/30", "subnets_per_network": 2, "router_create_args": null} times: 40 method_name: run timeout: 0 duration: None cls:
2019-09-24 13:51:41.326 2598 RALLYDEBUG rally.task.runner [-] Starting a worker. concurrency: 1 args: {"network_create_args": null, "subnet_create_args": null, "subnet_cidr_start": "1.1.0.0/30", "subnets_per_network": 2, "router_create_args": null} times: 40 method_name: run timeout: 0 duration: None cls:
2019-09-24 13:51:41.329 2605 RALLYDEBUG rally.task.runner [-] Starting a worker. concurrency: 1 args: {"network_create_args": null, "subnet_create_args": null, "subnet_cidr_start": "1.1.0.0/30", "subnets_per_network": 2, "router_create_args": null} times: 40 method_name: run timeout: 0 duration: None cls:
2019-09-24 13:51:41.330 2595 INFO rally.task.runner [-] Task ba28f948-c7a2-431a-a20f-c2cf9cacb62d | ITER: 18 START
2019-09-24 13:51:41.332 2598 INFO rally.task.runner [-] Task ba28f948-c7a2-431a-a20f-c2cf9cacb62d | ITER: 19 START
