2019-09-24 13:40:46.478 6 RALLYDEBUG rally.api [-] INFO logs from urllib3 and requests module are hide.
2019-09-24 13:40:46.478 6 RALLYDEBUG rally.api [-] urllib3 insecure warnings are hidden.
2019-09-24 13:40:46.478 6 RALLYDEBUG rally.api [-] ERROR log from boto module is hide.
2019-09-24 13:40:47.728 6 ERROR rally.cli.cliutils [-] Unexpected exception in CLI: DBRecordNotFound: Record for uuid or name is opnfv-rally not found in table envs
2019-09-24 13:40:47.728 6 ERROR rally.cli.cliutils
Traceback (most recent call last):
2019-09-24 13:40:47.728 6 ERROR rally.cli.cliutils
File "/usr/lib/python2.7/site-packages/rally/cli/cliutils.py", line 674, in run
2019-09-24 13:40:47.728 6 ERROR rally.cli.cliutils ret = fn(*fn_args, **fn_kwargs)
2019-09-24 13:40:47.728 6 ERROR rally.cli.cliutils File "", line 2, in destroy
2019-09-24 13:40:47.728 6 ERROR rally.cli.cliutils
File "/usr/lib/python2.7/site-packages/rally/cli/envutils.py", line 69, in default_from_global
2019-09-24 13:40:47.728 6 ERROR rally.cli.cliutils return f(*args, **kwargs)
2019-09-24 13:40:47.728 6 ERROR rally.cli.cliutils File "", line 2, in destroy
2019-09-24 13:40:47.728 6 ERROR rally.cli.cliutils
File "/usr/lib/python2.7/site-packages/rally/plugins/__init__.py", line 51, in ensure_plugins_are_loaded
2019-09-24 13:40:47.728 6 ERROR rally.cli.cliutils return f(*args, **kwargs)
2019-09-24 13:40:47.728 6 ERROR rally.cli.cliutils
File "/usr/lib/python2.7/site-packages/rally/cli/commands/deployment.py", line 140, in destroy
2019-09-24 13:40:47.728 6 ERROR rally.cli.cliutils api.deployment.destroy(deployment=deployment)
2019-09-24 13:40:47.728 6 ERROR rally.cli.cliutils
File "/usr/lib/python2.7/site-packages/rally/api.py", line 115, in destroy
2019-09-24 13:40:47.728 6 ERROR rally.cli.cliutils deploy = objects.Deployment.get(deployment)
2019-09-24 13:40:47.728 6 ERROR rally.cli.cliutils
File "/usr/lib/python2.7/site-packages/rally/common/objects/deploy.py", line 124, in get
2019-09-24 13:40:47.728 6 ERROR rally.cli.cliutils return Deployment(env_mgr.EnvManager.get(deploy))
2019-09-24 13:40:47.728 6 ERROR rally.cli.cliutils
File "/usr/lib/python2.7/site-packages/rally/env/env_mgr.py", line 212, in get
2019-09-24 13:40:47.728 6 ERROR rally.cli.cliutils return cls(db.env_get(uuid_or_name))
2019-09-24 13:40:47.728 6 ERROR rally.cli.cliutils
File "/usr/lib/python2.7/site-packages/rally/common/db/api.py", line 135, in wrapper
2019-09-24 13:40:47.728 6 ERROR rally.cli.cliutils result = f(session, *args, **kwargs)
2019-09-24 13:40:47.728 6 ERROR rally.cli.cliutils
File "/usr/lib/python2.7/site-packages/rally/common/db/api.py", line 521, in env_get
2019-09-24 13:40:47.728 6 ERROR rally.cli.cliutils criteria="uuid or name is %s" % uuid_or_name, table="envs")
2019-09-24 13:40:47.728 6 ERROR rally.cli.cliutils DBRecordNotFound: Record for uuid or name is opnfv-rally not found in table envs
2019-09-24 13:40:47.728 6 ERROR rally.cli.cliutils
2019-09-24 13:40:48.490 8 RALLYDEBUG rally.api [-] INFO logs from urllib3 and requests module are hide.
2019-09-24 13:40:48.490 8 RALLYDEBUG rally.api [-] urllib3 insecure warnings are hidden.
2019-09-24 13:40:48.490 8 RALLYDEBUG rally.api [-] ERROR log from boto module is hide.
2019-09-24 13:40:49.751 8 WARNING rally_openstack.platforms.existing [-] endpoint is deprecated and not used.
2019-09-24 13:40:50.550 10 RALLYDEBUG rally.api [-] INFO logs from urllib3 and requests module are hide.
2019-09-24 13:40:50.550 10 RALLYDEBUG rally.api [-] urllib3 insecure warnings are hidden.
2019-09-24 13:40:50.550 10 RALLYDEBUG rally.api [-] ERROR log from boto module is hide.
2019-09-24 13:40:53.097 13 RALLYDEBUG rally.api [-] INFO logs from urllib3 and requests module are hide.
2019-09-24 13:40:53.097 13 RALLYDEBUG rally.api [-] urllib3 insecure warnings are hidden.
2019-09-24 13:40:53.097 13 RALLYDEBUG rally.api [-] ERROR log from boto module is hide.
2019-09-24 13:40:54.409 15 RALLYDEBUG rally.api [-] INFO logs from urllib3 and requests module are hide.
2019-09-24 13:40:54.410 15 RALLYDEBUG rally.api [-] urllib3 insecure warnings are hidden.
2019-09-24 13:40:54.410 15 RALLYDEBUG rally.api [-] ERROR log from boto module is hide.
2019-09-24 13:40:55.620 15 INFO rally.common.plugin.discover [-] Loading plugins from directories /root/.rally/plugins/*
2019-09-24 13:40:55.621 15 INFO rally.common.plugin.discover [-] Loaded module with plugins: /root/.rally/plugins/__init__.py
2019-09-24 13:40:55.623 15 INFO rally.common.plugin.discover [-] Loaded module with plugins: /root/.rally/plugins/trunk_scenario.py
2019-09-24 13:40:55.779 15 INFO rally.task.engine [-] Task ba28f948-c7a2-431a-a20f-c2cf9cacb62d | Starting: Task validation.
2019-09-24 13:40:55.792 15 INFO rally.task.engine [-] Task ba28f948-c7a2-431a-a20f-c2cf9cacb62d | Starting: Task validation of syntax.
2019-09-24 13:40:55.939 15 INFO rally.task.engine [-] Task ba28f948-c7a2-431a-a20f-c2cf9cacb62d | Completed: Task validation of syntax.
2019-09-24 13:40:55.940 15 INFO rally.task.engine [-] Task ba28f948-c7a2-431a-a20f-c2cf9cacb62d | Starting: Task validation of required platforms.
2019-09-24 13:40:56.004 15 INFO rally.task.engine [-] Task ba28f948-c7a2-431a-a20f-c2cf9cacb62d | Completed: Task validation of required platforms.
2019-09-24 13:40:56.004 15 INFO rally.task.engine [-] Task ba28f948-c7a2-431a-a20f-c2cf9cacb62d | Starting: Task validation of semantic.
2019-09-24 13:40:56.004 15 INFO rally.task.engine [-] Check health of the environment 'fe13af77-03d3-468f-a8de-766b370db688'.
2019-09-24 13:40:56.364 15 INFO rally.task.engine [-] Platform existing@openstack (available: True): OK!
2019-09-24 13:40:56.375 15 RALLYDEBUG rally_openstack.contexts.keystone.users [-] Creating 1 tenants using 20 threads
2019-09-24 13:40:56.676 15 RALLYDEBUG rally_openstack.contexts.keystone.users [-] Creating 1 users using 20 threads
2019-09-24 13:40:57.126 15 INFO rally.task.context [-] Task ba28f948-c7a2-431a-a20f-c2cf9cacb62d | Context users@openstack setup() finished in 0.75 sec
2019-09-24 13:40:58.803 15 INFO rally.task.context [-] Task ba28f948-c7a2-431a-a20f-c2cf9cacb62d | Context users@openstack cleanup() started
2019-09-24 13:41:00.374 15 INFO rally.task.context [-] Task ba28f948-c7a2-431a-a20f-c2cf9cacb62d | Context users@openstack cleanup() finished in 1.57 sec
2019-09-24 13:41:00.374 15 INFO rally.task.engine [-] Task ba28f948-c7a2-431a-a20f-c2cf9cacb62d | Completed: Task validation of semantic.
2019-09-24 13:41:00.375 15 INFO rally.task.engine [-] Task ba28f948-c7a2-431a-a20f-c2cf9cacb62d | Completed: Task validation.
2019-09-24 13:41:00.375 15 INFO rally.api [-] Task ba28f948-c7a2-431a-a20f-c2cf9cacb62d input file is valid.
2019-09-24 13:41:00.375 15 INFO rally.api [-] Run Task ba28f948-c7a2-431a-a20f-c2cf9cacb62d against Deployment fe13af77-03d3-468f-a8de-766b370db688
2019-09-24 13:41:00.376 15 INFO rally.task.engine [-] Task ba28f948-c7a2-431a-a20f-c2cf9cacb62d | Starting: Running task.
2019-09-24 13:41:00.423 15 INFO rally.task.engine [-] Running workload: position = 0 config = { "version": 2, "title": "A cropped version of a bigger task.", "description": "Auto-generated task from a single workload (uuid=71b29955-28da-4a5b-91ac-55be8ff5ef7f)", "subtasks": [ { "title": "NeutronNetworks.create_and_list_networks", "description": "Check performance of list_networks action and ensure > network quotas are not exceeded", "scenario": { "NeutronNetworks.create_and_list_networks": {} }, "contexts": { "users": { "tenants": 1, "users_per_tenant": 1 }, "quotas": { "neutron": { "network": 119 } } }, "runner": { "constant": { "times": 100, "concurrency": 20 } }, "hooks": [], "sla": { "max_avg_duration_per_atomic": { "neutron.list_networks": 15 }, "failure_rate": { "max": 0 } } } ] }
2019-09-24 13:41:00.436 15 RALLYDEBUG rally_openstack.contexts.keystone.users [-] Creating 1 tenants using 20 threads
2019-09-24 13:41:00.792 15 RALLYDEBUG rally_openstack.contexts.keystone.users [-] Creating 1 users using 20 threads
2019-09-24 13:41:01.261 15 INFO rally.task.context [-] Task ba28f948-c7a2-431a-a20f-c2cf9cacb62d | Context users@openstack setup() finished in 0.82 sec
2019-09-24 13:41:01.597 15 INFO rally.task.context [-] Task ba28f948-c7a2-431a-a20f-c2cf9cacb62d | Context quotas@openstack setup() finished in 0.34 sec
2019-09-24 13:41:01.597 15 INFO rally.task.context [-] Task ba28f948-c7a2-431a-a20f-c2cf9cacb62d | Context cleanup@openstack setup() finished in 0.03 msec
2019-09-24 13:41:01.606 15 RALLYDEBUG rally.task.runner [-] Starting the constant runner (task UUID: ba28f948-c7a2-431a-a20f-c2cf9cacb62d). timeout: 0 concurrency: 20 concurrency_per_worker: 1 times: 100 concurrency_overhead: 0 processes_to_start: 20 max_cpu_used: 88
2019-09-24 13:41:01.617 140 RALLYDEBUG rally.task.runner [-] Starting a worker. concurrency: 1 args: {} times: 100 method_name: run timeout: 0 duration: None cls:
2019-09-24 13:41:01.620 141 RALLYDEBUG rally.task.runner [-] Starting a worker. concurrency: 1 args: {} times: 100 method_name: run timeout: 0 duration: None cls:
2019-09-24 13:41:01.623 140 INFO rally.task.runner [-] Task ba28f948-c7a2-431a-a20f-c2cf9cacb62d | ITER: 1 START
2019-09-24 13:41:01.622 142 RALLYDEBUG rally.task.runner [-] Starting a worker. concurrency: 1 args: {} times: 100 method_name: run timeout: 0 duration: None cls:
2019-09-24 13:41:01.625 141 INFO rally.task.runner [-] Task ba28f948-c7a2-431a-a20f-c2cf9cacb62d | ITER: 2 START
2019-09-24 13:41:01.625 143 RALLYDEBUG rally.task.runner [-] Starting a worker. concurrency: 1 args: {} times: 100 method_name: run timeout: 0 duration: None cls:
2019-09-24 13:41:01.627 142 INFO rally.task.runner [-] Task ba28f948-c7a2-431a-a20f-c2cf9cacb62d | ITER: 3 START
2019-09-24 13:41:01.627 145 RALLYDEBUG rally.task.runner [-] Starting a worker. concurrency: 1 args: {} times: 100 method_name: run timeout: 0 duration: None cls:
2019-09-24 13:41:01.630 148 RALLYDEBUG rally.task.runner [-] Starting a worker. concurrency: 1 args: {} times: 100 method_name: run timeout: 0 duration: None cls:
2019-09-24 13:41:01.630 143 INFO rally.task.runner [-] Task ba28f948-c7a2-431a-a20f-c2cf9cacb62d | ITER: 4 START
2019-09-24 13:41:01.632 152 RALLYDEBUG rally.task.runner [-] Starting a worker. concurrency: 1 args: {} times: 100 method_name: run timeout: 0 duration: None cls:
2019-09-24 13:41:01.635 145 INFO rally.task.runner [-] Task ba28f948-c7a2-431a-a20f-c2cf9cacb62d | ITER: 5 START
2019-09-24 13:41:01.634 155 RALLYDEBUG rally.task.runner [-] Starting a worker. concurrency: 1 args: {} times: 100 method_name: run timeout: 0 duration: None cls:
2019-09-24 13:41:01.637 148 INFO rally.task.runner [-] Task ba28f948-c7a2-431a-a20f-c2cf9cacb62d | ITER: 6 START
2019-09-24 13:41:01.637 158 RALLYDEBUG rally.task.runner [-] Starting a worker. concurrency: 1 args: {} times: 100 method_name: run timeout: 0 duration: None cls:
2019-09-24 13:41:01.640 152 INFO rally.task.runner [-] Task ba28f948-c7a2-431a-a20f-c2cf9cacb62d | ITER: 7 START
2019-09-24 13:41:01.640 161 RALLYDEBUG rally.task.runner [-] Starting a worker. concurrency: 1 args: {} times: 100 method_name: run timeout: 0 duration: None cls:
2019-09-24 13:41:01.642 155 INFO rally.task.runner [-] Task ba28f948-c7a2-431a-a20f-c2cf9cacb62d | ITER: 8 START
2019-09-24 13:41:01.642 164 RALLYDEBUG rally.task.runner [-] Starting a worker. concurrency: 1 args: {} times: 100 method_name: run timeout: 0 duration: None cls:
2019-09-24 13:41:01.645 158 INFO rally.task.runner [-] Task ba28f948-c7a2-431a-a20f-c2cf9cacb62d | ITER: 9 START
2019-09-24 13:41:01.647 161 INFO rally.task.runner [-] Task ba28f948-c7a2-431a-a20f-c2cf9cacb62d | ITER: 10 START
2019-09-24 13:41:01.650 164 INFO rally.task.runner [-] Task ba28f948-c7a2-431a-a20f-c2cf9cacb62d | ITER: 11 START
2019-09-24 13:41:01.649 168 RALLYDEBUG rally.task.runner [-] Starting a worker. concurrency: 1 args: {} times: 100 method_name: run timeout: 0 duration: None cls:
2019-09-24 13:41:01.651 172 RALLYDEBUG rally.task.runner [-] Starting a worker. concurrency: 1 args: {} times: 100 method_name: run timeout: 0 duration: None cls:
2019-09-24 13:41:01.656 172 INFO rally.task.runner [-] Task ba28f948-c7a2-431a-a20f-c2cf9cacb62d | ITER: 13 START
2019-09-24 13:41:01.657 168 INFO rally.task.runner [-] Task ba28f948-c7a2-431a-a20f-c2cf9cacb62d | ITER: 12 START
2019-09-24 13:41:01.656 175 RALLYDEBUG rally.task.runner [-] Starting a worker. concurrency: 1 args: {} times: 100 method_name: run timeout: 0 duration: None cls:
2019-09-24 13:41:01.658 176 RALLYDEBUG rally.task.runner [-] Starting a worker. concurrency: 1 args: {} times: 100 method_name: run timeout: 0 duration: None cls:
2019-09-24 13:41:01.662 181 RALLYDEBUG rally.task.runner [-] Starting a worker. concurrency: 1 args: {} times: 100 method_name: run timeout: 0 duration: None cls:
2019-09-24 13:41:01.663 176 INFO rally.task.runner [-] Task ba28f948-c7a2-431a-a20f-c2cf9cacb62d | ITER: 15 START
2019-09-24 13:41:01.664 175 INFO rally.task.runner [-] Task ba28f948-c7a2-431a-a20f-c2cf9cacb62d | ITER: 14 START
2019-09-24 13:41:01.664 182 RALLYDEBUG rally.task.runner [-] Starting a worker. concurrency: 1 args: {} times: 100 method_name: run timeout: 0 duration: None cls:
2019-09-24 13:41:01.665 183 RALLYDEBUG rally.task.runner [-] Starting a worker. concurrency: 1 args: {} times: 100 method_name: run timeout: 0 duration: None cls:
2019-09-24 13:41:01.668 181 INFO rally.task.runner [-] Task ba28f948-c7a2-431a-a20f-c2cf9cacb62d | ITER: 16 START
2019-09-24 13:41:01.670 182 INFO rally.task.runner [-] Task ba28f948-c7a2-431a-a20f-c2cf9cacb62d | ITER: 17 START
2019-09-24 13:41:01.670 183 INFO rally.task.runner [-] Task ba28f948-c7a2-431a-a20f-c2cf9cacb62d | ITER: 18 START
2019-09-24 13:41:01.670 188 RALLYDEBUG rally.task.runner [-] Starting a worker. concurrency: 1 args: {} times: 100 method_name: run timeout: 0 duration: None cls:
2019-09-24 13:41:01.670 189 RALLYDEBUG rally.task.runner [-] Starting a worker. concurrency: 1 args: {} times: 100 method_name: run timeout: 0 duration: None cls:
2019-09-24 13:41:01.676 189 INFO rally.task.runner [-] Task ba28f948-c7a2-431a-a20f-c2cf9cacb62d | ITER: 20 START
2019-09-24 13:41:01.677 188 INFO rally.task.runner [-] Task ba28f948-c7a2-431a-a20f-c2cf9cacb62d | ITER: 19 START
2019-09-24 13:41:04.348 145 INFO rally.task.runner [-] Task ba28f948-c7a2-431a-a20f-c2cf9cacb62d | ITER: 5 END: OK
2019-09-24 13:41:04.353 145 INFO rally.task.runner [-] Task ba28f948-c7a2-431a-a20f-c2cf9cacb62d | ITER: 21 START
2019-09-24 13:41:05.379 140 INFO rally.task.runner [-] Task ba28f948-c7a2-431a-a20f-c2cf9cacb62d | ITER: 1 END: OK
2019-09-24 13:41:05.383 140 INFO rally.task.runner [-] Task ba28f948-c7a2-431a-a20f-c2cf9cacb62d | ITER: 22 START
2019-09-24 13:41:05.420 148 INFO rally.task.runner [-] Task ba28f948-c7a2-431a-a20f-c2cf9cacb62d | ITER: 6 END: OK
2019-09-24 13:41:05.425 148 INFO rally.task.runner [-] Task ba28f948-c7a2-431a-a20f-c2cf9cacb62d | ITER: 23 START
2019-09-24 13:41:06.735 164 INFO rally.task.runner [-] Task ba28f948-c7a2-431a-a20f-c2cf9cacb62d | ITER: 11 END: OK
2019-09-24 13:41:06.739 164 INFO rally.task.runner [-] Task ba28f948-c7a2-431a-a20f-c2cf9cacb62d | ITER: 24 START
2019-09-24 13:41:06.835 168 INFO rally.task.runner [-] Task ba28f948-c7a2-431a-a20f-c2cf9cacb62d | ITER: 12 END: OK
2019-09-24 13:41:06.839 168 INFO rally.task.runner [-] Task ba28f948-c7a2-431a-a20f-c2cf9cacb62d | ITER: 25 START
2019-09-24 13:41:06.889 172 INFO rally.task.runner [-] Task ba28f948-c7a2-431a-a20f-c2cf9cacb62d | ITER: 13 END: OK
2019-09-24 13:41:06.894 172 INFO rally.task.runner [-] Task ba28f948-c7a2-431a-a20f-c2cf9cacb62d | ITER: 26 START
2019-09-24 13:41:06.917 189 INFO rally.task.runner [-] Task ba28f948-c7a2-431a-a20f-c2cf9cacb62d | ITER: 20 END: OK
2019-09-24 13:41:06.921 189 INFO rally.task.runner [-] Task ba28f948-c7a2-431a-a20f-c2cf9cacb62d | ITER: 27 START
2019-09-24 13:41:07.089 142 INFO rally.task.runner [-] Task ba28f948-c7a2-431a-a20f-c2cf9cacb62d | ITER: 3 END: OK
2019-09-24 13:41:07.094 142 INFO rally.task.runner [-] Task ba28f948-c7a2-431a-a20f-c2cf9cacb62d | ITER: 28 START
2019-09-24 13:41:07.137 183 INFO rally.task.runner [-] Task ba28f948-c7a2-431a-a20f-c2cf9cacb62d | ITER: 18 END: OK
2019-09-24 13:41:07.142 183 INFO rally.task.runner [-] Task ba28f948-c7a2-431a-a20f-c2cf9cacb62d | ITER: 29 START
2019-09-24 13:41:07.156 188 INFO rally.task.runner [-] Task ba28f948-c7a2-431a-a20f-c2cf9cacb62d | ITER: 19 END: OK
2019-09-24 13:41:07.161 188 INFO rally.task.runner [-] Task ba28f948-c7a2-431a-a20f-c2cf9cacb62d | ITER: 30 START
2019-09-24 13:41:07.186 152 INFO rally.task.runner [-] Task ba28f948-c7a2-431a-a20f-c2cf9cacb62d | ITER: 7 END: OK
2019-09-24 13:41:07.191 152 INFO rally.task.runner [-] Task ba28f948-c7a2-431a-a20f-c2cf9cacb62d | ITER: 31 START
2019-09-24 13:41:07.280 141 INFO rally.task.runner [-] Task ba28f948-c7a2-431a-a20f-c2cf9cacb62d | ITER: 2 END: OK
2019-09-24 13:41:07.284 141 INFO rally.task.runner [-] Task ba28f948-c7a2-431a-a20f-c2cf9cacb62d | ITER: 32 START
2019-09-24 13:41:07.677 158 INFO rally.task.runner [-] Task ba28f948-c7a2-431a-a20f-c2cf9cacb62d | ITER: 9 END: OK
2019-09-24 13:41:07.681 158 INFO rally.task.runner [-] Task ba28f948-c7a2-431a-a20f-c2cf9cacb62d | ITER: 33 START
2019-09-24 13:41:07.853 155 INFO rally.task.runner [-] Task ba28f948-c7a2-431a-a20f-c2cf9cacb62d | ITER: 8 END: OK
2019-09-24 13:41:07.857 155 INFO rally.task.runner [-] Task ba28f948-c7a2-431a-a20f-c2cf9cacb62d | ITER: 34 START
2019-09-24 13:41:08.088 143 INFO rally.task.runner [-] Task ba28f948-c7a2-431a-a20f-c2cf9cacb62d | ITER: 4 END: OK
2019-09-24 13:41:08.092 143 INFO rally.task.runner [-] Task ba28f948-c7a2-431a-a20f-c2cf9cacb62d | ITER: 35 START
2019-09-24 13:41:08.496 140 INFO rally.task.runner [-] Task ba28f948-c7a2-431a-a20f-c2cf9cacb62d | ITER: 22 END: OK
2019-09-24 13:41:08.499 140 INFO rally.task.runner [-] Task ba28f948-c7a2-431a-a20f-c2cf9cacb62d | ITER: 36 START
2019-09-24 13:41:08.604 176 INFO rally.task.runner [-] Task ba28f948-c7a2-431a-a20f-c2cf9cacb62d | ITER: 15 END: OK
2019-09-24 13:41:08.607 176 INFO rally.task.runner [-] Task ba28f948-c7a2-431a-a20f-c2cf9cacb62d | ITER: 37 START
2019-09-24 13:41:08.713 182 INFO rally.task.runner [-] Task ba28f948-c7a2-431a-a20f-c2cf9cacb62d | ITER: 17 END: OK
2019-09-24 13:41:08.718 182 INFO rally.task.runner [-] Task ba28f948-c7a2-431a-a20f-c2cf9cacb62d | ITER: 38 START
2019-09-24 13:41:08.839 175 INFO rally.task.runner [-] Task ba28f948-c7a2-431a-a20f-c2cf9cacb62d | ITER: 14 END: OK
2019-09-24 13:41:08.842 175 INFO rally.task.runner [-] Task ba28f948-c7a2-431a-a20f-c2cf9cacb62d | ITER: 39 START
2019-09-24 13:41:08.885 148 INFO rally.task.runner [-] Task ba28f948-c7a2-431a-a20f-c2cf9cacb62d | ITER: 23 END: OK
2019-09-24 13:41:08.888 148 INFO rally.task.runner [-] Task ba28f948-c7a2-431a-a20f-c2cf9cacb62d | ITER: 40 START
2019-09-24 13:41:08.990 161 INFO rally.task.runner [-] Task ba28f948-c7a2-431a-a20f-c2cf9cacb62d | ITER: 10 END: OK
2019-09-24 13:41:08.995 161 INFO rally.task.runner [-] Task ba28f948-c7a2-431a-a20f-c2cf9cacb62d | ITER: 41 START
2019-09-24 13:41:09.049 145 INFO rally.task.runner [-] Task ba28f948-c7a2-431a-a20f-c2cf9cacb62d | ITER: 21 END: OK
2019-09-24 13:41:09.053 145 INFO rally.task.runner [-] Task ba28f948-c7a2-431a-a20f-c2cf9cacb62d | ITER: 42 START
2019-09-24 13:41:09.429 181 INFO rally.task.runner [-] Task ba28f948-c7a2-431a-a20f-c2cf9cacb62d | ITER: 16 END: OK
2019-09-24 13:41:09.434 181 INFO rally.task.runner [-] Task ba28f948-c7a2-431a-a20f-c2cf9cacb62d | ITER: 43 START
2019-09-24 13:41:11.512 188 INFO rally.task.runner [-] Task ba28f948-c7a2-431a-a20f-c2cf9cacb62d | ITER: 30 END: OK
2019-09-24 13:41:11.515 188 INFO rally.task.runner [-] Task ba28f948-c7a2-431a-a20f-c2cf9cacb62d | ITER: 44 START
2019-09-24 13:41:11.576 189 INFO rally.task.runner [-] Task ba28f948-c7a2-431a-a20f-c2cf9cacb62d | ITER: 27 END: OK
2019-09-24 13:41:11.580 189 INFO rally.task.runner [-] Task ba28f948-c7a2-431a-a20f-c2cf9cacb62d | ITER: 45 START
2019-09-24 13:41:11.676 142 INFO rally.task.runner [-] Task ba28f948-c7a2-431a-a20f-c2cf9cacb62d | ITER: 28 END: OK
2019-09-24 13:41:11.679 142 INFO rally.task.runner [-] Task ba28f948-c7a2-431a-a20f-c2cf9cacb62d | ITER: 46 START
2019-09-24 13:41:11.683 172 INFO rally.task.runner [-] Task ba28f948-c7a2-431a-a20f-c2cf9cacb62d | ITER: 26 END: OK
2019-09-24 13:41:11.686 172 INFO rally.task.runner [-] Task ba28f948-c7a2-431a-a20f-c2cf9cacb62d | ITER: 47 START
2019-09-24 13:41:11.780 145 INFO rally.task.runner [-] Task ba28f948-c7a2-431a-a20f-c2cf9cacb62d | ITER: 42 END: OK
2019-09-24 13:41:11.783 145 INFO rally.task.runner [-] Task ba28f948-c7a2-431a-a20f-c2cf9cacb62d | ITER: 48 START
2019-09-24 13:41:11.900 168 INFO rally.task.runner [-] Task ba28f948-c7a2-431a-a20f-c2cf9cacb62d | ITER: 25 END: OK
2019-09-24 13:41:11.903 168 INFO rally.task.runner [-] Task ba28f948-c7a2-431a-a20f-c2cf9cacb62d | ITER: 49 START
2019-09-24 13:41:12.267 152 INFO rally.task.runner [-] Task ba28f948-c7a2-431a-a20f-c2cf9cacb62d | ITER: 31 END: OK
2019-09-24 13:41:12.270 152 INFO rally.task.runner [-] Task ba28f948-c7a2-431a-a20f-c2cf9cacb62d | ITER: 50 START
2019-09-24 13:41:12.351 164 INFO rally.task.runner [-] Task ba28f948-c7a2-431a-a20f-c2cf9cacb62d | ITER: 24 END: OK
2019-09-24 13:41:12.355 164 INFO rally.task.runner [-] Task ba28f948-c7a2-431a-a20f-c2cf9cacb62d | ITER: 51 START
2019-09-24 13:41:12.689 161 INFO rally.task.runner [-] Task ba28f948-c7a2-431a-a20f-c2cf9cacb62d | ITER: 41 END: OK
2019-09-24 13:41:12.692 161 INFO rally.task.runner [-] Task ba28f948-c7a2-431a-a20f-c2cf9cacb62d | ITER: 52 START
2019-09-24 13:41:13.242 158 INFO rally.task.runner [-] Task ba28f948-c7a2-431a-a20f-c2cf9cacb62d | ITER: 33 END: OK
2019-09-24 13:41:13.245 158 INFO rally.task.runner [-] Task ba28f948-c7a2-431a-a20f-c2cf9cacb62d | ITER: 53 START
2019-09-24 13:41:14.087 155 INFO rally.task.runner [-] Task ba28f948-c7a2-431a-a20f-c2cf9cacb62d | ITER: 34 END: OK
2019-09-24 13:41:14.091 155 INFO rally.task.runner [-] Task ba28f948-c7a2-431a-a20f-c2cf9cacb62d | ITER: 54 START
2019-09-24 13:41:14.300 183 INFO rally.task.runner [-] Task ba28f948-c7a2-431a-a20f-c2cf9cacb62d | ITER: 29 END: OK
2019-09-24 13:41:14.304 183 INFO rally.task.runner [-] Task ba28f948-c7a2-431a-a20f-c2cf9cacb62d | ITER: 55 START
2019-09-24 13:41:14.365 176 INFO rally.task.runner [-] Task ba28f948-c7a2-431a-a20f-c2cf9cacb62d | ITER: 37 END: OK
2019-09-24 13:41:14.368 176 INFO rally.task.runner [-] Task ba28f948-c7a2-431a-a20f-c2cf9cacb62d | ITER: 56 START
2019-09-24 13:41:14.399 182 INFO rally.task.runner [-] Task ba28f948-c7a2-431a-a20f-c2cf9cacb62d | ITER: 38 END: OK
2019-09-24 13:41:14.402 182 INFO rally.task.runner [-] Task ba28f948-c7a2-431a-a20f-c2cf9cacb62d | ITER: 57 START
2019-09-24 13:41:14.591 141 INFO rally.task.runner [-] Task ba28f948-c7a2-431a-a20f-c2cf9cacb62d | ITER: 32 END: OK
2019-09-24 13:41:14.594 141 INFO rally.task.runner [-] Task ba28f948-c7a2-431a-a20f-c2cf9cacb62d | ITER: 58 START
2019-09-24 13:41:14.756 143 INFO rally.task.runner [-] Task ba28f948-c7a2-431a-a20f-c2cf9cacb62d | ITER: 35 END: OK
2019-09-24 13:41:14.760 143 INFO rally.task.runner [-] Task ba28f948-c7a2-431a-a20f-c2cf9cacb62d | ITER: 59 START
2019-09-24 13:41:14.871 175 INFO rally.task.runner [-] Task ba28f948-c7a2-431a-a20f-c2cf9cacb62d | ITER: 39 END: OK
2019-09-24 13:41:14.875 175 INFO rally.task.runner [-] Task ba28f948-c7a2-431a-a20f-c2cf9cacb62d | ITER: 60 START
2019-09-24 13:41:15.090 140 INFO rally.task.runner [-] Task ba28f948-c7a2-431a-a20f-c2cf9cacb62d | ITER: 36 END: OK
2019-09-24 13:41:15.094 140 INFO rally.task.runner [-] Task ba28f948-c7a2-431a-a20f-c2cf9cacb62d | ITER: 61 START
2019-09-24 13:41:15.650 148 INFO rally.task.runner [-] Task ba28f948-c7a2-431a-a20f-c2cf9cacb62d | ITER: 40 END: OK
2019-09-24 13:41:15.654 148 INFO rally.task.runner [-] Task ba28f948-c7a2-431a-a20f-c2cf9cacb62d | ITER: 62 START
2019-09-24 13:41:15.667 142 INFO rally.task.runner [-] Task ba28f948-c7a2-431a-a20f-c2cf9cacb62d | ITER: 46 END: OK
2019-09-24 13:41:15.670 142 INFO rally.task.runner [-] Task ba28f948-c7a2-431a-a20f-c2cf9cacb62d | ITER: 63 START
2019-09-24 13:41:15.876 189 INFO rally.task.runner [-] Task ba28f948-c7a2-431a-a20f-c2cf9cacb62d | ITER: 45 END: OK
2019-09-24 13:41:15.880 189 INFO rally.task.runner [-] Task ba28f948-c7a2-431a-a20f-c2cf9cacb62d | ITER: 64 START
2019-09-24 13:41:16.841 188 INFO rally.task.runner [-] Task ba28f948-c7a2-431a-a20f-c2cf9cacb62d | ITER: 44 END: OK
2019-09-24 13:41:16.844 188 INFO rally.task.runner [-] Task ba28f948-c7a2-431a-a20f-c2cf9cacb62d | ITER: 65 START
2019-09-24 13:41:17.046 172 INFO rally.task.runner [-] Task ba28f948-c7a2-431a-a20f-c2cf9cacb62d | ITER: 47 END: OK
2019-09-24 13:41:17.050 172 INFO rally.task.runner [-] Task ba28f948-c7a2-431a-a20f-c2cf9cacb62d | ITER: 66 START
2019-09-24 13:41:17.060 181 INFO rally.task.runner [-] Task ba28f948-c7a2-431a-a20f-c2cf9cacb62d | ITER: 43 END: OK
2019-09-24 13:41:17.064 181 INFO rally.task.runner [-] Task ba28f948-c7a2-431a-a20f-c2cf9cacb62d | ITER: 67 START
2019-09-24 13:41:17.280 152 INFO rally.task.runner [-] Task ba28f948-c7a2-431a-a20f-c2cf9cacb62d | ITER: 50 END: OK
2019-09-24 13:41:17.283 152 INFO rally.task.runner [-] Task ba28f948-c7a2-431a-a20f-c2cf9cacb62d | ITER: 68 START
2019-09-24 13:41:19.260 176 INFO rally.task.runner [-] Task ba28f948-c7a2-431a-a20f-c2cf9cacb62d | ITER: 56 END: OK
2019-09-24 13:41:19.264 176 INFO rally.task.runner [-] Task ba28f948-c7a2-431a-a20f-c2cf9cacb62d | ITER: 69 START
2019-09-24 13:41:20.051 168 INFO rally.task.runner [-] Task ba28f948-c7a2-431a-a20f-c2cf9cacb62d | ITER: 49 END: OK
2019-09-24 13:41:20.054 168 INFO rally.task.runner [-] Task ba28f948-c7a2-431a-a20f-c2cf9cacb62d | ITER: 70 START
2019-09-24 13:41:20.059 183 INFO rally.task.runner [-] Task ba28f948-c7a2-431a-a20f-c2cf9cacb62d | ITER: 55 END: OK
2019-09-24 13:41:20.062 183 INFO rally.task.runner [-] Task ba28f948-c7a2-431a-a20f-c2cf9cacb62d | ITER: 71 START
2019-09-24 13:41:20.076 141 INFO rally.task.runner [-] Task ba28f948-c7a2-431a-a20f-c2cf9cacb62d | ITER: 58 END: OK
2019-09-24 13:41:20.079 141 INFO rally.task.runner [-] Task ba28f948-c7a2-431a-a20f-c2cf9cacb62d | ITER: 72 START
2019-09-24 13:41:20.099 164 INFO rally.task.runner [-] Task ba28f948-c7a2-431a-a20f-c2cf9cacb62d | ITER: 51 END: OK
2019-09-24 13:41:20.103 164 INFO rally.task.runner [-] Task ba28f948-c7a2-431a-a20f-c2cf9cacb62d | ITER: 73 START
2019-09-24 13:41:20.243 145 INFO rally.task.runner [-] Task ba28f948-c7a2-431a-a20f-c2cf9cacb62d | ITER: 48 END: OK
2019-09-24 13:41:20.246 145 INFO rally.task.runner [-] Task ba28f948-c7a2-431a-a20f-c2cf9cacb62d | ITER: 74 START
2019-09-24 13:41:20.248 155 INFO rally.task.runner [-] Task ba28f948-c7a2-431a-a20f-c2cf9cacb62d | ITER: 54 END: OK
2019-09-24 13:41:20.252 155 INFO rally.task.runner [-] Task ba28f948-c7a2-431a-a20f-c2cf9cacb62d | ITER: 75 START
2019-09-24 13:41:20.265 143 INFO rally.task.runner [-] Task ba28f948-c7a2-431a-a20f-c2cf9cacb62d | ITER: 59 END: OK
2019-09-24 13:41:20.269 143 INFO rally.task.runner [-] Task ba28f948-c7a2-431a-a20f-c2cf9cacb62d | ITER: 76 START
2019-09-24 13:41:20.701 161 INFO rally.task.runner [-] Task ba28f948-c7a2-431a-a20f-c2cf9cacb62d | ITER: 52 END: OK
2019-09-24 13:41:20.705 161 INFO rally.task.runner [-] Task ba28f948-c7a2-431a-a20f-c2cf9cacb62d | ITER: 77 START
2019-09-24 13:41:21.494 158 INFO rally.task.runner [-] Task ba28f948-c7a2-431a-a20f-c2cf9cacb62d | ITER: 53 END: OK
2019-09-24 13:41:21.497 158 INFO rally.task.runner [-] Task ba28f948-c7a2-431a-a20f-c2cf9cacb62d | ITER: 78 START
2019-09-24 13:41:21.952 182 INFO rally.task.runner [-] Task ba28f948-c7a2-431a-a20f-c2cf9cacb62d | ITER: 57 END: OK
2019-09-24 13:41:21.956 182 INFO rally.task.runner [-] Task ba28f948-c7a2-431a-a20f-c2cf9cacb62d | ITER: 79 START
2019-09-24 13:41:22.023 140 INFO rally.task.runner [-] Task ba28f948-c7a2-431a-a20f-c2cf9cacb62d | ITER: 61 END: OK
2019-09-24 13:41:22.027 140 INFO rally.task.runner [-] Task ba28f948-c7a2-431a-a20f-c2cf9cacb62d | ITER: 80 START
2019-09-24 13:41:22.169 189 INFO rally.task.runner [-] Task ba28f948-c7a2-431a-a20f-c2cf9cacb62d | ITER: 64 END: OK
2019-09-24 13:41:22.172 189 INFO rally.task.runner [-] Task ba28f948-c7a2-431a-a20f-c2cf9cacb62d | ITER: 81 START
2019-09-24 13:41:22.180 172 INFO rally.task.runner [-] Task ba28f948-c7a2-431a-a20f-c2cf9cacb62d | ITER: 66 END: OK
2019-09-24 13:41:22.183 172 INFO rally.task.runner [-] Task ba28f948-c7a2-431a-a20f-c2cf9cacb62d | ITER: 82 START
2019-09-24 13:41:22.794 175 INFO rally.task.runner [-] Task ba28f948-c7a2-431a-a20f-c2cf9cacb62d | ITER: 60 END: OK
2019-09-24 13:41:22.798 175 INFO rally.task.runner [-] Task ba28f948-c7a2-431a-a20f-c2cf9cacb62d | ITER: 83 START
2019-09-24 13:41:24.050 148 INFO rally.task.runner [-] Task ba28f948-c7a2-431a-a20f-c2cf9cacb62d | ITER: 62 END: OK
2019-09-24 13:41:24.054 148 INFO rally.task.runner [-] Task ba28f948-c7a2-431a-a20f-c2cf9cacb62d | ITER: 84 START
2019-09-24 13:41:24.113 142 INFO rally.task.runner [-] Task ba28f948-c7a2-431a-a20f-c2cf9cacb62d | ITER: 63 END: OK
2019-09-24 13:41:24.117 142 INFO rally.task.runner [-] Task ba28f948-c7a2-431a-a20f-c2cf9cacb62d | ITER: 85 START
2019-09-24 13:41:25.681 188 INFO rally.task.runner [-] Task ba28f948-c7a2-431a-a20f-c2cf9cacb62d | ITER: 65 END: OK
2019-09-24 13:41:25.684 188 INFO rally.task.runner [-] Task ba28f948-c7a2-431a-a20f-c2cf9cacb62d | ITER: 86 START
2019-09-24 13:41:25.848 168 INFO rally.task.runner [-] Task ba28f948-c7a2-431a-a20f-c2cf9cacb62d | ITER: 70 END: OK
2019-09-24 13:41:25.852 168 INFO rally.task.runner [-] Task ba28f948-c7a2-431a-a20f-c2cf9cacb62d | ITER: 87 START
2019-09-24 13:41:25.962 181 INFO rally.task.runner [-] Task ba28f948-c7a2-431a-a20f-c2cf9cacb62d | ITER: 67 END: OK
2019-09-24 13:41:25.965 181 INFO rally.task.runner [-] Task ba28f948-c7a2-431a-a20f-c2cf9cacb62d | ITER: 88 START
2019-09-24 13:41:26.003 164 INFO rally.task.runner [-] Task ba28f948-c7a2-431a-a20f-c2cf9cacb62d | ITER: 73 END: OK
2019-09-24 13:41:26.007 164 INFO rally.task.runner [-] Task ba28f948-c7a2-431a-a20f-c2cf9cacb62d | ITER: 89 START
2019-09-24 13:41:26.018 183 INFO rally.task.runner [-] Task ba28f948-c7a2-431a-a20f-c2cf9cacb62d | ITER: 71 END: OK
2019-09-24 13:41:26.022 183 INFO rally.task.runner [-] Task ba28f948-c7a2-431a-a20f-c2cf9cacb62d | ITER: 90 START
2019-09-24 13:41:26.081 152 INFO rally.task.runner [-] Task ba28f948-c7a2-431a-a20f-c2cf9cacb62d | ITER: 68 END: OK
2019-09-24 13:41:26.084 152 INFO rally.task.runner [-] Task ba28f948-c7a2-431a-a20f-c2cf9cacb62d | ITER: 91 START
2019-09-24 13:41:26.113 176 INFO rally.task.runner [-] Task ba28f948-c7a2-431a-a20f-c2cf9cacb62d | ITER: 69 END: OK
2019-09-24 13:41:26.116 176 INFO rally.task.runner [-] Task ba28f948-c7a2-431a-a20f-c2cf9cacb62d | ITER: 92 START
2019-09-24 13:41:26.505 145 INFO rally.task.runner [-] Task ba28f948-c7a2-431a-a20f-c2cf9cacb62d | ITER: 74 END: OK
2019-09-24 13:41:26.509 145 INFO rally.task.runner [-] Task ba28f948-c7a2-431a-a20f-c2cf9cacb62d | ITER: 93 START
2019-09-24 13:41:26.799 141 INFO rally.task.runner [-] Task ba28f948-c7a2-431a-a20f-c2cf9cacb62d | ITER: 72 END: OK
2019-09-24 13:41:26.802 141 INFO rally.task.runner [-] Task ba28f948-c7a2-431a-a20f-c2cf9cacb62d | ITER: 94 START
2019-09-24 13:41:27.748 142 INFO rally.task.runner [-] Task ba28f948-c7a2-431a-a20f-c2cf9cacb62d | ITER: 85 END: OK
2019-09-24 13:41:27.751 142 INFO rally.task.runner [-] Task ba28f948-c7a2-431a-a20f-c2cf9cacb62d | ITER: 95 START
2019-09-24 13:41:27.756 158 INFO rally.task.runner [-] Task ba28f948-c7a2-431a-a20f-c2cf9cacb62d | ITER: 78 END: OK
2019-09-24 13:41:27.759 140 INFO rally.task.runner [-] Task ba28f948-c7a2-431a-a20f-c2cf9cacb62d | ITER: 80 END: OK
2019-09-24 13:41:27.759 158 INFO rally.task.runner [-] Task ba28f948-c7a2-431a-a20f-c2cf9cacb62d | ITER: 96 START
2019-09-24 13:41:27.763 140 INFO rally.task.runner [-] Task ba28f948-c7a2-431a-a20f-c2cf9cacb62d | ITER: 97 START
2019-09-24 13:41:27.942 155 INFO rally.task.runner [-] Task ba28f948-c7a2-431a-a20f-c2cf9cacb62d | ITER: 75 END: OK
2019-09-24 13:41:27.945 155 INFO rally.task.runner [-] Task ba28f948-c7a2-431a-a20f-c2cf9cacb62d | ITER: 98 START
2019-09-24 13:41:28.017 175 INFO rally.task.runner [-] Task ba28f948-c7a2-431a-a20f-c2cf9cacb62d | ITER: 83 END: OK
2019-09-24 13:41:28.023 161 INFO rally.task.runner [-] Task ba28f948-c7a2-431a-a20f-c2cf9cacb62d | ITER: 77 END: OK
2019-09-24 13:41:28.026 175 INFO rally.task.runner [-] Task ba28f948-c7a2-431a-a20f-c2cf9cacb62d | ITER: 99 START
2019-09-24 13:41:28.027 161 INFO rally.task.runner [-] Task ba28f948-c7a2-431a-a20f-c2cf9cacb62d | ITER: 100 START
2019-09-24 13:41:28.627 143 INFO rally.task.runner [-] Task ba28f948-c7a2-431a-a20f-c2cf9cacb62d | ITER: 76 END: OK
2019-09-24 13:41:29.182 148 INFO rally.task.runner [-] Task ba28f948-c7a2-431a-a20f-c2cf9cacb62d | ITER: 84 END: OK
2019-09-24 13:41:30.751 189 INFO rally.task.runner [-] Task ba28f948-c7a2-431a-a20f-c2cf9cacb62d | ITER: 81 END: OK
2019-09-24 13:41:30.750 182 INFO rally.task.runner [-] Task ba28f948-c7a2-431a-a20f-c2cf9cacb62d | ITER: 79 END: OK
2019-09-24 13:41:30.762 188 INFO rally.task.runner [-] Task ba28f948-c7a2-431a-a20f-c2cf9cacb62d | ITER: 86 END: OK
2019-09-24 13:41:31.341 152 INFO rally.task.runner [-] Task ba28f948-c7a2-431a-a20f-c2cf9cacb62d | ITER: 91 END: OK
2019-09-24 13:41:31.408 168 INFO rally.task.runner [-] Task ba28f948-c7a2-431a-a20f-c2cf9cacb62d | ITER: 87 END: OK
2019-09-24 13:41:31.466 172 INFO rally.task.runner [-] Task ba28f948-c7a2-431a-a20f-c2cf9cacb62d | ITER: 82 END: OK
2019-09-24 13:41:32.198 181 INFO rally.task.runner [-] Task ba28f948-c7a2-431a-a20f-c2cf9cacb62d | ITER: 88 END: OK
2019-09-24 13:41:32.542 183 INFO rally.task.runner [-] Task ba28f948-c7a2-431a-a20f-c2cf9cacb62d | ITER: 90 END: OK
2019-09-24 13:41:33.188 158 INFO rally.task.runner [-] Task ba28f948-c7a2-431a-a20f-c2cf9cacb62d | ITER: 96 END: OK
2019-09-24 13:41:33.365 155 INFO rally.task.runner [-] Task ba28f948-c7a2-431a-a20f-c2cf9cacb62d | ITER: 98 END: OK
2019-09-24 13:41:33.976 175 INFO rally.task.runner [-] Task ba28f948-c7a2-431a-a20f-c2cf9cacb62d | ITER: 99 END: OK
2019-09-24 13:41:35.174 164 INFO rally.task.runner [-] Task ba28f948-c7a2-431a-a20f-c2cf9cacb62d | ITER: 89 END: OK
2019-09-24 13:41:35.202 145 INFO rally.task.runner [-] Task ba28f948-c7a2-431a-a20f-c2cf9cacb62d | ITER: 93 END: OK
2019-09-24 13:41:35.256 176 INFO rally.task.runner [-] Task ba28f948-c7a2-431a-a20f-c2cf9cacb62d | ITER: 92 END: OK
2019-09-24 13:41:35.978 161 INFO rally.task.runner [-] Task ba28f948-c7a2-431a-a20f-c2cf9cacb62d | ITER: 100 END: OK
2019-09-24 13:41:36.149 140 INFO rally.task.runner [-] Task ba28f948-c7a2-431a-a20f-c2cf9cacb62d | ITER: 97 END: OK
2019-09-24 13:41:36.310 142 INFO rally.task.runner [-] Task ba28f948-c7a2-431a-a20f-c2cf9cacb62d | ITER: 95 END: OK
2019-09-24 13:41:36.310 141 INFO rally.task.runner [-] Task ba28f948-c7a2-431a-a20f-c2cf9cacb62d | ITER: 94 END: OK
2019-09-24 13:41:36.331 15 INFO rally.task.context [-] Task ba28f948-c7a2-431a-a20f-c2cf9cacb62d | Context cleanup@openstack cleanup() started
2019-09-24 13:41:36.334 15 RALLYDEBUG rally_openstack.cleanup.manager [-] Cleaning up neutron vip objects
2019-09-24 13:41:36.549 15 RALLYDEBUG rally_openstack.cleanup.manager [-] Cleaning up neutron health_monitor objects
2019-09-24 13:41:36.758 15 RALLYDEBUG rally_openstack.cleanup.manager [-] Cleaning up neutron pool objects
2019-09-24 13:41:36.976 15 RALLYDEBUG rally_openstack.cleanup.manager [-] Cleaning up neutron loadbalancer objects
2019-09-24 13:41:37.164 15 RALLYDEBUG rally_openstack.cleanup.manager [-] Cleaning up neutron floatingip objects
2019-09-24 13:41:37.385 15 RALLYDEBUG rally_openstack.cleanup.manager [-] Cleaning up neutron port objects
2019-09-24 13:41:37.785 15 RALLYDEBUG rally_openstack.cleanup.manager [-] Cleaning up neutron subnet objects
2019-09-24 13:41:38.033 15 RALLYDEBUG rally_openstack.cleanup.manager [-] Cleaning up neutron network objects
2019-09-24 13:41:38.648 15 RALLYDEBUG rally_openstack.cleanup.manager [-] Deleting neutron.network object s_rally_71b29955_YhokpS1G (08f85fc3-79a7-4823-bd12-200a3140731b)
2019-09-24 13:41:38.648 15 RALLYDEBUG rally_openstack.cleanup.manager [-] Deleting neutron.network object s_rally_71b29955_3HHHKC2Q (0c74efd2-a288-4ac7-a146-c31ae80607d7)
2019-09-24 13:41:38.657 15 RALLYDEBUG rally_openstack.cleanup.manager [-] Deleting neutron.network object s_rally_71b29955_qLeGBxuq (0f50ff02-c716-4257-8898-3cb498e92c6a)
2019-09-24 13:41:38.660 15 RALLYDEBUG rally_openstack.cleanup.manager [-] Deleting neutron.network object s_rally_71b29955_ksgG2xpn (0c66bb70-6ab8-4e4a-aba8-1a696803a46f)
2019-09-24 13:41:38.661 15 RALLYDEBUG rally_openstack.cleanup.manager [-] Deleting neutron.network object s_rally_71b29955_ZLJpGPfQ (0e641d2f-b44d-40da-ab2a-fc0304fef4ce)
2019-09-24 13:41:38.668 15 RALLYDEBUG rally_openstack.cleanup.manager [-] Deleting neutron.network object s_rally_71b29955_NoB7SJrl (0e063cac-e1ce-4f56-acc0-1212b7d73bd4)
2019-09-24 13:41:38.672 15 RALLYDEBUG rally_openstack.cleanup.manager [-] Deleting neutron.network object s_rally_71b29955_wkIPR3rh (0b2e73ad-24ba-470a-b17a-3ac7cbe3b89d)
2019-09-24 13:41:38.690 15 RALLYDEBUG rally_openstack.cleanup.manager [-] Deleting neutron.network object s_rally_71b29955_KOoETRtq (18c6b72a-9d26-4e4a-9a5f-6771677c2b78)
2019-09-24 13:41:38.717 15 RALLYDEBUG rally_openstack.cleanup.manager [-] Deleting neutron.network object s_rally_71b29955_tr8P6MqJ (0ff0dae5-8d07-4149-836a-be171a268ec5)
2019-09-24 13:41:38.735 15 RALLYDEBUG rally_openstack.cleanup.manager [-] Deleting neutron.network object s_rally_71b29955_XW73sGlO (077f5f70-f124-431e-84cc-992cad3c8bad)
2019-09-24 13:41:38.731 15 RALLYDEBUG rally_openstack.cleanup.manager [-] Deleting neutron.network object s_rally_71b29955_AUdNAzd0 (1c2d3809-7590-4086-b393-c8a47b66cd89)
2019-09-24 13:41:38.736 15 RALLYDEBUG rally_openstack.cleanup.manager [-] Deleting neutron.network object s_rally_71b29955_X1CklJUi (0f574dfa-8385-4398-af3e-13cfaaea1237)
2019-09-24 13:41:38.756 15 RALLYDEBUG rally_openstack.cleanup.manager [-] Deleting neutron.network object s_rally_71b29955_AcovySez (1db5ce55-070d-4053-8cd8-8483a32d2197)
2019-09-24 13:41:38.775 15 RALLYDEBUG rally_openstack.cleanup.manager [-] Deleting neutron.network object s_rally_71b29955_3c0KGxA0 (1e9f97c5-2678-44be-af50-7b287cd6de60)
2019-09-24 13:41:38.773 15 RALLYDEBUG rally_openstack.cleanup.manager [-] Deleting neutron.network object s_rally_71b29955_VWsWbUuY (1cd0c168-c493-4dc5-b675-8ffb038828ae)
2019-09-24 13:41:38.798 15 RALLYDEBUG rally_openstack.cleanup.manager [-] Deleting neutron.network object s_rally_71b29955_cmTqpvAh (20e4e7b9-7a1e-4fc3-a427-5957a87082c9)
2019-09-24 13:41:38.806 15 RALLYDEBUG rally_openstack.cleanup.manager [-] Deleting neutron.network object s_rally_71b29955_mfJiLQPM (28010336-5793-4f73-a2c1-efac7d153870)
2019-09-24 13:41:38.817 15 RALLYDEBUG rally_openstack.cleanup.manager [-] Deleting neutron.network object s_rally_71b29955_MGYeYOdQ (274f488c-678d-4f6c-848a-ebaf295954a3)
2019-09-24 13:41:38.827 15 RALLYDEBUG rally_openstack.cleanup.manager [-] Deleting neutron.network object s_rally_71b29955_r6it63YE (28057d30-c2e1-4ce5-8a78-ac0e91f6b971)
2019-09-24 13:41:38.834 15 RALLYDEBUG rally_openstack.cleanup.manager [-] Deleting neutron.network object s_rally_71b29955_qSGD06eg (22d485c0-77b9-4219-9264-430168225a60)
2019-09-24 13:41:42.816 15 RALLYDEBUG rally_openstack.cleanup.manager [-] Deleting neutron.network object s_rally_71b29955_Gt2hqtDL (2947286e-bbe8-4045-ae7f-28e6269772f2)
2019-09-24 13:41:43.171 15 RALLYDEBUG rally_openstack.cleanup.manager [-] Deleting neutron.network object s_rally_71b29955_ArqCoMqM (2a01c9c3-658e-4c88-a26a-ffdb88042a78)
2019-09-24 13:41:44.677 15 RALLYDEBUG rally_openstack.cleanup.manager [-] Deleting neutron.network object s_rally_71b29955_SRoaMsUY (2cff967c-0981-4daa-a2d6-7860aa65191f)
2019-09-24 13:41:44.681 15 RALLYDEBUG rally_openstack.cleanup.manager [-] Deleting neutron.network object s_rally_71b29955_uydfBWVD (2f30e467-37e4-4aa9-a603-df61cb003592)
2019-09-24 13:41:44.697 15 RALLYDEBUG rally_openstack.cleanup.manager [-] Deleting neutron.network object s_rally_71b29955_wOWzlDr9 (31c18f1b-1556-4cbf-8b50-74b424fd58e9)
2019-09-24 13:41:44.788 15 RALLYDEBUG rally_openstack.cleanup.manager [-] Deleting neutron.network object s_rally_71b29955_7qBorczw (3360fd89-b0cd-4ae5-8fd5-396d3b7ba853)
2019-09-24 13:41:44.802 15 RALLYDEBUG rally_openstack.cleanup.manager [-] Deleting neutron.network object s_rally_71b29955_mDCwZutO (33dac5e2-0a68-4c34-93bc-ebe6673b7322)
2019-09-24 13:41:45.817 15 RALLYDEBUG rally_openstack.cleanup.manager [-] Deleting neutron.network object s_rally_71b29955_jbc1OXyn (37714cd1-59a8-4e5b-9cbb-9a13b958d9ae)
2019-09-24 13:41:45.824 15 RALLYDEBUG rally_openstack.cleanup.manager [-] Deleting neutron.network object s_rally_71b29955_4598lh7g (3bb1598c-5729-4fe5-9734-ba0f2d32fe19)
2019-09-24 13:41:45.833 15 RALLYDEBUG rally_openstack.cleanup.manager [-] Deleting neutron.network object s_rally_71b29955_xOfzeZrH (3c36fa51-bf97-4d21-a2d0-ef0acaeaeabf)
2019-09-24 13:41:48.314 15 RALLYDEBUG rally_openstack.cleanup.manager [-] Deleting neutron.network object s_rally_71b29955_7riqzYYf (48c17d7b-c2c8-4045-a820-b04084b2cd9e)
2019-09-24 13:41:48.501 15 RALLYDEBUG rally_openstack.cleanup.manager [-] Deleting neutron.network object s_rally_71b29955_TBHesB3C (48c292aa-b786-438e-9b62-6f6b0edad6d8)
2019-09-24 13:41:48.546 15 RALLYDEBUG rally_openstack.cleanup.manager [-] Deleting neutron.network object s_rally_71b29955_GNBxLcoN (4b1d7719-d5ad-4f51-a4d4-22881baa1bab)
2019-09-24 13:41:48.550 15 RALLYDEBUG rally_openstack.cleanup.manager [-] Deleting neutron.network object s_rally_71b29955_OoY7kwNq (4a40bcf7-3bb6-4560-9f86-c6381066f437)
2019-09-24 13:41:48.833 15 RALLYDEBUG rally_openstack.cleanup.manager [-] Deleting neutron.network object s_rally_71b29955_otn3nOZn (4c3a98e5-447d-459f-b144-6e9afb17e7ff)
2019-09-24 13:41:48.842 15 RALLYDEBUG rally_openstack.cleanup.manager [-] Deleting neutron.network object s_rally_71b29955_EMiPcFsi (5113e7ea-efe1-41eb-9c54-59c11cbddb49)
2019-09-24 13:41:49.022 15 RALLYDEBUG rally_openstack.cleanup.manager [-] Deleting neutron.network object s_rally_71b29955_2Vu6yx0Z (5436a2db-5434-43fd-8122-8dbf98f5f303)
2019-09-24 13:41:49.230 15 RALLYDEBUG rally_openstack.cleanup.manager [-] Deleting neutron.network object s_rally_71b29955_CFqNSWHt (5558d082-9abd-46a4-8cae-e1eadf1cc5b7)
2019-09-24 13:41:49.306 15 RALLYDEBUG rally_openstack.cleanup.manager [-] Deleting neutron.network object s_rally_71b29955_6jWfGZqG (56c241e6-9517-47c3-9969-0738557688c7)
2019-09-24 13:41:49.319 15 RALLYDEBUG rally_openstack.cleanup.manager [-] Deleting neutron.network object s_rally_71b29955_VgLezHOs (5d5ff204-1e77-4216-ad3f-fc702e6c7cf0)
2019-09-24 13:41:49.492 15 RALLYDEBUG rally_openstack.cleanup.manager [-] Deleting neutron.network object s_rally_71b29955_FJPfnBSl (5fdce8fe-8763-4ec4-a53b-081e7427582e)
2019-09-24 13:41:49.502 15 RALLYDEBUG rally_openstack.cleanup.manager [-] Deleting neutron.network object s_rally_71b29955_0tCP8EcT (670197fb-2860-4af1-a7a4-0d3cce17597b)
2019-09-24 13:41:49.505 15 RALLYDEBUG rally_openstack.cleanup.manager [-] Deleting neutron.network object s_rally_71b29955_bpU8vSak (66a33ec4-c9d6-47d0-a75f-765c042a1b17)
2019-09-24 13:41:49.742 15 RALLYDEBUG rally_openstack.cleanup.manager [-] Deleting neutron.network object s_rally_71b29955_XrRMVxA9 (6a04331a-19f7-453f-9f3c-61e48064c918)
2019-09-24 13:41:49.777 15 RALLYDEBUG rally_openstack.cleanup.manager [-] Deleting neutron.network object s_rally_71b29955_ybSnnFOc (6b4fbb0d-cad3-4579-9247-e557b4cdecb7)
2019-09-24 13:41:51.673 15 RALLYDEBUG rally_openstack.cleanup.manager [-] Deleting neutron.network object s_rally_71b29955_mwnBKj6X (7228eb6a-039f-4768-8f9f-1b770636a8cf)
2019-09-24 13:41:51.789 15 RALLYDEBUG rally_openstack.cleanup.manager [-] Deleting neutron.network object s_rally_71b29955_LdljEzDC (722dc904-806c-44ab-890c-8f1130f279c0)
2019-09-24 13:41:51.922 15 RALLYDEBUG rally_openstack.cleanup.manager [-] Deleting neutron.network object s_rally_71b29955_dfyfOjKQ (7499695b-a1a0-40f0-ade1-351671cf89f7)
2019-09-24 13:41:52.372 15 RALLYDEBUG rally_openstack.cleanup.manager [-] Deleting neutron.network object s_rally_71b29955_mdWRgRB3 (7a2172c8-0089-44ec-ba50-a8c1d523d706)
2019-09-24 13:41:52.381 15 RALLYDEBUG rally_openstack.cleanup.manager [-] Deleting neutron.network object s_rally_71b29955_UVUMF2lz (7bd4935b-5564-4d60-86cc-6204c3d344f8)
2019-09-24 13:41:54.022 15 RALLYDEBUG rally_openstack.cleanup.manager [-] Deleting neutron.network object s_rally_71b29955_7iO4SFM6 (7c46d658-90d0-4194-bf1d-7c606a534ef8)
2019-09-24 13:41:54.156 15 RALLYDEBUG rally_openstack.cleanup.manager [-] Deleting neutron.network object s_rally_71b29955_ywGFi7WU (7db17910-b94b-4568-a16d-8bda3097fa54)
2019-09-24 13:41:54.162 15 RALLYDEBUG rally_openstack.cleanup.manager [-] Deleting neutron.network object s_rally_71b29955_NUBqp93f (80ba6722-003b-4a58-8480-0b225be8d9ce)
2019-09-24 13:41:54.184 15 RALLYDEBUG rally_openstack.cleanup.manager [-] Deleting neutron.network object s_rally_71b29955_dH0men0y (83783a33-9e0e-4925-958f-c7885c9f33d6)
2019-09-24 13:41:54.440 15 RALLYDEBUG rally_openstack.cleanup.manager [-] Deleting neutron.network object s_rally_71b29955_fEUU2Q71 (8781e88f-60d4-4ea5-8f70-471306d59a17)
2019-09-24 13:41:55.433 15 RALLYDEBUG rally_openstack.cleanup.manager [-] Deleting neutron.network object s_rally_71b29955_t0cbEst3 (8a0985b8-ee8d-42c6-95c2-9d8e230cf7ad)
2019-09-24 13:41:55.612 15 RALLYDEBUG rally_openstack.cleanup.manager [-] Deleting neutron.network object s_rally_71b29955_9ItjiUuK (8c1a3188-87f8-4806-a4cc-70a4c63ded87)
2019-09-24 13:41:55.638 15 RALLYDEBUG rally_openstack.cleanup.manager [-] Deleting neutron.network object s_rally_71b29955_lR4DSTH2 (8f4ba870-0d70-4f6b-b1f6-c10e4402bcb1)
2019-09-24 13:41:55.948 15 RALLYDEBUG rally_openstack.cleanup.manager [-] Deleting neutron.network object s_rally_71b29955_onT16oTv (9541a659-9f19-43fb-8768-46319ab338e3)
2019-09-24 13:41:55.983 15 RALLYDEBUG rally_openstack.cleanup.manager [-] Deleting neutron.network object s_rally_71b29955_rDxDZOhq (9878fbdb-65a9-416a-9e2b-16cd1e536012)
2019-09-24 13:41:55.986 15 RALLYDEBUG rally_openstack.cleanup.manager [-] Deleting neutron.network object s_rally_71b29955_F2zeglYE (9c490249-d598-4f4b-ad9a-9a0d37f0e5f6)
2019-09-24 13:41:56.494 15 RALLYDEBUG rally_openstack.cleanup.manager [-] Deleting neutron.network object s_rally_71b29955_9PWsIjfF (a16058f2-b7f6-4520-8750-a702595e1009)
2019-09-24 13:41:56.543 15 RALLYDEBUG rally_openstack.cleanup.manager [-] Deleting neutron.network object s_rally_71b29955_SlNta74F (a25d8b3b-ad18-44c2-9d57-099babc2882e)
2019-09-24 13:41:56.552 15 RALLYDEBUG rally_openstack.cleanup.manager [-] Deleting neutron.network object s_rally_71b29955_ZoHx21Xu (a3e80acf-9f3b-4382-876c-ca664d9c5564)
2019-09-24 13:41:56.947 15 RALLYDEBUG rally_openstack.cleanup.manager [-] Deleting neutron.network object s_rally_71b29955_kU1vfyy3 (a61b2df5-a769-47f3-80c4-433d21fe3606)
2019-09-24 13:41:57.277 15 RALLYDEBUG rally_openstack.cleanup.manager [-] Deleting neutron.network object s_rally_71b29955_T73ksI3y (a6baf585-3daf-4594-806f-c61e85ef3123)
2019-09-24 13:41:57.501 15 RALLYDEBUG rally_openstack.cleanup.manager [-] Deleting neutron.network object s_rally_71b29955_9JRYXalS (aa3ae4a8-df78-4ed8-bde5-2cbf93605007)
2019-09-24 13:41:57.600 15 RALLYDEBUG rally_openstack.cleanup.manager [-] Deleting neutron.network object s_rally_71b29955_ubdCDG5p (ab3ac62a-501a-4065-b4be-ace523a4d676)
2019-09-24 13:41:59.048 15 RALLYDEBUG rally_openstack.cleanup.manager [-] Deleting neutron.network object s_rally_71b29955_uRyQz4LT (b02a400b-fc2c-48d7-94bc-d84f6a94e655)
2019-09-24 13:41:59.052 15 RALLYDEBUG rally_openstack.cleanup.manager [-] Deleting neutron.network object s_rally_71b29955_s3xVp5hp (b43fffb3-803f-4252-901c-1cc3e701c481)
2019-09-24 13:41:59.117 15 RALLYDEBUG rally_openstack.cleanup.manager [-] Deleting neutron.network object s_rally_71b29955_PehxngoT (b4465a57-d463-4231-a73c-40cec688682b)
2019-09-24 13:41:59.263 15 RALLYDEBUG rally_openstack.cleanup.manager [-] Deleting neutron.network object s_rally_71b29955_xiKw9T7d (b4da023d-589d-46ec-b900-b37fb8f33cdc)
2019-09-24 13:41:59.294 15 RALLYDEBUG rally_openstack.cleanup.manager [-] Deleting neutron.network object s_rally_71b29955_UYs0G5YP (b5687c5b-0e91-4e0c-8a65-98ca083c99cc)
2019-09-24 13:41:59.323 15 RALLYDEBUG rally_openstack.cleanup.manager [-] Deleting neutron.network object s_rally_71b29955_w9Sw2d7N (b8e415ac-c560-4b9b-bfd9-5f43b6378a1b)
2019-09-24 13:42:01.080 15 RALLYDEBUG rally_openstack.cleanup.manager [-] Deleting neutron.network object s_rally_71b29955_orEnkFrn (bfd27e8b-0142-42b8-b807-ae0e8963ac1e)
2019-09-24 13:42:01.134 15 RALLYDEBUG rally_openstack.cleanup.manager [-] Deleting neutron.network object s_rally_71b29955_icP1lsS1 (c1ad7ae8-8fdc-4caa-a78d-f0f70bc30bb2)
2019-09-24 13:42:01.881 15 RALLYDEBUG rally_openstack.cleanup.manager [-] Deleting neutron.network object s_rally_71b29955_RpNkGCV8 (c724281e-9f74-48cb-8f0f-b47499c6a9ed)
2019-09-24 13:42:01.892 15 RALLYDEBUG rally_openstack.cleanup.manager [-] Deleting neutron.network object s_rally_71b29955_OGq8rzav (cfbf18b5-8af6-423b-9263-6a5ce4a213bc)
2019-09-24 13:42:01.994 15 RALLYDEBUG rally_openstack.cleanup.manager [-] Deleting neutron.network object s_rally_71b29955_w3AvJOwN (d6480454-c90d-498a-8232-5726381dddf7)
2019-09-24 13:42:02.186 15 RALLYDEBUG rally_openstack.cleanup.manager [-] Deleting neutron.network object s_rally_71b29955_Sxur7hiG (d708f3d0-9307-4555-8ea8-eeaf259e7454)
2019-09-24 13:42:02.490 15 RALLYDEBUG rally_openstack.cleanup.manager [-] Deleting neutron.network object s_rally_71b29955_BdWfoPcl (d9ecf9bd-a944-4741-8ab4-f109cf87825f)
2019-09-24 13:42:02.947 15 RALLYDEBUG rally_openstack.cleanup.manager [-] Deleting neutron.network object s_rally_71b29955_xkPDHuSR (dd07ca13-ab58-4c7a-8c7f-04adda76f57a)
