2019-09-24 14:20:42.548 15 RALLYDEBUG rally_openstack.cleanup.manager [-] Deleting neutron.port object s_rally_4b12d795_tmHn83DS (a44f802d-3a03-403c-8c37-d62079c6704d)
2019-09-24 14:20:42.705 15 RALLYDEBUG rally_openstack.cleanup.manager [-] Deleting neutron.port object s_rally_4b12d795_aaqHPAUY (a466fccc-4f9a-4956-ac18-37ae9e0f4306)
2019-09-24 14:20:43.854 15 RALLYDEBUG rally_openstack.cleanup.manager [-] Deleting neutron.port object s_rally_4b12d795_DFtrqDv1 (a5ebcebe-19e0-481f-8c6b-dc7220764572)
2019-09-24 14:20:43.976 15 RALLYDEBUG rally_openstack.cleanup.manager [-] Deleting neutron.port object s_rally_4b12d795_31uhGUoH (a5ec9cce-decf-4783-b801-50ab34b084b8)
2019-09-24 14:20:43.997 15 RALLYDEBUG rally_openstack.cleanup.manager [-] Deleting neutron.port object s_rally_4b12d795_rw9hNOsO (a6f8070b-e48f-484e-8125-42fd5d120cea)
2019-09-24 14:20:44.180 15 RALLYDEBUG rally_openstack.cleanup.manager [-] Deleting neutron.port object s_rally_4b12d795_qY50387i (a8873bf6-fa55-48ab-9426-44f1ac08b5c9)
2019-09-24 14:20:44.366 15 RALLYDEBUG rally_openstack.cleanup.manager [-] Deleting neutron.port object s_rally_4b12d795_FSbn0dxH (a9b9a6a0-6b22-49f4-b1d9-13473433fd6e)
2019-09-24 14:20:45.888 15 RALLYDEBUG rally_openstack.cleanup.manager [-] Deleting neutron.port object s_rally_4b12d795_MENuzAcJ (a9cc3afa-c397-4ee7-9a3e-481bd8cda901)
2019-09-24 14:20:46.079 15 RALLYDEBUG rally_openstack.cleanup.manager [-] Deleting neutron.port object s_rally_4b12d795_5BnVQuKH (aab812f0-2602-473a-bf6f-5b3db69da1cd)
2019-09-24 14:20:46.088 15 RALLYDEBUG rally_openstack.cleanup.manager [-] Deleting neutron.port object s_rally_4b12d795_7buocMua (ab011085-6db2-4937-8bc3-bbf1d9781ced)
2019-09-24 14:20:46.148 15 RALLYDEBUG rally_openstack.cleanup.manager [-] Deleting neutron.port object s_rally_4b12d795_fLtnWDQy (abb945a8-90f4-4d38-b9f6-e7e2e62cd550)
2019-09-24 14:20:46.393 15 RALLYDEBUG rally_openstack.cleanup.manager [-] Deleting neutron.port object s_rally_4b12d795_QaUbtSQw (abcf4139-90fe-41a1-9e1d-175efb23d699)
2019-09-24 14:20:46.417 15 RALLYDEBUG rally_openstack.cleanup.manager [-] Deleting neutron.port object s_rally_4b12d795_mUrYEXNw (ac82a233-77cb-4af4-9487-87f554c73b59)
2019-09-24 14:20:46.431 15 RALLYDEBUG rally_openstack.cleanup.manager [-] Deleting neutron.port object s_rally_4b12d795_ggRQnp1U (acf1183a-5a1a-403c-ad08-975977e90b8b)
2019-09-24 14:20:46.497 15 RALLYDEBUG rally_openstack.cleanup.manager [-] Deleting neutron.port object s_rally_4b12d795_iNXVwmeM (ad282ff0-4634-414b-b595-2c42d3893b85)
2019-09-24 14:20:46.503 15 RALLYDEBUG rally_openstack.cleanup.manager [-] Deleting neutron.port object s_rally_4b12d795_PUUV48tN (ad8786f0-9211-4f58-9de5-4743176d69eb)
2019-09-24 14:20:46.537 15 RALLYDEBUG rally_openstack.cleanup.manager [-] Deleting neutron.port object s_rally_4b12d795_Khf2JJDt (adbb4336-e19b-47e7-bfc6-d2ac1bdc3244)
2019-09-24 14:20:46.680 15 RALLYDEBUG rally_openstack.cleanup.manager [-] Deleting neutron.port object s_rally_4b12d795_TX6w4SVf (ae43a1cf-5923-409a-960c-a5a423b06bda)
2019-09-24 14:20:46.817 15 RALLYDEBUG rally_openstack.cleanup.manager [-] Deleting neutron.port object s_rally_4b12d795_1KsQjHO5 (af1fd54f-eb0e-46cc-af06-20c5eb8bc9ce)
2019-09-24 14:20:47.325 15 RALLYDEBUG rally_openstack.cleanup.manager [-] Deleting neutron.port object s_rally_4b12d795_2oFWlfEX (aff50f7f-86ba-48b4-b2d9-4dfbb821a801)
2019-09-24 14:20:47.606 15 RALLYDEBUG rally_openstack.cleanup.manager [-] Deleting neutron.port object s_rally_4b12d795_GJHeSs5J (b0139e76-69b1-4780-a2cc-3ec3459cd8ba)
2019-09-24 14:20:47.784 15 RALLYDEBUG rally_openstack.cleanup.manager [-] Deleting neutron.port object s_rally_4b12d795_jRgAipt7 (b47c5174-9a73-4b37-aafc-b76e610d0fd5)
2019-09-24 14:20:48.663 15 RALLYDEBUG rally_openstack.cleanup.manager [-] Deleting neutron.port object s_rally_4b12d795_rPjFyf6S (b514d584-38bb-4adc-acbf-491f969f867b)
2019-09-24 14:20:48.826 15 RALLYDEBUG rally_openstack.cleanup.manager [-] Deleting neutron.port object s_rally_4b12d795_Fp5gsc2d (b589dac6-134a-4b70-8620-8a205fd4a499)
2019-09-24 14:20:49.387 15 RALLYDEBUG rally_openstack.cleanup.manager [-] Deleting neutron.port object s_rally_4b12d795_OSpvCkRL (b596f752-0423-48c0-a6c2-163081a47a96)
2019-09-24 14:20:50.037 15 RALLYDEBUG rally_openstack.cleanup.manager [-] Deleting neutron.port object s_rally_4b12d795_vtiFTY1U (b5c8050e-e662-4395-acaa-bd1518dcedcd)
2019-09-24 14:20:50.041 15 RALLYDEBUG rally_openstack.cleanup.manager [-] Deleting neutron.port object s_rally_4b12d795_9R0voSuU (b5e041ab-adeb-405e-96e1-e681fd2dde2f)
2019-09-24 14:20:50.068 15 RALLYDEBUG rally_openstack.cleanup.manager [-] Deleting neutron.port object s_rally_4b12d795_lvzBvDVJ (b67d9e34-71c2-4a8f-a71e-db39644945ee)
2019-09-24 14:20:50.103 15 RALLYDEBUG rally_openstack.cleanup.manager [-] Deleting neutron.port object s_rally_4b12d795_PLmowiIF (b6b35bce-a8c7-443b-9948-88081a88db45)
2019-09-24 14:20:50.300 15 RALLYDEBUG rally_openstack.cleanup.manager [-] Deleting neutron.port object s_rally_4b12d795_vr04gqkM (b6dbe971-da16-4e79-a905-14ca33ff11f4)
2019-09-24 14:20:50.369 15 RALLYDEBUG rally_openstack.cleanup.manager [-] Deleting neutron.port object s_rally_4b12d795_gaFeK3G5 (b75253ad-5b68-45ef-9f55-b69957e0b656)
2019-09-24 14:20:50.519 15 RALLYDEBUG rally_openstack.cleanup.manager [-] Deleting neutron.port object s_rally_4b12d795_gL1nAAw5 (b85c57aa-1b38-4c0c-859e-690cae97efa3)
2019-09-24 14:20:50.698 15 RALLYDEBUG rally_openstack.cleanup.manager [-] Deleting neutron.port object s_rally_4b12d795_gEjPG1qG (b89243cd-1a2c-4577-8f1a-866a02af9c86)
2019-09-24 14:20:51.595 15 RALLYDEBUG rally_openstack.cleanup.manager [-] Deleting neutron.port object s_rally_4b12d795_fOeR9kho (b8957cf6-7c95-4973-8ce6-974c4e87060b)
2019-09-24 14:20:51.623 15 RALLYDEBUG rally_openstack.cleanup.manager [-] Deleting neutron.port object s_rally_4b12d795_IBhrEZrs (b8962b3d-ea2a-49ff-80a5-daffd0cf116c)
2019-09-24 14:20:52.317 15 RALLYDEBUG rally_openstack.cleanup.manager [-] Deleting neutron.port object s_rally_4b12d795_nNOVsadD (ba703f38-2a49-4dc2-a789-5b6db4aa08e7)
2019-09-24 14:20:52.321 15 RALLYDEBUG rally_openstack.cleanup.manager [-] Deleting neutron.port object s_rally_4b12d795_9pEtcmji (ba8f26cf-c920-4936-a60b-d1c768083340)
2019-09-24 14:20:52.429 15 RALLYDEBUG rally_openstack.cleanup.manager [-] Deleting neutron.port object s_rally_4b12d795_2LRboMvM (bbebe0a2-7a1e-48e9-a3a4-ab078f4b4e53)
2019-09-24 14:20:52.437 15 RALLYDEBUG rally_openstack.cleanup.manager [-] Deleting neutron.port object s_rally_4b12d795_Q4Ry1Xac (bc0d6455-d84e-4815-ab42-4e4ebf9f9bba)
2019-09-24 14:20:53.052 15 RALLYDEBUG rally_openstack.cleanup.manager [-] Deleting neutron.port object s_rally_4b12d795_Jdj7y30U (bc1ed68f-520b-4ae0-92f6-b97e333764e9)
2019-09-24 14:20:53.064 15 RALLYDEBUG rally_openstack.cleanup.manager [-] Deleting neutron.port object s_rally_4b12d795_OksRAeoP (bcbe4099-1846-498a-832e-2dd3b76d7c81)
2019-09-24 14:20:53.064 15 RALLYDEBUG rally_openstack.cleanup.manager [-] Deleting neutron.port object s_rally_4b12d795_Ddx6PxNT (bc5b2513-1f01-475e-a27a-88ed30e00d3d)
2019-09-24 14:20:53.091 15 RALLYDEBUG rally_openstack.cleanup.manager [-] Deleting neutron.port object s_rally_4b12d795_aDgiXCaO (bdb452ba-d1b8-4333-a015-0ab82b6ab33f)
2019-09-24 14:20:53.214 15 RALLYDEBUG rally_openstack.cleanup.manager [-] Deleting neutron.port object s_rally_4b12d795_J1qu3bjX (bed1b228-6b03-4958-a28b-d9ac1003ad8e)
2019-09-24 14:20:53.415 15 RALLYDEBUG rally_openstack.cleanup.manager [-] Deleting neutron.port object s_rally_4b12d795_Iygp7bG4 (bf09af31-3c53-413e-a940-f1c41892c990)
2019-09-24 14:20:53.436 15 RALLYDEBUG rally_openstack.cleanup.manager [-] Deleting neutron.port object s_rally_4b12d795_WmaS4EYX (bf8a1f93-3498-4e6a-ba8f-57acf503dd1b)
2019-09-24 14:20:53.452 15 RALLYDEBUG rally_openstack.cleanup.manager [-] Deleting neutron.port object s_rally_4b12d795_vScsgKcj (bfd8c7e0-6bee-44f2-b737-4492837391be)
2019-09-24 14:20:54.231 15 RALLYDEBUG rally_openstack.cleanup.manager [-] Deleting neutron.port object s_rally_4b12d795_75vkAqOw (c067518e-faa1-4bd1-8d8c-81a6bb6c350a)
2019-09-24 14:20:55.306 15 RALLYDEBUG rally_openstack.cleanup.manager [-] Deleting neutron.port object s_rally_4b12d795_RAqhro1p (c0d760e6-d7e3-4c89-b75c-8f069c029a5f)
2019-09-24 14:20:55.790 15 RALLYDEBUG rally_openstack.cleanup.manager [-] Deleting neutron.port object s_rally_4b12d795_CPjGwBnQ (c10a9870-b7d6-414a-8b56-99bdfaf16ed7)
2019-09-24 14:20:55.815 15 RALLYDEBUG rally_openstack.cleanup.manager [-] Deleting neutron.port object s_rally_4b12d795_7MnUjWFI (c123d542-d51b-4426-9665-0c1b7ccd053e)
2019-09-24 14:20:55.950 15 RALLYDEBUG rally_openstack.cleanup.manager [-] Deleting neutron.port object s_rally_4b12d795_8kQTl3jq (c1be8f38-f5ad-4da3-972d-9872a228e071)
2019-09-24 14:20:56.165 15 RALLYDEBUG rally_openstack.cleanup.manager [-] Deleting neutron.port object s_rally_4b12d795_Sc6B1LNk (c2095bd0-32b6-4a2c-a201-31a244ebdcd8)
2019-09-24 14:20:56.183 15 RALLYDEBUG rally_openstack.cleanup.manager [-] Deleting neutron.port object s_rally_4b12d795_5qSLlpGd (c220e835-4bbf-4715-bdc5-75e89f80b243)
2019-09-24 14:20:56.428 15 RALLYDEBUG rally_openstack.cleanup.manager [-] Deleting neutron.port object s_rally_4b12d795_56slPcgi (c30c1ac3-03d3-4a1d-a5c2-82e67088e444)
2019-09-24 14:20:56.460 15 RALLYDEBUG rally_openstack.cleanup.manager [-] Deleting neutron.port object s_rally_4b12d795_ATKRTj2n (c3fb0490-03b8-4623-ba33-220ca21f2fa1)
2019-09-24 14:20:57.176 15 RALLYDEBUG rally_openstack.cleanup.manager [-] Deleting neutron.port object s_rally_4b12d795_I2ltl4lE (c4392ba2-2bf4-4c9f-8cf0-081f790cfadb)
2019-09-24 14:20:58.213 15 RALLYDEBUG rally_openstack.cleanup.manager [-] Deleting neutron.port object s_rally_4b12d795_SOGvSImu (c589803f-280b-4d90-9354-f3cc7f7f3dd8)
2019-09-24 14:20:58.217 15 RALLYDEBUG rally_openstack.cleanup.manager [-] Deleting neutron.port object s_rally_4b12d795_AsOjnoQR (c591e706-027d-4c87-8b77-4b48093d43e1)
2019-09-24 14:20:58.261 15 RALLYDEBUG rally_openstack.cleanup.manager [-] Deleting neutron.port object s_rally_4b12d795_JA9YCZWZ (c8764ced-5de3-458c-a996-73cc0bba03d3)
2019-09-24 14:20:58.322 15 RALLYDEBUG rally_openstack.cleanup.manager [-] Deleting neutron.port object s_rally_4b12d795_vdDLFwwm (c8a384d7-fbc5-4a93-9ee1-b2805c7fefdc)
2019-09-24 14:20:58.347 15 RALLYDEBUG rally_openstack.cleanup.manager [-] Deleting neutron.port object s_rally_4b12d795_GrCZoofc (ca03775a-d5c5-4e97-8b6d-769ce0bdbd9e)
2019-09-24 14:20:58.348 15 RALLYDEBUG rally_openstack.cleanup.manager [-] Deleting neutron.port object s_rally_4b12d795_sPf5Iap5 (c91e3f8d-7fc5-4907-9ea0-a644b8f0a7f3)
2019-09-24 14:20:58.354 15 RALLYDEBUG rally_openstack.cleanup.manager [-] Deleting neutron.port object s_rally_4b12d795_aczbMtXU (c91e5781-85c8-4459-9c70-5d57a0af9256)
2019-09-24 14:20:58.771 15 RALLYDEBUG rally_openstack.cleanup.manager [-] Deleting neutron.port object s_rally_4b12d795_0BbtwJg8 (cc087e43-4bf9-410a-b294-476033f80a24)
2019-09-24 14:20:58.775 15 RALLYDEBUG rally_openstack.cleanup.manager [-] Deleting neutron.port object s_rally_4b12d795_6iYMutdr (ccbb8337-b979-4867-9dda-13b0be78963e)
2019-09-24 14:20:58.828 15 RALLYDEBUG rally_openstack.cleanup.manager [-] Deleting neutron.port object s_rally_4b12d795_ELPxJDNU (cd2759e5-c606-40c7-8576-47ad5a2b94b2)
2019-09-24 14:20:59.129 15 RALLYDEBUG rally_openstack.cleanup.manager [-] Deleting neutron.port object s_rally_4b12d795_DQahu6Qz (cd3190f2-7b48-4ee0-b838-b9bbe0d4074e)
2019-09-24 14:20:59.299 15 RALLYDEBUG rally_openstack.cleanup.manager [-] Deleting neutron.port object s_rally_4b12d795_SsCoHW9q (ce6c7a31-d99f-43b1-a751-292ec583f74c)
2019-09-24 14:20:59.329 15 RALLYDEBUG rally_openstack.cleanup.manager [-] Deleting neutron.port object s_rally_4b12d795_eFUwS6xn (cf568dd7-5160-4e1c-8e41-5f3bdc624f2e)
2019-09-24 14:20:59.412 15 RALLYDEBUG rally_openstack.cleanup.manager [-] Deleting neutron.port object s_rally_4b12d795_EiTIi9jA (d10169ed-c3e1-47ca-b1fd-259e7d02d4ad)
2019-09-24 14:21:00.904 15 RALLYDEBUG rally_openstack.cleanup.manager [-] Deleting neutron.port object s_rally_4b12d795_7UZCjfm2 (d345bfaa-5c68-4635-8942-1cc135b3bc96)
2019-09-24 14:21:01.454 15 RALLYDEBUG rally_openstack.cleanup.manager [-] Deleting neutron.port object s_rally_4b12d795_nrWsE2pz (d3abf9a1-743a-43c5-9944-db266f4ad0cb)
2019-09-24 14:21:01.483 15 RALLYDEBUG rally_openstack.cleanup.manager [-] Deleting neutron.port object s_rally_4b12d795_KYqnh0Kn (d44aa2f0-e0a0-42c6-838d-6582dacb4caf)
2019-09-24 14:21:01.748 15 RALLYDEBUG rally_openstack.cleanup.manager [-] Deleting neutron.port object s_rally_4b12d795_JUTtDwMh (d57bca1f-04f3-494a-8aa6-1fabaa7e54f4)
2019-09-24 14:21:02.148 15 RALLYDEBUG rally_openstack.cleanup.manager [-] Deleting neutron.port object s_rally_4b12d795_5pr15rNz (d5f23185-e36a-4bb7-b375-dcc0554993ff)
2019-09-24 14:21:02.156 15 RALLYDEBUG rally_openstack.cleanup.manager [-] Deleting neutron.port object s_rally_4b12d795_ZDgXKywX (d62cb2d1-a4f9-4bc8-8c42-f3d54b93d552)
2019-09-24 14:21:02.232 15 RALLYDEBUG rally_openstack.cleanup.manager [-] Deleting neutron.port object s_rally_4b12d795_0Qrzv0sX (d72fde94-6f4e-4861-aa8f-c6e0f5723baf)
2019-09-24 14:21:02.360 15 RALLYDEBUG rally_openstack.cleanup.manager [-] Deleting neutron.port object s_rally_4b12d795_6MCCvHGu (d7e068c9-8417-4d92-b350-6d3b4f485f66)
2019-09-24 14:21:02.374 15 RALLYDEBUG rally_openstack.cleanup.manager [-] Deleting neutron.port object s_rally_4b12d795_vFTDY4Uz (d8d4d4ac-9bc3-41c4-9fd6-dede011241b5)
2019-09-24 14:21:02.889 15 RALLYDEBUG rally_openstack.cleanup.manager [-] Deleting neutron.port object s_rally_4b12d795_tGzSx0Q5 (d9152332-dd1e-49b7-823e-d37562f03993)
2019-09-24 14:21:03.107 15 RALLYDEBUG rally_openstack.cleanup.manager [-] Deleting neutron.port object s_rally_4b12d795_wl8CmPJn (d9800418-d7b0-4b84-a950-683ac203cb90)
2019-09-24 14:21:03.180 15 RALLYDEBUG rally_openstack.cleanup.manager [-] Deleting neutron.port object s_rally_4b12d795_mEnkMn9t (da5cb3d7-a9a4-4a4a-9e08-fecebc880b47)
2019-09-24 14:21:03.315 15 RALLYDEBUG rally_openstack.cleanup.manager [-] Deleting neutron.port object s_rally_4b12d795_9628c7WJ (db4ebe15-e530-44ea-b664-eff618809785)
2019-09-24 14:21:04.162 15 RALLYDEBUG rally_openstack.cleanup.manager [-] Deleting neutron.port object s_rally_4b12d795_dZkcuosw (dc6ff977-221b-4b47-bddb-8d8e56968097)
2019-09-24 14:21:04.458 15 RALLYDEBUG rally_openstack.cleanup.manager [-] Deleting neutron.port object s_rally_4b12d795_UArJyx1f (dd0e9733-150e-4317-b37e-7dc1fe464454)
2019-09-24 14:21:04.464 15 RALLYDEBUG rally_openstack.cleanup.manager [-] Deleting neutron.port object s_rally_4b12d795_bNGUlKNi (dd465373-4b6c-4830-ab13-c0dd8712f103)
2019-09-24 14:21:04.587 15 RALLYDEBUG rally_openstack.cleanup.manager [-] Deleting neutron.port object s_rally_4b12d795_Md0SxHCs (ddce75aa-a67c-434b-b44c-f85cef5d440e)
2019-09-24 14:21:04.651 15 RALLYDEBUG rally_openstack.cleanup.manager [-] Deleting neutron.port object s_rally_4b12d795_FmUmleqq (de2d6974-2667-427a-8e0c-70cf52806919)
2019-09-24 14:21:04.922 15 RALLYDEBUG rally_openstack.cleanup.manager [-] Deleting neutron.port object s_rally_4b12d795_gUmnFBf9 (de8ba0d4-1916-4c77-9a05-3ba41ee77ec2)
2019-09-24 14:21:04.955 15 RALLYDEBUG rally_openstack.cleanup.manager [-] Deleting neutron.port object s_rally_4b12d795_qwwaQCyO (deb321cd-661a-4d61-87aa-c32a19775517)
2019-09-24 14:21:04.961 15 RALLYDEBUG rally_openstack.cleanup.manager [-] Deleting neutron.port object s_rally_4b12d795_01Ef2Jav (debfdf49-2ecb-46f9-89dc-fbb42756d3a1)
2019-09-24 14:21:05.174 15 RALLYDEBUG rally_openstack.cleanup.manager [-] Deleting neutron.port object s_rally_4b12d795_YxaFTViG (dfea2b4e-f8d7-45de-a530-392ef7e52560)
2019-09-24 14:21:05.622 15 RALLYDEBUG rally_openstack.cleanup.manager [-] Deleting neutron.port object s_rally_4b12d795_WSdkVRYQ (dffb2fc2-35e8-41c7-b5d0-b04373576d04)
2019-09-24 14:21:06.403 15 RALLYDEBUG rally_openstack.cleanup.manager [-] Deleting neutron.port object s_rally_4b12d795_JEq6zMRe (e05aaf7c-9a60-45f9-ac5a-6e4b140d0569)
2019-09-24 14:21:06.411 15 RALLYDEBUG rally_openstack.cleanup.manager [-] Deleting neutron.port object s_rally_4b12d795_lQxD33fj (e0729f45-58ac-4166-b907-1f8e8642e34c)
2019-09-24 14:21:06.837 15 RALLYDEBUG rally_openstack.cleanup.manager [-] Deleting neutron.port object s_rally_4b12d795_cylx2qSP (e136a686-7498-4cef-ac39-8cc45b760692)
2019-09-24 14:21:06.975 15 RALLYDEBUG rally_openstack.cleanup.manager [-] Deleting neutron.port object s_rally_4b12d795_GPsrZcDF (e20bc2d8-310f-4abb-a616-3fe9a94fab37)
2019-09-24 14:21:07.010 15 RALLYDEBUG rally_openstack.cleanup.manager [-] Deleting neutron.port object s_rally_4b12d795_k6VvnJAG (e2358220-8790-40b9-99c8-833ad2b0cec4)
2019-09-24 14:21:07.126 15 RALLYDEBUG rally_openstack.cleanup.manager [-] Deleting neutron.port object s_rally_4b12d795_x0T0JKrB (e44ed89b-73af-4dae-a6d8-8895c5bdcba7)
2019-09-24 14:21:07.502 15 RALLYDEBUG rally_openstack.cleanup.manager [-] Deleting neutron.port object s_rally_4b12d795_B8A6TPkD (e789a2a4-40f0-4a3b-8a5c-a6a2b0b7b7e8)
2019-09-24 14:21:07.544 15 RALLYDEBUG rally_openstack.cleanup.manager [-] Deleting neutron.port object s_rally_4b12d795_EnL0liPq (e8c8d67e-ed04-4e5b-b5ec-5e19e8f0d9dd)
2019-09-24 14:21:07.600 15 RALLYDEBUG rally_openstack.cleanup.manager [-] Deleting neutron.port object s_rally_4b12d795_bp1ZP4P2 (e8f627cf-cf0b-4b2e-a399-8e653a6a5da0)
2019-09-24 14:21:07.603 15 RALLYDEBUG rally_openstack.cleanup.manager [-] Deleting neutron.port object s_rally_4b12d795_h3NKgURd (e8d8edae-e5e1-4ee5-998c-630b310dfef8)
2019-09-24 14:21:09.189 15 RALLYDEBUG rally_openstack.cleanup.manager [-] Deleting neutron.port object s_rally_4b12d795_nVZRF7ds (e93f3a53-8ddc-41ad-96f9-f0fd4661918f)
2019-09-24 14:21:09.284 15 RALLYDEBUG rally_openstack.cleanup.manager [-] Deleting neutron.port object s_rally_4b12d795_2UZwIIeC (e9fa20eb-452c-41c6-9231-d585da9b4410)
2019-09-24 14:21:09.594 15 RALLYDEBUG rally_openstack.cleanup.manager [-] Deleting neutron.port object s_rally_4b12d795_difjiIT9 (ea504948-66a0-4e55-b64b-c6e888fc1423)
2019-09-24 14:21:09.629 15 RALLYDEBUG rally_openstack.cleanup.manager [-] Deleting neutron.port object s_rally_4b12d795_p6g56lP9 (ea569f26-e143-437d-be54-82774e991ceb)
2019-09-24 14:21:09.698 15 RALLYDEBUG rally_openstack.cleanup.manager [-] Deleting neutron.port object s_rally_4b12d795_POOfFI3R (ec399ae1-b95f-4e38-951d-01e8f02bbc67)
2019-09-24 14:21:09.936 15 RALLYDEBUG rally_openstack.cleanup.manager [-] Deleting neutron.port object s_rally_4b12d795_ENZUpPyX (ed413063-4d9b-4e6d-afd9-19251b26c94d)
2019-09-24 14:21:10.152 15 RALLYDEBUG rally_openstack.cleanup.manager [-] Deleting neutron.port object s_rally_4b12d795_un6jzcyG (eddf4293-a481-4613-894f-5ab234a2a612)
2019-09-24 14:21:10.183 15 RALLYDEBUG rally_openstack.cleanup.manager [-] Deleting neutron.port object s_rally_4b12d795_7zkB4gIR (ee3058de-c7b1-4a90-9afd-5fa8e5087aec)
2019-09-24 14:21:10.248 15 RALLYDEBUG rally_openstack.cleanup.manager [-] Deleting neutron.port object s_rally_4b12d795_ta4eMjNu (eed5ab23-b8d6-4523-ade2-f6120f6d4568)
2019-09-24 14:21:10.302 15 RALLYDEBUG rally_openstack.cleanup.manager [-] Deleting neutron.port object s_rally_4b12d795_wJhqBqGM (ef10305d-b2e2-4d76-a2fa-693089e408ca)
2019-09-24 14:21:11.574 15 RALLYDEBUG rally_openstack.cleanup.manager [-] Deleting neutron.port object s_rally_4b12d795_GG1fOkPi (ef53a6be-2179-4e89-81dc-0bafc6a07ccc)
2019-09-24 14:21:11.590 15 RALLYDEBUG rally_openstack.cleanup.manager [-] Deleting neutron.port object s_rally_4b12d795_xZynSuMO (ef83d673-98bd-462b-b0f1-8e79c6503e1a)
2019-09-24 14:21:11.629 15 RALLYDEBUG rally_openstack.cleanup.manager [-] Deleting neutron.port object s_rally_4b12d795_keffq98m (ef90948d-6c17-4de6-91b5-81463a32352f)
2019-09-24 14:21:11.864 15 RALLYDEBUG rally_openstack.cleanup.manager [-] Deleting neutron.port object s_rally_4b12d795_PZYNM4Oc (efe2b7ef-2e02-4287-bede-54afb1b41cf1)
2019-09-24 14:21:11.948 15 RALLYDEBUG rally_openstack.cleanup.manager [-] Deleting neutron.port object s_rally_4b12d795_mp9aGvuj (f040b761-5539-47be-8db0-e3b399e46d8d)
2019-09-24 14:21:11.993 15 RALLYDEBUG rally_openstack.cleanup.manager [-] Deleting neutron.port object s_rally_4b12d795_kfuNqp11 (f0503ae6-7557-4d2b-b10a-2a576a3f1f0a)
2019-09-24 14:21:12.028 15 RALLYDEBUG rally_openstack.cleanup.manager [-] Deleting neutron.port object s_rally_4b12d795_AkCWdWTp (f092cf24-1609-4d45-9ba2-d447e64c7372)
2019-09-24 14:21:12.205 15 RALLYDEBUG rally_openstack.cleanup.manager [-] Deleting neutron.port object s_rally_4b12d795_hB9KgEIc (f0fa9cda-1527-4644-aa71-5b815d520912)
2019-09-24 14:21:12.505 15 RALLYDEBUG rally_openstack.cleanup.manager [-] Deleting neutron.port object s_rally_4b12d795_OLIxK7mt (f3d15ed5-f4e9-4be9-ba50-801dce51ca0f)
2019-09-24 14:21:12.515 15 RALLYDEBUG rally_openstack.cleanup.manager [-] Deleting neutron.port object s_rally_4b12d795_d2150oTj (f4192c03-fa67-4c01-b5ba-daf3f2b72b42)
2019-09-24 14:21:13.273 15 RALLYDEBUG rally_openstack.cleanup.manager [-] Deleting neutron.port object s_rally_4b12d795_8s9zDzqS (f42e3490-6a79-4ca0-8b28-0deef1cfe77d)
2019-09-24 14:21:13.849 15 RALLYDEBUG rally_openstack.cleanup.manager [-] Deleting neutron.port object s_rally_4b12d795_xUEtsGCS (f50e8433-9cb5-4800-bc0e-e10ed44e4de5)
2019-09-24 14:21:13.937 15 RALLYDEBUG rally_openstack.cleanup.manager [-] Deleting neutron.port object s_rally_4b12d795_OkDi7aQN (f5aee1a3-a972-40df-b763-62b94f55030a)
2019-09-24 14:21:13.969 15 RALLYDEBUG rally_openstack.cleanup.manager [-] Deleting neutron.port object s_rally_4b12d795_0IkflDkJ (f63e5051-3261-43e2-b9cf-7392f4a6107f)
2019-09-24 14:21:14.676 15 RALLYDEBUG rally_openstack.cleanup.manager [-] Deleting neutron.port object s_rally_4b12d795_a6YdF9EJ (f6609d98-9965-4937-98f2-44fdf63aff10)
2019-09-24 14:21:14.683 15 RALLYDEBUG rally_openstack.cleanup.manager [-] Deleting neutron.port object s_rally_4b12d795_FULbPtxM (f699d415-ecae-46be-ad20-867ba5d8a218)
2019-09-24 14:21:14.742 15 RALLYDEBUG rally_openstack.cleanup.manager [-] Deleting neutron.port object s_rally_4b12d795_2zfqJgAw (f6e4252e-0a29-4efc-b59d-dc75ace1550b)
2019-09-24 14:21:14.752 15 RALLYDEBUG rally_openstack.cleanup.manager [-] Deleting neutron.port object s_rally_4b12d795_KAB1t71l (f72b48db-a475-4eb4-a104-2aa5967a274d)
2019-09-24 14:21:14.867 15 RALLYDEBUG rally_openstack.cleanup.manager [-] Deleting neutron.port object s_rally_4b12d795_8QIkvGJt (f76a86ae-4be5-4b6c-9855-d57f36cdb2f6)
2019-09-24 14:21:14.946 15 RALLYDEBUG rally_openstack.cleanup.manager [-] Deleting neutron.port object s_rally_4b12d795_fCZgPTh5 (f80dec22-166f-4d7c-8dac-4e05ad770a99)
2019-09-24 14:21:15.818 15 RALLYDEBUG rally_openstack.cleanup.manager [-] Deleting neutron.port object s_rally_4b12d795_edNVqzKt (f8157ace-a9f0-4eee-96ba-25c155bff6ed)
2019-09-24 14:21:15.859 15 RALLYDEBUG rally_openstack.cleanup.manager [-] Deleting neutron.port object s_rally_4b12d795_06mMw6d5 (f84d6750-a272-42b0-991b-8290b1c7f4c7)
2019-09-24 14:21:15.945 15 RALLYDEBUG rally_openstack.cleanup.manager [-] Deleting neutron.port object s_rally_4b12d795_fH3I24Zg (f8bf35af-773b-4cc2-9654-bbfef3e2dfc0)
2019-09-24 14:21:15.987 15 RALLYDEBUG rally_openstack.cleanup.manager [-] Deleting neutron.port object s_rally_4b12d795_HbLqt4Il (f9f5345a-9d4e-42ca-92e3-1595daf9774e)
2019-09-24 14:21:17.157 15 RALLYDEBUG rally_openstack.cleanup.manager [-] Deleting neutron.port object s_rally_4b12d795_j39LiQof (fa2d9e10-905e-4c25-b384-653fe4b980f0)
2019-09-24 14:21:17.688 15 RALLYDEBUG rally_openstack.cleanup.manager [-] Deleting neutron.port object s_rally_4b12d795_dfe8z92u (fb8d9ff8-1868-4f78-b7af-2a9026c92597)
2019-09-24 14:21:18.177 15 RALLYDEBUG rally_openstack.cleanup.manager [-] Deleting neutron.port object s_rally_4b12d795_hUsDA1sc (fc509a2d-2f7c-4227-86fb-1ca5397e5abb)
2019-09-24 14:21:18.204 15 RALLYDEBUG rally_openstack.cleanup.manager [-] Deleting neutron.port object s_rally_4b12d795_omVW9Cvh (fc574a7a-2a54-46c6-9aa4-ad7058b2ac7f)
2019-09-24 14:21:18.254 15 RALLYDEBUG rally_openstack.cleanup.manager [-] Deleting neutron.port object s_rally_4b12d795_Tm4N1nlZ (fc858b87-a2bd-42b4-ab0d-43444d51dd1d)
2019-09-24 14:21:18.261 15 RALLYDEBUG rally_openstack.cleanup.manager [-] Deleting neutron.port object s_rally_4b12d795_G4pxX15H (fd064e20-9d87-4987-b7cb-04e1e38d6f35)
2019-09-24 14:21:22.981 15 RALLYDEBUG rally_openstack.cleanup.manager [-] Cleaning up neutron subnet objects
2019-09-24 14:21:23.227 15 RALLYDEBUG rally_openstack.cleanup.manager [-] Cleaning up neutron network objects
2019-09-24 14:21:23.576 15 RALLYDEBUG rally_openstack.cleanup.manager [-] Deleting neutron.network object s_rally_4b12d795_mzs4NYuD (03778467-a1d0-454d-b30d-ce628d2c3cdf)
2019-09-24 14:21:23.580 15 RALLYDEBUG rally_openstack.cleanup.manager [-] Deleting neutron.network object s_rally_4b12d795_l9Euluox (0b4819ea-1507-45e4-949c-90ddc874853a)
2019-09-24 14:21:23.592 15 RALLYDEBUG rally_openstack.cleanup.manager [-] Deleting neutron.network object s_rally_4b12d795_Ux0U6GKn (b913dc38-10b6-41c5-88c4-826f96bd263e)
2019-09-24 14:21:23.603 15 RALLYDEBUG rally_openstack.cleanup.manager [-] Deleting neutron.network object s_rally_4b12d795_vJ1LzKVK (4ff72ace-a1bd-4eb7-8cb2-5fdb50e8bfde)
2019-09-24 14:21:23.607 15 RALLYDEBUG rally_openstack.cleanup.manager [-] Deleting neutron.network object s_rally_4b12d795_KsYYVaMe (c140e485-ba42-4618-8288-e7ea1989d99f)
2019-09-24 14:21:23.622 15 RALLYDEBUG rally_openstack.cleanup.manager [-] Deleting neutron.network object s_rally_4b12d795_aiPffwOJ (ffda28b0-8ce5-48f5-9171-00145befae37)
2019-09-24 14:21:23.629 15 RALLYDEBUG rally_openstack.cleanup.manager [-] Deleting neutron.network object s_rally_4b12d795_4w5R4CBy (c953022d-6e50-4183-9864-36dddc75a6df)
2019-09-24 14:21:23.648 15 RALLYDEBUG rally_openstack.cleanup.manager [-] Deleting neutron.network object s_rally_4b12d795_NfSLiVwR (f5a23068-ab1d-465e-bd6d-e0920a8d0137)
2019-09-24 14:21:27.467 15 RALLYDEBUG rally_openstack.cleanup.manager [-] Cleaning up neutron router objects
2019-09-24 14:21:27.765 15 RALLYDEBUG rally_openstack.cleanup.manager [-] Cleaning up neutron security_group objects
2019-09-24 14:21:28.103 15 INFO rally.task.context [-] Task ba28f948-c7a2-431a-a20f-c2cf9cacb62d | Context cleanup@openstack cleanup() finished in 1.84 min
2019-09-24 14:21:28.104 15 INFO rally.task.context [-] Task ba28f948-c7a2-431a-a20f-c2cf9cacb62d | Context quotas@openstack cleanup() started
2019-09-24 14:21:28.198 15 INFO rally.task.context [-] Task ba28f948-c7a2-431a-a20f-c2cf9cacb62d | Context quotas@openstack cleanup() finished in 94.00 msec
2019-09-24 14:21:28.198 15 INFO rally.task.context [-] Task ba28f948-c7a2-431a-a20f-c2cf9cacb62d | Context users@openstack cleanup() started
2019-09-24 14:21:29.722 15 INFO rally.task.context [-] Task ba28f948-c7a2-431a-a20f-c2cf9cacb62d | Context users@openstack cleanup() finished in 1.52 sec
2019-09-24 14:21:31.169 15 INFO rally.task.engine [-] Load duration is: 198.201008
2019-09-24 14:21:31.169 15 INFO rally.task.engine [-] Full runner duration is: 198.246571
2019-09-24 14:21:31.170 15 INFO rally.task.engine [-] Full duration is: 311.74612
2019-09-24 14:21:31.253 15 INFO rally.task.engine [-] Running workload: position = 1 config = { "version": 2, "title": "A cropped version of a bigger task.", "description": "Auto-generated task from a single workload (uuid=31f91e84-aa71-49b6-a678-9cb341383ad7)", "subtasks": [ { "title": "NeutronNetworks.create_and_update_ports", "description": "Create and update a given number of ports.", "scenario": { "NeutronNetworks.create_and_update_ports": { "network_create_args": {}, "port_create_args": {}, "ports_per_network": 5, "port_update_args": { "admin_state_up": false, "device_id": "dummy_id", "device_owner": "dummy_owner", "name": "_port_updated" } } }, "contexts": { "users": { "tenants": 1, "users_per_tenant": 1 }, "quotas": { "neutron": { "network": -1, "port": -1 } } }, "runner": { "constant": { "times": 40, "concurrency": 20 } }, "hooks": [], "sla": { "failure_rate": { "max": 0 } } } ] }
2019-09-24 14:21:31.274 15 RALLYDEBUG rally_openstack.contexts.keystone.users [-] Creating 1 tenants using 20 threads
2019-09-24 14:21:31.668 15 RALLYDEBUG rally_openstack.contexts.keystone.users [-] Creating 1 users using 20 threads
2019-09-24 14:21:32.135 15 INFO rally.task.context [-] Task ba28f948-c7a2-431a-a20f-c2cf9cacb62d | Context users@openstack setup() finished in 0.86 sec
2019-09-24 14:21:32.499 15 INFO rally.task.context [-] Task ba28f948-c7a2-431a-a20f-c2cf9cacb62d | Context quotas@openstack setup() finished in 0.36 sec
2019-09-24 14:21:32.500 15 INFO rally.task.context [-] Task ba28f948-c7a2-431a-a20f-c2cf9cacb62d | Context cleanup@openstack setup() finished in 0.11 msec
2019-09-24 14:21:32.509 15 RALLYDEBUG rally.task.runner [-] Starting the constant runner (task UUID: ba28f948-c7a2-431a-a20f-c2cf9cacb62d). timeout: 0 concurrency: 20 concurrency_per_worker: 1 times: 40 concurrency_overhead: 0 processes_to_start: 20 max_cpu_used: 88
2019-09-24 14:21:32.527 4000 RALLYDEBUG rally.task.runner [-] Starting a worker. concurrency: 1 args: {"network_create_args": {}, "port_create_args": {}, "ports_per_network": 5, "port_update_args": {"admin_state_up": false, "device_id": "dummy_id", "device_owner": "dummy_owner", "name": "_port_updated"}} times: 40 method_name: run timeout: 0 duration: None cls:
2019-09-24 14:21:32.529 4001 RALLYDEBUG rally.task.runner [-] Starting a worker. concurrency: 1 args: {"network_create_args": {}, "port_create_args": {}, "ports_per_network": 5, "port_update_args": {"admin_state_up": false, "device_id": "dummy_id", "device_owner": "dummy_owner", "name": "_port_updated"}} times: 40 method_name: run timeout: 0 duration: None cls:
2019-09-24 14:21:32.532 4002 RALLYDEBUG rally.task.runner [-] Starting a worker. concurrency: 1 args: {"network_create_args": {}, "port_create_args": {}, "ports_per_network": 5, "port_update_args": {"admin_state_up": false, "device_id": "dummy_id", "device_owner": "dummy_owner", "name": "_port_updated"}} times: 40 method_name: run timeout: 0 duration: None cls:
2019-09-24 14:21:32.534 4000 INFO rally.task.runner [-] Task ba28f948-c7a2-431a-a20f-c2cf9cacb62d | ITER: 1 START
2019-09-24 14:21:32.534 4003 RALLYDEBUG rally.task.runner [-] Starting a worker. concurrency: 1 args: {"network_create_args": {}, "port_create_args": {}, "ports_per_network": 5, "port_update_args": {"admin_state_up": false, "device_id": "dummy_id", "device_owner": "dummy_owner", "name": "_port_updated"}} times: 40 method_name: run timeout: 0 duration: None cls:
2019-09-24 14:21:32.536 4001 INFO rally.task.runner [-] Task ba28f948-c7a2-431a-a20f-c2cf9cacb62d | ITER: 2 START
2019-09-24 14:21:32.537 4000 WARNING rally_openstack.scenarios.neutron.utils [-] Running this scenario without either the 'network' or 'existing_network' context is deprecated
2019-09-24 14:21:32.538 4001 WARNING rally_openstack.scenarios.neutron.utils [-] Running this scenario without either the 'network' or 'existing_network' context is deprecated
2019-09-24 14:21:32.537 4004 RALLYDEBUG rally.task.runner [-] Starting a worker. concurrency: 1 args: {"network_create_args": {}, "port_create_args": {}, "ports_per_network": 5, "port_update_args": {"admin_state_up": false, "device_id": "dummy_id", "device_owner": "dummy_owner", "name": "_port_updated"}} times: 40 method_name: run timeout: 0 duration: None cls:
2019-09-24 14:21:32.539 4002 INFO rally.task.runner [-] Task ba28f948-c7a2-431a-a20f-c2cf9cacb62d | ITER: 3 START
2019-09-24 14:21:32.540 4002 WARNING rally_openstack.scenarios.neutron.utils [-] Running this scenario without either the 'network' or 'existing_network' context is deprecated
2019-09-24 14:21:32.540 4007 RALLYDEBUG rally.task.runner [-] Starting a worker. concurrency: 1 args: {"network_create_args": {}, "port_create_args": {}, "ports_per_network": 5, "port_update_args": {"admin_state_up": false, "device_id": "dummy_id", "device_owner": "dummy_owner", "name": "_port_updated"}} times: 40 method_name: run timeout: 0 duration: None cls:
2019-09-24 14:21:32.541 4003 INFO rally.task.runner [-] Task ba28f948-c7a2-431a-a20f-c2cf9cacb62d | ITER: 4 START
2019-09-24 14:21:32.543 4010 RALLYDEBUG rally.task.runner [-] Starting a worker. concurrency: 1 args: {"network_create_args": {}, "port_create_args": {}, "ports_per_network": 5, "port_update_args": {"admin_state_up": false, "device_id": "dummy_id", "device_owner": "dummy_owner", "name": "_port_updated"}} times: 40 method_name: run timeout: 0 duration: None cls:
2019-09-24 14:21:32.544 4004 INFO rally.task.runner [-] Task ba28f948-c7a2-431a-a20f-c2cf9cacb62d | ITER: 5 START
2019-09-24 14:21:32.544 4003 WARNING rally_openstack.scenarios.neutron.utils [-] Running this scenario without either the 'network' or 'existing_network' context is deprecated
2019-09-24 14:21:32.545 4004 WARNING rally_openstack.scenarios.neutron.utils [-] Running this scenario without either the 'network' or 'existing_network' context is deprecated
2019-09-24 14:21:32.545 4013 RALLYDEBUG rally.task.runner [-] Starting a worker. concurrency: 1 args: {"network_create_args": {}, "port_create_args": {}, "ports_per_network": 5, "port_update_args": {"admin_state_up": false, "device_id": "dummy_id", "device_owner": "dummy_owner", "name": "_port_updated"}} times: 40 method_name: run timeout: 0 duration: None cls:
2019-09-24 14:21:32.546 4007 INFO rally.task.runner [-] Task ba28f948-c7a2-431a-a20f-c2cf9cacb62d | ITER: 6 START
2019-09-24 14:21:32.548 4007 WARNING rally_openstack.scenarios.neutron.utils [-] Running this scenario without either the 'network' or 'existing_network' context is deprecated
2019-09-24 14:21:32.548 4016 RALLYDEBUG rally.task.runner [-] Starting a worker. concurrency: 1 args: {"network_create_args": {}, "port_create_args": {}, "ports_per_network": 5, "port_update_args": {"admin_state_up": false, "device_id": "dummy_id", "device_owner": "dummy_owner", "name": "_port_updated"}} times: 40 method_name: run timeout: 0 duration: None cls:
2019-09-24 14:21:32.549 4010 INFO rally.task.runner [-] Task ba28f948-c7a2-431a-a20f-c2cf9cacb62d | ITER: 7 START
2019-09-24 14:21:32.551 4010 WARNING rally_openstack.scenarios.neutron.utils [-] Running this scenario without either the 'network' or 'existing_network' context is deprecated
2019-09-24 14:21:32.551 4019 RALLYDEBUG rally.task.runner [-] Starting a worker. concurrency: 1 args: {"network_create_args": {}, "port_create_args": {}, "ports_per_network": 5, "port_update_args": {"admin_state_up": false, "device_id": "dummy_id", "device_owner": "dummy_owner", "name": "_port_updated"}} times: 40 method_name: run timeout: 0 duration: None cls:
2019-09-24 14:21:32.552 4013 INFO rally.task.runner [-] Task ba28f948-c7a2-431a-a20f-c2cf9cacb62d | ITER: 8 START
2019-09-24 14:21:32.554 4013 WARNING rally_openstack.scenarios.neutron.utils [-] Running this scenario without either the 'network' or 'existing_network' context is deprecated
2019-09-24 14:21:32.554 4022 RALLYDEBUG rally.task.runner [-] Starting a worker. concurrency: 1 args: {"network_create_args": {}, "port_create_args": {}, "ports_per_network": 5, "port_update_args": {"admin_state_up": false, "device_id": "dummy_id", "device_owner": "dummy_owner", "name": "_port_updated"}} times: 40 method_name: run timeout: 0 duration: None cls:
2019-09-24 14:21:32.555 4016 INFO rally.task.runner [-] Task ba28f948-c7a2-431a-a20f-c2cf9cacb62d | ITER: 9 START
2019-09-24 14:21:32.557 4016 WARNING rally_openstack.scenarios.neutron.utils [-] Running this scenario without either the 'network' or 'existing_network' context is deprecated
2019-09-24 14:21:32.557 4025 RALLYDEBUG rally.task.runner [-] Starting a worker. concurrency: 1 args: {"network_create_args": {}, "port_create_args": {}, "ports_per_network": 5, "port_update_args": {"admin_state_up": false, "device_id": "dummy_id", "device_owner": "dummy_owner", "name": "_port_updated"}} times: 40 method_name: run timeout: 0 duration: None cls:
2019-09-24 14:21:32.558 4019 INFO rally.task.runner [-] Task ba28f948-c7a2-431a-a20f-c2cf9cacb62d | ITER: 10 START
2019-09-24 14:21:32.559 4019 WARNING rally_openstack.scenarios.neutron.utils [-] Running this scenario without either the 'network' or 'existing_network' context is deprecated
2019-09-24 14:21:32.560 4022 INFO rally.task.runner [-] Task ba28f948-c7a2-431a-a20f-c2cf9cacb62d | ITER: 11 START
2019-09-24 14:21:32.560 4028 RALLYDEBUG rally.task.runner [-] Starting a worker. concurrency: 1 args: {"network_create_args": {}, "port_create_args": {}, "ports_per_network": 5, "port_update_args": {"admin_state_up": false, "device_id": "dummy_id", "device_owner": "dummy_owner", "name": "_port_updated"}} times: 40 method_name: run timeout: 0 duration: None cls:
2019-09-24 14:21:32.561 4022 WARNING rally_openstack.scenarios.neutron.utils [-] Running this scenario without either the 'network' or 'existing_network' context is deprecated
2019-09-24 14:21:32.562 4031 RALLYDEBUG rally.task.runner [-] Starting a worker. concurrency: 1 args: {"network_create_args": {}, "port_create_args": {}, "ports_per_network": 5, "port_update_args": {"admin_state_up": false, "device_id": "dummy_id", "device_owner": "dummy_owner", "name": "_port_updated"}} times: 40 method_name: run timeout: 0 duration: None cls:
2019-09-24 14:21:32.563 4025 INFO rally.task.runner [-] Task ba28f948-c7a2-431a-a20f-c2cf9cacb62d | ITER: 12 START
2019-09-24 14:21:32.564 4025 WARNING rally_openstack.scenarios.neutron.utils [-] Running this scenario without either the 'network' or 'existing_network' context is deprecated
2019-09-24 14:21:32.565 4034 RALLYDEBUG rally.task.runner [-] Starting a worker. concurrency: 1 args: {"network_create_args": {}, "port_create_args": {}, "ports_per_network": 5, "port_update_args": {"admin_state_up": false, "device_id": "dummy_id", "device_owner": "dummy_owner", "name": "_port_updated"}} times: 40 method_name: run timeout: 0 duration: None cls:
2019-09-24 14:21:32.566 4028 INFO rally.task.runner [-] Task ba28f948-c7a2-431a-a20f-c2cf9cacb62d | ITER: 13 START
2019-09-24 14:21:32.567 4028 WARNING rally_openstack.scenarios.neutron.utils [-] Running this scenario without either the 'network' or 'existing_network' context is deprecated
2019-09-24 14:21:32.568 4031 INFO rally.task.runner [-] Task ba28f948-c7a2-431a-a20f-c2cf9cacb62d | ITER: 14 START
2019-09-24 14:21:32.568 4037 RALLYDEBUG rally.task.runner [-] Starting a worker. concurrency: 1 args: {"network_create_args": {}, "port_create_args": {}, "ports_per_network": 5, "port_update_args": {"admin_state_up": false, "device_id": "dummy_id", "device_owner": "dummy_owner", "name": "_port_updated"}} times: 40 method_name: run timeout: 0 duration: None cls:
2019-09-24 14:21:32.569 4031 WARNING rally_openstack.scenarios.neutron.utils [-] Running this scenario without either the 'network' or 'existing_network' context is deprecated
2019-09-24 14:21:32.571 4034 INFO rally.task.runner [-] Task ba28f948-c7a2-431a-a20f-c2cf9cacb62d | ITER: 15 START
2019-09-24 14:21:32.571 4040 RALLYDEBUG rally.task.runner [-] Starting a worker. concurrency: 1 args: {"network_create_args": {}, "port_create_args": {}, "ports_per_network": 5, "port_update_args": {"admin_state_up": false, "device_id": "dummy_id", "device_owner": "dummy_owner", "name": "_port_updated"}} times: 40 method_name: run timeout: 0 duration: None cls:
2019-09-24 14:21:32.573 4034 WARNING rally_openstack.scenarios.neutron.utils [-] Running this scenario without either the 'network' or 'existing_network' context is deprecated
2019-09-24 14:21:32.573 4043 RALLYDEBUG rally.task.runner [-] Starting a worker. concurrency: 1 args: {"network_create_args": {}, "port_create_args": {}, "ports_per_network": 5, "port_update_args": {"admin_state_up": false, "device_id": "dummy_id", "device_owner": "dummy_owner", "name": "_port_updated"}} times: 40 method_name: run timeout: 0 duration: None cls:
2019-09-24 14:21:32.574 4037 INFO rally.task.runner [-] Task ba28f948-c7a2-431a-a20f-c2cf9cacb62d | ITER: 16 START
2019-09-24 14:21:32.575 4037 WARNING rally_openstack.scenarios.neutron.utils [-] Running this scenario without either the 'network' or 'existing_network' context is deprecated
2019-09-24 14:21:32.577 4040 INFO rally.task.runner [-] Task ba28f948-c7a2-431a-a20f-c2cf9cacb62d | ITER: 17 START
2019-09-24 14:21:32.578 4040 WARNING rally_openstack.scenarios.neutron.utils [-] Running this scenario without either the 'network' or 'existing_network' context is deprecated
2019-09-24 14:21:32.577 4046 RALLYDEBUG rally.task.runner [-] Starting a worker. concurrency: 1 args: {"network_create_args": {}, "port_create_args": {}, "ports_per_network": 5, "port_update_args": {"admin_state_up": false, "device_id": "dummy_id", "device_owner": "dummy_owner", "name": "_port_updated"}} times: 40 method_name: run timeout: 0 duration: None cls:
2019-09-24 14:21:32.579 4043 INFO rally.task.runner [-] Task ba28f948-c7a2-431a-a20f-c2cf9cacb62d | ITER: 18 START
2019-09-24 14:21:32.580 4043 WARNING rally_openstack.scenarios.neutron.utils [-] Running this scenario without either the 'network' or 'existing_network' context is deprecated
2019-09-24 14:21:32.579 4049 RALLYDEBUG rally.task.runner [-] Starting a worker. concurrency: 1 args: {"network_create_args": {}, "port_create_args": {}, "ports_per_network": 5, "port_update_args": {"admin_state_up": false, "device_id": "dummy_id", "device_owner": "dummy_owner", "name": "_port_updated"}} times: 40 method_name: run timeout: 0 duration: None cls:
2019-09-24 14:21:32.584 4046 INFO rally.task.runner [-] Task ba28f948-c7a2-431a-a20f-c2cf9cacb62d | ITER: 19 START
2019-09-24 14:21:32.585 4046 WARNING rally_openstack.scenarios.neutron.utils [-] Running this scenario without either the 'network' or 'existing_network' context is deprecated
2019-09-24 14:21:32.586 4049 INFO rally.task.runner [-] Task ba28f948-c7a2-431a-a20f-c2cf9cacb62d | ITER: 20 START
2019-09-24 14:21:32.587 4049 WARNING rally_openstack.scenarios.neutron.utils [-] Running this scenario without either the 'network' or 'existing_network' context is deprecated
2019-09-24 14:22:21.818 4025 INFO rally.task.runner [-] Task ba28f948-c7a2-431a-a20f-c2cf9cacb62d | ITER: 12 END: OK
2019-09-24 14:22:21.826 4025 INFO rally.task.runner [-] Task ba28f948-c7a2-431a-a20f-c2cf9cacb62d | ITER: 21 START
2019-09-24 14:22:21.827 4025 WARNING rally_openstack.scenarios.neutron.utils [-] Running this scenario without either the 'network' or 'existing_network' context is deprecated
2019-09-24 14:22:22.075 4000 INFO rally.task.runner [-] Task ba28f948-c7a2-431a-a20f-c2cf9cacb62d | ITER: 1 END: OK
2019-09-24 14:22:22.082 4000 INFO rally.task.runner [-] Task ba28f948-c7a2-431a-a20f-c2cf9cacb62d | ITER: 22 START
2019-09-24 14:22:22.083 4000 WARNING rally_openstack.scenarios.neutron.utils [-] Running this scenario without either the 'network' or 'existing_network' context is deprecated
2019-09-24 14:22:24.442 4031 INFO rally.task.runner [-] Task ba28f948-c7a2-431a-a20f-c2cf9cacb62d | ITER: 14 END: OK
2019-09-24 14:22:24.449 4031 INFO rally.task.runner [-] Task ba28f948-c7a2-431a-a20f-c2cf9cacb62d | ITER: 23 START
2019-09-24 14:22:24.451 4031 WARNING rally_openstack.scenarios.neutron.utils [-] Running this scenario without either the 'network' or 'existing_network' context is deprecated
2019-09-24 14:22:25.074 4022 INFO rally.task.runner [-] Task ba28f948-c7a2-431a-a20f-c2cf9cacb62d | ITER: 11 END: OK
2019-09-24 14:22:25.082 4022 INFO rally.task.runner [-] Task ba28f948-c7a2-431a-a20f-c2cf9cacb62d | ITER: 24 START
2019-09-24 14:22:25.083 4022 WARNING rally_openstack.scenarios.neutron.utils [-] Running this scenario without either the 'network' or 'existing_network' context is deprecated
2019-09-24 14:22:25.818 4049 INFO rally.task.runner [-] Task ba28f948-c7a2-431a-a20f-c2cf9cacb62d | ITER: 20 END: OK
2019-09-24 14:22:25.824 4049 INFO rally.task.runner [-] Task ba28f948-c7a2-431a-a20f-c2cf9cacb62d | ITER: 25 START
2019-09-24 14:22:25.825 4049 WARNING rally_openstack.scenarios.neutron.utils [-] Running this scenario without either the 'network' or 'existing_network' context is deprecated
2019-09-24 14:22:26.021 4028 INFO rally.task.runner [-] Task ba28f948-c7a2-431a-a20f-c2cf9cacb62d | ITER: 13 END: OK
2019-09-24 14:22:26.028 4028 INFO rally.task.runner [-] Task ba28f948-c7a2-431a-a20f-c2cf9cacb62d | ITER: 26 START
2019-09-24 14:22:26.029 4028 WARNING rally_openstack.scenarios.neutron.utils [-] Running this scenario without either the 'network' or 'existing_network' context is deprecated
2019-09-24 14:22:26.563 4016 INFO rally.task.runner [-] Task ba28f948-c7a2-431a-a20f-c2cf9cacb62d | ITER: 9 END: OK
2019-09-24 14:22:26.569 4016 INFO rally.task.runner [-] Task ba28f948-c7a2-431a-a20f-c2cf9cacb62d | ITER: 27 START
2019-09-24 14:22:26.570 4016 WARNING rally_openstack.scenarios.neutron.utils [-] Running this scenario without either the 'network' or 'existing_network' context is deprecated
2019-09-24 14:22:26.696 4010 INFO rally.task.runner [-] Task ba28f948-c7a2-431a-a20f-c2cf9cacb62d | ITER: 7 END: OK
2019-09-24 14:22:26.707 4010 INFO rally.task.runner [-] Task ba28f948-c7a2-431a-a20f-c2cf9cacb62d | ITER: 28 START
2019-09-24 14:22:26.708 4010 WARNING rally_openstack.scenarios.neutron.utils [-] Running this scenario without either the 'network' or 'existing_network' context is deprecated
2019-09-24 14:22:26.750 4034 INFO rally.task.runner [-] Task ba28f948-c7a2-431a-a20f-c2cf9cacb62d | ITER: 15 END: OK
2019-09-24 14:22:26.756 4034 INFO rally.task.runner [-] Task ba28f948-c7a2-431a-a20f-c2cf9cacb62d | ITER: 29 START
2019-09-24 14:22:26.757 4034 WARNING rally_openstack.scenarios.neutron.utils [-] Running this scenario without either the 'network' or 'existing_network' context is deprecated
2019-09-24 14:22:28.467 4003 INFO rally.task.runner [-] Task ba28f948-c7a2-431a-a20f-c2cf9cacb62d | ITER: 4 END: OK
2019-09-24 14:22:28.474 4003 INFO rally.task.runner [-] Task ba28f948-c7a2-431a-a20f-c2cf9cacb62d | ITER: 30 START
2019-09-24 14:22:28.475 4003 WARNING rally_openstack.scenarios.neutron.utils [-] Running this scenario without either the 'network' or 'existing_network' context is deprecated
2019-09-24 14:22:28.475 4004 INFO rally.task.runner [-] Task ba28f948-c7a2-431a-a20f-c2cf9cacb62d | ITER: 5 END: OK
2019-09-24 14:22:28.482 4004 INFO rally.task.runner [-] Task ba28f948-c7a2-431a-a20f-c2cf9cacb62d | ITER: 31 START
2019-09-24 14:22:28.484 4004 WARNING rally_openstack.scenarios.neutron.utils [-] Running this scenario without either the 'network' or 'existing_network' context is deprecated
2019-09-24 14:22:29.918 4001 INFO rally.task.runner [-] Task ba28f948-c7a2-431a-a20f-c2cf9cacb62d | ITER: 2 END: OK
2019-09-24 14:22:29.924 4001 INFO rally.task.runner [-] Task ba28f948-c7a2-431a-a20f-c2cf9cacb62d | ITER: 32 START
2019-09-24 14:22:29.925 4001 WARNING rally_openstack.scenarios.neutron.utils [-] Running this scenario without either the 'network' or 'existing_network' context is deprecated
2019-09-24 14:22:30.952 4046 INFO rally.task.runner [-] Task ba28f948-c7a2-431a-a20f-c2cf9cacb62d | ITER: 19 END: OK
2019-09-24 14:22:30.960 4046 INFO rally.task.runner [-] Task ba28f948-c7a2-431a-a20f-c2cf9cacb62d | ITER: 33 START
2019-09-24 14:22:30.961 4046 WARNING rally_openstack.scenarios.neutron.utils [-] Running this scenario without either the 'network' or 'existing_network' context is deprecated
2019-09-24 14:22:31.012 4040 INFO rally.task.runner [-] Task ba28f948-c7a2-431a-a20f-c2cf9cacb62d | ITER: 17 END: OK
2019-09-24 14:22:31.018 4040 INFO rally.task.runner [-] Task ba28f948-c7a2-431a-a20f-c2cf9cacb62d | ITER: 34 START
2019-09-24 14:22:31.019 4040 WARNING rally_openstack.scenarios.neutron.utils [-] Running this scenario without either the 'network' or 'existing_network' context is deprecated
2019-09-24 14:22:33.517 4002 INFO rally.task.runner [-] Task ba28f948-c7a2-431a-a20f-c2cf9cacb62d | ITER: 3 END: OK
2019-09-24 14:22:33.522 4002 INFO rally.task.runner [-] Task ba28f948-c7a2-431a-a20f-c2cf9cacb62d | ITER: 35 START
2019-09-24 14:22:33.523 4002 WARNING rally_openstack.scenarios.neutron.utils [-] Running this scenario without either the 'network' or 'existing_network' context is deprecated
2019-09-24 14:22:35.116 4013 INFO rally.task.runner [-] Task ba28f948-c7a2-431a-a20f-c2cf9cacb62d | ITER: 8 END: OK
2019-09-24 14:22:35.122 4013 INFO rally.task.runner [-] Task ba28f948-c7a2-431a-a20f-c2cf9cacb62d | ITER: 36 START
2019-09-24 14:22:35.123 4013 WARNING rally_openstack.scenarios.neutron.utils [-] Running this scenario without either the 'network' or 'existing_network' context is deprecated
2019-09-24 14:22:35.536 4007 INFO rally.task.runner [-] Task ba28f948-c7a2-431a-a20f-c2cf9cacb62d | ITER: 6 END: OK
2019-09-24 14:22:35.542 4007 INFO rally.task.runner [-] Task ba28f948-c7a2-431a-a20f-c2cf9cacb62d | ITER: 37 START
2019-09-24 14:22:35.543 4007 WARNING rally_openstack.scenarios.neutron.utils [-] Running this scenario without either the 'network' or 'existing_network' context is deprecated
2019-09-24 14:22:38.771 4037 INFO rally.task.runner [-] Task ba28f948-c7a2-431a-a20f-c2cf9cacb62d | ITER: 16 END: OK
2019-09-24 14:22:38.775 4019 INFO rally.task.runner [-] Task ba28f948-c7a2-431a-a20f-c2cf9cacb62d | ITER: 10 END: OK
2019-09-24 14:22:38.777 4037 INFO rally.task.runner [-] Task ba28f948-c7a2-431a-a20f-c2cf9cacb62d | ITER: 38 START
2019-09-24 14:22:38.778 4037 WARNING rally_openstack.scenarios.neutron.utils [-] Running this scenario without either the 'network' or 'existing_network' context is deprecated
2019-09-24 14:22:38.783 4019 INFO rally.task.runner [-] Task ba28f948-c7a2-431a-a20f-c2cf9cacb62d | ITER: 39 START
2019-09-24 14:22:38.784 4019 WARNING rally_openstack.scenarios.neutron.utils [-] Running this scenario without either the 'network' or 'existing_network' context is deprecated
2019-09-24 14:22:38.824 4043 INFO rally.task.runner [-] Task ba28f948-c7a2-431a-a20f-c2cf9cacb62d | ITER: 18 END: OK
2019-09-24 14:22:38.830 4043 INFO rally.task.runner [-] Task ba28f948-c7a2-431a-a20f-c2cf9cacb62d | ITER: 40 START
