2019-11-15 13:44:04.146 6 RALLYDEBUG rally.api [-] INFO logs from urllib3 and requests module are hide.
2019-11-15 13:44:04.146 6 RALLYDEBUG rally.api [-] urllib3 insecure warnings are hidden.
2019-11-15 13:44:04.146 6 RALLYDEBUG rally.api [-] ERROR log from boto module is hide.
2019-11-15 13:44:05.456 6 ERROR rally.cli.cliutils [-] Unexpected exception in CLI: DBRecordNotFound: Record for uuid or name is opnfv-rally not found in table envs
2019-11-15 13:44:05.456 6 ERROR rally.cli.cliutils
Traceback (most recent call last):
2019-11-15 13:44:05.456 6 ERROR rally.cli.cliutils
File "/usr/lib/python2.7/site-packages/rally/cli/cliutils.py", line 674, in run
2019-11-15 13:44:05.456 6 ERROR rally.cli.cliutils ret = fn(*fn_args, **fn_kwargs)
2019-11-15 13:44:05.456 6 ERROR rally.cli.cliutils File "", line 2, in destroy
2019-11-15 13:44:05.456 6 ERROR rally.cli.cliutils
File "/usr/lib/python2.7/site-packages/rally/cli/envutils.py", line 68, in default_from_global
2019-11-15 13:44:05.456 6 ERROR rally.cli.cliutils return f(*args, **kwargs)
2019-11-15 13:44:05.456 6 ERROR rally.cli.cliutils File "", line 2, in destroy
2019-11-15 13:44:05.456 6 ERROR rally.cli.cliutils
File "/usr/lib/python2.7/site-packages/rally/plugins/__init__.py", line 51, in ensure_plugins_are_loaded
2019-11-15 13:44:05.456 6 ERROR rally.cli.cliutils return f(*args, **kwargs)
2019-11-15 13:44:05.456 6 ERROR rally.cli.cliutils
File "/usr/lib/python2.7/site-packages/rally/cli/commands/deployment.py", line 157, in destroy
2019-11-15 13:44:05.456 6 ERROR rally.cli.cliutils api.deployment.destroy(deployment=deployment)
2019-11-15 13:44:05.456 6 ERROR rally.cli.cliutils
File "/usr/lib/python2.7/site-packages/rally/api.py", line 115, in destroy
2019-11-15 13:44:05.456 6 ERROR rally.cli.cliutils deploy = objects.Deployment.get(deployment)
2019-11-15 13:44:05.456 6 ERROR rally.cli.cliutils
File "/usr/lib/python2.7/site-packages/rally/common/objects/deploy.py", line 124, in get
2019-11-15 13:44:05.456 6 ERROR rally.cli.cliutils return Deployment(env_mgr.EnvManager.get(deploy))
2019-11-15 13:44:05.456 6 ERROR rally.cli.cliutils
File "/usr/lib/python2.7/site-packages/rally/env/env_mgr.py", line 212, in get
2019-11-15 13:44:05.456 6 ERROR rally.cli.cliutils return cls(db.env_get(uuid_or_name))
2019-11-15 13:44:05.456 6 ERROR rally.cli.cliutils
File "/usr/lib/python2.7/site-packages/rally/common/db/api.py", line 135, in wrapper
2019-11-15 13:44:05.456 6 ERROR rally.cli.cliutils result = f(session, *args, **kwargs)
2019-11-15 13:44:05.456 6 ERROR rally.cli.cliutils
File "/usr/lib/python2.7/site-packages/rally/common/db/api.py", line 521, in env_get
2019-11-15 13:44:05.456 6 ERROR rally.cli.cliutils criteria="uuid or name is %s" % uuid_or_name, table="envs")
2019-11-15 13:44:05.456 6 ERROR rally.cli.cliutils DBRecordNotFound: Record for uuid or name is opnfv-rally not found in table envs
2019-11-15 13:44:05.456 6 ERROR rally.cli.cliutils
2019-11-15 13:44:06.247 8 RALLYDEBUG rally.api [-] INFO logs from urllib3 and requests module are hide.
2019-11-15 13:44:06.247 8 RALLYDEBUG rally.api [-] urllib3 insecure warnings are hidden.
2019-11-15 13:44:06.247 8 RALLYDEBUG rally.api [-] ERROR log from boto module is hide.
2019-11-15 13:44:08.398 10 RALLYDEBUG rally.api [-] INFO logs from urllib3 and requests module are hide.
2019-11-15 13:44:08.398 10 RALLYDEBUG rally.api [-] urllib3 insecure warnings are hidden.
2019-11-15 13:44:08.399 10 RALLYDEBUG rally.api [-] ERROR log from boto module is hide.
2019-11-15 13:44:11.072 13 RALLYDEBUG rally.api [-] INFO logs from urllib3 and requests module are hide.
2019-11-15 13:44:11.072 13 RALLYDEBUG rally.api [-] urllib3 insecure warnings are hidden.
2019-11-15 13:44:11.072 13 RALLYDEBUG rally.api [-] ERROR log from boto module is hide.
2019-11-15 13:44:12.401 15 RALLYDEBUG rally.api [-] INFO logs from urllib3 and requests module are hide.
2019-11-15 13:44:12.401 15 RALLYDEBUG rally.api [-] urllib3 insecure warnings are hidden.
2019-11-15 13:44:12.401 15 RALLYDEBUG rally.api [-] ERROR log from boto module is hide.
2019-11-15 13:44:13.648 15 INFO rally.common.plugin.discover [-] Loading plugins from directories /root/.rally/plugins/*
2019-11-15 13:44:13.649 15 INFO rally.common.plugin.discover [-] Loaded module with plugins: /root/.rally/plugins/__init__.py
2019-11-15 13:44:13.651 15 INFO rally.common.plugin.discover [-] Loaded module with plugins: /root/.rally/plugins/trunk_scenario.py
2019-11-15 13:44:13.826 15 INFO rally.task.engine [-] Task 7a1d5cc6-f0c2-4b45-ac7b-7c23236fddba | Starting: Task validation.
2019-11-15 13:44:13.839 15 INFO rally.task.engine [-] Task 7a1d5cc6-f0c2-4b45-ac7b-7c23236fddba | Starting: Task validation of syntax.
2019-11-15 13:44:13.988 15 INFO rally.task.engine [-] Task 7a1d5cc6-f0c2-4b45-ac7b-7c23236fddba | Completed: Task validation of syntax.
2019-11-15 13:44:13.988 15 INFO rally.task.engine [-] Task 7a1d5cc6-f0c2-4b45-ac7b-7c23236fddba | Starting: Task validation of required platforms.
2019-11-15 13:44:14.055 15 INFO rally.task.engine [-] Task 7a1d5cc6-f0c2-4b45-ac7b-7c23236fddba | Completed: Task validation of required platforms.
2019-11-15 13:44:14.055 15 INFO rally.task.engine [-] Task 7a1d5cc6-f0c2-4b45-ac7b-7c23236fddba | Starting: Task validation of semantic.
2019-11-15 13:44:14.055 15 INFO rally.task.engine [-] Check health of the environment '9f27982f-65d1-4248-95cd-cda7f19b5809'.
2019-11-15 13:44:14.437 15 INFO rally.task.engine [-] Platform existing@openstack (available: True): OK!
2019-11-15 13:44:14.445 15 RALLYDEBUG rally_openstack.contexts.keystone.users [-] Creating 1 tenants using 20 threads
2019-11-15 13:44:14.744 15 RALLYDEBUG rally_openstack.contexts.keystone.users [-] Creating 1 users using 20 threads
2019-11-15 13:44:15.218 15 INFO rally.task.context [-] Task 7a1d5cc6-f0c2-4b45-ac7b-7c23236fddba | Context users@openstack setup() finished in 0.77 sec
2019-11-15 13:44:16.787 15 INFO rally.task.context [-] Task 7a1d5cc6-f0c2-4b45-ac7b-7c23236fddba | Context users@openstack cleanup() started
2019-11-15 13:44:18.601 15 INFO rally.task.context [-] Task 7a1d5cc6-f0c2-4b45-ac7b-7c23236fddba | Context users@openstack cleanup() finished in 1.81 sec
2019-11-15 13:44:18.602 15 INFO rally.task.engine [-] Task 7a1d5cc6-f0c2-4b45-ac7b-7c23236fddba | Completed: Task validation of semantic.
2019-11-15 13:44:18.602 15 INFO rally.task.engine [-] Task 7a1d5cc6-f0c2-4b45-ac7b-7c23236fddba | Completed: Task validation.
2019-11-15 13:44:18.602 15 INFO rally.api [-] Task 7a1d5cc6-f0c2-4b45-ac7b-7c23236fddba input file is valid.
2019-11-15 13:44:18.603 15 INFO rally.api [-] Run Task 7a1d5cc6-f0c2-4b45-ac7b-7c23236fddba against Deployment 9f27982f-65d1-4248-95cd-cda7f19b5809
2019-11-15 13:44:18.603 15 INFO rally.task.engine [-] Task 7a1d5cc6-f0c2-4b45-ac7b-7c23236fddba | Starting: Running task.
2019-11-15 13:44:18.651 15 INFO rally.task.engine [-] Running workload: position = 0 config = { "version": 2, "title": "A cropped version of a bigger task.", "description": "Auto-generated task from a single workload (uuid=9b2beeb9-da0b-48fe-95c6-bf700a926310)", "subtasks": [ { "title": "NeutronNetworks.create_and_list_networks", "description": "Check performance of list_networks action and ensure > network quotas are not exceeded", "scenario": { "NeutronNetworks.create_and_list_networks": {} }, "contexts": { "users": { "tenants": 1, "users_per_tenant": 1 }, "quotas": { "neutron": { "network": 119 } } }, "runner": { "constant": { "times": 100, "concurrency": 20 } }, "hooks": [], "sla": { "max_avg_duration_per_atomic": { "neutron.list_networks": 15 }, "failure_rate": { "max": 0 } } } ] }
2019-11-15 13:44:18.664 15 RALLYDEBUG rally_openstack.contexts.keystone.users [-] Creating 1 tenants using 20 threads
2019-11-15 13:44:18.999 15 RALLYDEBUG rally_openstack.contexts.keystone.users [-] Creating 1 users using 20 threads
2019-11-15 13:44:19.448 15 INFO rally.task.context [-] Task 7a1d5cc6-f0c2-4b45-ac7b-7c23236fddba | Context users@openstack setup() finished in 0.78 sec
2019-11-15 13:44:19.784 15 INFO rally.task.context [-] Task 7a1d5cc6-f0c2-4b45-ac7b-7c23236fddba | Context quotas@openstack setup() finished in 0.34 sec
2019-11-15 13:44:19.785 15 INFO rally.task.context [-] Task 7a1d5cc6-f0c2-4b45-ac7b-7c23236fddba | Context cleanup@openstack setup() finished in 0.01 msec
2019-11-15 13:44:19.792 15 RALLYDEBUG rally.task.runner [-] Starting the constant runner (task UUID: 7a1d5cc6-f0c2-4b45-ac7b-7c23236fddba). timeout: 0 concurrency: 20 concurrency_per_worker: 1 times: 100 concurrency_overhead: 0 processes_to_start: 20 max_cpu_used: 88
2019-11-15 13:44:19.806 139 RALLYDEBUG rally.task.runner [-] Starting a worker. concurrency: 1 args: {} times: 100 method_name: run timeout: 0 duration: None cls:
2019-11-15 13:44:19.808 140 RALLYDEBUG rally.task.runner [-] Starting a worker. concurrency: 1 args: {} times: 100 method_name: run timeout: 0 duration: None cls:
2019-11-15 13:44:19.811 141 RALLYDEBUG rally.task.runner [-] Starting a worker. concurrency: 1 args: {} times: 100 method_name: run timeout: 0 duration: None cls:
2019-11-15 13:44:19.812 139 INFO rally.task.runner [-] Task 7a1d5cc6-f0c2-4b45-ac7b-7c23236fddba | ITER: 1 START
2019-11-15 13:44:19.813 142 RALLYDEBUG rally.task.runner [-] Starting a worker. concurrency: 1 args: {} times: 100 method_name: run timeout: 0 duration: None cls:
2019-11-15 13:44:19.814 140 INFO rally.task.runner [-] Task 7a1d5cc6-f0c2-4b45-ac7b-7c23236fddba | ITER: 2 START
2019-11-15 13:44:19.815 143 RALLYDEBUG rally.task.runner [-] Starting a worker. concurrency: 1 args: {} times: 100 method_name: run timeout: 0 duration: None cls:
2019-11-15 13:44:19.816 141 INFO rally.task.runner [-] Task 7a1d5cc6-f0c2-4b45-ac7b-7c23236fddba | ITER: 3 START
2019-11-15 13:44:19.818 142 INFO rally.task.runner [-] Task 7a1d5cc6-f0c2-4b45-ac7b-7c23236fddba | ITER: 4 START
2019-11-15 13:44:19.818 147 RALLYDEBUG rally.task.runner [-] Starting a worker. concurrency: 1 args: {} times: 100 method_name: run timeout: 0 duration: None cls:
2019-11-15 13:44:19.821 143 INFO rally.task.runner [-] Task 7a1d5cc6-f0c2-4b45-ac7b-7c23236fddba | ITER: 5 START
2019-11-15 13:44:19.824 147 INFO rally.task.runner [-] Task 7a1d5cc6-f0c2-4b45-ac7b-7c23236fddba | ITER: 6 START
2019-11-15 13:44:19.824 151 RALLYDEBUG rally.task.runner [-] Starting a worker. concurrency: 1 args: {} times: 100 method_name: run timeout: 0 duration: None cls:
2019-11-15 13:44:19.825 154 RALLYDEBUG rally.task.runner [-] Starting a worker. concurrency: 1 args: {} times: 100 method_name: run timeout: 0 duration: None cls:
2019-11-15 13:44:19.828 157 RALLYDEBUG rally.task.runner [-] Starting a worker. concurrency: 1 args: {} times: 100 method_name: run timeout: 0 duration: None cls:
2019-11-15 13:44:19.830 160 RALLYDEBUG rally.task.runner [-] Starting a worker. concurrency: 1 args: {} times: 100 method_name: run timeout: 0 duration: None cls:
2019-11-15 13:44:19.833 151 INFO rally.task.runner [-] Task 7a1d5cc6-f0c2-4b45-ac7b-7c23236fddba | ITER: 7 START
2019-11-15 13:44:19.833 154 INFO rally.task.runner [-] Task 7a1d5cc6-f0c2-4b45-ac7b-7c23236fddba | ITER: 8 START
2019-11-15 13:44:19.834 157 INFO rally.task.runner [-] Task 7a1d5cc6-f0c2-4b45-ac7b-7c23236fddba | ITER: 9 START
2019-11-15 13:44:19.838 160 INFO rally.task.runner [-] Task 7a1d5cc6-f0c2-4b45-ac7b-7c23236fddba | ITER: 10 START
2019-11-15 13:44:19.839 167 RALLYDEBUG rally.task.runner [-] Starting a worker. concurrency: 1 args: {} times: 100 method_name: run timeout: 0 duration: None cls:
2019-11-15 13:44:19.835 161 RALLYDEBUG rally.task.runner [-] Starting a worker. concurrency: 1 args: {} times: 100 method_name: run timeout: 0 duration: None cls:
2019-11-15 13:44:19.835 162 RALLYDEBUG rally.task.runner [-] Starting a worker. concurrency: 1 args: {} times: 100 method_name: run timeout: 0 duration: None cls:
2019-11-15 13:44:19.844 173 RALLYDEBUG rally.task.runner [-] Starting a worker. concurrency: 1 args: {} times: 100 method_name: run timeout: 0 duration: None cls:
2019-11-15 13:44:19.845 170 RALLYDEBUG rally.task.runner [-] Starting a worker. concurrency: 1 args: {} times: 100 method_name: run timeout: 0 duration: None cls:
2019-11-15 13:44:19.848 161 INFO rally.task.runner [-] Task 7a1d5cc6-f0c2-4b45-ac7b-7c23236fddba | ITER: 12 START
2019-11-15 13:44:19.848 167 INFO rally.task.runner [-] Task 7a1d5cc6-f0c2-4b45-ac7b-7c23236fddba | ITER: 11 START
2019-11-15 13:44:19.851 162 INFO rally.task.runner [-] Task 7a1d5cc6-f0c2-4b45-ac7b-7c23236fddba | ITER: 13 START
2019-11-15 13:44:19.851 170 INFO rally.task.runner [-] Task 7a1d5cc6-f0c2-4b45-ac7b-7c23236fddba | ITER: 15 START
2019-11-15 13:44:19.856 173 INFO rally.task.runner [-] Task 7a1d5cc6-f0c2-4b45-ac7b-7c23236fddba | ITER: 14 START
2019-11-15 13:44:19.854 175 RALLYDEBUG rally.task.runner [-] Starting a worker. concurrency: 1 args: {} times: 100 method_name: run timeout: 0 duration: None cls:
2019-11-15 13:44:19.854 174 RALLYDEBUG rally.task.runner [-] Starting a worker. concurrency: 1 args: {} times: 100 method_name: run timeout: 0 duration: None cls:
2019-11-15 13:44:19.854 180 RALLYDEBUG rally.task.runner [-] Starting a worker. concurrency: 1 args: {} times: 100 method_name: run timeout: 0 duration: None cls:
2019-11-15 13:44:19.857 185 RALLYDEBUG rally.task.runner [-] Starting a worker. concurrency: 1 args: {} times: 100 method_name: run timeout: 0 duration: None cls:
2019-11-15 13:44:19.859 186 RALLYDEBUG rally.task.runner [-] Starting a worker. concurrency: 1 args: {} times: 100 method_name: run timeout: 0 duration: None cls:
2019-11-15 13:44:19.868 180 INFO rally.task.runner [-] Task 7a1d5cc6-f0c2-4b45-ac7b-7c23236fddba | ITER: 18 START
2019-11-15 13:44:19.869 185 INFO rally.task.runner [-] Task 7a1d5cc6-f0c2-4b45-ac7b-7c23236fddba | ITER: 19 START
2019-11-15 13:44:19.869 186 INFO rally.task.runner [-] Task 7a1d5cc6-f0c2-4b45-ac7b-7c23236fddba | ITER: 20 START
2019-11-15 13:44:19.867 174 INFO rally.task.runner [-] Task 7a1d5cc6-f0c2-4b45-ac7b-7c23236fddba | ITER: 17 START
2019-11-15 13:44:19.874 175 INFO rally.task.runner [-] Task 7a1d5cc6-f0c2-4b45-ac7b-7c23236fddba | ITER: 16 START
2019-11-15 13:44:21.677 140 INFO rally.task.runner [-] Task 7a1d5cc6-f0c2-4b45-ac7b-7c23236fddba | ITER: 2 END: OK
2019-11-15 13:44:21.682 140 INFO rally.task.runner [-] Task 7a1d5cc6-f0c2-4b45-ac7b-7c23236fddba | ITER: 21 START
2019-11-15 13:44:22.578 170 INFO rally.task.runner [-] Task 7a1d5cc6-f0c2-4b45-ac7b-7c23236fddba | ITER: 15 END: OK
2019-11-15 13:44:22.584 170 INFO rally.task.runner [-] Task 7a1d5cc6-f0c2-4b45-ac7b-7c23236fddba | ITER: 22 START
2019-11-15 13:44:22.697 143 INFO rally.task.runner [-] Task 7a1d5cc6-f0c2-4b45-ac7b-7c23236fddba | ITER: 5 END: OK
2019-11-15 13:44:22.701 143 INFO rally.task.runner [-] Task 7a1d5cc6-f0c2-4b45-ac7b-7c23236fddba | ITER: 23 START
2019-11-15 13:44:23.110 142 INFO rally.task.runner [-] Task 7a1d5cc6-f0c2-4b45-ac7b-7c23236fddba | ITER: 4 END: OK
2019-11-15 13:44:23.115 142 INFO rally.task.runner [-] Task 7a1d5cc6-f0c2-4b45-ac7b-7c23236fddba | ITER: 24 START
2019-11-15 13:44:23.517 141 INFO rally.task.runner [-] Task 7a1d5cc6-f0c2-4b45-ac7b-7c23236fddba | ITER: 3 END: OK
2019-11-15 13:44:23.522 141 INFO rally.task.runner [-] Task 7a1d5cc6-f0c2-4b45-ac7b-7c23236fddba | ITER: 25 START
2019-11-15 13:44:23.629 139 INFO rally.task.runner [-] Task 7a1d5cc6-f0c2-4b45-ac7b-7c23236fddba | ITER: 1 END: OK
2019-11-15 13:44:23.634 139 INFO rally.task.runner [-] Task 7a1d5cc6-f0c2-4b45-ac7b-7c23236fddba | ITER: 26 START
2019-11-15 13:44:24.425 161 INFO rally.task.runner [-] Task 7a1d5cc6-f0c2-4b45-ac7b-7c23236fddba | ITER: 12 END: OK
2019-11-15 13:44:24.430 161 INFO rally.task.runner [-] Task 7a1d5cc6-f0c2-4b45-ac7b-7c23236fddba | ITER: 27 START
2019-11-15 13:44:24.526 147 INFO rally.task.runner [-] Task 7a1d5cc6-f0c2-4b45-ac7b-7c23236fddba | ITER: 6 END: OK
2019-11-15 13:44:24.530 162 INFO rally.task.runner [-] Task 7a1d5cc6-f0c2-4b45-ac7b-7c23236fddba | ITER: 13 END: OK
2019-11-15 13:44:24.531 147 INFO rally.task.runner [-] Task 7a1d5cc6-f0c2-4b45-ac7b-7c23236fddba | ITER: 28 START
2019-11-15 13:44:24.535 162 INFO rally.task.runner [-] Task 7a1d5cc6-f0c2-4b45-ac7b-7c23236fddba | ITER: 29 START
2019-11-15 13:44:24.537 154 INFO rally.task.runner [-] Task 7a1d5cc6-f0c2-4b45-ac7b-7c23236fddba | ITER: 8 END: OK
2019-11-15 13:44:24.542 154 INFO rally.task.runner [-] Task 7a1d5cc6-f0c2-4b45-ac7b-7c23236fddba | ITER: 30 START
2019-11-15 13:44:26.088 186 INFO rally.task.runner [-] Task 7a1d5cc6-f0c2-4b45-ac7b-7c23236fddba | ITER: 20 END: OK
2019-11-15 13:44:26.092 186 INFO rally.task.runner [-] Task 7a1d5cc6-f0c2-4b45-ac7b-7c23236fddba | ITER: 31 START
2019-11-15 13:44:26.095 167 INFO rally.task.runner [-] Task 7a1d5cc6-f0c2-4b45-ac7b-7c23236fddba | ITER: 11 END: OK
2019-11-15 13:44:26.100 167 INFO rally.task.runner [-] Task 7a1d5cc6-f0c2-4b45-ac7b-7c23236fddba | ITER: 32 START
2019-11-15 13:44:26.185 142 INFO rally.task.runner [-] Task 7a1d5cc6-f0c2-4b45-ac7b-7c23236fddba | ITER: 24 END: OK
2019-11-15 13:44:26.188 142 INFO rally.task.runner [-] Task 7a1d5cc6-f0c2-4b45-ac7b-7c23236fddba | ITER: 33 START
2019-11-15 13:44:26.199 139 INFO rally.task.runner [-] Task 7a1d5cc6-f0c2-4b45-ac7b-7c23236fddba | ITER: 26 END: OK
2019-11-15 13:44:26.202 139 INFO rally.task.runner [-] Task 7a1d5cc6-f0c2-4b45-ac7b-7c23236fddba | ITER: 34 START
2019-11-15 13:44:26.284 157 INFO rally.task.runner [-] Task 7a1d5cc6-f0c2-4b45-ac7b-7c23236fddba | ITER: 9 END: OK
2019-11-15 13:44:26.288 157 INFO rally.task.runner [-] Task 7a1d5cc6-f0c2-4b45-ac7b-7c23236fddba | ITER: 35 START
2019-11-15 13:44:26.406 174 INFO rally.task.runner [-] Task 7a1d5cc6-f0c2-4b45-ac7b-7c23236fddba | ITER: 17 END: OK
2019-11-15 13:44:26.411 174 INFO rally.task.runner [-] Task 7a1d5cc6-f0c2-4b45-ac7b-7c23236fddba | ITER: 36 START
2019-11-15 13:44:26.472 151 INFO rally.task.runner [-] Task 7a1d5cc6-f0c2-4b45-ac7b-7c23236fddba | ITER: 7 END: OK
2019-11-15 13:44:26.476 151 INFO rally.task.runner [-] Task 7a1d5cc6-f0c2-4b45-ac7b-7c23236fddba | ITER: 37 START
2019-11-15 13:44:26.783 185 INFO rally.task.runner [-] Task 7a1d5cc6-f0c2-4b45-ac7b-7c23236fddba | ITER: 19 END: OK
2019-11-15 13:44:26.789 185 INFO rally.task.runner [-] Task 7a1d5cc6-f0c2-4b45-ac7b-7c23236fddba | ITER: 38 START
2019-11-15 13:44:26.848 180 INFO rally.task.runner [-] Task 7a1d5cc6-f0c2-4b45-ac7b-7c23236fddba | ITER: 18 END: OK
2019-11-15 13:44:26.853 180 INFO rally.task.runner [-] Task 7a1d5cc6-f0c2-4b45-ac7b-7c23236fddba | ITER: 39 START
2019-11-15 13:44:26.926 175 INFO rally.task.runner [-] Task 7a1d5cc6-f0c2-4b45-ac7b-7c23236fddba | ITER: 16 END: OK
2019-11-15 13:44:26.931 175 INFO rally.task.runner [-] Task 7a1d5cc6-f0c2-4b45-ac7b-7c23236fddba | ITER: 40 START
2019-11-15 13:44:27.469 162 INFO rally.task.runner [-] Task 7a1d5cc6-f0c2-4b45-ac7b-7c23236fddba | ITER: 29 END: OK
2019-11-15 13:44:27.472 162 INFO rally.task.runner [-] Task 7a1d5cc6-f0c2-4b45-ac7b-7c23236fddba | ITER: 41 START
2019-11-15 13:44:27.715 173 INFO rally.task.runner [-] Task 7a1d5cc6-f0c2-4b45-ac7b-7c23236fddba | ITER: 14 END: OK
2019-11-15 13:44:27.719 173 INFO rally.task.runner [-] Task 7a1d5cc6-f0c2-4b45-ac7b-7c23236fddba | ITER: 42 START
2019-11-15 13:44:27.876 160 INFO rally.task.runner [-] Task 7a1d5cc6-f0c2-4b45-ac7b-7c23236fddba | ITER: 10 END: OK
2019-11-15 13:44:27.881 160 INFO rally.task.runner [-] Task 7a1d5cc6-f0c2-4b45-ac7b-7c23236fddba | ITER: 43 START
2019-11-15 13:44:27.982 140 INFO rally.task.runner [-] Task 7a1d5cc6-f0c2-4b45-ac7b-7c23236fddba | ITER: 21 END: OK
2019-11-15 13:44:27.985 140 INFO rally.task.runner [-] Task 7a1d5cc6-f0c2-4b45-ac7b-7c23236fddba | ITER: 44 START
2019-11-15 13:44:28.822 147 INFO rally.task.runner [-] Task 7a1d5cc6-f0c2-4b45-ac7b-7c23236fddba | ITER: 28 END: OK
2019-11-15 13:44:28.825 147 INFO rally.task.runner [-] Task 7a1d5cc6-f0c2-4b45-ac7b-7c23236fddba | ITER: 45 START
2019-11-15 13:44:28.909 170 INFO rally.task.runner [-] Task 7a1d5cc6-f0c2-4b45-ac7b-7c23236fddba | ITER: 22 END: OK
2019-11-15 13:44:28.913 170 INFO rally.task.runner [-] Task 7a1d5cc6-f0c2-4b45-ac7b-7c23236fddba | ITER: 46 START
2019-11-15 13:44:29.220 143 INFO rally.task.runner [-] Task 7a1d5cc6-f0c2-4b45-ac7b-7c23236fddba | ITER: 23 END: OK
2019-11-15 13:44:29.224 143 INFO rally.task.runner [-] Task 7a1d5cc6-f0c2-4b45-ac7b-7c23236fddba | ITER: 47 START
2019-11-15 13:44:29.997 141 INFO rally.task.runner [-] Task 7a1d5cc6-f0c2-4b45-ac7b-7c23236fddba | ITER: 25 END: OK
2019-11-15 13:44:30.001 141 INFO rally.task.runner [-] Task 7a1d5cc6-f0c2-4b45-ac7b-7c23236fddba | ITER: 48 START
2019-11-15 13:44:31.577 162 INFO rally.task.runner [-] Task 7a1d5cc6-f0c2-4b45-ac7b-7c23236fddba | ITER: 41 END: OK
2019-11-15 13:44:31.580 162 INFO rally.task.runner [-] Task 7a1d5cc6-f0c2-4b45-ac7b-7c23236fddba | ITER: 49 START
2019-11-15 13:44:32.075 161 INFO rally.task.runner [-] Task 7a1d5cc6-f0c2-4b45-ac7b-7c23236fddba | ITER: 27 END: OK
2019-11-15 13:44:32.079 161 INFO rally.task.runner [-] Task 7a1d5cc6-f0c2-4b45-ac7b-7c23236fddba | ITER: 50 START
2019-11-15 13:44:32.310 142 INFO rally.task.runner [-] Task 7a1d5cc6-f0c2-4b45-ac7b-7c23236fddba | ITER: 33 END: OK
2019-11-15 13:44:32.314 142 INFO rally.task.runner [-] Task 7a1d5cc6-f0c2-4b45-ac7b-7c23236fddba | ITER: 51 START
2019-11-15 13:44:32.852 154 INFO rally.task.runner [-] Task 7a1d5cc6-f0c2-4b45-ac7b-7c23236fddba | ITER: 30 END: OK
2019-11-15 13:44:32.856 154 INFO rally.task.runner [-] Task 7a1d5cc6-f0c2-4b45-ac7b-7c23236fddba | ITER: 52 START
2019-11-15 13:44:32.885 186 INFO rally.task.runner [-] Task 7a1d5cc6-f0c2-4b45-ac7b-7c23236fddba | ITER: 31 END: OK
2019-11-15 13:44:32.889 186 INFO rally.task.runner [-] Task 7a1d5cc6-f0c2-4b45-ac7b-7c23236fddba | ITER: 53 START
2019-11-15 13:44:33.155 157 INFO rally.task.runner [-] Task 7a1d5cc6-f0c2-4b45-ac7b-7c23236fddba | ITER: 35 END: OK
2019-11-15 13:44:33.158 157 INFO rally.task.runner [-] Task 7a1d5cc6-f0c2-4b45-ac7b-7c23236fddba | ITER: 54 START
2019-11-15 13:44:33.598 167 INFO rally.task.runner [-] Task 7a1d5cc6-f0c2-4b45-ac7b-7c23236fddba | ITER: 32 END: OK
2019-11-15 13:44:33.602 167 INFO rally.task.runner [-] Task 7a1d5cc6-f0c2-4b45-ac7b-7c23236fddba | ITER: 55 START
2019-11-15 13:44:34.879 151 INFO rally.task.runner [-] Task 7a1d5cc6-f0c2-4b45-ac7b-7c23236fddba | ITER: 37 END: OK
2019-11-15 13:44:34.882 139 INFO rally.task.runner [-] Task 7a1d5cc6-f0c2-4b45-ac7b-7c23236fddba | ITER: 34 END: OK
2019-11-15 13:44:34.882 151 INFO rally.task.runner [-] Task 7a1d5cc6-f0c2-4b45-ac7b-7c23236fddba | ITER: 56 START
2019-11-15 13:44:34.885 139 INFO rally.task.runner [-] Task 7a1d5cc6-f0c2-4b45-ac7b-7c23236fddba | ITER: 57 START
2019-11-15 13:44:34.926 185 INFO rally.task.runner [-] Task 7a1d5cc6-f0c2-4b45-ac7b-7c23236fddba | ITER: 38 END: OK
2019-11-15 13:44:34.930 185 INFO rally.task.runner [-] Task 7a1d5cc6-f0c2-4b45-ac7b-7c23236fddba | ITER: 58 START
2019-11-15 13:44:35.154 180 INFO rally.task.runner [-] Task 7a1d5cc6-f0c2-4b45-ac7b-7c23236fddba | ITER: 39 END: OK
2019-11-15 13:44:35.158 180 INFO rally.task.runner [-] Task 7a1d5cc6-f0c2-4b45-ac7b-7c23236fddba | ITER: 59 START
2019-11-15 13:44:35.179 174 INFO rally.task.runner [-] Task 7a1d5cc6-f0c2-4b45-ac7b-7c23236fddba | ITER: 36 END: OK
2019-11-15 13:44:35.182 174 INFO rally.task.runner [-] Task 7a1d5cc6-f0c2-4b45-ac7b-7c23236fddba | ITER: 60 START
2019-11-15 13:44:35.234 170 INFO rally.task.runner [-] Task 7a1d5cc6-f0c2-4b45-ac7b-7c23236fddba | ITER: 46 END: OK
2019-11-15 13:44:35.237 170 INFO rally.task.runner [-] Task 7a1d5cc6-f0c2-4b45-ac7b-7c23236fddba | ITER: 61 START
2019-11-15 13:44:35.396 143 INFO rally.task.runner [-] Task 7a1d5cc6-f0c2-4b45-ac7b-7c23236fddba | ITER: 47 END: OK
2019-11-15 13:44:35.399 143 INFO rally.task.runner [-] Task 7a1d5cc6-f0c2-4b45-ac7b-7c23236fddba | ITER: 62 START
2019-11-15 13:44:35.888 175 INFO rally.task.runner [-] Task 7a1d5cc6-f0c2-4b45-ac7b-7c23236fddba | ITER: 40 END: OK
2019-11-15 13:44:35.892 175 INFO rally.task.runner [-] Task 7a1d5cc6-f0c2-4b45-ac7b-7c23236fddba | ITER: 63 START
2019-11-15 13:44:35.916 160 INFO rally.task.runner [-] Task 7a1d5cc6-f0c2-4b45-ac7b-7c23236fddba | ITER: 43 END: OK
2019-11-15 13:44:35.920 160 INFO rally.task.runner [-] Task 7a1d5cc6-f0c2-4b45-ac7b-7c23236fddba | ITER: 64 START
2019-11-15 13:44:36.473 141 INFO rally.task.runner [-] Task 7a1d5cc6-f0c2-4b45-ac7b-7c23236fddba | ITER: 48 END: OK
2019-11-15 13:44:36.476 141 INFO rally.task.runner [-] Task 7a1d5cc6-f0c2-4b45-ac7b-7c23236fddba | ITER: 65 START
2019-11-15 13:44:36.992 140 INFO rally.task.runner [-] Task 7a1d5cc6-f0c2-4b45-ac7b-7c23236fddba | ITER: 44 END: OK
2019-11-15 13:44:36.995 140 INFO rally.task.runner [-] Task 7a1d5cc6-f0c2-4b45-ac7b-7c23236fddba | ITER: 66 START
2019-11-15 13:44:37.045 162 INFO rally.task.runner [-] Task 7a1d5cc6-f0c2-4b45-ac7b-7c23236fddba | ITER: 49 END: OK
2019-11-15 13:44:37.049 162 INFO rally.task.runner [-] Task 7a1d5cc6-f0c2-4b45-ac7b-7c23236fddba | ITER: 67 START
2019-11-15 13:44:37.314 142 INFO rally.task.runner [-] Task 7a1d5cc6-f0c2-4b45-ac7b-7c23236fddba | ITER: 51 END: OK
2019-11-15 13:44:37.318 142 INFO rally.task.runner [-] Task 7a1d5cc6-f0c2-4b45-ac7b-7c23236fddba | ITER: 68 START
2019-11-15 13:44:38.363 147 INFO rally.task.runner [-] Task 7a1d5cc6-f0c2-4b45-ac7b-7c23236fddba | ITER: 45 END: OK
2019-11-15 13:44:38.367 147 INFO rally.task.runner [-] Task 7a1d5cc6-f0c2-4b45-ac7b-7c23236fddba | ITER: 69 START
2019-11-15 13:44:38.385 157 INFO rally.task.runner [-] Task 7a1d5cc6-f0c2-4b45-ac7b-7c23236fddba | ITER: 54 END: OK
2019-11-15 13:44:38.388 157 INFO rally.task.runner [-] Task 7a1d5cc6-f0c2-4b45-ac7b-7c23236fddba | ITER: 70 START
2019-11-15 13:44:38.395 186 INFO rally.task.runner [-] Task 7a1d5cc6-f0c2-4b45-ac7b-7c23236fddba | ITER: 53 END: OK
2019-11-15 13:44:38.399 186 INFO rally.task.runner [-] Task 7a1d5cc6-f0c2-4b45-ac7b-7c23236fddba | ITER: 71 START
2019-11-15 13:44:38.414 154 INFO rally.task.runner [-] Task 7a1d5cc6-f0c2-4b45-ac7b-7c23236fddba | ITER: 52 END: OK
2019-11-15 13:44:38.418 154 INFO rally.task.runner [-] Task 7a1d5cc6-f0c2-4b45-ac7b-7c23236fddba | ITER: 72 START
2019-11-15 13:44:38.676 180 INFO rally.task.runner [-] Task 7a1d5cc6-f0c2-4b45-ac7b-7c23236fddba | ITER: 59 END: OK
2019-11-15 13:44:38.679 180 INFO rally.task.runner [-] Task 7a1d5cc6-f0c2-4b45-ac7b-7c23236fddba | ITER: 73 START
2019-11-15 13:44:41.181 173 INFO rally.task.runner [-] Task 7a1d5cc6-f0c2-4b45-ac7b-7c23236fddba | ITER: 42 END: OK
2019-11-15 13:44:41.183 186 INFO rally.task.runner [-] Task 7a1d5cc6-f0c2-4b45-ac7b-7c23236fddba | ITER: 71 END: OK
2019-11-15 13:44:41.185 173 INFO rally.task.runner [-] Task 7a1d5cc6-f0c2-4b45-ac7b-7c23236fddba | ITER: 74 START
2019-11-15 13:44:41.186 186 INFO rally.task.runner [-] Task 7a1d5cc6-f0c2-4b45-ac7b-7c23236fddba | ITER: 75 START
2019-11-15 13:44:41.466 175 INFO rally.task.runner [-] Task 7a1d5cc6-f0c2-4b45-ac7b-7c23236fddba | ITER: 63 END: OK
2019-11-15 13:44:41.469 175 INFO rally.task.runner [-] Task 7a1d5cc6-f0c2-4b45-ac7b-7c23236fddba | ITER: 76 START
2019-11-15 13:44:41.476 139 INFO rally.task.runner [-] Task 7a1d5cc6-f0c2-4b45-ac7b-7c23236fddba | ITER: 57 END: OK
2019-11-15 13:44:41.480 139 INFO rally.task.runner [-] Task 7a1d5cc6-f0c2-4b45-ac7b-7c23236fddba | ITER: 77 START
2019-11-15 13:44:41.608 185 INFO rally.task.runner [-] Task 7a1d5cc6-f0c2-4b45-ac7b-7c23236fddba | ITER: 58 END: OK
2019-11-15 13:44:41.612 185 INFO rally.task.runner [-] Task 7a1d5cc6-f0c2-4b45-ac7b-7c23236fddba | ITER: 78 START
2019-11-15 13:44:41.659 141 INFO rally.task.runner [-] Task 7a1d5cc6-f0c2-4b45-ac7b-7c23236fddba | ITER: 65 END: OK
2019-11-15 13:44:41.662 141 INFO rally.task.runner [-] Task 7a1d5cc6-f0c2-4b45-ac7b-7c23236fddba | ITER: 79 START
2019-11-15 13:44:41.814 174 INFO rally.task.runner [-] Task 7a1d5cc6-f0c2-4b45-ac7b-7c23236fddba | ITER: 60 END: OK
2019-11-15 13:44:41.816 151 INFO rally.task.runner [-] Task 7a1d5cc6-f0c2-4b45-ac7b-7c23236fddba | ITER: 56 END: OK
2019-11-15 13:44:41.818 174 INFO rally.task.runner [-] Task 7a1d5cc6-f0c2-4b45-ac7b-7c23236fddba | ITER: 80 START
2019-11-15 13:44:41.819 151 INFO rally.task.runner [-] Task 7a1d5cc6-f0c2-4b45-ac7b-7c23236fddba | ITER: 81 START
2019-11-15 13:44:41.877 160 INFO rally.task.runner [-] Task 7a1d5cc6-f0c2-4b45-ac7b-7c23236fddba | ITER: 64 END: OK
2019-11-15 13:44:41.881 160 INFO rally.task.runner [-] Task 7a1d5cc6-f0c2-4b45-ac7b-7c23236fddba | ITER: 82 START
2019-11-15 13:44:42.604 140 INFO rally.task.runner [-] Task 7a1d5cc6-f0c2-4b45-ac7b-7c23236fddba | ITER: 66 END: OK
2019-11-15 13:44:42.607 140 INFO rally.task.runner [-] Task 7a1d5cc6-f0c2-4b45-ac7b-7c23236fddba | ITER: 83 START
2019-11-15 13:44:42.772 147 INFO rally.task.runner [-] Task 7a1d5cc6-f0c2-4b45-ac7b-7c23236fddba | ITER: 69 END: OK
2019-11-15 13:44:42.776 147 INFO rally.task.runner [-] Task 7a1d5cc6-f0c2-4b45-ac7b-7c23236fddba | ITER: 84 START
2019-11-15 13:44:42.778 142 INFO rally.task.runner [-] Task 7a1d5cc6-f0c2-4b45-ac7b-7c23236fddba | ITER: 68 END: OK
2019-11-15 13:44:42.782 142 INFO rally.task.runner [-] Task 7a1d5cc6-f0c2-4b45-ac7b-7c23236fddba | ITER: 85 START
2019-11-15 13:44:43.062 154 INFO rally.task.runner [-] Task 7a1d5cc6-f0c2-4b45-ac7b-7c23236fddba | ITER: 72 END: OK
2019-11-15 13:44:43.066 154 INFO rally.task.runner [-] Task 7a1d5cc6-f0c2-4b45-ac7b-7c23236fddba | ITER: 86 START
2019-11-15 13:44:43.235 157 INFO rally.task.runner [-] Task 7a1d5cc6-f0c2-4b45-ac7b-7c23236fddba | ITER: 70 END: OK
2019-11-15 13:44:43.238 157 INFO rally.task.runner [-] Task 7a1d5cc6-f0c2-4b45-ac7b-7c23236fddba | ITER: 87 START
2019-11-15 13:44:43.450 161 INFO rally.task.runner [-] Task 7a1d5cc6-f0c2-4b45-ac7b-7c23236fddba | ITER: 50 END: OK
2019-11-15 13:44:43.453 161 INFO rally.task.runner [-] Task 7a1d5cc6-f0c2-4b45-ac7b-7c23236fddba | ITER: 88 START
2019-11-15 13:44:45.169 186 INFO rally.task.runner [-] Task 7a1d5cc6-f0c2-4b45-ac7b-7c23236fddba | ITER: 75 END: OK
2019-11-15 13:44:45.173 186 INFO rally.task.runner [-] Task 7a1d5cc6-f0c2-4b45-ac7b-7c23236fddba | ITER: 89 START
2019-11-15 13:44:45.581 170 INFO rally.task.runner [-] Task 7a1d5cc6-f0c2-4b45-ac7b-7c23236fddba | ITER: 61 END: OK
2019-11-15 13:44:45.585 170 INFO rally.task.runner [-] Task 7a1d5cc6-f0c2-4b45-ac7b-7c23236fddba | ITER: 90 START
2019-11-15 13:44:45.611 175 INFO rally.task.runner [-] Task 7a1d5cc6-f0c2-4b45-ac7b-7c23236fddba | ITER: 76 END: OK
2019-11-15 13:44:45.614 175 INFO rally.task.runner [-] Task 7a1d5cc6-f0c2-4b45-ac7b-7c23236fddba | ITER: 91 START
2019-11-15 13:44:45.902 142 INFO rally.task.runner [-] Task 7a1d5cc6-f0c2-4b45-ac7b-7c23236fddba | ITER: 85 END: OK
2019-11-15 13:44:45.907 142 INFO rally.task.runner [-] Task 7a1d5cc6-f0c2-4b45-ac7b-7c23236fddba | ITER: 92 START
2019-11-15 13:44:46.032 173 INFO rally.task.runner [-] Task 7a1d5cc6-f0c2-4b45-ac7b-7c23236fddba | ITER: 74 END: OK
2019-11-15 13:44:46.036 173 INFO rally.task.runner [-] Task 7a1d5cc6-f0c2-4b45-ac7b-7c23236fddba | ITER: 93 START
2019-11-15 13:44:46.267 162 INFO rally.task.runner [-] Task 7a1d5cc6-f0c2-4b45-ac7b-7c23236fddba | ITER: 67 END: OK
2019-11-15 13:44:46.271 162 INFO rally.task.runner [-] Task 7a1d5cc6-f0c2-4b45-ac7b-7c23236fddba | ITER: 94 START
2019-11-15 13:44:46.286 139 INFO rally.task.runner [-] Task 7a1d5cc6-f0c2-4b45-ac7b-7c23236fddba | ITER: 77 END: OK
2019-11-15 13:44:46.290 139 INFO rally.task.runner [-] Task 7a1d5cc6-f0c2-4b45-ac7b-7c23236fddba | ITER: 95 START
2019-11-15 13:44:47.462 141 INFO rally.task.runner [-] Task 7a1d5cc6-f0c2-4b45-ac7b-7c23236fddba | ITER: 79 END: OK
2019-11-15 13:44:47.468 141 INFO rally.task.runner [-] Task 7a1d5cc6-f0c2-4b45-ac7b-7c23236fddba | ITER: 96 START
2019-11-15 13:44:47.784 142 INFO rally.task.runner [-] Task 7a1d5cc6-f0c2-4b45-ac7b-7c23236fddba | ITER: 92 END: OK
2019-11-15 13:44:47.787 142 INFO rally.task.runner [-] Task 7a1d5cc6-f0c2-4b45-ac7b-7c23236fddba | ITER: 97 START
2019-11-15 13:44:47.830 143 INFO rally.task.runner [-] Task 7a1d5cc6-f0c2-4b45-ac7b-7c23236fddba | ITER: 62 END: OK
2019-11-15 13:44:47.834 143 INFO rally.task.runner [-] Task 7a1d5cc6-f0c2-4b45-ac7b-7c23236fddba | ITER: 98 START
2019-11-15 13:44:48.722 160 INFO rally.task.runner [-] Task 7a1d5cc6-f0c2-4b45-ac7b-7c23236fddba | ITER: 82 END: OK
2019-11-15 13:44:48.728 160 INFO rally.task.runner [-] Task 7a1d5cc6-f0c2-4b45-ac7b-7c23236fddba | ITER: 99 START
2019-11-15 13:44:49.439 185 INFO rally.task.runner [-] Task 7a1d5cc6-f0c2-4b45-ac7b-7c23236fddba | ITER: 78 END: OK
2019-11-15 13:44:49.444 185 INFO rally.task.runner [-] Task 7a1d5cc6-f0c2-4b45-ac7b-7c23236fddba | ITER: 100 START
2019-11-15 13:44:49.451 151 INFO rally.task.runner [-] Task 7a1d5cc6-f0c2-4b45-ac7b-7c23236fddba | ITER: 81 END: OK
2019-11-15 13:44:49.457 174 INFO rally.task.runner [-] Task 7a1d5cc6-f0c2-4b45-ac7b-7c23236fddba | ITER: 80 END: OK
2019-11-15 13:44:49.458 147 INFO rally.task.runner [-] Task 7a1d5cc6-f0c2-4b45-ac7b-7c23236fddba | ITER: 84 END: OK
2019-11-15 13:44:49.828 140 INFO rally.task.runner [-] Task 7a1d5cc6-f0c2-4b45-ac7b-7c23236fddba | ITER: 83 END: OK
2019-11-15 13:44:50.173 154 INFO rally.task.runner [-] Task 7a1d5cc6-f0c2-4b45-ac7b-7c23236fddba | ITER: 86 END: OK
2019-11-15 13:44:51.224 167 INFO rally.task.runner [-] Task 7a1d5cc6-f0c2-4b45-ac7b-7c23236fddba | ITER: 55 END: OK
2019-11-15 13:44:52.162 180 INFO rally.task.runner [-] Task 7a1d5cc6-f0c2-4b45-ac7b-7c23236fddba | ITER: 73 END: OK
2019-11-15 13:44:52.191 175 INFO rally.task.runner [-] Task 7a1d5cc6-f0c2-4b45-ac7b-7c23236fddba | ITER: 91 END: OK
2019-11-15 13:44:52.195 173 INFO rally.task.runner [-] Task 7a1d5cc6-f0c2-4b45-ac7b-7c23236fddba | ITER: 93 END: OK
2019-11-15 13:44:52.219 170 INFO rally.task.runner [-] Task 7a1d5cc6-f0c2-4b45-ac7b-7c23236fddba | ITER: 90 END: OK
2019-11-15 13:44:52.702 161 INFO rally.task.runner [-] Task 7a1d5cc6-f0c2-4b45-ac7b-7c23236fddba | ITER: 88 END: OK
2019-11-15 13:44:53.230 186 INFO rally.task.runner [-] Task 7a1d5cc6-f0c2-4b45-ac7b-7c23236fddba | ITER: 89 END: OK
2019-11-15 13:44:53.461 157 INFO rally.task.runner [-] Task 7a1d5cc6-f0c2-4b45-ac7b-7c23236fddba | ITER: 87 END: OK
2019-11-15 13:44:53.685 162 INFO rally.task.runner [-] Task 7a1d5cc6-f0c2-4b45-ac7b-7c23236fddba | ITER: 94 END: OK
2019-11-15 13:44:54.037 139 INFO rally.task.runner [-] Task 7a1d5cc6-f0c2-4b45-ac7b-7c23236fddba | ITER: 95 END: OK
2019-11-15 13:44:54.463 141 INFO rally.task.runner [-] Task 7a1d5cc6-f0c2-4b45-ac7b-7c23236fddba | ITER: 96 END: OK
2019-11-15 13:44:55.136 142 INFO rally.task.runner [-] Task 7a1d5cc6-f0c2-4b45-ac7b-7c23236fddba | ITER: 97 END: OK
2019-11-15 13:44:55.145 143 INFO rally.task.runner [-] Task 7a1d5cc6-f0c2-4b45-ac7b-7c23236fddba | ITER: 98 END: OK
2019-11-15 13:44:55.403 185 INFO rally.task.runner [-] Task 7a1d5cc6-f0c2-4b45-ac7b-7c23236fddba | ITER: 100 END: OK
2019-11-15 13:44:55.636 160 INFO rally.task.runner [-] Task 7a1d5cc6-f0c2-4b45-ac7b-7c23236fddba | ITER: 99 END: OK
2019-11-15 13:44:55.664 15 INFO rally.task.context [-] Task 7a1d5cc6-f0c2-4b45-ac7b-7c23236fddba | Context cleanup@openstack cleanup() started
2019-11-15 13:44:55.671 15 RALLYDEBUG rally_openstack.cleanup.manager [-] Cleaning up neutron vip objects
2019-11-15 13:44:55.872 15 RALLYDEBUG rally_openstack.cleanup.manager [-] Cleaning up neutron health_monitor objects
2019-11-15 13:44:56.066 15 RALLYDEBUG rally_openstack.cleanup.manager [-] Cleaning up neutron pool objects
2019-11-15 13:44:56.248 15 RALLYDEBUG rally_openstack.cleanup.manager [-] Cleaning up neutron loadbalancer objects
2019-11-15 13:44:56.428 15 RALLYDEBUG rally_openstack.cleanup.manager [-] Cleaning up neutron floatingip objects
2019-11-15 13:44:56.639 15 RALLYDEBUG rally_openstack.cleanup.manager [-] Cleaning up neutron trunk objects
2019-11-15 13:44:56.823 15 DEBUG neutronclient.v2_0.client [-] Error message: {"message": "The resource could not be found.

\n\n\n", "code": "404 Not Found", "title": "Not Found"} _handle_fault_response /usr/lib/python2.7/site-packages/neutronclient/v2_0/client.py:259
2019-11-15 13:44:56.836 15 RALLYDEBUG rally_openstack.cleanup.manager [-] Cleaning up neutron port objects
2019-11-15 13:44:57.233 15 RALLYDEBUG rally_openstack.cleanup.manager [-] Cleaning up neutron subnet objects
2019-11-15 13:44:57.454 15 RALLYDEBUG rally_openstack.cleanup.manager [-] Cleaning up neutron network objects
2019-11-15 13:44:58.017 15 RALLYDEBUG rally_openstack.cleanup.manager [-] Deleting neutron.network object s_rally_9b2beeb9_gWyJiFL2 (0fa8338e-0f6f-4b88-8f46-d6b7a4eb9cb8)
2019-11-15 13:44:58.018 15 RALLYDEBUG rally_openstack.cleanup.manager [-] Deleting neutron.network object s_rally_9b2beeb9_L8iVD6BO (0021771c-c911-4f43-9b65-2aa3384ddd22)
2019-11-15 13:44:58.022 15 RALLYDEBUG rally_openstack.cleanup.manager [-] Deleting neutron.network object s_rally_9b2beeb9_N7a2qR93 (0b15d432-22aa-419c-8584-2d6499fe9a24)
2019-11-15 13:44:58.022 15 RALLYDEBUG rally_openstack.cleanup.manager [-] Deleting neutron.network object s_rally_9b2beeb9_iWgGa85z (035eef4a-4e65-4969-8257-0c5253fb9984)
2019-11-15 13:44:58.029 15 RALLYDEBUG rally_openstack.cleanup.manager [-] Deleting neutron.network object s_rally_9b2beeb9_npIeeutJ (0b23aa92-b149-4d3f-9b6b-976ba500dde6)
2019-11-15 13:44:58.038 15 RALLYDEBUG rally_openstack.cleanup.manager [-] Deleting neutron.network object s_rally_9b2beeb9_5GryyBLf (1218ff95-4fd9-490e-9150-6ffc6544ed6d)
2019-11-15 13:44:58.051 15 RALLYDEBUG rally_openstack.cleanup.manager [-] Deleting neutron.network object s_rally_9b2beeb9_aFo9aJC9 (137c6f96-e54b-4d58-8588-e15056638248)
2019-11-15 13:44:58.062 15 RALLYDEBUG rally_openstack.cleanup.manager [-] Deleting neutron.network object s_rally_9b2beeb9_R5W8PRE7 (13c261e7-8b66-4719-a7de-8cde46cc3297)
2019-11-15 13:44:58.085 15 RALLYDEBUG rally_openstack.cleanup.manager [-] Deleting neutron.network object s_rally_9b2beeb9_2CTQWXpN (13e4a6d6-4fac-4b20-99c7-608dc4ff1486)
2019-11-15 13:44:58.085 15 RALLYDEBUG rally_openstack.cleanup.manager [-] Deleting neutron.network object s_rally_9b2beeb9_CM5dQevR (14b81296-f221-4e27-848a-6584df0b3374)
2019-11-15 13:44:58.096 15 RALLYDEBUG rally_openstack.cleanup.manager [-] Deleting neutron.network object s_rally_9b2beeb9_hfC7KsOQ (0d73eae9-6267-4d54-bc7a-012bfea15bce)
2019-11-15 13:44:58.108 15 RALLYDEBUG rally_openstack.cleanup.manager [-] Deleting neutron.network object s_rally_9b2beeb9_W1sBGvlK (1a27f664-2956-4226-8d5c-4bb7c6f42a91)
2019-11-15 13:44:58.129 15 RALLYDEBUG rally_openstack.cleanup.manager [-] Deleting neutron.network object s_rally_9b2beeb9_gNeLnbRj (1d3894da-0291-40a5-bb0e-19f5cdbcc290)
2019-11-15 13:44:58.132 15 RALLYDEBUG rally_openstack.cleanup.manager [-] Deleting neutron.network object s_rally_9b2beeb9_aWNGsXcM (20ff083a-0d20-4ae3-8a56-f146deb20446)
2019-11-15 13:44:58.141 15 RALLYDEBUG rally_openstack.cleanup.manager [-] Deleting neutron.network object s_rally_9b2beeb9_RS15z08B (25a78946-4052-42c4-bd5f-77a57d598549)
2019-11-15 13:44:58.201 15 RALLYDEBUG rally_openstack.cleanup.manager [-] Deleting neutron.network object s_rally_9b2beeb9_y5zvyArx (21410c62-cab2-4159-9feb-92a81c899373)
2019-11-15 13:44:58.206 15 RALLYDEBUG rally_openstack.cleanup.manager [-] Deleting neutron.network object s_rally_9b2beeb9_WySPFNtd (26efbab7-c8d1-44ac-b62c-75eaf498e913)
2019-11-15 13:44:58.210 15 RALLYDEBUG rally_openstack.cleanup.manager [-] Deleting neutron.network object s_rally_9b2beeb9_Z5F4nrow (2a6d66e6-bafa-415e-a1b3-2a7f5aac49ed)
2019-11-15 13:44:58.215 15 RALLYDEBUG rally_openstack.cleanup.manager [-] Deleting neutron.network object s_rally_9b2beeb9_5wSgem58 (29e4deca-e23a-467f-bc98-6080c8fe55a2)
2019-11-15 13:44:58.286 15 RALLYDEBUG rally_openstack.cleanup.manager [-] Deleting neutron.network object s_rally_9b2beeb9_WNQV2Y2p (2bfca2c3-b314-48bf-8347-998ecbc94745)
2019-11-15 13:45:02.683 15 RALLYDEBUG rally_openstack.cleanup.manager [-] Deleting neutron.network object s_rally_9b2beeb9_vtwmPCq6 (2ecda6fd-f13a-4667-8497-d3e4593aa68c)
2019-11-15 13:45:04.752 15 RALLYDEBUG rally_openstack.cleanup.manager [-] Deleting neutron.network object s_rally_9b2beeb9_Wh3mTcgv (2ef1cb95-3caf-454c-9c15-4731534b5577)
2019-11-15 13:45:05.157 15 RALLYDEBUG rally_openstack.cleanup.manager [-] Deleting neutron.network object s_rally_9b2beeb9_UQvM3GQP (34f32850-4cb0-49ed-9add-2aa5d5829407)
2019-11-15 13:45:05.335 15 RALLYDEBUG rally_openstack.cleanup.manager [-] Deleting neutron.network object s_rally_9b2beeb9_0LgjIO4v (36e81c29-b8ee-41d8-b1e6-3be8bc18ef2c)
2019-11-15 13:45:05.359 15 RALLYDEBUG rally_openstack.cleanup.manager [-] Deleting neutron.network object s_rally_9b2beeb9_b840Jp0p (38fc8d7b-3610-4845-a8fd-e1aef18afa75)
2019-11-15 13:45:05.387 15 RALLYDEBUG rally_openstack.cleanup.manager [-] Deleting neutron.network object s_rally_9b2beeb9_PDpMJQ0E (4041b0ca-344d-476e-9f06-7d0e5a89a198)
2019-11-15 13:45:05.391 15 RALLYDEBUG rally_openstack.cleanup.manager [-] Deleting neutron.network object s_rally_9b2beeb9_HpL6dbSl (40839d50-f36b-4e2d-bf4b-061f329ec6cc)
2019-11-15 13:45:05.395 15 RALLYDEBUG rally_openstack.cleanup.manager [-] Deleting neutron.network object s_rally_9b2beeb9_GMGP8PyR (426615de-0a3a-4d1d-92d2-4294f072b2ce)
2019-11-15 13:45:05.452 15 RALLYDEBUG rally_openstack.cleanup.manager [-] Deleting neutron.network object s_rally_9b2beeb9_XYBorF2o (468327ea-af37-46a2-9135-aafcf254b957)
2019-11-15 13:45:05.459 15 RALLYDEBUG rally_openstack.cleanup.manager [-] Deleting neutron.network object s_rally_9b2beeb9_nq9IYkjI (4715bb88-44e1-437c-8e1d-c6d70dc7d7b0)
2019-11-15 13:45:05.913 15 RALLYDEBUG rally_openstack.cleanup.manager [-] Deleting neutron.network object s_rally_9b2beeb9_2ZSRumv3 (4b745f7e-f7f5-4cd0-b62c-58f2c4fabd55)
2019-11-15 13:45:05.921 15 RALLYDEBUG rally_openstack.cleanup.manager [-] Deleting neutron.network object s_rally_9b2beeb9_8h3EWU9W (4d7a3df3-856f-401d-9837-b97b5f5baa86)
2019-11-15 13:45:05.947 15 RALLYDEBUG rally_openstack.cleanup.manager [-] Deleting neutron.network object s_rally_9b2beeb9_ajWftuz4 (4e591031-9f87-45b8-816d-6aac5ace23ca)
2019-11-15 13:45:05.965 15 RALLYDEBUG rally_openstack.cleanup.manager [-] Deleting neutron.network object s_rally_9b2beeb9_AZDacN8g (52d1e77e-4c78-40b3-a056-907ec986da17)
2019-11-15 13:45:05.967 15 RALLYDEBUG rally_openstack.cleanup.manager [-] Deleting neutron.network object s_rally_9b2beeb9_bkmTcnYg (50540ebd-3ce8-461d-b53f-55f8edd50898)
2019-11-15 13:45:05.983 15 RALLYDEBUG rally_openstack.cleanup.manager [-] Deleting neutron.network object s_rally_9b2beeb9_P8a4YWta (53d465a7-cd40-4a6a-bc0e-bf7240c3de11)
2019-11-15 13:45:06.037 15 RALLYDEBUG rally_openstack.cleanup.manager [-] Deleting neutron.network object s_rally_9b2beeb9_ntWMNcKP (54d15e15-0e27-4440-9c96-249f52e33ce3)
2019-11-15 13:45:06.044 15 RALLYDEBUG rally_openstack.cleanup.manager [-] Deleting neutron.network object s_rally_9b2beeb9_IHbrUtFT (59e23be4-7555-4a80-a3b6-090a167d1995)
2019-11-15 13:45:06.062 15 RALLYDEBUG rally_openstack.cleanup.manager [-] Deleting neutron.network object s_rally_9b2beeb9_8HeuArqX (5aa08dcd-b6d2-45e6-b7ff-650833cadc7b)
2019-11-15 13:45:06.090 15 RALLYDEBUG rally_openstack.cleanup.manager [-] Deleting neutron.network object s_rally_9b2beeb9_T5LpX72N (5baaf196-f933-4ff7-bbfb-db59a690363b)
2019-11-15 13:45:06.176 15 RALLYDEBUG rally_openstack.cleanup.manager [-] Deleting neutron.network object s_rally_9b2beeb9_MKL9joDm (5e9d29ee-e840-4a81-9f98-9c0eda01e095)
2019-11-15 13:45:07.710 15 RALLYDEBUG rally_openstack.cleanup.manager [-] Deleting neutron.network object s_rally_9b2beeb9_MB9fa8X0 (60218b5f-61fe-4a7d-8dd1-c0a7f592c062)
2019-11-15 13:45:10.831 15 RALLYDEBUG rally_openstack.cleanup.manager [-] Deleting neutron.network object s_rally_9b2beeb9_GPgJFAVp (605ae51e-99b3-4c1f-8ea8-79ae9613077e)
2019-11-15 13:45:11.123 15 RALLYDEBUG rally_openstack.cleanup.manager [-] Deleting neutron.network object s_rally_9b2beeb9_i7lirGf8 (6454499f-3f2d-4261-b8e4-724e19ca116b)
2019-11-15 13:45:11.189 15 RALLYDEBUG rally_openstack.cleanup.manager [-] Deleting neutron.network object s_rally_9b2beeb9_vFzqh8M1 (6709177c-9792-4780-aa43-eaab4db21b6d)
2019-11-15 13:45:11.388 15 RALLYDEBUG rally_openstack.cleanup.manager [-] Deleting neutron.network object s_rally_9b2beeb9_m9hneEaA (6aa16834-112e-495b-8dc8-8f9ebb938211)
2019-11-15 13:45:12.692 15 RALLYDEBUG rally_openstack.cleanup.manager [-] Deleting neutron.network object s_rally_9b2beeb9_323IbANi (6c9d7005-0913-4c74-89ca-99d820a28f6a)
2019-11-15 13:45:12.712 15 RALLYDEBUG rally_openstack.cleanup.manager [-] Deleting neutron.network object s_rally_9b2beeb9_Hzkn51p6 (6d1a159a-727a-49f6-8f6f-81d21862d67c)
2019-11-15 13:45:12.751 15 RALLYDEBUG rally_openstack.cleanup.manager [-] Deleting neutron.network object s_rally_9b2beeb9_Wq9XNr9l (720a9776-cca9-4815-ad84-c4af40359aa2)
2019-11-15 13:45:12.752 15 RALLYDEBUG rally_openstack.cleanup.manager [-] Deleting neutron.network object s_rally_9b2beeb9_xDrQAsoT (719de1de-6cca-44e4-8aca-0baa2b23f5b0)
2019-11-15 13:45:12.916 15 RALLYDEBUG rally_openstack.cleanup.manager [-] Deleting neutron.network object s_rally_9b2beeb9_dYSxqvly (762a012a-af77-4875-bdff-5c1331885de3)
2019-11-15 13:45:12.923 15 RALLYDEBUG rally_openstack.cleanup.manager [-] Deleting neutron.network object s_rally_9b2beeb9_9k6CQ82S (7773d241-3523-49db-a549-3da1ca840573)
2019-11-15 13:45:12.962 15 RALLYDEBUG rally_openstack.cleanup.manager [-] Deleting neutron.network object s_rally_9b2beeb9_hsyZ42xx (78e97994-ee35-41c3-ab8d-b5668f58fdfe)
2019-11-15 13:45:13.002 15 RALLYDEBUG rally_openstack.cleanup.manager [-] Deleting neutron.network object s_rally_9b2beeb9_oXxagEOi (798b39d2-8145-426c-86f2-7053380e4eba)
2019-11-15 13:45:13.388 15 RALLYDEBUG rally_openstack.cleanup.manager [-] Deleting neutron.network object s_rally_9b2beeb9_Ll9tBQBO (7a2aeb8c-9d31-484a-90c7-4b400ba4dafb)
2019-11-15 13:45:13.434 15 RALLYDEBUG rally_openstack.cleanup.manager [-] Deleting neutron.network object s_rally_9b2beeb9_x21ecMWQ (7aad465f-188a-4760-bf1b-89e0e4ca2285)
2019-11-15 13:45:13.439 15 RALLYDEBUG rally_openstack.cleanup.manager [-] Deleting neutron.network object s_rally_9b2beeb9_2WNnsrnd (7b355406-c4b5-4881-a899-7090904573ec)
2019-11-15 13:45:13.528 15 RALLYDEBUG rally_openstack.cleanup.manager [-] Deleting neutron.network object s_rally_9b2beeb9_7NjVf7vo (83bb147c-740f-4f2c-8109-7f603223241c)
2019-11-15 13:45:13.584 15 RALLYDEBUG rally_openstack.cleanup.manager [-] Deleting neutron.network object s_rally_9b2beeb9_fWcalyRj (90dd8959-d157-41db-ac99-bb707dedd39e)
2019-11-15 13:45:13.613 15 RALLYDEBUG rally_openstack.cleanup.manager [-] Deleting neutron.network object s_rally_9b2beeb9_YrIPcluM (92f587f5-e544-4c8e-bbee-085ab97f6e56)
2019-11-15 13:45:13.639 15 RALLYDEBUG rally_openstack.cleanup.manager [-] Deleting neutron.network object s_rally_9b2beeb9_7AcbtXts (94038d37-cf12-49b8-8850-ba190b4d56c8)
2019-11-15 13:45:14.299 15 RALLYDEBUG rally_openstack.cleanup.manager [-] Deleting neutron.network object s_rally_9b2beeb9_D7f8AorH (9821ae53-d292-485f-a61a-c8179ab06201)
2019-11-15 13:45:14.307 15 RALLYDEBUG rally_openstack.cleanup.manager [-] Deleting neutron.network object s_rally_9b2beeb9_Azuf6CKi (9d733b1c-30dd-4f19-9c55-bbbb3ab7b52e)
2019-11-15 13:45:14.456 15 RALLYDEBUG rally_openstack.cleanup.manager [-] Deleting neutron.network object s_rally_9b2beeb9_gpqRCDTf (9eec17d1-f191-403f-8a7c-ef546da56c08)
2019-11-15 13:45:15.904 15 RALLYDEBUG rally_openstack.cleanup.manager [-] Deleting neutron.network object s_rally_9b2beeb9_xRs6HZCs (9fdbe002-afbd-4417-b972-189e73a18cd9)
2019-11-15 13:45:15.909 15 RALLYDEBUG rally_openstack.cleanup.manager [-] Deleting neutron.network object s_rally_9b2beeb9_ZC1U0D0C (a2903f24-e4ec-4da0-9e6b-c7e259c1f5b4)
2019-11-15 13:45:17.800 15 RALLYDEBUG rally_openstack.cleanup.manager [-] Deleting neutron.network object s_rally_9b2beeb9_J7A9zHBV (a3608da2-cb99-4bb2-8e11-bc824b41f42c)
2019-11-15 13:45:17.802 15 RALLYDEBUG rally_openstack.cleanup.manager [-] Deleting neutron.network object s_rally_9b2beeb9_LzPlACPI (a2ebb9a8-bdc7-4997-899c-b52cdcef1fd5)
2019-11-15 13:45:17.888 15 RALLYDEBUG rally_openstack.cleanup.manager [-] Deleting neutron.network object s_rally_9b2beeb9_h2z0XS0D (a5200cd4-8472-4f1f-a316-6e7ceb445f4d)
2019-11-15 13:45:18.496 15 RALLYDEBUG rally_openstack.cleanup.manager [-] Deleting neutron.network object s_rally_9b2beeb9_6WTFMxWf (a7c2fecb-52a7-4622-9fe9-50905c069924)
2019-11-15 13:45:18.641 15 RALLYDEBUG rally_openstack.cleanup.manager [-] Deleting neutron.network object s_rally_9b2beeb9_6mpNZ21e (ac294bf4-e72f-4b1d-9d56-bc05a30390dc)
2019-11-15 13:45:19.264 15 RALLYDEBUG rally_openstack.cleanup.manager [-] Deleting neutron.network object s_rally_9b2beeb9_RjGYLX6h (ad61479d-eb9a-462a-9fbe-a1d41364ea08)
2019-11-15 13:45:20.389 15 RALLYDEBUG rally_openstack.cleanup.manager [-] Deleting neutron.network object s_rally_9b2beeb9_TH9lVYIK (aeecd41f-027a-41ff-ba40-09ddef77a823)
2019-11-15 13:45:20.416 15 RALLYDEBUG rally_openstack.cleanup.manager [-] Deleting neutron.network object s_rally_9b2beeb9_1PFNaBeo (b057fded-4f0d-439b-b175-6cd9783226d8)
2019-11-15 13:45:21.297 15 RALLYDEBUG rally_openstack.cleanup.manager [-] Deleting neutron.network object s_rally_9b2beeb9_rfyzOur1 (b5b5bb2a-2ecc-42b0-9db6-e46a3f88d65b)
2019-11-15 13:45:23.258 15 RALLYDEBUG rally_openstack.cleanup.manager [-] Deleting neutron.network object s_rally_9b2beeb9_0omUqWfM (b867eb64-cccd-4588-8c0b-0201ad82a65e)
2019-11-15 13:45:23.681 15 RALLYDEBUG rally_openstack.cleanup.manager [-] Deleting neutron.network object s_rally_9b2beeb9_6lhr8Kae (bb805be6-3f5b-41e4-aed6-cef6a16a2e19)
2019-11-15 13:45:23.693 15 RALLYDEBUG rally_openstack.cleanup.manager [-] Deleting neutron.network object s_rally_9b2beeb9_NZf9Qa3X (bc0bfcb3-b8f8-403a-b320-00931065f4ce)
2019-11-15 13:45:24.085 15 RALLYDEBUG rally_openstack.cleanup.manager [-] Deleting neutron.network object s_rally_9b2beeb9_0GFRNpj1 (c01c74d1-5a3a-4fb0-81e4-97f77e337083)
2019-11-15 13:45:24.366 15 RALLYDEBUG rally_openstack.cleanup.manager [-] Deleting neutron.network object s_rally_9b2beeb9_V9HWSom8 (c502d582-96af-4857-991c-8728177c8db9)
