2019-11-15 14:28:51.588 4617 INFO rally.task.runner [-] Task 7a1d5cc6-f0c2-4b45-ac7b-7c23236fddba | ITER: 27 END: OK
2019-11-15 14:28:51.655 4632 INFO rally.task.runner [-] Task 7a1d5cc6-f0c2-4b45-ac7b-7c23236fddba | ITER: 30 END: OK
2019-11-15 14:28:51.657 4614 INFO rally.task.runner [-] Task 7a1d5cc6-f0c2-4b45-ac7b-7c23236fddba | ITER: 29 END: OK
2019-11-15 14:28:52.234 4605 INFO rally.task.runner [-] Task 7a1d5cc6-f0c2-4b45-ac7b-7c23236fddba | ITER: 34 END: OK
2019-11-15 14:28:52.293 4635 INFO rally.task.runner [-] Task 7a1d5cc6-f0c2-4b45-ac7b-7c23236fddba | ITER: 40 END: OK
2019-11-15 14:28:52.415 4643 INFO rally.task.runner [-] Task 7a1d5cc6-f0c2-4b45-ac7b-7c23236fddba | ITER: 38 END: OK
2019-11-15 14:28:52.416 4644 INFO rally.task.runner [-] Task 7a1d5cc6-f0c2-4b45-ac7b-7c23236fddba | ITER: 39 END: OK
2019-11-15 14:28:52.445 4639 INFO rally.task.runner [-] Task 7a1d5cc6-f0c2-4b45-ac7b-7c23236fddba | ITER: 36 END: OK
2019-11-15 14:28:52.472 15 INFO rally.task.context [-] Task 7a1d5cc6-f0c2-4b45-ac7b-7c23236fddba | Context cleanup@openstack cleanup() started
2019-11-15 14:28:52.477 15 RALLYDEBUG rally_openstack.cleanup.manager [-] Cleaning up neutron vip objects
2019-11-15 14:28:52.708 15 RALLYDEBUG rally_openstack.cleanup.manager [-] Cleaning up neutron health_monitor objects
2019-11-15 14:28:52.876 15 RALLYDEBUG rally_openstack.cleanup.manager [-] Cleaning up neutron pool objects
2019-11-15 14:28:53.061 15 RALLYDEBUG rally_openstack.cleanup.manager [-] Cleaning up neutron loadbalancer objects
2019-11-15 14:28:53.242 15 RALLYDEBUG rally_openstack.cleanup.manager [-] Cleaning up neutron floatingip objects
2019-11-15 14:28:53.459 15 RALLYDEBUG rally_openstack.cleanup.manager [-] Cleaning up neutron trunk objects
2019-11-15 14:28:53.641 15 DEBUG neutronclient.v2_0.client [-] Error message: {"message": "The resource could not be found.

\n\n\n", "code": "404 Not Found", "title": "Not Found"} _handle_fault_response /usr/lib/python2.7/site-packages/neutronclient/v2_0/client.py:259
2019-11-15 14:28:53.650 15 RALLYDEBUG rally_openstack.cleanup.manager [-] Cleaning up neutron port objects
2019-11-15 14:28:53.881 15 RALLYDEBUG rally_openstack.cleanup.manager [-] Cleaning up neutron subnet objects
2019-11-15 14:28:54.109 15 RALLYDEBUG rally_openstack.cleanup.manager [-] Cleaning up neutron network objects
2019-11-15 14:28:54.592 15 RALLYDEBUG rally_openstack.cleanup.manager [-] Deleting neutron.network object s_rally_01ec4ac9_nSGJp7pU (16ecb843-cd9b-4f21-a4d0-a4884587f6c4)
2019-11-15 14:28:54.592 15 RALLYDEBUG rally_openstack.cleanup.manager [-] Deleting neutron.network object s_rally_01ec4ac9_R1p2QRyy (170dc62a-8b00-4661-b6f3-e9b70bbcc148)
2019-11-15 14:28:54.596 15 RALLYDEBUG rally_openstack.cleanup.manager [-] Deleting neutron.network object s_rally_01ec4ac9_F8azMUOP (099d5674-0a9a-4322-9c60-bc0b88e87904)
2019-11-15 14:28:54.595 15 RALLYDEBUG rally_openstack.cleanup.manager [-] Deleting neutron.network object s_rally_01ec4ac9_Ng9CnW6H (0fcf5948-7e8e-4106-95c8-d8ea91ae5e4e)
2019-11-15 14:28:54.597 15 RALLYDEBUG rally_openstack.cleanup.manager [-] Deleting neutron.network object s_rally_01ec4ac9_x2pw0Gak (00d750fb-903f-4613-96f5-90175aa98648)
2019-11-15 14:28:54.596 15 RALLYDEBUG rally_openstack.cleanup.manager [-] Deleting neutron.network object s_rally_01ec4ac9_zzoV7FyQ (1239364e-1415-4767-8766-9e8121c4e664)
2019-11-15 14:28:54.601 15 RALLYDEBUG rally_openstack.cleanup.manager [-] Deleting neutron.network object s_rally_01ec4ac9_LdbgcZvG (1e5d0182-083a-4c14-bf8f-00615a5f511b)
2019-11-15 14:28:54.616 15 RALLYDEBUG rally_openstack.cleanup.manager [-] Deleting neutron.network object s_rally_01ec4ac9_3u6h9xUq (0e5bb0f6-0ac1-447e-a32e-df6e13c49c6b)
2019-11-15 14:28:54.634 15 RALLYDEBUG rally_openstack.cleanup.manager [-] Deleting neutron.network object s_rally_01ec4ac9_CMzu0lsB (18336af7-e774-4ca6-a647-6322cfc2ccb0)
2019-11-15 14:28:54.643 15 RALLYDEBUG rally_openstack.cleanup.manager [-] Deleting neutron.network object s_rally_01ec4ac9_HS6r7VQn (4156806d-c73a-48a3-8be4-e936612e8aaa)
2019-11-15 14:28:54.649 15 RALLYDEBUG rally_openstack.cleanup.manager [-] Deleting neutron.network object s_rally_01ec4ac9_VW2AILaE (36f8d201-4b4a-4c12-9227-eed01c8bd46d)
2019-11-15 14:28:54.654 15 RALLYDEBUG rally_openstack.cleanup.manager [-] Deleting neutron.network object s_rally_01ec4ac9_f1BwxdQ5 (41ae7905-2148-4627-85ac-cb59a3367e7d)
2019-11-15 14:28:54.679 15 RALLYDEBUG rally_openstack.cleanup.manager [-] Deleting neutron.network object s_rally_01ec4ac9_PqCMNutW (4653c5fd-fb98-48e5-8e39-3a2ea804cdcc)
2019-11-15 14:28:54.703 15 RALLYDEBUG rally_openstack.cleanup.manager [-] Deleting neutron.network object s_rally_01ec4ac9_YB8h4DsS (48a23d64-1204-4ba9-8277-1bdb12fd00f9)
2019-11-15 14:28:54.716 15 RALLYDEBUG rally_openstack.cleanup.manager [-] Deleting neutron.network object s_rally_01ec4ac9_NsHk7CsW (4874e577-fcc3-4439-9aa5-c0ac1de5b4d6)
2019-11-15 14:28:54.704 15 RALLYDEBUG rally_openstack.cleanup.manager [-] Deleting neutron.network object s_rally_01ec4ac9_tZ5tTXK3 (49fda056-fe53-463f-a576-c59ca46b9ee2)
2019-11-15 14:28:54.711 15 RALLYDEBUG rally_openstack.cleanup.manager [-] Deleting neutron.network object s_rally_01ec4ac9_x9RNgSaB (49f90677-475b-484e-808e-282fffd741e5)
2019-11-15 14:28:54.774 15 RALLYDEBUG rally_openstack.cleanup.manager [-] Deleting neutron.network object s_rally_01ec4ac9_Mp1cddqq (510b25e1-75bb-40ab-8911-88e41a310cc0)
2019-11-15 14:28:54.783 15 RALLYDEBUG rally_openstack.cleanup.manager [-] Deleting neutron.network object s_rally_01ec4ac9_iyjlknYW (569abb5e-8e67-4daa-961f-72129b98d5a2)
2019-11-15 14:28:54.815 15 RALLYDEBUG rally_openstack.cleanup.manager [-] Deleting neutron.network object s_rally_01ec4ac9_q5PWsZdG (54023f7e-b8c1-4b3f-a210-6dee6eea382b)
2019-11-15 14:29:00.362 15 RALLYDEBUG rally_openstack.cleanup.manager [-] Deleting neutron.network object s_rally_01ec4ac9_k9EHpok4 (70203f59-9781-4750-a9c4-75d329feeb54)
2019-11-15 14:29:00.817 15 RALLYDEBUG rally_openstack.cleanup.manager [-] Deleting neutron.network object s_rally_01ec4ac9_cHFykEFU (75646348-fa9f-406e-b13b-32d832e7d868)
2019-11-15 14:29:00.871 15 RALLYDEBUG rally_openstack.cleanup.manager [-] Deleting neutron.network object s_rally_01ec4ac9_hHk2BVU4 (79667762-3542-4df5-9561-f0d0c3dba88b)
2019-11-15 14:29:00.959 15 RALLYDEBUG rally_openstack.cleanup.manager [-] Deleting neutron.network object s_rally_01ec4ac9_v1aNfFpn (7b9433fe-8483-44e5-bd06-60afd6a5dea7)
2019-11-15 14:29:01.439 15 RALLYDEBUG rally_openstack.cleanup.manager [-] Deleting neutron.network object s_rally_01ec4ac9_ZRmI1ZL4 (7d7e0621-6500-457f-b80b-a32f10f05cbc)
2019-11-15 14:29:01.472 15 RALLYDEBUG rally_openstack.cleanup.manager [-] Deleting neutron.network object s_rally_01ec4ac9_IAaOAsJn (85010137-171d-4ef0-b97b-297dc0c42ed1)
2019-11-15 14:29:01.476 15 RALLYDEBUG rally_openstack.cleanup.manager [-] Deleting neutron.network object s_rally_01ec4ac9_5RldfmjY (86fb1218-e5ee-4b0b-b2d3-e387be89b19a)
2019-11-15 14:29:01.483 15 RALLYDEBUG rally_openstack.cleanup.manager [-] Deleting neutron.network object s_rally_01ec4ac9_MjG8hish (8a9a2abd-3836-4806-aef8-1e1cfe6e6911)
2019-11-15 14:29:01.524 15 RALLYDEBUG rally_openstack.cleanup.manager [-] Deleting neutron.network object s_rally_01ec4ac9_hwNjR6bh (972b419a-402f-4b10-9bbc-bb1ba31b5c83)
2019-11-15 14:29:01.568 15 RALLYDEBUG rally_openstack.cleanup.manager [-] Deleting neutron.network object s_rally_01ec4ac9_sgQQg0uS (a0f1a953-c4ff-4db4-9cc5-7ae23a6c1ba1)
2019-11-15 14:29:02.452 15 RALLYDEBUG rally_openstack.cleanup.manager [-] Deleting neutron.network object s_rally_01ec4ac9_95hVQU4r (a289c261-dac8-4d39-8532-de88ef3d469a)
2019-11-15 14:29:02.456 15 RALLYDEBUG rally_openstack.cleanup.manager [-] Deleting neutron.network object s_rally_01ec4ac9_l4dYtzhf (c237e224-4fbb-4457-a25c-fae33518a609)
2019-11-15 14:29:02.701 15 RALLYDEBUG rally_openstack.cleanup.manager [-] Deleting neutron.network object s_rally_01ec4ac9_DCFIYcjA (c298e500-2037-487a-a879-c747931a9311)
2019-11-15 14:29:02.705 15 RALLYDEBUG rally_openstack.cleanup.manager [-] Deleting neutron.network object s_rally_01ec4ac9_zabbPIbi (c2fc5163-213a-432a-b3c6-75bf2971b09f)
2019-11-15 14:29:02.712 15 RALLYDEBUG rally_openstack.cleanup.manager [-] Deleting neutron.network object s_rally_01ec4ac9_yetJ7tjd (cffedff7-fa23-4225-aeab-2a437c66ad21)
2019-11-15 14:29:02.725 15 RALLYDEBUG rally_openstack.cleanup.manager [-] Deleting neutron.network object s_rally_01ec4ac9_enEIRWzp (d02cc1dd-f94c-475b-933d-7e896a4d4337)
2019-11-15 14:29:02.745 15 RALLYDEBUG rally_openstack.cleanup.manager [-] Deleting neutron.network object s_rally_01ec4ac9_9oY7Scqy (d70d5647-f3d1-4ac5-bf92-231ff52b5d46)
2019-11-15 14:29:02.762 15 RALLYDEBUG rally_openstack.cleanup.manager [-] Deleting neutron.network object s_rally_01ec4ac9_HphJPEZp (e1348717-c213-4cbb-9920-35984fdc899f)
2019-11-15 14:29:02.958 15 RALLYDEBUG rally_openstack.cleanup.manager [-] Deleting neutron.network object s_rally_01ec4ac9_283Z7Git (efb29a24-1572-454e-9e1e-137f22fed0d2)
2019-11-15 14:29:02.966 15 RALLYDEBUG rally_openstack.cleanup.manager [-] Deleting neutron.network object s_rally_01ec4ac9_MrlkbtjW (f0d173a3-c09d-4203-9170-9e0904784824)
2019-11-15 14:29:10.738 15 RALLYDEBUG rally_openstack.cleanup.manager [-] Cleaning up neutron router objects
2019-11-15 14:29:10.981 15 RALLYDEBUG rally_openstack.cleanup.manager [-] Cleaning up neutron security_group objects
2019-11-15 14:29:11.302 15 INFO rally.task.context [-] Task 7a1d5cc6-f0c2-4b45-ac7b-7c23236fddba | Context cleanup@openstack cleanup() finished in 18.83 sec
2019-11-15 14:29:11.303 15 INFO rally.task.context [-] Task 7a1d5cc6-f0c2-4b45-ac7b-7c23236fddba | Context quotas@openstack cleanup() started
2019-11-15 14:29:11.347 15 INFO rally.task.context [-] Task 7a1d5cc6-f0c2-4b45-ac7b-7c23236fddba | Context quotas@openstack cleanup() finished in 43.94 msec
2019-11-15 14:29:11.347 15 INFO rally.task.context [-] Task 7a1d5cc6-f0c2-4b45-ac7b-7c23236fddba | Context users@openstack cleanup() started
2019-11-15 14:29:12.801 15 INFO rally.task.context [-] Task 7a1d5cc6-f0c2-4b45-ac7b-7c23236fddba | Context users@openstack cleanup() finished in 1.45 sec
2019-11-15 14:29:12.883 15 INFO rally.task.engine [-] Load duration is: 121.058449
2019-11-15 14:29:12.883 15 INFO rally.task.engine [-] Full runner duration is: 121.107759
2019-11-15 14:29:12.884 15 INFO rally.task.engine [-] Full duration is: 142.606037
2019-11-15 14:29:13.013 15 INFO rally.task.engine [-] Running workload: position = 0 config = { "version": 2, "title": "A cropped version of a bigger task.", "description": "Auto-generated task from a single workload (uuid=4da0ced1-7977-472e-a07c-7fac1edeb629)", "subtasks": [ { "title": "Quotas.neutron_update", "description": "Update quotas for neutron.", "scenario": { "Quotas.neutron_update": { "max_quota": 1024 } }, "contexts": { "users": { "tenants": 20, "users_per_tenant": 1 } }, "runner": { "constant": { "times": 40, "concurrency": 20 } }, "hooks": [], "sla": { "failure_rate": { "max": 0 } } } ] }
2019-11-15 14:29:13.037 15 RALLYDEBUG rally_openstack.contexts.keystone.users [-] Creating 20 tenants using 20 threads
2019-11-15 14:29:15.581 15 RALLYDEBUG rally_openstack.contexts.keystone.users [-] Creating 20 users using 20 threads
2019-11-15 14:29:19.571 15 INFO rally.task.context [-] Task 7a1d5cc6-f0c2-4b45-ac7b-7c23236fddba | Context users@openstack setup() finished in 6.53 sec
2019-11-15 14:29:19.572 15 INFO rally.task.context [-] Task 7a1d5cc6-f0c2-4b45-ac7b-7c23236fddba | Context admin_cleanup@openstack setup() finished in 0.01 msec
2019-11-15 14:29:19.582 15 RALLYDEBUG rally.task.runner [-] Starting the constant runner (task UUID: 7a1d5cc6-f0c2-4b45-ac7b-7c23236fddba). timeout: 0 concurrency: 20 concurrency_per_worker: 1 times: 40 concurrency_overhead: 0 processes_to_start: 20 max_cpu_used: 88
2019-11-15 14:29:19.597 5003 RALLYDEBUG rally.task.runner [-] Starting a worker. concurrency: 1 args: {"max_quota": 1024} times: 40 method_name: run timeout: 0 duration: None cls:
2019-11-15 14:29:19.601 5004 RALLYDEBUG rally.task.runner [-] Starting a worker. concurrency: 1 args: {"max_quota": 1024} times: 40 method_name: run timeout: 0 duration: None cls:
2019-11-15 14:29:19.604 5005 RALLYDEBUG rally.task.runner [-] Starting a worker. concurrency: 1 args: {"max_quota": 1024} times: 40 method_name: run timeout: 0 duration: None cls:
2019-11-15 14:29:19.607 5003 INFO rally.task.runner [-] Task 7a1d5cc6-f0c2-4b45-ac7b-7c23236fddba | ITER: 1 START
2019-11-15 14:29:19.608 5006 RALLYDEBUG rally.task.runner [-] Starting a worker. concurrency: 1 args: {"max_quota": 1024} times: 40 method_name: run timeout: 0 duration: None cls:
2019-11-15 14:29:19.610 5004 INFO rally.task.runner [-] Task 7a1d5cc6-f0c2-4b45-ac7b-7c23236fddba | ITER: 2 START
2019-11-15 14:29:19.611 5007 RALLYDEBUG rally.task.runner [-] Starting a worker. concurrency: 1 args: {"max_quota": 1024} times: 40 method_name: run timeout: 0 duration: None cls:
2019-11-15 14:29:19.613 5008 RALLYDEBUG rally.task.runner [-] Starting a worker. concurrency: 1 args: {"max_quota": 1024} times: 40 method_name: run timeout: 0 duration: None cls:
2019-11-15 14:29:19.615 5005 INFO rally.task.runner [-] Task 7a1d5cc6-f0c2-4b45-ac7b-7c23236fddba | ITER: 3 START
2019-11-15 14:29:19.616 5011 RALLYDEBUG rally.task.runner [-] Starting a worker. concurrency: 1 args: {"max_quota": 1024} times: 40 method_name: run timeout: 0 duration: None cls:
2019-11-15 14:29:19.618 5006 INFO rally.task.runner [-] Task 7a1d5cc6-f0c2-4b45-ac7b-7c23236fddba | ITER: 4 START
2019-11-15 14:29:19.620 5007 INFO rally.task.runner [-] Task 7a1d5cc6-f0c2-4b45-ac7b-7c23236fddba | ITER: 5 START
2019-11-15 14:29:19.620 5014 RALLYDEBUG rally.task.runner [-] Starting a worker. concurrency: 1 args: {"max_quota": 1024} times: 40 method_name: run timeout: 0 duration: None cls:
2019-11-15 14:29:19.623 5008 INFO rally.task.runner [-] Task 7a1d5cc6-f0c2-4b45-ac7b-7c23236fddba | ITER: 6 START
2019-11-15 14:29:19.623 5017 RALLYDEBUG rally.task.runner [-] Starting a worker. concurrency: 1 args: {"max_quota": 1024} times: 40 method_name: run timeout: 0 duration: None cls:
2019-11-15 14:29:19.626 5020 RALLYDEBUG rally.task.runner [-] Starting a worker. concurrency: 1 args: {"max_quota": 1024} times: 40 method_name: run timeout: 0 duration: None cls:
2019-11-15 14:29:19.626 5011 INFO rally.task.runner [-] Task 7a1d5cc6-f0c2-4b45-ac7b-7c23236fddba | ITER: 7 START
2019-11-15 14:29:19.628 5023 RALLYDEBUG rally.task.runner [-] Starting a worker. concurrency: 1 args: {"max_quota": 1024} times: 40 method_name: run timeout: 0 duration: None cls:
2019-11-15 14:29:19.630 5026 RALLYDEBUG rally.task.runner [-] Starting a worker. concurrency: 1 args: {"max_quota": 1024} times: 40 method_name: run timeout: 0 duration: None cls:
2019-11-15 14:29:19.630 5014 INFO rally.task.runner [-] Task 7a1d5cc6-f0c2-4b45-ac7b-7c23236fddba | ITER: 8 START
2019-11-15 14:29:19.633 5017 INFO rally.task.runner [-] Task 7a1d5cc6-f0c2-4b45-ac7b-7c23236fddba | ITER: 9 START
2019-11-15 14:29:19.635 5029 RALLYDEBUG rally.task.runner [-] Starting a worker. concurrency: 1 args: {"max_quota": 1024} times: 40 method_name: run timeout: 0 duration: None cls:
2019-11-15 14:29:19.635 5032 RALLYDEBUG rally.task.runner [-] Starting a worker. concurrency: 1 args: {"max_quota": 1024} times: 40 method_name: run timeout: 0 duration: None cls:
2019-11-15 14:29:19.637 5020 INFO rally.task.runner [-] Task 7a1d5cc6-f0c2-4b45-ac7b-7c23236fddba | ITER: 10 START
2019-11-15 14:29:19.639 5026 INFO rally.task.runner [-] Task 7a1d5cc6-f0c2-4b45-ac7b-7c23236fddba | ITER: 12 START
2019-11-15 14:29:19.639 5023 INFO rally.task.runner [-] Task 7a1d5cc6-f0c2-4b45-ac7b-7c23236fddba | ITER: 11 START
2019-11-15 14:29:19.641 5035 RALLYDEBUG rally.task.runner [-] Starting a worker. concurrency: 1 args: {"max_quota": 1024} times: 40 method_name: run timeout: 0 duration: None cls:
2019-11-15 14:29:19.641 5037 RALLYDEBUG rally.task.runner [-] Starting a worker. concurrency: 1 args: {"max_quota": 1024} times: 40 method_name: run timeout: 0 duration: None cls:
2019-11-15 14:29:19.644 5029 INFO rally.task.runner [-] Task 7a1d5cc6-f0c2-4b45-ac7b-7c23236fddba | ITER: 13 START
2019-11-15 14:29:19.645 5032 INFO rally.task.runner [-] Task 7a1d5cc6-f0c2-4b45-ac7b-7c23236fddba | ITER: 14 START
2019-11-15 14:29:19.647 5043 RALLYDEBUG rally.task.runner [-] Starting a worker. concurrency: 1 args: {"max_quota": 1024} times: 40 method_name: run timeout: 0 duration: None cls:
2019-11-15 14:29:19.648 5044 RALLYDEBUG rally.task.runner [-] Starting a worker. concurrency: 1 args: {"max_quota": 1024} times: 40 method_name: run timeout: 0 duration: None cls:
2019-11-15 14:29:19.650 5037 INFO rally.task.runner [-] Task 7a1d5cc6-f0c2-4b45-ac7b-7c23236fddba | ITER: 16 START
2019-11-15 14:29:19.650 5035 INFO rally.task.runner [-] Task 7a1d5cc6-f0c2-4b45-ac7b-7c23236fddba | ITER: 15 START
2019-11-15 14:29:19.652 5049 RALLYDEBUG rally.task.runner [-] Starting a worker. concurrency: 1 args: {"max_quota": 1024} times: 40 method_name: run timeout: 0 duration: None cls:
2019-11-15 14:29:19.655 5050 RALLYDEBUG rally.task.runner [-] Starting a worker. concurrency: 1 args: {"max_quota": 1024} times: 40 method_name: run timeout: 0 duration: None cls:
2019-11-15 14:29:19.656 5044 INFO rally.task.runner [-] Task 7a1d5cc6-f0c2-4b45-ac7b-7c23236fddba | ITER: 18 START
2019-11-15 14:29:19.657 5043 INFO rally.task.runner [-] Task 7a1d5cc6-f0c2-4b45-ac7b-7c23236fddba | ITER: 17 START
2019-11-15 14:29:19.662 5049 INFO rally.task.runner [-] Task 7a1d5cc6-f0c2-4b45-ac7b-7c23236fddba | ITER: 19 START
2019-11-15 14:29:19.662 5050 INFO rally.task.runner [-] Task 7a1d5cc6-f0c2-4b45-ac7b-7c23236fddba | ITER: 20 START
2019-11-15 14:29:20.483 5004 INFO rally.task.runner [-] Task 7a1d5cc6-f0c2-4b45-ac7b-7c23236fddba | ITER: 2 END: OK
2019-11-15 14:29:20.491 5004 INFO rally.task.runner [-] Task 7a1d5cc6-f0c2-4b45-ac7b-7c23236fddba | ITER: 21 START
2019-11-15 14:29:20.536 5007 INFO rally.task.runner [-] Task 7a1d5cc6-f0c2-4b45-ac7b-7c23236fddba | ITER: 5 END: OK
2019-11-15 14:29:20.545 5007 INFO rally.task.runner [-] Task 7a1d5cc6-f0c2-4b45-ac7b-7c23236fddba | ITER: 22 START
2019-11-15 14:29:20.803 5003 INFO rally.task.runner [-] Task 7a1d5cc6-f0c2-4b45-ac7b-7c23236fddba | ITER: 1 END: OK
2019-11-15 14:29:20.810 5005 INFO rally.task.runner [-] Task 7a1d5cc6-f0c2-4b45-ac7b-7c23236fddba | ITER: 3 END: OK
2019-11-15 14:29:20.813 5003 INFO rally.task.runner [-] Task 7a1d5cc6-f0c2-4b45-ac7b-7c23236fddba | ITER: 23 START
2019-11-15 14:29:20.819 5005 INFO rally.task.runner [-] Task 7a1d5cc6-f0c2-4b45-ac7b-7c23236fddba | ITER: 24 START
2019-11-15 14:29:21.047 5014 INFO rally.task.runner [-] Task 7a1d5cc6-f0c2-4b45-ac7b-7c23236fddba | ITER: 8 END: OK
2019-11-15 14:29:21.056 5014 INFO rally.task.runner [-] Task 7a1d5cc6-f0c2-4b45-ac7b-7c23236fddba | ITER: 25 START
2019-11-15 14:29:21.160 5043 INFO rally.task.runner [-] Task 7a1d5cc6-f0c2-4b45-ac7b-7c23236fddba | ITER: 17 END: OK
2019-11-15 14:29:21.162 5008 INFO rally.task.runner [-] Task 7a1d5cc6-f0c2-4b45-ac7b-7c23236fddba | ITER: 6 END: OK
2019-11-15 14:29:21.168 5043 INFO rally.task.runner [-] Task 7a1d5cc6-f0c2-4b45-ac7b-7c23236fddba | ITER: 26 START
2019-11-15 14:29:21.172 5008 INFO rally.task.runner [-] Task 7a1d5cc6-f0c2-4b45-ac7b-7c23236fddba | ITER: 27 START
2019-11-15 14:29:21.182 5037 INFO rally.task.runner [-] Task 7a1d5cc6-f0c2-4b45-ac7b-7c23236fddba | ITER: 16 END: OK
2019-11-15 14:29:21.190 5006 INFO rally.task.runner [-] Task 7a1d5cc6-f0c2-4b45-ac7b-7c23236fddba | ITER: 4 END: OK
2019-11-15 14:29:21.192 5037 INFO rally.task.runner [-] Task 7a1d5cc6-f0c2-4b45-ac7b-7c23236fddba | ITER: 28 START
2019-11-15 14:29:21.196 5006 INFO rally.task.runner [-] Task 7a1d5cc6-f0c2-4b45-ac7b-7c23236fddba | ITER: 29 START
2019-11-15 14:29:21.198 5032 INFO rally.task.runner [-] Task 7a1d5cc6-f0c2-4b45-ac7b-7c23236fddba | ITER: 14 END: OK
2019-11-15 14:29:21.201 5020 INFO rally.task.runner [-] Task 7a1d5cc6-f0c2-4b45-ac7b-7c23236fddba | ITER: 10 END: OK
2019-11-15 14:29:21.202 5011 INFO rally.task.runner [-] Task 7a1d5cc6-f0c2-4b45-ac7b-7c23236fddba | ITER: 7 END: OK
2019-11-15 14:29:21.202 5044 INFO rally.task.runner [-] Task 7a1d5cc6-f0c2-4b45-ac7b-7c23236fddba | ITER: 18 END: OK
2019-11-15 14:29:21.206 5032 INFO rally.task.runner [-] Task 7a1d5cc6-f0c2-4b45-ac7b-7c23236fddba | ITER: 30 START
2019-11-15 14:29:21.210 5020 INFO rally.task.runner [-] Task 7a1d5cc6-f0c2-4b45-ac7b-7c23236fddba | ITER: 31 START
2019-11-15 14:29:21.210 5044 INFO rally.task.runner [-] Task 7a1d5cc6-f0c2-4b45-ac7b-7c23236fddba | ITER: 32 START
2019-11-15 14:29:21.211 5011 INFO rally.task.runner [-] Task 7a1d5cc6-f0c2-4b45-ac7b-7c23236fddba | ITER: 33 START
2019-11-15 14:29:21.214 5017 INFO rally.task.runner [-] Task 7a1d5cc6-f0c2-4b45-ac7b-7c23236fddba | ITER: 9 END: OK
2019-11-15 14:29:21.217 5026 INFO rally.task.runner [-] Task 7a1d5cc6-f0c2-4b45-ac7b-7c23236fddba | ITER: 12 END: OK
2019-11-15 14:29:21.223 5017 INFO rally.task.runner [-] Task 7a1d5cc6-f0c2-4b45-ac7b-7c23236fddba | ITER: 34 START
2019-11-15 14:29:21.224 5050 INFO rally.task.runner [-] Task 7a1d5cc6-f0c2-4b45-ac7b-7c23236fddba | ITER: 20 END: OK
2019-11-15 14:29:21.227 5026 INFO rally.task.runner [-] Task 7a1d5cc6-f0c2-4b45-ac7b-7c23236fddba | ITER: 35 START
2019-11-15 14:29:21.233 5050 INFO rally.task.runner [-] Task 7a1d5cc6-f0c2-4b45-ac7b-7c23236fddba | ITER: 36 START
2019-11-15 14:29:21.260 5035 INFO rally.task.runner [-] Task 7a1d5cc6-f0c2-4b45-ac7b-7c23236fddba | ITER: 15 END: OK
2019-11-15 14:29:21.267 5035 INFO rally.task.runner [-] Task 7a1d5cc6-f0c2-4b45-ac7b-7c23236fddba | ITER: 37 START
2019-11-15 14:29:21.274 5029 INFO rally.task.runner [-] Task 7a1d5cc6-f0c2-4b45-ac7b-7c23236fddba | ITER: 13 END: OK
2019-11-15 14:29:21.275 5049 INFO rally.task.runner [-] Task 7a1d5cc6-f0c2-4b45-ac7b-7c23236fddba | ITER: 19 END: OK
2019-11-15 14:29:21.284 5029 INFO rally.task.runner [-] Task 7a1d5cc6-f0c2-4b45-ac7b-7c23236fddba | ITER: 38 START
2019-11-15 14:29:21.284 5049 INFO rally.task.runner [-] Task 7a1d5cc6-f0c2-4b45-ac7b-7c23236fddba | ITER: 39 START
2019-11-15 14:29:21.316 5023 INFO rally.task.runner [-] Task 7a1d5cc6-f0c2-4b45-ac7b-7c23236fddba | ITER: 11 END: OK
2019-11-15 14:29:21.324 5023 INFO rally.task.runner [-] Task 7a1d5cc6-f0c2-4b45-ac7b-7c23236fddba | ITER: 40 START
2019-11-15 14:29:21.373 5004 INFO rally.task.runner [-] Task 7a1d5cc6-f0c2-4b45-ac7b-7c23236fddba | ITER: 21 END: OK
2019-11-15 14:29:21.442 5007 INFO rally.task.runner [-] Task 7a1d5cc6-f0c2-4b45-ac7b-7c23236fddba | ITER: 22 END: OK
2019-11-15 14:29:21.491 5003 INFO rally.task.runner [-] Task 7a1d5cc6-f0c2-4b45-ac7b-7c23236fddba | ITER: 23 END: OK
2019-11-15 14:29:21.577 5005 INFO rally.task.runner [-] Task 7a1d5cc6-f0c2-4b45-ac7b-7c23236fddba | ITER: 24 END: OK
2019-11-15 14:29:21.942 5043 INFO rally.task.runner [-] Task 7a1d5cc6-f0c2-4b45-ac7b-7c23236fddba | ITER: 26 END: OK
2019-11-15 14:29:22.106 5014 INFO rally.task.runner [-] Task 7a1d5cc6-f0c2-4b45-ac7b-7c23236fddba | ITER: 25 END: OK
2019-11-15 14:29:22.327 5008 INFO rally.task.runner [-] Task 7a1d5cc6-f0c2-4b45-ac7b-7c23236fddba | ITER: 27 END: OK
2019-11-15 14:29:22.358 5006 INFO rally.task.runner [-] Task 7a1d5cc6-f0c2-4b45-ac7b-7c23236fddba | ITER: 29 END: OK
2019-11-15 14:29:22.366 5032 INFO rally.task.runner [-] Task 7a1d5cc6-f0c2-4b45-ac7b-7c23236fddba | ITER: 30 END: OK
2019-11-15 14:29:22.368 5020 INFO rally.task.runner [-] Task 7a1d5cc6-f0c2-4b45-ac7b-7c23236fddba | ITER: 31 END: OK
2019-11-15 14:29:22.416 5044 INFO rally.task.runner [-] Task 7a1d5cc6-f0c2-4b45-ac7b-7c23236fddba | ITER: 32 END: OK
2019-11-15 14:29:22.423 5050 INFO rally.task.runner [-] Task 7a1d5cc6-f0c2-4b45-ac7b-7c23236fddba | ITER: 36 END: OK
2019-11-15 14:29:22.425 5026 INFO rally.task.runner [-] Task 7a1d5cc6-f0c2-4b45-ac7b-7c23236fddba | ITER: 35 END: OK
2019-11-15 14:29:22.432 5037 INFO rally.task.runner [-] Task 7a1d5cc6-f0c2-4b45-ac7b-7c23236fddba | ITER: 28 END: OK
2019-11-15 14:29:22.488 5017 INFO rally.task.runner [-] Task 7a1d5cc6-f0c2-4b45-ac7b-7c23236fddba | ITER: 34 END: OK
2019-11-15 14:29:22.499 5035 INFO rally.task.runner [-] Task 7a1d5cc6-f0c2-4b45-ac7b-7c23236fddba | ITER: 37 END: OK
2019-11-15 14:29:22.529 5049 INFO rally.task.runner [-] Task 7a1d5cc6-f0c2-4b45-ac7b-7c23236fddba | ITER: 39 END: OK
2019-11-15 14:29:22.534 5023 INFO rally.task.runner [-] Task 7a1d5cc6-f0c2-4b45-ac7b-7c23236fddba | ITER: 40 END: OK
2019-11-15 14:29:22.535 5029 INFO rally.task.runner [-] Task 7a1d5cc6-f0c2-4b45-ac7b-7c23236fddba | ITER: 38 END: OK
2019-11-15 14:29:22.537 5011 INFO rally.task.runner [-] Task 7a1d5cc6-f0c2-4b45-ac7b-7c23236fddba | ITER: 33 END: OK
2019-11-15 14:29:22.559 15 INFO rally.task.context [-] Task 7a1d5cc6-f0c2-4b45-ac7b-7c23236fddba | Context admin_cleanup@openstack cleanup() started
2019-11-15 14:29:22.562 15 RALLYDEBUG rally_openstack.cleanup.manager [-] Cleaning up neutron quota objects
2019-11-15 14:29:23.523 15 INFO rally.task.context [-] Task 7a1d5cc6-f0c2-4b45-ac7b-7c23236fddba | Context admin_cleanup@openstack cleanup() finished in 0.96 sec
2019-11-15 14:29:23.524 15 INFO rally.task.context [-] Task 7a1d5cc6-f0c2-4b45-ac7b-7c23236fddba | Context users@openstack cleanup() started
2019-11-15 14:29:43.937 15 INFO rally.task.context [-] Task 7a1d5cc6-f0c2-4b45-ac7b-7c23236fddba | Context users@openstack cleanup() finished in 20.41 sec
2019-11-15 14:29:45.291 15 INFO rally.task.engine [-] Load duration is: 2.928009
2019-11-15 14:29:45.291 15 INFO rally.task.engine [-] Full runner duration is: 2.978093
2019-11-15 14:29:45.292 15 INFO rally.task.engine [-] Full duration is: 30.902535
2019-11-15 14:29:45.380 15 INFO rally.task.engine [-] Task 7a1d5cc6-f0c2-4b45-ac7b-7c23236fddba | Completed: Running task.
2019-11-15 14:29:46.502 5163 RALLYDEBUG rally.api [-] INFO logs from urllib3 and requests module are hide.
2019-11-15 14:29:46.502 5163 RALLYDEBUG rally.api [-] urllib3 insecure warnings are hidden.
2019-11-15 14:29:46.502 5163 RALLYDEBUG rally.api [-] ERROR log from boto module is hide.
2019-11-15 14:29:47.304 5164 RALLYDEBUG rally.api [-] INFO logs from urllib3 and requests module are hide.
2019-11-15 14:29:47.305 5164 RALLYDEBUG rally.api [-] urllib3 insecure warnings are hidden.
2019-11-15 14:29:47.305 5164 RALLYDEBUG rally.api [-] ERROR log from boto module is hide.
2019-11-15 14:29:48.301 5165 RALLYDEBUG rally.api [-] INFO logs from urllib3 and requests module are hide.
2019-11-15 14:29:48.302 5165 RALLYDEBUG rally.api [-] urllib3 insecure warnings are hidden.
2019-11-15 14:29:48.302 5165 RALLYDEBUG rally.api [-] ERROR log from boto module is hide.
2019-11-15 14:29:49.592 5165 INFO rally.common.plugin.discover [-] Loading plugins from directories /root/.rally/plugins/*
2019-11-15 14:29:49.592 5165 INFO rally.common.plugin.discover [-] Loaded module with plugins: /root/.rally/plugins/__init__.py
2019-11-15 14:29:49.594 5165 INFO rally.common.plugin.discover [-] Loaded module with plugins: /root/.rally/plugins/trunk_scenario.py
2019-11-15 14:29:49.806 5165 INFO rally.api [-] Building 'json' report for the following task(s): '7a1d5cc6-f0c2-4b45-ac7b-7c23236fddba'.
2019-11-15 14:29:49.949 5165 INFO rally.api [-] The report has been successfully built.
2019-11-15 14:29:50.849 5167 RALLYDEBUG rally.api [-] INFO logs from urllib3 and requests module are hide.
2019-11-15 14:29:50.849 5167 RALLYDEBUG rally.api [-] urllib3 insecure warnings are hidden.
2019-11-15 14:29:50.850 5167 RALLYDEBUG rally.api [-] ERROR log from boto module is hide.
2019-11-15 14:29:52.134 5167 INFO rally.common.plugin.discover [-] Loading plugins from directories /root/.rally/plugins/*
2019-11-15 14:29:52.134 5167 INFO rally.common.plugin.discover [-] Loaded module with plugins: /root/.rally/plugins/__init__.py
2019-11-15 14:29:52.136 5167 INFO rally.common.plugin.discover [-] Loaded module with plugins: /root/.rally/plugins/trunk_scenario.py
2019-11-15 14:29:52.355 5167 INFO rally.api [-] Building 'html' report for the following task(s): '7a1d5cc6-f0c2-4b45-ac7b-7c23236fddba'.
2019-11-15 14:29:52.677 5167 INFO rally.api [-] The report has been successfully built.
2019-11-15 14:29:53.421 5169 RALLYDEBUG rally.api [-] INFO logs from urllib3 and requests module are hide.
2019-11-15 14:29:53.422 5169 RALLYDEBUG rally.api [-] urllib3 insecure warnings are hidden.
2019-11-15 14:29:53.422 5169 RALLYDEBUG rally.api [-] ERROR log from boto module is hide.
2019-11-15 14:29:54.681 5169 INFO rally.common.plugin.discover [-] Loading plugins from directories /root/.rally/plugins/*
2019-11-15 14:29:54.682 5169 INFO rally.common.plugin.discover [-] Loaded module with plugins: /root/.rally/plugins/__init__.py
2019-11-15 14:29:54.683 5169 INFO rally.common.plugin.discover [-] Loaded module with plugins: /root/.rally/plugins/trunk_scenario.py
2019-11-15 14:29:54.901 5169 INFO rally.api [-] Building 'junit-xml' report for the following task(s): '7a1d5cc6-f0c2-4b45-ac7b-7c23236fddba'.
2019-11-15 14:29:54.909 5169 INFO rally.api [-] The report has been successfully built.