2019-11-15 13:53:43.549 15 INFO rally.task.engine [-] Load duration is: 144.418354
2019-11-15 13:53:43.549 15 INFO rally.task.engine [-] Full runner duration is: 144.47045
2019-11-15 13:53:43.550 15 INFO rally.task.engine [-] Full duration is: 304.549789
2019-11-15 13:53:43.664 15 INFO rally.task.engine [-] Running workload: position = 2 config = { "version": 2, "title": "A cropped version of a bigger task.", "description": "Auto-generated task from a single workload (uuid=7994d6da-d6f2-4e75-86f4-94a8fd3d88f6)", "subtasks": [ { "title": "NeutronNetworks.create_and_delete_subnets", "description": "Create and delete a given number of subnets.", "scenario": { "NeutronNetworks.create_and_delete_subnets": { "network_create_args": {}, "subnet_create_args": {}, "subnet_cidr_start": "1.1.0.0/30", "subnets_per_network": 2 } }, "contexts": { "users": { "tenants": 1, "users_per_tenant": 1 }, "quotas": { "neutron": { "network": -1, "subnet": -1 } } }, "runner": { "constant": { "times": 40, "concurrency": 20 } }, "hooks": [], "sla": { "failure_rate": { "max": 0 } } } ] }
2019-11-15 13:53:43.683 15 RALLYDEBUG rally_openstack.contexts.keystone.users [-] Creating 1 tenants using 20 threads
2019-11-15 13:53:44.030 15 RALLYDEBUG rally_openstack.contexts.keystone.users [-] Creating 1 users using 20 threads
2019-11-15 13:53:44.472 15 INFO rally.task.context [-] Task 7a1d5cc6-f0c2-4b45-ac7b-7c23236fddba | Context users@openstack setup() finished in 0.79 sec
2019-11-15 13:53:44.813 15 INFO rally.task.context [-] Task 7a1d5cc6-f0c2-4b45-ac7b-7c23236fddba | Context quotas@openstack setup() finished in 0.34 sec
2019-11-15 13:53:44.813 15 INFO rally.task.context [-] Task 7a1d5cc6-f0c2-4b45-ac7b-7c23236fddba | Context cleanup@openstack setup() finished in 0.01 msec
2019-11-15 13:53:44.823 15 RALLYDEBUG rally.task.runner [-] Starting the constant runner (task UUID: 7a1d5cc6-f0c2-4b45-ac7b-7c23236fddba). timeout: 0 concurrency: 20 concurrency_per_worker: 1 times: 40 concurrency_overhead: 0 processes_to_start: 20 max_cpu_used: 88
2019-11-15 13:53:44.839 2269 RALLYDEBUG rally.task.runner [-] Starting a worker. concurrency: 1 args: {"network_create_args": {}, "subnet_create_args": {}, "subnet_cidr_start": "1.1.0.0/30", "subnets_per_network": 2} times: 40 method_name: run timeout: 0 duration: None cls:
2019-11-15 13:53:44.843 2270 RALLYDEBUG rally.task.runner [-] Starting a worker. concurrency: 1 args: {"network_create_args": {}, "subnet_create_args": {}, "subnet_cidr_start": "1.1.0.0/30", "subnets_per_network": 2} times: 40 method_name: run timeout: 0 duration: None cls:
2019-11-15 13:53:44.845 2269 INFO rally.task.runner [-] Task 7a1d5cc6-f0c2-4b45-ac7b-7c23236fddba | ITER: 1 START
2019-11-15 13:53:44.846 2271 RALLYDEBUG rally.task.runner [-] Starting a worker. concurrency: 1 args: {"network_create_args": {}, "subnet_create_args": {}, "subnet_cidr_start": "1.1.0.0/30", "subnets_per_network": 2} times: 40 method_name: run timeout: 0 duration: None cls:
2019-11-15 13:53:44.846 2269 WARNING rally_openstack.scenarios.neutron.utils [-] Running this scenario without either the 'network' or 'existing_network' context is deprecated
2019-11-15 13:53:44.848 2272 RALLYDEBUG rally.task.runner [-] Starting a worker. concurrency: 1 args: {"network_create_args": {}, "subnet_create_args": {}, "subnet_cidr_start": "1.1.0.0/30", "subnets_per_network": 2} times: 40 method_name: run timeout: 0 duration: None cls:
2019-11-15 13:53:44.849 2270 INFO rally.task.runner [-] Task 7a1d5cc6-f0c2-4b45-ac7b-7c23236fddba | ITER: 2 START
2019-11-15 13:53:44.851 2270 WARNING rally_openstack.scenarios.neutron.utils [-] Running this scenario without either the 'network' or 'existing_network' context is deprecated
2019-11-15 13:53:44.851 2274 RALLYDEBUG rally.task.runner [-] Starting a worker. concurrency: 1 args: {"network_create_args": {}, "subnet_create_args": {}, "subnet_cidr_start": "1.1.0.0/30", "subnets_per_network": 2} times: 40 method_name: run timeout: 0 duration: None cls:
2019-11-15 13:53:44.852 2271 INFO rally.task.runner [-] Task 7a1d5cc6-f0c2-4b45-ac7b-7c23236fddba | ITER: 3 START
2019-11-15 13:53:44.853 2271 WARNING rally_openstack.scenarios.neutron.utils [-] Running this scenario without either the 'network' or 'existing_network' context is deprecated
2019-11-15 13:53:44.855 2272 INFO rally.task.runner [-] Task 7a1d5cc6-f0c2-4b45-ac7b-7c23236fddba | ITER: 4 START
2019-11-15 13:53:44.854 2276 RALLYDEBUG rally.task.runner [-] Starting a worker. concurrency: 1 args: {"network_create_args": {}, "subnet_create_args": {}, "subnet_cidr_start": "1.1.0.0/30", "subnets_per_network": 2} times: 40 method_name: run timeout: 0 duration: None cls:
2019-11-15 13:53:44.856 2272 WARNING rally_openstack.scenarios.neutron.utils [-] Running this scenario without either the 'network' or 'existing_network' context is deprecated
2019-11-15 13:53:44.857 2274 INFO rally.task.runner [-] Task 7a1d5cc6-f0c2-4b45-ac7b-7c23236fddba | ITER: 5 START
2019-11-15 13:53:44.857 2279 RALLYDEBUG rally.task.runner [-] Starting a worker. concurrency: 1 args: {"network_create_args": {}, "subnet_create_args": {}, "subnet_cidr_start": "1.1.0.0/30", "subnets_per_network": 2} times: 40 method_name: run timeout: 0 duration: None cls:
2019-11-15 13:53:44.858 2274 WARNING rally_openstack.scenarios.neutron.utils [-] Running this scenario without either the 'network' or 'existing_network' context is deprecated
2019-11-15 13:53:44.860 2282 RALLYDEBUG rally.task.runner [-] Starting a worker. concurrency: 1 args: {"network_create_args": {}, "subnet_create_args": {}, "subnet_cidr_start": "1.1.0.0/30", "subnets_per_network": 2} times: 40 method_name: run timeout: 0 duration: None cls:
2019-11-15 13:53:44.861 2276 INFO rally.task.runner [-] Task 7a1d5cc6-f0c2-4b45-ac7b-7c23236fddba | ITER: 6 START
2019-11-15 13:53:44.862 2276 WARNING rally_openstack.scenarios.neutron.utils [-] Running this scenario without either the 'network' or 'existing_network' context is deprecated
2019-11-15 13:53:44.863 2279 INFO rally.task.runner [-] Task 7a1d5cc6-f0c2-4b45-ac7b-7c23236fddba | ITER: 7 START
2019-11-15 13:53:44.863 2285 RALLYDEBUG rally.task.runner [-] Starting a worker. concurrency: 1 args: {"network_create_args": {}, "subnet_create_args": {}, "subnet_cidr_start": "1.1.0.0/30", "subnets_per_network": 2} times: 40 method_name: run timeout: 0 duration: None cls:
2019-11-15 13:53:44.864 2279 WARNING rally_openstack.scenarios.neutron.utils [-] Running this scenario without either the 'network' or 'existing_network' context is deprecated
2019-11-15 13:53:44.866 2282 INFO rally.task.runner [-] Task 7a1d5cc6-f0c2-4b45-ac7b-7c23236fddba | ITER: 8 START
2019-11-15 13:53:44.866 2288 RALLYDEBUG rally.task.runner [-] Starting a worker. concurrency: 1 args: {"network_create_args": {}, "subnet_create_args": {}, "subnet_cidr_start": "1.1.0.0/30", "subnets_per_network": 2} times: 40 method_name: run timeout: 0 duration: None cls:
2019-11-15 13:53:44.868 2282 WARNING rally_openstack.scenarios.neutron.utils [-] Running this scenario without either the 'network' or 'existing_network' context is deprecated
2019-11-15 13:53:44.869 2291 RALLYDEBUG rally.task.runner [-] Starting a worker. concurrency: 1 args: {"network_create_args": {}, "subnet_create_args": {}, "subnet_cidr_start": "1.1.0.0/30", "subnets_per_network": 2} times: 40 method_name: run timeout: 0 duration: None cls:
2019-11-15 13:53:44.869 2285 INFO rally.task.runner [-] Task 7a1d5cc6-f0c2-4b45-ac7b-7c23236fddba | ITER: 9 START
2019-11-15 13:53:44.871 2285 WARNING rally_openstack.scenarios.neutron.utils [-] Running this scenario without either the 'network' or 'existing_network' context is deprecated
2019-11-15 13:53:44.872 2295 RALLYDEBUG rally.task.runner [-] Starting a worker. concurrency: 1 args: {"network_create_args": {}, "subnet_create_args": {}, "subnet_cidr_start": "1.1.0.0/30", "subnets_per_network": 2} times: 40 method_name: run timeout: 0 duration: None cls:
2019-11-15 13:53:44.873 2288 INFO rally.task.runner [-] Task 7a1d5cc6-f0c2-4b45-ac7b-7c23236fddba | ITER: 10 START
2019-11-15 13:53:44.874 2288 WARNING rally_openstack.scenarios.neutron.utils [-] Running this scenario without either the 'network' or 'existing_network' context is deprecated
2019-11-15 13:53:44.875 2291 INFO rally.task.runner [-] Task 7a1d5cc6-f0c2-4b45-ac7b-7c23236fddba | ITER: 11 START
2019-11-15 13:53:44.875 2298 RALLYDEBUG rally.task.runner [-] Starting a worker. concurrency: 1 args: {"network_create_args": {}, "subnet_create_args": {}, "subnet_cidr_start": "1.1.0.0/30", "subnets_per_network": 2} times: 40 method_name: run timeout: 0 duration: None cls:
2019-11-15 13:53:44.876 2291 WARNING rally_openstack.scenarios.neutron.utils [-] Running this scenario without either the 'network' or 'existing_network' context is deprecated
2019-11-15 13:53:44.878 2295 INFO rally.task.runner [-] Task 7a1d5cc6-f0c2-4b45-ac7b-7c23236fddba | ITER: 12 START
2019-11-15 13:53:44.877 2300 RALLYDEBUG rally.task.runner [-] Starting a worker. concurrency: 1 args: {"network_create_args": {}, "subnet_create_args": {}, "subnet_cidr_start": "1.1.0.0/30", "subnets_per_network": 2} times: 40 method_name: run timeout: 0 duration: None cls:
2019-11-15 13:53:44.879 2295 WARNING rally_openstack.scenarios.neutron.utils [-] Running this scenario without either the 'network' or 'existing_network' context is deprecated
2019-11-15 13:53:44.879 2304 RALLYDEBUG rally.task.runner [-] Starting a worker. concurrency: 1 args: {"network_create_args": {}, "subnet_create_args": {}, "subnet_cidr_start": "1.1.0.0/30", "subnets_per_network": 2} times: 40 method_name: run timeout: 0 duration: None cls:
2019-11-15 13:53:44.881 2298 INFO rally.task.runner [-] Task 7a1d5cc6-f0c2-4b45-ac7b-7c23236fddba | ITER: 13 START
2019-11-15 13:53:44.883 2298 WARNING rally_openstack.scenarios.neutron.utils [-] Running this scenario without either the 'network' or 'existing_network' context is deprecated
2019-11-15 13:53:44.884 2300 INFO rally.task.runner [-] Task 7a1d5cc6-f0c2-4b45-ac7b-7c23236fddba | ITER: 14 START
2019-11-15 13:53:44.884 2304 INFO rally.task.runner [-] Task 7a1d5cc6-f0c2-4b45-ac7b-7c23236fddba | ITER: 15 START
2019-11-15 13:53:44.885 2300 WARNING rally_openstack.scenarios.neutron.utils [-] Running this scenario without either the 'network' or 'existing_network' context is deprecated
2019-11-15 13:53:44.884 2307 RALLYDEBUG rally.task.runner [-] Starting a worker. concurrency: 1 args: {"network_create_args": {}, "subnet_create_args": {}, "subnet_cidr_start": "1.1.0.0/30", "subnets_per_network": 2} times: 40 method_name: run timeout: 0 duration: None cls:
2019-11-15 13:53:44.886 2304 WARNING rally_openstack.scenarios.neutron.utils [-] Running this scenario without either the 'network' or 'existing_network' context is deprecated
2019-11-15 13:53:44.887 2309 RALLYDEBUG rally.task.runner [-] Starting a worker. concurrency: 1 args: {"network_create_args": {}, "subnet_create_args": {}, "subnet_cidr_start": "1.1.0.0/30", "subnets_per_network": 2} times: 40 method_name: run timeout: 0 duration: None cls:
2019-11-15 13:53:44.890 2313 RALLYDEBUG rally.task.runner [-] Starting a worker. concurrency: 1 args: {"network_create_args": {}, "subnet_create_args": {}, "subnet_cidr_start": "1.1.0.0/30", "subnets_per_network": 2} times: 40 method_name: run timeout: 0 duration: None cls:
2019-11-15 13:53:44.890 2307 INFO rally.task.runner [-] Task 7a1d5cc6-f0c2-4b45-ac7b-7c23236fddba | ITER: 16 START
2019-11-15 13:53:44.891 2307 WARNING rally_openstack.scenarios.neutron.utils [-] Running this scenario without either the 'network' or 'existing_network' context is deprecated
2019-11-15 13:53:44.893 2317 RALLYDEBUG rally.task.runner [-] Starting a worker. concurrency: 1 args: {"network_create_args": {}, "subnet_create_args": {}, "subnet_cidr_start": "1.1.0.0/30", "subnets_per_network": 2} times: 40 method_name: run timeout: 0 duration: None cls:
2019-11-15 13:53:44.894 2309 INFO rally.task.runner [-] Task 7a1d5cc6-f0c2-4b45-ac7b-7c23236fddba | ITER: 17 START
2019-11-15 13:53:44.895 2309 WARNING rally_openstack.scenarios.neutron.utils [-] Running this scenario without either the 'network' or 'existing_network' context is deprecated
2019-11-15 13:53:44.896 2313 INFO rally.task.runner [-] Task 7a1d5cc6-f0c2-4b45-ac7b-7c23236fddba | ITER: 18 START
2019-11-15 13:53:44.895 2318 RALLYDEBUG rally.task.runner [-] Starting a worker. concurrency: 1 args: {"network_create_args": {}, "subnet_create_args": {}, "subnet_cidr_start": "1.1.0.0/30", "subnets_per_network": 2} times: 40 method_name: run timeout: 0 duration: None cls:
2019-11-15 13:53:44.897 2313 WARNING rally_openstack.scenarios.neutron.utils [-] Running this scenario without either the 'network' or 'existing_network' context is deprecated
2019-11-15 13:53:44.898 2317 INFO rally.task.runner [-] Task 7a1d5cc6-f0c2-4b45-ac7b-7c23236fddba | ITER: 19 START
2019-11-15 13:53:44.899 2317 WARNING rally_openstack.scenarios.neutron.utils [-] Running this scenario without either the 'network' or 'existing_network' context is deprecated
2019-11-15 13:53:44.901 2318 INFO rally.task.runner [-] Task 7a1d5cc6-f0c2-4b45-ac7b-7c23236fddba | ITER: 20 START
2019-11-15 13:53:44.902 2318 WARNING rally_openstack.scenarios.neutron.utils [-] Running this scenario without either the 'network' or 'existing_network' context is deprecated
2019-11-15 13:53:45.819 2269 RALLYDEBUG rally_openstack.wrappers.network [-] CIDR generated: 1.1.4.96/30
2019-11-15 13:53:46.931 2274 RALLYDEBUG rally_openstack.wrappers.network [-] CIDR generated: 1.1.4.100/30
2019-11-15 13:53:46.940 2272 RALLYDEBUG rally_openstack.wrappers.network [-] CIDR generated: 1.1.4.104/30
2019-11-15 13:53:47.256 2282 RALLYDEBUG rally_openstack.wrappers.network [-] CIDR generated: 1.1.4.108/30
2019-11-15 13:53:47.277 2304 RALLYDEBUG rally_openstack.wrappers.network [-] CIDR generated: 1.1.4.112/30
2019-11-15 13:53:47.325 2288 RALLYDEBUG rally_openstack.wrappers.network [-] CIDR generated: 1.1.4.116/30
2019-11-15 13:53:47.343 2285 RALLYDEBUG rally_openstack.wrappers.network [-] CIDR generated: 1.1.4.120/30
2019-11-15 13:53:47.439 2318 RALLYDEBUG rally_openstack.wrappers.network [-] CIDR generated: 1.1.4.124/30
2019-11-15 13:53:48.706 2274 RALLYDEBUG rally_openstack.wrappers.network [-] CIDR generated: 1.1.4.128/30
2019-11-15 13:53:48.802 2318 RALLYDEBUG rally_openstack.wrappers.network [-] CIDR generated: 1.1.4.132/30
2019-11-15 13:53:48.942 2271 RALLYDEBUG rally_openstack.wrappers.network [-] CIDR generated: 1.1.4.136/30
2019-11-15 13:53:49.068 2279 RALLYDEBUG rally_openstack.wrappers.network [-] CIDR generated: 1.1.4.140/30
2019-11-15 13:53:49.171 2270 RALLYDEBUG rally_openstack.wrappers.network [-] CIDR generated: 1.1.4.144/30
2019-11-15 13:53:49.172 2276 RALLYDEBUG rally_openstack.wrappers.network [-] CIDR generated: 1.1.4.148/30
2019-11-15 13:53:49.186 2300 RALLYDEBUG rally_openstack.wrappers.network [-] CIDR generated: 1.1.4.152/30
2019-11-15 13:53:49.264 2291 RALLYDEBUG rally_openstack.wrappers.network [-] CIDR generated: 1.1.4.156/30
2019-11-15 13:53:49.637 2298 RALLYDEBUG rally_openstack.wrappers.network [-] CIDR generated: 1.1.4.160/30
2019-11-15 13:53:49.644 2317 RALLYDEBUG rally_openstack.wrappers.network [-] CIDR generated: 1.1.4.164/30
2019-11-15 13:53:49.677 2295 RALLYDEBUG rally_openstack.wrappers.network [-] CIDR generated: 1.1.4.168/30
2019-11-15 13:53:50.131 2313 RALLYDEBUG rally_openstack.wrappers.network [-] CIDR generated: 1.1.4.172/30
2019-11-15 13:53:50.200 2307 RALLYDEBUG rally_openstack.wrappers.network [-] CIDR generated: 1.1.4.176/30
2019-11-15 13:53:51.786 2309 RALLYDEBUG rally_openstack.wrappers.network [-] CIDR generated: 1.1.4.180/30
2019-11-15 13:53:52.027 2269 RALLYDEBUG rally_openstack.wrappers.network [-] CIDR generated: 1.1.4.184/30
2019-11-15 13:53:52.791 2282 RALLYDEBUG rally_openstack.wrappers.network [-] CIDR generated: 1.1.4.188/30
2019-11-15 13:53:52.792 2272 RALLYDEBUG rally_openstack.wrappers.network [-] CIDR generated: 1.1.4.192/30
2019-11-15 13:53:52.798 2304 RALLYDEBUG rally_openstack.wrappers.network [-] CIDR generated: 1.1.4.196/30
2019-11-15 13:53:52.866 2288 RALLYDEBUG rally_openstack.wrappers.network [-] CIDR generated: 1.1.4.200/30
2019-11-15 13:53:52.878 2285 RALLYDEBUG rally_openstack.wrappers.network [-] CIDR generated: 1.1.4.204/30
2019-11-15 13:53:55.882 2271 RALLYDEBUG rally_openstack.wrappers.network [-] CIDR generated: 1.1.4.208/30
2019-11-15 13:53:56.262 2279 RALLYDEBUG rally_openstack.wrappers.network [-] CIDR generated: 1.1.4.212/30
2019-11-15 13:53:56.681 2270 RALLYDEBUG rally_openstack.wrappers.network [-] CIDR generated: 1.1.4.216/30
2019-11-15 13:53:56.889 2291 RALLYDEBUG rally_openstack.wrappers.network [-] CIDR generated: 1.1.4.220/30
2019-11-15 13:53:57.127 2276 RALLYDEBUG rally_openstack.wrappers.network [-] CIDR generated: 1.1.4.224/30
2019-11-15 13:53:57.163 2300 RALLYDEBUG rally_openstack.wrappers.network [-] CIDR generated: 1.1.4.228/30
2019-11-15 13:53:57.218 2298 RALLYDEBUG rally_openstack.wrappers.network [-] CIDR generated: 1.1.4.232/30
2019-11-15 13:53:57.244 2317 RALLYDEBUG rally_openstack.wrappers.network [-] CIDR generated: 1.1.4.236/30
2019-11-15 13:53:57.267 2295 RALLYDEBUG rally_openstack.wrappers.network [-] CIDR generated: 1.1.4.240/30
2019-11-15 13:53:57.742 2313 RALLYDEBUG rally_openstack.wrappers.network [-] CIDR generated: 1.1.4.244/30
2019-11-15 13:53:57.814 2307 RALLYDEBUG rally_openstack.wrappers.network [-] CIDR generated: 1.1.4.248/30
2019-11-15 13:53:58.396 2309 RALLYDEBUG rally_openstack.wrappers.network [-] CIDR generated: 1.1.4.252/30
2019-11-15 13:54:00.165 2274 INFO rally.task.runner [-] Task 7a1d5cc6-f0c2-4b45-ac7b-7c23236fddba | ITER: 5 END: OK
2019-11-15 13:54:00.170 2274 INFO rally.task.runner [-] Task 7a1d5cc6-f0c2-4b45-ac7b-7c23236fddba | ITER: 21 START
2019-11-15 13:54:00.170 2274 WARNING rally_openstack.scenarios.neutron.utils [-] Running this scenario without either the 'network' or 'existing_network' context is deprecated
2019-11-15 13:54:01.361 2274 RALLYDEBUG rally_openstack.wrappers.network [-] CIDR generated: 1.1.5.0/30
2019-11-15 13:54:02.432 2318 INFO rally.task.runner [-] Task 7a1d5cc6-f0c2-4b45-ac7b-7c23236fddba | ITER: 20 END: OK
2019-11-15 13:54:02.437 2318 INFO rally.task.runner [-] Task 7a1d5cc6-f0c2-4b45-ac7b-7c23236fddba | ITER: 22 START
2019-11-15 13:54:02.438 2318 WARNING rally_openstack.scenarios.neutron.utils [-] Running this scenario without either the 'network' or 'existing_network' context is deprecated
2019-11-15 13:54:03.045 2318 RALLYDEBUG rally_openstack.wrappers.network [-] CIDR generated: 1.1.5.4/30
2019-11-15 13:54:09.199 2274 RALLYDEBUG rally_openstack.wrappers.network [-] CIDR generated: 1.1.5.8/30
2019-11-15 13:54:09.403 2282 INFO rally.task.runner [-] Task 7a1d5cc6-f0c2-4b45-ac7b-7c23236fddba | ITER: 8 END: OK
2019-11-15 13:54:09.407 2282 INFO rally.task.runner [-] Task 7a1d5cc6-f0c2-4b45-ac7b-7c23236fddba | ITER: 23 START
2019-11-15 13:54:09.408 2282 WARNING rally_openstack.scenarios.neutron.utils [-] Running this scenario without either the 'network' or 'existing_network' context is deprecated
2019-11-15 13:54:09.808 2318 RALLYDEBUG rally_openstack.wrappers.network [-] CIDR generated: 1.1.5.12/30
2019-11-15 13:54:10.154 2269 INFO rally.task.runner [-] Task 7a1d5cc6-f0c2-4b45-ac7b-7c23236fddba | ITER: 1 END: OK
2019-11-15 13:54:10.165 2269 INFO rally.task.runner [-] Task 7a1d5cc6-f0c2-4b45-ac7b-7c23236fddba | ITER: 24 START
2019-11-15 13:54:10.167 2269 WARNING rally_openstack.scenarios.neutron.utils [-] Running this scenario without either the 'network' or 'existing_network' context is deprecated
2019-11-15 13:54:11.552 2271 INFO rally.task.runner [-] Task 7a1d5cc6-f0c2-4b45-ac7b-7c23236fddba | ITER: 3 END: OK
2019-11-15 13:54:11.560 2271 INFO rally.task.runner [-] Task 7a1d5cc6-f0c2-4b45-ac7b-7c23236fddba | ITER: 25 START
2019-11-15 13:54:11.561 2271 WARNING rally_openstack.scenarios.neutron.utils [-] Running this scenario without either the 'network' or 'existing_network' context is deprecated
2019-11-15 13:54:12.081 2282 RALLYDEBUG rally_openstack.wrappers.network [-] CIDR generated: 1.1.5.16/30
2019-11-15 13:54:12.171 2279 INFO rally.task.runner [-] Task 7a1d5cc6-f0c2-4b45-ac7b-7c23236fddba | ITER: 7 END: OK
2019-11-15 13:54:12.178 2279 INFO rally.task.runner [-] Task 7a1d5cc6-f0c2-4b45-ac7b-7c23236fddba | ITER: 26 START
2019-11-15 13:54:12.179 2279 WARNING rally_openstack.scenarios.neutron.utils [-] Running this scenario without either the 'network' or 'existing_network' context is deprecated
2019-11-15 13:54:13.424 2279 RALLYDEBUG rally_openstack.wrappers.network [-] CIDR generated: 1.1.5.20/30
2019-11-15 13:54:15.466 2269 RALLYDEBUG rally_openstack.wrappers.network [-] CIDR generated: 1.1.5.24/30
2019-11-15 13:54:16.194 2269 RALLYDEBUG rally_openstack.wrappers.network [-] CIDR generated: 1.1.5.28/30
2019-11-15 13:54:17.462 2271 RALLYDEBUG rally_openstack.wrappers.network [-] CIDR generated: 1.1.5.32/30
2019-11-15 13:54:18.801 2271 RALLYDEBUG rally_openstack.wrappers.network [-] CIDR generated: 1.1.5.36/30
2019-11-15 13:54:20.038 2291 INFO rally.task.runner [-] Task 7a1d5cc6-f0c2-4b45-ac7b-7c23236fddba | ITER: 11 END: OK
2019-11-15 13:54:20.047 2291 INFO rally.task.runner [-] Task 7a1d5cc6-f0c2-4b45-ac7b-7c23236fddba | ITER: 27 START
2019-11-15 13:54:20.048 2291 WARNING rally_openstack.scenarios.neutron.utils [-] Running this scenario without either the 'network' or 'existing_network' context is deprecated
2019-11-15 13:54:20.186 2270 INFO rally.task.runner [-] Task 7a1d5cc6-f0c2-4b45-ac7b-7c23236fddba | ITER: 2 END: OK
2019-11-15 13:54:20.194 2270 INFO rally.task.runner [-] Task 7a1d5cc6-f0c2-4b45-ac7b-7c23236fddba | ITER: 28 START
2019-11-15 13:54:20.195 2270 WARNING rally_openstack.scenarios.neutron.utils [-] Running this scenario without either the 'network' or 'existing_network' context is deprecated
2019-11-15 13:54:20.908 2291 RALLYDEBUG rally_openstack.wrappers.network [-] CIDR generated: 1.1.5.40/30
2019-11-15 13:54:22.104 2282 RALLYDEBUG rally_openstack.wrappers.network [-] CIDR generated: 1.1.5.44/30
2019-11-15 13:54:23.174 2279 RALLYDEBUG rally_openstack.wrappers.network [-] CIDR generated: 1.1.5.48/30
2019-11-15 13:54:23.638 2300 INFO rally.task.runner [-] Task 7a1d5cc6-f0c2-4b45-ac7b-7c23236fddba | ITER: 14 END: OK
2019-11-15 13:54:23.645 2300 INFO rally.task.runner [-] Task 7a1d5cc6-f0c2-4b45-ac7b-7c23236fddba | ITER: 29 START
2019-11-15 13:54:23.646 2300 WARNING rally_openstack.scenarios.neutron.utils [-] Running this scenario without either the 'network' or 'existing_network' context is deprecated
2019-11-15 13:54:23.766 2272 INFO rally.task.runner [-] Task 7a1d5cc6-f0c2-4b45-ac7b-7c23236fddba | ITER: 4 END: OK
2019-11-15 13:54:23.775 2272 INFO rally.task.runner [-] Task 7a1d5cc6-f0c2-4b45-ac7b-7c23236fddba | ITER: 30 START
2019-11-15 13:54:23.776 2272 WARNING rally_openstack.scenarios.neutron.utils [-] Running this scenario without either the 'network' or 'existing_network' context is deprecated
2019-11-15 13:54:23.829 2270 RALLYDEBUG rally_openstack.wrappers.network [-] CIDR generated: 1.1.5.52/30
2019-11-15 13:54:23.885 2288 INFO rally.task.runner [-] Task 7a1d5cc6-f0c2-4b45-ac7b-7c23236fddba | ITER: 10 END: OK
2019-11-15 13:54:23.889 2285 INFO rally.task.runner [-] Task 7a1d5cc6-f0c2-4b45-ac7b-7c23236fddba | ITER: 9 END: OK
2019-11-15 13:54:23.894 2288 INFO rally.task.runner [-] Task 7a1d5cc6-f0c2-4b45-ac7b-7c23236fddba | ITER: 31 START
2019-11-15 13:54:23.896 2288 WARNING rally_openstack.scenarios.neutron.utils [-] Running this scenario without either the 'network' or 'existing_network' context is deprecated
2019-11-15 13:54:23.898 2285 INFO rally.task.runner [-] Task 7a1d5cc6-f0c2-4b45-ac7b-7c23236fddba | ITER: 32 START
2019-11-15 13:54:23.899 2285 WARNING rally_openstack.scenarios.neutron.utils [-] Running this scenario without either the 'network' or 'existing_network' context is deprecated
2019-11-15 13:54:25.631 2272 RALLYDEBUG rally_openstack.wrappers.network [-] CIDR generated: 1.1.5.56/30
2019-11-15 13:54:25.647 2276 INFO rally.task.runner [-] Task 7a1d5cc6-f0c2-4b45-ac7b-7c23236fddba | ITER: 6 END: OK
2019-11-15 13:54:25.654 2276 INFO rally.task.runner [-] Task 7a1d5cc6-f0c2-4b45-ac7b-7c23236fddba | ITER: 33 START
2019-11-15 13:54:25.655 2276 WARNING rally_openstack.scenarios.neutron.utils [-] Running this scenario without either the 'network' or 'existing_network' context is deprecated
2019-11-15 13:54:25.740 2298 INFO rally.task.runner [-] Task 7a1d5cc6-f0c2-4b45-ac7b-7c23236fddba | ITER: 13 END: OK
2019-11-15 13:54:25.748 2298 INFO rally.task.runner [-] Task 7a1d5cc6-f0c2-4b45-ac7b-7c23236fddba | ITER: 34 START
2019-11-15 13:54:25.749 2298 WARNING rally_openstack.scenarios.neutron.utils [-] Running this scenario without either the 'network' or 'existing_network' context is deprecated
2019-11-15 13:54:25.765 2291 RALLYDEBUG rally_openstack.wrappers.network [-] CIDR generated: 1.1.5.60/30
2019-11-15 13:54:26.355 2274 INFO rally.task.runner [-] Task 7a1d5cc6-f0c2-4b45-ac7b-7c23236fddba | ITER: 21 END: OK
2019-11-15 13:54:26.363 2274 INFO rally.task.runner [-] Task 7a1d5cc6-f0c2-4b45-ac7b-7c23236fddba | ITER: 35 START
2019-11-15 13:54:26.364 2274 WARNING rally_openstack.scenarios.neutron.utils [-] Running this scenario without either the 'network' or 'existing_network' context is deprecated
2019-11-15 13:54:27.268 2304 INFO rally.task.runner [-] Task 7a1d5cc6-f0c2-4b45-ac7b-7c23236fddba | ITER: 15 END: OK
2019-11-15 13:54:27.277 2304 INFO rally.task.runner [-] Task 7a1d5cc6-f0c2-4b45-ac7b-7c23236fddba | ITER: 36 START
2019-11-15 13:54:27.278 2304 WARNING rally_openstack.scenarios.neutron.utils [-] Running this scenario without either the 'network' or 'existing_network' context is deprecated
2019-11-15 13:54:27.415 2276 RALLYDEBUG rally_openstack.wrappers.network [-] CIDR generated: 1.1.5.64/30
2019-11-15 13:54:27.447 2298 RALLYDEBUG rally_openstack.wrappers.network [-] CIDR generated: 1.1.5.68/30
2019-11-15 13:54:28.891 2300 RALLYDEBUG rally_openstack.wrappers.network [-] CIDR generated: 1.1.5.72/30
2019-11-15 13:54:29.007 2285 RALLYDEBUG rally_openstack.wrappers.network [-] CIDR generated: 1.1.5.76/30
2019-11-15 13:54:29.240 2288 RALLYDEBUG rally_openstack.wrappers.network [-] CIDR generated: 1.1.5.80/30
2019-11-15 13:54:29.731 2318 INFO rally.task.runner [-] Task 7a1d5cc6-f0c2-4b45-ac7b-7c23236fddba | ITER: 22 END: OK
2019-11-15 13:54:29.737 2318 INFO rally.task.runner [-] Task 7a1d5cc6-f0c2-4b45-ac7b-7c23236fddba | ITER: 37 START
2019-11-15 13:54:29.739 2318 WARNING rally_openstack.scenarios.neutron.utils [-] Running this scenario without either the 'network' or 'existing_network' context is deprecated
2019-11-15 13:54:30.040 2317 INFO rally.task.runner [-] Task 7a1d5cc6-f0c2-4b45-ac7b-7c23236fddba | ITER: 19 END: OK
2019-11-15 13:54:30.047 2317 INFO rally.task.runner [-] Task 7a1d5cc6-f0c2-4b45-ac7b-7c23236fddba | ITER: 38 START
2019-11-15 13:54:30.048 2317 WARNING rally_openstack.scenarios.neutron.utils [-] Running this scenario without either the 'network' or 'existing_network' context is deprecated
2019-11-15 13:54:30.083 2295 INFO rally.task.runner [-] Task 7a1d5cc6-f0c2-4b45-ac7b-7c23236fddba | ITER: 12 END: OK
2019-11-15 13:54:30.090 2295 INFO rally.task.runner [-] Task 7a1d5cc6-f0c2-4b45-ac7b-7c23236fddba | ITER: 39 START
2019-11-15 13:54:30.091 2295 WARNING rally_openstack.scenarios.neutron.utils [-] Running this scenario without either the 'network' or 'existing_network' context is deprecated
2019-11-15 13:54:30.655 2274 RALLYDEBUG rally_openstack.wrappers.network [-] CIDR generated: 1.1.5.84/30
2019-11-15 13:54:31.288 2318 RALLYDEBUG rally_openstack.wrappers.network [-] CIDR generated: 1.1.5.88/30
2019-11-15 13:54:31.579 2304 RALLYDEBUG rally_openstack.wrappers.network [-] CIDR generated: 1.1.5.92/30
2019-11-15 13:54:31.980 2317 RALLYDEBUG rally_openstack.wrappers.network [-] CIDR generated: 1.1.5.96/30
2019-11-15 13:54:32.153 2285 RALLYDEBUG rally_openstack.wrappers.network [-] CIDR generated: 1.1.5.100/30
2019-11-15 13:54:32.201 2300 RALLYDEBUG rally_openstack.wrappers.network [-] CIDR generated: 1.1.5.104/30
2019-11-15 13:54:32.321 2288 RALLYDEBUG rally_openstack.wrappers.network [-] CIDR generated: 1.1.5.108/30
2019-11-15 13:54:33.401 2274 RALLYDEBUG rally_openstack.wrappers.network [-] CIDR generated: 1.1.5.112/30
2019-11-15 13:54:33.430 2270 RALLYDEBUG rally_openstack.wrappers.network [-] CIDR generated: 1.1.5.116/30
2019-11-15 13:54:33.601 2307 INFO rally.task.runner [-] Task 7a1d5cc6-f0c2-4b45-ac7b-7c23236fddba | ITER: 16 END: OK
2019-11-15 13:54:33.609 2307 INFO rally.task.runner [-] Task 7a1d5cc6-f0c2-4b45-ac7b-7c23236fddba | ITER: 40 START
2019-11-15 13:54:33.611 2307 WARNING rally_openstack.scenarios.neutron.utils [-] Running this scenario without either the 'network' or 'existing_network' context is deprecated
2019-11-15 13:54:33.734 2313 INFO rally.task.runner [-] Task 7a1d5cc6-f0c2-4b45-ac7b-7c23236fddba | ITER: 18 END: OK
2019-11-15 13:54:33.758 2304 RALLYDEBUG rally_openstack.wrappers.network [-] CIDR generated: 1.1.5.120/30
2019-11-15 13:54:33.827 2295 RALLYDEBUG rally_openstack.wrappers.network [-] CIDR generated: 1.1.5.124/30
2019-11-15 13:54:33.835 2272 RALLYDEBUG rally_openstack.wrappers.network [-] CIDR generated: 1.1.5.128/30
2019-11-15 13:54:35.657 2276 RALLYDEBUG rally_openstack.wrappers.network [-] CIDR generated: 1.1.5.132/30
2019-11-15 13:54:36.054 2295 RALLYDEBUG rally_openstack.wrappers.network [-] CIDR generated: 1.1.5.136/30
2019-11-15 13:54:36.810 2298 RALLYDEBUG rally_openstack.wrappers.network [-] CIDR generated: 1.1.5.140/30
2019-11-15 13:54:37.236 2271 INFO rally.task.runner [-] Task 7a1d5cc6-f0c2-4b45-ac7b-7c23236fddba | ITER: 25 END: OK
2019-11-15 13:54:38.164 2307 RALLYDEBUG rally_openstack.wrappers.network [-] CIDR generated: 1.1.5.144/30
2019-11-15 13:54:39.472 2307 RALLYDEBUG rally_openstack.wrappers.network [-] CIDR generated: 1.1.5.148/30
2019-11-15 13:54:39.475 2291 INFO rally.task.runner [-] Task 7a1d5cc6-f0c2-4b45-ac7b-7c23236fddba | ITER: 27 END: OK
2019-11-15 13:54:39.642 2318 RALLYDEBUG rally_openstack.wrappers.network [-] CIDR generated: 1.1.5.152/30
2019-11-15 13:54:40.044 2317 RALLYDEBUG rally_openstack.wrappers.network [-] CIDR generated: 1.1.5.156/30
2019-11-15 13:54:41.519 2309 INFO rally.task.runner [-] Task 7a1d5cc6-f0c2-4b45-ac7b-7c23236fddba | ITER: 17 END: OK
2019-11-15 13:54:42.790 2282 INFO rally.task.runner [-] Task 7a1d5cc6-f0c2-4b45-ac7b-7c23236fddba | ITER: 23 END: OK
2019-11-15 13:54:44.087 2279 INFO rally.task.runner [-] Task 7a1d5cc6-f0c2-4b45-ac7b-7c23236fddba | ITER: 26 END: OK
2019-11-15 13:54:47.934 2276 INFO rally.task.runner [-] Task 7a1d5cc6-f0c2-4b45-ac7b-7c23236fddba | ITER: 33 END: OK
2019-11-15 13:54:48.040 2298 INFO rally.task.runner [-] Task 7a1d5cc6-f0c2-4b45-ac7b-7c23236fddba | ITER: 34 END: OK
2019-11-15 13:54:48.868 2269 INFO rally.task.runner [-] Task 7a1d5cc6-f0c2-4b45-ac7b-7c23236fddba | ITER: 24 END: OK
2019-11-15 13:54:50.431 2318 INFO rally.task.runner [-] Task 7a1d5cc6-f0c2-4b45-ac7b-7c23236fddba | ITER: 37 END: OK
2019-11-15 13:54:50.492 2304 INFO rally.task.runner [-] Task 7a1d5cc6-f0c2-4b45-ac7b-7c23236fddba | ITER: 36 END: OK
2019-11-15 13:54:51.636 2317 INFO rally.task.runner [-] Task 7a1d5cc6-f0c2-4b45-ac7b-7c23236fddba | ITER: 38 END: OK
2019-11-15 13:54:51.719 2270 INFO rally.task.runner [-] Task 7a1d5cc6-f0c2-4b45-ac7b-7c23236fddba | ITER: 28 END: OK
2019-11-15 13:54:52.320 2295 INFO rally.task.runner [-] Task 7a1d5cc6-f0c2-4b45-ac7b-7c23236fddba | ITER: 39 END: OK
2019-11-15 13:54:52.340 2272 INFO rally.task.runner [-] Task 7a1d5cc6-f0c2-4b45-ac7b-7c23236fddba | ITER: 30 END: OK
2019-11-15 13:54:52.617 2307 INFO rally.task.runner [-] Task 7a1d5cc6-f0c2-4b45-ac7b-7c23236fddba | ITER: 40 END: OK
2019-11-15 13:54:53.906 2274 INFO rally.task.runner [-] Task 7a1d5cc6-f0c2-4b45-ac7b-7c23236fddba | ITER: 35 END: OK
2019-11-15 13:54:54.374 2285 INFO rally.task.runner [-] Task 7a1d5cc6-f0c2-4b45-ac7b-7c23236fddba | ITER: 32 END: OK
2019-11-15 13:54:54.506 2300 INFO rally.task.runner [-] Task 7a1d5cc6-f0c2-4b45-ac7b-7c23236fddba | ITER: 29 END: OK
2019-11-15 13:54:54.524 2288 INFO rally.task.runner [-] Task 7a1d5cc6-f0c2-4b45-ac7b-7c23236fddba | ITER: 31 END: OK
2019-11-15 13:54:54.548 15 INFO rally.task.context [-] Task 7a1d5cc6-f0c2-4b45-ac7b-7c23236fddba | Context cleanup@openstack cleanup() started
2019-11-15 13:54:54.552 15 RALLYDEBUG rally_openstack.cleanup.manager [-] Cleaning up neutron vip objects
2019-11-15 13:54:54.758 15 RALLYDEBUG rally_openstack.cleanup.manager [-] Cleaning up neutron health_monitor objects
2019-11-15 13:54:54.958 15 RALLYDEBUG rally_openstack.cleanup.manager [-] Cleaning up neutron pool objects
2019-11-15 13:54:55.158 15 RALLYDEBUG rally_openstack.cleanup.manager [-] Cleaning up neutron loadbalancer objects
2019-11-15 13:54:55.356 15 RALLYDEBUG rally_openstack.cleanup.manager [-] Cleaning up neutron floatingip objects
2019-11-15 13:54:55.570 15 RALLYDEBUG rally_openstack.cleanup.manager [-] Cleaning up neutron trunk objects
2019-11-15 13:54:55.760 15 DEBUG neutronclient.v2_0.client [-] Error message: {"message": "The resource could not be found.

\n\n\n", "code": "404 Not Found", "title": "Not Found"} _handle_fault_response /usr/lib/python2.7/site-packages/neutronclient/v2_0/client.py:259
2019-11-15 13:54:55.770 15 RALLYDEBUG rally_openstack.cleanup.manager [-] Cleaning up neutron port objects
2019-11-15 13:54:56.370 15 RALLYDEBUG rally_openstack.cleanup.manager [-] Cleaning up neutron subnet objects
2019-11-15 13:54:56.627 15 RALLYDEBUG rally_openstack.cleanup.manager [-] Cleaning up neutron network objects
2019-11-15 13:54:57.079 15 RALLYDEBUG rally_openstack.cleanup.manager [-] Deleting neutron.network object s_rally_7994d6da_8JDaIxcf (076da4f6-b9c9-4a94-a382-2dcf97ef6adf)
2019-11-15 13:54:57.086 15 RALLYDEBUG rally_openstack.cleanup.manager [-] Deleting neutron.network object s_rally_7994d6da_WdMTtLQU (098a0d05-e4db-4230-acd7-d720646e7df8)
2019-11-15 13:54:57.101 15 RALLYDEBUG rally_openstack.cleanup.manager [-] Deleting neutron.network object s_rally_7994d6da_cLvRxKwr (118ced6e-acab-4f40-8a30-b833e5604e35)
2019-11-15 13:54:57.101 15 RALLYDEBUG rally_openstack.cleanup.manager [-] Deleting neutron.network object s_rally_7994d6da_k2Th4FXd (1138877e-5a57-4449-b302-81397d6b8cbc)
2019-11-15 13:54:57.112 15 RALLYDEBUG rally_openstack.cleanup.manager [-] Deleting neutron.network object s_rally_7994d6da_q6Cy6o0l (1d62ac93-3631-4ec2-a311-e5a1e9246d8b)
2019-11-15 13:54:57.122 15 RALLYDEBUG rally_openstack.cleanup.manager [-] Deleting neutron.network object s_rally_7994d6da_jwfc8wbB (2e31d521-865a-4483-bf72-5b604ef43039)
2019-11-15 13:54:57.130 15 RALLYDEBUG rally_openstack.cleanup.manager [-] Deleting neutron.network object s_rally_7994d6da_QKEPScxs (326256b7-9f13-45a8-a465-722a788099c1)
2019-11-15 13:54:57.209 15 RALLYDEBUG rally_openstack.cleanup.manager [-] Deleting neutron.network object s_rally_7994d6da_bjoST4V6 (3b450df8-5397-4d1b-8b24-72184fbb56f7)
2019-11-15 13:54:57.211 15 RALLYDEBUG rally_openstack.cleanup.manager [-] Deleting neutron.network object s_rally_7994d6da_gS1EuA5F (47a1fab3-943c-4696-81fd-c4585d8b8089)
2019-11-15 13:54:57.216 15 RALLYDEBUG rally_openstack.cleanup.manager [-] Deleting neutron.network object s_rally_7994d6da_KNF0AePr (46de5f90-4cac-4c7f-8a37-7c3abe3fdd25)
2019-11-15 13:54:57.239 15 RALLYDEBUG rally_openstack.cleanup.manager [-] Deleting neutron.network object s_rally_7994d6da_liA6RcRX (49959e93-a0c7-4f12-88a5-0471f7494134)
2019-11-15 13:54:57.241 15 RALLYDEBUG rally_openstack.cleanup.manager [-] Deleting neutron.network object s_rally_7994d6da_WoGdxnlg (6590a816-e720-4080-83c2-18cc737de008)
2019-11-15 13:54:57.255 15 RALLYDEBUG rally_openstack.cleanup.manager [-] Deleting neutron.network object s_rally_7994d6da_wnwSRde3 (73dbd29d-0d27-4cfd-8e1a-d3d1b61542c6)
2019-11-15 13:54:57.259 15 RALLYDEBUG rally_openstack.cleanup.manager [-] Deleting neutron.network object s_rally_7994d6da_bcpvnYwy (7e32614f-0fe0-4ec5-a220-fdbfa3304ab2)
2019-11-15 13:54:57.265 15 RALLYDEBUG rally_openstack.cleanup.manager [-] Deleting neutron.network object s_rally_7994d6da_XeYTNIai (7db3fad4-685d-4ccc-ae96-facc192d4106)
2019-11-15 13:54:57.274 15 RALLYDEBUG rally_openstack.cleanup.manager [-] Deleting neutron.network object s_rally_7994d6da_XOrVgVol (8246db86-1e7b-4fe1-9749-958575311337)
2019-11-15 13:54:57.306 15 RALLYDEBUG rally_openstack.cleanup.manager [-] Deleting neutron.network object s_rally_7994d6da_NWksU9Sc (7afcf132-36ef-4f36-8cb6-1fa97038f91a)
2019-11-15 13:54:57.309 15 RALLYDEBUG rally_openstack.cleanup.manager [-] Deleting neutron.network object s_rally_7994d6da_3aUHtAh8 (8d14de42-9360-4413-a3a6-8ebddb8d3d70)
2019-11-15 13:54:57.314 15 RALLYDEBUG rally_openstack.cleanup.manager [-] Deleting neutron.network object s_rally_7994d6da_WHrZSytF (937ac84b-8e6d-4000-9d6c-6c6d35a364a9)
2019-11-15 13:54:57.324 15 RALLYDEBUG rally_openstack.cleanup.manager [-] Deleting neutron.network object s_rally_7994d6da_LzgEJopN (85a37b2b-766e-4e97-87ae-7ef241f0d392)
2019-11-15 13:55:01.706 15 RALLYDEBUG rally_openstack.cleanup.manager [-] Deleting neutron.network object s_rally_7994d6da_QB2kWZNn (93d1c859-5c09-4e79-a8ea-cc86f8c9e7cd)
2019-11-15 13:55:02.391 15 RALLYDEBUG rally_openstack.cleanup.manager [-] Deleting neutron.network object s_rally_7994d6da_nsz9JvMs (9ba7b83b-9a40-4bd0-94f5-a2cb7e1ba857)
2019-11-15 13:55:04.251 15 RALLYDEBUG rally_openstack.cleanup.manager [-] Deleting neutron.network object s_rally_7994d6da_m38AsrYo (a2dd48f9-6cf5-4a2b-9b5d-e63929efca32)
2019-11-15 13:55:04.297 15 RALLYDEBUG rally_openstack.cleanup.manager [-] Deleting neutron.network object s_rally_7994d6da_OG0AQQap (a80b99b1-e4a3-4897-a342-c7e8ae2f0c92)
2019-11-15 13:55:04.386 15 RALLYDEBUG rally_openstack.cleanup.manager [-] Deleting neutron.network object s_rally_7994d6da_oEh3U1P4 (ab84d7a3-bb5b-49d2-af0f-4cdca7d72232)
2019-11-15 13:55:04.490 15 RALLYDEBUG rally_openstack.cleanup.manager [-] Deleting neutron.network object s_rally_7994d6da_sLpJwlkh (adbe79bd-2d4a-49f7-8101-6793ac6e1aa8)
2019-11-15 13:55:06.120 15 RALLYDEBUG rally_openstack.cleanup.manager [-] Deleting neutron.network object s_rally_7994d6da_0iLEmx06 (af0492ea-8342-4e5c-bc25-4d693fc5bd62)
2019-11-15 13:55:06.166 15 RALLYDEBUG rally_openstack.cleanup.manager [-] Deleting neutron.network object s_rally_7994d6da_8u7erHHq (b3de1a80-614e-40ec-aa50-b78e20dbedad)
2019-11-15 13:55:06.174 15 RALLYDEBUG rally_openstack.cleanup.manager [-] Deleting neutron.network object s_rally_7994d6da_K3HFnmpz (c311fa9c-8b10-40ab-95bc-5330d0ac8403)
2019-11-15 13:55:07.629 15 RALLYDEBUG rally_openstack.cleanup.manager [-] Deleting neutron.network object s_rally_7994d6da_XFISrUea (c8a16104-90a3-4647-9cac-3cdaea58a0fe)
2019-11-15 13:55:08.115 15 RALLYDEBUG rally_openstack.cleanup.manager [-] Deleting neutron.network object s_rally_7994d6da_jJO3BCv9 (cb126f5d-efe3-4c11-8b37-f0a783688586)
2019-11-15 13:55:08.478 15 RALLYDEBUG rally_openstack.cleanup.manager [-] Deleting neutron.network object s_rally_7994d6da_G1HwI4Iv (cd5f39af-3e5d-460c-a1e3-88643c7b8600)
2019-11-15 13:55:10.126 15 RALLYDEBUG rally_openstack.cleanup.manager [-] Deleting neutron.network object s_rally_7994d6da_MD6QYvCp (ce02a3b2-cb73-4bf1-9287-ee0c208e032d)
2019-11-15 13:55:11.301 15 RALLYDEBUG rally_openstack.cleanup.manager [-] Deleting neutron.network object s_rally_7994d6da_pNWizkz7 (ce61a293-158d-4c57-825f-3e71eed28ee2)
2019-11-15 13:55:11.326 15 RALLYDEBUG rally_openstack.cleanup.manager [-] Deleting neutron.network object s_rally_7994d6da_DhZBaJ3o (d1825adf-62ff-4954-9c61-4d90efbc3210)
2019-11-15 13:55:11.549 15 RALLYDEBUG rally_openstack.cleanup.manager [-] Deleting neutron.network object s_rally_7994d6da_LMvFzG7Q (d23eec8c-abb1-4370-8a1e-e07a7c9ec6df)
2019-11-15 13:55:11.563 15 RALLYDEBUG rally_openstack.cleanup.manager [-] Deleting neutron.network object s_rally_7994d6da_y3ygS2aE (d2e89cda-4082-49b2-bdf1-b1567b49c3a8)
2019-11-15 13:55:11.802 15 RALLYDEBUG rally_openstack.cleanup.manager [-] Deleting neutron.network object s_rally_7994d6da_IaAnmA1F (db950a61-c209-434e-b451-08fe5187c425)
2019-11-15 13:55:11.802 15 RALLYDEBUG rally_openstack.cleanup.manager [-] Deleting neutron.network object s_rally_7994d6da_shPZ544u (d910be64-c1b2-491a-ba65-c4000aaa82d6)
2019-11-15 13:55:11.815 15 RALLYDEBUG rally_openstack.cleanup.manager [-] Deleting neutron.network object s_rally_7994d6da_xu28Bjdu (fa64d18c-9af2-45b9-b7cc-afe80d66549c)
2019-11-15 13:55:21.442 15 RALLYDEBUG rally_openstack.cleanup.manager [-] Cleaning up neutron router objects
2019-11-15 13:55:21.693 15 RALLYDEBUG rally_openstack.cleanup.manager [-] Cleaning up neutron security_group objects
2019-11-15 13:55:21.987 15 INFO rally.task.context [-] Task 7a1d5cc6-f0c2-4b45-ac7b-7c23236fddba | Context cleanup@openstack cleanup() finished in 27.44 sec
2019-11-15 13:55:21.987 15 INFO rally.task.context [-] Task 7a1d5cc6-f0c2-4b45-ac7b-7c23236fddba | Context quotas@openstack cleanup() started
2019-11-15 13:55:22.032 15 INFO rally.task.context [-] Task 7a1d5cc6-f0c2-4b45-ac7b-7c23236fddba | Context quotas@openstack cleanup() finished in 44.59 msec
2019-11-15 13:55:22.033 15 INFO rally.task.context [-] Task 7a1d5cc6-f0c2-4b45-ac7b-7c23236fddba | Context users@openstack cleanup() started
2019-11-15 13:55:23.807 15 INFO rally.task.context [-] Task 7a1d5cc6-f0c2-4b45-ac7b-7c23236fddba | Context users@openstack cleanup() finished in 1.77 sec
2019-11-15 13:55:24.063 15 INFO rally.task.engine [-] Load duration is: 69.677837
2019-11-15 13:55:24.063 15 INFO rally.task.engine [-] Full runner duration is: 69.725722
2019-11-15 13:55:24.064 15 INFO rally.task.engine [-] Full duration is: 100.127108
2019-11-15 13:55:24.176 15 INFO rally.task.engine [-] Running workload: position = 0 config = { "version": 2, "title": "A cropped version of a bigger task.", "description": "Auto-generated task from a single workload (uuid=961f814c-f631-447c-b57a-d4f2be8f5197)", "subtasks": [ { "title": "NeutronNetworks.create_and_list_routers", "description": "Create and a given number of routers and list all routers.", "scenario": { "NeutronNetworks.create_and_list_routers": { "network_create_args": null, "subnet_create_args": null, "subnet_cidr_start": "1.1.0.0/30", "subnets_per_network": 2, "router_create_args": null } }, "contexts": { "users": { "tenants": 1, "users_per_tenant": 1 }, "quotas": { "neutron": { "network": -1, "subnet": -1, "router": -1 } } }, "runner": { "constant": { "times": 40, "concurrency": 20 } }, "hooks": [], "sla": { "failure_rate": { "max": 0 } } } ] }
2019-11-15 13:55:24.200 15 RALLYDEBUG rally_openstack.contexts.keystone.users [-] Creating 1 tenants using 20 threads
2019-11-15 13:55:24.549 15 RALLYDEBUG rally_openstack.contexts.keystone.users [-] Creating 1 users using 20 threads
2019-11-15 13:55:24.994 15 INFO rally.task.context [-] Task 7a1d5cc6-f0c2-4b45-ac7b-7c23236fddba | Context users@openstack setup() finished in 0.79 sec
2019-11-15 13:55:25.429 15 INFO rally.task.context [-] Task 7a1d5cc6-f0c2-4b45-ac7b-7c23236fddba | Context quotas@openstack setup() finished in 0.43 sec
2019-11-15 13:55:25.430 15 INFO rally.task.context [-] Task 7a1d5cc6-f0c2-4b45-ac7b-7c23236fddba | Context cleanup@openstack setup() finished in 0.12 msec
2019-11-15 13:55:25.439 15 RALLYDEBUG rally.task.runner [-] Starting the constant runner (task UUID: 7a1d5cc6-f0c2-4b45-ac7b-7c23236fddba). timeout: 0 concurrency: 20 concurrency_per_worker: 1 times: 40 concurrency_overhead: 0 processes_to_start: 20 max_cpu_used: 88
2019-11-15 13:55:25.453 2671 RALLYDEBUG rally.task.runner [-] Starting a worker. concurrency: 1 args: {"network_create_args": null, "subnet_create_args": null, "subnet_cidr_start": "1.1.0.0/30", "subnets_per_network": 2, "router_create_args": null} times: 40 method_name: run timeout: 0 duration: None cls:
2019-11-15 13:55:25.455 2672 RALLYDEBUG rally.task.runner [-] Starting a worker. concurrency: 1 args: {"network_create_args": null, "subnet_create_args": null, "subnet_cidr_start": "1.1.0.0/30", "subnets_per_network": 2, "router_create_args": null} times: 40 method_name: run timeout: 0 duration: None cls:
2019-11-15 13:55:25.458 2673 RALLYDEBUG rally.task.runner [-] Starting a worker. concurrency: 1 args: {"network_create_args": null, "subnet_create_args": null, "subnet_cidr_start": "1.1.0.0/30", "subnets_per_network": 2, "router_create_args": null} times: 40 method_name: run timeout: 0 duration: None cls:
2019-11-15 13:55:25.459 2671 INFO rally.task.runner [-] Task 7a1d5cc6-f0c2-4b45-ac7b-7c23236fddba | ITER: 1 START
2019-11-15 13:55:25.460 2674 RALLYDEBUG rally.task.runner [-] Starting a worker. concurrency: 1 args: {"network_create_args": null, "subnet_create_args": null, "subnet_cidr_start": "1.1.0.0/30", "subnets_per_network": 2, "router_create_args": null} times: 40 method_name: run timeout: 0 duration: None cls:
2019-11-15 13:55:25.461 2672 INFO rally.task.runner [-] Task 7a1d5cc6-f0c2-4b45-ac7b-7c23236fddba | ITER: 2 START
2019-11-15 13:55:25.464 2673 INFO rally.task.runner [-] Task 7a1d5cc6-f0c2-4b45-ac7b-7c23236fddba | ITER: 3 START
2019-11-15 13:55:25.463 2675 RALLYDEBUG rally.task.runner [-] Starting a worker. concurrency: 1 args: {"network_create_args": null, "subnet_create_args": null, "subnet_cidr_start": "1.1.0.0/30", "subnets_per_network": 2, "router_create_args": null} times: 40 method_name: run timeout: 0 duration: None cls:
2019-11-15 13:55:25.467 2674 INFO rally.task.runner [-] Task 7a1d5cc6-f0c2-4b45-ac7b-7c23236fddba | ITER: 4 START
2019-11-15 13:55:25.466 2678 RALLYDEBUG rally.task.runner [-] Starting a worker. concurrency: 1 args: {"network_create_args": null, "subnet_create_args": null, "subnet_cidr_start": "1.1.0.0/30", "subnets_per_network": 2, "router_create_args": null} times: 40 method_name: run timeout: 0 duration: None cls:
2019-11-15 13:55:25.470 2675 INFO rally.task.runner [-] Task 7a1d5cc6-f0c2-4b45-ac7b-7c23236fddba | ITER: 5 START
2019-11-15 13:55:25.469 2681 RALLYDEBUG rally.task.runner [-] Starting a worker. concurrency: 1 args: {"network_create_args": null, "subnet_create_args": null, "subnet_cidr_start": "1.1.0.0/30", "subnets_per_network": 2, "router_create_args": null} times: 40 method_name: run timeout: 0 duration: None cls:
2019-11-15 13:55:25.472 2678 INFO rally.task.runner [-] Task 7a1d5cc6-f0c2-4b45-ac7b-7c23236fddba | ITER: 6 START
2019-11-15 13:55:25.472 2684 RALLYDEBUG rally.task.runner [-] Starting a worker. concurrency: 1 args: {"network_create_args": null, "subnet_create_args": null, "subnet_cidr_start": "1.1.0.0/30", "subnets_per_network": 2, "router_create_args": null} times: 40 method_name: run timeout: 0 duration: None cls:
2019-11-15 13:55:25.476 2681 INFO rally.task.runner [-] Task 7a1d5cc6-f0c2-4b45-ac7b-7c23236fddba | ITER: 7 START
2019-11-15 13:55:25.475 2687 RALLYDEBUG rally.task.runner [-] Starting a worker. concurrency: 1 args: {"network_create_args": null, "subnet_create_args": null, "subnet_cidr_start": "1.1.0.0/30", "subnets_per_network": 2, "router_create_args": null} times: 40 method_name: run timeout: 0 duration: None cls:
2019-11-15 13:55:25.478 2684 INFO rally.task.runner [-] Task 7a1d5cc6-f0c2-4b45-ac7b-7c23236fddba | ITER: 8 START
2019-11-15 13:55:25.478 2690 RALLYDEBUG rally.task.runner [-] Starting a worker. concurrency: 1 args: {"network_create_args": null, "subnet_create_args": null, "subnet_cidr_start": "1.1.0.0/30", "subnets_per_network": 2, "router_create_args": null} times: 40 method_name: run timeout: 0 duration: None cls:
2019-11-15 13:55:25.481 2693 RALLYDEBUG rally.task.runner [-] Starting a worker. concurrency: 1 args: {"network_create_args": null, "subnet_create_args": null, "subnet_cidr_start": "1.1.0.0/30", "subnets_per_network": 2, "router_create_args": null} times: 40 method_name: run timeout: 0 duration: None cls:
2019-11-15 13:55:25.482 2687 INFO rally.task.runner [-] Task 7a1d5cc6-f0c2-4b45-ac7b-7c23236fddba | ITER: 9 START
2019-11-15 13:55:25.484 2690 INFO rally.task.runner [-] Task 7a1d5cc6-f0c2-4b45-ac7b-7c23236fddba | ITER: 10 START
2019-11-15 13:55:25.484 2696 RALLYDEBUG rally.task.runner [-] Starting a worker. concurrency: 1 args: {"network_create_args": null, "subnet_create_args": null, "subnet_cidr_start": "1.1.0.0/30", "subnets_per_network": 2, "router_create_args": null} times: 40 method_name: run timeout: 0 duration: None cls:
2019-11-15 13:55:25.487 2693 INFO rally.task.runner [-] Task 7a1d5cc6-f0c2-4b45-ac7b-7c23236fddba | ITER: 11 START
2019-11-15 13:55:25.487 2699 RALLYDEBUG rally.task.runner [-] Starting a worker. concurrency: 1 args: {"network_create_args": null, "subnet_create_args": null, "subnet_cidr_start": "1.1.0.0/30", "subnets_per_network": 2, "router_create_args": null} times: 40 method_name: run timeout: 0 duration: None cls:
2019-11-15 13:55:25.488 2702 RALLYDEBUG rally.task.runner [-] Starting a worker. concurrency: 1 args: {"network_create_args": null, "subnet_create_args": null, "subnet_cidr_start": "1.1.0.0/30", "subnets_per_network": 2, "router_create_args": null} times: 40 method_name: run timeout: 0 duration: None cls:
2019-11-15 13:55:25.489 2696 INFO rally.task.runner [-] Task 7a1d5cc6-f0c2-4b45-ac7b-7c23236fddba | ITER: 12 START
2019-11-15 13:55:25.492 2705 RALLYDEBUG rally.task.runner [-] Starting a worker. concurrency: 1 args: {"network_create_args": null, "subnet_create_args": null, "subnet_cidr_start": "1.1.0.0/30", "subnets_per_network": 2, "router_create_args": null} times: 40 method_name: run timeout: 0 duration: None cls:
2019-11-15 13:55:25.493 2699 INFO rally.task.runner [-] Task 7a1d5cc6-f0c2-4b45-ac7b-7c23236fddba | ITER: 13 START
2019-11-15 13:55:25.494 2702 INFO rally.task.runner [-] Task 7a1d5cc6-f0c2-4b45-ac7b-7c23236fddba | ITER: 14 START
