2019-11-15 14:23:07.680 15 RALLYDEBUG rally_openstack.cleanup.manager [-] Deleting neutron.port object s_rally_61349051_eVZqmHN7 (ed1eb510-3815-4cc1-b4aa-9fb474c13cb9)
2019-11-15 14:23:07.997 15 RALLYDEBUG rally_openstack.cleanup.manager [-] Deleting neutron.port object s_rally_61349051_OFOCT8X7 (ed827ba1-acb4-46d2-94f7-27e339640030)
2019-11-15 14:23:08.749 15 RALLYDEBUG rally_openstack.cleanup.manager [-] Deleting neutron.port object s_rally_61349051_WCEMYxXz (edbbb9ba-3aed-4cb4-b0a3-7447c03a8c80)
2019-11-15 14:23:08.753 15 RALLYDEBUG rally_openstack.cleanup.manager [-] Deleting neutron.port object s_rally_61349051_aYEIPqFx (ee292b57-866f-4ea5-bfc2-5fee22ca684a)
2019-11-15 14:23:09.593 15 RALLYDEBUG rally_openstack.cleanup.manager [-] Deleting neutron.port object s_rally_61349051_nPXRNz5p (eea5bd68-b5b5-47df-8156-fd7394d655b8)
2019-11-15 14:23:09.786 15 RALLYDEBUG rally_openstack.cleanup.manager [-] Deleting neutron.port object s_rally_61349051_0jFcQOLC (eebd5325-0a99-4f97-879b-36bd904efab2)
2019-11-15 14:23:09.854 15 RALLYDEBUG rally_openstack.cleanup.manager [-] Deleting neutron.port object s_rally_61349051_6HgZQp3H (ef9727e8-d374-4ace-8581-b3448d2874af)
2019-11-15 14:23:10.506 15 RALLYDEBUG rally_openstack.cleanup.manager [-] Deleting neutron.port object s_rally_61349051_RTfVdfMr (efc56f0f-6dd9-4a55-88ac-0feb3746c745)
2019-11-15 14:23:10.512 15 RALLYDEBUG rally_openstack.cleanup.manager [-] Deleting neutron.port object s_rally_61349051_wK1QsJgJ (f004174f-abee-4d96-b6e2-480f9a75da17)
2019-11-15 14:23:10.537 15 RALLYDEBUG rally_openstack.cleanup.manager [-] Deleting neutron.port object s_rally_61349051_jGcbJJaI (f06275e9-d6b3-48de-b55a-1336d40ab9d0)
2019-11-15 14:23:10.605 15 RALLYDEBUG rally_openstack.cleanup.manager [-] Deleting neutron.port object s_rally_61349051_u6xWSTH5 (f1332f14-13b6-4605-a3d5-1789c896740f)
2019-11-15 14:23:10.613 15 RALLYDEBUG rally_openstack.cleanup.manager [-] Deleting neutron.port object s_rally_61349051_ximiT7D1 (f1e8a7b4-b767-4afd-b9cf-c57f5726be25)
2019-11-15 14:23:10.623 15 RALLYDEBUG rally_openstack.cleanup.manager [-] Deleting neutron.port object s_rally_61349051_XQnHekBy (f215a562-9ca1-471f-91c9-bc3f602a49b6)
2019-11-15 14:23:11.205 15 RALLYDEBUG rally_openstack.cleanup.manager [-] Deleting neutron.port object s_rally_61349051_GejuJLpx (f22edf15-4a99-4600-87dc-d4c9894eda27)
2019-11-15 14:23:11.292 15 RALLYDEBUG rally_openstack.cleanup.manager [-] Deleting neutron.port object s_rally_61349051_gom3fhyT (f25ae538-bbe9-4f2d-a1f0-fa3bc94570b6)
2019-11-15 14:23:11.324 15 RALLYDEBUG rally_openstack.cleanup.manager [-] Deleting neutron.port object s_rally_61349051_hYfFcMe9 (f2e0e94a-baa5-4c41-91fa-4aae4657631f)
2019-11-15 14:23:12.190 15 RALLYDEBUG rally_openstack.cleanup.manager [-] Deleting neutron.port object s_rally_61349051_uEOIDS4K (f2e23323-1bd2-4d6f-bee7-8dcf00537c9b)
2019-11-15 14:23:12.275 15 RALLYDEBUG rally_openstack.cleanup.manager [-] Deleting neutron.port object s_rally_61349051_lwmYnkXK (f351c0d6-0c02-46e8-b5f7-4636e1dc9d7e)
2019-11-15 14:23:12.520 15 RALLYDEBUG rally_openstack.cleanup.manager [-] Deleting neutron.port object s_rally_61349051_pbVD3Y9m (f37de94d-4133-4a9a-ac08-c5d687a3a393)
2019-11-15 14:23:12.707 15 RALLYDEBUG rally_openstack.cleanup.manager [-] Deleting neutron.port object s_rally_61349051_trhC6QUQ (f3cd6c1e-8024-4ebb-a5fb-caed957615ff)
2019-11-15 14:23:12.772 15 RALLYDEBUG rally_openstack.cleanup.manager [-] Deleting neutron.port object s_rally_61349051_oRPQH0gl (f51f3dad-424c-4eea-a8e4-9698269174c4)
2019-11-15 14:23:13.191 15 RALLYDEBUG rally_openstack.cleanup.manager [-] Deleting neutron.port object s_rally_61349051_SYFPBvfc (f53e1894-aa48-4156-9266-b5f38054cbed)
2019-11-15 14:23:13.531 15 RALLYDEBUG rally_openstack.cleanup.manager [-] Deleting neutron.port object s_rally_61349051_kZCTbhWl (f5a00fee-6f5b-4ecb-9bb6-ac226afa509c)
2019-11-15 14:23:13.632 15 RALLYDEBUG rally_openstack.cleanup.manager [-] Deleting neutron.port object s_rally_61349051_yJCxmR0Y (f6a3a560-633b-4f10-b56d-79cd5729b65c)
2019-11-15 14:23:14.253 15 RALLYDEBUG rally_openstack.cleanup.manager [-] Deleting neutron.port object s_rally_61349051_T4c8AvD0 (f75919ad-d50e-4d96-a90e-7d669347d364)
2019-11-15 14:23:14.276 15 RALLYDEBUG rally_openstack.cleanup.manager [-] Deleting neutron.port object s_rally_61349051_3jZrUTSG (f7abde3f-e371-44f0-b47b-725ef4d6445c)
2019-11-15 14:23:14.427 15 RALLYDEBUG rally_openstack.cleanup.manager [-] Deleting neutron.port object s_rally_61349051_uEKpGrt9 (f7dd0316-3f21-49b7-b7eb-6cd3ff0dd5b1)
2019-11-15 14:23:14.557 15 RALLYDEBUG rally_openstack.cleanup.manager [-] Deleting neutron.port object s_rally_61349051_rFAnVKf3 (f824ad0e-45bf-4527-89cf-6f116cb74352)
2019-11-15 14:23:15.313 15 RALLYDEBUG rally_openstack.cleanup.manager [-] Deleting neutron.port object s_rally_61349051_HdCMeSBM (f90bdfa8-3ebd-4f57-afcf-43f6e92cddf0)
2019-11-15 14:23:15.765 15 RALLYDEBUG rally_openstack.cleanup.manager [-] Deleting neutron.port object s_rally_61349051_SB4TFBnX (f97c84f9-17ce-45df-bf3e-2d2475cda02e)
2019-11-15 14:23:16.330 15 RALLYDEBUG rally_openstack.cleanup.manager [-] Deleting neutron.port object s_rally_61349051_saJQEXk3 (fa3ef33d-b948-41b9-ae30-a90b95c8ab4b)
2019-11-15 14:23:17.703 15 RALLYDEBUG rally_openstack.cleanup.manager [-] Deleting neutron.port object s_rally_61349051_EAYRlbbW (fa6c1e37-0daa-4852-be67-8410256e4387)
2019-11-15 14:23:18.626 15 RALLYDEBUG rally_openstack.cleanup.manager [-] Deleting neutron.port object s_rally_61349051_UYnRXC7L (fc2ead66-2381-4f41-9c39-8e8116128003)
2019-11-15 14:23:18.900 15 RALLYDEBUG rally_openstack.cleanup.manager [-] Deleting neutron.port object s_rally_61349051_HygR0wVU (fc81324b-8c49-465f-9648-ca3962757c57)
2019-11-15 14:23:18.931 15 RALLYDEBUG rally_openstack.cleanup.manager [-] Deleting neutron.port object s_rally_61349051_KLhU3LqB (fcf77baf-0277-4575-be74-68921aa89e27)
2019-11-15 14:23:19.143 15 RALLYDEBUG rally_openstack.cleanup.manager [-] Deleting neutron.port object s_rally_61349051_HZRtE7ky (fdf337a2-0983-4637-bf16-b9e95bb92721)
2019-11-15 14:23:19.266 15 RALLYDEBUG rally_openstack.cleanup.manager [-] Deleting neutron.port object s_rally_61349051_WjYEIRjJ (fe993b1a-995c-4b39-bb91-959782d4fe18)
2019-11-15 14:23:19.461 15 RALLYDEBUG rally_openstack.cleanup.manager [-] Deleting neutron.port object s_rally_61349051_3tqps2Ft (fea6cc61-89dd-4ee3-8cc0-e52c05838394)
2019-11-15 14:23:20.755 15 RALLYDEBUG rally_openstack.cleanup.manager [-] Deleting neutron.port object s_rally_61349051_jcUjHCu3 (fed5a3db-c63c-4a8f-8e3d-9ec83a1700a4)
2019-11-15 14:23:20.871 15 RALLYDEBUG rally_openstack.cleanup.manager [-] Deleting neutron.port object s_rally_61349051_sSLTZV12 (ff0bf34b-62f0-4197-aed3-49d470c79fb1)
2019-11-15 14:23:24.206 15 RALLYDEBUG rally_openstack.cleanup.manager [-] Cleaning up neutron subnet objects
2019-11-15 14:23:24.416 15 RALLYDEBUG rally_openstack.cleanup.manager [-] Cleaning up neutron network objects
2019-11-15 14:23:24.744 15 RALLYDEBUG rally_openstack.cleanup.manager [-] Deleting neutron.network object s_rally_61349051_fYm9er19 (295762d0-cea1-4d30-9cef-f61ebc12fcd7)
2019-11-15 14:23:24.748 15 RALLYDEBUG rally_openstack.cleanup.manager [-] Deleting neutron.network object s_rally_61349051_tmGtrslv (2aa07d99-af1e-4629-8e41-23440a46e089)
2019-11-15 14:23:24.761 15 RALLYDEBUG rally_openstack.cleanup.manager [-] Deleting neutron.network object s_rally_61349051_vnZ64g9a (3cd2cc1a-2dc2-4a85-9abc-f96abd9c62bb)
2019-11-15 14:23:24.771 15 RALLYDEBUG rally_openstack.cleanup.manager [-] Deleting neutron.network object s_rally_61349051_ALWcilXu (581fe563-2ca7-49fe-ab2a-dae80358f109)
2019-11-15 14:23:24.786 15 RALLYDEBUG rally_openstack.cleanup.manager [-] Deleting neutron.network object s_rally_61349051_f7EeovpR (8fdd3e4c-7517-4526-a0d9-4c1e7a1c86d1)
2019-11-15 14:23:24.792 15 RALLYDEBUG rally_openstack.cleanup.manager [-] Deleting neutron.network object s_rally_61349051_MZWb2KOw (9e19872a-d0d4-447a-b307-5adfff9f5fcd)
2019-11-15 14:23:24.804 15 RALLYDEBUG rally_openstack.cleanup.manager [-] Deleting neutron.network object s_rally_61349051_rrHRgNiz (ac982d91-b841-4d7f-b99f-0eee3a63dc11)
2019-11-15 14:23:24.809 15 RALLYDEBUG rally_openstack.cleanup.manager [-] Deleting neutron.network object s_rally_61349051_PEX1mewm (aff80c63-6d1f-4f75-a192-64874bb1ce8b)
2019-11-15 14:23:29.242 15 RALLYDEBUG rally_openstack.cleanup.manager [-] Cleaning up neutron router objects
2019-11-15 14:23:29.486 15 RALLYDEBUG rally_openstack.cleanup.manager [-] Cleaning up neutron security_group objects
2019-11-15 14:23:29.774 15 INFO rally.task.context [-] Task 7a1d5cc6-f0c2-4b45-ac7b-7c23236fddba | Context cleanup@openstack cleanup() finished in 1.92 min
2019-11-15 14:23:29.774 15 INFO rally.task.context [-] Task 7a1d5cc6-f0c2-4b45-ac7b-7c23236fddba | Context quotas@openstack cleanup() started
2019-11-15 14:23:29.876 15 INFO rally.task.context [-] Task 7a1d5cc6-f0c2-4b45-ac7b-7c23236fddba | Context quotas@openstack cleanup() finished in 0.10 sec
2019-11-15 14:23:29.876 15 INFO rally.task.context [-] Task 7a1d5cc6-f0c2-4b45-ac7b-7c23236fddba | Context users@openstack cleanup() started
2019-11-15 14:23:31.402 15 INFO rally.task.context [-] Task 7a1d5cc6-f0c2-4b45-ac7b-7c23236fddba | Context users@openstack cleanup() finished in 1.53 sec
2019-11-15 14:23:33.222 15 INFO rally.task.engine [-] Load duration is: 231.515982
2019-11-15 14:23:33.222 15 INFO rally.task.engine [-] Full runner duration is: 231.557891
2019-11-15 14:23:33.223 15 INFO rally.task.engine [-] Full duration is: 349.501444
2019-11-15 14:23:33.309 15 INFO rally.task.engine [-] Running workload: position = 1 config = { "version": 2, "title": "A cropped version of a bigger task.", "description": "Auto-generated task from a single workload (uuid=df743624-4e44-40aa-a2ad-292002e508f4)", "subtasks": [ { "title": "NeutronNetworks.create_and_update_ports", "description": "Create and update a given number of ports.", "scenario": { "NeutronNetworks.create_and_update_ports": { "network_create_args": {}, "port_create_args": {}, "ports_per_network": 5, "port_update_args": { "admin_state_up": false, "device_id": "dummy_id", "device_owner": "dummy_owner", "name": "_port_updated" } } }, "contexts": { "users": { "tenants": 1, "users_per_tenant": 1 }, "quotas": { "neutron": { "network": -1, "port": -1 } } }, "runner": { "constant": { "times": 40, "concurrency": 20 } }, "hooks": [], "sla": { "failure_rate": { "max": 0 } } } ] }
2019-11-15 14:23:33.329 15 RALLYDEBUG rally_openstack.contexts.keystone.users [-] Creating 1 tenants using 20 threads
2019-11-15 14:23:33.670 15 RALLYDEBUG rally_openstack.contexts.keystone.users [-] Creating 1 users using 20 threads
2019-11-15 14:23:34.126 15 INFO rally.task.context [-] Task 7a1d5cc6-f0c2-4b45-ac7b-7c23236fddba | Context users@openstack setup() finished in 0.80 sec
2019-11-15 14:23:34.477 15 INFO rally.task.context [-] Task 7a1d5cc6-f0c2-4b45-ac7b-7c23236fddba | Context quotas@openstack setup() finished in 0.35 sec
2019-11-15 14:23:34.477 15 INFO rally.task.context [-] Task 7a1d5cc6-f0c2-4b45-ac7b-7c23236fddba | Context cleanup@openstack setup() finished in 0.01 msec
2019-11-15 14:23:34.487 15 RALLYDEBUG rally.task.runner [-] Starting the constant runner (task UUID: 7a1d5cc6-f0c2-4b45-ac7b-7c23236fddba). timeout: 0 concurrency: 20 concurrency_per_worker: 1 times: 40 concurrency_overhead: 0 processes_to_start: 20 max_cpu_used: 88
2019-11-15 14:23:34.501 4199 RALLYDEBUG rally.task.runner [-] Starting a worker. concurrency: 1 args: {"network_create_args": {}, "port_create_args": {}, "ports_per_network": 5, "port_update_args": {"admin_state_up": false, "device_id": "dummy_id", "device_owner": "dummy_owner", "name": "_port_updated"}} times: 40 method_name: run timeout: 0 duration: None cls:
2019-11-15 14:23:34.504 4200 RALLYDEBUG rally.task.runner [-] Starting a worker. concurrency: 1 args: {"network_create_args": {}, "port_create_args": {}, "ports_per_network": 5, "port_update_args": {"admin_state_up": false, "device_id": "dummy_id", "device_owner": "dummy_owner", "name": "_port_updated"}} times: 40 method_name: run timeout: 0 duration: None cls:
2019-11-15 14:23:34.507 4201 RALLYDEBUG rally.task.runner [-] Starting a worker. concurrency: 1 args: {"network_create_args": {}, "port_create_args": {}, "ports_per_network": 5, "port_update_args": {"admin_state_up": false, "device_id": "dummy_id", "device_owner": "dummy_owner", "name": "_port_updated"}} times: 40 method_name: run timeout: 0 duration: None cls:
2019-11-15 14:23:34.508 4199 INFO rally.task.runner [-] Task 7a1d5cc6-f0c2-4b45-ac7b-7c23236fddba | ITER: 1 START
2019-11-15 14:23:34.510 4199 WARNING rally_openstack.scenarios.neutron.utils [-] Running this scenario without either the 'network' or 'existing_network' context is deprecated
2019-11-15 14:23:34.510 4202 RALLYDEBUG rally.task.runner [-] Starting a worker. concurrency: 1 args: {"network_create_args": {}, "port_create_args": {}, "ports_per_network": 5, "port_update_args": {"admin_state_up": false, "device_id": "dummy_id", "device_owner": "dummy_owner", "name": "_port_updated"}} times: 40 method_name: run timeout: 0 duration: None cls:
2019-11-15 14:23:34.511 4200 INFO rally.task.runner [-] Task 7a1d5cc6-f0c2-4b45-ac7b-7c23236fddba | ITER: 2 START
2019-11-15 14:23:34.512 4200 WARNING rally_openstack.scenarios.neutron.utils [-] Running this scenario without either the 'network' or 'existing_network' context is deprecated
2019-11-15 14:23:34.512 4203 RALLYDEBUG rally.task.runner [-] Starting a worker. concurrency: 1 args: {"network_create_args": {}, "port_create_args": {}, "ports_per_network": 5, "port_update_args": {"admin_state_up": false, "device_id": "dummy_id", "device_owner": "dummy_owner", "name": "_port_updated"}} times: 40 method_name: run timeout: 0 duration: None cls:
2019-11-15 14:23:34.513 4201 INFO rally.task.runner [-] Task 7a1d5cc6-f0c2-4b45-ac7b-7c23236fddba | ITER: 3 START
2019-11-15 14:23:34.515 4201 WARNING rally_openstack.scenarios.neutron.utils [-] Running this scenario without either the 'network' or 'existing_network' context is deprecated
2019-11-15 14:23:34.515 4206 RALLYDEBUG rally.task.runner [-] Starting a worker. concurrency: 1 args: {"network_create_args": {}, "port_create_args": {}, "ports_per_network": 5, "port_update_args": {"admin_state_up": false, "device_id": "dummy_id", "device_owner": "dummy_owner", "name": "_port_updated"}} times: 40 method_name: run timeout: 0 duration: None cls:
2019-11-15 14:23:34.517 4202 INFO rally.task.runner [-] Task 7a1d5cc6-f0c2-4b45-ac7b-7c23236fddba | ITER: 4 START
2019-11-15 14:23:34.518 4202 WARNING rally_openstack.scenarios.neutron.utils [-] Running this scenario without either the 'network' or 'existing_network' context is deprecated
2019-11-15 14:23:34.518 4209 RALLYDEBUG rally.task.runner [-] Starting a worker. concurrency: 1 args: {"network_create_args": {}, "port_create_args": {}, "ports_per_network": 5, "port_update_args": {"admin_state_up": false, "device_id": "dummy_id", "device_owner": "dummy_owner", "name": "_port_updated"}} times: 40 method_name: run timeout: 0 duration: None cls:
2019-11-15 14:23:34.518 4203 INFO rally.task.runner [-] Task 7a1d5cc6-f0c2-4b45-ac7b-7c23236fddba | ITER: 5 START
2019-11-15 14:23:34.520 4203 WARNING rally_openstack.scenarios.neutron.utils [-] Running this scenario without either the 'network' or 'existing_network' context is deprecated
2019-11-15 14:23:34.520 4212 RALLYDEBUG rally.task.runner [-] Starting a worker. concurrency: 1 args: {"network_create_args": {}, "port_create_args": {}, "ports_per_network": 5, "port_update_args": {"admin_state_up": false, "device_id": "dummy_id", "device_owner": "dummy_owner", "name": "_port_updated"}} times: 40 method_name: run timeout: 0 duration: None cls:
2019-11-15 14:23:34.521 4206 INFO rally.task.runner [-] Task 7a1d5cc6-f0c2-4b45-ac7b-7c23236fddba | ITER: 6 START
2019-11-15 14:23:34.522 4206 WARNING rally_openstack.scenarios.neutron.utils [-] Running this scenario without either the 'network' or 'existing_network' context is deprecated
2019-11-15 14:23:34.523 4215 RALLYDEBUG rally.task.runner [-] Starting a worker. concurrency: 1 args: {"network_create_args": {}, "port_create_args": {}, "ports_per_network": 5, "port_update_args": {"admin_state_up": false, "device_id": "dummy_id", "device_owner": "dummy_owner", "name": "_port_updated"}} times: 40 method_name: run timeout: 0 duration: None cls:
2019-11-15 14:23:34.524 4209 INFO rally.task.runner [-] Task 7a1d5cc6-f0c2-4b45-ac7b-7c23236fddba | ITER: 7 START
2019-11-15 14:23:34.525 4209 WARNING rally_openstack.scenarios.neutron.utils [-] Running this scenario without either the 'network' or 'existing_network' context is deprecated
2019-11-15 14:23:34.526 4218 RALLYDEBUG rally.task.runner [-] Starting a worker. concurrency: 1 args: {"network_create_args": {}, "port_create_args": {}, "ports_per_network": 5, "port_update_args": {"admin_state_up": false, "device_id": "dummy_id", "device_owner": "dummy_owner", "name": "_port_updated"}} times: 40 method_name: run timeout: 0 duration: None cls:
2019-11-15 14:23:34.527 4212 INFO rally.task.runner [-] Task 7a1d5cc6-f0c2-4b45-ac7b-7c23236fddba | ITER: 8 START
2019-11-15 14:23:34.528 4215 INFO rally.task.runner [-] Task 7a1d5cc6-f0c2-4b45-ac7b-7c23236fddba | ITER: 9 START
2019-11-15 14:23:34.528 4212 WARNING rally_openstack.scenarios.neutron.utils [-] Running this scenario without either the 'network' or 'existing_network' context is deprecated
2019-11-15 14:23:34.529 4215 WARNING rally_openstack.scenarios.neutron.utils [-] Running this scenario without either the 'network' or 'existing_network' context is deprecated
2019-11-15 14:23:34.529 4221 RALLYDEBUG rally.task.runner [-] Starting a worker. concurrency: 1 args: {"network_create_args": {}, "port_create_args": {}, "ports_per_network": 5, "port_update_args": {"admin_state_up": false, "device_id": "dummy_id", "device_owner": "dummy_owner", "name": "_port_updated"}} times: 40 method_name: run timeout: 0 duration: None cls:
2019-11-15 14:23:34.532 4224 RALLYDEBUG rally.task.runner [-] Starting a worker. concurrency: 1 args: {"network_create_args": {}, "port_create_args": {}, "ports_per_network": 5, "port_update_args": {"admin_state_up": false, "device_id": "dummy_id", "device_owner": "dummy_owner", "name": "_port_updated"}} times: 40 method_name: run timeout: 0 duration: None cls:
2019-11-15 14:23:34.533 4218 INFO rally.task.runner [-] Task 7a1d5cc6-f0c2-4b45-ac7b-7c23236fddba | ITER: 10 START
2019-11-15 14:23:34.534 4218 WARNING rally_openstack.scenarios.neutron.utils [-] Running this scenario without either the 'network' or 'existing_network' context is deprecated
2019-11-15 14:23:34.534 4229 RALLYDEBUG rally.task.runner [-] Starting a worker. concurrency: 1 args: {"network_create_args": {}, "port_create_args": {}, "ports_per_network": 5, "port_update_args": {"admin_state_up": false, "device_id": "dummy_id", "device_owner": "dummy_owner", "name": "_port_updated"}} times: 40 method_name: run timeout: 0 duration: None cls:
2019-11-15 14:23:34.535 4221 INFO rally.task.runner [-] Task 7a1d5cc6-f0c2-4b45-ac7b-7c23236fddba | ITER: 11 START
2019-11-15 14:23:34.537 4221 WARNING rally_openstack.scenarios.neutron.utils [-] Running this scenario without either the 'network' or 'existing_network' context is deprecated
2019-11-15 14:23:34.538 4224 INFO rally.task.runner [-] Task 7a1d5cc6-f0c2-4b45-ac7b-7c23236fddba | ITER: 12 START
2019-11-15 14:23:34.537 4230 RALLYDEBUG rally.task.runner [-] Starting a worker. concurrency: 1 args: {"network_create_args": {}, "port_create_args": {}, "ports_per_network": 5, "port_update_args": {"admin_state_up": false, "device_id": "dummy_id", "device_owner": "dummy_owner", "name": "_port_updated"}} times: 40 method_name: run timeout: 0 duration: None cls:
2019-11-15 14:23:34.539 4224 WARNING rally_openstack.scenarios.neutron.utils [-] Running this scenario without either the 'network' or 'existing_network' context is deprecated
2019-11-15 14:23:34.541 4229 INFO rally.task.runner [-] Task 7a1d5cc6-f0c2-4b45-ac7b-7c23236fddba | ITER: 13 START
2019-11-15 14:23:34.540 4233 RALLYDEBUG rally.task.runner [-] Starting a worker. concurrency: 1 args: {"network_create_args": {}, "port_create_args": {}, "ports_per_network": 5, "port_update_args": {"admin_state_up": false, "device_id": "dummy_id", "device_owner": "dummy_owner", "name": "_port_updated"}} times: 40 method_name: run timeout: 0 duration: None cls:
2019-11-15 14:23:34.541 4236 RALLYDEBUG rally.task.runner [-] Starting a worker. concurrency: 1 args: {"network_create_args": {}, "port_create_args": {}, "ports_per_network": 5, "port_update_args": {"admin_state_up": false, "device_id": "dummy_id", "device_owner": "dummy_owner", "name": "_port_updated"}} times: 40 method_name: run timeout: 0 duration: None cls:
2019-11-15 14:23:34.542 4229 WARNING rally_openstack.scenarios.neutron.utils [-] Running this scenario without either the 'network' or 'existing_network' context is deprecated
2019-11-15 14:23:34.544 4230 INFO rally.task.runner [-] Task 7a1d5cc6-f0c2-4b45-ac7b-7c23236fddba | ITER: 14 START
2019-11-15 14:23:34.545 4230 WARNING rally_openstack.scenarios.neutron.utils [-] Running this scenario without either the 'network' or 'existing_network' context is deprecated
2019-11-15 14:23:34.546 4236 INFO rally.task.runner [-] Task 7a1d5cc6-f0c2-4b45-ac7b-7c23236fddba | ITER: 16 START
2019-11-15 14:23:34.547 4236 WARNING rally_openstack.scenarios.neutron.utils [-] Running this scenario without either the 'network' or 'existing_network' context is deprecated
2019-11-15 14:23:34.546 4240 RALLYDEBUG rally.task.runner [-] Starting a worker. concurrency: 1 args: {"network_create_args": {}, "port_create_args": {}, "ports_per_network": 5, "port_update_args": {"admin_state_up": false, "device_id": "dummy_id", "device_owner": "dummy_owner", "name": "_port_updated"}} times: 40 method_name: run timeout: 0 duration: None cls:
2019-11-15 14:23:34.547 4233 INFO rally.task.runner [-] Task 7a1d5cc6-f0c2-4b45-ac7b-7c23236fddba | ITER: 15 START
2019-11-15 14:23:34.549 4233 WARNING rally_openstack.scenarios.neutron.utils [-] Running this scenario without either the 'network' or 'existing_network' context is deprecated
2019-11-15 14:23:34.548 4242 RALLYDEBUG rally.task.runner [-] Starting a worker. concurrency: 1 args: {"network_create_args": {}, "port_create_args": {}, "ports_per_network": 5, "port_update_args": {"admin_state_up": false, "device_id": "dummy_id", "device_owner": "dummy_owner", "name": "_port_updated"}} times: 40 method_name: run timeout: 0 duration: None cls:
2019-11-15 14:23:34.550 4245 RALLYDEBUG rally.task.runner [-] Starting a worker. concurrency: 1 args: {"network_create_args": {}, "port_create_args": {}, "ports_per_network": 5, "port_update_args": {"admin_state_up": false, "device_id": "dummy_id", "device_owner": "dummy_owner", "name": "_port_updated"}} times: 40 method_name: run timeout: 0 duration: None cls:
2019-11-15 14:23:34.553 4240 INFO rally.task.runner [-] Task 7a1d5cc6-f0c2-4b45-ac7b-7c23236fddba | ITER: 17 START
2019-11-15 14:23:34.554 4240 WARNING rally_openstack.scenarios.neutron.utils [-] Running this scenario without either the 'network' or 'existing_network' context is deprecated
2019-11-15 14:23:34.554 4250 RALLYDEBUG rally.task.runner [-] Starting a worker. concurrency: 1 args: {"network_create_args": {}, "port_create_args": {}, "ports_per_network": 5, "port_update_args": {"admin_state_up": false, "device_id": "dummy_id", "device_owner": "dummy_owner", "name": "_port_updated"}} times: 40 method_name: run timeout: 0 duration: None cls:
2019-11-15 14:23:34.554 4242 INFO rally.task.runner [-] Task 7a1d5cc6-f0c2-4b45-ac7b-7c23236fddba | ITER: 18 START
2019-11-15 14:23:34.556 4245 INFO rally.task.runner [-] Task 7a1d5cc6-f0c2-4b45-ac7b-7c23236fddba | ITER: 19 START
2019-11-15 14:23:34.556 4242 WARNING rally_openstack.scenarios.neutron.utils [-] Running this scenario without either the 'network' or 'existing_network' context is deprecated
2019-11-15 14:23:34.557 4245 WARNING rally_openstack.scenarios.neutron.utils [-] Running this scenario without either the 'network' or 'existing_network' context is deprecated
2019-11-15 14:23:34.560 4250 INFO rally.task.runner [-] Task 7a1d5cc6-f0c2-4b45-ac7b-7c23236fddba | ITER: 20 START
2019-11-15 14:23:34.560 4250 WARNING rally_openstack.scenarios.neutron.utils [-] Running this scenario without either the 'network' or 'existing_network' context is deprecated
2019-11-15 14:24:26.250 4209 INFO rally.task.runner [-] Task 7a1d5cc6-f0c2-4b45-ac7b-7c23236fddba | ITER: 7 END: OK
2019-11-15 14:24:26.260 4209 INFO rally.task.runner [-] Task 7a1d5cc6-f0c2-4b45-ac7b-7c23236fddba | ITER: 21 START
2019-11-15 14:24:26.262 4209 WARNING rally_openstack.scenarios.neutron.utils [-] Running this scenario without either the 'network' or 'existing_network' context is deprecated
2019-11-15 14:24:26.948 4202 INFO rally.task.runner [-] Task 7a1d5cc6-f0c2-4b45-ac7b-7c23236fddba | ITER: 4 END: OK
2019-11-15 14:24:26.957 4202 INFO rally.task.runner [-] Task 7a1d5cc6-f0c2-4b45-ac7b-7c23236fddba | ITER: 22 START
2019-11-15 14:24:26.958 4202 WARNING rally_openstack.scenarios.neutron.utils [-] Running this scenario without either the 'network' or 'existing_network' context is deprecated
2019-11-15 14:24:32.829 4200 INFO rally.task.runner [-] Task 7a1d5cc6-f0c2-4b45-ac7b-7c23236fddba | ITER: 2 END: OK
2019-11-15 14:24:32.837 4200 INFO rally.task.runner [-] Task 7a1d5cc6-f0c2-4b45-ac7b-7c23236fddba | ITER: 23 START
2019-11-15 14:24:32.838 4200 WARNING rally_openstack.scenarios.neutron.utils [-] Running this scenario without either the 'network' or 'existing_network' context is deprecated
2019-11-15 14:24:32.843 4201 INFO rally.task.runner [-] Task 7a1d5cc6-f0c2-4b45-ac7b-7c23236fddba | ITER: 3 END: OK
2019-11-15 14:24:32.849 4203 INFO rally.task.runner [-] Task 7a1d5cc6-f0c2-4b45-ac7b-7c23236fddba | ITER: 5 END: OK
2019-11-15 14:24:32.851 4201 INFO rally.task.runner [-] Task 7a1d5cc6-f0c2-4b45-ac7b-7c23236fddba | ITER: 24 START
2019-11-15 14:24:32.852 4201 WARNING rally_openstack.scenarios.neutron.utils [-] Running this scenario without either the 'network' or 'existing_network' context is deprecated
2019-11-15 14:24:32.855 4203 INFO rally.task.runner [-] Task 7a1d5cc6-f0c2-4b45-ac7b-7c23236fddba | ITER: 25 START
2019-11-15 14:24:32.856 4203 WARNING rally_openstack.scenarios.neutron.utils [-] Running this scenario without either the 'network' or 'existing_network' context is deprecated
2019-11-15 14:24:33.165 4224 INFO rally.task.runner [-] Task 7a1d5cc6-f0c2-4b45-ac7b-7c23236fddba | ITER: 12 END: OK
2019-11-15 14:24:33.174 4224 INFO rally.task.runner [-] Task 7a1d5cc6-f0c2-4b45-ac7b-7c23236fddba | ITER: 26 START
2019-11-15 14:24:33.176 4224 WARNING rally_openstack.scenarios.neutron.utils [-] Running this scenario without either the 'network' or 'existing_network' context is deprecated
2019-11-15 14:24:34.986 4250 INFO rally.task.runner [-] Task 7a1d5cc6-f0c2-4b45-ac7b-7c23236fddba | ITER: 20 END: OK
2019-11-15 14:24:34.995 4250 INFO rally.task.runner [-] Task 7a1d5cc6-f0c2-4b45-ac7b-7c23236fddba | ITER: 27 START
2019-11-15 14:24:34.996 4250 WARNING rally_openstack.scenarios.neutron.utils [-] Running this scenario without either the 'network' or 'existing_network' context is deprecated
2019-11-15 14:24:35.037 4233 INFO rally.task.runner [-] Task 7a1d5cc6-f0c2-4b45-ac7b-7c23236fddba | ITER: 15 END: OK
2019-11-15 14:24:35.038 4218 INFO rally.task.runner [-] Task 7a1d5cc6-f0c2-4b45-ac7b-7c23236fddba | ITER: 10 END: OK
2019-11-15 14:24:35.044 4233 INFO rally.task.runner [-] Task 7a1d5cc6-f0c2-4b45-ac7b-7c23236fddba | ITER: 28 START
2019-11-15 14:24:35.045 4233 WARNING rally_openstack.scenarios.neutron.utils [-] Running this scenario without either the 'network' or 'existing_network' context is deprecated
2019-11-15 14:24:35.046 4218 INFO rally.task.runner [-] Task 7a1d5cc6-f0c2-4b45-ac7b-7c23236fddba | ITER: 29 START
2019-11-15 14:24:35.047 4218 WARNING rally_openstack.scenarios.neutron.utils [-] Running this scenario without either the 'network' or 'existing_network' context is deprecated
2019-11-15 14:24:35.054 4215 INFO rally.task.runner [-] Task 7a1d5cc6-f0c2-4b45-ac7b-7c23236fddba | ITER: 9 END: OK
2019-11-15 14:24:35.057 4245 INFO rally.task.runner [-] Task 7a1d5cc6-f0c2-4b45-ac7b-7c23236fddba | ITER: 19 END: OK
2019-11-15 14:24:35.061 4215 INFO rally.task.runner [-] Task 7a1d5cc6-f0c2-4b45-ac7b-7c23236fddba | ITER: 30 START
2019-11-15 14:24:35.062 4215 WARNING rally_openstack.scenarios.neutron.utils [-] Running this scenario without either the 'network' or 'existing_network' context is deprecated
2019-11-15 14:24:35.066 4245 INFO rally.task.runner [-] Task 7a1d5cc6-f0c2-4b45-ac7b-7c23236fddba | ITER: 31 START
2019-11-15 14:24:35.067 4245 WARNING rally_openstack.scenarios.neutron.utils [-] Running this scenario without either the 'network' or 'existing_network' context is deprecated
2019-11-15 14:24:35.089 4240 INFO rally.task.runner [-] Task 7a1d5cc6-f0c2-4b45-ac7b-7c23236fddba | ITER: 17 END: OK
2019-11-15 14:24:35.092 4221 INFO rally.task.runner [-] Task 7a1d5cc6-f0c2-4b45-ac7b-7c23236fddba | ITER: 11 END: OK
2019-11-15 14:24:35.096 4240 INFO rally.task.runner [-] Task 7a1d5cc6-f0c2-4b45-ac7b-7c23236fddba | ITER: 32 START
2019-11-15 14:24:35.097 4240 WARNING rally_openstack.scenarios.neutron.utils [-] Running this scenario without either the 'network' or 'existing_network' context is deprecated
2019-11-15 14:24:35.100 4221 INFO rally.task.runner [-] Task 7a1d5cc6-f0c2-4b45-ac7b-7c23236fddba | ITER: 33 START
2019-11-15 14:24:35.101 4221 WARNING rally_openstack.scenarios.neutron.utils [-] Running this scenario without either the 'network' or 'existing_network' context is deprecated
2019-11-15 14:24:35.139 4229 INFO rally.task.runner [-] Task 7a1d5cc6-f0c2-4b45-ac7b-7c23236fddba | ITER: 13 END: OK
2019-11-15 14:24:35.147 4229 INFO rally.task.runner [-] Task 7a1d5cc6-f0c2-4b45-ac7b-7c23236fddba | ITER: 34 START
2019-11-15 14:24:35.148 4229 WARNING rally_openstack.scenarios.neutron.utils [-] Running this scenario without either the 'network' or 'existing_network' context is deprecated
2019-11-15 14:24:35.173 4242 INFO rally.task.runner [-] Task 7a1d5cc6-f0c2-4b45-ac7b-7c23236fddba | ITER: 18 END: OK
2019-11-15 14:24:35.182 4242 INFO rally.task.runner [-] Task 7a1d5cc6-f0c2-4b45-ac7b-7c23236fddba | ITER: 35 START
2019-11-15 14:24:35.183 4242 WARNING rally_openstack.scenarios.neutron.utils [-] Running this scenario without either the 'network' or 'existing_network' context is deprecated
2019-11-15 14:24:35.231 4206 INFO rally.task.runner [-] Task 7a1d5cc6-f0c2-4b45-ac7b-7c23236fddba | ITER: 6 END: OK
2019-11-15 14:24:35.240 4206 INFO rally.task.runner [-] Task 7a1d5cc6-f0c2-4b45-ac7b-7c23236fddba | ITER: 36 START
2019-11-15 14:24:35.241 4206 WARNING rally_openstack.scenarios.neutron.utils [-] Running this scenario without either the 'network' or 'existing_network' context is deprecated
2019-11-15 14:24:35.291 4199 INFO rally.task.runner [-] Task 7a1d5cc6-f0c2-4b45-ac7b-7c23236fddba | ITER: 1 END: OK
2019-11-15 14:24:35.292 4236 INFO rally.task.runner [-] Task 7a1d5cc6-f0c2-4b45-ac7b-7c23236fddba | ITER: 16 END: OK
2019-11-15 14:24:35.297 4199 INFO rally.task.runner [-] Task 7a1d5cc6-f0c2-4b45-ac7b-7c23236fddba | ITER: 37 START
2019-11-15 14:24:35.298 4199 WARNING rally_openstack.scenarios.neutron.utils [-] Running this scenario without either the 'network' or 'existing_network' context is deprecated
2019-11-15 14:24:35.299 4236 INFO rally.task.runner [-] Task 7a1d5cc6-f0c2-4b45-ac7b-7c23236fddba | ITER: 38 START
2019-11-15 14:24:35.300 4236 WARNING rally_openstack.scenarios.neutron.utils [-] Running this scenario without either the 'network' or 'existing_network' context is deprecated
2019-11-15 14:24:35.474 4212 INFO rally.task.runner [-] Task 7a1d5cc6-f0c2-4b45-ac7b-7c23236fddba | ITER: 8 END: OK
2019-11-15 14:24:35.481 4212 INFO rally.task.runner [-] Task 7a1d5cc6-f0c2-4b45-ac7b-7c23236fddba | ITER: 39 START
2019-11-15 14:24:35.482 4212 WARNING rally_openstack.scenarios.neutron.utils [-] Running this scenario without either the 'network' or 'existing_network' context is deprecated
2019-11-15 14:24:35.850 4230 INFO rally.task.runner [-] Task 7a1d5cc6-f0c2-4b45-ac7b-7c23236fddba | ITER: 14 END: OK
2019-11-15 14:24:35.858 4230 INFO rally.task.runner [-] Task 7a1d5cc6-f0c2-4b45-ac7b-7c23236fddba | ITER: 40 START
2019-11-15 14:24:35.859 4230 WARNING rally_openstack.scenarios.neutron.utils [-] Running this scenario without either the 'network' or 'existing_network' context is deprecated
2019-11-15 14:25:20.464 4209 INFO rally.task.runner [-] Task 7a1d5cc6-f0c2-4b45-ac7b-7c23236fddba | ITER: 21 END: OK
2019-11-15 14:25:21.436 4202 INFO rally.task.runner [-] Task 7a1d5cc6-f0c2-4b45-ac7b-7c23236fddba | ITER: 22 END: OK
2019-11-15 14:25:22.449 4218 INFO rally.task.runner [-] Task 7a1d5cc6-f0c2-4b45-ac7b-7c23236fddba | ITER: 29 END: OK
2019-11-15 14:25:24.760 4200 INFO rally.task.runner [-] Task 7a1d5cc6-f0c2-4b45-ac7b-7c23236fddba | ITER: 23 END: OK
2019-11-15 14:25:24.770 4224 INFO rally.task.runner [-] Task 7a1d5cc6-f0c2-4b45-ac7b-7c23236fddba | ITER: 26 END: OK
2019-11-15 14:25:29.211 4233 INFO rally.task.runner [-] Task 7a1d5cc6-f0c2-4b45-ac7b-7c23236fddba | ITER: 28 END: OK
2019-11-15 14:25:29.264 4199 INFO rally.task.runner [-] Task 7a1d5cc6-f0c2-4b45-ac7b-7c23236fddba | ITER: 37 END: OK
2019-11-15 14:25:31.622 4203 INFO rally.task.runner [-] Task 7a1d5cc6-f0c2-4b45-ac7b-7c23236fddba | ITER: 25 END: OK
2019-11-15 14:25:31.746 4250 INFO rally.task.runner [-] Task 7a1d5cc6-f0c2-4b45-ac7b-7c23236fddba | ITER: 27 END: OK
2019-11-15 14:25:31.862 4212 INFO rally.task.runner [-] Task 7a1d5cc6-f0c2-4b45-ac7b-7c23236fddba | ITER: 39 END: OK
2019-11-15 14:25:31.865 4201 INFO rally.task.runner [-] Task 7a1d5cc6-f0c2-4b45-ac7b-7c23236fddba | ITER: 24 END: OK
2019-11-15 14:25:32.176 4230 INFO rally.task.runner [-] Task 7a1d5cc6-f0c2-4b45-ac7b-7c23236fddba | ITER: 40 END: OK
2019-11-15 14:25:32.636 4229 INFO rally.task.runner [-] Task 7a1d5cc6-f0c2-4b45-ac7b-7c23236fddba | ITER: 34 END: OK
2019-11-15 14:25:32.699 4236 INFO rally.task.runner [-] Task 7a1d5cc6-f0c2-4b45-ac7b-7c23236fddba | ITER: 38 END: OK
2019-11-15 14:25:32.775 4221 INFO rally.task.runner [-] Task 7a1d5cc6-f0c2-4b45-ac7b-7c23236fddba | ITER: 33 END: OK
2019-11-15 14:25:32.797 4206 INFO rally.task.runner [-] Task 7a1d5cc6-f0c2-4b45-ac7b-7c23236fddba | ITER: 36 END: OK
2019-11-15 14:25:34.112 4215 INFO rally.task.runner [-] Task 7a1d5cc6-f0c2-4b45-ac7b-7c23236fddba | ITER: 30 END: OK
2019-11-15 14:25:34.139 4242 INFO rally.task.runner [-] Task 7a1d5cc6-f0c2-4b45-ac7b-7c23236fddba | ITER: 35 END: OK
2019-11-15 14:25:34.142 4245 INFO rally.task.runner [-] Task 7a1d5cc6-f0c2-4b45-ac7b-7c23236fddba | ITER: 31 END: OK
2019-11-15 14:25:34.224 4240 INFO rally.task.runner [-] Task 7a1d5cc6-f0c2-4b45-ac7b-7c23236fddba | ITER: 32 END: OK
2019-11-15 14:25:34.252 15 INFO rally.task.context [-] Task 7a1d5cc6-f0c2-4b45-ac7b-7c23236fddba | Context cleanup@openstack cleanup() started
2019-11-15 14:25:34.257 15 RALLYDEBUG rally_openstack.cleanup.manager [-] Cleaning up neutron vip objects
2019-11-15 14:25:34.470 15 RALLYDEBUG rally_openstack.cleanup.manager [-] Cleaning up neutron health_monitor objects
2019-11-15 14:25:34.651 15 RALLYDEBUG rally_openstack.cleanup.manager [-] Cleaning up neutron pool objects
2019-11-15 14:25:34.851 15 RALLYDEBUG rally_openstack.cleanup.manager [-] Cleaning up neutron loadbalancer objects
2019-11-15 14:25:35.051 15 RALLYDEBUG rally_openstack.cleanup.manager [-] Cleaning up neutron floatingip objects
2019-11-15 14:25:35.266 15 RALLYDEBUG rally_openstack.cleanup.manager [-] Cleaning up neutron trunk objects
2019-11-15 14:25:35.456 15 DEBUG neutronclient.v2_0.client [-] Error message: {"message": "The resource could not be found.

\n\n\n", "code": "404 Not Found", "title": "Not Found"} _handle_fault_response /usr/lib/python2.7/site-packages/neutronclient/v2_0/client.py:259
2019-11-15 14:25:35.465 15 RALLYDEBUG rally_openstack.cleanup.manager [-] Cleaning up neutron port objects
2019-11-15 14:25:36.275 15 RALLYDEBUG rally_openstack.cleanup.manager [-] Deleting neutron.port object s_rally_df743624_v1NDWFnV (020923bf-1c26-4a35-b90c-9ff76b1ead54)
2019-11-15 14:25:36.282 15 RALLYDEBUG rally_openstack.cleanup.manager [-] Deleting neutron.port object s_rally_df743624_3PcBrwaq (09ee079f-db11-4d43-98c7-6c1da85a9984)
2019-11-15 14:25:36.282 15 RALLYDEBUG rally_openstack.cleanup.manager [-] Deleting neutron.port object s_rally_df743624_B3b9mE0j (0305fc02-15d4-49bd-bf07-6536a2c1bcd1)
2019-11-15 14:25:36.283 15 RALLYDEBUG rally_openstack.cleanup.manager [-] Deleting neutron.port object s_rally_df743624_NvbGMxzh (0634f58e-11fa-41e9-a9af-998fc4c8e584)
2019-11-15 14:25:36.284 15 RALLYDEBUG rally_openstack.cleanup.manager [-] Deleting neutron.port object s_rally_df743624_9qrd6TCw (008fc66d-50e8-4d67-b8bc-50adc2c8cd84)
2019-11-15 14:25:36.295 15 RALLYDEBUG rally_openstack.cleanup.manager [-] Deleting neutron.port object s_rally_df743624_sTuZW3Mh (0a7ee806-6a82-4c17-a2eb-4b128fffc345)
2019-11-15 14:25:36.312 15 RALLYDEBUG rally_openstack.cleanup.manager [-] Deleting neutron.port object s_rally_df743624_yIDz3KyU (0a931784-015c-406c-af76-82fb366407fb)
2019-11-15 14:25:36.348 15 RALLYDEBUG rally_openstack.cleanup.manager [-] Deleting neutron.port object s_rally_df743624_8FjKjZ1w (0dc15779-da21-4549-bc15-33572cfc59bd)
2019-11-15 14:25:36.391 15 RALLYDEBUG rally_openstack.cleanup.manager [-] Deleting neutron.port object s_rally_df743624_HX3gN5Kv (0eef7be5-4ab8-4fc4-af3a-ab7dc3597305)
2019-11-15 14:25:36.409 15 RALLYDEBUG rally_openstack.cleanup.manager [-] Deleting neutron.port object s_rally_df743624_5yhnb6zI (0eb86db4-9c3f-484b-aa2a-212a26fd6612)
2019-11-15 14:25:36.413 15 RALLYDEBUG rally_openstack.cleanup.manager [-] Deleting neutron.port object s_rally_df743624_CXq1RZoO (0edffbcc-e8ff-4778-a888-92c9035b25a0)
2019-11-15 14:25:36.434 15 RALLYDEBUG rally_openstack.cleanup.manager [-] Deleting neutron.port object s_rally_df743624_cCjQEk5d (103b2d2c-8f00-4528-abb1-91b4b058cacf)
2019-11-15 14:25:36.444 15 RALLYDEBUG rally_openstack.cleanup.manager [-] Deleting neutron.port object s_rally_df743624_0tkAxN6z (14ea07e6-307b-43cd-bca9-8a92879182e6)
2019-11-15 14:25:36.454 15 RALLYDEBUG rally_openstack.cleanup.manager [-] Deleting neutron.port object s_rally_df743624_0KpOXVCd (108096a1-5da7-41b8-a4ab-75f6e4596dd4)
2019-11-15 14:25:36.451 15 RALLYDEBUG rally_openstack.cleanup.manager [-] Deleting neutron.port object s_rally_df743624_eV9WMdhv (1011a701-d66e-4b98-afee-7534a6b5ea9c)
2019-11-15 14:25:36.456 15 RALLYDEBUG rally_openstack.cleanup.manager [-] Deleting neutron.port object s_rally_df743624_i1SeRJUL (11ec1fc5-d5a2-4fd9-bdf4-d01e85d41011)
2019-11-15 14:25:36.473 15 RALLYDEBUG rally_openstack.cleanup.manager [-] Deleting neutron.port object s_rally_df743624_vKCY51Lp (158ef95c-71da-44c4-a94f-5952061d369b)
2019-11-15 14:25:36.477 15 RALLYDEBUG rally_openstack.cleanup.manager [-] Deleting neutron.port object s_rally_df743624_4VSfjfu7 (15e09393-4761-4c7e-ac8a-60a45eb6a05e)
2019-11-15 14:25:36.479 15 RALLYDEBUG rally_openstack.cleanup.manager [-] Deleting neutron.port object s_rally_df743624_nYGqOd5D (12a46d55-1eec-494b-bc71-9097d90e3a0a)
2019-11-15 14:25:36.557 15 RALLYDEBUG rally_openstack.cleanup.manager [-] Deleting neutron.port object s_rally_df743624_P4zlkewU (0bfb11eb-33b1-4d20-bdfa-cb6ee9962db1)
2019-11-15 14:25:40.005 15 RALLYDEBUG rally_openstack.cleanup.manager [-] Deleting neutron.port object s_rally_df743624_RaijdtEh (19de79a4-2aec-416e-af0f-1c36fd3b03e8)
2019-11-15 14:25:40.276 15 RALLYDEBUG rally_openstack.cleanup.manager [-] Deleting neutron.port object s_rally_df743624_U8Bx3lg0 (19df5f44-0c2e-445b-bc7f-981bed76ada0)
2019-11-15 14:25:40.426 15 RALLYDEBUG rally_openstack.cleanup.manager [-] Deleting neutron.port object s_rally_df743624_RcxeWKMy (1b3cf446-4a0b-41db-85bf-35a587ab015a)
2019-11-15 14:25:40.879 15 RALLYDEBUG rally_openstack.cleanup.manager [-] Deleting neutron.port object s_rally_df743624_OJZqGnxQ (1be98bf0-807a-4478-8af2-1da1890b3f89)
2019-11-15 14:25:41.463 15 RALLYDEBUG rally_openstack.cleanup.manager [-] Deleting neutron.port object s_rally_df743624_g79tXzH9 (1c2c8338-32b3-4ae3-995f-0b5655d8dc60)
2019-11-15 14:25:41.600 15 RALLYDEBUG rally_openstack.cleanup.manager [-] Deleting neutron.port object s_rally_df743624_shOIigZP (1d76e46b-d329-4e8a-9893-b5a822e7d13b)
2019-11-15 14:25:41.648 15 RALLYDEBUG rally_openstack.cleanup.manager [-] Deleting neutron.port object s_rally_df743624_lnD1iLEb (1ea6a9cd-08c0-4fde-84a5-275531704c07)
2019-11-15 14:25:41.886 15 RALLYDEBUG rally_openstack.cleanup.manager [-] Deleting neutron.port object s_rally_df743624_DrCfp4FR (1f8984df-3511-4a86-ab1c-52eb94b48a02)
2019-11-15 14:25:42.017 15 RALLYDEBUG rally_openstack.cleanup.manager [-] Deleting neutron.port object s_rally_df743624_PGjZE1VU (1ffd5d81-1b15-4178-930c-cc9a99397db8)
2019-11-15 14:25:42.474 15 RALLYDEBUG rally_openstack.cleanup.manager [-] Deleting neutron.port object s_rally_df743624_ITDfCkLM (216c33b1-9e7c-4359-b6de-7fea3d9a5c5d)
2019-11-15 14:25:43.019 15 RALLYDEBUG rally_openstack.cleanup.manager [-] Deleting neutron.port object s_rally_df743624_kNo0v0pN (21e9b4b3-d63b-429e-bc18-680e0dbb4808)
2019-11-15 14:25:43.539 15 RALLYDEBUG rally_openstack.cleanup.manager [-] Deleting neutron.port object s_rally_df743624_kLsOfO2A (22a42a57-4e58-486d-ad8d-2edec084262f)
2019-11-15 14:25:43.582 15 RALLYDEBUG rally_openstack.cleanup.manager [-] Deleting neutron.port object s_rally_df743624_bjWfVCc7 (238b699b-aa14-4848-a952-e68ddaf77237)
2019-11-15 14:25:43.930 15 RALLYDEBUG rally_openstack.cleanup.manager [-] Deleting neutron.port object s_rally_df743624_2MOwFVGd (296e4ae3-74b5-4944-906b-9e228931fc65)
2019-11-15 14:25:43.996 15 RALLYDEBUG rally_openstack.cleanup.manager [-] Deleting neutron.port object s_rally_df743624_7Mhi3P4K (29a1def4-ee74-422e-b0b3-a6783054352e)
2019-11-15 14:25:44.019 15 RALLYDEBUG rally_openstack.cleanup.manager [-] Deleting neutron.port object s_rally_df743624_5zstQjxd (2a49a943-d91e-4263-94ec-1518cd736dcf)
2019-11-15 14:25:44.069 15 RALLYDEBUG rally_openstack.cleanup.manager [-] Deleting neutron.port object s_rally_df743624_DNEkCdpM (2b37146e-b53e-4952-9ddd-02f406cd0dc8)
2019-11-15 14:25:44.076 15 RALLYDEBUG rally_openstack.cleanup.manager [-] Deleting neutron.port object s_rally_df743624_3FP3frxM (2b943a18-03fb-43f0-a075-eb5e1b8899c3)
2019-11-15 14:25:44.140 15 RALLYDEBUG rally_openstack.cleanup.manager [-] Deleting neutron.port object s_rally_df743624_tb0piHSj (2c04e279-f63f-4a68-8a6c-e1fdb7447fab)
2019-11-15 14:25:44.156 15 RALLYDEBUG rally_openstack.cleanup.manager [-] Deleting neutron.port object s_rally_df743624_Va39jGGk (2c1ec221-b504-4042-9e9c-4d0c0c594887)
2019-11-15 14:25:44.164 15 RALLYDEBUG rally_openstack.cleanup.manager [-] Deleting neutron.port object s_rally_df743624_AVDry5S0 (2d3a69fd-4a80-4d76-bdca-333104631e45)
2019-11-15 14:25:44.230 15 RALLYDEBUG rally_openstack.cleanup.manager [-] Deleting neutron.port object s_rally_df743624_x44dmXyl (2e3e36b9-5a8a-4a48-84af-ee973d82e530)
2019-11-15 14:25:44.242 15 RALLYDEBUG rally_openstack.cleanup.manager [-] Deleting neutron.port object s_rally_df743624_rcW79nlG (2e6857bc-9948-4ea2-b962-05e1b9875623)
2019-11-15 14:25:44.388 15 RALLYDEBUG rally_openstack.cleanup.manager [-] Deleting neutron.port object s_rally_df743624_Df4P5oS7 (2fc80eb6-bf30-4f28-b015-b62580f97451)
2019-11-15 14:25:46.596 15 RALLYDEBUG rally_openstack.cleanup.manager [-] Deleting neutron.port object s_rally_df743624_9mFKsyh3 (33acd9e2-9136-452f-8802-4610a0d96e94)
2019-11-15 14:25:46.787 15 RALLYDEBUG rally_openstack.cleanup.manager [-] Deleting neutron.port object s_rally_df743624_oDx5DEGJ (372ccde5-a2e3-48d9-9f95-5d52f9ce1128)
2019-11-15 14:25:47.062 15 RALLYDEBUG rally_openstack.cleanup.manager [-] Deleting neutron.port object s_rally_df743624_eAP0KEh5 (3ce11ef9-ca10-4cc6-867b-05fc15e7fd30)
2019-11-15 14:25:47.129 15 RALLYDEBUG rally_openstack.cleanup.manager [-] Deleting neutron.port object s_rally_df743624_82MYhkdw (3d956210-8d92-4c39-b2b9-984c67673ebe)
2019-11-15 14:25:47.138 15 RALLYDEBUG rally_openstack.cleanup.manager [-] Deleting neutron.port object s_rally_df743624_e2mgToV0 (3f40809a-5990-416d-a0de-8a05762482fe)
2019-11-15 14:25:47.707 15 RALLYDEBUG rally_openstack.cleanup.manager [-] Deleting neutron.port object s_rally_df743624_QJnkAyR8 (3f57c56b-2e7e-47ea-960b-f589aff6e5af)
2019-11-15 14:25:47.715 15 RALLYDEBUG rally_openstack.cleanup.manager [-] Deleting neutron.port object s_rally_df743624_1BTmGdyo (410db7ee-c4bc-422e-a6c9-e8e460360c11)
2019-11-15 14:25:47.897 15 RALLYDEBUG rally_openstack.cleanup.manager [-] Deleting neutron.port object s_rally_df743624_vBueoxtH (41946c26-7860-485e-8cf1-8e617d95ba49)
2019-11-15 14:25:49.170 15 RALLYDEBUG rally_openstack.cleanup.manager [-] Deleting neutron.port object s_rally_df743624_lSXcKkoL (41f97ce2-d587-4959-95ea-a5dc02e87ddf)
2019-11-15 14:25:49.339 15 RALLYDEBUG rally_openstack.cleanup.manager [-] Deleting neutron.port object s_rally_df743624_U5NRh1lA (43120ad5-6c3d-49a9-a273-cc68ea12f105)
2019-11-15 14:25:49.712 15 RALLYDEBUG rally_openstack.cleanup.manager [-] Deleting neutron.port object s_rally_df743624_vKzIVUuG (43d8aa3e-8646-4c3d-b89d-816e6cf073b8)
2019-11-15 14:25:50.011 15 RALLYDEBUG rally_openstack.cleanup.manager [-] Deleting neutron.port object s_rally_df743624_YpsYCPSj (454ed21c-9385-47aa-a9d3-e49700243a9b)
2019-11-15 14:25:50.022 15 RALLYDEBUG rally_openstack.cleanup.manager [-] Deleting neutron.port object s_rally_df743624_yMXDgF81 (477b55ef-d23c-4ea3-b69e-b25a10ffe76c)
2019-11-15 14:25:50.027 15 RALLYDEBUG rally_openstack.cleanup.manager [-] Deleting neutron.port object s_rally_df743624_whLKLzkF (48cf8eac-6b08-4418-8004-ebcfc68494b6)
2019-11-15 14:25:51.705 15 RALLYDEBUG rally_openstack.cleanup.manager [-] Deleting neutron.port object s_rally_df743624_8NW5yPzC (49d4a719-611b-4fdd-b5e5-1d1518d147f4)
2019-11-15 14:25:51.711 15 RALLYDEBUG rally_openstack.cleanup.manager [-] Deleting neutron.port object s_rally_df743624_r6vLC2iK (4edc63f3-f1c6-4a16-8a87-bba7c0579962)
2019-11-15 14:25:51.758 15 RALLYDEBUG rally_openstack.cleanup.manager [-] Deleting neutron.port object s_rally_df743624_wgv0rg0y (4f1b9757-8012-417b-810c-ae87aefa83a6)
2019-11-15 14:25:52.211 15 RALLYDEBUG rally_openstack.cleanup.manager [-] Deleting neutron.port object s_rally_df743624_qj7oiRMJ (500c0223-2312-4a8e-96ab-bfccf4302d75)
2019-11-15 14:25:52.274 15 RALLYDEBUG rally_openstack.cleanup.manager [-] Deleting neutron.port object s_rally_df743624_emJnIaP8 (51dc0896-10a4-4c27-a887-4c10796f812e)
2019-11-15 14:25:52.325 15 RALLYDEBUG rally_openstack.cleanup.manager [-] Deleting neutron.port object s_rally_df743624_7FPOvkMu (53630c57-b0f4-4cb2-b615-118341949d07)
2019-11-15 14:25:52.470 15 RALLYDEBUG rally_openstack.cleanup.manager [-] Deleting neutron.port object s_rally_df743624_1lo4JpxC (54972ec3-9626-433b-a755-cf8a21c27ab1)
2019-11-15 14:25:52.646 15 RALLYDEBUG rally_openstack.cleanup.manager [-] Deleting neutron.port object s_rally_df743624_UVTrL3sS (571d8abf-5f43-4973-9375-4529393c1b65)
2019-11-15 14:25:52.679 15 RALLYDEBUG rally_openstack.cleanup.manager [-] Deleting neutron.port object s_rally_df743624_fYzWVFwK (574d5293-f05b-4175-bc39-c8e0bdafe79a)
2019-11-15 14:25:52.684 15 RALLYDEBUG rally_openstack.cleanup.manager [-] Deleting neutron.port object s_rally_df743624_esni6TJP (57e37776-b962-455d-b6af-985a628b3141)
2019-11-15 14:25:52.739 15 RALLYDEBUG rally_openstack.cleanup.manager [-] Deleting neutron.port object s_rally_df743624_z6MbeLT1 (585d7bf0-fcae-4ca2-9fdc-468b762eaff3)
2019-11-15 14:25:52.809 15 RALLYDEBUG rally_openstack.cleanup.manager [-] Deleting neutron.port object s_rally_df743624_rvVxTX12 (5bd0f58f-2eb1-46bd-9b43-7fb16fe828c3)
2019-11-15 14:25:52.857 15 RALLYDEBUG rally_openstack.cleanup.manager [-] Deleting neutron.port object s_rally_df743624_4bW7xV7d (5c05b79d-ab34-418c-bac4-b30ea62abfd6)
2019-11-15 14:25:53.189 15 RALLYDEBUG rally_openstack.cleanup.manager [-] Deleting neutron.port object s_rally_df743624_EhIeKfXD (5c3fc0b3-722b-4b52-bc50-80199148aac2)
2019-11-15 14:25:53.210 15 RALLYDEBUG rally_openstack.cleanup.manager [-] Deleting neutron.port object s_rally_df743624_fWNpGWaE (5d046d98-7873-44f2-a3f0-4cb3a6000cc9)
2019-11-15 14:25:53.211 15 RALLYDEBUG rally_openstack.cleanup.manager [-] Deleting neutron.port object s_rally_df743624_1TAz537u (5ce13ccd-c999-42e9-8d76-836d1842fc1b)
2019-11-15 14:25:53.264 15 RALLYDEBUG rally_openstack.cleanup.manager [-] Deleting neutron.port object s_rally_df743624_CtN6kFYO (5d116e83-bcb0-449a-9739-ef263c04ac55)
2019-11-15 14:25:53.351 15 RALLYDEBUG rally_openstack.cleanup.manager [-] Deleting neutron.port object s_rally_df743624_xw6Jrq5g (5d38c602-392c-4c27-b03c-34e2203c61d5)
2019-11-15 14:25:54.551 15 RALLYDEBUG rally_openstack.cleanup.manager [-] Deleting neutron.port object s_rally_df743624_h3VFLanx (5d6ddaa5-b948-490e-9303-4ef3b9341e3d)
2019-11-15 14:25:54.630 15 RALLYDEBUG rally_openstack.cleanup.manager [-] Deleting neutron.port object s_rally_df743624_AqHiZkKx (5fc3caa6-e280-4d44-a2ae-f1e9d00dd952)
2019-11-15 14:25:55.196 15 RALLYDEBUG rally_openstack.cleanup.manager [-] Deleting neutron.port object s_rally_df743624_KMGQNgF3 (6328822c-0020-4629-9e6f-3e168d2fd003)
2019-11-15 14:25:55.207 15 RALLYDEBUG rally_openstack.cleanup.manager [-] Deleting neutron.port object s_rally_df743624_enJxdjiz (66c5462a-b111-46b6-8256-bc6ae4efbe0b)
2019-11-15 14:25:55.324 15 RALLYDEBUG rally_openstack.cleanup.manager [-] Deleting neutron.port object s_rally_df743624_A8VYu7jG (6777b27d-718c-4b73-be95-0c8aefdd1afb)
2019-11-15 14:25:56.485 15 RALLYDEBUG rally_openstack.cleanup.manager [-] Deleting neutron.port object s_rally_df743624_S5tbn0N0 (684113eb-478f-4159-877a-457fabcc96b9)
