2019-11-15 14:25:57.411 15 RALLYDEBUG rally_openstack.cleanup.manager [-] Deleting neutron.port object s_rally_df743624_FG0HpBrX (6a60e718-2674-491e-8a62-09adffb51dbc)
2019-11-15 14:25:57.463 15 RALLYDEBUG rally_openstack.cleanup.manager [-] Deleting neutron.port object s_rally_df743624_BklgD3rZ (6b56b30f-71f2-4669-8b3f-56a94861d7b1)
2019-11-15 14:25:57.514 15 RALLYDEBUG rally_openstack.cleanup.manager [-] Deleting neutron.port object s_rally_df743624_yN61vjuv (6c522026-bd0a-4a56-a06a-7acf665d5e4d)
2019-11-15 14:25:57.625 15 RALLYDEBUG rally_openstack.cleanup.manager [-] Deleting neutron.port object s_rally_df743624_JGSo40zc (6cc35ef5-b842-46c3-a511-83b5c2e380c1)
2019-11-15 14:25:57.667 15 RALLYDEBUG rally_openstack.cleanup.manager [-] Deleting neutron.port object s_rally_df743624_XESzpvFQ (6e3a6ad4-2ad3-4115-b205-eb9b1883eed1)
2019-11-15 14:25:57.736 15 RALLYDEBUG rally_openstack.cleanup.manager [-] Deleting neutron.port object s_rally_df743624_AJY7UTC3 (6eb50087-b386-4d68-b625-aa54d75ede92)
2019-11-15 14:25:57.755 15 RALLYDEBUG rally_openstack.cleanup.manager [-] Deleting neutron.port object s_rally_df743624_azvsPgkj (6ee990af-ad9e-43eb-a230-35e5721efedc)
2019-11-15 14:25:57.761 15 RALLYDEBUG rally_openstack.cleanup.manager [-] Deleting neutron.port object s_rally_df743624_9pfd1xjI (730ad795-3ebf-4c6c-8914-48bf5809cad9)
2019-11-15 14:25:57.822 15 RALLYDEBUG rally_openstack.cleanup.manager [-] Deleting neutron.port object s_rally_df743624_Gh5dWNKa (73fe8f31-a6df-4af2-aa04-ba487c12c09d)
2019-11-15 14:25:57.897 15 RALLYDEBUG rally_openstack.cleanup.manager [-] Deleting neutron.port object s_rally_df743624_FJ2H6UXh (745123d7-8c29-498b-879f-317f7d9c5b2c)
2019-11-15 14:25:58.200 15 RALLYDEBUG rally_openstack.cleanup.manager [-] Deleting neutron.port object s_rally_df743624_UwBULJhj (764ae567-9b39-4f94-9709-e681d7b5a46e)
2019-11-15 14:25:58.234 15 RALLYDEBUG rally_openstack.cleanup.manager [-] Deleting neutron.port object s_rally_df743624_0zuHf8bR (78539d3d-e6bd-45b3-913e-bdfe2d136502)
2019-11-15 14:25:58.338 15 RALLYDEBUG rally_openstack.cleanup.manager [-] Deleting neutron.port object s_rally_df743624_tJoTHfMX (78ddb910-2a4f-4fdb-92a3-8aff18a83078)
2019-11-15 14:25:58.429 15 RALLYDEBUG rally_openstack.cleanup.manager [-] Deleting neutron.port object s_rally_df743624_9OxMy81r (79b649d4-4344-4fd3-a939-5618769a59ba)
2019-11-15 14:25:58.764 15 RALLYDEBUG rally_openstack.cleanup.manager [-] Deleting neutron.port object s_rally_df743624_XNHMrp13 (7a7aac82-a11c-4ed6-bc39-dbf503b24ec0)
2019-11-15 14:25:58.771 15 RALLYDEBUG rally_openstack.cleanup.manager [-] Deleting neutron.port object s_rally_df743624_nTJmzUgM (7a9e96f8-44e7-40a3-907d-bb9dd5869633)
2019-11-15 14:25:59.416 15 RALLYDEBUG rally_openstack.cleanup.manager [-] Deleting neutron.port object s_rally_df743624_pInsK5zE (7aa6cf72-d4ee-4aa4-8fef-be60728bb898)
2019-11-15 14:25:59.520 15 RALLYDEBUG rally_openstack.cleanup.manager [-] Deleting neutron.port object s_rally_df743624_sTFaDf4n (7cc3a5a0-1d75-4d67-8c0f-c21dd34ab712)
2019-11-15 14:25:59.529 15 RALLYDEBUG rally_openstack.cleanup.manager [-] Deleting neutron.port object s_rally_df743624_abrMphYU (7cd594ab-6ff6-406a-a3d4-9550430330ba)
2019-11-15 14:26:00.342 15 RALLYDEBUG rally_openstack.cleanup.manager [-] Deleting neutron.port object s_rally_df743624_2B6n2CN1 (7daf9577-18bb-4657-8457-5fd756ab0624)
2019-11-15 14:26:00.623 15 RALLYDEBUG rally_openstack.cleanup.manager [-] Deleting neutron.port object s_rally_df743624_8on8k9nh (7f404c29-f783-42ad-ba69-6f58daf414f8)
2019-11-15 14:26:01.757 15 RALLYDEBUG rally_openstack.cleanup.manager [-] Deleting neutron.port object s_rally_df743624_eNPvLyS2 (7f67abcc-b1d7-4e6f-840c-21129e186e26)
2019-11-15 14:26:01.805 15 RALLYDEBUG rally_openstack.cleanup.manager [-] Deleting neutron.port object s_rally_df743624_n7t9lk60 (824558a6-4e7e-4cc1-8787-5235e04ef970)
2019-11-15 14:26:02.018 15 RALLYDEBUG rally_openstack.cleanup.manager [-] Deleting neutron.port object s_rally_df743624_QiuhXTkw (83cbc6a0-4d4c-4469-adfb-e15572cb8f74)
2019-11-15 14:26:02.194 15 RALLYDEBUG rally_openstack.cleanup.manager [-] Deleting neutron.port object s_rally_df743624_7gmrjR4P (8613da6b-d65a-483f-964f-1602aedd0d47)
2019-11-15 14:26:02.939 15 RALLYDEBUG rally_openstack.cleanup.manager [-] Deleting neutron.port object s_rally_df743624_wbYsqOOI (876e1b5d-e97e-4a86-b5ec-59f7a27ff8a7)
2019-11-15 14:26:02.941 15 RALLYDEBUG rally_openstack.cleanup.manager [-] Deleting neutron.port object s_rally_df743624_ochiXrvU (862b7a63-b05a-4506-a2f1-37cc62fee7d1)
2019-11-15 14:26:04.693 15 RALLYDEBUG rally_openstack.cleanup.manager [-] Deleting neutron.port object s_rally_df743624_SHBPvMfK (87cd32d9-4e20-4ca6-af56-b3db986caaa9)
2019-11-15 14:26:04.714 15 RALLYDEBUG rally_openstack.cleanup.manager [-] Deleting neutron.port object s_rally_df743624_zFoGA6Xq (8cedbff5-51cd-4e51-83d7-a62bd0cca606)
2019-11-15 14:26:04.822 15 RALLYDEBUG rally_openstack.cleanup.manager [-] Deleting neutron.port object s_rally_df743624_enl6a4hA (8d150105-e1a5-49e7-a06d-702947e65686)
2019-11-15 14:26:04.827 15 RALLYDEBUG rally_openstack.cleanup.manager [-] Deleting neutron.port object s_rally_df743624_xwx9JgqB (8ef54570-f0a1-4cc0-bc07-601b326ed0dc)
2019-11-15 14:26:05.002 15 RALLYDEBUG rally_openstack.cleanup.manager [-] Deleting neutron.port object s_rally_df743624_ZlkLzvVQ (914ef905-529b-4616-a277-683996b7401e)
2019-11-15 14:26:05.003 15 RALLYDEBUG rally_openstack.cleanup.manager [-] Deleting neutron.port object s_rally_df743624_sBFTmsYQ (8fd662bc-e05e-4318-9a41-54a94b4e699c)
2019-11-15 14:26:05.009 15 RALLYDEBUG rally_openstack.cleanup.manager [-] Deleting neutron.port object s_rally_df743624_N8iAKvp2 (916d6d2d-0289-45a5-b0d7-46d0a644d54e)
2019-11-15 14:26:05.027 15 RALLYDEBUG rally_openstack.cleanup.manager [-] Deleting neutron.port object s_rally_df743624_0AESSLXf (91e1c51c-f72f-4061-a676-c280d036745a)
2019-11-15 14:26:05.038 15 RALLYDEBUG rally_openstack.cleanup.manager [-] Deleting neutron.port object s_rally_df743624_sFoWhth7 (92c8d90d-d9e6-4748-b392-3e5e74e0eb88)
2019-11-15 14:26:05.046 15 RALLYDEBUG rally_openstack.cleanup.manager [-] Deleting neutron.port object s_rally_df743624_FsZr2Z2W (94ae91bf-5866-4fc8-8bd6-1964326769a0)
2019-11-15 14:26:05.062 15 RALLYDEBUG rally_openstack.cleanup.manager [-] Deleting neutron.port object s_rally_df743624_Ph2ugGi0 (95d3c185-af95-4c01-bea0-fd5bd4ae59f9)
2019-11-15 14:26:05.096 15 RALLYDEBUG rally_openstack.cleanup.manager [-] Deleting neutron.port object s_rally_df743624_iAb8L8aR (9ac621a1-20bc-4848-9bdd-ef5b42229351)
2019-11-15 14:26:05.114 15 RALLYDEBUG rally_openstack.cleanup.manager [-] Deleting neutron.port object s_rally_df743624_ZcWRsh17 (9b13e59a-0d68-48f4-aaaa-ddb169b9af3d)
2019-11-15 14:26:05.121 15 RALLYDEBUG rally_openstack.cleanup.manager [-] Deleting neutron.port object s_rally_df743624_5l2j4aEo (9bdfbd53-b2d3-4c54-bb8e-50a6a79ef706)
2019-11-15 14:26:05.122 15 RALLYDEBUG rally_openstack.cleanup.manager [-] Deleting neutron.port object s_rally_df743624_Wrm5iifx (970a0b89-2a48-43a5-adb3-0efde72f432b)
2019-11-15 14:26:05.125 15 RALLYDEBUG rally_openstack.cleanup.manager [-] Deleting neutron.port object s_rally_df743624_GrBxYKYJ (9c43184e-7636-42da-8bbb-ae9358528236)
2019-11-15 14:26:05.634 15 RALLYDEBUG rally_openstack.cleanup.manager [-] Deleting neutron.port object s_rally_df743624_V4DvLbjR (9e0dbeca-124d-40ea-a1ac-48e37b1201e0)
2019-11-15 14:26:05.743 15 RALLYDEBUG rally_openstack.cleanup.manager [-] Deleting neutron.port object s_rally_df743624_VZCJ0bXX (9f1cfd97-535e-48c3-93ae-943be7b44854)
2019-11-15 14:26:05.972 15 RALLYDEBUG rally_openstack.cleanup.manager [-] Deleting neutron.port object s_rally_df743624_aj8E6QFo (9f3c088a-a3a5-4529-bf44-214e24687194)
2019-11-15 14:26:06.044 15 RALLYDEBUG rally_openstack.cleanup.manager [-] Deleting neutron.port object s_rally_df743624_sGjAQkcL (a0748361-66e1-45af-80a2-426fe1f5311a)
2019-11-15 14:26:07.960 15 RALLYDEBUG rally_openstack.cleanup.manager [-] Deleting neutron.port object s_rally_df743624_zETjK7c1 (a1ad6f5b-9945-4245-86bf-4e7b7da60cfd)
2019-11-15 14:26:08.047 15 RALLYDEBUG rally_openstack.cleanup.manager [-] Deleting neutron.port object s_rally_df743624_Qxfmukig (a1b13674-b8d8-4202-b793-826feefad92b)
2019-11-15 14:26:08.613 15 RALLYDEBUG rally_openstack.cleanup.manager [-] Deleting neutron.port object s_rally_df743624_FOJPC3rL (a3b6c744-d2fa-4d03-93cb-9fe12facc4ed)
2019-11-15 14:26:08.716 15 RALLYDEBUG rally_openstack.cleanup.manager [-] Deleting neutron.port object s_rally_df743624_5wyl6pWI (a4593800-5452-49d1-b5a8-59a7ac8320d5)
2019-11-15 14:26:10.256 15 RALLYDEBUG rally_openstack.cleanup.manager [-] Deleting neutron.port object s_rally_df743624_RyPsOVNb (a532dc5a-88e2-4605-aaef-b937a5608482)
2019-11-15 14:26:10.264 15 RALLYDEBUG rally_openstack.cleanup.manager [-] Deleting neutron.port object s_rally_df743624_RpIpzwx6 (a6c95f69-e957-4363-9458-5e728927b866)
2019-11-15 14:26:10.911 15 RALLYDEBUG rally_openstack.cleanup.manager [-] Deleting neutron.port object s_rally_df743624_CwLW5ecH (aa856283-76f6-4a85-b083-db685dd8ad04)
2019-11-15 14:26:10.918 15 RALLYDEBUG rally_openstack.cleanup.manager [-] Deleting neutron.port object s_rally_df743624_bZOxHOYH (a8aba87e-dc60-40e4-970e-91d79adc1b97)
2019-11-15 14:26:10.919 15 RALLYDEBUG rally_openstack.cleanup.manager [-] Deleting neutron.port object s_rally_df743624_wAlmjfWk (ac5ea46c-664d-47d2-9a91-514ec51f3935)
2019-11-15 14:26:11.041 15 RALLYDEBUG rally_openstack.cleanup.manager [-] Deleting neutron.port object s_rally_df743624_Khj7DAd3 (ac994fc6-73f4-4e5e-81dd-339384c50206)
2019-11-15 14:26:11.072 15 RALLYDEBUG rally_openstack.cleanup.manager [-] Deleting neutron.port object s_rally_df743624_YwTAih0j (afbc99b2-4c02-478f-bc4a-bb80eb421ef3)
2019-11-15 14:26:11.088 15 RALLYDEBUG rally_openstack.cleanup.manager [-] Deleting neutron.port object s_rally_df743624_8Fy4A0fP (b22d84fc-92da-45a2-bbc1-034f11f6a606)
2019-11-15 14:26:11.111 15 RALLYDEBUG rally_openstack.cleanup.manager [-] Deleting neutron.port object s_rally_df743624_4JEch0p3 (b3b0502b-c5d6-4b72-8bc0-decffc7541e9)
2019-11-15 14:26:11.333 15 RALLYDEBUG rally_openstack.cleanup.manager [-] Deleting neutron.port object s_rally_df743624_uosilOKS (b748fcda-8748-4387-b8a9-32635a7a981c)
2019-11-15 14:26:11.344 15 RALLYDEBUG rally_openstack.cleanup.manager [-] Deleting neutron.port object s_rally_df743624_Hz5P2KVk (b8265dfe-c236-43e4-b69d-d0894ce8aa2d)
2019-11-15 14:26:11.385 15 RALLYDEBUG rally_openstack.cleanup.manager [-] Deleting neutron.port object s_rally_df743624_slNgWqsR (bbf668ab-b657-4c45-a6ca-27116b5d17e8)
2019-11-15 14:26:11.415 15 RALLYDEBUG rally_openstack.cleanup.manager [-] Deleting neutron.port object s_rally_df743624_f8pYPvgO (bcb4d4f6-4aa0-4045-88e0-9fff3144f851)
2019-11-15 14:26:11.487 15 RALLYDEBUG rally_openstack.cleanup.manager [-] Deleting neutron.port object s_rally_df743624_2e7jne8Q (bd6ec466-22ec-4b52-ac6b-b098269ffada)
2019-11-15 14:26:11.546 15 RALLYDEBUG rally_openstack.cleanup.manager [-] Deleting neutron.port object s_rally_df743624_MoNeNIEp (bff8134d-f134-4423-bcfa-7e5c5c4b3566)
2019-11-15 14:26:11.668 15 RALLYDEBUG rally_openstack.cleanup.manager [-] Deleting neutron.port object s_rally_df743624_i8XyeTeN (c394b7c5-07cd-486a-a84e-425b05a30951)
2019-11-15 14:26:12.605 15 RALLYDEBUG rally_openstack.cleanup.manager [-] Deleting neutron.port object s_rally_df743624_2TNIVU8J (c4ea2c8d-764a-4b45-93a9-32960482b8e6)
2019-11-15 14:26:12.658 15 RALLYDEBUG rally_openstack.cleanup.manager [-] Deleting neutron.port object s_rally_df743624_udwc3FqF (c67b73c5-5866-4363-8b61-15e3ce25ef29)
2019-11-15 14:26:12.779 15 RALLYDEBUG rally_openstack.cleanup.manager [-] Deleting neutron.port object s_rally_df743624_6oHehZxS (c692b14c-54bd-4325-996c-3f2bc38f81ec)
2019-11-15 14:26:12.792 15 RALLYDEBUG rally_openstack.cleanup.manager [-] Deleting neutron.port object s_rally_df743624_tN7pG3ox (c966d1eb-4117-4533-bbdd-53392d2800f4)
2019-11-15 14:26:14.622 15 RALLYDEBUG rally_openstack.cleanup.manager [-] Deleting neutron.port object s_rally_df743624_uTg6zy0c (ccaabf37-a597-49e9-be72-690a1f25c534)
2019-11-15 14:26:14.676 15 RALLYDEBUG rally_openstack.cleanup.manager [-] Deleting neutron.port object s_rally_df743624_i0mgmDmY (cd5fb229-cc21-42d0-a50e-9dfa5aa1ea54)
2019-11-15 14:26:15.592 15 RALLYDEBUG rally_openstack.cleanup.manager [-] Deleting neutron.port object s_rally_df743624_UWmBOZdX (cf58bd3b-c5e1-4d20-be7b-29de8ee00131)
2019-11-15 14:26:15.624 15 RALLYDEBUG rally_openstack.cleanup.manager [-] Deleting neutron.port object s_rally_df743624_0Gh7KSFc (d03dbacf-ded8-43ae-ab05-b040be5fff8a)
2019-11-15 14:26:15.639 15 RALLYDEBUG rally_openstack.cleanup.manager [-] Deleting neutron.port object s_rally_df743624_pDVqQe2e (d0d0b619-801c-49f2-98cf-933c400b08ea)
2019-11-15 14:26:15.703 15 RALLYDEBUG rally_openstack.cleanup.manager [-] Deleting neutron.port object s_rally_df743624_WhCHw9SJ (d18eaf38-48f1-4244-8db7-7a6a45ab8f18)
2019-11-15 14:26:15.754 15 RALLYDEBUG rally_openstack.cleanup.manager [-] Deleting neutron.port object s_rally_df743624_safkHdCu (d481b964-e023-435f-b9fb-fd406a9b6f63)
2019-11-15 14:26:15.797 15 RALLYDEBUG rally_openstack.cleanup.manager [-] Deleting neutron.port object s_rally_df743624_GF98jdlx (d5eb549d-a7af-4934-a141-388661d7204c)
2019-11-15 14:26:16.110 15 RALLYDEBUG rally_openstack.cleanup.manager [-] Deleting neutron.port object s_rally_df743624_TFLOGnp7 (d6733f59-6f18-4b18-8d16-e5c53f185324)
2019-11-15 14:26:16.349 15 RALLYDEBUG rally_openstack.cleanup.manager [-] Deleting neutron.port object s_rally_df743624_IwDg9HdP (d720efb8-7002-4a0f-93b9-cd588b4b6023)
2019-11-15 14:26:16.640 15 RALLYDEBUG rally_openstack.cleanup.manager [-] Deleting neutron.port object s_rally_df743624_KGx8BMJ2 (d72175d6-c660-4ad7-8829-89f1883338a3)
2019-11-15 14:26:16.759 15 RALLYDEBUG rally_openstack.cleanup.manager [-] Deleting neutron.port object s_rally_df743624_QrwPkf6f (d7aaa7fe-6885-4ff4-9fe7-ecb063502942)
2019-11-15 14:26:16.763 15 RALLYDEBUG rally_openstack.cleanup.manager [-] Deleting neutron.port object s_rally_df743624_4esrfOkf (d83d6b52-ebc0-4f60-a506-1a6b9a21c639)
2019-11-15 14:26:16.919 15 RALLYDEBUG rally_openstack.cleanup.manager [-] Deleting neutron.port object s_rally_df743624_6F49oumP (d8db6da3-de24-47c9-a5b9-80377623a45a)
2019-11-15 14:26:16.963 15 RALLYDEBUG rally_openstack.cleanup.manager [-] Deleting neutron.port object s_rally_df743624_CKcPBlYL (d90dfe75-87a9-4eba-8600-ebed65f54071)
2019-11-15 14:26:16.972 15 RALLYDEBUG rally_openstack.cleanup.manager [-] Deleting neutron.port object s_rally_df743624_aC8wnKa7 (da4ac9b3-2393-44b3-af63-4240e56c8a33)
2019-11-15 14:26:17.201 15 RALLYDEBUG rally_openstack.cleanup.manager [-] Deleting neutron.port object s_rally_df743624_PqnxjH7v (dbb3b198-17d7-4668-b034-a2e954faef0b)
2019-11-15 14:26:17.249 15 RALLYDEBUG rally_openstack.cleanup.manager [-] Deleting neutron.port object s_rally_df743624_0FkMKSr4 (ddd86914-8655-4208-9f3e-f916ff5b1351)
2019-11-15 14:26:18.171 15 RALLYDEBUG rally_openstack.cleanup.manager [-] Deleting neutron.port object s_rally_df743624_hgTvpyiY (df275b8c-8759-4f4e-a8d6-d2970ea38b25)
2019-11-15 14:26:18.575 15 RALLYDEBUG rally_openstack.cleanup.manager [-] Deleting neutron.port object s_rally_df743624_nyXQSAFt (e2711f06-05cd-4b1a-82b2-6870e238c2c5)
2019-11-15 14:26:18.682 15 RALLYDEBUG rally_openstack.cleanup.manager [-] Deleting neutron.port object s_rally_df743624_YNAldCTD (e32ff22d-7712-4478-840a-e32ad80611db)
2019-11-15 14:26:18.957 15 RALLYDEBUG rally_openstack.cleanup.manager [-] Deleting neutron.port object s_rally_df743624_CHCRa4Xe (e3e0207b-af37-4434-8dbc-d2c40f9105c8)
2019-11-15 14:26:19.267 15 RALLYDEBUG rally_openstack.cleanup.manager [-] Deleting neutron.port object s_rally_df743624_1vCF3Z87 (e51e0f9b-24aa-43e4-8dd7-b2763c4be27b)
2019-11-15 14:26:19.538 15 RALLYDEBUG rally_openstack.cleanup.manager [-] Deleting neutron.port object s_rally_df743624_4yUdw5p3 (e5a3fee2-b28d-4294-b7c3-0cfa862e2e5c)
2019-11-15 14:26:19.753 15 RALLYDEBUG rally_openstack.cleanup.manager [-] Deleting neutron.port object s_rally_df743624_uhmG2nQg (e619fb97-c61f-4e7f-97a7-91e007defcd8)
2019-11-15 14:26:19.783 15 RALLYDEBUG rally_openstack.cleanup.manager [-] Deleting neutron.port object s_rally_df743624_jvxh6S0l (e84ca7f1-ffa2-42b9-ad62-58aa2f275e9c)
2019-11-15 14:26:20.535 15 RALLYDEBUG rally_openstack.cleanup.manager [-] Deleting neutron.port object s_rally_df743624_OjltgamX (e915b438-555f-4dda-831a-0c1214b0e127)
2019-11-15 14:26:21.318 15 RALLYDEBUG rally_openstack.cleanup.manager [-] Deleting neutron.port object s_rally_df743624_1NLN8es5 (e9d03f6c-51f2-4fba-beaa-9a612876aa75)
2019-11-15 14:26:21.418 15 RALLYDEBUG rally_openstack.cleanup.manager [-] Deleting neutron.port object s_rally_df743624_ZxGzRmhX (ec2624cd-9738-49b7-a8ca-a0ecfcb8b525)
2019-11-15 14:26:21.447 15 RALLYDEBUG rally_openstack.cleanup.manager [-] Deleting neutron.port object s_rally_df743624_en0xxTjh (ef0232e0-3536-46e3-b2fe-7d75eea74919)
2019-11-15 14:26:22.189 15 RALLYDEBUG rally_openstack.cleanup.manager [-] Deleting neutron.port object s_rally_df743624_sSXraGVH (efd40c6b-c199-448d-9564-92499140317e)
2019-11-15 14:26:22.589 15 RALLYDEBUG rally_openstack.cleanup.manager [-] Deleting neutron.port object s_rally_df743624_60JB3dYO (f04229a9-b222-4c7f-9513-6e0a9bbcee40)
2019-11-15 14:26:22.696 15 RALLYDEBUG rally_openstack.cleanup.manager [-] Deleting neutron.port object s_rally_df743624_3D7k0cul (f0729563-bcec-429a-9d79-1454e16d61d4)
2019-11-15 14:26:22.717 15 RALLYDEBUG rally_openstack.cleanup.manager [-] Deleting neutron.port object s_rally_df743624_2wsySkGS (f592d483-c34d-430d-8853-0d670d439196)
2019-11-15 14:26:22.787 15 RALLYDEBUG rally_openstack.cleanup.manager [-] Deleting neutron.port object s_rally_df743624_xrUZq8nu (f7931703-ab3c-4ed3-b737-849a8ef6516f)
2019-11-15 14:26:22.900 15 RALLYDEBUG rally_openstack.cleanup.manager [-] Deleting neutron.port object s_rally_df743624_eQp34DUF (f7d2d665-669a-49a9-ad38-1dec2100d509)
2019-11-15 14:26:22.912 15 RALLYDEBUG rally_openstack.cleanup.manager [-] Deleting neutron.port object s_rally_df743624_PaLHFsVk (f8152edf-6f50-4036-86f7-9e4352e051bc)
2019-11-15 14:26:22.921 15 RALLYDEBUG rally_openstack.cleanup.manager [-] Deleting neutron.port object s_rally_df743624_mlogfmTO (f8270ef1-26c8-4a2b-9c71-04a8f1fb94ec)
2019-11-15 14:26:23.967 15 RALLYDEBUG rally_openstack.cleanup.manager [-] Deleting neutron.port object s_rally_df743624_h66yT0QY (fb338603-7ed1-4d13-bd62-5674d2f62cb4)
2019-11-15 14:26:24.355 15 RALLYDEBUG rally_openstack.cleanup.manager [-] Deleting neutron.port object s_rally_df743624_W4Vi9KOR (fb7ad038-6a70-4450-8fa3-cf8b5775a4d8)
2019-11-15 14:26:24.409 15 RALLYDEBUG rally_openstack.cleanup.manager [-] Deleting neutron.port object s_rally_df743624_QMw1soWW (fb9a8c1b-c51e-4059-bc48-2b5498909db5)
2019-11-15 14:26:24.409 15 RALLYDEBUG rally_openstack.cleanup.manager [-] Deleting neutron.port object s_rally_df743624_EZCjlXCW (fbaa86db-50eb-4cdc-9d59-cb78cba9799b)
2019-11-15 14:26:24.421 15 RALLYDEBUG rally_openstack.cleanup.manager [-] Deleting neutron.port object s_rally_df743624_Z3nfImPx (fc3a1671-8dac-459b-b23e-229b6aa5c9b1)
2019-11-15 14:26:24.631 15 RALLYDEBUG rally_openstack.cleanup.manager [-] Deleting neutron.port object s_rally_df743624_3YcsPmRy (fd72c9f6-3764-474f-adba-6acd934c58aa)
2019-11-15 14:26:24.638 15 RALLYDEBUG rally_openstack.cleanup.manager [-] Deleting neutron.port object s_rally_df743624_RnnuTT78 (fd740752-21d1-4d84-8eb2-ff9fa3fb0143)
2019-11-15 14:26:24.943 15 RALLYDEBUG rally_openstack.cleanup.manager [-] Deleting neutron.port object s_rally_df743624_be44rKwV (fde99bb8-41a1-4b43-b81d-3a9563fe2b04)
2019-11-15 14:26:24.973 15 RALLYDEBUG rally_openstack.cleanup.manager [-] Deleting neutron.port object s_rally_df743624_oNTYn0H6 (feb51f73-fcc1-45e1-a4da-fdf28eceaffa)
2019-11-15 14:26:29.146 15 RALLYDEBUG rally_openstack.cleanup.manager [-] Cleaning up neutron subnet objects
2019-11-15 14:26:29.380 15 RALLYDEBUG rally_openstack.cleanup.manager [-] Cleaning up neutron network objects
2019-11-15 14:26:30.574 15 RALLYDEBUG rally_openstack.cleanup.manager [-] Deleting neutron.network object s_rally_df743624_0aZkbXoE (04ce531c-1f06-443d-8a8f-25881b9bff2a)
2019-11-15 14:26:30.579 15 RALLYDEBUG rally_openstack.cleanup.manager [-] Deleting neutron.network object s_rally_df743624_RN3CekDF (04ef37c3-a61d-47e1-bc79-707483f3d8c9)
2019-11-15 14:26:30.591 15 RALLYDEBUG rally_openstack.cleanup.manager [-] Deleting neutron.network object s_rally_df743624_K7M8miyx (0c346291-cbc0-4805-9b5f-d0e1e9c60352)
2019-11-15 14:26:30.597 15 RALLYDEBUG rally_openstack.cleanup.manager [-] Deleting neutron.network object s_rally_df743624_YXHv6wvm (0e237c85-8cf7-426a-a445-f803f3b013e4)
2019-11-15 14:26:30.613 15 RALLYDEBUG rally_openstack.cleanup.manager [-] Deleting neutron.network object s_rally_df743624_4vWB4C7I (1405171c-7295-4634-8939-0e947783b8b2)
2019-11-15 14:26:30.616 15 RALLYDEBUG rally_openstack.cleanup.manager [-] Deleting neutron.network object s_rally_df743624_weWg7hex (1259833c-11b3-4409-9fd9-24e09fc335ae)
2019-11-15 14:26:30.632 15 RALLYDEBUG rally_openstack.cleanup.manager [-] Deleting neutron.network object s_rally_df743624_SV4h2noy (18ef0865-030e-4bd5-b216-e6a492aef902)
2019-11-15 14:26:30.640 15 RALLYDEBUG rally_openstack.cleanup.manager [-] Deleting neutron.network object s_rally_df743624_NO6iNV3X (1794c46c-b630-4492-a855-b6a7f5f58e88)
2019-11-15 14:26:30.645 15 RALLYDEBUG rally_openstack.cleanup.manager [-] Deleting neutron.network object s_rally_df743624_Cd0ydYGn (192be97a-252d-4006-92e7-23998a2e0506)
2019-11-15 14:26:30.691 15 RALLYDEBUG rally_openstack.cleanup.manager [-] Deleting neutron.network object s_rally_df743624_m7WZqc6s (1fd29c07-b5e5-4d6d-a01b-5328c417e184)
2019-11-15 14:26:30.708 15 RALLYDEBUG rally_openstack.cleanup.manager [-] Deleting neutron.network object s_rally_df743624_4oLU8Fy6 (468ac8c2-a631-44bd-a1fd-a2daf7717ec2)
2019-11-15 14:26:30.705 15 RALLYDEBUG rally_openstack.cleanup.manager [-] Deleting neutron.network object s_rally_df743624_jWV6g9nc (463a37db-7c66-4d6c-ba3c-2c645ffdb9a0)
2019-11-15 14:26:30.733 15 RALLYDEBUG rally_openstack.cleanup.manager [-] Deleting neutron.network object s_rally_df743624_nhOuct9r (4b554768-0a94-4316-9f8c-c59ebe4e4bce)
2019-11-15 14:26:30.722 15 RALLYDEBUG rally_openstack.cleanup.manager [-] Deleting neutron.network object s_rally_df743624_sOqt8A9P (42823c33-f103-44c7-b2fb-c2a1a65f0fde)
2019-11-15 14:26:30.775 15 RALLYDEBUG rally_openstack.cleanup.manager [-] Deleting neutron.network object s_rally_df743624_qzg6PpmN (576b39af-7443-4459-9e51-64481a3aebd8)
2019-11-15 14:26:30.787 15 RALLYDEBUG rally_openstack.cleanup.manager [-] Deleting neutron.network object s_rally_df743624_KQFMKA8S (58d6d4ab-6663-4728-a3d5-ddf240e569d4)
2019-11-15 14:26:30.787 15 RALLYDEBUG rally_openstack.cleanup.manager [-] Deleting neutron.network object s_rally_df743624_RqJoEzRA (644e376b-706f-4c7e-8c37-8b1fe11bc40d)
2019-11-15 14:26:30.786 15 RALLYDEBUG rally_openstack.cleanup.manager [-] Deleting neutron.network object s_rally_df743624_KQNh2ICQ (59711a8d-54ca-49c9-9171-8aa458e95136)
2019-11-15 14:26:30.791 15 RALLYDEBUG rally_openstack.cleanup.manager [-] Deleting neutron.network object s_rally_df743624_jiiPQEVV (59d1efc9-1834-4c4a-b324-dd32a8ebf2e6)
2019-11-15 14:26:30.817 15 RALLYDEBUG rally_openstack.cleanup.manager [-] Deleting neutron.network object s_rally_df743624_gLy3N1Ms (76e8e6e5-7985-4e93-a5ee-0c73c415e9bc)
2019-11-15 14:26:35.512 15 RALLYDEBUG rally_openstack.cleanup.manager [-] Deleting neutron.network object s_rally_df743624_5VgYV36K (77b8f2b1-63cd-4312-97bc-5b176daf4d06)
2019-11-15 14:26:35.940 15 RALLYDEBUG rally_openstack.cleanup.manager [-] Deleting neutron.network object s_rally_df743624_D5ekYdmD (79745af6-57dd-4c50-8e7b-f53adcbf1248)
2019-11-15 14:26:37.211 15 RALLYDEBUG rally_openstack.cleanup.manager [-] Deleting neutron.network object s_rally_df743624_tSsvJzmR (7b3aec33-d1dd-45a9-a65d-0879415b4baa)
2019-11-15 14:26:37.930 15 RALLYDEBUG rally_openstack.cleanup.manager [-] Deleting neutron.network object s_rally_df743624_AwexMMrG (7e3fc98a-e44e-4949-925a-538747d3b6e7)
2019-11-15 14:26:38.073 15 RALLYDEBUG rally_openstack.cleanup.manager [-] Deleting neutron.network object s_rally_df743624_jeCqDV0z (89740d95-51a0-4c46-9a42-adf75ca24727)
2019-11-15 14:26:38.088 15 RALLYDEBUG rally_openstack.cleanup.manager [-] Deleting neutron.network object s_rally_df743624_9xtbJHeH (89c6ef8e-b23f-45a0-a996-c32002a43fc1)
2019-11-15 14:26:38.092 15 RALLYDEBUG rally_openstack.cleanup.manager [-] Deleting neutron.network object s_rally_df743624_ZS5ZFBRM (97e93263-4b52-48c5-96bd-6a68fa23a58f)
2019-11-15 14:26:38.184 15 RALLYDEBUG rally_openstack.cleanup.manager [-] Deleting neutron.network object s_rally_df743624_4QzeTcc6 (9e13cd86-518e-4c3f-83d8-0df9998e8f9b)
2019-11-15 14:26:38.185 15 RALLYDEBUG rally_openstack.cleanup.manager [-] Deleting neutron.network object s_rally_df743624_tX7cHqup (a1dc7256-dd22-4474-934c-94ae7e600f1c)
2019-11-15 14:26:38.185 15 RALLYDEBUG rally_openstack.cleanup.manager [-] Deleting neutron.network object s_rally_df743624_qqxMnoQt (ac4876cd-8eed-4119-91e1-406dd915dffc)
2019-11-15 14:26:38.189 15 RALLYDEBUG rally_openstack.cleanup.manager [-] Deleting neutron.network object s_rally_df743624_ARIHGH8v (b91005bb-3a19-45b6-9532-d909af9e18a5)
2019-11-15 14:26:38.229 15 RALLYDEBUG rally_openstack.cleanup.manager [-] Deleting neutron.network object s_rally_df743624_PO4E0Ewl (c252225d-3307-4878-9f00-9793d7e9296e)
2019-11-15 14:26:38.240 15 RALLYDEBUG rally_openstack.cleanup.manager [-] Deleting neutron.network object s_rally_df743624_VwMFMus7 (bf20ef12-7309-4e02-bca8-ac479b50a734)
2019-11-15 14:26:38.278 15 RALLYDEBUG rally_openstack.cleanup.manager [-] Deleting neutron.network object s_rally_df743624_yN4XBzis (d9db5a60-9c82-44ee-b438-374d5ff3596a)
2019-11-15 14:26:38.293 15 RALLYDEBUG rally_openstack.cleanup.manager [-] Deleting neutron.network object s_rally_df743624_bolQAiVl (e01fa0ff-fab3-4456-8910-f249500bf641)
2019-11-15 14:26:38.353 15 RALLYDEBUG rally_openstack.cleanup.manager [-] Deleting neutron.network object s_rally_df743624_3xi7Yej7 (e515f13d-7c36-482c-93a8-c1c066e5aacb)
2019-11-15 14:26:38.397 15 RALLYDEBUG rally_openstack.cleanup.manager [-] Deleting neutron.network object s_rally_df743624_Mqutel2w (e57fdd86-025f-4560-bab5-f99e20dc50a2)
2019-11-15 14:26:38.407 15 RALLYDEBUG rally_openstack.cleanup.manager [-] Deleting neutron.network object s_rally_df743624_rBEd5XJT (ebdd754d-1e65-4f97-ac4a-9695e49450dd)
2019-11-15 14:26:38.413 15 RALLYDEBUG rally_openstack.cleanup.manager [-] Deleting neutron.network object s_rally_df743624_5UjvN7pA (f97553b5-a8e9-4ab1-be62-05911c5e409f)
2019-11-15 14:26:38.436 15 RALLYDEBUG rally_openstack.cleanup.manager [-] Deleting neutron.network object s_rally_df743624_7ETZErm5 (fddebab4-eb6b-4486-83f2-361ca6c0dcb7)
2019-11-15 14:26:46.187 15 RALLYDEBUG rally_openstack.cleanup.manager [-] Cleaning up neutron router objects
2019-11-15 14:26:46.444 15 RALLYDEBUG rally_openstack.cleanup.manager [-] Cleaning up neutron security_group objects
2019-11-15 14:26:46.737 15 INFO rally.task.context [-] Task 7a1d5cc6-f0c2-4b45-ac7b-7c23236fddba | Context cleanup@openstack cleanup() finished in 1.21 min
2019-11-15 14:26:46.737 15 INFO rally.task.context [-] Task 7a1d5cc6-f0c2-4b45-ac7b-7c23236fddba | Context quotas@openstack cleanup() started
2019-11-15 14:26:46.795 15 INFO rally.task.context [-] Task 7a1d5cc6-f0c2-4b45-ac7b-7c23236fddba | Context quotas@openstack cleanup() finished in 57.77 msec
2019-11-15 14:26:46.796 15 INFO rally.task.context [-] Task 7a1d5cc6-f0c2-4b45-ac7b-7c23236fddba | Context users@openstack cleanup() started
2019-11-15 14:26:48.174 15 INFO rally.task.context [-] Task 7a1d5cc6-f0c2-4b45-ac7b-7c23236fddba | Context users@openstack cleanup() finished in 1.38 sec
2019-11-15 14:26:50.082 15 INFO rally.task.engine [-] Load duration is: 119.714752
2019-11-15 14:26:50.083 15 INFO rally.task.engine [-] Full runner duration is: 119.764553
2019-11-15 14:26:50.083 15 INFO rally.task.engine [-] Full duration is: 194.849742
2019-11-15 14:26:50.186 15 INFO rally.task.engine [-] Running workload: position = 2 config = { "version": 2, "title": "A cropped version of a bigger task.", "description": "Auto-generated task from a single workload (uuid=01ec4ac9-ea34-4ec3-8566-a1f2a8707010)", "subtasks": [ { "title": "NeutronNetworks.create_and_delete_ports", "description": "Create and delete a port.", "scenario": { "NeutronNetworks.create_and_delete_ports": { "network_create_args": {}, "port_create_args": {}, "ports_per_network": 5 } }, "contexts": { "users": { "tenants": 1, "users_per_tenant": 1 }, "quotas": { "neutron": { "network": -1, "port": -1 } } }, "runner": { "constant": { "times": 40, "concurrency": 20 } }, "hooks": [], "sla": { "failure_rate": { "max": 0 } } } ] }
2019-11-15 14:26:50.198 15 RALLYDEBUG rally_openstack.contexts.keystone.users [-] Creating 1 tenants using 20 threads
2019-11-15 14:26:50.527 15 RALLYDEBUG rally_openstack.contexts.keystone.users [-] Creating 1 users using 20 threads
2019-11-15 14:26:50.995 15 INFO rally.task.context [-] Task 7a1d5cc6-f0c2-4b45-ac7b-7c23236fddba | Context users@openstack setup() finished in 0.80 sec
2019-11-15 14:26:51.354 15 INFO rally.task.context [-] Task 7a1d5cc6-f0c2-4b45-ac7b-7c23236fddba | Context quotas@openstack setup() finished in 0.36 sec
2019-11-15 14:26:51.355 15 INFO rally.task.context [-] Task 7a1d5cc6-f0c2-4b45-ac7b-7c23236fddba | Context cleanup@openstack setup() finished in 0.01 msec
2019-11-15 14:26:51.364 15 RALLYDEBUG rally.task.runner [-] Starting the constant runner (task UUID: 7a1d5cc6-f0c2-4b45-ac7b-7c23236fddba). timeout: 0 concurrency: 20 concurrency_per_worker: 1 times: 40 concurrency_overhead: 0 processes_to_start: 20 max_cpu_used: 88
2019-11-15 14:26:51.378 4601 RALLYDEBUG rally.task.runner [-] Starting a worker. concurrency: 1 args: {"network_create_args": {}, "port_create_args": {}, "ports_per_network": 5} times: 40 method_name: run timeout: 0 duration: None cls:
2019-11-15 14:26:51.381 4602 RALLYDEBUG rally.task.runner [-] Starting a worker. concurrency: 1 args: {"network_create_args": {}, "port_create_args": {}, "ports_per_network": 5} times: 40 method_name: run timeout: 0 duration: None cls:
2019-11-15 14:26:51.383 4603 RALLYDEBUG rally.task.runner [-] Starting a worker. concurrency: 1 args: {"network_create_args": {}, "port_create_args": {}, "ports_per_network": 5} times: 40 method_name: run timeout: 0 duration: None cls:
2019-11-15 14:26:51.385 4601 INFO rally.task.runner [-] Task 7a1d5cc6-f0c2-4b45-ac7b-7c23236fddba | ITER: 1 START
2019-11-15 14:26:51.386 4601 WARNING rally_openstack.scenarios.neutron.utils [-] Running this scenario without either the 'network' or 'existing_network' context is deprecated
2019-11-15 14:26:51.386 4604 RALLYDEBUG rally.task.runner [-] Starting a worker. concurrency: 1 args: {"network_create_args": {}, "port_create_args": {}, "ports_per_network": 5} times: 40 method_name: run timeout: 0 duration: None cls:
2019-11-15 14:26:51.387 4602 INFO rally.task.runner [-] Task 7a1d5cc6-f0c2-4b45-ac7b-7c23236fddba | ITER: 2 START
2019-11-15 14:26:51.388 4602 WARNING rally_openstack.scenarios.neutron.utils [-] Running this scenario without either the 'network' or 'existing_network' context is deprecated
2019-11-15 14:26:51.389 4603 INFO rally.task.runner [-] Task 7a1d5cc6-f0c2-4b45-ac7b-7c23236fddba | ITER: 3 START
2019-11-15 14:26:51.389 4605 RALLYDEBUG rally.task.runner [-] Starting a worker. concurrency: 1 args: {"network_create_args": {}, "port_create_args": {}, "ports_per_network": 5} times: 40 method_name: run timeout: 0 duration: None cls:
2019-11-15 14:26:51.390 4603 WARNING rally_openstack.scenarios.neutron.utils [-] Running this scenario without either the 'network' or 'existing_network' context is deprecated
2019-11-15 14:26:51.391 4608 RALLYDEBUG rally.task.runner [-] Starting a worker. concurrency: 1 args: {"network_create_args": {}, "port_create_args": {}, "ports_per_network": 5} times: 40 method_name: run timeout: 0 duration: None cls:
2019-11-15 14:26:51.392 4604 INFO rally.task.runner [-] Task 7a1d5cc6-f0c2-4b45-ac7b-7c23236fddba | ITER: 4 START
2019-11-15 14:26:51.393 4604 WARNING rally_openstack.scenarios.neutron.utils [-] Running this scenario without either the 'network' or 'existing_network' context is deprecated
2019-11-15 14:26:51.395 4611 RALLYDEBUG rally.task.runner [-] Starting a worker. concurrency: 1 args: {"network_create_args": {}, "port_create_args": {}, "ports_per_network": 5} times: 40 method_name: run timeout: 0 duration: None cls:
2019-11-15 14:26:51.395 4605 INFO rally.task.runner [-] Task 7a1d5cc6-f0c2-4b45-ac7b-7c23236fddba | ITER: 5 START
2019-11-15 14:26:51.397 4605 WARNING rally_openstack.scenarios.neutron.utils [-] Running this scenario without either the 'network' or 'existing_network' context is deprecated
2019-11-15 14:26:51.397 4608 INFO rally.task.runner [-] Task 7a1d5cc6-f0c2-4b45-ac7b-7c23236fddba | ITER: 6 START
2019-11-15 14:26:51.398 4608 WARNING rally_openstack.scenarios.neutron.utils [-] Running this scenario without either the 'network' or 'existing_network' context is deprecated
2019-11-15 14:26:51.398 4614 RALLYDEBUG rally.task.runner [-] Starting a worker. concurrency: 1 args: {"network_create_args": {}, "port_create_args": {}, "ports_per_network": 5} times: 40 method_name: run timeout: 0 duration: None cls:
2019-11-15 14:26:51.400 4617 RALLYDEBUG rally.task.runner [-] Starting a worker. concurrency: 1 args: {"network_create_args": {}, "port_create_args": {}, "ports_per_network": 5} times: 40 method_name: run timeout: 0 duration: None cls:
2019-11-15 14:26:51.401 4611 INFO rally.task.runner [-] Task 7a1d5cc6-f0c2-4b45-ac7b-7c23236fddba | ITER: 7 START
2019-11-15 14:26:51.402 4611 WARNING rally_openstack.scenarios.neutron.utils [-] Running this scenario without either the 'network' or 'existing_network' context is deprecated
2019-11-15 14:26:51.403 4621 RALLYDEBUG rally.task.runner [-] Starting a worker. concurrency: 1 args: {"network_create_args": {}, "port_create_args": {}, "ports_per_network": 5} times: 40 method_name: run timeout: 0 duration: None cls:
2019-11-15 14:26:51.404 4614 INFO rally.task.runner [-] Task 7a1d5cc6-f0c2-4b45-ac7b-7c23236fddba | ITER: 8 START
2019-11-15 14:26:51.406 4614 WARNING rally_openstack.scenarios.neutron.utils [-] Running this scenario without either the 'network' or 'existing_network' context is deprecated
2019-11-15 14:26:51.406 4617 INFO rally.task.runner [-] Task 7a1d5cc6-f0c2-4b45-ac7b-7c23236fddba | ITER: 9 START
2019-11-15 14:26:51.406 4623 RALLYDEBUG rally.task.runner [-] Starting a worker. concurrency: 1 args: {"network_create_args": {}, "port_create_args": {}, "ports_per_network": 5} times: 40 method_name: run timeout: 0 duration: None cls:
2019-11-15 14:26:51.407 4617 WARNING rally_openstack.scenarios.neutron.utils [-] Running this scenario without either the 'network' or 'existing_network' context is deprecated
2019-11-15 14:26:51.409 4621 INFO rally.task.runner [-] Task 7a1d5cc6-f0c2-4b45-ac7b-7c23236fddba | ITER: 10 START
2019-11-15 14:26:51.409 4626 RALLYDEBUG rally.task.runner [-] Starting a worker. concurrency: 1 args: {"network_create_args": {}, "port_create_args": {}, "ports_per_network": 5} times: 40 method_name: run timeout: 0 duration: None cls:
2019-11-15 14:26:51.409 4630 RALLYDEBUG rally.task.runner [-] Starting a worker. concurrency: 1 args: {"network_create_args": {}, "port_create_args": {}, "ports_per_network": 5} times: 40 method_name: run timeout: 0 duration: None cls:
2019-11-15 14:26:51.410 4621 WARNING rally_openstack.scenarios.neutron.utils [-] Running this scenario without either the 'network' or 'existing_network' context is deprecated
2019-11-15 14:26:51.412 4623 INFO rally.task.runner [-] Task 7a1d5cc6-f0c2-4b45-ac7b-7c23236fddba | ITER: 11 START
2019-11-15 14:26:51.413 4623 WARNING rally_openstack.scenarios.neutron.utils [-] Running this scenario without either the 'network' or 'existing_network' context is deprecated
2019-11-15 14:26:51.415 4630 INFO rally.task.runner [-] Task 7a1d5cc6-f0c2-4b45-ac7b-7c23236fddba | ITER: 13 START
2019-11-15 14:26:51.415 4626 INFO rally.task.runner [-] Task 7a1d5cc6-f0c2-4b45-ac7b-7c23236fddba | ITER: 12 START
2019-11-15 14:26:51.415 4632 RALLYDEBUG rally.task.runner [-] Starting a worker. concurrency: 1 args: {"network_create_args": {}, "port_create_args": {}, "ports_per_network": 5} times: 40 method_name: run timeout: 0 duration: None cls:
2019-11-15 14:26:51.416 4630 WARNING rally_openstack.scenarios.neutron.utils [-] Running this scenario without either the 'network' or 'existing_network' context is deprecated
2019-11-15 14:26:51.417 4626 WARNING rally_openstack.scenarios.neutron.utils [-] Running this scenario without either the 'network' or 'existing_network' context is deprecated
2019-11-15 14:26:51.417 4635 RALLYDEBUG rally.task.runner [-] Starting a worker. concurrency: 1 args: {"network_create_args": {}, "port_create_args": {}, "ports_per_network": 5} times: 40 method_name: run timeout: 0 duration: None cls:
2019-11-15 14:26:51.420 4639 RALLYDEBUG rally.task.runner [-] Starting a worker. concurrency: 1 args: {"network_create_args": {}, "port_create_args": {}, "ports_per_network": 5} times: 40 method_name: run timeout: 0 duration: None cls:
2019-11-15 14:26:51.421 4632 INFO rally.task.runner [-] Task 7a1d5cc6-f0c2-4b45-ac7b-7c23236fddba | ITER: 14 START
2019-11-15 14:26:51.422 4632 WARNING rally_openstack.scenarios.neutron.utils [-] Running this scenario without either the 'network' or 'existing_network' context is deprecated
2019-11-15 14:26:51.422 4643 RALLYDEBUG rally.task.runner [-] Starting a worker. concurrency: 1 args: {"network_create_args": {}, "port_create_args": {}, "ports_per_network": 5} times: 40 method_name: run timeout: 0 duration: None cls:
2019-11-15 14:26:51.423 4635 INFO rally.task.runner [-] Task 7a1d5cc6-f0c2-4b45-ac7b-7c23236fddba | ITER: 15 START
2019-11-15 14:26:51.424 4635 WARNING rally_openstack.scenarios.neutron.utils [-] Running this scenario without either the 'network' or 'existing_network' context is deprecated
2019-11-15 14:26:51.426 4644 RALLYDEBUG rally.task.runner [-] Starting a worker. concurrency: 1 args: {"network_create_args": {}, "port_create_args": {}, "ports_per_network": 5} times: 40 method_name: run timeout: 0 duration: None cls:
2019-11-15 14:26:51.427 4639 INFO rally.task.runner [-] Task 7a1d5cc6-f0c2-4b45-ac7b-7c23236fddba | ITER: 16 START
2019-11-15 14:26:51.428 4639 WARNING rally_openstack.scenarios.neutron.utils [-] Running this scenario without either the 'network' or 'existing_network' context is deprecated
2019-11-15 14:26:51.428 4643 INFO rally.task.runner [-] Task 7a1d5cc6-f0c2-4b45-ac7b-7c23236fddba | ITER: 17 START
2019-11-15 14:26:51.429 4643 WARNING rally_openstack.scenarios.neutron.utils [-] Running this scenario without either the 'network' or 'existing_network' context is deprecated
2019-11-15 14:26:51.428 4647 RALLYDEBUG rally.task.runner [-] Starting a worker. concurrency: 1 args: {"network_create_args": {}, "port_create_args": {}, "ports_per_network": 5} times: 40 method_name: run timeout: 0 duration: None cls:
2019-11-15 14:26:51.431 4644 INFO rally.task.runner [-] Task 7a1d5cc6-f0c2-4b45-ac7b-7c23236fddba | ITER: 18 START
2019-11-15 14:26:51.432 4644 WARNING rally_openstack.scenarios.neutron.utils [-] Running this scenario without either the 'network' or 'existing_network' context is deprecated
2019-11-15 14:26:51.431 4650 RALLYDEBUG rally.task.runner [-] Starting a worker. concurrency: 1 args: {"network_create_args": {}, "port_create_args": {}, "ports_per_network": 5} times: 40 method_name: run timeout: 0 duration: None cls:
2019-11-15 14:26:51.434 4647 INFO rally.task.runner [-] Task 7a1d5cc6-f0c2-4b45-ac7b-7c23236fddba | ITER: 19 START
2019-11-15 14:26:51.435 4647 WARNING rally_openstack.scenarios.neutron.utils [-] Running this scenario without either the 'network' or 'existing_network' context is deprecated
2019-11-15 14:26:51.437 4650 INFO rally.task.runner [-] Task 7a1d5cc6-f0c2-4b45-ac7b-7c23236fddba | ITER: 20 START
2019-11-15 14:26:51.439 4650 WARNING rally_openstack.scenarios.neutron.utils [-] Running this scenario without either the 'network' or 'existing_network' context is deprecated
2019-11-15 14:27:46.563 4611 INFO rally.task.runner [-] Task 7a1d5cc6-f0c2-4b45-ac7b-7c23236fddba | ITER: 7 END: OK
2019-11-15 14:27:46.574 4611 INFO rally.task.runner [-] Task 7a1d5cc6-f0c2-4b45-ac7b-7c23236fddba | ITER: 21 START
2019-11-15 14:27:46.576 4611 WARNING rally_openstack.scenarios.neutron.utils [-] Running this scenario without either the 'network' or 'existing_network' context is deprecated
2019-11-15 14:27:47.494 4601 INFO rally.task.runner [-] Task 7a1d5cc6-f0c2-4b45-ac7b-7c23236fddba | ITER: 1 END: OK
2019-11-15 14:27:47.502 4601 INFO rally.task.runner [-] Task 7a1d5cc6-f0c2-4b45-ac7b-7c23236fddba | ITER: 22 START
2019-11-15 14:27:47.503 4601 WARNING rally_openstack.scenarios.neutron.utils [-] Running this scenario without either the 'network' or 'existing_network' context is deprecated
2019-11-15 14:27:48.802 4650 INFO rally.task.runner [-] Task 7a1d5cc6-f0c2-4b45-ac7b-7c23236fddba | ITER: 20 END: OK
2019-11-15 14:27:48.812 4650 INFO rally.task.runner [-] Task 7a1d5cc6-f0c2-4b45-ac7b-7c23236fddba | ITER: 23 START
2019-11-15 14:27:48.813 4650 WARNING rally_openstack.scenarios.neutron.utils [-] Running this scenario without either the 'network' or 'existing_network' context is deprecated
2019-11-15 14:27:48.853 4602 INFO rally.task.runner [-] Task 7a1d5cc6-f0c2-4b45-ac7b-7c23236fddba | ITER: 2 END: OK
2019-11-15 14:27:48.861 4602 INFO rally.task.runner [-] Task 7a1d5cc6-f0c2-4b45-ac7b-7c23236fddba | ITER: 24 START
2019-11-15 14:27:48.862 4602 WARNING rally_openstack.scenarios.neutron.utils [-] Running this scenario without either the 'network' or 'existing_network' context is deprecated
2019-11-15 14:27:50.312 4626 INFO rally.task.runner [-] Task 7a1d5cc6-f0c2-4b45-ac7b-7c23236fddba | ITER: 12 END: OK
2019-11-15 14:27:50.319 4626 INFO rally.task.runner [-] Task 7a1d5cc6-f0c2-4b45-ac7b-7c23236fddba | ITER: 25 START
2019-11-15 14:27:50.320 4626 WARNING rally_openstack.scenarios.neutron.utils [-] Running this scenario without either the 'network' or 'existing_network' context is deprecated
2019-11-15 14:27:50.893 4621 INFO rally.task.runner [-] Task 7a1d5cc6-f0c2-4b45-ac7b-7c23236fddba | ITER: 10 END: OK
2019-11-15 14:27:50.899 4617 INFO rally.task.runner [-] Task 7a1d5cc6-f0c2-4b45-ac7b-7c23236fddba | ITER: 9 END: OK
2019-11-15 14:27:50.900 4621 INFO rally.task.runner [-] Task 7a1d5cc6-f0c2-4b45-ac7b-7c23236fddba | ITER: 26 START
2019-11-15 14:27:50.901 4621 WARNING rally_openstack.scenarios.neutron.utils [-] Running this scenario without either the 'network' or 'existing_network' context is deprecated
2019-11-15 14:27:50.905 4617 INFO rally.task.runner [-] Task 7a1d5cc6-f0c2-4b45-ac7b-7c23236fddba | ITER: 27 START
2019-11-15 14:27:50.906 4617 WARNING rally_openstack.scenarios.neutron.utils [-] Running this scenario without either the 'network' or 'existing_network' context is deprecated
2019-11-15 14:27:50.941 4623 INFO rally.task.runner [-] Task 7a1d5cc6-f0c2-4b45-ac7b-7c23236fddba | ITER: 11 END: OK
2019-11-15 14:27:50.950 4623 INFO rally.task.runner [-] Task 7a1d5cc6-f0c2-4b45-ac7b-7c23236fddba | ITER: 28 START
2019-11-15 14:27:50.951 4623 WARNING rally_openstack.scenarios.neutron.utils [-] Running this scenario without either the 'network' or 'existing_network' context is deprecated
2019-11-15 14:27:50.960 4614 INFO rally.task.runner [-] Task 7a1d5cc6-f0c2-4b45-ac7b-7c23236fddba | ITER: 8 END: OK
2019-11-15 14:27:50.965 4632 INFO rally.task.runner [-] Task 7a1d5cc6-f0c2-4b45-ac7b-7c23236fddba | ITER: 14 END: OK
2019-11-15 14:27:50.967 4614 INFO rally.task.runner [-] Task 7a1d5cc6-f0c2-4b45-ac7b-7c23236fddba | ITER: 29 START
2019-11-15 14:27:50.969 4614 WARNING rally_openstack.scenarios.neutron.utils [-] Running this scenario without either the 'network' or 'existing_network' context is deprecated
2019-11-15 14:27:50.971 4632 INFO rally.task.runner [-] Task 7a1d5cc6-f0c2-4b45-ac7b-7c23236fddba | ITER: 30 START
2019-11-15 14:27:50.972 4632 WARNING rally_openstack.scenarios.neutron.utils [-] Running this scenario without either the 'network' or 'existing_network' context is deprecated
2019-11-15 14:27:51.575 4608 INFO rally.task.runner [-] Task 7a1d5cc6-f0c2-4b45-ac7b-7c23236fddba | ITER: 6 END: OK
2019-11-15 14:27:51.581 4608 INFO rally.task.runner [-] Task 7a1d5cc6-f0c2-4b45-ac7b-7c23236fddba | ITER: 31 START
2019-11-15 14:27:51.582 4608 WARNING rally_openstack.scenarios.neutron.utils [-] Running this scenario without either the 'network' or 'existing_network' context is deprecated
2019-11-15 14:27:51.954 4604 INFO rally.task.runner [-] Task 7a1d5cc6-f0c2-4b45-ac7b-7c23236fddba | ITER: 4 END: OK
2019-11-15 14:27:51.961 4604 INFO rally.task.runner [-] Task 7a1d5cc6-f0c2-4b45-ac7b-7c23236fddba | ITER: 32 START
2019-11-15 14:27:51.962 4604 WARNING rally_openstack.scenarios.neutron.utils [-] Running this scenario without either the 'network' or 'existing_network' context is deprecated
2019-11-15 14:27:52.656 4603 INFO rally.task.runner [-] Task 7a1d5cc6-f0c2-4b45-ac7b-7c23236fddba | ITER: 3 END: OK
2019-11-15 14:27:52.663 4603 INFO rally.task.runner [-] Task 7a1d5cc6-f0c2-4b45-ac7b-7c23236fddba | ITER: 33 START
2019-11-15 14:27:52.665 4603 WARNING rally_openstack.scenarios.neutron.utils [-] Running this scenario without either the 'network' or 'existing_network' context is deprecated
2019-11-15 14:27:53.239 4605 INFO rally.task.runner [-] Task 7a1d5cc6-f0c2-4b45-ac7b-7c23236fddba | ITER: 5 END: OK
2019-11-15 14:27:53.246 4605 INFO rally.task.runner [-] Task 7a1d5cc6-f0c2-4b45-ac7b-7c23236fddba | ITER: 34 START
2019-11-15 14:27:53.247 4605 WARNING rally_openstack.scenarios.neutron.utils [-] Running this scenario without either the 'network' or 'existing_network' context is deprecated
2019-11-15 14:27:53.262 4630 INFO rally.task.runner [-] Task 7a1d5cc6-f0c2-4b45-ac7b-7c23236fddba | ITER: 13 END: OK
2019-11-15 14:27:53.269 4630 INFO rally.task.runner [-] Task 7a1d5cc6-f0c2-4b45-ac7b-7c23236fddba | ITER: 35 START
2019-11-15 14:27:53.270 4630 WARNING rally_openstack.scenarios.neutron.utils [-] Running this scenario without either the 'network' or 'existing_network' context is deprecated
2019-11-15 14:27:53.863 4639 INFO rally.task.runner [-] Task 7a1d5cc6-f0c2-4b45-ac7b-7c23236fddba | ITER: 16 END: OK
2019-11-15 14:27:53.870 4639 INFO rally.task.runner [-] Task 7a1d5cc6-f0c2-4b45-ac7b-7c23236fddba | ITER: 36 START
2019-11-15 14:27:53.871 4639 WARNING rally_openstack.scenarios.neutron.utils [-] Running this scenario without either the 'network' or 'existing_network' context is deprecated
2019-11-15 14:27:53.874 4647 INFO rally.task.runner [-] Task 7a1d5cc6-f0c2-4b45-ac7b-7c23236fddba | ITER: 19 END: OK
2019-11-15 14:27:53.882 4647 INFO rally.task.runner [-] Task 7a1d5cc6-f0c2-4b45-ac7b-7c23236fddba | ITER: 37 START
2019-11-15 14:27:53.883 4647 WARNING rally_openstack.scenarios.neutron.utils [-] Running this scenario without either the 'network' or 'existing_network' context is deprecated
2019-11-15 14:27:54.186 4643 INFO rally.task.runner [-] Task 7a1d5cc6-f0c2-4b45-ac7b-7c23236fddba | ITER: 17 END: OK
2019-11-15 14:27:54.192 4643 INFO rally.task.runner [-] Task 7a1d5cc6-f0c2-4b45-ac7b-7c23236fddba | ITER: 38 START
2019-11-15 14:27:54.193 4643 WARNING rally_openstack.scenarios.neutron.utils [-] Running this scenario without either the 'network' or 'existing_network' context is deprecated
2019-11-15 14:27:54.635 4644 INFO rally.task.runner [-] Task 7a1d5cc6-f0c2-4b45-ac7b-7c23236fddba | ITER: 18 END: OK
2019-11-15 14:27:54.641 4644 INFO rally.task.runner [-] Task 7a1d5cc6-f0c2-4b45-ac7b-7c23236fddba | ITER: 39 START
2019-11-15 14:27:54.642 4644 WARNING rally_openstack.scenarios.neutron.utils [-] Running this scenario without either the 'network' or 'existing_network' context is deprecated
2019-11-15 14:27:55.158 4635 INFO rally.task.runner [-] Task 7a1d5cc6-f0c2-4b45-ac7b-7c23236fddba | ITER: 15 END: OK
2019-11-15 14:27:55.165 4635 INFO rally.task.runner [-] Task 7a1d5cc6-f0c2-4b45-ac7b-7c23236fddba | ITER: 40 START
2019-11-15 14:27:55.165 4635 WARNING rally_openstack.scenarios.neutron.utils [-] Running this scenario without either the 'network' or 'existing_network' context is deprecated
2019-11-15 14:28:45.622 4623 INFO rally.task.runner [-] Task 7a1d5cc6-f0c2-4b45-ac7b-7c23236fddba | ITER: 28 END: OK
2019-11-15 14:28:47.021 4601 INFO rally.task.runner [-] Task 7a1d5cc6-f0c2-4b45-ac7b-7c23236fddba | ITER: 22 END: OK
2019-11-15 14:28:47.442 4650 INFO rally.task.runner [-] Task 7a1d5cc6-f0c2-4b45-ac7b-7c23236fddba | ITER: 23 END: OK
2019-11-15 14:28:48.905 4611 INFO rally.task.runner [-] Task 7a1d5cc6-f0c2-4b45-ac7b-7c23236fddba | ITER: 21 END: OK
2019-11-15 14:28:49.013 4602 INFO rally.task.runner [-] Task 7a1d5cc6-f0c2-4b45-ac7b-7c23236fddba | ITER: 24 END: OK
2019-11-15 14:28:50.691 4621 INFO rally.task.runner [-] Task 7a1d5cc6-f0c2-4b45-ac7b-7c23236fddba | ITER: 26 END: OK
2019-11-15 14:28:51.112 4630 INFO rally.task.runner [-] Task 7a1d5cc6-f0c2-4b45-ac7b-7c23236fddba | ITER: 35 END: OK
2019-11-15 14:28:51.113 4603 INFO rally.task.runner [-] Task 7a1d5cc6-f0c2-4b45-ac7b-7c23236fddba | ITER: 33 END: OK
2019-11-15 14:28:51.141 4604 INFO rally.task.runner [-] Task 7a1d5cc6-f0c2-4b45-ac7b-7c23236fddba | ITER: 32 END: OK
2019-11-15 14:28:51.143 4608 INFO rally.task.runner [-] Task 7a1d5cc6-f0c2-4b45-ac7b-7c23236fddba | ITER: 31 END: OK
2019-11-15 14:28:51.200 4647 INFO rally.task.runner [-] Task 7a1d5cc6-f0c2-4b45-ac7b-7c23236fddba | ITER: 37 END: OK
2019-11-15 14:28:51.578 4626 INFO rally.task.runner [-] Task 7a1d5cc6-f0c2-4b45-ac7b-7c23236fddba | ITER: 25 END: OK
