2019-11-09 17:15:42.153 6 RALLYDEBUG rally.api [-] INFO logs from urllib3 and requests module are hide.
2019-11-09 17:15:42.153 6 RALLYDEBUG rally.api [-] urllib3 insecure warnings are hidden.
2019-11-09 17:15:42.153 6 RALLYDEBUG rally.api [-] ERROR log from boto module is hide.
2019-11-09 17:15:43.464 6 ERROR rally.cli.cliutils [-] Unexpected exception in CLI: DBRecordNotFound: Record for uuid or name is opnfv-rally not found in table envs
2019-11-09 17:15:43.464 6 ERROR rally.cli.cliutils
Traceback (most recent call last):
2019-11-09 17:15:43.464 6 ERROR rally.cli.cliutils
File "/usr/lib/python2.7/site-packages/rally/cli/cliutils.py", line 674, in run
2019-11-09 17:15:43.464 6 ERROR rally.cli.cliutils ret = fn(*fn_args, **fn_kwargs)
2019-11-09 17:15:43.464 6 ERROR rally.cli.cliutils File "", line 2, in destroy
2019-11-09 17:15:43.464 6 ERROR rally.cli.cliutils
File "/usr/lib/python2.7/site-packages/rally/cli/envutils.py", line 68, in default_from_global
2019-11-09 17:15:43.464 6 ERROR rally.cli.cliutils return f(*args, **kwargs)
2019-11-09 17:15:43.464 6 ERROR rally.cli.cliutils File "", line 2, in destroy
2019-11-09 17:15:43.464 6 ERROR rally.cli.cliutils
File "/usr/lib/python2.7/site-packages/rally/plugins/__init__.py", line 51, in ensure_plugins_are_loaded
2019-11-09 17:15:43.464 6 ERROR rally.cli.cliutils return f(*args, **kwargs)
2019-11-09 17:15:43.464 6 ERROR rally.cli.cliutils
File "/usr/lib/python2.7/site-packages/rally/cli/commands/deployment.py", line 157, in destroy
2019-11-09 17:15:43.464 6 ERROR rally.cli.cliutils api.deployment.destroy(deployment=deployment)
2019-11-09 17:15:43.464 6 ERROR rally.cli.cliutils
File "/usr/lib/python2.7/site-packages/rally/api.py", line 115, in destroy
2019-11-09 17:15:43.464 6 ERROR rally.cli.cliutils deploy = objects.Deployment.get(deployment)
2019-11-09 17:15:43.464 6 ERROR rally.cli.cliutils
File "/usr/lib/python2.7/site-packages/rally/common/objects/deploy.py", line 124, in get
2019-11-09 17:15:43.464 6 ERROR rally.cli.cliutils return Deployment(env_mgr.EnvManager.get(deploy))
2019-11-09 17:15:43.464 6 ERROR rally.cli.cliutils
File "/usr/lib/python2.7/site-packages/rally/env/env_mgr.py", line 212, in get
2019-11-09 17:15:43.464 6 ERROR rally.cli.cliutils return cls(db.env_get(uuid_or_name))
2019-11-09 17:15:43.464 6 ERROR rally.cli.cliutils
File "/usr/lib/python2.7/site-packages/rally/common/db/api.py", line 135, in wrapper
2019-11-09 17:15:43.464 6 ERROR rally.cli.cliutils result = f(session, *args, **kwargs)
2019-11-09 17:15:43.464 6 ERROR rally.cli.cliutils
File "/usr/lib/python2.7/site-packages/rally/common/db/api.py", line 521, in env_get
2019-11-09 17:15:43.464 6 ERROR rally.cli.cliutils criteria="uuid or name is %s" % uuid_or_name, table="envs")
2019-11-09 17:15:43.464 6 ERROR rally.cli.cliutils DBRecordNotFound: Record for uuid or name is opnfv-rally not found in table envs
2019-11-09 17:15:43.464 6 ERROR rally.cli.cliutils
2019-11-09 17:15:44.262 8 RALLYDEBUG rally.api [-] INFO logs from urllib3 and requests module are hide.
2019-11-09 17:15:44.263 8 RALLYDEBUG rally.api [-] urllib3 insecure warnings are hidden.
2019-11-09 17:15:44.263 8 RALLYDEBUG rally.api [-] ERROR log from boto module is hide.
2019-11-09 17:15:46.453 10 RALLYDEBUG rally.api [-] INFO logs from urllib3 and requests module are hide.
2019-11-09 17:15:46.453 10 RALLYDEBUG rally.api [-] urllib3 insecure warnings are hidden.
2019-11-09 17:15:46.453 10 RALLYDEBUG rally.api [-] ERROR log from boto module is hide.
2019-11-09 17:15:49.080 13 RALLYDEBUG rally.api [-] INFO logs from urllib3 and requests module are hide.
2019-11-09 17:15:49.080 13 RALLYDEBUG rally.api [-] urllib3 insecure warnings are hidden.
2019-11-09 17:15:49.080 13 RALLYDEBUG rally.api [-] ERROR log from boto module is hide.
2019-11-09 17:15:50.380 15 RALLYDEBUG rally.api [-] INFO logs from urllib3 and requests module are hide.
2019-11-09 17:15:50.380 15 RALLYDEBUG rally.api [-] urllib3 insecure warnings are hidden.
2019-11-09 17:15:50.380 15 RALLYDEBUG rally.api [-] ERROR log from boto module is hide.
2019-11-09 17:15:51.622 15 INFO rally.common.plugin.discover [-] Loading plugins from directories /root/.rally/plugins/*
2019-11-09 17:15:51.623 15 INFO rally.common.plugin.discover [-] Loaded module with plugins: /root/.rally/plugins/__init__.py
2019-11-09 17:15:51.626 15 INFO rally.common.plugin.discover [-] Loaded module with plugins: /root/.rally/plugins/trunk_scenario.py
2019-11-09 17:15:51.795 15 INFO rally.task.engine [-] Task 3deef758-f129-437e-b7c0-46d85ddcee87 | Starting: Task validation.
2019-11-09 17:15:51.809 15 INFO rally.task.engine [-] Task 3deef758-f129-437e-b7c0-46d85ddcee87 | Starting: Task validation of syntax.
2019-11-09 17:15:51.960 15 INFO rally.task.engine [-] Task 3deef758-f129-437e-b7c0-46d85ddcee87 | Completed: Task validation of syntax.
2019-11-09 17:15:51.960 15 INFO rally.task.engine [-] Task 3deef758-f129-437e-b7c0-46d85ddcee87 | Starting: Task validation of required platforms.
2019-11-09 17:15:52.028 15 INFO rally.task.engine [-] Task 3deef758-f129-437e-b7c0-46d85ddcee87 | Completed: Task validation of required platforms.
2019-11-09 17:15:52.029 15 INFO rally.task.engine [-] Task 3deef758-f129-437e-b7c0-46d85ddcee87 | Starting: Task validation of semantic.
2019-11-09 17:15:52.029 15 INFO rally.task.engine [-] Check health of the environment 'ed7afef6-4016-4a6f-a759-ae952d888416'.
2019-11-09 17:15:52.372 15 INFO rally.task.engine [-] Platform existing@openstack (available: True): OK!
2019-11-09 17:15:52.384 15 RALLYDEBUG rally_openstack.contexts.keystone.users [-] Creating 1 tenants using 20 threads
2019-11-09 17:15:52.661 15 RALLYDEBUG rally_openstack.contexts.keystone.users [-] Creating 1 users using 20 threads
2019-11-09 17:15:53.109 15 INFO rally.task.context [-] Task 3deef758-f129-437e-b7c0-46d85ddcee87 | Context users@openstack setup() finished in 0.72 sec
2019-11-09 17:15:54.504 15 INFO rally.task.context [-] Task 3deef758-f129-437e-b7c0-46d85ddcee87 | Context users@openstack cleanup() started
2019-11-09 17:15:56.043 15 INFO rally.task.context [-] Task 3deef758-f129-437e-b7c0-46d85ddcee87 | Context users@openstack cleanup() finished in 1.54 sec
2019-11-09 17:15:56.043 15 INFO rally.task.engine [-] Task 3deef758-f129-437e-b7c0-46d85ddcee87 | Completed: Task validation of semantic.
2019-11-09 17:15:56.043 15 INFO rally.task.engine [-] Task 3deef758-f129-437e-b7c0-46d85ddcee87 | Completed: Task validation.
2019-11-09 17:15:56.044 15 INFO rally.api [-] Task 3deef758-f129-437e-b7c0-46d85ddcee87 input file is valid.
2019-11-09 17:15:56.044 15 INFO rally.api [-] Run Task 3deef758-f129-437e-b7c0-46d85ddcee87 against Deployment ed7afef6-4016-4a6f-a759-ae952d888416
2019-11-09 17:15:56.044 15 INFO rally.task.engine [-] Task 3deef758-f129-437e-b7c0-46d85ddcee87 | Starting: Running task.
2019-11-09 17:15:56.092 15 INFO rally.task.engine [-] Running workload: position = 0 config = { "version": 2, "title": "A cropped version of a bigger task.", "description": "Auto-generated task from a single workload (uuid=b89e6f99-d25c-4580-8c10-70666bcc60c3)", "subtasks": [ { "title": "NeutronNetworks.create_and_list_networks", "description": "Check performance of list_networks action and ensure > network quotas are not exceeded", "scenario": { "NeutronNetworks.create_and_list_networks": {} }, "contexts": { "users": { "tenants": 1, "users_per_tenant": 1 }, "quotas": { "neutron": { "network": 119 } } }, "runner": { "constant": { "times": 100, "concurrency": 20 } }, "hooks": [], "sla": { "max_avg_duration_per_atomic": { "neutron.list_networks": 15 }, "failure_rate": { "max": 0 } } } ] }
2019-11-09 17:15:56.106 15 RALLYDEBUG rally_openstack.contexts.keystone.users [-] Creating 1 tenants using 20 threads
2019-11-09 17:15:56.463 15 RALLYDEBUG rally_openstack.contexts.keystone.users [-] Creating 1 users using 20 threads
2019-11-09 17:15:56.929 15 INFO rally.task.context [-] Task 3deef758-f129-437e-b7c0-46d85ddcee87 | Context users@openstack setup() finished in 0.82 sec
2019-11-09 17:15:57.285 15 INFO rally.task.context [-] Task 3deef758-f129-437e-b7c0-46d85ddcee87 | Context quotas@openstack setup() finished in 0.36 sec
2019-11-09 17:15:57.285 15 INFO rally.task.context [-] Task 3deef758-f129-437e-b7c0-46d85ddcee87 | Context cleanup@openstack setup() finished in 0.00 msec
2019-11-09 17:15:57.293 15 RALLYDEBUG rally.task.runner [-] Starting the constant runner (task UUID: 3deef758-f129-437e-b7c0-46d85ddcee87). timeout: 0 concurrency: 20 concurrency_per_worker: 1 times: 100 concurrency_overhead: 0 processes_to_start: 20 max_cpu_used: 88
2019-11-09 17:15:57.306 139 RALLYDEBUG rally.task.runner [-] Starting a worker. concurrency: 1 args: {} times: 100 method_name: run timeout: 0 duration: None cls:
2019-11-09 17:15:57.309 140 RALLYDEBUG rally.task.runner [-] Starting a worker. concurrency: 1 args: {} times: 100 method_name: run timeout: 0 duration: None cls:
2019-11-09 17:15:57.311 141 RALLYDEBUG rally.task.runner [-] Starting a worker. concurrency: 1 args: {} times: 100 method_name: run timeout: 0 duration: None cls:
2019-11-09 17:15:57.312 139 INFO rally.task.runner [-] Task 3deef758-f129-437e-b7c0-46d85ddcee87 | ITER: 1 START
2019-11-09 17:15:57.314 142 RALLYDEBUG rally.task.runner [-] Starting a worker. concurrency: 1 args: {} times: 100 method_name: run timeout: 0 duration: None cls:
2019-11-09 17:15:57.314 140 INFO rally.task.runner [-] Task 3deef758-f129-437e-b7c0-46d85ddcee87 | ITER: 2 START
2019-11-09 17:15:57.316 144 RALLYDEBUG rally.task.runner [-] Starting a worker. concurrency: 1 args: {} times: 100 method_name: run timeout: 0 duration: None cls:
2019-11-09 17:15:57.317 141 INFO rally.task.runner [-] Task 3deef758-f129-437e-b7c0-46d85ddcee87 | ITER: 3 START
2019-11-09 17:15:57.319 142 INFO rally.task.runner [-] Task 3deef758-f129-437e-b7c0-46d85ddcee87 | ITER: 4 START
2019-11-09 17:15:57.322 144 INFO rally.task.runner [-] Task 3deef758-f129-437e-b7c0-46d85ddcee87 | ITER: 5 START
2019-11-09 17:15:57.323 150 RALLYDEBUG rally.task.runner [-] Starting a worker. concurrency: 1 args: {} times: 100 method_name: run timeout: 0 duration: None cls:
2019-11-09 17:15:57.327 155 RALLYDEBUG rally.task.runner [-] Starting a worker. concurrency: 1 args: {} times: 100 method_name: run timeout: 0 duration: None cls:
2019-11-09 17:15:57.329 150 INFO rally.task.runner [-] Task 3deef758-f129-437e-b7c0-46d85ddcee87 | ITER: 6 START
2019-11-09 17:15:57.331 156 RALLYDEBUG rally.task.runner [-] Starting a worker. concurrency: 1 args: {} times: 100 method_name: run timeout: 0 duration: None cls:
2019-11-09 17:15:57.333 155 INFO rally.task.runner [-] Task 3deef758-f129-437e-b7c0-46d85ddcee87 | ITER: 7 START
2019-11-09 17:15:57.335 159 RALLYDEBUG rally.task.runner [-] Starting a worker. concurrency: 1 args: {} times: 100 method_name: run timeout: 0 duration: None cls:
2019-11-09 17:15:57.336 156 INFO rally.task.runner [-] Task 3deef758-f129-437e-b7c0-46d85ddcee87 | ITER: 8 START
2019-11-09 17:15:57.337 162 RALLYDEBUG rally.task.runner [-] Starting a worker. concurrency: 1 args: {} times: 100 method_name: run timeout: 0 duration: None cls:
2019-11-09 17:15:57.340 159 INFO rally.task.runner [-] Task 3deef758-f129-437e-b7c0-46d85ddcee87 | ITER: 9 START
2019-11-09 17:15:57.340 164 RALLYDEBUG rally.task.runner [-] Starting a worker. concurrency: 1 args: {} times: 100 method_name: run timeout: 0 duration: None cls:
2019-11-09 17:15:57.343 162 INFO rally.task.runner [-] Task 3deef758-f129-437e-b7c0-46d85ddcee87 | ITER: 10 START
2019-11-09 17:15:57.342 166 RALLYDEBUG rally.task.runner [-] Starting a worker. concurrency: 1 args: {} times: 100 method_name: run timeout: 0 duration: None cls:
2019-11-09 17:15:57.344 169 RALLYDEBUG rally.task.runner [-] Starting a worker. concurrency: 1 args: {} times: 100 method_name: run timeout: 0 duration: None cls:
2019-11-09 17:15:57.346 164 INFO rally.task.runner [-] Task 3deef758-f129-437e-b7c0-46d85ddcee87 | ITER: 11 START
2019-11-09 17:15:57.347 166 INFO rally.task.runner [-] Task 3deef758-f129-437e-b7c0-46d85ddcee87 | ITER: 12 START
2019-11-09 17:15:57.348 169 INFO rally.task.runner [-] Task 3deef758-f129-437e-b7c0-46d85ddcee87 | ITER: 13 START
2019-11-09 17:15:57.349 172 RALLYDEBUG rally.task.runner [-] Starting a worker. concurrency: 1 args: {} times: 100 method_name: run timeout: 0 duration: None cls:
2019-11-09 17:15:57.352 176 RALLYDEBUG rally.task.runner [-] Starting a worker. concurrency: 1 args: {} times: 100 method_name: run timeout: 0 duration: None cls:
2019-11-09 17:15:57.355 172 INFO rally.task.runner [-] Task 3deef758-f129-437e-b7c0-46d85ddcee87 | ITER: 14 START
2019-11-09 17:15:57.354 180 RALLYDEBUG rally.task.runner [-] Starting a worker. concurrency: 1 args: {} times: 100 method_name: run timeout: 0 duration: None cls:
2019-11-09 17:15:57.358 181 RALLYDEBUG rally.task.runner [-] Starting a worker. concurrency: 1 args: {} times: 100 method_name: run timeout: 0 duration: None cls:
2019-11-09 17:15:57.357 176 INFO rally.task.runner [-] Task 3deef758-f129-437e-b7c0-46d85ddcee87 | ITER: 15 START
2019-11-09 17:15:57.360 184 RALLYDEBUG rally.task.runner [-] Starting a worker. concurrency: 1 args: {} times: 100 method_name: run timeout: 0 duration: None cls:
2019-11-09 17:15:57.360 180 INFO rally.task.runner [-] Task 3deef758-f129-437e-b7c0-46d85ddcee87 | ITER: 16 START
2019-11-09 17:15:57.363 187 RALLYDEBUG rally.task.runner [-] Starting a worker. concurrency: 1 args: {} times: 100 method_name: run timeout: 0 duration: None cls:
2019-11-09 17:15:57.364 181 INFO rally.task.runner [-] Task 3deef758-f129-437e-b7c0-46d85ddcee87 | ITER: 17 START
2019-11-09 17:15:57.367 184 INFO rally.task.runner [-] Task 3deef758-f129-437e-b7c0-46d85ddcee87 | ITER: 18 START
2019-11-09 17:15:57.367 190 RALLYDEBUG rally.task.runner [-] Starting a worker. concurrency: 1 args: {} times: 100 method_name: run timeout: 0 duration: None cls:
2019-11-09 17:15:57.369 187 INFO rally.task.runner [-] Task 3deef758-f129-437e-b7c0-46d85ddcee87 | ITER: 19 START
2019-11-09 17:15:57.374 190 INFO rally.task.runner [-] Task 3deef758-f129-437e-b7c0-46d85ddcee87 | ITER: 20 START
2019-11-09 17:15:58.792 140 INFO rally.task.runner [-] Task 3deef758-f129-437e-b7c0-46d85ddcee87 | ITER: 2 END: OK
2019-11-09 17:15:58.797 140 INFO rally.task.runner [-] Task 3deef758-f129-437e-b7c0-46d85ddcee87 | ITER: 21 START
2019-11-09 17:15:59.465 150 INFO rally.task.runner [-] Task 3deef758-f129-437e-b7c0-46d85ddcee87 | ITER: 6 END: OK
2019-11-09 17:15:59.470 150 INFO rally.task.runner [-] Task 3deef758-f129-437e-b7c0-46d85ddcee87 | ITER: 22 START
2019-11-09 17:16:00.800 144 INFO rally.task.runner [-] Task 3deef758-f129-437e-b7c0-46d85ddcee87 | ITER: 5 END: OK
2019-11-09 17:16:00.805 144 INFO rally.task.runner [-] Task 3deef758-f129-437e-b7c0-46d85ddcee87 | ITER: 23 START
2019-11-09 17:16:01.023 141 INFO rally.task.runner [-] Task 3deef758-f129-437e-b7c0-46d85ddcee87 | ITER: 3 END: OK
2019-11-09 17:16:01.027 141 INFO rally.task.runner [-] Task 3deef758-f129-437e-b7c0-46d85ddcee87 | ITER: 24 START
2019-11-09 17:16:02.492 164 INFO rally.task.runner [-] Task 3deef758-f129-437e-b7c0-46d85ddcee87 | ITER: 11 END: OK
2019-11-09 17:16:02.497 164 INFO rally.task.runner [-] Task 3deef758-f129-437e-b7c0-46d85ddcee87 | ITER: 25 START
2019-11-09 17:16:02.543 142 INFO rally.task.runner [-] Task 3deef758-f129-437e-b7c0-46d85ddcee87 | ITER: 4 END: OK
2019-11-09 17:16:02.548 142 INFO rally.task.runner [-] Task 3deef758-f129-437e-b7c0-46d85ddcee87 | ITER: 26 START
2019-11-09 17:16:02.552 169 INFO rally.task.runner [-] Task 3deef758-f129-437e-b7c0-46d85ddcee87 | ITER: 13 END: OK
2019-11-09 17:16:02.556 169 INFO rally.task.runner [-] Task 3deef758-f129-437e-b7c0-46d85ddcee87 | ITER: 27 START
2019-11-09 17:16:02.601 172 INFO rally.task.runner [-] Task 3deef758-f129-437e-b7c0-46d85ddcee87 | ITER: 14 END: OK
2019-11-09 17:16:02.606 172 INFO rally.task.runner [-] Task 3deef758-f129-437e-b7c0-46d85ddcee87 | ITER: 28 START
2019-11-09 17:16:02.611 139 INFO rally.task.runner [-] Task 3deef758-f129-437e-b7c0-46d85ddcee87 | ITER: 1 END: OK
2019-11-09 17:16:02.616 139 INFO rally.task.runner [-] Task 3deef758-f129-437e-b7c0-46d85ddcee87 | ITER: 29 START
2019-11-09 17:16:02.806 176 INFO rally.task.runner [-] Task 3deef758-f129-437e-b7c0-46d85ddcee87 | ITER: 15 END: OK
2019-11-09 17:16:02.810 176 INFO rally.task.runner [-] Task 3deef758-f129-437e-b7c0-46d85ddcee87 | ITER: 30 START
2019-11-09 17:16:02.829 181 INFO rally.task.runner [-] Task 3deef758-f129-437e-b7c0-46d85ddcee87 | ITER: 17 END: OK
2019-11-09 17:16:02.834 181 INFO rally.task.runner [-] Task 3deef758-f129-437e-b7c0-46d85ddcee87 | ITER: 31 START
2019-11-09 17:16:02.857 184 INFO rally.task.runner [-] Task 3deef758-f129-437e-b7c0-46d85ddcee87 | ITER: 18 END: OK
2019-11-09 17:16:02.862 184 INFO rally.task.runner [-] Task 3deef758-f129-437e-b7c0-46d85ddcee87 | ITER: 32 START
2019-11-09 17:16:03.002 187 INFO rally.task.runner [-] Task 3deef758-f129-437e-b7c0-46d85ddcee87 | ITER: 19 END: OK
2019-11-09 17:16:03.007 187 INFO rally.task.runner [-] Task 3deef758-f129-437e-b7c0-46d85ddcee87 | ITER: 33 START
2019-11-09 17:16:03.029 140 INFO rally.task.runner [-] Task 3deef758-f129-437e-b7c0-46d85ddcee87 | ITER: 21 END: OK
2019-11-09 17:16:03.032 140 INFO rally.task.runner [-] Task 3deef758-f129-437e-b7c0-46d85ddcee87 | ITER: 34 START
2019-11-09 17:16:03.133 150 INFO rally.task.runner [-] Task 3deef758-f129-437e-b7c0-46d85ddcee87 | ITER: 22 END: OK
2019-11-09 17:16:03.136 150 INFO rally.task.runner [-] Task 3deef758-f129-437e-b7c0-46d85ddcee87 | ITER: 35 START
2019-11-09 17:16:03.680 162 INFO rally.task.runner [-] Task 3deef758-f129-437e-b7c0-46d85ddcee87 | ITER: 10 END: OK
2019-11-09 17:16:03.685 162 INFO rally.task.runner [-] Task 3deef758-f129-437e-b7c0-46d85ddcee87 | ITER: 36 START
2019-11-09 17:16:03.823 156 INFO rally.task.runner [-] Task 3deef758-f129-437e-b7c0-46d85ddcee87 | ITER: 8 END: OK
2019-11-09 17:16:03.828 156 INFO rally.task.runner [-] Task 3deef758-f129-437e-b7c0-46d85ddcee87 | ITER: 37 START
2019-11-09 17:16:03.986 180 INFO rally.task.runner [-] Task 3deef758-f129-437e-b7c0-46d85ddcee87 | ITER: 16 END: OK
2019-11-09 17:16:03.991 180 INFO rally.task.runner [-] Task 3deef758-f129-437e-b7c0-46d85ddcee87 | ITER: 38 START
2019-11-09 17:16:04.270 159 INFO rally.task.runner [-] Task 3deef758-f129-437e-b7c0-46d85ddcee87 | ITER: 9 END: OK
2019-11-09 17:16:04.275 159 INFO rally.task.runner [-] Task 3deef758-f129-437e-b7c0-46d85ddcee87 | ITER: 39 START
2019-11-09 17:16:04.356 155 INFO rally.task.runner [-] Task 3deef758-f129-437e-b7c0-46d85ddcee87 | ITER: 7 END: OK
2019-11-09 17:16:04.361 155 INFO rally.task.runner [-] Task 3deef758-f129-437e-b7c0-46d85ddcee87 | ITER: 40 START
2019-11-09 17:16:05.678 166 INFO rally.task.runner [-] Task 3deef758-f129-437e-b7c0-46d85ddcee87 | ITER: 12 END: OK
2019-11-09 17:16:05.683 166 INFO rally.task.runner [-] Task 3deef758-f129-437e-b7c0-46d85ddcee87 | ITER: 41 START
2019-11-09 17:16:05.923 141 INFO rally.task.runner [-] Task 3deef758-f129-437e-b7c0-46d85ddcee87 | ITER: 24 END: OK
2019-11-09 17:16:05.927 141 INFO rally.task.runner [-] Task 3deef758-f129-437e-b7c0-46d85ddcee87 | ITER: 42 START
2019-11-09 17:16:06.155 190 INFO rally.task.runner [-] Task 3deef758-f129-437e-b7c0-46d85ddcee87 | ITER: 20 END: OK
2019-11-09 17:16:06.160 190 INFO rally.task.runner [-] Task 3deef758-f129-437e-b7c0-46d85ddcee87 | ITER: 43 START
2019-11-09 17:16:06.268 164 INFO rally.task.runner [-] Task 3deef758-f129-437e-b7c0-46d85ddcee87 | ITER: 25 END: OK
2019-11-09 17:16:06.271 164 INFO rally.task.runner [-] Task 3deef758-f129-437e-b7c0-46d85ddcee87 | ITER: 44 START
2019-11-09 17:16:07.046 144 INFO rally.task.runner [-] Task 3deef758-f129-437e-b7c0-46d85ddcee87 | ITER: 23 END: OK
2019-11-09 17:16:07.049 144 INFO rally.task.runner [-] Task 3deef758-f129-437e-b7c0-46d85ddcee87 | ITER: 45 START
2019-11-09 17:16:07.727 181 INFO rally.task.runner [-] Task 3deef758-f129-437e-b7c0-46d85ddcee87 | ITER: 31 END: OK
2019-11-09 17:16:07.731 181 INFO rally.task.runner [-] Task 3deef758-f129-437e-b7c0-46d85ddcee87 | ITER: 46 START
2019-11-09 17:16:07.974 176 INFO rally.task.runner [-] Task 3deef758-f129-437e-b7c0-46d85ddcee87 | ITER: 30 END: OK
2019-11-09 17:16:07.978 176 INFO rally.task.runner [-] Task 3deef758-f129-437e-b7c0-46d85ddcee87 | ITER: 47 START
2019-11-09 17:16:07.984 139 INFO rally.task.runner [-] Task 3deef758-f129-437e-b7c0-46d85ddcee87 | ITER: 29 END: OK
2019-11-09 17:16:07.987 139 INFO rally.task.runner [-] Task 3deef758-f129-437e-b7c0-46d85ddcee87 | ITER: 48 START
2019-11-09 17:16:08.005 142 INFO rally.task.runner [-] Task 3deef758-f129-437e-b7c0-46d85ddcee87 | ITER: 26 END: OK
2019-11-09 17:16:08.009 142 INFO rally.task.runner [-] Task 3deef758-f129-437e-b7c0-46d85ddcee87 | ITER: 49 START
2019-11-09 17:16:08.022 172 INFO rally.task.runner [-] Task 3deef758-f129-437e-b7c0-46d85ddcee87 | ITER: 28 END: OK
2019-11-09 17:16:08.025 172 INFO rally.task.runner [-] Task 3deef758-f129-437e-b7c0-46d85ddcee87 | ITER: 50 START
2019-11-09 17:16:08.211 184 INFO rally.task.runner [-] Task 3deef758-f129-437e-b7c0-46d85ddcee87 | ITER: 32 END: OK
2019-11-09 17:16:08.214 184 INFO rally.task.runner [-] Task 3deef758-f129-437e-b7c0-46d85ddcee87 | ITER: 51 START
2019-11-09 17:16:08.517 162 INFO rally.task.runner [-] Task 3deef758-f129-437e-b7c0-46d85ddcee87 | ITER: 36 END: OK
2019-11-09 17:16:08.520 162 INFO rally.task.runner [-] Task 3deef758-f129-437e-b7c0-46d85ddcee87 | ITER: 52 START
2019-11-09 17:16:08.561 169 INFO rally.task.runner [-] Task 3deef758-f129-437e-b7c0-46d85ddcee87 | ITER: 27 END: OK
2019-11-09 17:16:08.564 169 INFO rally.task.runner [-] Task 3deef758-f129-437e-b7c0-46d85ddcee87 | ITER: 53 START
2019-11-09 17:16:08.579 187 INFO rally.task.runner [-] Task 3deef758-f129-437e-b7c0-46d85ddcee87 | ITER: 33 END: OK
2019-11-09 17:16:08.583 187 INFO rally.task.runner [-] Task 3deef758-f129-437e-b7c0-46d85ddcee87 | ITER: 54 START
2019-11-09 17:16:08.593 150 INFO rally.task.runner [-] Task 3deef758-f129-437e-b7c0-46d85ddcee87 | ITER: 35 END: OK
2019-11-09 17:16:08.596 150 INFO rally.task.runner [-] Task 3deef758-f129-437e-b7c0-46d85ddcee87 | ITER: 55 START
2019-11-09 17:16:08.621 140 INFO rally.task.runner [-] Task 3deef758-f129-437e-b7c0-46d85ddcee87 | ITER: 34 END: OK
2019-11-09 17:16:08.625 140 INFO rally.task.runner [-] Task 3deef758-f129-437e-b7c0-46d85ddcee87 | ITER: 56 START
2019-11-09 17:16:09.574 180 INFO rally.task.runner [-] Task 3deef758-f129-437e-b7c0-46d85ddcee87 | ITER: 38 END: OK
2019-11-09 17:16:09.577 180 INFO rally.task.runner [-] Task 3deef758-f129-437e-b7c0-46d85ddcee87 | ITER: 57 START
2019-11-09 17:16:10.561 155 INFO rally.task.runner [-] Task 3deef758-f129-437e-b7c0-46d85ddcee87 | ITER: 40 END: OK
2019-11-09 17:16:10.565 155 INFO rally.task.runner [-] Task 3deef758-f129-437e-b7c0-46d85ddcee87 | ITER: 58 START
2019-11-09 17:16:10.963 144 INFO rally.task.runner [-] Task 3deef758-f129-437e-b7c0-46d85ddcee87 | ITER: 45 END: OK
2019-11-09 17:16:10.967 144 INFO rally.task.runner [-] Task 3deef758-f129-437e-b7c0-46d85ddcee87 | ITER: 59 START
2019-11-09 17:16:10.976 142 INFO rally.task.runner [-] Task 3deef758-f129-437e-b7c0-46d85ddcee87 | ITER: 49 END: OK
2019-11-09 17:16:10.979 142 INFO rally.task.runner [-] Task 3deef758-f129-437e-b7c0-46d85ddcee87 | ITER: 60 START
2019-11-09 17:16:11.100 156 INFO rally.task.runner [-] Task 3deef758-f129-437e-b7c0-46d85ddcee87 | ITER: 37 END: OK
2019-11-09 17:16:11.103 156 INFO rally.task.runner [-] Task 3deef758-f129-437e-b7c0-46d85ddcee87 | ITER: 61 START
2019-11-09 17:16:11.105 159 INFO rally.task.runner [-] Task 3deef758-f129-437e-b7c0-46d85ddcee87 | ITER: 39 END: OK
2019-11-09 17:16:11.109 159 INFO rally.task.runner [-] Task 3deef758-f129-437e-b7c0-46d85ddcee87 | ITER: 62 START
2019-11-09 17:16:11.251 181 INFO rally.task.runner [-] Task 3deef758-f129-437e-b7c0-46d85ddcee87 | ITER: 46 END: OK
2019-11-09 17:16:11.255 181 INFO rally.task.runner [-] Task 3deef758-f129-437e-b7c0-46d85ddcee87 | ITER: 63 START
2019-11-09 17:16:11.757 190 INFO rally.task.runner [-] Task 3deef758-f129-437e-b7c0-46d85ddcee87 | ITER: 43 END: OK
2019-11-09 17:16:11.761 190 INFO rally.task.runner [-] Task 3deef758-f129-437e-b7c0-46d85ddcee87 | ITER: 64 START
2019-11-09 17:16:12.206 141 INFO rally.task.runner [-] Task 3deef758-f129-437e-b7c0-46d85ddcee87 | ITER: 42 END: OK
2019-11-09 17:16:12.210 141 INFO rally.task.runner [-] Task 3deef758-f129-437e-b7c0-46d85ddcee87 | ITER: 65 START
2019-11-09 17:16:12.437 172 INFO rally.task.runner [-] Task 3deef758-f129-437e-b7c0-46d85ddcee87 | ITER: 50 END: OK
2019-11-09 17:16:12.441 172 INFO rally.task.runner [-] Task 3deef758-f129-437e-b7c0-46d85ddcee87 | ITER: 66 START
2019-11-09 17:16:12.798 162 INFO rally.task.runner [-] Task 3deef758-f129-437e-b7c0-46d85ddcee87 | ITER: 52 END: OK
2019-11-09 17:16:12.802 162 INFO rally.task.runner [-] Task 3deef758-f129-437e-b7c0-46d85ddcee87 | ITER: 67 START
2019-11-09 17:16:13.036 187 INFO rally.task.runner [-] Task 3deef758-f129-437e-b7c0-46d85ddcee87 | ITER: 54 END: OK
2019-11-09 17:16:13.039 187 INFO rally.task.runner [-] Task 3deef758-f129-437e-b7c0-46d85ddcee87 | ITER: 68 START
2019-11-09 17:16:13.637 140 INFO rally.task.runner [-] Task 3deef758-f129-437e-b7c0-46d85ddcee87 | ITER: 56 END: OK
2019-11-09 17:16:13.641 140 INFO rally.task.runner [-] Task 3deef758-f129-437e-b7c0-46d85ddcee87 | ITER: 69 START
2019-11-09 17:16:13.796 169 INFO rally.task.runner [-] Task 3deef758-f129-437e-b7c0-46d85ddcee87 | ITER: 53 END: OK
2019-11-09 17:16:13.800 169 INFO rally.task.runner [-] Task 3deef758-f129-437e-b7c0-46d85ddcee87 | ITER: 70 START
2019-11-09 17:16:13.804 164 INFO rally.task.runner [-] Task 3deef758-f129-437e-b7c0-46d85ddcee87 | ITER: 44 END: OK
2019-11-09 17:16:13.807 164 INFO rally.task.runner [-] Task 3deef758-f129-437e-b7c0-46d85ddcee87 | ITER: 71 START
2019-11-09 17:16:13.813 166 INFO rally.task.runner [-] Task 3deef758-f129-437e-b7c0-46d85ddcee87 | ITER: 41 END: OK
2019-11-09 17:16:13.817 166 INFO rally.task.runner [-] Task 3deef758-f129-437e-b7c0-46d85ddcee87 | ITER: 72 START
2019-11-09 17:16:13.881 139 INFO rally.task.runner [-] Task 3deef758-f129-437e-b7c0-46d85ddcee87 | ITER: 48 END: OK
2019-11-09 17:16:13.885 139 INFO rally.task.runner [-] Task 3deef758-f129-437e-b7c0-46d85ddcee87 | ITER: 73 START
2019-11-09 17:16:14.394 176 INFO rally.task.runner [-] Task 3deef758-f129-437e-b7c0-46d85ddcee87 | ITER: 47 END: OK
2019-11-09 17:16:14.398 176 INFO rally.task.runner [-] Task 3deef758-f129-437e-b7c0-46d85ddcee87 | ITER: 74 START
2019-11-09 17:16:14.435 150 INFO rally.task.runner [-] Task 3deef758-f129-437e-b7c0-46d85ddcee87 | ITER: 55 END: OK
2019-11-09 17:16:14.439 150 INFO rally.task.runner [-] Task 3deef758-f129-437e-b7c0-46d85ddcee87 | ITER: 75 START
2019-11-09 17:16:14.497 184 INFO rally.task.runner [-] Task 3deef758-f129-437e-b7c0-46d85ddcee87 | ITER: 51 END: OK
2019-11-09 17:16:14.501 184 INFO rally.task.runner [-] Task 3deef758-f129-437e-b7c0-46d85ddcee87 | ITER: 76 START
2019-11-09 17:16:14.804 180 INFO rally.task.runner [-] Task 3deef758-f129-437e-b7c0-46d85ddcee87 | ITER: 57 END: OK
2019-11-09 17:16:14.808 180 INFO rally.task.runner [-] Task 3deef758-f129-437e-b7c0-46d85ddcee87 | ITER: 77 START
2019-11-09 17:16:15.937 181 INFO rally.task.runner [-] Task 3deef758-f129-437e-b7c0-46d85ddcee87 | ITER: 63 END: OK
2019-11-09 17:16:15.940 181 INFO rally.task.runner [-] Task 3deef758-f129-437e-b7c0-46d85ddcee87 | ITER: 78 START
2019-11-09 17:16:16.768 156 INFO rally.task.runner [-] Task 3deef758-f129-437e-b7c0-46d85ddcee87 | ITER: 61 END: OK
2019-11-09 17:16:16.772 156 INFO rally.task.runner [-] Task 3deef758-f129-437e-b7c0-46d85ddcee87 | ITER: 79 START
2019-11-09 17:16:16.772 190 INFO rally.task.runner [-] Task 3deef758-f129-437e-b7c0-46d85ddcee87 | ITER: 64 END: OK
2019-11-09 17:16:16.776 190 INFO rally.task.runner [-] Task 3deef758-f129-437e-b7c0-46d85ddcee87 | ITER: 80 START
2019-11-09 17:16:16.810 155 INFO rally.task.runner [-] Task 3deef758-f129-437e-b7c0-46d85ddcee87 | ITER: 58 END: OK
2019-11-09 17:16:16.814 155 INFO rally.task.runner [-] Task 3deef758-f129-437e-b7c0-46d85ddcee87 | ITER: 81 START
2019-11-09 17:16:16.823 142 INFO rally.task.runner [-] Task 3deef758-f129-437e-b7c0-46d85ddcee87 | ITER: 60 END: OK
2019-11-09 17:16:16.824 144 INFO rally.task.runner [-] Task 3deef758-f129-437e-b7c0-46d85ddcee87 | ITER: 59 END: OK
2019-11-09 17:16:16.827 142 INFO rally.task.runner [-] Task 3deef758-f129-437e-b7c0-46d85ddcee87 | ITER: 82 START
2019-11-09 17:16:16.828 144 INFO rally.task.runner [-] Task 3deef758-f129-437e-b7c0-46d85ddcee87 | ITER: 83 START
2019-11-09 17:16:19.167 164 INFO rally.task.runner [-] Task 3deef758-f129-437e-b7c0-46d85ddcee87 | ITER: 71 END: OK
2019-11-09 17:16:19.171 164 INFO rally.task.runner [-] Task 3deef758-f129-437e-b7c0-46d85ddcee87 | ITER: 84 START
2019-11-09 17:16:19.226 162 INFO rally.task.runner [-] Task 3deef758-f129-437e-b7c0-46d85ddcee87 | ITER: 67 END: OK
2019-11-09 17:16:19.230 162 INFO rally.task.runner [-] Task 3deef758-f129-437e-b7c0-46d85ddcee87 | ITER: 85 START
2019-11-09 17:16:19.233 139 INFO rally.task.runner [-] Task 3deef758-f129-437e-b7c0-46d85ddcee87 | ITER: 73 END: OK
2019-11-09 17:16:19.236 172 INFO rally.task.runner [-] Task 3deef758-f129-437e-b7c0-46d85ddcee87 | ITER: 66 END: OK
2019-11-09 17:16:19.236 139 INFO rally.task.runner [-] Task 3deef758-f129-437e-b7c0-46d85ddcee87 | ITER: 86 START
2019-11-09 17:16:19.239 172 INFO rally.task.runner [-] Task 3deef758-f129-437e-b7c0-46d85ddcee87 | ITER: 87 START
2019-11-09 17:16:19.250 140 INFO rally.task.runner [-] Task 3deef758-f129-437e-b7c0-46d85ddcee87 | ITER: 69 END: OK
2019-11-09 17:16:19.253 140 INFO rally.task.runner [-] Task 3deef758-f129-437e-b7c0-46d85ddcee87 | ITER: 88 START
2019-11-09 17:16:19.259 187 INFO rally.task.runner [-] Task 3deef758-f129-437e-b7c0-46d85ddcee87 | ITER: 68 END: OK
2019-11-09 17:16:19.262 187 INFO rally.task.runner [-] Task 3deef758-f129-437e-b7c0-46d85ddcee87 | ITER: 89 START
2019-11-09 17:16:19.577 159 INFO rally.task.runner [-] Task 3deef758-f129-437e-b7c0-46d85ddcee87 | ITER: 62 END: OK
2019-11-09 17:16:19.581 159 INFO rally.task.runner [-] Task 3deef758-f129-437e-b7c0-46d85ddcee87 | ITER: 90 START
2019-11-09 17:16:19.795 150 INFO rally.task.runner [-] Task 3deef758-f129-437e-b7c0-46d85ddcee87 | ITER: 75 END: OK
2019-11-09 17:16:19.798 141 INFO rally.task.runner [-] Task 3deef758-f129-437e-b7c0-46d85ddcee87 | ITER: 65 END: OK
2019-11-09 17:16:19.799 150 INFO rally.task.runner [-] Task 3deef758-f129-437e-b7c0-46d85ddcee87 | ITER: 91 START
2019-11-09 17:16:19.801 141 INFO rally.task.runner [-] Task 3deef758-f129-437e-b7c0-46d85ddcee87 | ITER: 92 START
2019-11-09 17:16:19.879 176 INFO rally.task.runner [-] Task 3deef758-f129-437e-b7c0-46d85ddcee87 | ITER: 74 END: OK
2019-11-09 17:16:19.883 176 INFO rally.task.runner [-] Task 3deef758-f129-437e-b7c0-46d85ddcee87 | ITER: 93 START
2019-11-09 17:16:19.974 169 INFO rally.task.runner [-] Task 3deef758-f129-437e-b7c0-46d85ddcee87 | ITER: 70 END: OK
2019-11-09 17:16:19.978 169 INFO rally.task.runner [-] Task 3deef758-f129-437e-b7c0-46d85ddcee87 | ITER: 94 START
2019-11-09 17:16:19.996 180 INFO rally.task.runner [-] Task 3deef758-f129-437e-b7c0-46d85ddcee87 | ITER: 77 END: OK
2019-11-09 17:16:20.000 180 INFO rally.task.runner [-] Task 3deef758-f129-437e-b7c0-46d85ddcee87 | ITER: 95 START
2019-11-09 17:16:20.917 156 INFO rally.task.runner [-] Task 3deef758-f129-437e-b7c0-46d85ddcee87 | ITER: 79 END: OK
2019-11-09 17:16:20.920 156 INFO rally.task.runner [-] Task 3deef758-f129-437e-b7c0-46d85ddcee87 | ITER: 96 START
2019-11-09 17:16:21.088 190 INFO rally.task.runner [-] Task 3deef758-f129-437e-b7c0-46d85ddcee87 | ITER: 80 END: OK
2019-11-09 17:16:21.091 190 INFO rally.task.runner [-] Task 3deef758-f129-437e-b7c0-46d85ddcee87 | ITER: 97 START
2019-11-09 17:16:22.049 172 INFO rally.task.runner [-] Task 3deef758-f129-437e-b7c0-46d85ddcee87 | ITER: 87 END: OK
2019-11-09 17:16:22.053 172 INFO rally.task.runner [-] Task 3deef758-f129-437e-b7c0-46d85ddcee87 | ITER: 98 START
2019-11-09 17:16:22.439 184 INFO rally.task.runner [-] Task 3deef758-f129-437e-b7c0-46d85ddcee87 | ITER: 76 END: OK
2019-11-09 17:16:22.443 184 INFO rally.task.runner [-] Task 3deef758-f129-437e-b7c0-46d85ddcee87 | ITER: 99 START
2019-11-09 17:16:22.826 159 INFO rally.task.runner [-] Task 3deef758-f129-437e-b7c0-46d85ddcee87 | ITER: 90 END: OK
2019-11-09 17:16:22.829 159 INFO rally.task.runner [-] Task 3deef758-f129-437e-b7c0-46d85ddcee87 | ITER: 100 START
2019-11-09 17:16:23.362 164 INFO rally.task.runner [-] Task 3deef758-f129-437e-b7c0-46d85ddcee87 | ITER: 84 END: OK
2019-11-09 17:16:24.100 187 INFO rally.task.runner [-] Task 3deef758-f129-437e-b7c0-46d85ddcee87 | ITER: 89 END: OK
2019-11-09 17:16:24.349 176 INFO rally.task.runner [-] Task 3deef758-f129-437e-b7c0-46d85ddcee87 | ITER: 93 END: OK
2019-11-09 17:16:24.539 141 INFO rally.task.runner [-] Task 3deef758-f129-437e-b7c0-46d85ddcee87 | ITER: 92 END: OK
2019-11-09 17:16:24.655 166 INFO rally.task.runner [-] Task 3deef758-f129-437e-b7c0-46d85ddcee87 | ITER: 72 END: OK
2019-11-09 17:16:24.661 142 INFO rally.task.runner [-] Task 3deef758-f129-437e-b7c0-46d85ddcee87 | ITER: 82 END: OK
2019-11-09 17:16:25.033 140 INFO rally.task.runner [-] Task 3deef758-f129-437e-b7c0-46d85ddcee87 | ITER: 88 END: OK
2019-11-09 17:16:26.290 162 INFO rally.task.runner [-] Task 3deef758-f129-437e-b7c0-46d85ddcee87 | ITER: 85 END: OK
2019-11-09 17:16:26.524 190 INFO rally.task.runner [-] Task 3deef758-f129-437e-b7c0-46d85ddcee87 | ITER: 97 END: OK
2019-11-09 17:16:26.539 181 INFO rally.task.runner [-] Task 3deef758-f129-437e-b7c0-46d85ddcee87 | ITER: 78 END: OK
2019-11-09 17:16:26.680 155 INFO rally.task.runner [-] Task 3deef758-f129-437e-b7c0-46d85ddcee87 | ITER: 81 END: OK
2019-11-09 17:16:27.128 139 INFO rally.task.runner [-] Task 3deef758-f129-437e-b7c0-46d85ddcee87 | ITER: 86 END: OK
2019-11-09 17:16:27.608 150 INFO rally.task.runner [-] Task 3deef758-f129-437e-b7c0-46d85ddcee87 | ITER: 91 END: OK
2019-11-09 17:16:27.970 144 INFO rally.task.runner [-] Task 3deef758-f129-437e-b7c0-46d85ddcee87 | ITER: 83 END: OK
2019-11-09 17:16:28.596 180 INFO rally.task.runner [-] Task 3deef758-f129-437e-b7c0-46d85ddcee87 | ITER: 95 END: OK
2019-11-09 17:16:28.961 169 INFO rally.task.runner [-] Task 3deef758-f129-437e-b7c0-46d85ddcee87 | ITER: 94 END: OK
2019-11-09 17:16:29.138 172 INFO rally.task.runner [-] Task 3deef758-f129-437e-b7c0-46d85ddcee87 | ITER: 98 END: OK
2019-11-09 17:16:29.581 159 INFO rally.task.runner [-] Task 3deef758-f129-437e-b7c0-46d85ddcee87 | ITER: 100 END: OK
2019-11-09 17:16:29.765 156 INFO rally.task.runner [-] Task 3deef758-f129-437e-b7c0-46d85ddcee87 | ITER: 96 END: OK
2019-11-09 17:16:29.768 184 INFO rally.task.runner [-] Task 3deef758-f129-437e-b7c0-46d85ddcee87 | ITER: 99 END: OK
2019-11-09 17:16:29.790 15 INFO rally.task.context [-] Task 3deef758-f129-437e-b7c0-46d85ddcee87 | Context cleanup@openstack cleanup() started
2019-11-09 17:16:29.794 15 RALLYDEBUG rally_openstack.cleanup.manager [-] Cleaning up neutron vip objects
2019-11-09 17:16:30.008 15 RALLYDEBUG rally_openstack.cleanup.manager [-] Cleaning up neutron health_monitor objects
2019-11-09 17:16:30.215 15 RALLYDEBUG rally_openstack.cleanup.manager [-] Cleaning up neutron pool objects
2019-11-09 17:16:30.429 15 RALLYDEBUG rally_openstack.cleanup.manager [-] Cleaning up neutron loadbalancer objects
2019-11-09 17:16:30.647 15 RALLYDEBUG rally_openstack.cleanup.manager [-] Cleaning up neutron floatingip objects
2019-11-09 17:16:30.866 15 RALLYDEBUG rally_openstack.cleanup.manager [-] Cleaning up neutron trunk objects
2019-11-09 17:16:31.052 15 DEBUG neutronclient.v2_0.client [-] Error message: {"message": "The resource could not be found.

\n\n\n", "code": "404 Not Found", "title": "Not Found"} _handle_fault_response /usr/lib/python2.7/site-packages/neutronclient/v2_0/client.py:259
2019-11-09 17:16:31.063 15 RALLYDEBUG rally_openstack.cleanup.manager [-] Cleaning up neutron port objects
2019-11-09 17:16:31.311 15 RALLYDEBUG rally_openstack.cleanup.manager [-] Cleaning up neutron subnet objects
2019-11-09 17:16:31.560 15 RALLYDEBUG rally_openstack.cleanup.manager [-] Cleaning up neutron network objects
2019-11-09 17:16:32.234 15 RALLYDEBUG rally_openstack.cleanup.manager [-] Deleting neutron.network object s_rally_b89e6f99_ZkgF3yWm (07a3fcc5-1722-448e-86ca-e34dcf2d3b13)
2019-11-09 17:16:32.232 15 RALLYDEBUG rally_openstack.cleanup.manager [-] Deleting neutron.network object s_rally_b89e6f99_4O9vDWuU (087a809a-2850-48a7-b793-19e242041bff)
2019-11-09 17:16:32.235 15 RALLYDEBUG rally_openstack.cleanup.manager [-] Deleting neutron.network object s_rally_b89e6f99_EwzgUAHL (09a4034b-a418-4768-9258-45e721b8406c)
2019-11-09 17:16:32.236 15 RALLYDEBUG rally_openstack.cleanup.manager [-] Deleting neutron.network object s_rally_b89e6f99_5KWNMvjs (02991c36-0731-4ad8-91f6-f4a2182a1687)
2019-11-09 17:16:32.242 15 RALLYDEBUG rally_openstack.cleanup.manager [-] Deleting neutron.network object s_rally_b89e6f99_mWE0AIPO (042e7dc8-b97f-4cec-b7f7-104653069c39)
2019-11-09 17:16:32.243 15 RALLYDEBUG rally_openstack.cleanup.manager [-] Deleting neutron.network object s_rally_b89e6f99_27my7C32 (11104881-9d59-4475-aee2-4bb67f29e6ba)
2019-11-09 17:16:32.246 15 RALLYDEBUG rally_openstack.cleanup.manager [-] Deleting neutron.network object s_rally_b89e6f99_WHjblWu7 (04c616c3-72f1-4833-853d-9957b4aa101a)
2019-11-09 17:16:32.269 15 RALLYDEBUG rally_openstack.cleanup.manager [-] Deleting neutron.network object s_rally_b89e6f99_oNYxp2Dt (0c5175f8-f8c2-4b28-b9d7-2b28e91abab9)
2019-11-09 17:16:32.267 15 RALLYDEBUG rally_openstack.cleanup.manager [-] Deleting neutron.network object s_rally_b89e6f99_jESlDmkv (0ec9afbc-e569-484b-934a-bb670a2d90b8)
2019-11-09 17:16:32.311 15 RALLYDEBUG rally_openstack.cleanup.manager [-] Deleting neutron.network object s_rally_b89e6f99_00LXYo9p (1554c4ed-269c-4c4f-8a8c-705156aba164)
2019-11-09 17:16:32.315 15 RALLYDEBUG rally_openstack.cleanup.manager [-] Deleting neutron.network object s_rally_b89e6f99_PX7pDFzZ (13b235af-dca9-4536-93eb-360e718168bb)
2019-11-09 17:16:32.325 15 RALLYDEBUG rally_openstack.cleanup.manager [-] Deleting neutron.network object s_rally_b89e6f99_65JTI6O6 (17106b42-b187-4693-b483-2f5481ed164c)
2019-11-09 17:16:32.328 15 RALLYDEBUG rally_openstack.cleanup.manager [-] Deleting neutron.network object s_rally_b89e6f99_7iOykWx3 (1493551f-a131-42af-87fa-daded5d09ec6)
2019-11-09 17:16:32.335 15 RALLYDEBUG rally_openstack.cleanup.manager [-] Deleting neutron.network object s_rally_b89e6f99_GUNwv1wt (162a66df-43dd-44af-a16c-d3e281560a3c)
2019-11-09 17:16:32.364 15 RALLYDEBUG rally_openstack.cleanup.manager [-] Deleting neutron.network object s_rally_b89e6f99_tubuDELv (17d13112-cd2a-4222-b746-d2a5757b10c8)
2019-11-09 17:16:32.367 15 RALLYDEBUG rally_openstack.cleanup.manager [-] Deleting neutron.network object s_rally_b89e6f99_7QOSf5Fe (1a5d5e14-4b59-4880-8fad-8a8e6ae1dc9d)
2019-11-09 17:16:32.369 15 RALLYDEBUG rally_openstack.cleanup.manager [-] Deleting neutron.network object s_rally_b89e6f99_jPDQ8NH5 (1e93e2f8-b7d1-477e-b5dd-ca5f6aa28570)
2019-11-09 17:16:32.379 15 RALLYDEBUG rally_openstack.cleanup.manager [-] Deleting neutron.network object s_rally_b89e6f99_EU5dZcAC (123c2c29-5ff9-4cbb-920e-b8a716ff57c4)
2019-11-09 17:16:32.392 15 RALLYDEBUG rally_openstack.cleanup.manager [-] Deleting neutron.network object s_rally_b89e6f99_2EshLvVv (1fb05ef1-a875-4157-aed2-7b3911a958d0)
2019-11-09 17:16:32.411 15 RALLYDEBUG rally_openstack.cleanup.manager [-] Deleting neutron.network object s_rally_b89e6f99_9bXeSsWa (2225e577-b163-4224-a078-8e341b2616f5)
2019-11-09 17:16:38.397 15 RALLYDEBUG rally_openstack.cleanup.manager [-] Deleting neutron.network object s_rally_b89e6f99_wogC1uoY (231633e6-c587-489a-bb3f-22594340aaf2)
2019-11-09 17:16:38.405 15 RALLYDEBUG rally_openstack.cleanup.manager [-] Deleting neutron.network object s_rally_b89e6f99_XGukW4Ah (26fb6f62-f246-4aa5-bdaf-5b01e0eeea81)
2019-11-09 17:16:38.679 15 RALLYDEBUG rally_openstack.cleanup.manager [-] Deleting neutron.network object s_rally_b89e6f99_HjxNsN0G (2726c584-9357-482f-9666-f09cc2da063b)
2019-11-09 17:16:38.712 15 RALLYDEBUG rally_openstack.cleanup.manager [-] Deleting neutron.network object s_rally_b89e6f99_2gLndlgR (2924dc86-ac54-457f-8e78-3eecac19df34)
2019-11-09 17:16:38.742 15 RALLYDEBUG rally_openstack.cleanup.manager [-] Deleting neutron.network object s_rally_b89e6f99_eaPwK9MN (2a063282-762d-44f6-9ce9-afef5f10bd7a)
2019-11-09 17:16:39.134 15 RALLYDEBUG rally_openstack.cleanup.manager [-] Deleting neutron.network object s_rally_b89e6f99_KcRLx0ig (2a9aaacf-e535-44bb-bf48-f403affc3a2a)
2019-11-09 17:16:39.539 15 RALLYDEBUG rally_openstack.cleanup.manager [-] Deleting neutron.network object s_rally_b89e6f99_4JRaafiR (2b2ed570-4bdd-418d-b236-d56cd9f2aa8d)
2019-11-09 17:16:39.579 15 RALLYDEBUG rally_openstack.cleanup.manager [-] Deleting neutron.network object s_rally_b89e6f99_LUGyI4Bz (2bb66211-c1d0-4727-9f16-0624af396e81)
2019-11-09 17:16:39.583 15 RALLYDEBUG rally_openstack.cleanup.manager [-] Deleting neutron.network object s_rally_b89e6f99_X7Yfq4fn (2f074856-f4a4-42a3-8a76-843d4f198b30)
2019-11-09 17:16:39.587 15 RALLYDEBUG rally_openstack.cleanup.manager [-] Deleting neutron.network object s_rally_b89e6f99_ShArIrhA (2f64100c-62bf-4b2e-a182-4e18b6c8f10a)
2019-11-09 17:16:39.636 15 RALLYDEBUG rally_openstack.cleanup.manager [-] Deleting neutron.network object s_rally_b89e6f99_j9vooTZY (3003256a-79f0-4680-991f-202c5e5e87f1)
2019-11-09 17:16:39.669 15 RALLYDEBUG rally_openstack.cleanup.manager [-] Deleting neutron.network object s_rally_b89e6f99_Sz39bQE8 (3064e1fd-1842-4665-8f45-f6c1f438a901)
2019-11-09 17:16:40.124 15 RALLYDEBUG rally_openstack.cleanup.manager [-] Deleting neutron.network object s_rally_b89e6f99_IPfQodOf (33bc5abd-91be-4318-84fc-b6f3df4a80ab)
2019-11-09 17:16:40.249 15 RALLYDEBUG rally_openstack.cleanup.manager [-] Deleting neutron.network object s_rally_b89e6f99_pxkhLL7D (36d44542-e101-4688-b38f-51e5be9941b7)
2019-11-09 17:16:40.251 15 RALLYDEBUG rally_openstack.cleanup.manager [-] Deleting neutron.network object s_rally_b89e6f99_yMC2ktrk (34c562bb-ef63-4b86-8a3c-e98b42e81f78)
2019-11-09 17:16:40.536 15 RALLYDEBUG rally_openstack.cleanup.manager [-] Deleting neutron.network object s_rally_b89e6f99_ZwjSOlqX (39ec359e-13ea-4780-96ee-5e558bcfcc4a)
2019-11-09 17:16:40.539 15 RALLYDEBUG rally_openstack.cleanup.manager [-] Deleting neutron.network object s_rally_b89e6f99_rDbhI1LA (38e3f6f5-1897-4aed-ba96-d11a83f8dafe)
2019-11-09 17:16:40.640 15 RALLYDEBUG rally_openstack.cleanup.manager [-] Deleting neutron.network object s_rally_b89e6f99_SWA80Bz9 (3bcfc776-ebf7-4e18-a523-00f7213f817c)
2019-11-09 17:16:40.671 15 RALLYDEBUG rally_openstack.cleanup.manager [-] Deleting neutron.network object s_rally_b89e6f99_5jxdspXp (3bf355e8-4d2f-4561-a965-04aa43458d9d)
2019-11-09 17:16:40.751 15 RALLYDEBUG rally_openstack.cleanup.manager [-] Deleting neutron.network object s_rally_b89e6f99_qZQ5S92N (3c5ffe2b-927c-4a4d-88b9-058f42e99a91)
2019-11-09 17:16:41.096 15 RALLYDEBUG rally_openstack.cleanup.manager [-] Deleting neutron.network object s_rally_b89e6f99_zvDqBaze (3cfae65d-e8be-4e72-88be-f7538b18d4de)
2019-11-09 17:16:41.162 15 RALLYDEBUG rally_openstack.cleanup.manager [-] Deleting neutron.network object s_rally_b89e6f99_dfyyqM9k (3d66112b-a5d5-433e-ba69-d2bddc3e0bd5)
2019-11-09 17:16:42.808 15 RALLYDEBUG rally_openstack.cleanup.manager [-] Deleting neutron.network object s_rally_b89e6f99_DBCsIZuD (404b27a1-7ab8-409e-8d34-ba93f81f0e0c)
2019-11-09 17:16:42.900 15 RALLYDEBUG rally_openstack.cleanup.manager [-] Deleting neutron.network object s_rally_b89e6f99_mIupHRWS (460bc1d9-f965-45f5-ba9c-73b9f32797a3)
2019-11-09 17:16:43.490 15 RALLYDEBUG rally_openstack.cleanup.manager [-] Deleting neutron.network object s_rally_b89e6f99_cgO3TUmG (47fff307-4b3c-48be-8d56-577690636630)
2019-11-09 17:16:44.598 15 RALLYDEBUG rally_openstack.cleanup.manager [-] Deleting neutron.network object s_rally_b89e6f99_xJNBq8gB (480dbf85-07f8-407a-9044-9c5c8aeeba28)
2019-11-09 17:16:44.603 15 RALLYDEBUG rally_openstack.cleanup.manager [-] Deleting neutron.network object s_rally_b89e6f99_1ItPXoLP (48ab5bc7-d707-47ad-ab0c-3970ce981306)
2019-11-09 17:16:44.715 15 RALLYDEBUG rally_openstack.cleanup.manager [-] Deleting neutron.network object s_rally_b89e6f99_YGkfmbhf (4cb949bb-0a66-404c-bbd0-ceb2e29ecb75)
2019-11-09 17:16:45.276 15 RALLYDEBUG rally_openstack.cleanup.manager [-] Deleting neutron.network object s_rally_b89e6f99_tLd7bdbZ (5197cd10-4128-420a-8b3b-cbb4dd723a34)
2019-11-09 17:16:47.063 15 RALLYDEBUG rally_openstack.cleanup.manager [-] Deleting neutron.network object s_rally_b89e6f99_r9lzctLr (52ca71fb-5ae4-4108-8c91-1c9675bc87ee)
2019-11-09 17:16:47.339 15 RALLYDEBUG rally_openstack.cleanup.manager [-] Deleting neutron.network object s_rally_b89e6f99_xA6Yogt0 (5bcc610c-dc9f-41ae-ade8-cde7b5b53f7d)
2019-11-09 17:16:47.387 15 RALLYDEBUG rally_openstack.cleanup.manager [-] Deleting neutron.network object s_rally_b89e6f99_WbXo4TSz (604f0bf6-6105-4613-8b9c-1f2e5f790421)
2019-11-09 17:16:47.400 15 RALLYDEBUG rally_openstack.cleanup.manager [-] Deleting neutron.network object s_rally_b89e6f99_srnOA9ju (61f2330b-d68c-4a2d-a36e-a21d2025a931)
2019-11-09 17:16:47.865 15 RALLYDEBUG rally_openstack.cleanup.manager [-] Deleting neutron.network object s_rally_b89e6f99_WYKqTaxj (6669be12-632b-4357-9882-6b3f8f168eac)
2019-11-09 17:16:47.887 15 RALLYDEBUG rally_openstack.cleanup.manager [-] Deleting neutron.network object s_rally_b89e6f99_NveocsLl (6c775601-16fc-4fff-8f9f-20bc8494a329)
2019-11-09 17:16:49.226 15 RALLYDEBUG rally_openstack.cleanup.manager [-] Deleting neutron.network object s_rally_b89e6f99_xvaOuQ5T (708f1b20-8ec2-4212-b772-3d40c6e57698)
2019-11-09 17:16:49.239 15 RALLYDEBUG rally_openstack.cleanup.manager [-] Deleting neutron.network object s_rally_b89e6f99_6MbTuXXe (71fd2ae7-cc0e-4a7c-a1b8-108de3efa99b)
2019-11-09 17:16:49.512 15 RALLYDEBUG rally_openstack.cleanup.manager [-] Deleting neutron.network object s_rally_b89e6f99_8mZMaYJA (7313a583-1d6f-49ea-bc10-f425394a158b)
2019-11-09 17:16:49.578 15 RALLYDEBUG rally_openstack.cleanup.manager [-] Deleting neutron.network object s_rally_b89e6f99_pRfwivpg (7e4ec629-1b61-41b2-9785-5fe3812d5977)
2019-11-09 17:16:50.770 15 RALLYDEBUG rally_openstack.cleanup.manager [-] Deleting neutron.network object s_rally_b89e6f99_mqUj8aLc (817f6c64-9c76-45f9-abba-f688eb524a59)
2019-11-09 17:16:50.778 15 RALLYDEBUG rally_openstack.cleanup.manager [-] Deleting neutron.network object s_rally_b89e6f99_EoCZomJP (818328bb-018a-4df6-b800-22207c8ff23d)
2019-11-09 17:16:50.861 15 RALLYDEBUG rally_openstack.cleanup.manager [-] Deleting neutron.network object s_rally_b89e6f99_T3IzMIhB (81aad065-c535-4143-bfb2-8fe550019ee3)
2019-11-09 17:16:50.865 15 RALLYDEBUG rally_openstack.cleanup.manager [-] Deleting neutron.network object s_rally_b89e6f99_6L7t3JDA (85263882-d8f2-4e5a-8407-975deb8b49d8)
2019-11-09 17:16:50.882 15 RALLYDEBUG rally_openstack.cleanup.manager [-] Deleting neutron.network object s_rally_b89e6f99_R3soUUAB (87b219a2-6ed8-4d65-ab24-13837599a4ce)
2019-11-09 17:16:50.990 15 RALLYDEBUG rally_openstack.cleanup.manager [-] Deleting neutron.network object s_rally_b89e6f99_qbWhetAU (8a5d9f8f-92ea-438e-80ea-0e50b2bb0ba7)
2019-11-09 17:16:51.009 15 RALLYDEBUG rally_openstack.cleanup.manager [-] Deleting neutron.network object s_rally_b89e6f99_SFqVIblj (8ea1cc2e-92da-45db-afb0-d6d5a9cf6eb7)
2019-11-09 17:16:51.969 15 RALLYDEBUG rally_openstack.cleanup.manager [-] Deleting neutron.network object s_rally_b89e6f99_jgnTdPaG (98a1818a-569a-4c96-9e04-a40c6f104d7b)
2019-11-09 17:16:52.016 15 RALLYDEBUG rally_openstack.cleanup.manager [-] Deleting neutron.network object s_rally_b89e6f99_G8Tr8M3R (9b1878b3-a660-49c1-8567-9a2e0d8d3d5f)
2019-11-09 17:16:52.588 15 RALLYDEBUG rally_openstack.cleanup.manager [-] Deleting neutron.network object s_rally_b89e6f99_juhrJQiz (9f898d5d-82c0-40c3-a0ed-244552e0a3dc)
2019-11-09 17:16:52.696 15 RALLYDEBUG rally_openstack.cleanup.manager [-] Deleting neutron.network object s_rally_b89e6f99_awYrAsPb (9f9d8b7a-0974-4e13-a084-21e8903e2139)
2019-11-09 17:16:52.749 15 RALLYDEBUG rally_openstack.cleanup.manager [-] Deleting neutron.network object s_rally_b89e6f99_m6fDMmdY (a44090e3-dc4d-4a2d-b6f8-89ba2873ce1f)
2019-11-09 17:16:52.901 15 RALLYDEBUG rally_openstack.cleanup.manager [-] Deleting neutron.network object s_rally_b89e6f99_AuTC6YFk (a463d52b-cb84-4395-ad57-e876858ae1dd)
2019-11-09 17:16:53.259 15 RALLYDEBUG rally_openstack.cleanup.manager [-] Deleting neutron.network object s_rally_b89e6f99_DaCFMCdt (a6b934f4-07c3-420e-a10d-d6431c63dfc1)
2019-11-09 17:16:53.437 15 RALLYDEBUG rally_openstack.cleanup.manager [-] Deleting neutron.network object s_rally_b89e6f99_9EryHb7q (ab6d337b-6f5d-4140-9c75-e084280ee919)
2019-11-09 17:16:54.262 15 RALLYDEBUG rally_openstack.cleanup.manager [-] Deleting neutron.network object s_rally_b89e6f99_gdYXcjD1 (afb5a8e7-db1a-4070-8b00-80545ffd11df)
2019-11-09 17:16:54.318 15 RALLYDEBUG rally_openstack.cleanup.manager [-] Deleting neutron.network object s_rally_b89e6f99_SRLtQNjR (b28b7f78-1af1-42a7-9444-9cb32dee0052)
2019-11-09 17:16:55.823 15 RALLYDEBUG rally_openstack.cleanup.manager [-] Deleting neutron.network object s_rally_b89e6f99_ULFXC0Vv (b4e90ea2-843a-4b1b-b42d-09307ab8b11b)
2019-11-09 17:16:55.844 15 RALLYDEBUG rally_openstack.cleanup.manager [-] Deleting neutron.network object s_rally_b89e6f99_20uWDHrr (bb9ce67a-b740-4ac1-aec9-da23b34cd02d)
2019-11-09 17:16:55.853 15 RALLYDEBUG rally_openstack.cleanup.manager [-] Deleting neutron.network object s_rally_b89e6f99_x4dVT5e9 (bbde9345-7a37-4bd7-a8bc-965b3a30ba7c)
2019-11-09 17:16:56.327 15 RALLYDEBUG rally_openstack.cleanup.manager [-] Deleting neutron.network object s_rally_b89e6f99_tctCjCf0 (bbf63ac5-4a1c-4ddc-bd25-732a4cff27d9)
