2019-11-09 17:37:18.076 3926 RALLYDEBUG rally.task.runner [-] Starting a worker. concurrency: 1 args: {"max_quota": 1024} times: 40 method_name: run timeout: 0 duration: None cls:
2019-11-09 17:37:18.077 3917 INFO rally.task.runner [-] Task 3deef758-f129-437e-b7c0-46d85ddcee87 | ITER: 9 START
2019-11-09 17:37:18.079 3920 INFO rally.task.runner [-] Task 3deef758-f129-437e-b7c0-46d85ddcee87 | ITER: 10 START
2019-11-09 17:37:18.079 3929 RALLYDEBUG rally.task.runner [-] Starting a worker. concurrency: 1 args: {"max_quota": 1024} times: 40 method_name: run timeout: 0 duration: None cls:
2019-11-09 17:37:18.082 3923 INFO rally.task.runner [-] Task 3deef758-f129-437e-b7c0-46d85ddcee87 | ITER: 11 START
2019-11-09 17:37:18.082 3932 RALLYDEBUG rally.task.runner [-] Starting a worker. concurrency: 1 args: {"max_quota": 1024} times: 40 method_name: run timeout: 0 duration: None cls:
2019-11-09 17:37:18.085 3935 RALLYDEBUG rally.task.runner [-] Starting a worker. concurrency: 1 args: {"max_quota": 1024} times: 40 method_name: run timeout: 0 duration: None cls:
2019-11-09 17:37:18.086 3926 INFO rally.task.runner [-] Task 3deef758-f129-437e-b7c0-46d85ddcee87 | ITER: 12 START
2019-11-09 17:37:18.086 3938 RALLYDEBUG rally.task.runner [-] Starting a worker. concurrency: 1 args: {"max_quota": 1024} times: 40 method_name: run timeout: 0 duration: None cls:
2019-11-09 17:37:18.089 3929 INFO rally.task.runner [-] Task 3deef758-f129-437e-b7c0-46d85ddcee87 | ITER: 13 START
2019-11-09 17:37:18.091 3932 INFO rally.task.runner [-] Task 3deef758-f129-437e-b7c0-46d85ddcee87 | ITER: 14 START
2019-11-09 17:37:18.091 3941 RALLYDEBUG rally.task.runner [-] Starting a worker. concurrency: 1 args: {"max_quota": 1024} times: 40 method_name: run timeout: 0 duration: None cls:
2019-11-09 17:37:18.094 3935 INFO rally.task.runner [-] Task 3deef758-f129-437e-b7c0-46d85ddcee87 | ITER: 15 START
2019-11-09 17:37:18.094 3944 RALLYDEBUG rally.task.runner [-] Starting a worker. concurrency: 1 args: {"max_quota": 1024} times: 40 method_name: run timeout: 0 duration: None cls:
2019-11-09 17:37:18.096 3938 INFO rally.task.runner [-] Task 3deef758-f129-437e-b7c0-46d85ddcee87 | ITER: 16 START
2019-11-09 17:37:18.096 3947 RALLYDEBUG rally.task.runner [-] Starting a worker. concurrency: 1 args: {"max_quota": 1024} times: 40 method_name: run timeout: 0 duration: None cls:
2019-11-09 17:37:18.100 3950 RALLYDEBUG rally.task.runner [-] Starting a worker. concurrency: 1 args: {"max_quota": 1024} times: 40 method_name: run timeout: 0 duration: None cls:
2019-11-09 17:37:18.101 3941 INFO rally.task.runner [-] Task 3deef758-f129-437e-b7c0-46d85ddcee87 | ITER: 17 START
2019-11-09 17:37:18.102 3944 INFO rally.task.runner [-] Task 3deef758-f129-437e-b7c0-46d85ddcee87 | ITER: 18 START
2019-11-09 17:37:18.106 3947 INFO rally.task.runner [-] Task 3deef758-f129-437e-b7c0-46d85ddcee87 | ITER: 19 START
2019-11-09 17:37:18.110 3950 INFO rally.task.runner [-] Task 3deef758-f129-437e-b7c0-46d85ddcee87 | ITER: 20 START
2019-11-09 17:37:18.534 3903 INFO rally.task.runner [-] Task 3deef758-f129-437e-b7c0-46d85ddcee87 | ITER: 1 END: OK
2019-11-09 17:37:18.543 3903 INFO rally.task.runner [-] Task 3deef758-f129-437e-b7c0-46d85ddcee87 | ITER: 21 START
2019-11-09 17:37:18.662 3904 INFO rally.task.runner [-] Task 3deef758-f129-437e-b7c0-46d85ddcee87 | ITER: 2 END: OK
2019-11-09 17:37:18.671 3904 INFO rally.task.runner [-] Task 3deef758-f129-437e-b7c0-46d85ddcee87 | ITER: 22 START
2019-11-09 17:37:18.838 3905 INFO rally.task.runner [-] Task 3deef758-f129-437e-b7c0-46d85ddcee87 | ITER: 3 END: OK
2019-11-09 17:37:18.848 3905 INFO rally.task.runner [-] Task 3deef758-f129-437e-b7c0-46d85ddcee87 | ITER: 23 START
2019-11-09 17:37:19.153 3906 INFO rally.task.runner [-] Task 3deef758-f129-437e-b7c0-46d85ddcee87 | ITER: 4 END: OK
2019-11-09 17:37:19.162 3906 INFO rally.task.runner [-] Task 3deef758-f129-437e-b7c0-46d85ddcee87 | ITER: 24 START
2019-11-09 17:37:19.211 3909 INFO rally.task.runner [-] Task 3deef758-f129-437e-b7c0-46d85ddcee87 | ITER: 6 END: OK
2019-11-09 17:37:19.219 3909 INFO rally.task.runner [-] Task 3deef758-f129-437e-b7c0-46d85ddcee87 | ITER: 25 START
2019-11-09 17:37:19.247 3907 INFO rally.task.runner [-] Task 3deef758-f129-437e-b7c0-46d85ddcee87 | ITER: 5 END: OK
2019-11-09 17:37:19.256 3907 INFO rally.task.runner [-] Task 3deef758-f129-437e-b7c0-46d85ddcee87 | ITER: 26 START
2019-11-09 17:37:19.272 3914 INFO rally.task.runner [-] Task 3deef758-f129-437e-b7c0-46d85ddcee87 | ITER: 8 END: OK
2019-11-09 17:37:19.280 3914 INFO rally.task.runner [-] Task 3deef758-f129-437e-b7c0-46d85ddcee87 | ITER: 27 START
2019-11-09 17:37:19.330 3935 INFO rally.task.runner [-] Task 3deef758-f129-437e-b7c0-46d85ddcee87 | ITER: 15 END: OK
2019-11-09 17:37:19.333 3911 INFO rally.task.runner [-] Task 3deef758-f129-437e-b7c0-46d85ddcee87 | ITER: 7 END: OK
2019-11-09 17:37:19.339 3935 INFO rally.task.runner [-] Task 3deef758-f129-437e-b7c0-46d85ddcee87 | ITER: 28 START
2019-11-09 17:37:19.342 3911 INFO rally.task.runner [-] Task 3deef758-f129-437e-b7c0-46d85ddcee87 | ITER: 29 START
2019-11-09 17:37:19.368 3917 INFO rally.task.runner [-] Task 3deef758-f129-437e-b7c0-46d85ddcee87 | ITER: 9 END: OK
2019-11-09 17:37:19.375 3917 INFO rally.task.runner [-] Task 3deef758-f129-437e-b7c0-46d85ddcee87 | ITER: 30 START
2019-11-09 17:37:19.379 3944 INFO rally.task.runner [-] Task 3deef758-f129-437e-b7c0-46d85ddcee87 | ITER: 18 END: OK
2019-11-09 17:37:19.388 3944 INFO rally.task.runner [-] Task 3deef758-f129-437e-b7c0-46d85ddcee87 | ITER: 31 START
2019-11-09 17:37:19.410 3941 INFO rally.task.runner [-] Task 3deef758-f129-437e-b7c0-46d85ddcee87 | ITER: 17 END: OK
2019-11-09 17:37:19.419 3941 INFO rally.task.runner [-] Task 3deef758-f129-437e-b7c0-46d85ddcee87 | ITER: 32 START
2019-11-09 17:37:19.437 3926 INFO rally.task.runner [-] Task 3deef758-f129-437e-b7c0-46d85ddcee87 | ITER: 12 END: OK
2019-11-09 17:37:19.446 3926 INFO rally.task.runner [-] Task 3deef758-f129-437e-b7c0-46d85ddcee87 | ITER: 33 START
2019-11-09 17:37:19.511 3932 INFO rally.task.runner [-] Task 3deef758-f129-437e-b7c0-46d85ddcee87 | ITER: 14 END: OK
2019-11-09 17:37:19.521 3932 INFO rally.task.runner [-] Task 3deef758-f129-437e-b7c0-46d85ddcee87 | ITER: 34 START
2019-11-09 17:37:19.527 3938 INFO rally.task.runner [-] Task 3deef758-f129-437e-b7c0-46d85ddcee87 | ITER: 16 END: OK
2019-11-09 17:37:19.535 3938 INFO rally.task.runner [-] Task 3deef758-f129-437e-b7c0-46d85ddcee87 | ITER: 35 START
2019-11-09 17:37:19.541 3920 INFO rally.task.runner [-] Task 3deef758-f129-437e-b7c0-46d85ddcee87 | ITER: 10 END: OK
2019-11-09 17:37:19.551 3920 INFO rally.task.runner [-] Task 3deef758-f129-437e-b7c0-46d85ddcee87 | ITER: 36 START
2019-11-09 17:37:19.609 3947 INFO rally.task.runner [-] Task 3deef758-f129-437e-b7c0-46d85ddcee87 | ITER: 19 END: OK
2019-11-09 17:37:19.618 3947 INFO rally.task.runner [-] Task 3deef758-f129-437e-b7c0-46d85ddcee87 | ITER: 37 START
2019-11-09 17:37:19.633 3923 INFO rally.task.runner [-] Task 3deef758-f129-437e-b7c0-46d85ddcee87 | ITER: 11 END: OK
2019-11-09 17:37:19.643 3923 INFO rally.task.runner [-] Task 3deef758-f129-437e-b7c0-46d85ddcee87 | ITER: 38 START
2019-11-09 17:37:19.649 3950 INFO rally.task.runner [-] Task 3deef758-f129-437e-b7c0-46d85ddcee87 | ITER: 20 END: OK
2019-11-09 17:37:19.657 3950 INFO rally.task.runner [-] Task 3deef758-f129-437e-b7c0-46d85ddcee87 | ITER: 39 START
2019-11-09 17:37:19.746 3904 INFO rally.task.runner [-] Task 3deef758-f129-437e-b7c0-46d85ddcee87 | ITER: 22 END: OK
2019-11-09 17:37:19.750 3903 INFO rally.task.runner [-] Task 3deef758-f129-437e-b7c0-46d85ddcee87 | ITER: 21 END: OK
2019-11-09 17:37:19.754 3904 INFO rally.task.runner [-] Task 3deef758-f129-437e-b7c0-46d85ddcee87 | ITER: 40 START
2019-11-09 17:37:19.787 3929 INFO rally.task.runner [-] Task 3deef758-f129-437e-b7c0-46d85ddcee87 | ITER: 13 END: OK
2019-11-09 17:37:19.788 3905 INFO rally.task.runner [-] Task 3deef758-f129-437e-b7c0-46d85ddcee87 | ITER: 23 END: OK
2019-11-09 17:37:20.022 3906 INFO rally.task.runner [-] Task 3deef758-f129-437e-b7c0-46d85ddcee87 | ITER: 24 END: OK
2019-11-09 17:37:20.176 3917 INFO rally.task.runner [-] Task 3deef758-f129-437e-b7c0-46d85ddcee87 | ITER: 30 END: OK
2019-11-09 17:37:20.263 3907 INFO rally.task.runner [-] Task 3deef758-f129-437e-b7c0-46d85ddcee87 | ITER: 26 END: OK
2019-11-09 17:37:20.317 3932 INFO rally.task.runner [-] Task 3deef758-f129-437e-b7c0-46d85ddcee87 | ITER: 34 END: OK
2019-11-09 17:37:20.335 3944 INFO rally.task.runner [-] Task 3deef758-f129-437e-b7c0-46d85ddcee87 | ITER: 31 END: OK
2019-11-09 17:37:20.385 3941 INFO rally.task.runner [-] Task 3deef758-f129-437e-b7c0-46d85ddcee87 | ITER: 32 END: OK
2019-11-09 17:37:20.388 3909 INFO rally.task.runner [-] Task 3deef758-f129-437e-b7c0-46d85ddcee87 | ITER: 25 END: OK
2019-11-09 17:37:20.433 3914 INFO rally.task.runner [-] Task 3deef758-f129-437e-b7c0-46d85ddcee87 | ITER: 27 END: OK
2019-11-09 17:37:20.681 3947 INFO rally.task.runner [-] Task 3deef758-f129-437e-b7c0-46d85ddcee87 | ITER: 37 END: OK
2019-11-09 17:37:20.681 3935 INFO rally.task.runner [-] Task 3deef758-f129-437e-b7c0-46d85ddcee87 | ITER: 28 END: OK
2019-11-09 17:37:20.740 3926 INFO rally.task.runner [-] Task 3deef758-f129-437e-b7c0-46d85ddcee87 | ITER: 33 END: OK
2019-11-09 17:37:20.758 3920 INFO rally.task.runner [-] Task 3deef758-f129-437e-b7c0-46d85ddcee87 | ITER: 36 END: OK
2019-11-09 17:37:20.796 3911 INFO rally.task.runner [-] Task 3deef758-f129-437e-b7c0-46d85ddcee87 | ITER: 29 END: OK
2019-11-09 17:37:20.801 3938 INFO rally.task.runner [-] Task 3deef758-f129-437e-b7c0-46d85ddcee87 | ITER: 35 END: OK
2019-11-09 17:37:20.834 3923 INFO rally.task.runner [-] Task 3deef758-f129-437e-b7c0-46d85ddcee87 | ITER: 38 END: OK
2019-11-09 17:37:20.843 3950 INFO rally.task.runner [-] Task 3deef758-f129-437e-b7c0-46d85ddcee87 | ITER: 39 END: OK
2019-11-09 17:37:20.879 3904 INFO rally.task.runner [-] Task 3deef758-f129-437e-b7c0-46d85ddcee87 | ITER: 40 END: OK
2019-11-09 17:37:20.908 15 INFO rally.task.context [-] Task 3deef758-f129-437e-b7c0-46d85ddcee87 | Context admin_cleanup@openstack cleanup() started
2019-11-09 17:37:20.912 15 RALLYDEBUG rally_openstack.cleanup.manager [-] Cleaning up neutron quota objects
2019-11-09 17:37:21.790 15 INFO rally.task.context [-] Task 3deef758-f129-437e-b7c0-46d85ddcee87 | Context admin_cleanup@openstack cleanup() finished in 0.88 sec
2019-11-09 17:37:21.791 15 INFO rally.task.context [-] Task 3deef758-f129-437e-b7c0-46d85ddcee87 | Context users@openstack cleanup() started
2019-11-09 17:37:41.554 15 INFO rally.task.context [-] Task 3deef758-f129-437e-b7c0-46d85ddcee87 | Context users@openstack cleanup() finished in 19.76 sec
2019-11-09 17:37:42.830 15 INFO rally.task.engine [-] Load duration is: 2.827326
2019-11-09 17:37:42.830 15 INFO rally.task.engine [-] Full runner duration is: 2.883579
2019-11-09 17:37:42.831 15 INFO rally.task.engine [-] Full duration is: 30.96575
2019-11-09 17:37:42.917 15 INFO rally.task.engine [-] Task 3deef758-f129-437e-b7c0-46d85ddcee87 | Completed: Running task.
2019-11-09 17:37:43.963 4063 RALLYDEBUG rally.api [-] INFO logs from urllib3 and requests module are hide.
2019-11-09 17:37:43.963 4063 RALLYDEBUG rally.api [-] urllib3 insecure warnings are hidden.
2019-11-09 17:37:43.963 4063 RALLYDEBUG rally.api [-] ERROR log from boto module is hide.
2019-11-09 17:37:44.749 4064 RALLYDEBUG rally.api [-] INFO logs from urllib3 and requests module are hide.
2019-11-09 17:37:44.749 4064 RALLYDEBUG rally.api [-] urllib3 insecure warnings are hidden.
2019-11-09 17:37:44.749 4064 RALLYDEBUG rally.api [-] ERROR log from boto module is hide.
2019-11-09 17:37:45.691 4065 RALLYDEBUG rally.api [-] INFO logs from urllib3 and requests module are hide.
2019-11-09 17:37:45.691 4065 RALLYDEBUG rally.api [-] urllib3 insecure warnings are hidden.
2019-11-09 17:37:45.691 4065 RALLYDEBUG rally.api [-] ERROR log from boto module is hide.
2019-11-09 17:37:46.928 4065 INFO rally.common.plugin.discover [-] Loading plugins from directories /root/.rally/plugins/*
2019-11-09 17:37:46.928 4065 INFO rally.common.plugin.discover [-] Loaded module with plugins: /root/.rally/plugins/__init__.py
2019-11-09 17:37:46.930 4065 INFO rally.common.plugin.discover [-] Loaded module with plugins: /root/.rally/plugins/trunk_scenario.py
2019-11-09 17:37:47.097 4065 INFO rally.api [-] Building 'json' report for the following task(s): '3deef758-f129-437e-b7c0-46d85ddcee87'.
2019-11-09 17:37:47.202 4065 INFO rally.api [-] The report has been successfully built.
2019-11-09 17:37:48.110 4067 RALLYDEBUG rally.api [-] INFO logs from urllib3 and requests module are hide.
2019-11-09 17:37:48.111 4067 RALLYDEBUG rally.api [-] urllib3 insecure warnings are hidden.
2019-11-09 17:37:48.111 4067 RALLYDEBUG rally.api [-] ERROR log from boto module is hide.
2019-11-09 17:37:49.333 4067 INFO rally.common.plugin.discover [-] Loading plugins from directories /root/.rally/plugins/*
2019-11-09 17:37:49.334 4067 INFO rally.common.plugin.discover [-] Loaded module with plugins: /root/.rally/plugins/__init__.py
2019-11-09 17:37:49.336 4067 INFO rally.common.plugin.discover [-] Loaded module with plugins: /root/.rally/plugins/trunk_scenario.py
2019-11-09 17:37:49.500 4067 INFO rally.api [-] Building 'html' report for the following task(s): '3deef758-f129-437e-b7c0-46d85ddcee87'.
2019-11-09 17:37:49.673 4067 INFO rally.api [-] The report has been successfully built.
2019-11-09 17:37:50.450 4069 RALLYDEBUG rally.api [-] INFO logs from urllib3 and requests module are hide.
2019-11-09 17:37:50.450 4069 RALLYDEBUG rally.api [-] urllib3 insecure warnings are hidden.
2019-11-09 17:37:50.450 4069 RALLYDEBUG rally.api [-] ERROR log from boto module is hide.
2019-11-09 17:37:51.689 4069 INFO rally.common.plugin.discover [-] Loading plugins from directories /root/.rally/plugins/*
2019-11-09 17:37:51.689 4069 INFO rally.common.plugin.discover [-] Loaded module with plugins: /root/.rally/plugins/__init__.py
2019-11-09 17:37:51.691 4069 INFO rally.common.plugin.discover [-] Loaded module with plugins: /root/.rally/plugins/trunk_scenario.py
2019-11-09 17:37:51.865 4069 INFO rally.api [-] Building 'junit-xml' report for the following task(s): '3deef758-f129-437e-b7c0-46d85ddcee87'.
2019-11-09 17:37:51.873 4069 INFO rally.api [-] The report has been successfully built.