2019-11-09 17:25:14.969 15 INFO rally.task.engine [-] Load duration is: 146.148424
2019-11-09 17:25:14.969 15 INFO rally.task.engine [-] Full runner duration is: 146.194152
2019-11-09 17:25:14.969 15 INFO rally.task.engine [-] Full duration is: 307.589812
2019-11-09 17:25:15.084 15 INFO rally.task.engine [-] Running workload: position = 2 config = { "version": 2, "title": "A cropped version of a bigger task.", "description": "Auto-generated task from a single workload (uuid=7e96ae5c-0feb-4b78-85ae-af5e9cb64adf)", "subtasks": [ { "title": "NeutronNetworks.create_and_delete_subnets", "description": "Create and delete a given number of subnets.", "scenario": { "NeutronNetworks.create_and_delete_subnets": { "network_create_args": {}, "subnet_create_args": {}, "subnet_cidr_start": "1.1.0.0/30", "subnets_per_network": 2 } }, "contexts": { "users": { "tenants": 1, "users_per_tenant": 1 }, "quotas": { "neutron": { "network": -1, "subnet": -1 } } }, "runner": { "constant": { "times": 40, "concurrency": 20 } }, "hooks": [], "sla": { "failure_rate": { "max": 0 } } } ] }
2019-11-09 17:25:15.098 15 RALLYDEBUG rally_openstack.contexts.keystone.users [-] Creating 1 tenants using 20 threads
2019-11-09 17:25:15.452 15 RALLYDEBUG rally_openstack.contexts.keystone.users [-] Creating 1 users using 20 threads
2019-11-09 17:25:15.891 15 INFO rally.task.context [-] Task 3deef758-f129-437e-b7c0-46d85ddcee87 | Context users@openstack setup() finished in 0.79 sec
2019-11-09 17:25:16.198 15 INFO rally.task.context [-] Task 3deef758-f129-437e-b7c0-46d85ddcee87 | Context quotas@openstack setup() finished in 0.31 sec
2019-11-09 17:25:16.199 15 INFO rally.task.context [-] Task 3deef758-f129-437e-b7c0-46d85ddcee87 | Context cleanup@openstack setup() finished in 0.00 msec
2019-11-09 17:25:16.208 15 RALLYDEBUG rally.task.runner [-] Starting the constant runner (task UUID: 3deef758-f129-437e-b7c0-46d85ddcee87). timeout: 0 concurrency: 20 concurrency_per_worker: 1 times: 40 concurrency_overhead: 0 processes_to_start: 20 max_cpu_used: 88
2019-11-09 17:25:16.221 2269 RALLYDEBUG rally.task.runner [-] Starting a worker. concurrency: 1 args: {"network_create_args": {}, "subnet_create_args": {}, "subnet_cidr_start": "1.1.0.0/30", "subnets_per_network": 2} times: 40 method_name: run timeout: 0 duration: None cls:
2019-11-09 17:25:16.224 2270 RALLYDEBUG rally.task.runner [-] Starting a worker. concurrency: 1 args: {"network_create_args": {}, "subnet_create_args": {}, "subnet_cidr_start": "1.1.0.0/30", "subnets_per_network": 2} times: 40 method_name: run timeout: 0 duration: None cls:
2019-11-09 17:25:16.225 2271 RALLYDEBUG rally.task.runner [-] Starting a worker. concurrency: 1 args: {"network_create_args": {}, "subnet_create_args": {}, "subnet_cidr_start": "1.1.0.0/30", "subnets_per_network": 2} times: 40 method_name: run timeout: 0 duration: None cls:
2019-11-09 17:25:16.228 2269 INFO rally.task.runner [-] Task 3deef758-f129-437e-b7c0-46d85ddcee87 | ITER: 1 START
2019-11-09 17:25:16.229 2269 WARNING rally_openstack.scenarios.neutron.utils [-] Running this scenario without either the 'network' or 'existing_network' context is deprecated
2019-11-09 17:25:16.229 2272 RALLYDEBUG rally.task.runner [-] Starting a worker. concurrency: 1 args: {"network_create_args": {}, "subnet_create_args": {}, "subnet_cidr_start": "1.1.0.0/30", "subnets_per_network": 2} times: 40 method_name: run timeout: 0 duration: None cls:
2019-11-09 17:25:16.231 2271 INFO rally.task.runner [-] Task 3deef758-f129-437e-b7c0-46d85ddcee87 | ITER: 3 START
2019-11-09 17:25:16.231 2270 INFO rally.task.runner [-] Task 3deef758-f129-437e-b7c0-46d85ddcee87 | ITER: 2 START
2019-11-09 17:25:16.232 2271 WARNING rally_openstack.scenarios.neutron.utils [-] Running this scenario without either the 'network' or 'existing_network' context is deprecated
2019-11-09 17:25:16.232 2270 WARNING rally_openstack.scenarios.neutron.utils [-] Running this scenario without either the 'network' or 'existing_network' context is deprecated
2019-11-09 17:25:16.232 2273 RALLYDEBUG rally.task.runner [-] Starting a worker. concurrency: 1 args: {"network_create_args": {}, "subnet_create_args": {}, "subnet_cidr_start": "1.1.0.0/30", "subnets_per_network": 2} times: 40 method_name: run timeout: 0 duration: None cls:
2019-11-09 17:25:16.234 2276 RALLYDEBUG rally.task.runner [-] Starting a worker. concurrency: 1 args: {"network_create_args": {}, "subnet_create_args": {}, "subnet_cidr_start": "1.1.0.0/30", "subnets_per_network": 2} times: 40 method_name: run timeout: 0 duration: None cls:
2019-11-09 17:25:16.235 2272 INFO rally.task.runner [-] Task 3deef758-f129-437e-b7c0-46d85ddcee87 | ITER: 4 START
2019-11-09 17:25:16.236 2272 WARNING rally_openstack.scenarios.neutron.utils [-] Running this scenario without either the 'network' or 'existing_network' context is deprecated
2019-11-09 17:25:16.238 2281 RALLYDEBUG rally.task.runner [-] Starting a worker. concurrency: 1 args: {"network_create_args": {}, "subnet_create_args": {}, "subnet_cidr_start": "1.1.0.0/30", "subnets_per_network": 2} times: 40 method_name: run timeout: 0 duration: None cls:
2019-11-09 17:25:16.238 2273 INFO rally.task.runner [-] Task 3deef758-f129-437e-b7c0-46d85ddcee87 | ITER: 5 START
2019-11-09 17:25:16.240 2273 WARNING rally_openstack.scenarios.neutron.utils [-] Running this scenario without either the 'network' or 'existing_network' context is deprecated
2019-11-09 17:25:16.241 2276 INFO rally.task.runner [-] Task 3deef758-f129-437e-b7c0-46d85ddcee87 | ITER: 6 START
2019-11-09 17:25:16.240 2282 RALLYDEBUG rally.task.runner [-] Starting a worker. concurrency: 1 args: {"network_create_args": {}, "subnet_create_args": {}, "subnet_cidr_start": "1.1.0.0/30", "subnets_per_network": 2} times: 40 method_name: run timeout: 0 duration: None cls:
2019-11-09 17:25:16.242 2276 WARNING rally_openstack.scenarios.neutron.utils [-] Running this scenario without either the 'network' or 'existing_network' context is deprecated
2019-11-09 17:25:16.243 2285 RALLYDEBUG rally.task.runner [-] Starting a worker. concurrency: 1 args: {"network_create_args": {}, "subnet_create_args": {}, "subnet_cidr_start": "1.1.0.0/30", "subnets_per_network": 2} times: 40 method_name: run timeout: 0 duration: None cls:
2019-11-09 17:25:16.244 2281 INFO rally.task.runner [-] Task 3deef758-f129-437e-b7c0-46d85ddcee87 | ITER: 7 START
2019-11-09 17:25:16.245 2281 WARNING rally_openstack.scenarios.neutron.utils [-] Running this scenario without either the 'network' or 'existing_network' context is deprecated
2019-11-09 17:25:16.246 2282 INFO rally.task.runner [-] Task 3deef758-f129-437e-b7c0-46d85ddcee87 | ITER: 8 START
2019-11-09 17:25:16.246 2288 RALLYDEBUG rally.task.runner [-] Starting a worker. concurrency: 1 args: {"network_create_args": {}, "subnet_create_args": {}, "subnet_cidr_start": "1.1.0.0/30", "subnets_per_network": 2} times: 40 method_name: run timeout: 0 duration: None cls:
2019-11-09 17:25:16.247 2282 WARNING rally_openstack.scenarios.neutron.utils [-] Running this scenario without either the 'network' or 'existing_network' context is deprecated
2019-11-09 17:25:16.248 2291 RALLYDEBUG rally.task.runner [-] Starting a worker. concurrency: 1 args: {"network_create_args": {}, "subnet_create_args": {}, "subnet_cidr_start": "1.1.0.0/30", "subnets_per_network": 2} times: 40 method_name: run timeout: 0 duration: None cls:
2019-11-09 17:25:16.249 2285 INFO rally.task.runner [-] Task 3deef758-f129-437e-b7c0-46d85ddcee87 | ITER: 9 START
2019-11-09 17:25:16.250 2285 WARNING rally_openstack.scenarios.neutron.utils [-] Running this scenario without either the 'network' or 'existing_network' context is deprecated
2019-11-09 17:25:16.251 2288 INFO rally.task.runner [-] Task 3deef758-f129-437e-b7c0-46d85ddcee87 | ITER: 10 START
2019-11-09 17:25:16.251 2294 RALLYDEBUG rally.task.runner [-] Starting a worker. concurrency: 1 args: {"network_create_args": {}, "subnet_create_args": {}, "subnet_cidr_start": "1.1.0.0/30", "subnets_per_network": 2} times: 40 method_name: run timeout: 0 duration: None cls:
2019-11-09 17:25:16.252 2288 WARNING rally_openstack.scenarios.neutron.utils [-] Running this scenario without either the 'network' or 'existing_network' context is deprecated
2019-11-09 17:25:16.254 2291 INFO rally.task.runner [-] Task 3deef758-f129-437e-b7c0-46d85ddcee87 | ITER: 11 START
2019-11-09 17:25:16.254 2297 RALLYDEBUG rally.task.runner [-] Starting a worker. concurrency: 1 args: {"network_create_args": {}, "subnet_create_args": {}, "subnet_cidr_start": "1.1.0.0/30", "subnets_per_network": 2} times: 40 method_name: run timeout: 0 duration: None cls:
2019-11-09 17:25:16.254 2300 RALLYDEBUG rally.task.runner [-] Starting a worker. concurrency: 1 args: {"network_create_args": {}, "subnet_create_args": {}, "subnet_cidr_start": "1.1.0.0/30", "subnets_per_network": 2} times: 40 method_name: run timeout: 0 duration: None cls:
2019-11-09 17:25:16.255 2291 WARNING rally_openstack.scenarios.neutron.utils [-] Running this scenario without either the 'network' or 'existing_network' context is deprecated
2019-11-09 17:25:16.258 2294 INFO rally.task.runner [-] Task 3deef758-f129-437e-b7c0-46d85ddcee87 | ITER: 12 START
2019-11-09 17:25:16.259 2300 INFO rally.task.runner [-] Task 3deef758-f129-437e-b7c0-46d85ddcee87 | ITER: 14 START
2019-11-09 17:25:16.259 2294 WARNING rally_openstack.scenarios.neutron.utils [-] Running this scenario without either the 'network' or 'existing_network' context is deprecated
2019-11-09 17:25:16.260 2297 INFO rally.task.runner [-] Task 3deef758-f129-437e-b7c0-46d85ddcee87 | ITER: 13 START
2019-11-09 17:25:16.260 2300 WARNING rally_openstack.scenarios.neutron.utils [-] Running this scenario without either the 'network' or 'existing_network' context is deprecated
2019-11-09 17:25:16.260 2303 RALLYDEBUG rally.task.runner [-] Starting a worker. concurrency: 1 args: {"network_create_args": {}, "subnet_create_args": {}, "subnet_cidr_start": "1.1.0.0/30", "subnets_per_network": 2} times: 40 method_name: run timeout: 0 duration: None cls:
2019-11-09 17:25:16.260 2297 WARNING rally_openstack.scenarios.neutron.utils [-] Running this scenario without either the 'network' or 'existing_network' context is deprecated
2019-11-09 17:25:16.262 2306 RALLYDEBUG rally.task.runner [-] Starting a worker. concurrency: 1 args: {"network_create_args": {}, "subnet_create_args": {}, "subnet_cidr_start": "1.1.0.0/30", "subnets_per_network": 2} times: 40 method_name: run timeout: 0 duration: None cls:
2019-11-09 17:25:16.265 2309 RALLYDEBUG rally.task.runner [-] Starting a worker. concurrency: 1 args: {"network_create_args": {}, "subnet_create_args": {}, "subnet_cidr_start": "1.1.0.0/30", "subnets_per_network": 2} times: 40 method_name: run timeout: 0 duration: None cls:
2019-11-09 17:25:16.266 2303 INFO rally.task.runner [-] Task 3deef758-f129-437e-b7c0-46d85ddcee87 | ITER: 15 START
2019-11-09 17:25:16.267 2303 WARNING rally_openstack.scenarios.neutron.utils [-] Running this scenario without either the 'network' or 'existing_network' context is deprecated
2019-11-09 17:25:16.268 2306 INFO rally.task.runner [-] Task 3deef758-f129-437e-b7c0-46d85ddcee87 | ITER: 16 START
2019-11-09 17:25:16.268 2306 WARNING rally_openstack.scenarios.neutron.utils [-] Running this scenario without either the 'network' or 'existing_network' context is deprecated
2019-11-09 17:25:16.268 2314 RALLYDEBUG rally.task.runner [-] Starting a worker. concurrency: 1 args: {"network_create_args": {}, "subnet_create_args": {}, "subnet_cidr_start": "1.1.0.0/30", "subnets_per_network": 2} times: 40 method_name: run timeout: 0 duration: None cls:
2019-11-09 17:25:16.269 2315 RALLYDEBUG rally.task.runner [-] Starting a worker. concurrency: 1 args: {"network_create_args": {}, "subnet_create_args": {}, "subnet_cidr_start": "1.1.0.0/30", "subnets_per_network": 2} times: 40 method_name: run timeout: 0 duration: None cls:
2019-11-09 17:25:16.271 2309 INFO rally.task.runner [-] Task 3deef758-f129-437e-b7c0-46d85ddcee87 | ITER: 17 START
2019-11-09 17:25:16.271 2318 RALLYDEBUG rally.task.runner [-] Starting a worker. concurrency: 1 args: {"network_create_args": {}, "subnet_create_args": {}, "subnet_cidr_start": "1.1.0.0/30", "subnets_per_network": 2} times: 40 method_name: run timeout: 0 duration: None cls:
2019-11-09 17:25:16.272 2309 WARNING rally_openstack.scenarios.neutron.utils [-] Running this scenario without either the 'network' or 'existing_network' context is deprecated
2019-11-09 17:25:16.273 2314 INFO rally.task.runner [-] Task 3deef758-f129-437e-b7c0-46d85ddcee87 | ITER: 18 START
2019-11-09 17:25:16.274 2314 WARNING rally_openstack.scenarios.neutron.utils [-] Running this scenario without either the 'network' or 'existing_network' context is deprecated
2019-11-09 17:25:16.274 2315 INFO rally.task.runner [-] Task 3deef758-f129-437e-b7c0-46d85ddcee87 | ITER: 19 START
2019-11-09 17:25:16.275 2315 WARNING rally_openstack.scenarios.neutron.utils [-] Running this scenario without either the 'network' or 'existing_network' context is deprecated
2019-11-09 17:25:16.276 2318 INFO rally.task.runner [-] Task 3deef758-f129-437e-b7c0-46d85ddcee87 | ITER: 20 START
2019-11-09 17:25:16.277 2318 WARNING rally_openstack.scenarios.neutron.utils [-] Running this scenario without either the 'network' or 'existing_network' context is deprecated
2019-11-09 17:25:17.147 2269 RALLYDEBUG rally_openstack.wrappers.network [-] CIDR generated: 1.1.4.96/30
2019-11-09 17:25:17.867 2270 RALLYDEBUG rally_openstack.wrappers.network [-] CIDR generated: 1.1.4.100/30
2019-11-09 17:25:17.928 2276 RALLYDEBUG rally_openstack.wrappers.network [-] CIDR generated: 1.1.4.104/30
2019-11-09 17:25:17.930 2273 RALLYDEBUG rally_openstack.wrappers.network [-] CIDR generated: 1.1.4.108/30
2019-11-09 17:25:18.254 2288 RALLYDEBUG rally_openstack.wrappers.network [-] CIDR generated: 1.1.4.112/30
2019-11-09 17:25:18.881 2271 RALLYDEBUG rally_openstack.wrappers.network [-] CIDR generated: 1.1.4.116/30
2019-11-09 17:25:18.940 2272 RALLYDEBUG rally_openstack.wrappers.network [-] CIDR generated: 1.1.4.120/30
2019-11-09 17:25:19.651 2282 RALLYDEBUG rally_openstack.wrappers.network [-] CIDR generated: 1.1.4.124/30
2019-11-09 17:25:19.667 2285 RALLYDEBUG rally_openstack.wrappers.network [-] CIDR generated: 1.1.4.128/30
2019-11-09 17:25:19.678 2300 RALLYDEBUG rally_openstack.wrappers.network [-] CIDR generated: 1.1.4.132/30
2019-11-09 17:25:19.694 2281 RALLYDEBUG rally_openstack.wrappers.network [-] CIDR generated: 1.1.4.136/30
2019-11-09 17:25:19.701 2294 RALLYDEBUG rally_openstack.wrappers.network [-] CIDR generated: 1.1.4.140/30
2019-11-09 17:25:19.790 2297 RALLYDEBUG rally_openstack.wrappers.network [-] CIDR generated: 1.1.4.144/30
2019-11-09 17:25:19.841 2306 RALLYDEBUG rally_openstack.wrappers.network [-] CIDR generated: 1.1.4.148/30
2019-11-09 17:25:20.164 2318 RALLYDEBUG rally_openstack.wrappers.network [-] CIDR generated: 1.1.4.152/30
2019-11-09 17:25:20.769 2291 RALLYDEBUG rally_openstack.wrappers.network [-] CIDR generated: 1.1.4.156/30
2019-11-09 17:25:21.209 2303 RALLYDEBUG rally_openstack.wrappers.network [-] CIDR generated: 1.1.4.160/30
2019-11-09 17:25:21.270 2314 RALLYDEBUG rally_openstack.wrappers.network [-] CIDR generated: 1.1.4.164/30
2019-11-09 17:25:21.354 2269 RALLYDEBUG rally_openstack.wrappers.network [-] CIDR generated: 1.1.4.168/30
2019-11-09 17:25:21.455 2309 RALLYDEBUG rally_openstack.wrappers.network [-] CIDR generated: 1.1.4.172/30
2019-11-09 17:25:21.477 2315 RALLYDEBUG rally_openstack.wrappers.network [-] CIDR generated: 1.1.4.176/30
2019-11-09 17:25:23.455 2288 RALLYDEBUG rally_openstack.wrappers.network [-] CIDR generated: 1.1.4.180/30
2019-11-09 17:25:24.233 2281 RALLYDEBUG rally_openstack.wrappers.network [-] CIDR generated: 1.1.4.184/30
2019-11-09 17:25:24.262 2297 RALLYDEBUG rally_openstack.wrappers.network [-] CIDR generated: 1.1.4.188/30
2019-11-09 17:25:24.270 2273 RALLYDEBUG rally_openstack.wrappers.network [-] CIDR generated: 1.1.4.192/30
2019-11-09 17:25:24.277 2270 RALLYDEBUG rally_openstack.wrappers.network [-] CIDR generated: 1.1.4.196/30
2019-11-09 17:25:24.534 2318 RALLYDEBUG rally_openstack.wrappers.network [-] CIDR generated: 1.1.4.200/30
2019-11-09 17:25:24.679 2276 RALLYDEBUG rally_openstack.wrappers.network [-] CIDR generated: 1.1.4.204/30
2019-11-09 17:25:24.781 2291 RALLYDEBUG rally_openstack.wrappers.network [-] CIDR generated: 1.1.4.208/30
2019-11-09 17:25:25.047 2314 RALLYDEBUG rally_openstack.wrappers.network [-] CIDR generated: 1.1.4.212/30
2019-11-09 17:25:25.086 2303 RALLYDEBUG rally_openstack.wrappers.network [-] CIDR generated: 1.1.4.216/30
2019-11-09 17:25:25.168 2309 RALLYDEBUG rally_openstack.wrappers.network [-] CIDR generated: 1.1.4.220/30
2019-11-09 17:25:25.209 2315 RALLYDEBUG rally_openstack.wrappers.network [-] CIDR generated: 1.1.4.224/30
2019-11-09 17:25:25.982 2272 RALLYDEBUG rally_openstack.wrappers.network [-] CIDR generated: 1.1.4.228/30
2019-11-09 17:25:26.060 2271 RALLYDEBUG rally_openstack.wrappers.network [-] CIDR generated: 1.1.4.232/30
2019-11-09 17:25:26.798 2285 RALLYDEBUG rally_openstack.wrappers.network [-] CIDR generated: 1.1.4.236/30
2019-11-09 17:25:27.127 2294 RALLYDEBUG rally_openstack.wrappers.network [-] CIDR generated: 1.1.4.240/30
2019-11-09 17:25:27.161 2300 RALLYDEBUG rally_openstack.wrappers.network [-] CIDR generated: 1.1.4.244/30
2019-11-09 17:25:27.204 2306 RALLYDEBUG rally_openstack.wrappers.network [-] CIDR generated: 1.1.4.248/30
2019-11-09 17:25:27.370 2282 RALLYDEBUG rally_openstack.wrappers.network [-] CIDR generated: 1.1.4.252/30
2019-11-09 17:25:38.701 2269 INFO rally.task.runner [-] Task 3deef758-f129-437e-b7c0-46d85ddcee87 | ITER: 1 END: OK
2019-11-09 17:25:38.706 2269 INFO rally.task.runner [-] Task 3deef758-f129-437e-b7c0-46d85ddcee87 | ITER: 21 START
2019-11-09 17:25:38.707 2269 WARNING rally_openstack.scenarios.neutron.utils [-] Running this scenario without either the 'network' or 'existing_network' context is deprecated
2019-11-09 17:25:41.840 2269 RALLYDEBUG rally_openstack.wrappers.network [-] CIDR generated: 1.1.5.0/30
2019-11-09 17:25:42.455 2288 INFO rally.task.runner [-] Task 3deef758-f129-437e-b7c0-46d85ddcee87 | ITER: 10 END: OK
2019-11-09 17:25:42.461 2288 INFO rally.task.runner [-] Task 3deef758-f129-437e-b7c0-46d85ddcee87 | ITER: 22 START
2019-11-09 17:25:42.461 2288 WARNING rally_openstack.scenarios.neutron.utils [-] Running this scenario without either the 'network' or 'existing_network' context is deprecated
2019-11-09 17:25:43.483 2272 INFO rally.task.runner [-] Task 3deef758-f129-437e-b7c0-46d85ddcee87 | ITER: 4 END: OK
2019-11-09 17:25:43.493 2272 INFO rally.task.runner [-] Task 3deef758-f129-437e-b7c0-46d85ddcee87 | ITER: 23 START
2019-11-09 17:25:43.494 2272 WARNING rally_openstack.scenarios.neutron.utils [-] Running this scenario without either the 'network' or 'existing_network' context is deprecated
2019-11-09 17:25:43.892 2315 INFO rally.task.runner [-] Task 3deef758-f129-437e-b7c0-46d85ddcee87 | ITER: 19 END: OK
2019-11-09 17:25:43.899 2315 INFO rally.task.runner [-] Task 3deef758-f129-437e-b7c0-46d85ddcee87 | ITER: 24 START
2019-11-09 17:25:43.900 2315 WARNING rally_openstack.scenarios.neutron.utils [-] Running this scenario without either the 'network' or 'existing_network' context is deprecated
2019-11-09 17:25:43.947 2309 INFO rally.task.runner [-] Task 3deef758-f129-437e-b7c0-46d85ddcee87 | ITER: 17 END: OK
2019-11-09 17:25:43.958 2309 INFO rally.task.runner [-] Task 3deef758-f129-437e-b7c0-46d85ddcee87 | ITER: 25 START
2019-11-09 17:25:43.960 2309 WARNING rally_openstack.scenarios.neutron.utils [-] Running this scenario without either the 'network' or 'existing_network' context is deprecated
2019-11-09 17:25:44.097 2306 INFO rally.task.runner [-] Task 3deef758-f129-437e-b7c0-46d85ddcee87 | ITER: 16 END: OK
2019-11-09 17:25:44.103 2285 INFO rally.task.runner [-] Task 3deef758-f129-437e-b7c0-46d85ddcee87 | ITER: 9 END: OK
2019-11-09 17:25:44.104 2306 INFO rally.task.runner [-] Task 3deef758-f129-437e-b7c0-46d85ddcee87 | ITER: 26 START
2019-11-09 17:25:44.105 2306 WARNING rally_openstack.scenarios.neutron.utils [-] Running this scenario without either the 'network' or 'existing_network' context is deprecated
2019-11-09 17:25:44.112 2285 INFO rally.task.runner [-] Task 3deef758-f129-437e-b7c0-46d85ddcee87 | ITER: 27 START
2019-11-09 17:25:44.113 2285 WARNING rally_openstack.scenarios.neutron.utils [-] Running this scenario without either the 'network' or 'existing_network' context is deprecated
2019-11-09 17:25:44.309 2300 INFO rally.task.runner [-] Task 3deef758-f129-437e-b7c0-46d85ddcee87 | ITER: 14 END: OK
2019-11-09 17:25:44.316 2300 INFO rally.task.runner [-] Task 3deef758-f129-437e-b7c0-46d85ddcee87 | ITER: 28 START
2019-11-09 17:25:44.316 2300 WARNING rally_openstack.scenarios.neutron.utils [-] Running this scenario without either the 'network' or 'existing_network' context is deprecated
2019-11-09 17:25:44.802 2288 RALLYDEBUG rally_openstack.wrappers.network [-] CIDR generated: 1.1.5.4/30
2019-11-09 17:25:45.921 2281 INFO rally.task.runner [-] Task 3deef758-f129-437e-b7c0-46d85ddcee87 | ITER: 7 END: OK
2019-11-09 17:25:45.929 2281 INFO rally.task.runner [-] Task 3deef758-f129-437e-b7c0-46d85ddcee87 | ITER: 29 START
2019-11-09 17:25:45.930 2281 WARNING rally_openstack.scenarios.neutron.utils [-] Running this scenario without either the 'network' or 'existing_network' context is deprecated
2019-11-09 17:25:45.944 2318 INFO rally.task.runner [-] Task 3deef758-f129-437e-b7c0-46d85ddcee87 | ITER: 20 END: OK
2019-11-09 17:25:45.952 2318 INFO rally.task.runner [-] Task 3deef758-f129-437e-b7c0-46d85ddcee87 | ITER: 30 START
2019-11-09 17:25:45.954 2318 WARNING rally_openstack.scenarios.neutron.utils [-] Running this scenario without either the 'network' or 'existing_network' context is deprecated
2019-11-09 17:25:45.960 2297 INFO rally.task.runner [-] Task 3deef758-f129-437e-b7c0-46d85ddcee87 | ITER: 13 END: OK
2019-11-09 17:25:45.967 2297 INFO rally.task.runner [-] Task 3deef758-f129-437e-b7c0-46d85ddcee87 | ITER: 31 START
2019-11-09 17:25:45.968 2297 WARNING rally_openstack.scenarios.neutron.utils [-] Running this scenario without either the 'network' or 'existing_network' context is deprecated
2019-11-09 17:25:46.091 2309 RALLYDEBUG rally_openstack.wrappers.network [-] CIDR generated: 1.1.5.8/30
2019-11-09 17:25:46.286 2272 RALLYDEBUG rally_openstack.wrappers.network [-] CIDR generated: 1.1.5.12/30
2019-11-09 17:25:46.474 2285 RALLYDEBUG rally_openstack.wrappers.network [-] CIDR generated: 1.1.5.16/30
2019-11-09 17:25:46.995 2315 RALLYDEBUG rally_openstack.wrappers.network [-] CIDR generated: 1.1.5.20/30
2019-11-09 17:25:47.553 2306 RALLYDEBUG rally_openstack.wrappers.network [-] CIDR generated: 1.1.5.24/30
2019-11-09 17:25:47.568 2300 RALLYDEBUG rally_openstack.wrappers.network [-] CIDR generated: 1.1.5.28/30
2019-11-09 17:25:47.739 2269 RALLYDEBUG rally_openstack.wrappers.network [-] CIDR generated: 1.1.5.32/30
2019-11-09 17:25:47.923 2270 INFO rally.task.runner [-] Task 3deef758-f129-437e-b7c0-46d85ddcee87 | ITER: 2 END: OK
2019-11-09 17:25:47.932 2270 INFO rally.task.runner [-] Task 3deef758-f129-437e-b7c0-46d85ddcee87 | ITER: 32 START
2019-11-09 17:25:47.933 2270 WARNING rally_openstack.scenarios.neutron.utils [-] Running this scenario without either the 'network' or 'existing_network' context is deprecated
2019-11-09 17:25:48.118 2276 INFO rally.task.runner [-] Task 3deef758-f129-437e-b7c0-46d85ddcee87 | ITER: 6 END: OK
2019-11-09 17:25:48.125 2276 INFO rally.task.runner [-] Task 3deef758-f129-437e-b7c0-46d85ddcee87 | ITER: 33 START
2019-11-09 17:25:48.125 2276 WARNING rally_openstack.scenarios.neutron.utils [-] Running this scenario without either the 'network' or 'existing_network' context is deprecated
2019-11-09 17:25:48.388 2273 INFO rally.task.runner [-] Task 3deef758-f129-437e-b7c0-46d85ddcee87 | ITER: 5 END: OK
2019-11-09 17:25:48.396 2273 INFO rally.task.runner [-] Task 3deef758-f129-437e-b7c0-46d85ddcee87 | ITER: 34 START
2019-11-09 17:25:48.397 2273 WARNING rally_openstack.scenarios.neutron.utils [-] Running this scenario without either the 'network' or 'existing_network' context is deprecated
2019-11-09 17:25:48.832 2314 INFO rally.task.runner [-] Task 3deef758-f129-437e-b7c0-46d85ddcee87 | ITER: 18 END: OK
2019-11-09 17:25:48.841 2314 INFO rally.task.runner [-] Task 3deef758-f129-437e-b7c0-46d85ddcee87 | ITER: 35 START
2019-11-09 17:25:48.842 2314 WARNING rally_openstack.scenarios.neutron.utils [-] Running this scenario without either the 'network' or 'existing_network' context is deprecated
2019-11-09 17:25:48.912 2303 INFO rally.task.runner [-] Task 3deef758-f129-437e-b7c0-46d85ddcee87 | ITER: 15 END: OK
2019-11-09 17:25:48.920 2303 INFO rally.task.runner [-] Task 3deef758-f129-437e-b7c0-46d85ddcee87 | ITER: 36 START
2019-11-09 17:25:48.921 2303 WARNING rally_openstack.scenarios.neutron.utils [-] Running this scenario without either the 'network' or 'existing_network' context is deprecated
2019-11-09 17:25:49.201 2271 INFO rally.task.runner [-] Task 3deef758-f129-437e-b7c0-46d85ddcee87 | ITER: 3 END: OK
2019-11-09 17:25:49.208 2271 INFO rally.task.runner [-] Task 3deef758-f129-437e-b7c0-46d85ddcee87 | ITER: 37 START
2019-11-09 17:25:49.209 2271 WARNING rally_openstack.scenarios.neutron.utils [-] Running this scenario without either the 'network' or 'existing_network' context is deprecated
2019-11-09 17:25:49.285 2318 RALLYDEBUG rally_openstack.wrappers.network [-] CIDR generated: 1.1.5.36/30
2019-11-09 17:25:49.296 2291 INFO rally.task.runner [-] Task 3deef758-f129-437e-b7c0-46d85ddcee87 | ITER: 11 END: OK
2019-11-09 17:25:49.303 2291 INFO rally.task.runner [-] Task 3deef758-f129-437e-b7c0-46d85ddcee87 | ITER: 38 START
2019-11-09 17:25:49.304 2291 WARNING rally_openstack.scenarios.neutron.utils [-] Running this scenario without either the 'network' or 'existing_network' context is deprecated
2019-11-09 17:25:49.310 2282 INFO rally.task.runner [-] Task 3deef758-f129-437e-b7c0-46d85ddcee87 | ITER: 8 END: OK
2019-11-09 17:25:49.320 2282 INFO rally.task.runner [-] Task 3deef758-f129-437e-b7c0-46d85ddcee87 | ITER: 39 START
2019-11-09 17:25:49.321 2282 WARNING rally_openstack.scenarios.neutron.utils [-] Running this scenario without either the 'network' or 'existing_network' context is deprecated
2019-11-09 17:25:49.333 2281 RALLYDEBUG rally_openstack.wrappers.network [-] CIDR generated: 1.1.5.40/30
2019-11-09 17:25:49.412 2297 RALLYDEBUG rally_openstack.wrappers.network [-] CIDR generated: 1.1.5.44/30
2019-11-09 17:25:49.512 2294 INFO rally.task.runner [-] Task 3deef758-f129-437e-b7c0-46d85ddcee87 | ITER: 12 END: OK
2019-11-09 17:25:49.519 2294 INFO rally.task.runner [-] Task 3deef758-f129-437e-b7c0-46d85ddcee87 | ITER: 40 START
2019-11-09 17:25:49.520 2294 WARNING rally_openstack.scenarios.neutron.utils [-] Running this scenario without either the 'network' or 'existing_network' context is deprecated
2019-11-09 17:25:50.623 2288 RALLYDEBUG rally_openstack.wrappers.network [-] CIDR generated: 1.1.5.48/30
2019-11-09 17:25:50.648 2270 RALLYDEBUG rally_openstack.wrappers.network [-] CIDR generated: 1.1.5.52/30
2019-11-09 17:25:51.208 2273 RALLYDEBUG rally_openstack.wrappers.network [-] CIDR generated: 1.1.5.56/30
2019-11-09 17:25:51.413 2309 RALLYDEBUG rally_openstack.wrappers.network [-] CIDR generated: 1.1.5.60/30
2019-11-09 17:25:51.417 2303 RALLYDEBUG rally_openstack.wrappers.network [-] CIDR generated: 1.1.5.64/30
2019-11-09 17:25:51.489 2285 RALLYDEBUG rally_openstack.wrappers.network [-] CIDR generated: 1.1.5.68/30
2019-11-09 17:25:51.643 2276 RALLYDEBUG rally_openstack.wrappers.network [-] CIDR generated: 1.1.5.72/30
2019-11-09 17:25:51.716 2291 RALLYDEBUG rally_openstack.wrappers.network [-] CIDR generated: 1.1.5.76/30
2019-11-09 17:25:51.730 2271 RALLYDEBUG rally_openstack.wrappers.network [-] CIDR generated: 1.1.5.80/30
2019-11-09 17:25:51.803 2294 RALLYDEBUG rally_openstack.wrappers.network [-] CIDR generated: 1.1.5.84/30
2019-11-09 17:25:52.516 2314 RALLYDEBUG rally_openstack.wrappers.network [-] CIDR generated: 1.1.5.88/30
2019-11-09 17:25:52.746 2282 RALLYDEBUG rally_openstack.wrappers.network [-] CIDR generated: 1.1.5.92/30
2019-11-09 17:25:53.056 2318 RALLYDEBUG rally_openstack.wrappers.network [-] CIDR generated: 1.1.5.96/30
2019-11-09 17:25:53.057 2297 RALLYDEBUG rally_openstack.wrappers.network [-] CIDR generated: 1.1.5.100/30
2019-11-09 17:25:53.102 2272 RALLYDEBUG rally_openstack.wrappers.network [-] CIDR generated: 1.1.5.104/30
2019-11-09 17:25:54.231 2270 RALLYDEBUG rally_openstack.wrappers.network [-] CIDR generated: 1.1.5.108/30
2019-11-09 17:25:54.305 2315 RALLYDEBUG rally_openstack.wrappers.network [-] CIDR generated: 1.1.5.112/30
2019-11-09 17:25:54.628 2306 RALLYDEBUG rally_openstack.wrappers.network [-] CIDR generated: 1.1.5.116/30
2019-11-09 17:25:55.107 2276 RALLYDEBUG rally_openstack.wrappers.network [-] CIDR generated: 1.1.5.120/30
2019-11-09 17:25:55.226 2300 RALLYDEBUG rally_openstack.wrappers.network [-] CIDR generated: 1.1.5.124/30
2019-11-09 17:25:56.224 2314 RALLYDEBUG rally_openstack.wrappers.network [-] CIDR generated: 1.1.5.128/30
2019-11-09 17:25:56.257 2282 RALLYDEBUG rally_openstack.wrappers.network [-] CIDR generated: 1.1.5.132/30
2019-11-09 17:25:57.515 2281 RALLYDEBUG rally_openstack.wrappers.network [-] CIDR generated: 1.1.5.136/30
2019-11-09 17:26:00.345 2273 RALLYDEBUG rally_openstack.wrappers.network [-] CIDR generated: 1.1.5.140/30
2019-11-09 17:26:00.448 2303 RALLYDEBUG rally_openstack.wrappers.network [-] CIDR generated: 1.1.5.144/30
2019-11-09 17:26:00.519 2294 RALLYDEBUG rally_openstack.wrappers.network [-] CIDR generated: 1.1.5.148/30
2019-11-09 17:26:00.553 2271 RALLYDEBUG rally_openstack.wrappers.network [-] CIDR generated: 1.1.5.152/30
2019-11-09 17:26:00.931 2291 RALLYDEBUG rally_openstack.wrappers.network [-] CIDR generated: 1.1.5.156/30
2019-11-09 17:26:04.192 2269 INFO rally.task.runner [-] Task 3deef758-f129-437e-b7c0-46d85ddcee87 | ITER: 21 END: OK
2019-11-09 17:26:04.927 2288 INFO rally.task.runner [-] Task 3deef758-f129-437e-b7c0-46d85ddcee87 | ITER: 22 END: OK
2019-11-09 17:26:05.330 2309 INFO rally.task.runner [-] Task 3deef758-f129-437e-b7c0-46d85ddcee87 | ITER: 25 END: OK
2019-11-09 17:26:05.997 2281 INFO rally.task.runner [-] Task 3deef758-f129-437e-b7c0-46d85ddcee87 | ITER: 29 END: OK
2019-11-09 17:26:10.496 2285 INFO rally.task.runner [-] Task 3deef758-f129-437e-b7c0-46d85ddcee87 | ITER: 27 END: OK
2019-11-09 17:26:11.188 2318 INFO rally.task.runner [-] Task 3deef758-f129-437e-b7c0-46d85ddcee87 | ITER: 30 END: OK
2019-11-09 17:26:11.433 2297 INFO rally.task.runner [-] Task 3deef758-f129-437e-b7c0-46d85ddcee87 | ITER: 31 END: OK
2019-11-09 17:26:11.461 2300 INFO rally.task.runner [-] Task 3deef758-f129-437e-b7c0-46d85ddcee87 | ITER: 28 END: OK
2019-11-09 17:26:11.471 2272 INFO rally.task.runner [-] Task 3deef758-f129-437e-b7c0-46d85ddcee87 | ITER: 23 END: OK
2019-11-09 17:26:11.587 2315 INFO rally.task.runner [-] Task 3deef758-f129-437e-b7c0-46d85ddcee87 | ITER: 24 END: OK
2019-11-09 17:26:11.615 2306 INFO rally.task.runner [-] Task 3deef758-f129-437e-b7c0-46d85ddcee87 | ITER: 26 END: OK
2019-11-09 17:26:12.018 2276 INFO rally.task.runner [-] Task 3deef758-f129-437e-b7c0-46d85ddcee87 | ITER: 33 END: OK
2019-11-09 17:26:12.489 2282 INFO rally.task.runner [-] Task 3deef758-f129-437e-b7c0-46d85ddcee87 | ITER: 39 END: OK
2019-11-09 17:26:12.680 2314 INFO rally.task.runner [-] Task 3deef758-f129-437e-b7c0-46d85ddcee87 | ITER: 35 END: OK
2019-11-09 17:26:13.191 2303 INFO rally.task.runner [-] Task 3deef758-f129-437e-b7c0-46d85ddcee87 | ITER: 36 END: OK
2019-11-09 17:26:13.241 2273 INFO rally.task.runner [-] Task 3deef758-f129-437e-b7c0-46d85ddcee87 | ITER: 34 END: OK
2019-11-09 17:26:13.570 2294 INFO rally.task.runner [-] Task 3deef758-f129-437e-b7c0-46d85ddcee87 | ITER: 40 END: OK
2019-11-09 17:26:13.587 2270 INFO rally.task.runner [-] Task 3deef758-f129-437e-b7c0-46d85ddcee87 | ITER: 32 END: OK
2019-11-09 17:26:13.596 2271 INFO rally.task.runner [-] Task 3deef758-f129-437e-b7c0-46d85ddcee87 | ITER: 37 END: OK
2019-11-09 17:26:13.716 2291 INFO rally.task.runner [-] Task 3deef758-f129-437e-b7c0-46d85ddcee87 | ITER: 38 END: OK
2019-11-09 17:26:13.745 15 INFO rally.task.context [-] Task 3deef758-f129-437e-b7c0-46d85ddcee87 | Context cleanup@openstack cleanup() started
2019-11-09 17:26:13.749 15 RALLYDEBUG rally_openstack.cleanup.manager [-] Cleaning up neutron vip objects
2019-11-09 17:26:13.963 15 RALLYDEBUG rally_openstack.cleanup.manager [-] Cleaning up neutron health_monitor objects
2019-11-09 17:26:14.173 15 RALLYDEBUG rally_openstack.cleanup.manager [-] Cleaning up neutron pool objects
2019-11-09 17:26:14.372 15 RALLYDEBUG rally_openstack.cleanup.manager [-] Cleaning up neutron loadbalancer objects
2019-11-09 17:26:14.584 15 RALLYDEBUG rally_openstack.cleanup.manager [-] Cleaning up neutron floatingip objects
2019-11-09 17:26:14.804 15 RALLYDEBUG rally_openstack.cleanup.manager [-] Cleaning up neutron trunk objects
2019-11-09 17:26:15.014 15 DEBUG neutronclient.v2_0.client [-] Error message: {"message": "The resource could not be found.

\n\n\n", "code": "404 Not Found", "title": "Not Found"} _handle_fault_response /usr/lib/python2.7/site-packages/neutronclient/v2_0/client.py:259
2019-11-09 17:26:15.023 15 RALLYDEBUG rally_openstack.cleanup.manager [-] Cleaning up neutron port objects
2019-11-09 17:26:15.412 15 RALLYDEBUG rally_openstack.cleanup.manager [-] Cleaning up neutron subnet objects
2019-11-09 17:26:15.685 15 RALLYDEBUG rally_openstack.cleanup.manager [-] Cleaning up neutron network objects
2019-11-09 17:26:16.253 15 RALLYDEBUG rally_openstack.cleanup.manager [-] Deleting neutron.network object s_rally_7e96ae5c_EkkoYcCk (0af01b5b-9743-4f1e-b0de-ff732608fae6)
2019-11-09 17:26:16.258 15 RALLYDEBUG rally_openstack.cleanup.manager [-] Deleting neutron.network object s_rally_7e96ae5c_S8WIaTev (18b20eed-7f46-4cd5-8773-531991194a46)
2019-11-09 17:26:16.270 15 RALLYDEBUG rally_openstack.cleanup.manager [-] Deleting neutron.network object s_rally_7e96ae5c_lRrDDhYc (18e11c0c-c178-4943-93df-a99e8907557a)
2019-11-09 17:26:16.276 15 RALLYDEBUG rally_openstack.cleanup.manager [-] Deleting neutron.network object s_rally_7e96ae5c_629Kdah6 (1adbe2b0-bd16-49c2-aed6-e5c1e7bb7c91)
2019-11-09 17:26:16.286 15 RALLYDEBUG rally_openstack.cleanup.manager [-] Deleting neutron.network object s_rally_7e96ae5c_U85KLAr2 (1ddfc3a4-6115-4bbc-94ed-44806acc2871)
2019-11-09 17:26:16.301 15 RALLYDEBUG rally_openstack.cleanup.manager [-] Deleting neutron.network object s_rally_7e96ae5c_xKBg0g7r (1cbf2e1c-bdad-4975-8c09-77837c362391)
2019-11-09 17:26:16.301 15 RALLYDEBUG rally_openstack.cleanup.manager [-] Deleting neutron.network object s_rally_7e96ae5c_9Ka7myvl (1fa54048-a4e4-49b7-a272-1f21233aa0d4)
2019-11-09 17:26:16.311 15 RALLYDEBUG rally_openstack.cleanup.manager [-] Deleting neutron.network object s_rally_7e96ae5c_yoQ38h47 (310515ac-baf8-40d5-9343-787e91c1f77c)
2019-11-09 17:26:16.355 15 RALLYDEBUG rally_openstack.cleanup.manager [-] Deleting neutron.network object s_rally_7e96ae5c_LOjn4OrX (318874f3-d1a0-4891-b750-58fcbe794388)
2019-11-09 17:26:16.371 15 RALLYDEBUG rally_openstack.cleanup.manager [-] Deleting neutron.network object s_rally_7e96ae5c_6kTTpUsv (3356eb2d-b18e-4586-a95e-ae391213d22f)
2019-11-09 17:26:16.381 15 RALLYDEBUG rally_openstack.cleanup.manager [-] Deleting neutron.network object s_rally_7e96ae5c_hGRkeAtd (3582402d-a50a-41fb-a285-b979daa17d39)
2019-11-09 17:26:16.403 15 RALLYDEBUG rally_openstack.cleanup.manager [-] Deleting neutron.network object s_rally_7e96ae5c_YpZCe8ha (3857615c-23fc-4103-ad99-b8ef8813e3a5)
2019-11-09 17:26:16.432 15 RALLYDEBUG rally_openstack.cleanup.manager [-] Deleting neutron.network object s_rally_7e96ae5c_BcH4dcwv (56d135e2-013a-4ab6-bd12-5fed5e8569cc)
2019-11-09 17:26:16.449 15 RALLYDEBUG rally_openstack.cleanup.manager [-] Deleting neutron.network object s_rally_7e96ae5c_R7at6TP0 (5381eb92-799b-48d3-897a-1e6579459cd2)
2019-11-09 17:26:16.443 15 RALLYDEBUG rally_openstack.cleanup.manager [-] Deleting neutron.network object s_rally_7e96ae5c_zIDzRrQV (5b5cff24-8af7-442d-8ebc-57b6cc48eb3e)
2019-11-09 17:26:16.440 15 RALLYDEBUG rally_openstack.cleanup.manager [-] Deleting neutron.network object s_rally_7e96ae5c_tkEhDBt8 (5b0cd84c-06df-4d4d-b7c4-26b715e8c7e1)
2019-11-09 17:26:16.448 15 RALLYDEBUG rally_openstack.cleanup.manager [-] Deleting neutron.network object s_rally_7e96ae5c_KUjP9tbC (5cf28b3e-a907-4e33-8a6c-b43f236c9095)
2019-11-09 17:26:16.457 15 RALLYDEBUG rally_openstack.cleanup.manager [-] Deleting neutron.network object s_rally_7e96ae5c_uuAj9bxG (51bb0703-b571-4d01-820b-2399736fd718)
2019-11-09 17:26:16.483 15 RALLYDEBUG rally_openstack.cleanup.manager [-] Deleting neutron.network object s_rally_7e96ae5c_mpDjaT6l (60cb9720-1cf5-46f8-bcba-7655baebdcc3)
2019-11-09 17:26:16.503 15 RALLYDEBUG rally_openstack.cleanup.manager [-] Deleting neutron.network object s_rally_7e96ae5c_oXnuHVU5 (5f2b2049-76e0-4b94-8bcb-fa4b2c468735)
2019-11-09 17:26:20.212 15 RALLYDEBUG rally_openstack.cleanup.manager [-] Deleting neutron.network object s_rally_7e96ae5c_XJbcnMCF (629b7747-429e-4f32-b298-54aa058ad007)
2019-11-09 17:26:21.010 15 RALLYDEBUG rally_openstack.cleanup.manager [-] Deleting neutron.network object s_rally_7e96ae5c_prGd8kG0 (65ea20b5-fe27-483b-a0eb-cfb00c0f8981)
2019-11-09 17:26:21.102 15 RALLYDEBUG rally_openstack.cleanup.manager [-] Deleting neutron.network object s_rally_7e96ae5c_zHg5Sruf (6b3e9cd7-ff61-4236-8d1c-0d3b349bb0a9)
2019-11-09 17:26:21.667 15 RALLYDEBUG rally_openstack.cleanup.manager [-] Deleting neutron.network object s_rally_7e96ae5c_lMwd7JdQ (6ebed490-666b-4dd4-ab97-439e5129144d)
2019-11-09 17:26:21.751 15 RALLYDEBUG rally_openstack.cleanup.manager [-] Deleting neutron.network object s_rally_7e96ae5c_ISf2jAMQ (76a1cee5-1fb9-409f-8772-3f5f9a051643)
2019-11-09 17:26:23.542 15 RALLYDEBUG rally_openstack.cleanup.manager [-] Deleting neutron.network object s_rally_7e96ae5c_BEFziNfJ (7ae1eb51-8ac2-490a-8086-2d4cf394a1aa)
2019-11-09 17:26:24.500 15 RALLYDEBUG rally_openstack.cleanup.manager [-] Deleting neutron.network object s_rally_7e96ae5c_No1hMjX5 (7b005a9a-84e4-41fb-ba6e-9238662cdf8b)
2019-11-09 17:26:24.544 15 RALLYDEBUG rally_openstack.cleanup.manager [-] Deleting neutron.network object s_rally_7e96ae5c_OiCALQsC (8e0f23cf-69d3-4be4-956b-42d84d66c899)
2019-11-09 17:26:24.600 15 RALLYDEBUG rally_openstack.cleanup.manager [-] Deleting neutron.network object s_rally_7e96ae5c_Y9QPOZl7 (90721791-6bbd-4e2c-ae56-d6543b7997dd)
2019-11-09 17:26:24.612 15 RALLYDEBUG rally_openstack.cleanup.manager [-] Deleting neutron.network object s_rally_7e96ae5c_hRTExfYr (9783fd6a-772b-4e51-96a7-89cbd93d2c33)
2019-11-09 17:26:25.083 15 RALLYDEBUG rally_openstack.cleanup.manager [-] Deleting neutron.network object s_rally_7e96ae5c_aJT4zZI1 (97f4e966-f118-42a2-af53-0565a1ab42df)
2019-11-09 17:26:25.097 15 RALLYDEBUG rally_openstack.cleanup.manager [-] Deleting neutron.network object s_rally_7e96ae5c_tN1EhfzC (99161852-efd1-491a-8538-1b35bbbdf7f6)
2019-11-09 17:26:25.101 15 RALLYDEBUG rally_openstack.cleanup.manager [-] Deleting neutron.network object s_rally_7e96ae5c_Lv17YPXB (ae33ca36-f0fc-488f-87f1-92f1903407f2)
2019-11-09 17:26:25.130 15 RALLYDEBUG rally_openstack.cleanup.manager [-] Deleting neutron.network object s_rally_7e96ae5c_Sv9BpvOW (b59b3480-abf5-4800-99f7-aee1759993c5)
2019-11-09 17:26:25.820 15 RALLYDEBUG rally_openstack.cleanup.manager [-] Deleting neutron.network object s_rally_7e96ae5c_z7Eg1H23 (bb858c8b-b56d-41e7-8e0e-4f02b9c48979)
2019-11-09 17:26:25.888 15 RALLYDEBUG rally_openstack.cleanup.manager [-] Deleting neutron.network object s_rally_7e96ae5c_cIbFP1I0 (bffc73f5-efc9-4b89-8b7f-b6dc37fd700e)
2019-11-09 17:26:25.928 15 RALLYDEBUG rally_openstack.cleanup.manager [-] Deleting neutron.network object s_rally_7e96ae5c_RyqtlojC (d3d5fa79-a125-44ec-9bbd-2adc94ac75bf)
2019-11-09 17:26:26.036 15 RALLYDEBUG rally_openstack.cleanup.manager [-] Deleting neutron.network object s_rally_7e96ae5c_x3T6Uf3Z (e7bdbab4-0206-40bb-af87-951fabdb111b)
2019-11-09 17:26:26.275 15 RALLYDEBUG rally_openstack.cleanup.manager [-] Deleting neutron.network object s_rally_7e96ae5c_ffqBkuob (e974d6b1-cb46-4cb9-9770-5c2364005daa)
2019-11-09 17:26:26.336 15 RALLYDEBUG rally_openstack.cleanup.manager [-] Deleting neutron.network object s_rally_7e96ae5c_3Ywrq5B1 (fa781946-3e88-47a9-9312-d52927295abf)
2019-11-09 17:26:34.847 15 RALLYDEBUG rally_openstack.cleanup.manager [-] Cleaning up neutron router objects
2019-11-09 17:26:35.187 15 RALLYDEBUG rally_openstack.cleanup.manager [-] Cleaning up neutron security_group objects
2019-11-09 17:26:35.499 15 INFO rally.task.context [-] Task 3deef758-f129-437e-b7c0-46d85ddcee87 | Context cleanup@openstack cleanup() finished in 21.75 sec
2019-11-09 17:26:35.499 15 INFO rally.task.context [-] Task 3deef758-f129-437e-b7c0-46d85ddcee87 | Context quotas@openstack cleanup() started
2019-11-09 17:26:35.541 15 INFO rally.task.context [-] Task 3deef758-f129-437e-b7c0-46d85ddcee87 | Context quotas@openstack cleanup() finished in 42.26 msec
2019-11-09 17:26:35.542 15 INFO rally.task.context [-] Task 3deef758-f129-437e-b7c0-46d85ddcee87 | Context users@openstack cleanup() started
2019-11-09 17:26:36.950 15 INFO rally.task.context [-] Task 3deef758-f129-437e-b7c0-46d85ddcee87 | Context users@openstack cleanup() finished in 1.41 sec
2019-11-09 17:26:37.415 15 INFO rally.task.engine [-] Load duration is: 57.486712
2019-11-09 17:26:37.416 15 INFO rally.task.engine [-] Full runner duration is: 57.537514
2019-11-09 17:26:37.416 15 INFO rally.task.engine [-] Full duration is: 81.855345
2019-11-09 17:26:37.608 15 INFO rally.task.engine [-] Running workload: position = 0 config = { "version": 2, "title": "A cropped version of a bigger task.", "description": "Auto-generated task from a single workload (uuid=9c341ae7-701f-4162-a1a0-db05aa4610d3)", "subtasks": [ { "title": "NeutronNetworks.create_and_list_routers", "description": "Create and a given number of routers and list all routers.", "scenario": { "NeutronNetworks.create_and_list_routers": { "network_create_args": null, "subnet_create_args": null, "subnet_cidr_start": "1.1.0.0/30", "subnets_per_network": 2, "router_create_args": null } }, "contexts": { "users": { "tenants": 1, "users_per_tenant": 1 }, "quotas": { "neutron": { "network": -1, "subnet": -1, "router": -1 } } }, "runner": { "constant": { "times": 40, "concurrency": 20 } }, "hooks": [], "sla": { "failure_rate": { "max": 0 } } } ] }
2019-11-09 17:26:37.619 15 RALLYDEBUG rally_openstack.contexts.keystone.users [-] Creating 1 tenants using 20 threads
2019-11-09 17:26:37.948 15 RALLYDEBUG rally_openstack.contexts.keystone.users [-] Creating 1 users using 20 threads
2019-11-09 17:26:38.387 15 INFO rally.task.context [-] Task 3deef758-f129-437e-b7c0-46d85ddcee87 | Context users@openstack setup() finished in 0.77 sec
2019-11-09 17:26:38.761 15 INFO rally.task.context [-] Task 3deef758-f129-437e-b7c0-46d85ddcee87 | Context quotas@openstack setup() finished in 0.37 sec
2019-11-09 17:26:38.761 15 INFO rally.task.context [-] Task 3deef758-f129-437e-b7c0-46d85ddcee87 | Context cleanup@openstack setup() finished in 0.01 msec
2019-11-09 17:26:38.769 15 RALLYDEBUG rally.task.runner [-] Starting the constant runner (task UUID: 3deef758-f129-437e-b7c0-46d85ddcee87). timeout: 0 concurrency: 20 concurrency_per_worker: 1 times: 40 concurrency_overhead: 0 processes_to_start: 20 max_cpu_used: 88
2019-11-09 17:26:38.782 2671 RALLYDEBUG rally.task.runner [-] Starting a worker. concurrency: 1 args: {"network_create_args": null, "subnet_create_args": null, "subnet_cidr_start": "1.1.0.0/30", "subnets_per_network": 2, "router_create_args": null} times: 40 method_name: run timeout: 0 duration: None cls:
2019-11-09 17:26:38.785 2672 RALLYDEBUG rally.task.runner [-] Starting a worker. concurrency: 1 args: {"network_create_args": null, "subnet_create_args": null, "subnet_cidr_start": "1.1.0.0/30", "subnets_per_network": 2, "router_create_args": null} times: 40 method_name: run timeout: 0 duration: None cls:
2019-11-09 17:26:38.788 2671 INFO rally.task.runner [-] Task 3deef758-f129-437e-b7c0-46d85ddcee87 | ITER: 1 START
2019-11-09 17:26:38.788 2673 RALLYDEBUG rally.task.runner [-] Starting a worker. concurrency: 1 args: {"network_create_args": null, "subnet_create_args": null, "subnet_cidr_start": "1.1.0.0/30", "subnets_per_network": 2, "router_create_args": null} times: 40 method_name: run timeout: 0 duration: None cls:
2019-11-09 17:26:38.790 2674 RALLYDEBUG rally.task.runner [-] Starting a worker. concurrency: 1 args: {"network_create_args": null, "subnet_create_args": null, "subnet_cidr_start": "1.1.0.0/30", "subnets_per_network": 2, "router_create_args": null} times: 40 method_name: run timeout: 0 duration: None cls:
2019-11-09 17:26:38.792 2672 INFO rally.task.runner [-] Task 3deef758-f129-437e-b7c0-46d85ddcee87 | ITER: 2 START
2019-11-09 17:26:38.794 2673 INFO rally.task.runner [-] Task 3deef758-f129-437e-b7c0-46d85ddcee87 | ITER: 3 START
2019-11-09 17:26:38.793 2675 RALLYDEBUG rally.task.runner [-] Starting a worker. concurrency: 1 args: {"network_create_args": null, "subnet_create_args": null, "subnet_cidr_start": "1.1.0.0/30", "subnets_per_network": 2, "router_create_args": null} times: 40 method_name: run timeout: 0 duration: None cls:
2019-11-09 17:26:38.796 2674 INFO rally.task.runner [-] Task 3deef758-f129-437e-b7c0-46d85ddcee87 | ITER: 4 START
2019-11-09 17:26:38.796 2678 RALLYDEBUG rally.task.runner [-] Starting a worker. concurrency: 1 args: {"network_create_args": null, "subnet_create_args": null, "subnet_cidr_start": "1.1.0.0/30", "subnets_per_network": 2, "router_create_args": null} times: 40 method_name: run timeout: 0 duration: None cls:
2019-11-09 17:26:38.799 2675 INFO rally.task.runner [-] Task 3deef758-f129-437e-b7c0-46d85ddcee87 | ITER: 5 START
2019-11-09 17:26:38.799 2681 RALLYDEBUG rally.task.runner [-] Starting a worker. concurrency: 1 args: {"network_create_args": null, "subnet_create_args": null, "subnet_cidr_start": "1.1.0.0/30", "subnets_per_network": 2, "router_create_args": null} times: 40 method_name: run timeout: 0 duration: None cls:
2019-11-09 17:26:38.801 2684 RALLYDEBUG rally.task.runner [-] Starting a worker. concurrency: 1 args: {"network_create_args": null, "subnet_create_args": null, "subnet_cidr_start": "1.1.0.0/30", "subnets_per_network": 2, "router_create_args": null} times: 40 method_name: run timeout: 0 duration: None cls:
2019-11-09 17:26:38.802 2678 INFO rally.task.runner [-] Task 3deef758-f129-437e-b7c0-46d85ddcee87 | ITER: 6 START
2019-11-09 17:26:38.804 2681 INFO rally.task.runner [-] Task 3deef758-f129-437e-b7c0-46d85ddcee87 | ITER: 7 START
2019-11-09 17:26:38.804 2687 RALLYDEBUG rally.task.runner [-] Starting a worker. concurrency: 1 args: {"network_create_args": null, "subnet_create_args": null, "subnet_cidr_start": "1.1.0.0/30", "subnets_per_network": 2, "router_create_args": null} times: 40 method_name: run timeout: 0 duration: None cls:
2019-11-09 17:26:38.807 2684 INFO rally.task.runner [-] Task 3deef758-f129-437e-b7c0-46d85ddcee87 | ITER: 8 START
2019-11-09 17:26:38.807 2690 RALLYDEBUG rally.task.runner [-] Starting a worker. concurrency: 1 args: {"network_create_args": null, "subnet_create_args": null, "subnet_cidr_start": "1.1.0.0/30", "subnets_per_network": 2, "router_create_args": null} times: 40 method_name: run timeout: 0 duration: None cls:
2019-11-09 17:26:38.810 2687 INFO rally.task.runner [-] Task 3deef758-f129-437e-b7c0-46d85ddcee87 | ITER: 9 START
2019-11-09 17:26:38.810 2693 RALLYDEBUG rally.task.runner [-] Starting a worker. concurrency: 1 args: {"network_create_args": null, "subnet_create_args": null, "subnet_cidr_start": "1.1.0.0/30", "subnets_per_network": 2, "router_create_args": null} times: 40 method_name: run timeout: 0 duration: None cls:
2019-11-09 17:26:38.811 2690 INFO rally.task.runner [-] Task 3deef758-f129-437e-b7c0-46d85ddcee87 | ITER: 10 START
2019-11-09 17:26:38.813 2696 RALLYDEBUG rally.task.runner [-] Starting a worker. concurrency: 1 args: {"network_create_args": null, "subnet_create_args": null, "subnet_cidr_start": "1.1.0.0/30", "subnets_per_network": 2, "router_create_args": null} times: 40 method_name: run timeout: 0 duration: None cls:
2019-11-09 17:26:38.815 2699 RALLYDEBUG rally.task.runner [-] Starting a worker. concurrency: 1 args: {"network_create_args": null, "subnet_create_args": null, "subnet_cidr_start": "1.1.0.0/30", "subnets_per_network": 2, "router_create_args": null} times: 40 method_name: run timeout: 0 duration: None cls:
2019-11-09 17:26:38.815 2693 INFO rally.task.runner [-] Task 3deef758-f129-437e-b7c0-46d85ddcee87 | ITER: 11 START
2019-11-09 17:26:38.819 2696 INFO rally.task.runner [-] Task 3deef758-f129-437e-b7c0-46d85ddcee87 | ITER: 12 START
2019-11-09 17:26:38.819 2704 RALLYDEBUG rally.task.runner [-] Starting a worker. concurrency: 1 args: {"network_create_args": null, "subnet_create_args": null, "subnet_cidr_start": "1.1.0.0/30", "subnets_per_network": 2, "router_create_args": null} times: 40 method_name: run timeout: 0 duration: None cls:
2019-11-09 17:26:38.820 2699 INFO rally.task.runner [-] Task 3deef758-f129-437e-b7c0-46d85ddcee87 | ITER: 13 START
2019-11-09 17:26:38.821 2706 RALLYDEBUG rally.task.runner [-] Starting a worker. concurrency: 1 args: {"network_create_args": null, "subnet_create_args": null, "subnet_cidr_start": "1.1.0.0/30", "subnets_per_network": 2, "router_create_args": null} times: 40 method_name: run timeout: 0 duration: None cls:
2019-11-09 17:26:38.825 2704 INFO rally.task.runner [-] Task 3deef758-f129-437e-b7c0-46d85ddcee87 | ITER: 14 START
