2019-11-09 17:34:20.763 15 RALLYDEBUG rally_openstack.cleanup.manager [-] Deleting neutron.port object s_rally_0ce3a32f_dNCSGO4f (d45914da-47bb-4bcd-bdae-2b4c53023ee9)
2019-11-09 17:34:21.472 15 RALLYDEBUG rally_openstack.cleanup.manager [-] Deleting neutron.port object s_rally_0ce3a32f_44gKENEf (d609f460-9d9d-4be8-8254-d0826319932a)
2019-11-09 17:34:22.317 15 RALLYDEBUG rally_openstack.cleanup.manager [-] Deleting neutron.port object s_rally_0ce3a32f_JsZjzFgW (dcebb387-8af0-4a5d-96e1-c00fbfd944f4)
2019-11-09 17:34:22.457 15 RALLYDEBUG rally_openstack.cleanup.manager [-] Deleting neutron.port object s_rally_0ce3a32f_ijnIXeXl (dd8b7386-1870-4adf-8afb-1be1d95ba290)
2019-11-09 17:34:22.482 15 RALLYDEBUG rally_openstack.cleanup.manager [-] Deleting neutron.port object s_rally_0ce3a32f_XRHzNCHS (de7107c1-ca43-47d8-a7b7-9da40499571a)
2019-11-09 17:34:22.527 15 RALLYDEBUG rally_openstack.cleanup.manager [-] Deleting neutron.port object s_rally_0ce3a32f_Lf0eJitT (dfb615ae-e6a8-48f2-a6bc-9a400f3a2611)
2019-11-09 17:34:22.598 15 RALLYDEBUG rally_openstack.cleanup.manager [-] Deleting neutron.port object s_rally_0ce3a32f_7cbANT2n (e01a3707-ada6-4d1c-a2d5-6847d441846a)
2019-11-09 17:34:23.064 15 RALLYDEBUG rally_openstack.cleanup.manager [-] Deleting neutron.port object s_rally_0ce3a32f_RN1SEt90 (e0f30aff-9f18-44ec-bfc5-9b59190a5e63)
2019-11-09 17:34:23.231 15 RALLYDEBUG rally_openstack.cleanup.manager [-] Deleting neutron.port object s_rally_0ce3a32f_mRk0EmZB (e1f82e75-27bf-4151-b123-dbd6d1e65fa8)
2019-11-09 17:34:23.847 15 RALLYDEBUG rally_openstack.cleanup.manager [-] Deleting neutron.port object s_rally_0ce3a32f_Yu1StBxi (e25d9d06-3c03-4376-94df-15643c54d884)
2019-11-09 17:34:24.093 15 RALLYDEBUG rally_openstack.cleanup.manager [-] Deleting neutron.port object s_rally_0ce3a32f_2x7NY0U6 (e3e3f1cc-56e4-486b-97d0-7135727618cf)
2019-11-09 17:34:24.097 15 RALLYDEBUG rally_openstack.cleanup.manager [-] Deleting neutron.port object s_rally_0ce3a32f_SlHLsARL (e40abf43-6d23-4db7-af0c-d417b12b18b7)
2019-11-09 17:34:25.328 15 RALLYDEBUG rally_openstack.cleanup.manager [-] Deleting neutron.port object s_rally_0ce3a32f_Iu8VHxAn (e43a798b-d4b5-4b60-9182-6a2aa9d4ca07)
2019-11-09 17:34:25.381 15 RALLYDEBUG rally_openstack.cleanup.manager [-] Deleting neutron.port object s_rally_0ce3a32f_fzUTD33z (e47d7f95-6518-4001-a866-bbe2d8f4cc22)
2019-11-09 17:34:26.079 15 RALLYDEBUG rally_openstack.cleanup.manager [-] Deleting neutron.port object s_rally_0ce3a32f_xrUG1r9T (e59e521b-afc6-4d0e-919c-9c62f6932b9c)
2019-11-09 17:34:26.089 15 RALLYDEBUG rally_openstack.cleanup.manager [-] Deleting neutron.port object s_rally_0ce3a32f_JcB5jJlD (eb29019c-6461-4931-ad97-dfd61b912354)
2019-11-09 17:34:26.094 15 RALLYDEBUG rally_openstack.cleanup.manager [-] Deleting neutron.port object s_rally_0ce3a32f_Eov4qXNo (e8b658a6-79d1-4338-82a8-09fea3a4e081)
2019-11-09 17:34:26.236 15 RALLYDEBUG rally_openstack.cleanup.manager [-] Deleting neutron.port object s_rally_0ce3a32f_Y685Zs71 (eb4d5b71-6e71-419f-a349-b0d399931bbd)
2019-11-09 17:34:26.289 15 RALLYDEBUG rally_openstack.cleanup.manager [-] Deleting neutron.port object s_rally_0ce3a32f_LZZjEpKK (ec79e711-0548-4f0f-bce4-1c4ef7f1561f)
2019-11-09 17:34:26.698 15 RALLYDEBUG rally_openstack.cleanup.manager [-] Deleting neutron.port object s_rally_0ce3a32f_oCHkWqN6 (ed911555-592e-411e-909f-2e70b737bf18)
2019-11-09 17:34:26.720 15 RALLYDEBUG rally_openstack.cleanup.manager [-] Deleting neutron.port object s_rally_0ce3a32f_re5J63SP (efe238bc-35ca-49d8-b7cb-8a93610bd060)
2019-11-09 17:34:26.798 15 RALLYDEBUG rally_openstack.cleanup.manager [-] Deleting neutron.port object s_rally_0ce3a32f_Em1TXDGH (eff849c9-3c67-42c1-b7a2-a61c9268c55b)
2019-11-09 17:34:26.978 15 RALLYDEBUG rally_openstack.cleanup.manager [-] Deleting neutron.port object s_rally_0ce3a32f_wRK1A01C (f1810294-9d39-45a8-99e1-9b2bba404962)
2019-11-09 17:34:27.108 15 RALLYDEBUG rally_openstack.cleanup.manager [-] Deleting neutron.port object s_rally_0ce3a32f_rEXON2Rz (f26b4cc4-7aeb-47f4-8901-f6052fe8bc64)
2019-11-09 17:34:27.116 15 RALLYDEBUG rally_openstack.cleanup.manager [-] Deleting neutron.port object s_rally_0ce3a32f_YjduuB6u (f2bd0c67-cb38-4740-802c-a7ffa85a7579)
2019-11-09 17:34:27.124 15 RALLYDEBUG rally_openstack.cleanup.manager [-] Deleting neutron.port object s_rally_0ce3a32f_AgCWU2cB (f554903d-7ff3-4472-b7ed-9bb328432dc9)
2019-11-09 17:34:27.312 15 RALLYDEBUG rally_openstack.cleanup.manager [-] Deleting neutron.port object s_rally_0ce3a32f_GvS1mJjr (f79842b9-41ad-4f26-a3a3-cd8a30947a48)
2019-11-09 17:34:27.594 15 RALLYDEBUG rally_openstack.cleanup.manager [-] Deleting neutron.port object s_rally_0ce3a32f_FFd9COi6 (fb7924d2-ed30-4bc8-9b43-c12ead4c523a)
2019-11-09 17:34:27.843 15 RALLYDEBUG rally_openstack.cleanup.manager [-] Deleting neutron.port object s_rally_0ce3a32f_58YmUaQD (fb7e3af6-69f0-4243-be78-df65a6c991d6)
2019-11-09 17:34:28.331 15 RALLYDEBUG rally_openstack.cleanup.manager [-] Deleting neutron.port object s_rally_0ce3a32f_7A2joPR9 (fed660d9-282d-4661-8947-f2c7db8a2ef6)
2019-11-09 17:34:32.054 15 RALLYDEBUG rally_openstack.cleanup.manager [-] Cleaning up neutron subnet objects
2019-11-09 17:34:32.302 15 RALLYDEBUG rally_openstack.cleanup.manager [-] Cleaning up neutron network objects
2019-11-09 17:34:32.747 15 RALLYDEBUG rally_openstack.cleanup.manager [-] Deleting neutron.network object s_rally_0ce3a32f_GKGEKF7P (0178e4a2-ee7f-4c85-9368-92bfdede0c98)
2019-11-09 17:34:32.756 15 RALLYDEBUG rally_openstack.cleanup.manager [-] Deleting neutron.network object s_rally_0ce3a32f_AJUudoQh (0439a78b-fb1c-4cb8-b486-434d1ff653f4)
2019-11-09 17:34:32.765 15 RALLYDEBUG rally_openstack.cleanup.manager [-] Deleting neutron.network object s_rally_0ce3a32f_u4cMdYrp (07ec11e3-b4bf-4000-8464-9968f9cd78da)
2019-11-09 17:34:32.773 15 RALLYDEBUG rally_openstack.cleanup.manager [-] Deleting neutron.network object s_rally_0ce3a32f_IgCXjzaH (0f9eac91-80f5-4afd-a932-3928de4f4dd5)
2019-11-09 17:34:32.781 15 RALLYDEBUG rally_openstack.cleanup.manager [-] Deleting neutron.network object s_rally_0ce3a32f_jL15jScN (1fe11d0c-dddf-4b4e-8571-2bfc9f2feb93)
2019-11-09 17:34:32.790 15 RALLYDEBUG rally_openstack.cleanup.manager [-] Deleting neutron.network object s_rally_0ce3a32f_dvLu4CeU (284827aa-7cf2-4972-b35a-fd286e7e63d3)
2019-11-09 17:34:32.802 15 RALLYDEBUG rally_openstack.cleanup.manager [-] Deleting neutron.network object s_rally_0ce3a32f_ybeCaWb2 (2f67c4be-dcb0-4aa6-9e7c-552abb4a94af)
2019-11-09 17:34:32.870 15 RALLYDEBUG rally_openstack.cleanup.manager [-] Deleting neutron.network object s_rally_0ce3a32f_5zX4MET0 (378eca34-d1c4-426b-928d-0164ff5981a3)
2019-11-09 17:34:32.876 15 RALLYDEBUG rally_openstack.cleanup.manager [-] Deleting neutron.network object s_rally_0ce3a32f_8l3Zxa1Y (3cbafa13-09e4-4efd-b23c-8d91a73a43c9)
2019-11-09 17:34:32.908 15 RALLYDEBUG rally_openstack.cleanup.manager [-] Deleting neutron.network object s_rally_0ce3a32f_urKIlqQ9 (42901f13-0bee-41c1-887f-d59601366c32)
2019-11-09 17:34:32.916 15 RALLYDEBUG rally_openstack.cleanup.manager [-] Deleting neutron.network object s_rally_0ce3a32f_g8ZMasHa (46711a63-0042-4e7b-a123-369fcfcb4c28)
2019-11-09 17:34:32.920 15 RALLYDEBUG rally_openstack.cleanup.manager [-] Deleting neutron.network object s_rally_0ce3a32f_atxj02eL (49159b3e-228d-432e-8477-fec1ce1949ee)
2019-11-09 17:34:32.914 15 RALLYDEBUG rally_openstack.cleanup.manager [-] Deleting neutron.network object s_rally_0ce3a32f_rcpCCQLl (47133e70-2660-4597-b2c5-c0fde44f3057)
2019-11-09 17:34:32.935 15 RALLYDEBUG rally_openstack.cleanup.manager [-] Deleting neutron.network object s_rally_0ce3a32f_MFUXvHeE (449a4e63-c8e7-4dbd-a785-34615a28a2dd)
2019-11-09 17:34:32.940 15 RALLYDEBUG rally_openstack.cleanup.manager [-] Deleting neutron.network object s_rally_0ce3a32f_9ntqHVRl (4f6b91b3-5608-41d0-a5c4-b9642e3bcd89)
2019-11-09 17:34:32.943 15 RALLYDEBUG rally_openstack.cleanup.manager [-] Deleting neutron.network object s_rally_0ce3a32f_L7FuyCWp (49b6ccaa-11c4-45c1-9852-ef23e3453661)
2019-11-09 17:34:32.986 15 RALLYDEBUG rally_openstack.cleanup.manager [-] Deleting neutron.network object s_rally_0ce3a32f_kCxCf3Mi (547d359a-3f3d-4018-ab90-be1d1293e39b)
2019-11-09 17:34:32.988 15 RALLYDEBUG rally_openstack.cleanup.manager [-] Deleting neutron.network object s_rally_0ce3a32f_t2QkLTB6 (51e5b20d-f6ee-4c0f-97e8-1db80249b312)
2019-11-09 17:34:33.003 15 RALLYDEBUG rally_openstack.cleanup.manager [-] Deleting neutron.network object s_rally_0ce3a32f_B3apWhrT (62b278e6-789e-4992-9632-8c0c1f2b826b)
2019-11-09 17:34:33.018 15 RALLYDEBUG rally_openstack.cleanup.manager [-] Deleting neutron.network object s_rally_0ce3a32f_m0VGMsqD (4e2b01a8-e200-4908-8c87-abb988a159f7)
2019-11-09 17:34:36.018 15 RALLYDEBUG rally_openstack.cleanup.manager [-] Deleting neutron.network object s_rally_0ce3a32f_fOuQft7N (6aca6832-191b-4e54-a0cf-788f05f4be5e)
2019-11-09 17:34:37.189 15 RALLYDEBUG rally_openstack.cleanup.manager [-] Deleting neutron.network object s_rally_0ce3a32f_QPNzXyvO (87673a67-974a-45bc-8183-fff60f8071a3)
2019-11-09 17:34:38.874 15 RALLYDEBUG rally_openstack.cleanup.manager [-] Deleting neutron.network object s_rally_0ce3a32f_R7mYp6Tg (8b55aec4-4c26-41e8-946a-69d34a543653)
2019-11-09 17:34:38.958 15 RALLYDEBUG rally_openstack.cleanup.manager [-] Deleting neutron.network object s_rally_0ce3a32f_MjeovqZC (8b750fac-c3d4-4b68-afd4-653e9e3e0aeb)
2019-11-09 17:34:39.997 15 RALLYDEBUG rally_openstack.cleanup.manager [-] Deleting neutron.network object s_rally_0ce3a32f_BcCxJ1Yd (9a5e143c-2eaa-4974-a417-7606b09c3e01)
2019-11-09 17:34:40.244 15 RALLYDEBUG rally_openstack.cleanup.manager [-] Deleting neutron.network object s_rally_0ce3a32f_mspi0g47 (9a98d01d-bb8e-4fd9-8e52-bf1922c598a6)
2019-11-09 17:34:40.288 15 RALLYDEBUG rally_openstack.cleanup.manager [-] Deleting neutron.network object s_rally_0ce3a32f_mKzrMe7i (b0e7be69-0f20-4f5b-bd33-40a367e9f571)
2019-11-09 17:34:40.336 15 RALLYDEBUG rally_openstack.cleanup.manager [-] Deleting neutron.network object s_rally_0ce3a32f_g138s8NM (b3d9286e-d154-489e-a3f6-8f5652a43480)
2019-11-09 17:34:40.386 15 RALLYDEBUG rally_openstack.cleanup.manager [-] Deleting neutron.network object s_rally_0ce3a32f_jEiPo30f (b95e5468-9af4-41b3-8ec7-067c03bce36d)
2019-11-09 17:34:40.600 15 RALLYDEBUG rally_openstack.cleanup.manager [-] Deleting neutron.network object s_rally_0ce3a32f_4cnS2Olx (c1ea6dfe-d3fb-439d-ae36-fdd9ccb74ac4)
2019-11-09 17:34:40.805 15 RALLYDEBUG rally_openstack.cleanup.manager [-] Deleting neutron.network object s_rally_0ce3a32f_wVCOVFtb (ce7c0107-dddb-4848-8c25-74264b0fcae2)
2019-11-09 17:34:40.851 15 RALLYDEBUG rally_openstack.cleanup.manager [-] Deleting neutron.network object s_rally_0ce3a32f_LZ66Q8qB (cf00ea4d-24ed-4a83-853c-e5549e156a67)
2019-11-09 17:34:41.074 15 RALLYDEBUG rally_openstack.cleanup.manager [-] Deleting neutron.network object s_rally_0ce3a32f_F3x9DV9J (d0de432b-38d2-4fc2-8d52-454691732ce5)
2019-11-09 17:34:41.078 15 RALLYDEBUG rally_openstack.cleanup.manager [-] Deleting neutron.network object s_rally_0ce3a32f_1A9tn2gz (d195fc73-591f-454a-9cf0-d998c96454b1)
2019-11-09 17:34:41.124 15 RALLYDEBUG rally_openstack.cleanup.manager [-] Deleting neutron.network object s_rally_0ce3a32f_LPFsyKet (d4ec734b-b0cf-4030-907e-26e75b38052d)
2019-11-09 17:34:41.156 15 RALLYDEBUG rally_openstack.cleanup.manager [-] Deleting neutron.network object s_rally_0ce3a32f_JwanXD8W (dfd9b36a-3608-4476-86df-b9a751d4537d)
2019-11-09 17:34:41.163 15 RALLYDEBUG rally_openstack.cleanup.manager [-] Deleting neutron.network object s_rally_0ce3a32f_7TxsgPaR (f3ab7001-d4b7-4079-9b3f-3ede6da954d7)
2019-11-09 17:34:41.185 15 RALLYDEBUG rally_openstack.cleanup.manager [-] Deleting neutron.network object s_rally_0ce3a32f_CT9i6JW9 (f4d4ae0c-a1ca-4567-b76a-5ebef5756d12)
2019-11-09 17:34:41.295 15 RALLYDEBUG rally_openstack.cleanup.manager [-] Deleting neutron.network object s_rally_0ce3a32f_wvqlyOdd (f7cfe2db-1932-4b9c-b9dc-51ebfe27670d)
2019-11-09 17:34:41.295 15 RALLYDEBUG rally_openstack.cleanup.manager [-] Deleting neutron.network object s_rally_0ce3a32f_HhJp82Ny (f72e894e-a712-4940-9c20-2a22a8b2f200)
2019-11-09 17:34:47.472 15 RALLYDEBUG rally_openstack.cleanup.manager [-] Cleaning up neutron router objects
2019-11-09 17:34:47.741 15 RALLYDEBUG rally_openstack.cleanup.manager [-] Cleaning up neutron security_group objects
2019-11-09 17:34:48.016 15 INFO rally.task.context [-] Task 3deef758-f129-437e-b7c0-46d85ddcee87 | Context cleanup@openstack cleanup() finished in 1.19 min
2019-11-09 17:34:48.017 15 INFO rally.task.context [-] Task 3deef758-f129-437e-b7c0-46d85ddcee87 | Context quotas@openstack cleanup() started
2019-11-09 17:34:48.062 15 INFO rally.task.context [-] Task 3deef758-f129-437e-b7c0-46d85ddcee87 | Context quotas@openstack cleanup() finished in 45.34 msec
2019-11-09 17:34:48.063 15 INFO rally.task.context [-] Task 3deef758-f129-437e-b7c0-46d85ddcee87 | Context users@openstack cleanup() started
2019-11-09 17:34:49.514 15 INFO rally.task.context [-] Task 3deef758-f129-437e-b7c0-46d85ddcee87 | Context users@openstack cleanup() finished in 1.45 sec
2019-11-09 17:34:49.831 15 INFO rally.task.engine [-] Load duration is: 132.30401
2019-11-09 17:34:49.832 15 INFO rally.task.engine [-] Full runner duration is: 132.359708
2019-11-09 17:34:49.832 15 INFO rally.task.engine [-] Full duration is: 206.503302
2019-11-09 17:34:49.927 15 INFO rally.task.engine [-] Running workload: position = 2 config = { "version": 2, "title": "A cropped version of a bigger task.", "description": "Auto-generated task from a single workload (uuid=99da8000-7744-4035-bb6c-ac2363d8c5b9)", "subtasks": [ { "title": "NeutronNetworks.create_and_delete_ports", "description": "Create and delete a port.", "scenario": { "NeutronNetworks.create_and_delete_ports": { "network_create_args": {}, "port_create_args": {}, "ports_per_network": 5 } }, "contexts": { "users": { "tenants": 1, "users_per_tenant": 1 }, "quotas": { "neutron": { "network": -1, "port": -1 } } }, "runner": { "constant": { "times": 40, "concurrency": 20 } }, "hooks": [], "sla": { "failure_rate": { "max": 0 } } } ] }
2019-11-09 17:34:49.942 15 RALLYDEBUG rally_openstack.contexts.keystone.users [-] Creating 1 tenants using 20 threads
2019-11-09 17:34:50.264 15 RALLYDEBUG rally_openstack.contexts.keystone.users [-] Creating 1 users using 20 threads
2019-11-09 17:34:50.666 15 INFO rally.task.context [-] Task 3deef758-f129-437e-b7c0-46d85ddcee87 | Context users@openstack setup() finished in 0.72 sec
2019-11-09 17:34:51.049 15 INFO rally.task.context [-] Task 3deef758-f129-437e-b7c0-46d85ddcee87 | Context quotas@openstack setup() finished in 0.38 sec
2019-11-09 17:34:51.049 15 INFO rally.task.context [-] Task 3deef758-f129-437e-b7c0-46d85ddcee87 | Context cleanup@openstack setup() finished in 0.01 msec
2019-11-09 17:34:51.059 15 RALLYDEBUG rally.task.runner [-] Starting the constant runner (task UUID: 3deef758-f129-437e-b7c0-46d85ddcee87). timeout: 0 concurrency: 20 concurrency_per_worker: 1 times: 40 concurrency_overhead: 0 processes_to_start: 20 max_cpu_used: 88
2019-11-09 17:34:51.073 3501 RALLYDEBUG rally.task.runner [-] Starting a worker. concurrency: 1 args: {"network_create_args": {}, "port_create_args": {}, "ports_per_network": 5} times: 40 method_name: run timeout: 0 duration: None cls:
2019-11-09 17:34:51.075 3502 RALLYDEBUG rally.task.runner [-] Starting a worker. concurrency: 1 args: {"network_create_args": {}, "port_create_args": {}, "ports_per_network": 5} times: 40 method_name: run timeout: 0 duration: None cls:
2019-11-09 17:34:51.078 3503 RALLYDEBUG rally.task.runner [-] Starting a worker. concurrency: 1 args: {"network_create_args": {}, "port_create_args": {}, "ports_per_network": 5} times: 40 method_name: run timeout: 0 duration: None cls:
2019-11-09 17:34:51.080 3501 INFO rally.task.runner [-] Task 3deef758-f129-437e-b7c0-46d85ddcee87 | ITER: 1 START
2019-11-09 17:34:51.081 3501 WARNING rally_openstack.scenarios.neutron.utils [-] Running this scenario without either the 'network' or 'existing_network' context is deprecated
2019-11-09 17:34:51.081 3504 RALLYDEBUG rally.task.runner [-] Starting a worker. concurrency: 1 args: {"network_create_args": {}, "port_create_args": {}, "ports_per_network": 5} times: 40 method_name: run timeout: 0 duration: None cls:
2019-11-09 17:34:51.081 3502 INFO rally.task.runner [-] Task 3deef758-f129-437e-b7c0-46d85ddcee87 | ITER: 2 START
2019-11-09 17:34:51.083 3502 WARNING rally_openstack.scenarios.neutron.utils [-] Running this scenario without either the 'network' or 'existing_network' context is deprecated
2019-11-09 17:34:51.083 3505 RALLYDEBUG rally.task.runner [-] Starting a worker. concurrency: 1 args: {"network_create_args": {}, "port_create_args": {}, "ports_per_network": 5} times: 40 method_name: run timeout: 0 duration: None cls:
2019-11-09 17:34:51.085 3503 INFO rally.task.runner [-] Task 3deef758-f129-437e-b7c0-46d85ddcee87 | ITER: 3 START
2019-11-09 17:34:51.086 3503 WARNING rally_openstack.scenarios.neutron.utils [-] Running this scenario without either the 'network' or 'existing_network' context is deprecated
2019-11-09 17:34:51.086 3508 RALLYDEBUG rally.task.runner [-] Starting a worker. concurrency: 1 args: {"network_create_args": {}, "port_create_args": {}, "ports_per_network": 5} times: 40 method_name: run timeout: 0 duration: None cls:
2019-11-09 17:34:51.087 3504 INFO rally.task.runner [-] Task 3deef758-f129-437e-b7c0-46d85ddcee87 | ITER: 4 START
2019-11-09 17:34:51.088 3504 WARNING rally_openstack.scenarios.neutron.utils [-] Running this scenario without either the 'network' or 'existing_network' context is deprecated
2019-11-09 17:34:51.089 3511 RALLYDEBUG rally.task.runner [-] Starting a worker. concurrency: 1 args: {"network_create_args": {}, "port_create_args": {}, "ports_per_network": 5} times: 40 method_name: run timeout: 0 duration: None cls:
2019-11-09 17:34:51.089 3505 INFO rally.task.runner [-] Task 3deef758-f129-437e-b7c0-46d85ddcee87 | ITER: 5 START
2019-11-09 17:34:51.091 3505 WARNING rally_openstack.scenarios.neutron.utils [-] Running this scenario without either the 'network' or 'existing_network' context is deprecated
2019-11-09 17:34:51.092 3514 RALLYDEBUG rally.task.runner [-] Starting a worker. concurrency: 1 args: {"network_create_args": {}, "port_create_args": {}, "ports_per_network": 5} times: 40 method_name: run timeout: 0 duration: None cls:
2019-11-09 17:34:51.093 3508 INFO rally.task.runner [-] Task 3deef758-f129-437e-b7c0-46d85ddcee87 | ITER: 6 START
2019-11-09 17:34:51.094 3508 WARNING rally_openstack.scenarios.neutron.utils [-] Running this scenario without either the 'network' or 'existing_network' context is deprecated
2019-11-09 17:34:51.095 3511 INFO rally.task.runner [-] Task 3deef758-f129-437e-b7c0-46d85ddcee87 | ITER: 7 START
2019-11-09 17:34:51.095 3517 RALLYDEBUG rally.task.runner [-] Starting a worker. concurrency: 1 args: {"network_create_args": {}, "port_create_args": {}, "ports_per_network": 5} times: 40 method_name: run timeout: 0 duration: None cls:
2019-11-09 17:34:51.096 3511 WARNING rally_openstack.scenarios.neutron.utils [-] Running this scenario without either the 'network' or 'existing_network' context is deprecated
2019-11-09 17:34:51.097 3520 RALLYDEBUG rally.task.runner [-] Starting a worker. concurrency: 1 args: {"network_create_args": {}, "port_create_args": {}, "ports_per_network": 5} times: 40 method_name: run timeout: 0 duration: None cls:
2019-11-09 17:34:51.098 3514 INFO rally.task.runner [-] Task 3deef758-f129-437e-b7c0-46d85ddcee87 | ITER: 8 START
2019-11-09 17:34:51.100 3514 WARNING rally_openstack.scenarios.neutron.utils [-] Running this scenario without either the 'network' or 'existing_network' context is deprecated
2019-11-09 17:34:51.100 3523 RALLYDEBUG rally.task.runner [-] Starting a worker. concurrency: 1 args: {"network_create_args": {}, "port_create_args": {}, "ports_per_network": 5} times: 40 method_name: run timeout: 0 duration: None cls:
2019-11-09 17:34:51.101 3517 INFO rally.task.runner [-] Task 3deef758-f129-437e-b7c0-46d85ddcee87 | ITER: 9 START
2019-11-09 17:34:51.102 3517 WARNING rally_openstack.scenarios.neutron.utils [-] Running this scenario without either the 'network' or 'existing_network' context is deprecated
2019-11-09 17:34:51.103 3526 RALLYDEBUG rally.task.runner [-] Starting a worker. concurrency: 1 args: {"network_create_args": {}, "port_create_args": {}, "ports_per_network": 5} times: 40 method_name: run timeout: 0 duration: None cls:
2019-11-09 17:34:51.103 3520 INFO rally.task.runner [-] Task 3deef758-f129-437e-b7c0-46d85ddcee87 | ITER: 10 START
2019-11-09 17:34:51.105 3520 WARNING rally_openstack.scenarios.neutron.utils [-] Running this scenario without either the 'network' or 'existing_network' context is deprecated
2019-11-09 17:34:51.106 3523 INFO rally.task.runner [-] Task 3deef758-f129-437e-b7c0-46d85ddcee87 | ITER: 11 START
2019-11-09 17:34:51.106 3529 RALLYDEBUG rally.task.runner [-] Starting a worker. concurrency: 1 args: {"network_create_args": {}, "port_create_args": {}, "ports_per_network": 5} times: 40 method_name: run timeout: 0 duration: None cls:
2019-11-09 17:34:51.107 3523 WARNING rally_openstack.scenarios.neutron.utils [-] Running this scenario without either the 'network' or 'existing_network' context is deprecated
2019-11-09 17:34:51.109 3526 INFO rally.task.runner [-] Task 3deef758-f129-437e-b7c0-46d85ddcee87 | ITER: 12 START
2019-11-09 17:34:51.108 3532 RALLYDEBUG rally.task.runner [-] Starting a worker. concurrency: 1 args: {"network_create_args": {}, "port_create_args": {}, "ports_per_network": 5} times: 40 method_name: run timeout: 0 duration: None cls:
2019-11-09 17:34:51.108 3535 RALLYDEBUG rally.task.runner [-] Starting a worker. concurrency: 1 args: {"network_create_args": {}, "port_create_args": {}, "ports_per_network": 5} times: 40 method_name: run timeout: 0 duration: None cls:
2019-11-09 17:34:51.110 3526 WARNING rally_openstack.scenarios.neutron.utils [-] Running this scenario without either the 'network' or 'existing_network' context is deprecated
2019-11-09 17:34:51.112 3529 INFO rally.task.runner [-] Task 3deef758-f129-437e-b7c0-46d85ddcee87 | ITER: 13 START
2019-11-09 17:34:51.113 3535 INFO rally.task.runner [-] Task 3deef758-f129-437e-b7c0-46d85ddcee87 | ITER: 15 START
2019-11-09 17:34:51.113 3529 WARNING rally_openstack.scenarios.neutron.utils [-] Running this scenario without either the 'network' or 'existing_network' context is deprecated
2019-11-09 17:34:51.114 3538 RALLYDEBUG rally.task.runner [-] Starting a worker. concurrency: 1 args: {"network_create_args": {}, "port_create_args": {}, "ports_per_network": 5} times: 40 method_name: run timeout: 0 duration: None cls:
2019-11-09 17:34:51.114 3532 INFO rally.task.runner [-] Task 3deef758-f129-437e-b7c0-46d85ddcee87 | ITER: 14 START
2019-11-09 17:34:51.114 3535 WARNING rally_openstack.scenarios.neutron.utils [-] Running this scenario without either the 'network' or 'existing_network' context is deprecated
2019-11-09 17:34:51.114 3541 RALLYDEBUG rally.task.runner [-] Starting a worker. concurrency: 1 args: {"network_create_args": {}, "port_create_args": {}, "ports_per_network": 5} times: 40 method_name: run timeout: 0 duration: None cls:
2019-11-09 17:34:51.116 3532 WARNING rally_openstack.scenarios.neutron.utils [-] Running this scenario without either the 'network' or 'existing_network' context is deprecated
2019-11-09 17:34:51.119 3541 INFO rally.task.runner [-] Task 3deef758-f129-437e-b7c0-46d85ddcee87 | ITER: 17 START
2019-11-09 17:34:51.120 3538 INFO rally.task.runner [-] Task 3deef758-f129-437e-b7c0-46d85ddcee87 | ITER: 16 START
2019-11-09 17:34:51.119 3545 RALLYDEBUG rally.task.runner [-] Starting a worker. concurrency: 1 args: {"network_create_args": {}, "port_create_args": {}, "ports_per_network": 5} times: 40 method_name: run timeout: 0 duration: None cls:
2019-11-09 17:34:51.120 3541 WARNING rally_openstack.scenarios.neutron.utils [-] Running this scenario without either the 'network' or 'existing_network' context is deprecated
2019-11-09 17:34:51.121 3538 WARNING rally_openstack.scenarios.neutron.utils [-] Running this scenario without either the 'network' or 'existing_network' context is deprecated
2019-11-09 17:34:51.121 3549 RALLYDEBUG rally.task.runner [-] Starting a worker. concurrency: 1 args: {"network_create_args": {}, "port_create_args": {}, "ports_per_network": 5} times: 40 method_name: run timeout: 0 duration: None cls:
2019-11-09 17:34:51.124 3550 RALLYDEBUG rally.task.runner [-] Starting a worker. concurrency: 1 args: {"network_create_args": {}, "port_create_args": {}, "ports_per_network": 5} times: 40 method_name: run timeout: 0 duration: None cls:
2019-11-09 17:34:51.125 3545 INFO rally.task.runner [-] Task 3deef758-f129-437e-b7c0-46d85ddcee87 | ITER: 18 START
2019-11-09 17:34:51.126 3549 INFO rally.task.runner [-] Task 3deef758-f129-437e-b7c0-46d85ddcee87 | ITER: 19 START
2019-11-09 17:34:51.127 3545 WARNING rally_openstack.scenarios.neutron.utils [-] Running this scenario without either the 'network' or 'existing_network' context is deprecated
2019-11-09 17:34:51.127 3549 WARNING rally_openstack.scenarios.neutron.utils [-] Running this scenario without either the 'network' or 'existing_network' context is deprecated
2019-11-09 17:34:51.130 3550 INFO rally.task.runner [-] Task 3deef758-f129-437e-b7c0-46d85ddcee87 | ITER: 20 START
2019-11-09 17:34:51.131 3550 WARNING rally_openstack.scenarios.neutron.utils [-] Running this scenario without either the 'network' or 'existing_network' context is deprecated
2019-11-09 17:35:35.473 3503 INFO rally.task.runner [-] Task 3deef758-f129-437e-b7c0-46d85ddcee87 | ITER: 3 END: OK
2019-11-09 17:35:35.482 3503 INFO rally.task.runner [-] Task 3deef758-f129-437e-b7c0-46d85ddcee87 | ITER: 21 START
2019-11-09 17:35:35.483 3503 WARNING rally_openstack.scenarios.neutron.utils [-] Running this scenario without either the 'network' or 'existing_network' context is deprecated
2019-11-09 17:35:45.060 3526 INFO rally.task.runner [-] Task 3deef758-f129-437e-b7c0-46d85ddcee87 | ITER: 12 END: OK
2019-11-09 17:35:45.069 3526 INFO rally.task.runner [-] Task 3deef758-f129-437e-b7c0-46d85ddcee87 | ITER: 22 START
2019-11-09 17:35:45.070 3526 WARNING rally_openstack.scenarios.neutron.utils [-] Running this scenario without either the 'network' or 'existing_network' context is deprecated
2019-11-09 17:35:45.645 3504 INFO rally.task.runner [-] Task 3deef758-f129-437e-b7c0-46d85ddcee87 | ITER: 4 END: OK
2019-11-09 17:35:45.652 3504 INFO rally.task.runner [-] Task 3deef758-f129-437e-b7c0-46d85ddcee87 | ITER: 23 START
2019-11-09 17:35:45.653 3504 WARNING rally_openstack.scenarios.neutron.utils [-] Running this scenario without either the 'network' or 'existing_network' context is deprecated
2019-11-09 17:35:46.839 3511 INFO rally.task.runner [-] Task 3deef758-f129-437e-b7c0-46d85ddcee87 | ITER: 7 END: OK
2019-11-09 17:35:46.847 3511 INFO rally.task.runner [-] Task 3deef758-f129-437e-b7c0-46d85ddcee87 | ITER: 24 START
2019-11-09 17:35:46.848 3511 WARNING rally_openstack.scenarios.neutron.utils [-] Running this scenario without either the 'network' or 'existing_network' context is deprecated
2019-11-09 17:35:47.556 3529 INFO rally.task.runner [-] Task 3deef758-f129-437e-b7c0-46d85ddcee87 | ITER: 13 END: OK
2019-11-09 17:35:47.557 3501 INFO rally.task.runner [-] Task 3deef758-f129-437e-b7c0-46d85ddcee87 | ITER: 1 END: OK
2019-11-09 17:35:47.563 3529 INFO rally.task.runner [-] Task 3deef758-f129-437e-b7c0-46d85ddcee87 | ITER: 25 START
2019-11-09 17:35:47.564 3529 WARNING rally_openstack.scenarios.neutron.utils [-] Running this scenario without either the 'network' or 'existing_network' context is deprecated
2019-11-09 17:35:47.564 3501 INFO rally.task.runner [-] Task 3deef758-f129-437e-b7c0-46d85ddcee87 | ITER: 26 START
2019-11-09 17:35:47.565 3501 WARNING rally_openstack.scenarios.neutron.utils [-] Running this scenario without either the 'network' or 'existing_network' context is deprecated
2019-11-09 17:35:47.691 3549 INFO rally.task.runner [-] Task 3deef758-f129-437e-b7c0-46d85ddcee87 | ITER: 19 END: OK
2019-11-09 17:35:47.698 3549 INFO rally.task.runner [-] Task 3deef758-f129-437e-b7c0-46d85ddcee87 | ITER: 27 START
2019-11-09 17:35:47.699 3549 WARNING rally_openstack.scenarios.neutron.utils [-] Running this scenario without either the 'network' or 'existing_network' context is deprecated
2019-11-09 17:35:49.056 3545 INFO rally.task.runner [-] Task 3deef758-f129-437e-b7c0-46d85ddcee87 | ITER: 18 END: OK
2019-11-09 17:35:49.064 3545 INFO rally.task.runner [-] Task 3deef758-f129-437e-b7c0-46d85ddcee87 | ITER: 28 START
2019-11-09 17:35:49.066 3545 WARNING rally_openstack.scenarios.neutron.utils [-] Running this scenario without either the 'network' or 'existing_network' context is deprecated
2019-11-09 17:35:50.600 3514 INFO rally.task.runner [-] Task 3deef758-f129-437e-b7c0-46d85ddcee87 | ITER: 8 END: OK
2019-11-09 17:35:50.607 3514 INFO rally.task.runner [-] Task 3deef758-f129-437e-b7c0-46d85ddcee87 | ITER: 29 START
2019-11-09 17:35:50.608 3514 WARNING rally_openstack.scenarios.neutron.utils [-] Running this scenario without either the 'network' or 'existing_network' context is deprecated
2019-11-09 17:35:51.413 3517 INFO rally.task.runner [-] Task 3deef758-f129-437e-b7c0-46d85ddcee87 | ITER: 9 END: OK
2019-11-09 17:35:51.419 3517 INFO rally.task.runner [-] Task 3deef758-f129-437e-b7c0-46d85ddcee87 | ITER: 30 START
2019-11-09 17:35:51.420 3517 WARNING rally_openstack.scenarios.neutron.utils [-] Running this scenario without either the 'network' or 'existing_network' context is deprecated
2019-11-09 17:35:51.649 3505 INFO rally.task.runner [-] Task 3deef758-f129-437e-b7c0-46d85ddcee87 | ITER: 5 END: OK
2019-11-09 17:35:51.652 3502 INFO rally.task.runner [-] Task 3deef758-f129-437e-b7c0-46d85ddcee87 | ITER: 2 END: OK
2019-11-09 17:35:51.656 3505 INFO rally.task.runner [-] Task 3deef758-f129-437e-b7c0-46d85ddcee87 | ITER: 31 START
2019-11-09 17:35:51.657 3505 WARNING rally_openstack.scenarios.neutron.utils [-] Running this scenario without either the 'network' or 'existing_network' context is deprecated
2019-11-09 17:35:51.659 3502 INFO rally.task.runner [-] Task 3deef758-f129-437e-b7c0-46d85ddcee87 | ITER: 32 START
2019-11-09 17:35:51.660 3502 WARNING rally_openstack.scenarios.neutron.utils [-] Running this scenario without either the 'network' or 'existing_network' context is deprecated
2019-11-09 17:35:51.764 3523 INFO rally.task.runner [-] Task 3deef758-f129-437e-b7c0-46d85ddcee87 | ITER: 11 END: OK
2019-11-09 17:35:51.771 3523 INFO rally.task.runner [-] Task 3deef758-f129-437e-b7c0-46d85ddcee87 | ITER: 33 START
2019-11-09 17:35:51.772 3523 WARNING rally_openstack.scenarios.neutron.utils [-] Running this scenario without either the 'network' or 'existing_network' context is deprecated
2019-11-09 17:35:51.835 3535 INFO rally.task.runner [-] Task 3deef758-f129-437e-b7c0-46d85ddcee87 | ITER: 15 END: OK
2019-11-09 17:35:51.841 3520 INFO rally.task.runner [-] Task 3deef758-f129-437e-b7c0-46d85ddcee87 | ITER: 10 END: OK
2019-11-09 17:35:51.843 3535 INFO rally.task.runner [-] Task 3deef758-f129-437e-b7c0-46d85ddcee87 | ITER: 34 START
2019-11-09 17:35:51.844 3535 WARNING rally_openstack.scenarios.neutron.utils [-] Running this scenario without either the 'network' or 'existing_network' context is deprecated
2019-11-09 17:35:51.848 3520 INFO rally.task.runner [-] Task 3deef758-f129-437e-b7c0-46d85ddcee87 | ITER: 35 START
2019-11-09 17:35:51.850 3520 WARNING rally_openstack.scenarios.neutron.utils [-] Running this scenario without either the 'network' or 'existing_network' context is deprecated
2019-11-09 17:35:51.867 3538 INFO rally.task.runner [-] Task 3deef758-f129-437e-b7c0-46d85ddcee87 | ITER: 16 END: OK
2019-11-09 17:35:51.875 3538 INFO rally.task.runner [-] Task 3deef758-f129-437e-b7c0-46d85ddcee87 | ITER: 36 START
2019-11-09 17:35:51.876 3538 WARNING rally_openstack.scenarios.neutron.utils [-] Running this scenario without either the 'network' or 'existing_network' context is deprecated
2019-11-09 17:35:51.914 3541 INFO rally.task.runner [-] Task 3deef758-f129-437e-b7c0-46d85ddcee87 | ITER: 17 END: OK
2019-11-09 17:35:51.920 3541 INFO rally.task.runner [-] Task 3deef758-f129-437e-b7c0-46d85ddcee87 | ITER: 37 START
2019-11-09 17:35:51.921 3541 WARNING rally_openstack.scenarios.neutron.utils [-] Running this scenario without either the 'network' or 'existing_network' context is deprecated
2019-11-09 17:35:52.911 3550 INFO rally.task.runner [-] Task 3deef758-f129-437e-b7c0-46d85ddcee87 | ITER: 20 END: OK
2019-11-09 17:35:52.918 3550 INFO rally.task.runner [-] Task 3deef758-f129-437e-b7c0-46d85ddcee87 | ITER: 38 START
2019-11-09 17:35:52.919 3550 WARNING rally_openstack.scenarios.neutron.utils [-] Running this scenario without either the 'network' or 'existing_network' context is deprecated
2019-11-09 17:35:55.720 3532 INFO rally.task.runner [-] Task 3deef758-f129-437e-b7c0-46d85ddcee87 | ITER: 14 END: OK
2019-11-09 17:35:55.727 3532 INFO rally.task.runner [-] Task 3deef758-f129-437e-b7c0-46d85ddcee87 | ITER: 39 START
2019-11-09 17:35:55.728 3532 WARNING rally_openstack.scenarios.neutron.utils [-] Running this scenario without either the 'network' or 'existing_network' context is deprecated
2019-11-09 17:35:55.984 3508 INFO rally.task.runner [-] Task 3deef758-f129-437e-b7c0-46d85ddcee87 | ITER: 6 END: OK
2019-11-09 17:35:55.991 3508 INFO rally.task.runner [-] Task 3deef758-f129-437e-b7c0-46d85ddcee87 | ITER: 40 START
2019-11-09 17:35:55.992 3508 WARNING rally_openstack.scenarios.neutron.utils [-] Running this scenario without either the 'network' or 'existing_network' context is deprecated
2019-11-09 17:36:32.400 3503 INFO rally.task.runner [-] Task 3deef758-f129-437e-b7c0-46d85ddcee87 | ITER: 21 END: OK
2019-11-09 17:36:42.713 3505 INFO rally.task.runner [-] Task 3deef758-f129-437e-b7c0-46d85ddcee87 | ITER: 31 END: OK
2019-11-09 17:36:43.238 3549 INFO rally.task.runner [-] Task 3deef758-f129-437e-b7c0-46d85ddcee87 | ITER: 27 END: OK
2019-11-09 17:36:44.165 3504 INFO rally.task.runner [-] Task 3deef758-f129-437e-b7c0-46d85ddcee87 | ITER: 23 END: OK
2019-11-09 17:36:45.158 3514 INFO rally.task.runner [-] Task 3deef758-f129-437e-b7c0-46d85ddcee87 | ITER: 29 END: OK
2019-11-09 17:36:45.168 3529 INFO rally.task.runner [-] Task 3deef758-f129-437e-b7c0-46d85ddcee87 | ITER: 25 END: OK
2019-11-09 17:36:45.532 3545 INFO rally.task.runner [-] Task 3deef758-f129-437e-b7c0-46d85ddcee87 | ITER: 28 END: OK
2019-11-09 17:36:46.479 3511 INFO rally.task.runner [-] Task 3deef758-f129-437e-b7c0-46d85ddcee87 | ITER: 24 END: OK
2019-11-09 17:36:46.742 3526 INFO rally.task.runner [-] Task 3deef758-f129-437e-b7c0-46d85ddcee87 | ITER: 22 END: OK
2019-11-09 17:36:47.597 3501 INFO rally.task.runner [-] Task 3deef758-f129-437e-b7c0-46d85ddcee87 | ITER: 26 END: OK
2019-11-09 17:36:47.721 3517 INFO rally.task.runner [-] Task 3deef758-f129-437e-b7c0-46d85ddcee87 | ITER: 30 END: OK
2019-11-09 17:36:47.874 3535 INFO rally.task.runner [-] Task 3deef758-f129-437e-b7c0-46d85ddcee87 | ITER: 34 END: OK
2019-11-09 17:36:48.156 3523 INFO rally.task.runner [-] Task 3deef758-f129-437e-b7c0-46d85ddcee87 | ITER: 33 END: OK
2019-11-09 17:36:48.270 3538 INFO rally.task.runner [-] Task 3deef758-f129-437e-b7c0-46d85ddcee87 | ITER: 36 END: OK
2019-11-09 17:36:49.216 3502 INFO rally.task.runner [-] Task 3deef758-f129-437e-b7c0-46d85ddcee87 | ITER: 32 END: OK
2019-11-09 17:36:49.291 3541 INFO rally.task.runner [-] Task 3deef758-f129-437e-b7c0-46d85ddcee87 | ITER: 37 END: OK
2019-11-09 17:36:49.323 3520 INFO rally.task.runner [-] Task 3deef758-f129-437e-b7c0-46d85ddcee87 | ITER: 35 END: OK
2019-11-09 17:36:49.345 3550 INFO rally.task.runner [-] Task 3deef758-f129-437e-b7c0-46d85ddcee87 | ITER: 38 END: OK
2019-11-09 17:36:50.462 3532 INFO rally.task.runner [-] Task 3deef758-f129-437e-b7c0-46d85ddcee87 | ITER: 39 END: OK
2019-11-09 17:36:50.471 3508 INFO rally.task.runner [-] Task 3deef758-f129-437e-b7c0-46d85ddcee87 | ITER: 40 END: OK
2019-11-09 17:36:50.498 15 INFO rally.task.context [-] Task 3deef758-f129-437e-b7c0-46d85ddcee87 | Context cleanup@openstack cleanup() started
2019-11-09 17:36:50.502 15 RALLYDEBUG rally_openstack.cleanup.manager [-] Cleaning up neutron vip objects
2019-11-09 17:36:50.727 15 RALLYDEBUG rally_openstack.cleanup.manager [-] Cleaning up neutron health_monitor objects
2019-11-09 17:36:51.050 15 RALLYDEBUG rally_openstack.cleanup.manager [-] Cleaning up neutron pool objects
2019-11-09 17:36:51.283 15 RALLYDEBUG rally_openstack.cleanup.manager [-] Cleaning up neutron loadbalancer objects
2019-11-09 17:36:51.494 15 RALLYDEBUG rally_openstack.cleanup.manager [-] Cleaning up neutron floatingip objects
2019-11-09 17:36:51.719 15 RALLYDEBUG rally_openstack.cleanup.manager [-] Cleaning up neutron trunk objects
2019-11-09 17:36:51.911 15 DEBUG neutronclient.v2_0.client [-] Error message: {"message": "The resource could not be found.

\n\n\n", "code": "404 Not Found", "title": "Not Found"} _handle_fault_response /usr/lib/python2.7/site-packages/neutronclient/v2_0/client.py:259
2019-11-09 17:36:51.920 15 RALLYDEBUG rally_openstack.cleanup.manager [-] Cleaning up neutron port objects
2019-11-09 17:36:52.202 15 RALLYDEBUG rally_openstack.cleanup.manager [-] Cleaning up neutron subnet objects
2019-11-09 17:36:52.441 15 RALLYDEBUG rally_openstack.cleanup.manager [-] Cleaning up neutron network objects
2019-11-09 17:36:52.984 15 RALLYDEBUG rally_openstack.cleanup.manager [-] Deleting neutron.network object s_rally_99da8000_F0HnN8Pf (0f04bd6f-7b40-40af-b8ae-2b4ad849ced2)
2019-11-09 17:36:52.989 15 RALLYDEBUG rally_openstack.cleanup.manager [-] Deleting neutron.network object s_rally_99da8000_sielFc0d (121edbc4-29b6-4e66-89f5-fb0e8caac236)
2019-11-09 17:36:52.992 15 RALLYDEBUG rally_openstack.cleanup.manager [-] Deleting neutron.network object s_rally_99da8000_KOBlhAvr (0162c0ad-bea6-436f-980e-35e8cfd8d383)
2019-11-09 17:36:52.998 15 RALLYDEBUG rally_openstack.cleanup.manager [-] Deleting neutron.network object s_rally_99da8000_IeURu973 (0bb37668-01b9-4809-95fa-3e3410fcb66a)
2019-11-09 17:36:53.000 15 RALLYDEBUG rally_openstack.cleanup.manager [-] Deleting neutron.network object s_rally_99da8000_sdH5Jtpj (14743c71-1cd0-4b94-bbf7-b781cab2a18a)
2019-11-09 17:36:53.001 15 RALLYDEBUG rally_openstack.cleanup.manager [-] Deleting neutron.network object s_rally_99da8000_EvDA2zXm (083196ca-4e7e-47e2-9c46-1c26be70126a)
2019-11-09 17:36:53.027 15 RALLYDEBUG rally_openstack.cleanup.manager [-] Deleting neutron.network object s_rally_99da8000_HMz22xfC (17c0075f-f045-4d4b-8f74-a1bfb2de507e)
2019-11-09 17:36:53.039 15 RALLYDEBUG rally_openstack.cleanup.manager [-] Deleting neutron.network object s_rally_99da8000_8jKFczPv (5a8ffede-b66f-43f4-9a94-37f2a01a84f1)
2019-11-09 17:36:53.058 15 RALLYDEBUG rally_openstack.cleanup.manager [-] Deleting neutron.network object s_rally_99da8000_jU5nrAtE (3f668853-8f9b-4f0e-979e-311c25e5314c)
2019-11-09 17:36:53.063 15 RALLYDEBUG rally_openstack.cleanup.manager [-] Deleting neutron.network object s_rally_99da8000_qVaAS34r (5346bb8e-5c01-4381-b31b-0250bf6ad9c2)
2019-11-09 17:36:53.065 15 RALLYDEBUG rally_openstack.cleanup.manager [-] Deleting neutron.network object s_rally_99da8000_GL5A8o3J (48913dad-0a59-473a-aba8-8de5216c8e61)
2019-11-09 17:36:53.084 15 RALLYDEBUG rally_openstack.cleanup.manager [-] Deleting neutron.network object s_rally_99da8000_q0tngzIG (499ebd3c-d32b-4fbe-b23c-b81a282acf85)
2019-11-09 17:36:53.098 15 RALLYDEBUG rally_openstack.cleanup.manager [-] Deleting neutron.network object s_rally_99da8000_0Nlh7NXM (743aff73-17a0-44da-81aa-c0f59ebfb431)
2019-11-09 17:36:53.089 15 RALLYDEBUG rally_openstack.cleanup.manager [-] Deleting neutron.network object s_rally_99da8000_qx8YyQ14 (6c03dbc2-1d40-40d2-bd45-ea95b8fde744)
2019-11-09 17:36:53.107 15 RALLYDEBUG rally_openstack.cleanup.manager [-] Deleting neutron.network object s_rally_99da8000_kkaUsAPH (5fc79a16-cef8-4274-ba32-6115a9597e67)
2019-11-09 17:36:53.121 15 RALLYDEBUG rally_openstack.cleanup.manager [-] Deleting neutron.network object s_rally_99da8000_kFcNHWwQ (611b4ce5-fbec-45dd-beca-f2779320f45b)
2019-11-09 17:36:53.135 15 RALLYDEBUG rally_openstack.cleanup.manager [-] Deleting neutron.network object s_rally_99da8000_2aM8wwou (834ebd2d-2e2a-45d5-9637-f583037ed385)
2019-11-09 17:36:53.175 15 RALLYDEBUG rally_openstack.cleanup.manager [-] Deleting neutron.network object s_rally_99da8000_nKiuNHzt (76935dae-f67b-49d2-a1f7-29d7c32e685a)
2019-11-09 17:36:53.187 15 RALLYDEBUG rally_openstack.cleanup.manager [-] Deleting neutron.network object s_rally_99da8000_kwwd9bBR (94c78512-5deb-42e4-b6a5-3f7cdfd7e40c)
2019-11-09 17:36:53.225 15 RALLYDEBUG rally_openstack.cleanup.manager [-] Deleting neutron.network object s_rally_99da8000_3UbgbNF0 (89fd5097-f042-4343-86f4-94b8b6ebaf9b)
2019-11-09 17:36:56.551 15 RALLYDEBUG rally_openstack.cleanup.manager [-] Deleting neutron.network object s_rally_99da8000_npG95fOl (9c44f79f-bde8-428a-9eb1-1ea3f986dd86)
2019-11-09 17:36:59.485 15 RALLYDEBUG rally_openstack.cleanup.manager [-] Deleting neutron.network object s_rally_99da8000_f5sUDjnq (9e8b1ff7-61f8-4e71-b8d9-0749e39163d9)
2019-11-09 17:36:59.652 15 RALLYDEBUG rally_openstack.cleanup.manager [-] Deleting neutron.network object s_rally_99da8000_wM9mIUT4 (9ec51483-b92f-42c1-80d5-071b97fedfb0)
2019-11-09 17:36:59.912 15 RALLYDEBUG rally_openstack.cleanup.manager [-] Deleting neutron.network object s_rally_99da8000_Qi2QCEE6 (a419f3f3-f542-4af6-a333-d6a44a51be9c)
2019-11-09 17:37:00.128 15 RALLYDEBUG rally_openstack.cleanup.manager [-] Deleting neutron.network object s_rally_99da8000_FBTSzssn (a6ea35f9-82cc-411c-8843-b7c45e792ac7)
2019-11-09 17:37:00.466 15 RALLYDEBUG rally_openstack.cleanup.manager [-] Deleting neutron.network object s_rally_99da8000_wksk9MwC (a793950f-0c04-47e4-b22e-c78e9a255511)
2019-11-09 17:37:00.488 15 RALLYDEBUG rally_openstack.cleanup.manager [-] Deleting neutron.network object s_rally_99da8000_jfxX5lu5 (ae9993a4-6501-49ee-98ba-856cba099c9d)
2019-11-09 17:37:00.502 15 RALLYDEBUG rally_openstack.cleanup.manager [-] Deleting neutron.network object s_rally_99da8000_XBncWBco (b04288da-a1cb-4d4e-849b-6f939bb61deb)
2019-11-09 17:37:00.512 15 RALLYDEBUG rally_openstack.cleanup.manager [-] Deleting neutron.network object s_rally_99da8000_Hp6Gml9k (cf0e184c-10ee-4f31-8735-defc3af72f44)
2019-11-09 17:37:00.522 15 RALLYDEBUG rally_openstack.cleanup.manager [-] Deleting neutron.network object s_rally_99da8000_lDt4KtkR (d1f7f2b3-9f79-49c2-a855-567ac1d18eb3)
2019-11-09 17:37:00.528 15 RALLYDEBUG rally_openstack.cleanup.manager [-] Deleting neutron.network object s_rally_99da8000_5rY6OQVa (d235aeba-0dd6-4a41-9160-6e9f3ef217ed)
2019-11-09 17:37:00.566 15 RALLYDEBUG rally_openstack.cleanup.manager [-] Deleting neutron.network object s_rally_99da8000_2oqEUZsm (d30c9831-ce01-41c5-a3da-419de2ba996c)
2019-11-09 17:37:00.686 15 RALLYDEBUG rally_openstack.cleanup.manager [-] Deleting neutron.network object s_rally_99da8000_2Xw3Qjzi (dd80d934-6bb7-4a91-aa57-739c2fdca40d)
2019-11-09 17:37:00.691 15 RALLYDEBUG rally_openstack.cleanup.manager [-] Deleting neutron.network object s_rally_99da8000_hF2MBj13 (df47e861-b246-49c8-ade2-909060d55791)
2019-11-09 17:37:00.786 15 RALLYDEBUG rally_openstack.cleanup.manager [-] Deleting neutron.network object s_rally_99da8000_OzfPxF1b (e66b4437-cdfe-41ff-9cbb-1f0ecbd95695)
2019-11-09 17:37:00.800 15 RALLYDEBUG rally_openstack.cleanup.manager [-] Deleting neutron.network object s_rally_99da8000_Ye5OYO6t (e8c72050-eaea-41dc-87b2-36903f1a5641)
2019-11-09 17:37:00.804 15 RALLYDEBUG rally_openstack.cleanup.manager [-] Deleting neutron.network object s_rally_99da8000_73jVF197 (e873468a-7237-4090-bf4d-891d79636545)
2019-11-09 17:37:00.845 15 RALLYDEBUG rally_openstack.cleanup.manager [-] Deleting neutron.network object s_rally_99da8000_4wW0k6CC (f580790d-9857-4be4-b268-a9d43d6df5a2)
2019-11-09 17:37:00.849 15 RALLYDEBUG rally_openstack.cleanup.manager [-] Deleting neutron.network object s_rally_99da8000_cy7FzDxb (f6af3ad5-689a-483d-bdc3-b061fae4c936)
2019-11-09 17:37:00.919 15 RALLYDEBUG rally_openstack.cleanup.manager [-] Deleting neutron.network object s_rally_99da8000_0xC84y8J (fc113dd5-bdbb-4644-bed8-3b2c85604815)
2019-11-09 17:37:07.695 15 RALLYDEBUG rally_openstack.cleanup.manager [-] Cleaning up neutron router objects
2019-11-09 17:37:07.949 15 RALLYDEBUG rally_openstack.cleanup.manager [-] Cleaning up neutron security_group objects
2019-11-09 17:37:08.242 15 INFO rally.task.context [-] Task 3deef758-f129-437e-b7c0-46d85ddcee87 | Context cleanup@openstack cleanup() finished in 17.74 sec
2019-11-09 17:37:08.242 15 INFO rally.task.context [-] Task 3deef758-f129-437e-b7c0-46d85ddcee87 | Context quotas@openstack cleanup() started
2019-11-09 17:37:08.291 15 INFO rally.task.context [-] Task 3deef758-f129-437e-b7c0-46d85ddcee87 | Context quotas@openstack cleanup() finished in 48.21 msec
2019-11-09 17:37:08.291 15 INFO rally.task.context [-] Task 3deef758-f129-437e-b7c0-46d85ddcee87 | Context users@openstack cleanup() started
2019-11-09 17:37:09.812 15 INFO rally.task.context [-] Task 3deef758-f129-437e-b7c0-46d85ddcee87 | Context users@openstack cleanup() finished in 1.52 sec
2019-11-09 17:37:10.458 15 INFO rally.task.engine [-] Load duration is: 119.389516
2019-11-09 17:37:10.458 15 INFO rally.task.engine [-] Full runner duration is: 119.440096
2019-11-09 17:37:10.459 15 INFO rally.task.engine [-] Full duration is: 139.875261
2019-11-09 17:37:10.578 15 INFO rally.task.engine [-] Running workload: position = 0 config = { "version": 2, "title": "A cropped version of a bigger task.", "description": "Auto-generated task from a single workload (uuid=b2f86fb3-8290-4803-9f44-ee60e4cf007b)", "subtasks": [ { "title": "Quotas.neutron_update", "description": "Update quotas for neutron.", "scenario": { "Quotas.neutron_update": { "max_quota": 1024 } }, "contexts": { "users": { "tenants": 20, "users_per_tenant": 1 } }, "runner": { "constant": { "times": 40, "concurrency": 20 } }, "hooks": [], "sla": { "failure_rate": { "max": 0 } } } ] }
2019-11-09 17:37:10.590 15 RALLYDEBUG rally_openstack.contexts.keystone.users [-] Creating 20 tenants using 20 threads
2019-11-09 17:37:13.597 15 RALLYDEBUG rally_openstack.contexts.keystone.users [-] Creating 20 users using 20 threads
2019-11-09 17:37:18.015 15 INFO rally.task.context [-] Task 3deef758-f129-437e-b7c0-46d85ddcee87 | Context users@openstack setup() finished in 7.43 sec
2019-11-09 17:37:18.016 15 INFO rally.task.context [-] Task 3deef758-f129-437e-b7c0-46d85ddcee87 | Context admin_cleanup@openstack setup() finished in 0.01 msec
2019-11-09 17:37:18.025 15 RALLYDEBUG rally.task.runner [-] Starting the constant runner (task UUID: 3deef758-f129-437e-b7c0-46d85ddcee87). timeout: 0 concurrency: 20 concurrency_per_worker: 1 times: 40 concurrency_overhead: 0 processes_to_start: 20 max_cpu_used: 88
2019-11-09 17:37:18.041 3903 RALLYDEBUG rally.task.runner [-] Starting a worker. concurrency: 1 args: {"max_quota": 1024} times: 40 method_name: run timeout: 0 duration: None cls:
2019-11-09 17:37:18.045 3904 RALLYDEBUG rally.task.runner [-] Starting a worker. concurrency: 1 args: {"max_quota": 1024} times: 40 method_name: run timeout: 0 duration: None cls:
2019-11-09 17:37:18.048 3905 RALLYDEBUG rally.task.runner [-] Starting a worker. concurrency: 1 args: {"max_quota": 1024} times: 40 method_name: run timeout: 0 duration: None cls:
2019-11-09 17:37:18.051 3903 INFO rally.task.runner [-] Task 3deef758-f129-437e-b7c0-46d85ddcee87 | ITER: 1 START
2019-11-09 17:37:18.051 3906 RALLYDEBUG rally.task.runner [-] Starting a worker. concurrency: 1 args: {"max_quota": 1024} times: 40 method_name: run timeout: 0 duration: None cls:
2019-11-09 17:37:18.054 3907 RALLYDEBUG rally.task.runner [-] Starting a worker. concurrency: 1 args: {"max_quota": 1024} times: 40 method_name: run timeout: 0 duration: None cls:
2019-11-09 17:37:18.055 3904 INFO rally.task.runner [-] Task 3deef758-f129-437e-b7c0-46d85ddcee87 | ITER: 2 START
2019-11-09 17:37:18.057 3909 RALLYDEBUG rally.task.runner [-] Starting a worker. concurrency: 1 args: {"max_quota": 1024} times: 40 method_name: run timeout: 0 duration: None cls:
2019-11-09 17:37:18.058 3905 INFO rally.task.runner [-] Task 3deef758-f129-437e-b7c0-46d85ddcee87 | ITER: 3 START
2019-11-09 17:37:18.061 3911 RALLYDEBUG rally.task.runner [-] Starting a worker. concurrency: 1 args: {"max_quota": 1024} times: 40 method_name: run timeout: 0 duration: None cls:
2019-11-09 17:37:18.062 3906 INFO rally.task.runner [-] Task 3deef758-f129-437e-b7c0-46d85ddcee87 | ITER: 4 START
2019-11-09 17:37:18.064 3907 INFO rally.task.runner [-] Task 3deef758-f129-437e-b7c0-46d85ddcee87 | ITER: 5 START
2019-11-09 17:37:18.064 3914 RALLYDEBUG rally.task.runner [-] Starting a worker. concurrency: 1 args: {"max_quota": 1024} times: 40 method_name: run timeout: 0 duration: None cls:
2019-11-09 17:37:18.067 3909 INFO rally.task.runner [-] Task 3deef758-f129-437e-b7c0-46d85ddcee87 | ITER: 6 START
2019-11-09 17:37:18.067 3917 RALLYDEBUG rally.task.runner [-] Starting a worker. concurrency: 1 args: {"max_quota": 1024} times: 40 method_name: run timeout: 0 duration: None cls:
2019-11-09 17:37:18.070 3920 RALLYDEBUG rally.task.runner [-] Starting a worker. concurrency: 1 args: {"max_quota": 1024} times: 40 method_name: run timeout: 0 duration: None cls:
2019-11-09 17:37:18.071 3911 INFO rally.task.runner [-] Task 3deef758-f129-437e-b7c0-46d85ddcee87 | ITER: 7 START
2019-11-09 17:37:18.073 3923 RALLYDEBUG rally.task.runner [-] Starting a worker. concurrency: 1 args: {"max_quota": 1024} times: 40 method_name: run timeout: 0 duration: None cls:
2019-11-09 17:37:18.074 3914 INFO rally.task.runner [-] Task 3deef758-f129-437e-b7c0-46d85ddcee87 | ITER: 8 START
