2019-10-18 15:37:49.191 15 INFO rally.task.engine [-] Load duration is: 182.733413
2019-10-18 15:37:49.191 15 INFO rally.task.engine [-] Full runner duration is: 182.789747
2019-10-18 15:37:49.191 15 INFO rally.task.engine [-] Full duration is: 339.259888
2019-10-18 15:37:49.307 15 INFO rally.task.engine [-] Running workload: position = 2 config = { "version": 2, "title": "A cropped version of a bigger task.", "description": "Auto-generated task from a single workload (uuid=018483d3-699f-4938-829a-73b16a2cc55d)", "subtasks": [ { "title": "NeutronNetworks.create_and_delete_subnets", "description": "Create and delete a given number of subnets.", "scenario": { "NeutronNetworks.create_and_delete_subnets": { "network_create_args": {}, "subnet_create_args": {}, "subnet_cidr_start": "1.1.0.0/30", "subnets_per_network": 2 } }, "contexts": { "users": { "tenants": 1, "users_per_tenant": 1 }, "quotas": { "neutron": { "network": -1, "subnet": -1 } } }, "runner": { "constant": { "times": 40, "concurrency": 20 } }, "hooks": [], "sla": { "failure_rate": { "max": 0 } } } ] }
2019-10-18 15:37:49.323 15 RALLYDEBUG rally_openstack.contexts.keystone.users [-] Creating 1 tenants using 20 threads
2019-10-18 15:37:49.653 15 RALLYDEBUG rally_openstack.contexts.keystone.users [-] Creating 1 users using 20 threads
2019-10-18 15:37:50.069 15 INFO rally.task.context [-] Task 77fb4597-f4cf-4e88-94c3-616387f0b9cb | Context users@openstack setup() finished in 0.75 sec
2019-10-18 15:37:50.425 15 INFO rally.task.context [-] Task 77fb4597-f4cf-4e88-94c3-616387f0b9cb | Context quotas@openstack setup() finished in 0.36 sec
2019-10-18 15:37:50.426 15 INFO rally.task.context [-] Task 77fb4597-f4cf-4e88-94c3-616387f0b9cb | Context cleanup@openstack setup() finished in 0.01 msec
2019-10-18 15:37:50.436 15 RALLYDEBUG rally.task.runner [-] Starting the constant runner (task UUID: 77fb4597-f4cf-4e88-94c3-616387f0b9cb). timeout: 0 concurrency: 20 concurrency_per_worker: 1 times: 40 concurrency_overhead: 0 processes_to_start: 20 max_cpu_used: 88
2019-10-18 15:37:50.451 2269 RALLYDEBUG rally.task.runner [-] Starting a worker. concurrency: 1 args: {"network_create_args": {}, "subnet_create_args": {}, "subnet_cidr_start": "1.1.0.0/30", "subnets_per_network": 2} times: 40 method_name: run timeout: 0 duration: None cls:
2019-10-18 15:37:50.454 2270 RALLYDEBUG rally.task.runner [-] Starting a worker. concurrency: 1 args: {"network_create_args": {}, "subnet_create_args": {}, "subnet_cidr_start": "1.1.0.0/30", "subnets_per_network": 2} times: 40 method_name: run timeout: 0 duration: None cls:
2019-10-18 15:37:50.457 2269 INFO rally.task.runner [-] Task 77fb4597-f4cf-4e88-94c3-616387f0b9cb | ITER: 1 START
2019-10-18 15:37:50.458 2269 WARNING rally_openstack.scenarios.neutron.utils [-] Running this scenario without either the 'network' or 'existing_network' context is deprecated
2019-10-18 15:37:50.458 2271 RALLYDEBUG rally.task.runner [-] Starting a worker. concurrency: 1 args: {"network_create_args": {}, "subnet_create_args": {}, "subnet_cidr_start": "1.1.0.0/30", "subnets_per_network": 2} times: 40 method_name: run timeout: 0 duration: None cls:
2019-10-18 15:37:50.461 2270 INFO rally.task.runner [-] Task 77fb4597-f4cf-4e88-94c3-616387f0b9cb | ITER: 2 START
2019-10-18 15:37:50.461 2272 RALLYDEBUG rally.task.runner [-] Starting a worker. concurrency: 1 args: {"network_create_args": {}, "subnet_create_args": {}, "subnet_cidr_start": "1.1.0.0/30", "subnets_per_network": 2} times: 40 method_name: run timeout: 0 duration: None cls:
2019-10-18 15:37:50.462 2270 WARNING rally_openstack.scenarios.neutron.utils [-] Running this scenario without either the 'network' or 'existing_network' context is deprecated
2019-10-18 15:37:50.464 2271 INFO rally.task.runner [-] Task 77fb4597-f4cf-4e88-94c3-616387f0b9cb | ITER: 3 START
2019-10-18 15:37:50.464 2275 RALLYDEBUG rally.task.runner [-] Starting a worker. concurrency: 1 args: {"network_create_args": {}, "subnet_create_args": {}, "subnet_cidr_start": "1.1.0.0/30", "subnets_per_network": 2} times: 40 method_name: run timeout: 0 duration: None cls:
2019-10-18 15:37:50.465 2271 WARNING rally_openstack.scenarios.neutron.utils [-] Running this scenario without either the 'network' or 'existing_network' context is deprecated
2019-10-18 15:37:50.467 2277 RALLYDEBUG rally.task.runner [-] Starting a worker. concurrency: 1 args: {"network_create_args": {}, "subnet_create_args": {}, "subnet_cidr_start": "1.1.0.0/30", "subnets_per_network": 2} times: 40 method_name: run timeout: 0 duration: None cls:
2019-10-18 15:37:50.467 2272 INFO rally.task.runner [-] Task 77fb4597-f4cf-4e88-94c3-616387f0b9cb | ITER: 4 START
2019-10-18 15:37:50.469 2272 WARNING rally_openstack.scenarios.neutron.utils [-] Running this scenario without either the 'network' or 'existing_network' context is deprecated
2019-10-18 15:37:50.470 2275 INFO rally.task.runner [-] Task 77fb4597-f4cf-4e88-94c3-616387f0b9cb | ITER: 5 START
2019-10-18 15:37:50.470 2280 RALLYDEBUG rally.task.runner [-] Starting a worker. concurrency: 1 args: {"network_create_args": {}, "subnet_create_args": {}, "subnet_cidr_start": "1.1.0.0/30", "subnets_per_network": 2} times: 40 method_name: run timeout: 0 duration: None cls:
2019-10-18 15:37:50.472 2275 WARNING rally_openstack.scenarios.neutron.utils [-] Running this scenario without either the 'network' or 'existing_network' context is deprecated
2019-10-18 15:37:50.473 2277 INFO rally.task.runner [-] Task 77fb4597-f4cf-4e88-94c3-616387f0b9cb | ITER: 6 START
2019-10-18 15:37:50.473 2282 RALLYDEBUG rally.task.runner [-] Starting a worker. concurrency: 1 args: {"network_create_args": {}, "subnet_create_args": {}, "subnet_cidr_start": "1.1.0.0/30", "subnets_per_network": 2} times: 40 method_name: run timeout: 0 duration: None cls:
2019-10-18 15:37:50.474 2277 WARNING rally_openstack.scenarios.neutron.utils [-] Running this scenario without either the 'network' or 'existing_network' context is deprecated
2019-10-18 15:37:50.476 2280 INFO rally.task.runner [-] Task 77fb4597-f4cf-4e88-94c3-616387f0b9cb | ITER: 7 START
2019-10-18 15:37:50.476 2285 RALLYDEBUG rally.task.runner [-] Starting a worker. concurrency: 1 args: {"network_create_args": {}, "subnet_create_args": {}, "subnet_cidr_start": "1.1.0.0/30", "subnets_per_network": 2} times: 40 method_name: run timeout: 0 duration: None cls:
2019-10-18 15:37:50.478 2280 WARNING rally_openstack.scenarios.neutron.utils [-] Running this scenario without either the 'network' or 'existing_network' context is deprecated
2019-10-18 15:37:50.479 2282 INFO rally.task.runner [-] Task 77fb4597-f4cf-4e88-94c3-616387f0b9cb | ITER: 8 START
2019-10-18 15:37:50.479 2289 RALLYDEBUG rally.task.runner [-] Starting a worker. concurrency: 1 args: {"network_create_args": {}, "subnet_create_args": {}, "subnet_cidr_start": "1.1.0.0/30", "subnets_per_network": 2} times: 40 method_name: run timeout: 0 duration: None cls:
2019-10-18 15:37:50.481 2282 WARNING rally_openstack.scenarios.neutron.utils [-] Running this scenario without either the 'network' or 'existing_network' context is deprecated
2019-10-18 15:37:50.482 2285 INFO rally.task.runner [-] Task 77fb4597-f4cf-4e88-94c3-616387f0b9cb | ITER: 9 START
2019-10-18 15:37:50.482 2291 RALLYDEBUG rally.task.runner [-] Starting a worker. concurrency: 1 args: {"network_create_args": {}, "subnet_create_args": {}, "subnet_cidr_start": "1.1.0.0/30", "subnets_per_network": 2} times: 40 method_name: run timeout: 0 duration: None cls:
2019-10-18 15:37:50.483 2285 WARNING rally_openstack.scenarios.neutron.utils [-] Running this scenario without either the 'network' or 'existing_network' context is deprecated
2019-10-18 15:37:50.485 2289 INFO rally.task.runner [-] Task 77fb4597-f4cf-4e88-94c3-616387f0b9cb | ITER: 10 START
2019-10-18 15:37:50.485 2294 RALLYDEBUG rally.task.runner [-] Starting a worker. concurrency: 1 args: {"network_create_args": {}, "subnet_create_args": {}, "subnet_cidr_start": "1.1.0.0/30", "subnets_per_network": 2} times: 40 method_name: run timeout: 0 duration: None cls:
2019-10-18 15:37:50.487 2289 WARNING rally_openstack.scenarios.neutron.utils [-] Running this scenario without either the 'network' or 'existing_network' context is deprecated
2019-10-18 15:37:50.486 2298 RALLYDEBUG rally.task.runner [-] Starting a worker. concurrency: 1 args: {"network_create_args": {}, "subnet_create_args": {}, "subnet_cidr_start": "1.1.0.0/30", "subnets_per_network": 2} times: 40 method_name: run timeout: 0 duration: None cls:
2019-10-18 15:37:50.488 2291 INFO rally.task.runner [-] Task 77fb4597-f4cf-4e88-94c3-616387f0b9cb | ITER: 11 START
2019-10-18 15:37:50.490 2291 WARNING rally_openstack.scenarios.neutron.utils [-] Running this scenario without either the 'network' or 'existing_network' context is deprecated
2019-10-18 15:37:50.491 2294 INFO rally.task.runner [-] Task 77fb4597-f4cf-4e88-94c3-616387f0b9cb | ITER: 12 START
2019-10-18 15:37:50.491 2300 RALLYDEBUG rally.task.runner [-] Starting a worker. concurrency: 1 args: {"network_create_args": {}, "subnet_create_args": {}, "subnet_cidr_start": "1.1.0.0/30", "subnets_per_network": 2} times: 40 method_name: run timeout: 0 duration: None cls:
2019-10-18 15:37:50.492 2298 INFO rally.task.runner [-] Task 77fb4597-f4cf-4e88-94c3-616387f0b9cb | ITER: 13 START
2019-10-18 15:37:50.492 2294 WARNING rally_openstack.scenarios.neutron.utils [-] Running this scenario without either the 'network' or 'existing_network' context is deprecated
2019-10-18 15:37:50.493 2298 WARNING rally_openstack.scenarios.neutron.utils [-] Running this scenario without either the 'network' or 'existing_network' context is deprecated
2019-10-18 15:37:50.494 2304 RALLYDEBUG rally.task.runner [-] Starting a worker. concurrency: 1 args: {"network_create_args": {}, "subnet_create_args": {}, "subnet_cidr_start": "1.1.0.0/30", "subnets_per_network": 2} times: 40 method_name: run timeout: 0 duration: None cls:
2019-10-18 15:37:50.497 2300 INFO rally.task.runner [-] Task 77fb4597-f4cf-4e88-94c3-616387f0b9cb | ITER: 14 START
2019-10-18 15:37:50.497 2306 RALLYDEBUG rally.task.runner [-] Starting a worker. concurrency: 1 args: {"network_create_args": {}, "subnet_create_args": {}, "subnet_cidr_start": "1.1.0.0/30", "subnets_per_network": 2} times: 40 method_name: run timeout: 0 duration: None cls:
2019-10-18 15:37:50.498 2300 WARNING rally_openstack.scenarios.neutron.utils [-] Running this scenario without either the 'network' or 'existing_network' context is deprecated
2019-10-18 15:37:50.499 2311 RALLYDEBUG rally.task.runner [-] Starting a worker. concurrency: 1 args: {"network_create_args": {}, "subnet_create_args": {}, "subnet_cidr_start": "1.1.0.0/30", "subnets_per_network": 2} times: 40 method_name: run timeout: 0 duration: None cls:
2019-10-18 15:37:50.500 2304 INFO rally.task.runner [-] Task 77fb4597-f4cf-4e88-94c3-616387f0b9cb | ITER: 15 START
2019-10-18 15:37:50.501 2304 WARNING rally_openstack.scenarios.neutron.utils [-] Running this scenario without either the 'network' or 'existing_network' context is deprecated
2019-10-18 15:37:50.503 2306 INFO rally.task.runner [-] Task 77fb4597-f4cf-4e88-94c3-616387f0b9cb | ITER: 16 START
2019-10-18 15:37:50.502 2312 RALLYDEBUG rally.task.runner [-] Starting a worker. concurrency: 1 args: {"network_create_args": {}, "subnet_create_args": {}, "subnet_cidr_start": "1.1.0.0/30", "subnets_per_network": 2} times: 40 method_name: run timeout: 0 duration: None cls:
2019-10-18 15:37:50.504 2306 WARNING rally_openstack.scenarios.neutron.utils [-] Running this scenario without either the 'network' or 'existing_network' context is deprecated
2019-10-18 15:37:50.504 2311 INFO rally.task.runner [-] Task 77fb4597-f4cf-4e88-94c3-616387f0b9cb | ITER: 17 START
2019-10-18 15:37:50.505 2311 WARNING rally_openstack.scenarios.neutron.utils [-] Running this scenario without either the 'network' or 'existing_network' context is deprecated
2019-10-18 15:37:50.505 2315 RALLYDEBUG rally.task.runner [-] Starting a worker. concurrency: 1 args: {"network_create_args": {}, "subnet_create_args": {}, "subnet_cidr_start": "1.1.0.0/30", "subnets_per_network": 2} times: 40 method_name: run timeout: 0 duration: None cls:
2019-10-18 15:37:50.506 2319 RALLYDEBUG rally.task.runner [-] Starting a worker. concurrency: 1 args: {"network_create_args": {}, "subnet_create_args": {}, "subnet_cidr_start": "1.1.0.0/30", "subnets_per_network": 2} times: 40 method_name: run timeout: 0 duration: None cls:
2019-10-18 15:37:50.509 2312 INFO rally.task.runner [-] Task 77fb4597-f4cf-4e88-94c3-616387f0b9cb | ITER: 18 START
2019-10-18 15:37:50.510 2312 WARNING rally_openstack.scenarios.neutron.utils [-] Running this scenario without either the 'network' or 'existing_network' context is deprecated
2019-10-18 15:37:50.510 2319 INFO rally.task.runner [-] Task 77fb4597-f4cf-4e88-94c3-616387f0b9cb | ITER: 20 START
2019-10-18 15:37:50.511 2319 WARNING rally_openstack.scenarios.neutron.utils [-] Running this scenario without either the 'network' or 'existing_network' context is deprecated
2019-10-18 15:37:50.511 2315 INFO rally.task.runner [-] Task 77fb4597-f4cf-4e88-94c3-616387f0b9cb | ITER: 19 START
2019-10-18 15:37:50.512 2315 WARNING rally_openstack.scenarios.neutron.utils [-] Running this scenario without either the 'network' or 'existing_network' context is deprecated
2019-10-18 15:37:51.431 2269 RALLYDEBUG rally_openstack.wrappers.network [-] CIDR generated: 1.1.4.96/30
2019-10-18 15:37:51.542 2272 RALLYDEBUG rally_openstack.wrappers.network [-] CIDR generated: 1.1.4.100/30
2019-10-18 15:37:51.548 2271 RALLYDEBUG rally_openstack.wrappers.network [-] CIDR generated: 1.1.4.104/30
2019-10-18 15:37:52.912 2270 RALLYDEBUG rally_openstack.wrappers.network [-] CIDR generated: 1.1.4.108/30
2019-10-18 15:37:52.958 2275 RALLYDEBUG rally_openstack.wrappers.network [-] CIDR generated: 1.1.4.112/30
2019-10-18 15:37:53.030 2306 RALLYDEBUG rally_openstack.wrappers.network [-] CIDR generated: 1.1.4.116/30
2019-10-18 15:37:53.066 2291 RALLYDEBUG rally_openstack.wrappers.network [-] CIDR generated: 1.1.4.120/30
2019-10-18 15:37:53.085 2294 RALLYDEBUG rally_openstack.wrappers.network [-] CIDR generated: 1.1.4.124/30
2019-10-18 15:37:53.123 2289 RALLYDEBUG rally_openstack.wrappers.network [-] CIDR generated: 1.1.4.128/30
2019-10-18 15:37:53.129 2315 RALLYDEBUG rally_openstack.wrappers.network [-] CIDR generated: 1.1.4.132/30
2019-10-18 15:37:53.369 2269 RALLYDEBUG rally_openstack.wrappers.network [-] CIDR generated: 1.1.4.136/30
2019-10-18 15:37:54.535 2277 RALLYDEBUG rally_openstack.wrappers.network [-] CIDR generated: 1.1.4.140/30
2019-10-18 15:37:54.807 2300 RALLYDEBUG rally_openstack.wrappers.network [-] CIDR generated: 1.1.4.144/30
2019-10-18 15:37:54.925 2311 RALLYDEBUG rally_openstack.wrappers.network [-] CIDR generated: 1.1.4.148/30
2019-10-18 15:37:54.932 2280 RALLYDEBUG rally_openstack.wrappers.network [-] CIDR generated: 1.1.4.152/30
2019-10-18 15:37:54.936 2319 RALLYDEBUG rally_openstack.wrappers.network [-] CIDR generated: 1.1.4.156/30
2019-10-18 15:37:54.964 2304 RALLYDEBUG rally_openstack.wrappers.network [-] CIDR generated: 1.1.4.160/30
2019-10-18 15:37:55.075 2298 RALLYDEBUG rally_openstack.wrappers.network [-] CIDR generated: 1.1.4.164/30
2019-10-18 15:37:55.464 2282 RALLYDEBUG rally_openstack.wrappers.network [-] CIDR generated: 1.1.4.168/30
2019-10-18 15:37:55.620 2285 RALLYDEBUG rally_openstack.wrappers.network [-] CIDR generated: 1.1.4.172/30
2019-10-18 15:37:55.733 2312 RALLYDEBUG rally_openstack.wrappers.network [-] CIDR generated: 1.1.4.176/30
2019-10-18 15:37:57.940 2272 RALLYDEBUG rally_openstack.wrappers.network [-] CIDR generated: 1.1.4.180/30
2019-10-18 15:37:57.967 2271 RALLYDEBUG rally_openstack.wrappers.network [-] CIDR generated: 1.1.4.184/30
2019-10-18 15:37:58.332 2270 RALLYDEBUG rally_openstack.wrappers.network [-] CIDR generated: 1.1.4.188/30
2019-10-18 15:37:58.356 2275 RALLYDEBUG rally_openstack.wrappers.network [-] CIDR generated: 1.1.4.192/30
2019-10-18 15:37:58.361 2289 RALLYDEBUG rally_openstack.wrappers.network [-] CIDR generated: 1.1.4.196/30
2019-10-18 15:37:58.380 2291 RALLYDEBUG rally_openstack.wrappers.network [-] CIDR generated: 1.1.4.200/30
2019-10-18 15:37:58.388 2294 RALLYDEBUG rally_openstack.wrappers.network [-] CIDR generated: 1.1.4.204/30
2019-10-18 15:37:58.390 2306 RALLYDEBUG rally_openstack.wrappers.network [-] CIDR generated: 1.1.4.208/30
2019-10-18 15:37:58.409 2315 RALLYDEBUG rally_openstack.wrappers.network [-] CIDR generated: 1.1.4.212/30
2019-10-18 15:38:01.124 2277 RALLYDEBUG rally_openstack.wrappers.network [-] CIDR generated: 1.1.4.216/30
2019-10-18 15:38:01.523 2300 RALLYDEBUG rally_openstack.wrappers.network [-] CIDR generated: 1.1.4.220/30
2019-10-18 15:38:01.720 2319 RALLYDEBUG rally_openstack.wrappers.network [-] CIDR generated: 1.1.4.224/30
2019-10-18 15:38:01.841 2311 RALLYDEBUG rally_openstack.wrappers.network [-] CIDR generated: 1.1.4.228/30
2019-10-18 15:38:02.022 2280 RALLYDEBUG rally_openstack.wrappers.network [-] CIDR generated: 1.1.4.232/30
2019-10-18 15:38:02.375 2304 RALLYDEBUG rally_openstack.wrappers.network [-] CIDR generated: 1.1.4.236/30
2019-10-18 15:38:02.512 2298 RALLYDEBUG rally_openstack.wrappers.network [-] CIDR generated: 1.1.4.240/30
2019-10-18 15:38:02.753 2312 RALLYDEBUG rally_openstack.wrappers.network [-] CIDR generated: 1.1.4.244/30
2019-10-18 15:38:02.904 2285 RALLYDEBUG rally_openstack.wrappers.network [-] CIDR generated: 1.1.4.248/30
2019-10-18 15:38:02.938 2282 RALLYDEBUG rally_openstack.wrappers.network [-] CIDR generated: 1.1.4.252/30
2019-10-18 15:38:07.602 2315 INFO rally.task.runner [-] Task 77fb4597-f4cf-4e88-94c3-616387f0b9cb | ITER: 19 END: OK
2019-10-18 15:38:07.607 2315 INFO rally.task.runner [-] Task 77fb4597-f4cf-4e88-94c3-616387f0b9cb | ITER: 21 START
2019-10-18 15:38:07.607 2315 WARNING rally_openstack.scenarios.neutron.utils [-] Running this scenario without either the 'network' or 'existing_network' context is deprecated
2019-10-18 15:38:09.767 2315 RALLYDEBUG rally_openstack.wrappers.network [-] CIDR generated: 1.1.5.0/30
2019-10-18 15:38:09.833 2277 INFO rally.task.runner [-] Task 77fb4597-f4cf-4e88-94c3-616387f0b9cb | ITER: 6 END: OK
2019-10-18 15:38:09.838 2277 INFO rally.task.runner [-] Task 77fb4597-f4cf-4e88-94c3-616387f0b9cb | ITER: 22 START
2019-10-18 15:38:09.839 2277 WARNING rally_openstack.scenarios.neutron.utils [-] Running this scenario without either the 'network' or 'existing_network' context is deprecated
2019-10-18 15:38:11.621 2277 RALLYDEBUG rally_openstack.wrappers.network [-] CIDR generated: 1.1.5.4/30
2019-10-18 15:38:14.463 2269 INFO rally.task.runner [-] Task 77fb4597-f4cf-4e88-94c3-616387f0b9cb | ITER: 1 END: OK
2019-10-18 15:38:14.468 2269 INFO rally.task.runner [-] Task 77fb4597-f4cf-4e88-94c3-616387f0b9cb | ITER: 23 START
2019-10-18 15:38:14.469 2269 WARNING rally_openstack.scenarios.neutron.utils [-] Running this scenario without either the 'network' or 'existing_network' context is deprecated
2019-10-18 15:38:14.945 2275 INFO rally.task.runner [-] Task 77fb4597-f4cf-4e88-94c3-616387f0b9cb | ITER: 5 END: OK
2019-10-18 15:38:14.950 2275 INFO rally.task.runner [-] Task 77fb4597-f4cf-4e88-94c3-616387f0b9cb | ITER: 24 START
2019-10-18 15:38:14.950 2275 WARNING rally_openstack.scenarios.neutron.utils [-] Running this scenario without either the 'network' or 'existing_network' context is deprecated
2019-10-18 15:38:16.189 2269 RALLYDEBUG rally_openstack.wrappers.network [-] CIDR generated: 1.1.5.8/30
2019-10-18 15:38:16.454 2300 INFO rally.task.runner [-] Task 77fb4597-f4cf-4e88-94c3-616387f0b9cb | ITER: 14 END: OK
2019-10-18 15:38:16.463 2300 INFO rally.task.runner [-] Task 77fb4597-f4cf-4e88-94c3-616387f0b9cb | ITER: 25 START
2019-10-18 15:38:16.464 2300 WARNING rally_openstack.scenarios.neutron.utils [-] Running this scenario without either the 'network' or 'existing_network' context is deprecated
2019-10-18 15:38:17.779 2271 INFO rally.task.runner [-] Task 77fb4597-f4cf-4e88-94c3-616387f0b9cb | ITER: 3 END: OK
2019-10-18 15:38:17.788 2271 INFO rally.task.runner [-] Task 77fb4597-f4cf-4e88-94c3-616387f0b9cb | ITER: 26 START
2019-10-18 15:38:17.789 2271 WARNING rally_openstack.scenarios.neutron.utils [-] Running this scenario without either the 'network' or 'existing_network' context is deprecated
2019-10-18 15:38:17.807 2289 INFO rally.task.runner [-] Task 77fb4597-f4cf-4e88-94c3-616387f0b9cb | ITER: 10 END: OK
2019-10-18 15:38:17.816 2289 INFO rally.task.runner [-] Task 77fb4597-f4cf-4e88-94c3-616387f0b9cb | ITER: 27 START
2019-10-18 15:38:17.818 2289 WARNING rally_openstack.scenarios.neutron.utils [-] Running this scenario without either the 'network' or 'existing_network' context is deprecated
2019-10-18 15:38:17.964 2272 INFO rally.task.runner [-] Task 77fb4597-f4cf-4e88-94c3-616387f0b9cb | ITER: 4 END: OK
2019-10-18 15:38:17.972 2272 INFO rally.task.runner [-] Task 77fb4597-f4cf-4e88-94c3-616387f0b9cb | ITER: 28 START
2019-10-18 15:38:17.974 2272 WARNING rally_openstack.scenarios.neutron.utils [-] Running this scenario without either the 'network' or 'existing_network' context is deprecated
2019-10-18 15:38:18.107 2315 RALLYDEBUG rally_openstack.wrappers.network [-] CIDR generated: 1.1.5.12/30
2019-10-18 15:38:18.145 2294 INFO rally.task.runner [-] Task 77fb4597-f4cf-4e88-94c3-616387f0b9cb | ITER: 12 END: OK
2019-10-18 15:38:18.154 2294 INFO rally.task.runner [-] Task 77fb4597-f4cf-4e88-94c3-616387f0b9cb | ITER: 29 START
2019-10-18 15:38:18.154 2294 WARNING rally_openstack.scenarios.neutron.utils [-] Running this scenario without either the 'network' or 'existing_network' context is deprecated
2019-10-18 15:38:18.157 2275 RALLYDEBUG rally_openstack.wrappers.network [-] CIDR generated: 1.1.5.16/30
2019-10-18 15:38:18.271 2306 INFO rally.task.runner [-] Task 77fb4597-f4cf-4e88-94c3-616387f0b9cb | ITER: 16 END: OK
2019-10-18 15:38:18.279 2306 INFO rally.task.runner [-] Task 77fb4597-f4cf-4e88-94c3-616387f0b9cb | ITER: 30 START
2019-10-18 15:38:18.280 2306 WARNING rally_openstack.scenarios.neutron.utils [-] Running this scenario without either the 'network' or 'existing_network' context is deprecated
2019-10-18 15:38:18.545 2291 INFO rally.task.runner [-] Task 77fb4597-f4cf-4e88-94c3-616387f0b9cb | ITER: 11 END: OK
2019-10-18 15:38:18.554 2291 INFO rally.task.runner [-] Task 77fb4597-f4cf-4e88-94c3-616387f0b9cb | ITER: 31 START
2019-10-18 15:38:18.555 2291 WARNING rally_openstack.scenarios.neutron.utils [-] Running this scenario without either the 'network' or 'existing_network' context is deprecated
2019-10-18 15:38:18.585 2270 INFO rally.task.runner [-] Task 77fb4597-f4cf-4e88-94c3-616387f0b9cb | ITER: 2 END: OK
2019-10-18 15:38:18.594 2270 INFO rally.task.runner [-] Task 77fb4597-f4cf-4e88-94c3-616387f0b9cb | ITER: 32 START
2019-10-18 15:38:18.595 2270 WARNING rally_openstack.scenarios.neutron.utils [-] Running this scenario without either the 'network' or 'existing_network' context is deprecated
2019-10-18 15:38:19.350 2311 INFO rally.task.runner [-] Task 77fb4597-f4cf-4e88-94c3-616387f0b9cb | ITER: 17 END: OK
2019-10-18 15:38:19.359 2311 INFO rally.task.runner [-] Task 77fb4597-f4cf-4e88-94c3-616387f0b9cb | ITER: 33 START
2019-10-18 15:38:19.361 2311 WARNING rally_openstack.scenarios.neutron.utils [-] Running this scenario without either the 'network' or 'existing_network' context is deprecated
2019-10-18 15:38:19.549 2277 RALLYDEBUG rally_openstack.wrappers.network [-] CIDR generated: 1.1.5.20/30
2019-10-18 15:38:19.678 2294 RALLYDEBUG rally_openstack.wrappers.network [-] CIDR generated: 1.1.5.24/30
2019-10-18 15:38:19.987 2306 RALLYDEBUG rally_openstack.wrappers.network [-] CIDR generated: 1.1.5.28/30
2019-10-18 15:38:20.081 2291 RALLYDEBUG rally_openstack.wrappers.network [-] CIDR generated: 1.1.5.32/30
2019-10-18 15:38:20.125 2270 RALLYDEBUG rally_openstack.wrappers.network [-] CIDR generated: 1.1.5.36/30
2019-10-18 15:38:20.137 2319 INFO rally.task.runner [-] Task 77fb4597-f4cf-4e88-94c3-616387f0b9cb | ITER: 20 END: OK
2019-10-18 15:38:20.147 2319 INFO rally.task.runner [-] Task 77fb4597-f4cf-4e88-94c3-616387f0b9cb | ITER: 34 START
2019-10-18 15:38:20.149 2319 WARNING rally_openstack.scenarios.neutron.utils [-] Running this scenario without either the 'network' or 'existing_network' context is deprecated
2019-10-18 15:38:20.583 2275 RALLYDEBUG rally_openstack.wrappers.network [-] CIDR generated: 1.1.5.40/30
2019-10-18 15:38:20.708 2280 INFO rally.task.runner [-] Task 77fb4597-f4cf-4e88-94c3-616387f0b9cb | ITER: 7 END: OK
2019-10-18 15:38:20.716 2280 INFO rally.task.runner [-] Task 77fb4597-f4cf-4e88-94c3-616387f0b9cb | ITER: 35 START
2019-10-18 15:38:20.717 2280 WARNING rally_openstack.scenarios.neutron.utils [-] Running this scenario without either the 'network' or 'existing_network' context is deprecated
2019-10-18 15:38:20.955 2319 RALLYDEBUG rally_openstack.wrappers.network [-] CIDR generated: 1.1.5.44/30
2019-10-18 15:38:21.429 2300 RALLYDEBUG rally_openstack.wrappers.network [-] CIDR generated: 1.1.5.48/30
2019-10-18 15:38:21.712 2298 INFO rally.task.runner [-] Task 77fb4597-f4cf-4e88-94c3-616387f0b9cb | ITER: 13 END: OK
2019-10-18 15:38:21.722 2298 INFO rally.task.runner [-] Task 77fb4597-f4cf-4e88-94c3-616387f0b9cb | ITER: 36 START
2019-10-18 15:38:21.723 2298 WARNING rally_openstack.scenarios.neutron.utils [-] Running this scenario without either the 'network' or 'existing_network' context is deprecated
2019-10-18 15:38:22.109 2304 INFO rally.task.runner [-] Task 77fb4597-f4cf-4e88-94c3-616387f0b9cb | ITER: 15 END: OK
2019-10-18 15:38:22.117 2304 INFO rally.task.runner [-] Task 77fb4597-f4cf-4e88-94c3-616387f0b9cb | ITER: 37 START
2019-10-18 15:38:22.119 2304 WARNING rally_openstack.scenarios.neutron.utils [-] Running this scenario without either the 'network' or 'existing_network' context is deprecated
2019-10-18 15:38:22.269 2300 RALLYDEBUG rally_openstack.wrappers.network [-] CIDR generated: 1.1.5.52/30
2019-10-18 15:38:22.408 2312 INFO rally.task.runner [-] Task 77fb4597-f4cf-4e88-94c3-616387f0b9cb | ITER: 18 END: OK
2019-10-18 15:38:22.417 2298 RALLYDEBUG rally_openstack.wrappers.network [-] CIDR generated: 1.1.5.56/30
2019-10-18 15:38:22.418 2312 INFO rally.task.runner [-] Task 77fb4597-f4cf-4e88-94c3-616387f0b9cb | ITER: 38 START
2019-10-18 15:38:22.419 2312 WARNING rally_openstack.scenarios.neutron.utils [-] Running this scenario without either the 'network' or 'existing_network' context is deprecated
2019-10-18 15:38:22.508 2285 INFO rally.task.runner [-] Task 77fb4597-f4cf-4e88-94c3-616387f0b9cb | ITER: 9 END: OK
2019-10-18 15:38:22.515 2285 INFO rally.task.runner [-] Task 77fb4597-f4cf-4e88-94c3-616387f0b9cb | ITER: 39 START
2019-10-18 15:38:22.517 2285 WARNING rally_openstack.scenarios.neutron.utils [-] Running this scenario without either the 'network' or 'existing_network' context is deprecated
2019-10-18 15:38:22.657 2282 INFO rally.task.runner [-] Task 77fb4597-f4cf-4e88-94c3-616387f0b9cb | ITER: 8 END: OK
2019-10-18 15:38:22.667 2282 INFO rally.task.runner [-] Task 77fb4597-f4cf-4e88-94c3-616387f0b9cb | ITER: 40 START
2019-10-18 15:38:22.668 2282 WARNING rally_openstack.scenarios.neutron.utils [-] Running this scenario without either the 'network' or 'existing_network' context is deprecated
2019-10-18 15:38:22.751 2271 RALLYDEBUG rally_openstack.wrappers.network [-] CIDR generated: 1.1.5.60/30
2019-10-18 15:38:22.756 2289 RALLYDEBUG rally_openstack.wrappers.network [-] CIDR generated: 1.1.5.64/30
2019-10-18 15:38:22.929 2272 RALLYDEBUG rally_openstack.wrappers.network [-] CIDR generated: 1.1.5.68/30
2019-10-18 15:38:23.055 2304 RALLYDEBUG rally_openstack.wrappers.network [-] CIDR generated: 1.1.5.72/30
2019-10-18 15:38:23.996 2285 RALLYDEBUG rally_openstack.wrappers.network [-] CIDR generated: 1.1.5.76/30
2019-10-18 15:38:24.448 2271 RALLYDEBUG rally_openstack.wrappers.network [-] CIDR generated: 1.1.5.80/30
2019-10-18 15:38:24.453 2289 RALLYDEBUG rally_openstack.wrappers.network [-] CIDR generated: 1.1.5.84/30
2019-10-18 15:38:24.690 2272 RALLYDEBUG rally_openstack.wrappers.network [-] CIDR generated: 1.1.5.88/30
2019-10-18 15:38:25.394 2269 RALLYDEBUG rally_openstack.wrappers.network [-] CIDR generated: 1.1.5.92/30
2019-10-18 15:38:25.484 2311 RALLYDEBUG rally_openstack.wrappers.network [-] CIDR generated: 1.1.5.96/30
2019-10-18 15:38:26.369 2280 RALLYDEBUG rally_openstack.wrappers.network [-] CIDR generated: 1.1.5.100/30
2019-10-18 15:38:26.844 2311 RALLYDEBUG rally_openstack.wrappers.network [-] CIDR generated: 1.1.5.104/30
2019-10-18 15:38:27.177 2280 RALLYDEBUG rally_openstack.wrappers.network [-] CIDR generated: 1.1.5.108/30
2019-10-18 15:38:27.987 2282 RALLYDEBUG rally_openstack.wrappers.network [-] CIDR generated: 1.1.5.112/30
2019-10-18 15:38:28.102 2312 RALLYDEBUG rally_openstack.wrappers.network [-] CIDR generated: 1.1.5.116/30
2019-10-18 15:38:29.383 2282 RALLYDEBUG rally_openstack.wrappers.network [-] CIDR generated: 1.1.5.120/30
2019-10-18 15:38:29.399 2312 RALLYDEBUG rally_openstack.wrappers.network [-] CIDR generated: 1.1.5.124/30
2019-10-18 15:38:29.407 2306 RALLYDEBUG rally_openstack.wrappers.network [-] CIDR generated: 1.1.5.128/30
2019-10-18 15:38:29.496 2294 RALLYDEBUG rally_openstack.wrappers.network [-] CIDR generated: 1.1.5.132/30
2019-10-18 15:38:29.888 2270 RALLYDEBUG rally_openstack.wrappers.network [-] CIDR generated: 1.1.5.136/30
2019-10-18 15:38:30.020 2291 RALLYDEBUG rally_openstack.wrappers.network [-] CIDR generated: 1.1.5.140/30
2019-10-18 15:38:30.297 2319 RALLYDEBUG rally_openstack.wrappers.network [-] CIDR generated: 1.1.5.144/30
2019-10-18 15:38:30.862 2298 RALLYDEBUG rally_openstack.wrappers.network [-] CIDR generated: 1.1.5.148/30
2019-10-18 15:38:31.345 2304 RALLYDEBUG rally_openstack.wrappers.network [-] CIDR generated: 1.1.5.152/30
2019-10-18 15:38:31.501 2285 RALLYDEBUG rally_openstack.wrappers.network [-] CIDR generated: 1.1.5.156/30
2019-10-18 15:38:34.568 2315 INFO rally.task.runner [-] Task 77fb4597-f4cf-4e88-94c3-616387f0b9cb | ITER: 21 END: OK
2019-10-18 15:38:39.043 2277 INFO rally.task.runner [-] Task 77fb4597-f4cf-4e88-94c3-616387f0b9cb | ITER: 22 END: OK
2019-10-18 15:38:40.318 2275 INFO rally.task.runner [-] Task 77fb4597-f4cf-4e88-94c3-616387f0b9cb | ITER: 24 END: OK
2019-10-18 15:38:40.857 2300 INFO rally.task.runner [-] Task 77fb4597-f4cf-4e88-94c3-616387f0b9cb | ITER: 25 END: OK
2019-10-18 15:38:41.736 2306 INFO rally.task.runner [-] Task 77fb4597-f4cf-4e88-94c3-616387f0b9cb | ITER: 30 END: OK
2019-10-18 15:38:44.082 2289 INFO rally.task.runner [-] Task 77fb4597-f4cf-4e88-94c3-616387f0b9cb | ITER: 27 END: OK
2019-10-18 15:38:44.478 2272 INFO rally.task.runner [-] Task 77fb4597-f4cf-4e88-94c3-616387f0b9cb | ITER: 28 END: OK
2019-10-18 15:38:45.170 2291 INFO rally.task.runner [-] Task 77fb4597-f4cf-4e88-94c3-616387f0b9cb | ITER: 31 END: OK
2019-10-18 15:38:45.711 2319 INFO rally.task.runner [-] Task 77fb4597-f4cf-4e88-94c3-616387f0b9cb | ITER: 34 END: OK
2019-10-18 15:38:45.839 2311 INFO rally.task.runner [-] Task 77fb4597-f4cf-4e88-94c3-616387f0b9cb | ITER: 33 END: OK
2019-10-18 15:38:45.988 2298 INFO rally.task.runner [-] Task 77fb4597-f4cf-4e88-94c3-616387f0b9cb | ITER: 36 END: OK
2019-10-18 15:38:46.253 2312 INFO rally.task.runner [-] Task 77fb4597-f4cf-4e88-94c3-616387f0b9cb | ITER: 38 END: OK
2019-10-18 15:38:46.437 2282 INFO rally.task.runner [-] Task 77fb4597-f4cf-4e88-94c3-616387f0b9cb | ITER: 40 END: OK
2019-10-18 15:38:46.793 2269 INFO rally.task.runner [-] Task 77fb4597-f4cf-4e88-94c3-616387f0b9cb | ITER: 23 END: OK
2019-10-18 15:38:47.645 2271 INFO rally.task.runner [-] Task 77fb4597-f4cf-4e88-94c3-616387f0b9cb | ITER: 26 END: OK
2019-10-18 15:38:47.713 2294 INFO rally.task.runner [-] Task 77fb4597-f4cf-4e88-94c3-616387f0b9cb | ITER: 29 END: OK
2019-10-18 15:38:48.020 2285 INFO rally.task.runner [-] Task 77fb4597-f4cf-4e88-94c3-616387f0b9cb | ITER: 39 END: OK
2019-10-18 15:38:48.209 2280 INFO rally.task.runner [-] Task 77fb4597-f4cf-4e88-94c3-616387f0b9cb | ITER: 35 END: OK
2019-10-18 15:38:48.374 2270 INFO rally.task.runner [-] Task 77fb4597-f4cf-4e88-94c3-616387f0b9cb | ITER: 32 END: OK
2019-10-18 15:38:48.640 2304 INFO rally.task.runner [-] Task 77fb4597-f4cf-4e88-94c3-616387f0b9cb | ITER: 37 END: OK
2019-10-18 15:38:48.668 15 INFO rally.task.context [-] Task 77fb4597-f4cf-4e88-94c3-616387f0b9cb | Context cleanup@openstack cleanup() started
2019-10-18 15:38:48.673 15 RALLYDEBUG rally_openstack.cleanup.manager [-] Cleaning up neutron vip objects
2019-10-18 15:38:48.896 15 RALLYDEBUG rally_openstack.cleanup.manager [-] Cleaning up neutron health_monitor objects
2019-10-18 15:38:49.100 15 RALLYDEBUG rally_openstack.cleanup.manager [-] Cleaning up neutron pool objects
2019-10-18 15:38:49.318 15 RALLYDEBUG rally_openstack.cleanup.manager [-] Cleaning up neutron loadbalancer objects
2019-10-18 15:38:49.516 15 RALLYDEBUG rally_openstack.cleanup.manager [-] Cleaning up neutron floatingip objects
2019-10-18 15:38:49.739 15 RALLYDEBUG rally_openstack.cleanup.manager [-] Cleaning up neutron trunk objects
2019-10-18 15:38:49.951 15 DEBUG neutronclient.v2_0.client [-] Error message: {"message": "The resource could not be found.

\n\n\n", "code": "404 Not Found", "title": "Not Found"} _handle_fault_response /usr/lib/python2.7/site-packages/neutronclient/v2_0/client.py:259
2019-10-18 15:38:49.960 15 RALLYDEBUG rally_openstack.cleanup.manager [-] Cleaning up neutron port objects
2019-10-18 15:38:50.366 15 RALLYDEBUG rally_openstack.cleanup.manager [-] Cleaning up neutron subnet objects
2019-10-18 15:38:50.620 15 RALLYDEBUG rally_openstack.cleanup.manager [-] Cleaning up neutron network objects
2019-10-18 15:38:51.090 15 RALLYDEBUG rally_openstack.cleanup.manager [-] Deleting neutron.network object s_rally_018483d3_ovnT2sbT (0717d0d8-61f7-4e61-8417-495d9c7109d1)
2019-10-18 15:38:51.099 15 RALLYDEBUG rally_openstack.cleanup.manager [-] Deleting neutron.network object s_rally_018483d3_5oya5WCy (07d1acf0-b9ed-44fe-b8d7-9acc787fbb6c)
2019-10-18 15:38:51.108 15 RALLYDEBUG rally_openstack.cleanup.manager [-] Deleting neutron.network object s_rally_018483d3_IdGK35fP (0e295504-7780-4a15-93c5-42d127077ed7)
2019-10-18 15:38:51.118 15 RALLYDEBUG rally_openstack.cleanup.manager [-] Deleting neutron.network object s_rally_018483d3_0DirrHTi (1023b88c-000e-4b96-9588-1cb29a1f47d8)
2019-10-18 15:38:51.131 15 RALLYDEBUG rally_openstack.cleanup.manager [-] Deleting neutron.network object s_rally_018483d3_5a4n0IXo (1b0e71a0-89b3-4f42-9b7d-b8291e6b0a32)
2019-10-18 15:38:51.139 15 RALLYDEBUG rally_openstack.cleanup.manager [-] Deleting neutron.network object s_rally_018483d3_xT31eomc (22decc07-0064-4f1f-a303-aad8ee360bc6)
2019-10-18 15:38:51.158 15 RALLYDEBUG rally_openstack.cleanup.manager [-] Deleting neutron.network object s_rally_018483d3_KekM4P9V (310dcb0e-1467-4386-845f-d5ae307e2319)
2019-10-18 15:38:51.167 15 RALLYDEBUG rally_openstack.cleanup.manager [-] Deleting neutron.network object s_rally_018483d3_FioaMcwu (325ca55b-fe09-4977-b77a-d01f564d19ca)
2019-10-18 15:38:51.232 15 RALLYDEBUG rally_openstack.cleanup.manager [-] Deleting neutron.network object s_rally_018483d3_oZUmFWpF (32f094a9-03e3-4e2a-b57d-a7a742565a76)
2019-10-18 15:38:51.233 15 RALLYDEBUG rally_openstack.cleanup.manager [-] Deleting neutron.network object s_rally_018483d3_UBsmLJVi (43ca4ad3-6226-4eb5-b564-624c96c52f82)
2019-10-18 15:38:51.250 15 RALLYDEBUG rally_openstack.cleanup.manager [-] Deleting neutron.network object s_rally_018483d3_HX5YAAOk (404d1ff3-c491-4f0d-88a5-d09fd969eee6)
2019-10-18 15:38:51.262 15 RALLYDEBUG rally_openstack.cleanup.manager [-] Deleting neutron.network object s_rally_018483d3_4KQQ7hve (3eba923d-7353-4661-9a94-acba1c4910a9)
2019-10-18 15:38:51.265 15 RALLYDEBUG rally_openstack.cleanup.manager [-] Deleting neutron.network object s_rally_018483d3_kT9bVHgw (48326918-fb17-452d-8cf5-ce0d7da78690)
2019-10-18 15:38:51.279 15 RALLYDEBUG rally_openstack.cleanup.manager [-] Deleting neutron.network object s_rally_018483d3_3kXYh3rT (49c16e78-9903-42cb-854c-140aab8adbf7)
2019-10-18 15:38:51.283 15 RALLYDEBUG rally_openstack.cleanup.manager [-] Deleting neutron.network object s_rally_018483d3_T6q5D56o (4911534c-3373-4783-90ef-2c947a0322fc)
2019-10-18 15:38:51.286 15 RALLYDEBUG rally_openstack.cleanup.manager [-] Deleting neutron.network object s_rally_018483d3_zIVlseGb (486d313d-cf27-41b6-87c4-2eb886627cc6)
2019-10-18 15:38:51.287 15 RALLYDEBUG rally_openstack.cleanup.manager [-] Deleting neutron.network object s_rally_018483d3_4SbHG3xT (48df1e4c-eb0d-4d8e-bf9d-b89a008512ae)
2019-10-18 15:38:51.305 15 RALLYDEBUG rally_openstack.cleanup.manager [-] Deleting neutron.network object s_rally_018483d3_uxReZKaa (55ec30ec-8b0d-49ed-a790-b77f3f289102)
2019-10-18 15:38:51.321 15 RALLYDEBUG rally_openstack.cleanup.manager [-] Deleting neutron.network object s_rally_018483d3_1Pj29QMr (575ed7f5-c2b6-411d-89c6-3137f46c62a6)
2019-10-18 15:38:51.333 15 RALLYDEBUG rally_openstack.cleanup.manager [-] Deleting neutron.network object s_rally_018483d3_co3MG4PE (58597711-2995-4c3d-ab34-8ab83f79dcc4)
2019-10-18 15:38:56.601 15 RALLYDEBUG rally_openstack.cleanup.manager [-] Deleting neutron.network object s_rally_018483d3_Xk3S9FTz (5ab64273-e8d2-4f7c-b596-70a9af04c770)
2019-10-18 15:38:56.846 15 RALLYDEBUG rally_openstack.cleanup.manager [-] Deleting neutron.network object s_rally_018483d3_yNoF6BhX (5b66e1fd-40bb-4e4d-8144-dfe7b8112c83)
2019-10-18 15:38:56.992 15 RALLYDEBUG rally_openstack.cleanup.manager [-] Deleting neutron.network object s_rally_018483d3_9meojOSs (5e0f8731-d0a8-4dc2-88cb-0f920c386f52)
2019-10-18 15:38:57.076 15 RALLYDEBUG rally_openstack.cleanup.manager [-] Deleting neutron.network object s_rally_018483d3_OELqX2I1 (673915ea-6570-4219-a50b-fb4f73be49a2)
2019-10-18 15:38:57.450 15 RALLYDEBUG rally_openstack.cleanup.manager [-] Deleting neutron.network object s_rally_018483d3_gm4atQJ0 (789e6b6f-6c6c-4afb-a4d6-b2921f06876f)
2019-10-18 15:38:57.459 15 RALLYDEBUG rally_openstack.cleanup.manager [-] Deleting neutron.network object s_rally_018483d3_HsHfWW04 (7bd35508-83b6-416d-bb94-18877f8817ab)
2019-10-18 15:38:57.464 15 RALLYDEBUG rally_openstack.cleanup.manager [-] Deleting neutron.network object s_rally_018483d3_HLoHbGHC (7c063e43-85f1-4a73-b2b0-ca89505a58ed)
2019-10-18 15:38:57.857 15 RALLYDEBUG rally_openstack.cleanup.manager [-] Deleting neutron.network object s_rally_018483d3_Eaxu7ebL (83fe4852-50ff-4098-8c11-1ab07d0eaed9)
2019-10-18 15:38:58.134 15 RALLYDEBUG rally_openstack.cleanup.manager [-] Deleting neutron.network object s_rally_018483d3_3OAiFBzM (925f5674-3360-435c-be7b-608e222bd1db)
2019-10-18 15:38:58.565 15 RALLYDEBUG rally_openstack.cleanup.manager [-] Deleting neutron.network object s_rally_018483d3_2KjT6fJ4 (9893f0b0-7a94-4ebc-81bb-9d60ba98d56f)
2019-10-18 15:38:58.601 15 RALLYDEBUG rally_openstack.cleanup.manager [-] Deleting neutron.network object s_rally_018483d3_0DSU5k0N (9aabe423-6833-4427-8737-2e5c240303b4)
2019-10-18 15:38:58.651 15 RALLYDEBUG rally_openstack.cleanup.manager [-] Deleting neutron.network object s_rally_018483d3_pqUrofhh (a46847ed-e366-4a6f-bfd5-90868177a08d)
2019-10-18 15:38:58.715 15 RALLYDEBUG rally_openstack.cleanup.manager [-] Deleting neutron.network object s_rally_018483d3_3jiLPxDG (aaceccc7-9e94-436b-bae0-8a5c3afc72f5)
2019-10-18 15:38:58.742 15 RALLYDEBUG rally_openstack.cleanup.manager [-] Deleting neutron.network object s_rally_018483d3_aBcBFw8N (ab4939af-8701-43c4-aba5-21f3076e1d69)
2019-10-18 15:38:59.849 15 RALLYDEBUG rally_openstack.cleanup.manager [-] Deleting neutron.network object s_rally_018483d3_V3XvRkqP (b688cfd2-1ba7-458b-83be-85680136281a)
2019-10-18 15:39:00.858 15 RALLYDEBUG rally_openstack.cleanup.manager [-] Deleting neutron.network object s_rally_018483d3_A1J3ivzL (bea3da6c-307e-4196-8d75-baffd076c615)
2019-10-18 15:39:01.100 15 RALLYDEBUG rally_openstack.cleanup.manager [-] Deleting neutron.network object s_rally_018483d3_YB9dKSBP (cded6ad2-489d-4835-bcfa-267c8131981f)
2019-10-18 15:39:01.136 15 RALLYDEBUG rally_openstack.cleanup.manager [-] Deleting neutron.network object s_rally_018483d3_iKzu8K1J (e55c9807-fdd1-481e-84f5-e87562743439)
2019-10-18 15:39:02.117 15 RALLYDEBUG rally_openstack.cleanup.manager [-] Deleting neutron.network object s_rally_018483d3_cPnjcgo2 (edc23beb-6fc7-498b-adda-d77f4d971e4f)
2019-10-18 15:39:02.510 15 RALLYDEBUG rally_openstack.cleanup.manager [-] Deleting neutron.network object s_rally_018483d3_zD9pGM5F (f143b36a-cbef-427e-bde4-89a4e96e7f92)
2019-10-18 15:39:11.584 15 RALLYDEBUG rally_openstack.cleanup.manager [-] Cleaning up neutron router objects
2019-10-18 15:39:11.849 15 RALLYDEBUG rally_openstack.cleanup.manager [-] Cleaning up neutron security_group objects
2019-10-18 15:39:12.265 15 INFO rally.task.context [-] Task 77fb4597-f4cf-4e88-94c3-616387f0b9cb | Context cleanup@openstack cleanup() finished in 23.60 sec
2019-10-18 15:39:12.266 15 INFO rally.task.context [-] Task 77fb4597-f4cf-4e88-94c3-616387f0b9cb | Context quotas@openstack cleanup() started
2019-10-18 15:39:12.308 15 INFO rally.task.context [-] Task 77fb4597-f4cf-4e88-94c3-616387f0b9cb | Context quotas@openstack cleanup() finished in 41.97 msec
2019-10-18 15:39:12.308 15 INFO rally.task.context [-] Task 77fb4597-f4cf-4e88-94c3-616387f0b9cb | Context users@openstack cleanup() started
2019-10-18 15:39:13.930 15 INFO rally.task.context [-] Task 77fb4597-f4cf-4e88-94c3-616387f0b9cb | Context users@openstack cleanup() finished in 1.62 sec
2019-10-18 15:39:15.681 15 INFO rally.task.engine [-] Load duration is: 58.181784
2019-10-18 15:39:15.681 15 INFO rally.task.engine [-] Full runner duration is: 58.233072
2019-10-18 15:39:15.682 15 INFO rally.task.engine [-] Full duration is: 84.613197
2019-10-18 15:39:15.788 15 INFO rally.task.engine [-] Running workload: position = 0 config = { "version": 2, "title": "A cropped version of a bigger task.", "description": "Auto-generated task from a single workload (uuid=7d6ed0fa-582c-40fa-a285-358583f9483d)", "subtasks": [ { "title": "NeutronNetworks.create_and_list_routers", "description": "Create and a given number of routers and list all routers.", "scenario": { "NeutronNetworks.create_and_list_routers": { "network_create_args": null, "subnet_create_args": null, "subnet_cidr_start": "1.1.0.0/30", "subnets_per_network": 2, "router_create_args": null } }, "contexts": { "users": { "tenants": 1, "users_per_tenant": 1 }, "quotas": { "neutron": { "network": -1, "subnet": -1, "router": -1 } } }, "runner": { "constant": { "times": 40, "concurrency": 20 } }, "hooks": [], "sla": { "failure_rate": { "max": 0 } } } ] }
2019-10-18 15:39:15.804 15 RALLYDEBUG rally_openstack.contexts.keystone.users [-] Creating 1 tenants using 20 threads
2019-10-18 15:39:16.345 15 RALLYDEBUG rally_openstack.contexts.keystone.users [-] Creating 1 users using 20 threads
2019-10-18 15:39:16.773 15 INFO rally.task.context [-] Task 77fb4597-f4cf-4e88-94c3-616387f0b9cb | Context users@openstack setup() finished in 0.97 sec
2019-10-18 15:39:17.177 15 INFO rally.task.context [-] Task 77fb4597-f4cf-4e88-94c3-616387f0b9cb | Context quotas@openstack setup() finished in 0.40 sec
2019-10-18 15:39:17.178 15 INFO rally.task.context [-] Task 77fb4597-f4cf-4e88-94c3-616387f0b9cb | Context cleanup@openstack setup() finished in 0.01 msec
2019-10-18 15:39:17.187 15 RALLYDEBUG rally.task.runner [-] Starting the constant runner (task UUID: 77fb4597-f4cf-4e88-94c3-616387f0b9cb). timeout: 0 concurrency: 20 concurrency_per_worker: 1 times: 40 concurrency_overhead: 0 processes_to_start: 20 max_cpu_used: 88
2019-10-18 15:39:17.201 2671 RALLYDEBUG rally.task.runner [-] Starting a worker. concurrency: 1 args: {"network_create_args": null, "subnet_create_args": null, "subnet_cidr_start": "1.1.0.0/30", "subnets_per_network": 2, "router_create_args": null} times: 40 method_name: run timeout: 0 duration: None cls:
2019-10-18 15:39:17.204 2672 RALLYDEBUG rally.task.runner [-] Starting a worker. concurrency: 1 args: {"network_create_args": null, "subnet_create_args": null, "subnet_cidr_start": "1.1.0.0/30", "subnets_per_network": 2, "router_create_args": null} times: 40 method_name: run timeout: 0 duration: None cls:
2019-10-18 15:39:17.206 2673 RALLYDEBUG rally.task.runner [-] Starting a worker. concurrency: 1 args: {"network_create_args": null, "subnet_create_args": null, "subnet_cidr_start": "1.1.0.0/30", "subnets_per_network": 2, "router_create_args": null} times: 40 method_name: run timeout: 0 duration: None cls:
2019-10-18 15:39:17.207 2671 INFO rally.task.runner [-] Task 77fb4597-f4cf-4e88-94c3-616387f0b9cb | ITER: 1 START
2019-10-18 15:39:17.209 2674 RALLYDEBUG rally.task.runner [-] Starting a worker. concurrency: 1 args: {"network_create_args": null, "subnet_create_args": null, "subnet_cidr_start": "1.1.0.0/30", "subnets_per_network": 2, "router_create_args": null} times: 40 method_name: run timeout: 0 duration: None cls:
2019-10-18 15:39:17.210 2672 INFO rally.task.runner [-] Task 77fb4597-f4cf-4e88-94c3-616387f0b9cb | ITER: 2 START
2019-10-18 15:39:17.212 2673 INFO rally.task.runner [-] Task 77fb4597-f4cf-4e88-94c3-616387f0b9cb | ITER: 3 START
2019-10-18 15:39:17.211 2675 RALLYDEBUG rally.task.runner [-] Starting a worker. concurrency: 1 args: {"network_create_args": null, "subnet_create_args": null, "subnet_cidr_start": "1.1.0.0/30", "subnets_per_network": 2, "router_create_args": null} times: 40 method_name: run timeout: 0 duration: None cls:
2019-10-18 15:39:17.214 2678 RALLYDEBUG rally.task.runner [-] Starting a worker. concurrency: 1 args: {"network_create_args": null, "subnet_create_args": null, "subnet_cidr_start": "1.1.0.0/30", "subnets_per_network": 2, "router_create_args": null} times: 40 method_name: run timeout: 0 duration: None cls:
2019-10-18 15:39:17.215 2674 INFO rally.task.runner [-] Task 77fb4597-f4cf-4e88-94c3-616387f0b9cb | ITER: 4 START
2019-10-18 15:39:17.217 2675 INFO rally.task.runner [-] Task 77fb4597-f4cf-4e88-94c3-616387f0b9cb | ITER: 5 START
2019-10-18 15:39:17.217 2681 RALLYDEBUG rally.task.runner [-] Starting a worker. concurrency: 1 args: {"network_create_args": null, "subnet_create_args": null, "subnet_cidr_start": "1.1.0.0/30", "subnets_per_network": 2, "router_create_args": null} times: 40 method_name: run timeout: 0 duration: None cls:
2019-10-18 15:39:17.220 2678 INFO rally.task.runner [-] Task 77fb4597-f4cf-4e88-94c3-616387f0b9cb | ITER: 6 START
2019-10-18 15:39:17.220 2684 RALLYDEBUG rally.task.runner [-] Starting a worker. concurrency: 1 args: {"network_create_args": null, "subnet_create_args": null, "subnet_cidr_start": "1.1.0.0/30", "subnets_per_network": 2, "router_create_args": null} times: 40 method_name: run timeout: 0 duration: None cls:
2019-10-18 15:39:17.222 2687 RALLYDEBUG rally.task.runner [-] Starting a worker. concurrency: 1 args: {"network_create_args": null, "subnet_create_args": null, "subnet_cidr_start": "1.1.0.0/30", "subnets_per_network": 2, "router_create_args": null} times: 40 method_name: run timeout: 0 duration: None cls:
2019-10-18 15:39:17.223 2681 INFO rally.task.runner [-] Task 77fb4597-f4cf-4e88-94c3-616387f0b9cb | ITER: 7 START
2019-10-18 15:39:17.225 2690 RALLYDEBUG rally.task.runner [-] Starting a worker. concurrency: 1 args: {"network_create_args": null, "subnet_create_args": null, "subnet_cidr_start": "1.1.0.0/30", "subnets_per_network": 2, "router_create_args": null} times: 40 method_name: run timeout: 0 duration: None cls:
2019-10-18 15:39:17.226 2684 INFO rally.task.runner [-] Task 77fb4597-f4cf-4e88-94c3-616387f0b9cb | ITER: 8 START
2019-10-18 15:39:17.228 2687 INFO rally.task.runner [-] Task 77fb4597-f4cf-4e88-94c3-616387f0b9cb | ITER: 9 START
2019-10-18 15:39:17.228 2693 RALLYDEBUG rally.task.runner [-] Starting a worker. concurrency: 1 args: {"network_create_args": null, "subnet_create_args": null, "subnet_cidr_start": "1.1.0.0/30", "subnets_per_network": 2, "router_create_args": null} times: 40 method_name: run timeout: 0 duration: None cls:
2019-10-18 15:39:17.231 2690 INFO rally.task.runner [-] Task 77fb4597-f4cf-4e88-94c3-616387f0b9cb | ITER: 10 START
2019-10-18 15:39:17.231 2696 RALLYDEBUG rally.task.runner [-] Starting a worker. concurrency: 1 args: {"network_create_args": null, "subnet_create_args": null, "subnet_cidr_start": "1.1.0.0/30", "subnets_per_network": 2, "router_create_args": null} times: 40 method_name: run timeout: 0 duration: None cls:
2019-10-18 15:39:17.233 2699 RALLYDEBUG rally.task.runner [-] Starting a worker. concurrency: 1 args: {"network_create_args": null, "subnet_create_args": null, "subnet_cidr_start": "1.1.0.0/30", "subnets_per_network": 2, "router_create_args": null} times: 40 method_name: run timeout: 0 duration: None cls:
2019-10-18 15:39:17.234 2693 INFO rally.task.runner [-] Task 77fb4597-f4cf-4e88-94c3-616387f0b9cb | ITER: 11 START
2019-10-18 15:39:17.237 2703 RALLYDEBUG rally.task.runner [-] Starting a worker. concurrency: 1 args: {"network_create_args": null, "subnet_create_args": null, "subnet_cidr_start": "1.1.0.0/30", "subnets_per_network": 2, "router_create_args": null} times: 40 method_name: run timeout: 0 duration: None cls:
2019-10-18 15:39:17.237 2696 INFO rally.task.runner [-] Task 77fb4597-f4cf-4e88-94c3-616387f0b9cb | ITER: 12 START
2019-10-18 15:39:17.239 2699 INFO rally.task.runner [-] Task 77fb4597-f4cf-4e88-94c3-616387f0b9cb | ITER: 13 START
2019-10-18 15:39:17.240 2705 RALLYDEBUG rally.task.runner [-] Starting a worker. concurrency: 1 args: {"network_create_args": null, "subnet_create_args": null, "subnet_cidr_start": "1.1.0.0/30", "subnets_per_network": 2, "router_create_args": null} times: 40 method_name: run timeout: 0 duration: None cls:
2019-10-18 15:39:17.241 2708 RALLYDEBUG rally.task.runner [-] Starting a worker. concurrency: 1 args: {"network_create_args": null, "subnet_create_args": null, "subnet_cidr_start": "1.1.0.0/30", "subnets_per_network": 2, "router_create_args": null} times: 40 method_name: run timeout: 0 duration: None cls:
