2019-10-18 15:26:59.799 6 RALLYDEBUG rally.api [-] INFO logs from urllib3 and requests module are hide.
2019-10-18 15:26:59.799 6 RALLYDEBUG rally.api [-] urllib3 insecure warnings are hidden.
2019-10-18 15:26:59.799 6 RALLYDEBUG rally.api [-] ERROR log from boto module is hide.
2019-10-18 15:27:01.099 6 ERROR rally.cli.cliutils [-] Unexpected exception in CLI: DBRecordNotFound: Record for uuid or name is opnfv-rally not found in table envs
2019-10-18 15:27:01.099 6 ERROR rally.cli.cliutils
Traceback (most recent call last):
2019-10-18 15:27:01.099 6 ERROR rally.cli.cliutils
File "/usr/lib/python2.7/site-packages/rally/cli/cliutils.py", line 674, in run
2019-10-18 15:27:01.099 6 ERROR rally.cli.cliutils ret = fn(*fn_args, **fn_kwargs)
2019-10-18 15:27:01.099 6 ERROR rally.cli.cliutils File "", line 2, in destroy
2019-10-18 15:27:01.099 6 ERROR rally.cli.cliutils
File "/usr/lib/python2.7/site-packages/rally/cli/envutils.py", line 68, in default_from_global
2019-10-18 15:27:01.099 6 ERROR rally.cli.cliutils return f(*args, **kwargs)
2019-10-18 15:27:01.099 6 ERROR rally.cli.cliutils File "", line 2, in destroy
2019-10-18 15:27:01.099 6 ERROR rally.cli.cliutils
File "/usr/lib/python2.7/site-packages/rally/plugins/__init__.py", line 51, in ensure_plugins_are_loaded
2019-10-18 15:27:01.099 6 ERROR rally.cli.cliutils return f(*args, **kwargs)
2019-10-18 15:27:01.099 6 ERROR rally.cli.cliutils
File "/usr/lib/python2.7/site-packages/rally/cli/commands/deployment.py", line 157, in destroy
2019-10-18 15:27:01.099 6 ERROR rally.cli.cliutils api.deployment.destroy(deployment=deployment)
2019-10-18 15:27:01.099 6 ERROR rally.cli.cliutils
File "/usr/lib/python2.7/site-packages/rally/api.py", line 115, in destroy
2019-10-18 15:27:01.099 6 ERROR rally.cli.cliutils deploy = objects.Deployment.get(deployment)
2019-10-18 15:27:01.099 6 ERROR rally.cli.cliutils
File "/usr/lib/python2.7/site-packages/rally/common/objects/deploy.py", line 124, in get
2019-10-18 15:27:01.099 6 ERROR rally.cli.cliutils return Deployment(env_mgr.EnvManager.get(deploy))
2019-10-18 15:27:01.099 6 ERROR rally.cli.cliutils
File "/usr/lib/python2.7/site-packages/rally/env/env_mgr.py", line 212, in get
2019-10-18 15:27:01.099 6 ERROR rally.cli.cliutils return cls(db.env_get(uuid_or_name))
2019-10-18 15:27:01.099 6 ERROR rally.cli.cliutils
File "/usr/lib/python2.7/site-packages/rally/common/db/api.py", line 135, in wrapper
2019-10-18 15:27:01.099 6 ERROR rally.cli.cliutils result = f(session, *args, **kwargs)
2019-10-18 15:27:01.099 6 ERROR rally.cli.cliutils
File "/usr/lib/python2.7/site-packages/rally/common/db/api.py", line 521, in env_get
2019-10-18 15:27:01.099 6 ERROR rally.cli.cliutils criteria="uuid or name is %s" % uuid_or_name, table="envs")
2019-10-18 15:27:01.099 6 ERROR rally.cli.cliutils DBRecordNotFound: Record for uuid or name is opnfv-rally not found in table envs
2019-10-18 15:27:01.099 6 ERROR rally.cli.cliutils
2019-10-18 15:27:01.866 8 RALLYDEBUG rally.api [-] INFO logs from urllib3 and requests module are hide.
2019-10-18 15:27:01.866 8 RALLYDEBUG rally.api [-] urllib3 insecure warnings are hidden.
2019-10-18 15:27:01.866 8 RALLYDEBUG rally.api [-] ERROR log from boto module is hide.
2019-10-18 15:27:04.036 10 RALLYDEBUG rally.api [-] INFO logs from urllib3 and requests module are hide.
2019-10-18 15:27:04.037 10 RALLYDEBUG rally.api [-] urllib3 insecure warnings are hidden.
2019-10-18 15:27:04.037 10 RALLYDEBUG rally.api [-] ERROR log from boto module is hide.
2019-10-18 15:27:06.686 13 RALLYDEBUG rally.api [-] INFO logs from urllib3 and requests module are hide.
2019-10-18 15:27:06.687 13 RALLYDEBUG rally.api [-] urllib3 insecure warnings are hidden.
2019-10-18 15:27:06.687 13 RALLYDEBUG rally.api [-] ERROR log from boto module is hide.
2019-10-18 15:27:08.057 15 RALLYDEBUG rally.api [-] INFO logs from urllib3 and requests module are hide.
2019-10-18 15:27:08.057 15 RALLYDEBUG rally.api [-] urllib3 insecure warnings are hidden.
2019-10-18 15:27:08.058 15 RALLYDEBUG rally.api [-] ERROR log from boto module is hide.
2019-10-18 15:27:09.292 15 INFO rally.common.plugin.discover [-] Loading plugins from directories /root/.rally/plugins/*
2019-10-18 15:27:09.292 15 INFO rally.common.plugin.discover [-] Loaded module with plugins: /root/.rally/plugins/__init__.py
2019-10-18 15:27:09.295 15 INFO rally.common.plugin.discover [-] Loaded module with plugins: /root/.rally/plugins/trunk_scenario.py
2019-10-18 15:27:09.455 15 INFO rally.task.engine [-] Task 77fb4597-f4cf-4e88-94c3-616387f0b9cb | Starting: Task validation.
2019-10-18 15:27:09.474 15 INFO rally.task.engine [-] Task 77fb4597-f4cf-4e88-94c3-616387f0b9cb | Starting: Task validation of syntax.
2019-10-18 15:27:09.626 15 INFO rally.task.engine [-] Task 77fb4597-f4cf-4e88-94c3-616387f0b9cb | Completed: Task validation of syntax.
2019-10-18 15:27:09.626 15 INFO rally.task.engine [-] Task 77fb4597-f4cf-4e88-94c3-616387f0b9cb | Starting: Task validation of required platforms.
2019-10-18 15:27:09.694 15 INFO rally.task.engine [-] Task 77fb4597-f4cf-4e88-94c3-616387f0b9cb | Completed: Task validation of required platforms.
2019-10-18 15:27:09.694 15 INFO rally.task.engine [-] Task 77fb4597-f4cf-4e88-94c3-616387f0b9cb | Starting: Task validation of semantic.
2019-10-18 15:27:09.694 15 INFO rally.task.engine [-] Check health of the environment 'd797ed1c-9aa2-4bde-b719-02c16c8b76aa'.
2019-10-18 15:27:10.088 15 INFO rally.task.engine [-] Platform existing@openstack (available: True): OK!
2019-10-18 15:27:10.098 15 RALLYDEBUG rally_openstack.contexts.keystone.users [-] Creating 1 tenants using 20 threads
2019-10-18 15:27:10.359 15 RALLYDEBUG rally_openstack.contexts.keystone.users [-] Creating 1 users using 20 threads
2019-10-18 15:27:10.767 15 INFO rally.task.context [-] Task 77fb4597-f4cf-4e88-94c3-616387f0b9cb | Context users@openstack setup() finished in 0.67 sec
2019-10-18 15:27:12.105 15 INFO rally.task.context [-] Task 77fb4597-f4cf-4e88-94c3-616387f0b9cb | Context users@openstack cleanup() started
2019-10-18 15:27:13.820 15 INFO rally.task.context [-] Task 77fb4597-f4cf-4e88-94c3-616387f0b9cb | Context users@openstack cleanup() finished in 1.71 sec
2019-10-18 15:27:13.820 15 INFO rally.task.engine [-] Task 77fb4597-f4cf-4e88-94c3-616387f0b9cb | Completed: Task validation of semantic.
2019-10-18 15:27:13.821 15 INFO rally.task.engine [-] Task 77fb4597-f4cf-4e88-94c3-616387f0b9cb | Completed: Task validation.
2019-10-18 15:27:13.821 15 INFO rally.api [-] Task 77fb4597-f4cf-4e88-94c3-616387f0b9cb input file is valid.
2019-10-18 15:27:13.821 15 INFO rally.api [-] Run Task 77fb4597-f4cf-4e88-94c3-616387f0b9cb against Deployment d797ed1c-9aa2-4bde-b719-02c16c8b76aa
2019-10-18 15:27:13.822 15 INFO rally.task.engine [-] Task 77fb4597-f4cf-4e88-94c3-616387f0b9cb | Starting: Running task.
2019-10-18 15:27:13.871 15 INFO rally.task.engine [-] Running workload: position = 0 config = { "version": 2, "title": "A cropped version of a bigger task.", "description": "Auto-generated task from a single workload (uuid=fd9dbbb0-4b30-44ac-a538-60e9be8ef20a)", "subtasks": [ { "title": "NeutronNetworks.create_and_list_networks", "description": "Check performance of list_networks action and ensure > network quotas are not exceeded", "scenario": { "NeutronNetworks.create_and_list_networks": {} }, "contexts": { "users": { "tenants": 1, "users_per_tenant": 1 }, "quotas": { "neutron": { "network": 119 } } }, "runner": { "constant": { "times": 100, "concurrency": 20 } }, "hooks": [], "sla": { "max_avg_duration_per_atomic": { "neutron.list_networks": 15 }, "failure_rate": { "max": 0 } } } ] }
2019-10-18 15:27:13.885 15 RALLYDEBUG rally_openstack.contexts.keystone.users [-] Creating 1 tenants using 20 threads
2019-10-18 15:27:14.233 15 RALLYDEBUG rally_openstack.contexts.keystone.users [-] Creating 1 users using 20 threads
2019-10-18 15:27:14.665 15 INFO rally.task.context [-] Task 77fb4597-f4cf-4e88-94c3-616387f0b9cb | Context users@openstack setup() finished in 0.78 sec
2019-10-18 15:27:15.012 15 INFO rally.task.context [-] Task 77fb4597-f4cf-4e88-94c3-616387f0b9cb | Context quotas@openstack setup() finished in 0.35 sec
2019-10-18 15:27:15.012 15 INFO rally.task.context [-] Task 77fb4597-f4cf-4e88-94c3-616387f0b9cb | Context cleanup@openstack setup() finished in 0.01 msec
2019-10-18 15:27:15.022 15 RALLYDEBUG rally.task.runner [-] Starting the constant runner (task UUID: 77fb4597-f4cf-4e88-94c3-616387f0b9cb). timeout: 0 concurrency: 20 concurrency_per_worker: 1 times: 100 concurrency_overhead: 0 processes_to_start: 20 max_cpu_used: 88
2019-10-18 15:27:15.035 139 RALLYDEBUG rally.task.runner [-] Starting a worker. concurrency: 1 args: {} times: 100 method_name: run timeout: 0 duration: None cls:
2019-10-18 15:27:15.037 140 RALLYDEBUG rally.task.runner [-] Starting a worker. concurrency: 1 args: {} times: 100 method_name: run timeout: 0 duration: None cls:
2019-10-18 15:27:15.040 141 RALLYDEBUG rally.task.runner [-] Starting a worker. concurrency: 1 args: {} times: 100 method_name: run timeout: 0 duration: None cls:
2019-10-18 15:27:15.040 139 INFO rally.task.runner [-] Task 77fb4597-f4cf-4e88-94c3-616387f0b9cb | ITER: 1 START
2019-10-18 15:27:15.042 142 RALLYDEBUG rally.task.runner [-] Starting a worker. concurrency: 1 args: {} times: 100 method_name: run timeout: 0 duration: None cls:
2019-10-18 15:27:15.043 140 INFO rally.task.runner [-] Task 77fb4597-f4cf-4e88-94c3-616387f0b9cb | ITER: 2 START
2019-10-18 15:27:15.045 144 RALLYDEBUG rally.task.runner [-] Starting a worker. concurrency: 1 args: {} times: 100 method_name: run timeout: 0 duration: None cls:
2019-10-18 15:27:15.045 141 INFO rally.task.runner [-] Task 77fb4597-f4cf-4e88-94c3-616387f0b9cb | ITER: 3 START
2019-10-18 15:27:15.047 147 RALLYDEBUG rally.task.runner [-] Starting a worker. concurrency: 1 args: {} times: 100 method_name: run timeout: 0 duration: None cls:
2019-10-18 15:27:15.048 142 INFO rally.task.runner [-] Task 77fb4597-f4cf-4e88-94c3-616387f0b9cb | ITER: 4 START
2019-10-18 15:27:15.050 144 INFO rally.task.runner [-] Task 77fb4597-f4cf-4e88-94c3-616387f0b9cb | ITER: 5 START
2019-10-18 15:27:15.050 151 RALLYDEBUG rally.task.runner [-] Starting a worker. concurrency: 1 args: {} times: 100 method_name: run timeout: 0 duration: None cls:
2019-10-18 15:27:15.053 147 INFO rally.task.runner [-] Task 77fb4597-f4cf-4e88-94c3-616387f0b9cb | ITER: 6 START
2019-10-18 15:27:15.053 154 RALLYDEBUG rally.task.runner [-] Starting a worker. concurrency: 1 args: {} times: 100 method_name: run timeout: 0 duration: None cls:
2019-10-18 15:27:15.055 151 INFO rally.task.runner [-] Task 77fb4597-f4cf-4e88-94c3-616387f0b9cb | ITER: 7 START
2019-10-18 15:27:15.055 157 RALLYDEBUG rally.task.runner [-] Starting a worker. concurrency: 1 args: {} times: 100 method_name: run timeout: 0 duration: None cls:
2019-10-18 15:27:15.058 154 INFO rally.task.runner [-] Task 77fb4597-f4cf-4e88-94c3-616387f0b9cb | ITER: 8 START
2019-10-18 15:27:15.058 160 RALLYDEBUG rally.task.runner [-] Starting a worker. concurrency: 1 args: {} times: 100 method_name: run timeout: 0 duration: None cls:
2019-10-18 15:27:15.061 157 INFO rally.task.runner [-] Task 77fb4597-f4cf-4e88-94c3-616387f0b9cb | ITER: 9 START
2019-10-18 15:27:15.061 163 RALLYDEBUG rally.task.runner [-] Starting a worker. concurrency: 1 args: {} times: 100 method_name: run timeout: 0 duration: None cls:
2019-10-18 15:27:15.063 160 INFO rally.task.runner [-] Task 77fb4597-f4cf-4e88-94c3-616387f0b9cb | ITER: 10 START
2019-10-18 15:27:15.064 166 RALLYDEBUG rally.task.runner [-] Starting a worker. concurrency: 1 args: {} times: 100 method_name: run timeout: 0 duration: None cls:
2019-10-18 15:27:15.066 169 RALLYDEBUG rally.task.runner [-] Starting a worker. concurrency: 1 args: {} times: 100 method_name: run timeout: 0 duration: None cls:
2019-10-18 15:27:15.069 172 RALLYDEBUG rally.task.runner [-] Starting a worker. concurrency: 1 args: {} times: 100 method_name: run timeout: 0 duration: None cls:
2019-10-18 15:27:15.071 175 RALLYDEBUG rally.task.runner [-] Starting a worker. concurrency: 1 args: {} times: 100 method_name: run timeout: 0 duration: None cls:
2019-10-18 15:27:15.067 163 INFO rally.task.runner [-] Task 77fb4597-f4cf-4e88-94c3-616387f0b9cb | ITER: 11 START
2019-10-18 15:27:15.069 166 INFO rally.task.runner [-] Task 77fb4597-f4cf-4e88-94c3-616387f0b9cb | ITER: 12 START
2019-10-18 15:27:15.075 178 RALLYDEBUG rally.task.runner [-] Starting a worker. concurrency: 1 args: {} times: 100 method_name: run timeout: 0 duration: None cls:
2019-10-18 15:27:15.077 169 INFO rally.task.runner [-] Task 77fb4597-f4cf-4e88-94c3-616387f0b9cb | ITER: 13 START
2019-10-18 15:27:15.077 181 RALLYDEBUG rally.task.runner [-] Starting a worker. concurrency: 1 args: {} times: 100 method_name: run timeout: 0 duration: None cls:
2019-10-18 15:27:15.079 185 RALLYDEBUG rally.task.runner [-] Starting a worker. concurrency: 1 args: {} times: 100 method_name: run timeout: 0 duration: None cls:
2019-10-18 15:27:15.080 175 INFO rally.task.runner [-] Task 77fb4597-f4cf-4e88-94c3-616387f0b9cb | ITER: 15 START
2019-10-18 15:27:15.081 172 INFO rally.task.runner [-] Task 77fb4597-f4cf-4e88-94c3-616387f0b9cb | ITER: 14 START
2019-10-18 15:27:15.082 186 RALLYDEBUG rally.task.runner [-] Starting a worker. concurrency: 1 args: {} times: 100 method_name: run timeout: 0 duration: None cls:
2019-10-18 15:27:15.085 178 INFO rally.task.runner [-] Task 77fb4597-f4cf-4e88-94c3-616387f0b9cb | ITER: 16 START
2019-10-18 15:27:15.085 189 RALLYDEBUG rally.task.runner [-] Starting a worker. concurrency: 1 args: {} times: 100 method_name: run timeout: 0 duration: None cls:
2019-10-18 15:27:15.087 185 INFO rally.task.runner [-] Task 77fb4597-f4cf-4e88-94c3-616387f0b9cb | ITER: 18 START
2019-10-18 15:27:15.089 181 INFO rally.task.runner [-] Task 77fb4597-f4cf-4e88-94c3-616387f0b9cb | ITER: 17 START
2019-10-18 15:27:15.092 186 INFO rally.task.runner [-] Task 77fb4597-f4cf-4e88-94c3-616387f0b9cb | ITER: 19 START
2019-10-18 15:27:15.096 189 INFO rally.task.runner [-] Task 77fb4597-f4cf-4e88-94c3-616387f0b9cb | ITER: 20 START
2019-10-18 15:27:17.360 139 INFO rally.task.runner [-] Task 77fb4597-f4cf-4e88-94c3-616387f0b9cb | ITER: 1 END: OK
2019-10-18 15:27:17.365 139 INFO rally.task.runner [-] Task 77fb4597-f4cf-4e88-94c3-616387f0b9cb | ITER: 21 START
2019-10-18 15:27:17.622 144 INFO rally.task.runner [-] Task 77fb4597-f4cf-4e88-94c3-616387f0b9cb | ITER: 5 END: OK
2019-10-18 15:27:17.627 144 INFO rally.task.runner [-] Task 77fb4597-f4cf-4e88-94c3-616387f0b9cb | ITER: 22 START
2019-10-18 15:27:17.809 140 INFO rally.task.runner [-] Task 77fb4597-f4cf-4e88-94c3-616387f0b9cb | ITER: 2 END: OK
2019-10-18 15:27:17.814 140 INFO rally.task.runner [-] Task 77fb4597-f4cf-4e88-94c3-616387f0b9cb | ITER: 23 START
2019-10-18 15:27:17.996 141 INFO rally.task.runner [-] Task 77fb4597-f4cf-4e88-94c3-616387f0b9cb | ITER: 3 END: OK
2019-10-18 15:27:18.001 141 INFO rally.task.runner [-] Task 77fb4597-f4cf-4e88-94c3-616387f0b9cb | ITER: 24 START
2019-10-18 15:27:18.586 142 INFO rally.task.runner [-] Task 77fb4597-f4cf-4e88-94c3-616387f0b9cb | ITER: 4 END: OK
2019-10-18 15:27:18.591 142 INFO rally.task.runner [-] Task 77fb4597-f4cf-4e88-94c3-616387f0b9cb | ITER: 25 START
2019-10-18 15:27:18.690 147 INFO rally.task.runner [-] Task 77fb4597-f4cf-4e88-94c3-616387f0b9cb | ITER: 6 END: OK
2019-10-18 15:27:18.695 147 INFO rally.task.runner [-] Task 77fb4597-f4cf-4e88-94c3-616387f0b9cb | ITER: 26 START
2019-10-18 15:27:19.296 151 INFO rally.task.runner [-] Task 77fb4597-f4cf-4e88-94c3-616387f0b9cb | ITER: 7 END: OK
2019-10-18 15:27:19.301 151 INFO rally.task.runner [-] Task 77fb4597-f4cf-4e88-94c3-616387f0b9cb | ITER: 27 START
2019-10-18 15:27:19.452 157 INFO rally.task.runner [-] Task 77fb4597-f4cf-4e88-94c3-616387f0b9cb | ITER: 9 END: OK
2019-10-18 15:27:19.456 157 INFO rally.task.runner [-] Task 77fb4597-f4cf-4e88-94c3-616387f0b9cb | ITER: 28 START
2019-10-18 15:27:19.597 175 INFO rally.task.runner [-] Task 77fb4597-f4cf-4e88-94c3-616387f0b9cb | ITER: 15 END: OK
2019-10-18 15:27:19.602 175 INFO rally.task.runner [-] Task 77fb4597-f4cf-4e88-94c3-616387f0b9cb | ITER: 29 START
2019-10-18 15:27:19.785 172 INFO rally.task.runner [-] Task 77fb4597-f4cf-4e88-94c3-616387f0b9cb | ITER: 14 END: OK
2019-10-18 15:27:19.790 172 INFO rally.task.runner [-] Task 77fb4597-f4cf-4e88-94c3-616387f0b9cb | ITER: 30 START
2019-10-18 15:27:20.010 185 INFO rally.task.runner [-] Task 77fb4597-f4cf-4e88-94c3-616387f0b9cb | ITER: 18 END: OK
2019-10-18 15:27:20.015 185 INFO rally.task.runner [-] Task 77fb4597-f4cf-4e88-94c3-616387f0b9cb | ITER: 31 START
2019-10-18 15:27:20.090 169 INFO rally.task.runner [-] Task 77fb4597-f4cf-4e88-94c3-616387f0b9cb | ITER: 13 END: OK
2019-10-18 15:27:20.095 169 INFO rally.task.runner [-] Task 77fb4597-f4cf-4e88-94c3-616387f0b9cb | ITER: 32 START
2019-10-18 15:27:20.232 181 INFO rally.task.runner [-] Task 77fb4597-f4cf-4e88-94c3-616387f0b9cb | ITER: 17 END: OK
2019-10-18 15:27:20.237 181 INFO rally.task.runner [-] Task 77fb4597-f4cf-4e88-94c3-616387f0b9cb | ITER: 33 START
2019-10-18 15:27:20.579 160 INFO rally.task.runner [-] Task 77fb4597-f4cf-4e88-94c3-616387f0b9cb | ITER: 10 END: OK
2019-10-18 15:27:20.584 160 INFO rally.task.runner [-] Task 77fb4597-f4cf-4e88-94c3-616387f0b9cb | ITER: 34 START
2019-10-18 15:27:20.942 154 INFO rally.task.runner [-] Task 77fb4597-f4cf-4e88-94c3-616387f0b9cb | ITER: 8 END: OK
2019-10-18 15:27:20.947 154 INFO rally.task.runner [-] Task 77fb4597-f4cf-4e88-94c3-616387f0b9cb | ITER: 35 START
2019-10-18 15:27:20.993 186 INFO rally.task.runner [-] Task 77fb4597-f4cf-4e88-94c3-616387f0b9cb | ITER: 19 END: OK
2019-10-18 15:27:20.997 186 INFO rally.task.runner [-] Task 77fb4597-f4cf-4e88-94c3-616387f0b9cb | ITER: 36 START
2019-10-18 15:27:21.258 163 INFO rally.task.runner [-] Task 77fb4597-f4cf-4e88-94c3-616387f0b9cb | ITER: 11 END: OK
2019-10-18 15:27:21.263 163 INFO rally.task.runner [-] Task 77fb4597-f4cf-4e88-94c3-616387f0b9cb | ITER: 37 START
2019-10-18 15:27:21.282 166 INFO rally.task.runner [-] Task 77fb4597-f4cf-4e88-94c3-616387f0b9cb | ITER: 12 END: OK
2019-10-18 15:27:21.287 166 INFO rally.task.runner [-] Task 77fb4597-f4cf-4e88-94c3-616387f0b9cb | ITER: 38 START
2019-10-18 15:27:21.544 178 INFO rally.task.runner [-] Task 77fb4597-f4cf-4e88-94c3-616387f0b9cb | ITER: 16 END: OK
2019-10-18 15:27:21.549 178 INFO rally.task.runner [-] Task 77fb4597-f4cf-4e88-94c3-616387f0b9cb | ITER: 39 START
2019-10-18 15:27:21.724 189 INFO rally.task.runner [-] Task 77fb4597-f4cf-4e88-94c3-616387f0b9cb | ITER: 20 END: OK
2019-10-18 15:27:21.729 189 INFO rally.task.runner [-] Task 77fb4597-f4cf-4e88-94c3-616387f0b9cb | ITER: 40 START
2019-10-18 15:27:21.952 139 INFO rally.task.runner [-] Task 77fb4597-f4cf-4e88-94c3-616387f0b9cb | ITER: 21 END: OK
2019-10-18 15:27:21.955 139 INFO rally.task.runner [-] Task 77fb4597-f4cf-4e88-94c3-616387f0b9cb | ITER: 41 START
2019-10-18 15:27:22.714 142 INFO rally.task.runner [-] Task 77fb4597-f4cf-4e88-94c3-616387f0b9cb | ITER: 25 END: OK
2019-10-18 15:27:22.718 142 INFO rally.task.runner [-] Task 77fb4597-f4cf-4e88-94c3-616387f0b9cb | ITER: 42 START
2019-10-18 15:27:22.763 147 INFO rally.task.runner [-] Task 77fb4597-f4cf-4e88-94c3-616387f0b9cb | ITER: 26 END: OK
2019-10-18 15:27:22.766 147 INFO rally.task.runner [-] Task 77fb4597-f4cf-4e88-94c3-616387f0b9cb | ITER: 43 START
2019-10-18 15:27:24.129 144 INFO rally.task.runner [-] Task 77fb4597-f4cf-4e88-94c3-616387f0b9cb | ITER: 22 END: OK
2019-10-18 15:27:24.133 144 INFO rally.task.runner [-] Task 77fb4597-f4cf-4e88-94c3-616387f0b9cb | ITER: 44 START
2019-10-18 15:27:24.143 140 INFO rally.task.runner [-] Task 77fb4597-f4cf-4e88-94c3-616387f0b9cb | ITER: 23 END: OK
2019-10-18 15:27:24.146 140 INFO rally.task.runner [-] Task 77fb4597-f4cf-4e88-94c3-616387f0b9cb | ITER: 45 START
2019-10-18 15:27:24.171 157 INFO rally.task.runner [-] Task 77fb4597-f4cf-4e88-94c3-616387f0b9cb | ITER: 28 END: OK
2019-10-18 15:27:24.175 157 INFO rally.task.runner [-] Task 77fb4597-f4cf-4e88-94c3-616387f0b9cb | ITER: 46 START
2019-10-18 15:27:24.220 185 INFO rally.task.runner [-] Task 77fb4597-f4cf-4e88-94c3-616387f0b9cb | ITER: 31 END: OK
2019-10-18 15:27:24.223 185 INFO rally.task.runner [-] Task 77fb4597-f4cf-4e88-94c3-616387f0b9cb | ITER: 47 START
2019-10-18 15:27:24.481 169 INFO rally.task.runner [-] Task 77fb4597-f4cf-4e88-94c3-616387f0b9cb | ITER: 32 END: OK
2019-10-18 15:27:24.484 169 INFO rally.task.runner [-] Task 77fb4597-f4cf-4e88-94c3-616387f0b9cb | ITER: 48 START
2019-10-18 15:27:25.972 181 INFO rally.task.runner [-] Task 77fb4597-f4cf-4e88-94c3-616387f0b9cb | ITER: 33 END: OK
2019-10-18 15:27:25.976 181 INFO rally.task.runner [-] Task 77fb4597-f4cf-4e88-94c3-616387f0b9cb | ITER: 49 START
2019-10-18 15:27:25.978 154 INFO rally.task.runner [-] Task 77fb4597-f4cf-4e88-94c3-616387f0b9cb | ITER: 35 END: OK
2019-10-18 15:27:25.982 154 INFO rally.task.runner [-] Task 77fb4597-f4cf-4e88-94c3-616387f0b9cb | ITER: 50 START
2019-10-18 15:27:26.062 142 INFO rally.task.runner [-] Task 77fb4597-f4cf-4e88-94c3-616387f0b9cb | ITER: 42 END: OK
2019-10-18 15:27:26.065 142 INFO rally.task.runner [-] Task 77fb4597-f4cf-4e88-94c3-616387f0b9cb | ITER: 51 START
2019-10-18 15:27:26.090 189 INFO rally.task.runner [-] Task 77fb4597-f4cf-4e88-94c3-616387f0b9cb | ITER: 40 END: OK
2019-10-18 15:27:26.094 189 INFO rally.task.runner [-] Task 77fb4597-f4cf-4e88-94c3-616387f0b9cb | ITER: 52 START
2019-10-18 15:27:26.128 151 INFO rally.task.runner [-] Task 77fb4597-f4cf-4e88-94c3-616387f0b9cb | ITER: 27 END: OK
2019-10-18 15:27:26.131 151 INFO rally.task.runner [-] Task 77fb4597-f4cf-4e88-94c3-616387f0b9cb | ITER: 53 START
2019-10-18 15:27:26.208 141 INFO rally.task.runner [-] Task 77fb4597-f4cf-4e88-94c3-616387f0b9cb | ITER: 24 END: OK
2019-10-18 15:27:26.211 141 INFO rally.task.runner [-] Task 77fb4597-f4cf-4e88-94c3-616387f0b9cb | ITER: 54 START
2019-10-18 15:27:26.232 172 INFO rally.task.runner [-] Task 77fb4597-f4cf-4e88-94c3-616387f0b9cb | ITER: 30 END: OK
2019-10-18 15:27:26.236 172 INFO rally.task.runner [-] Task 77fb4597-f4cf-4e88-94c3-616387f0b9cb | ITER: 55 START
2019-10-18 15:27:26.442 147 INFO rally.task.runner [-] Task 77fb4597-f4cf-4e88-94c3-616387f0b9cb | ITER: 43 END: OK
2019-10-18 15:27:26.445 147 INFO rally.task.runner [-] Task 77fb4597-f4cf-4e88-94c3-616387f0b9cb | ITER: 56 START
2019-10-18 15:27:26.567 163 INFO rally.task.runner [-] Task 77fb4597-f4cf-4e88-94c3-616387f0b9cb | ITER: 37 END: OK
2019-10-18 15:27:26.571 163 INFO rally.task.runner [-] Task 77fb4597-f4cf-4e88-94c3-616387f0b9cb | ITER: 57 START
2019-10-18 15:27:26.585 175 INFO rally.task.runner [-] Task 77fb4597-f4cf-4e88-94c3-616387f0b9cb | ITER: 29 END: OK
2019-10-18 15:27:26.588 175 INFO rally.task.runner [-] Task 77fb4597-f4cf-4e88-94c3-616387f0b9cb | ITER: 58 START
2019-10-18 15:27:26.846 160 INFO rally.task.runner [-] Task 77fb4597-f4cf-4e88-94c3-616387f0b9cb | ITER: 34 END: OK
2019-10-18 15:27:26.850 160 INFO rally.task.runner [-] Task 77fb4597-f4cf-4e88-94c3-616387f0b9cb | ITER: 59 START
2019-10-18 15:27:26.959 186 INFO rally.task.runner [-] Task 77fb4597-f4cf-4e88-94c3-616387f0b9cb | ITER: 36 END: OK
2019-10-18 15:27:26.962 186 INFO rally.task.runner [-] Task 77fb4597-f4cf-4e88-94c3-616387f0b9cb | ITER: 60 START
2019-10-18 15:27:27.936 140 INFO rally.task.runner [-] Task 77fb4597-f4cf-4e88-94c3-616387f0b9cb | ITER: 45 END: OK
2019-10-18 15:27:27.940 140 INFO rally.task.runner [-] Task 77fb4597-f4cf-4e88-94c3-616387f0b9cb | ITER: 61 START
2019-10-18 15:27:28.036 166 INFO rally.task.runner [-] Task 77fb4597-f4cf-4e88-94c3-616387f0b9cb | ITER: 38 END: OK
2019-10-18 15:27:28.040 166 INFO rally.task.runner [-] Task 77fb4597-f4cf-4e88-94c3-616387f0b9cb | ITER: 62 START
2019-10-18 15:27:28.251 139 INFO rally.task.runner [-] Task 77fb4597-f4cf-4e88-94c3-616387f0b9cb | ITER: 41 END: OK
2019-10-18 15:27:28.255 139 INFO rally.task.runner [-] Task 77fb4597-f4cf-4e88-94c3-616387f0b9cb | ITER: 63 START
2019-10-18 15:27:28.577 157 INFO rally.task.runner [-] Task 77fb4597-f4cf-4e88-94c3-616387f0b9cb | ITER: 46 END: OK
2019-10-18 15:27:28.580 157 INFO rally.task.runner [-] Task 77fb4597-f4cf-4e88-94c3-616387f0b9cb | ITER: 64 START
2019-10-18 15:27:28.818 178 INFO rally.task.runner [-] Task 77fb4597-f4cf-4e88-94c3-616387f0b9cb | ITER: 39 END: OK
2019-10-18 15:27:28.822 178 INFO rally.task.runner [-] Task 77fb4597-f4cf-4e88-94c3-616387f0b9cb | ITER: 65 START
2019-10-18 15:27:28.882 144 INFO rally.task.runner [-] Task 77fb4597-f4cf-4e88-94c3-616387f0b9cb | ITER: 44 END: OK
2019-10-18 15:27:28.886 144 INFO rally.task.runner [-] Task 77fb4597-f4cf-4e88-94c3-616387f0b9cb | ITER: 66 START
2019-10-18 15:27:29.153 185 INFO rally.task.runner [-] Task 77fb4597-f4cf-4e88-94c3-616387f0b9cb | ITER: 47 END: OK
2019-10-18 15:27:29.157 185 INFO rally.task.runner [-] Task 77fb4597-f4cf-4e88-94c3-616387f0b9cb | ITER: 67 START
2019-10-18 15:27:31.149 181 INFO rally.task.runner [-] Task 77fb4597-f4cf-4e88-94c3-616387f0b9cb | ITER: 49 END: OK
2019-10-18 15:27:31.153 181 INFO rally.task.runner [-] Task 77fb4597-f4cf-4e88-94c3-616387f0b9cb | ITER: 68 START
2019-10-18 15:27:31.205 169 INFO rally.task.runner [-] Task 77fb4597-f4cf-4e88-94c3-616387f0b9cb | ITER: 48 END: OK
2019-10-18 15:27:31.209 169 INFO rally.task.runner [-] Task 77fb4597-f4cf-4e88-94c3-616387f0b9cb | ITER: 69 START
2019-10-18 15:27:31.229 154 INFO rally.task.runner [-] Task 77fb4597-f4cf-4e88-94c3-616387f0b9cb | ITER: 50 END: OK
2019-10-18 15:27:31.233 154 INFO rally.task.runner [-] Task 77fb4597-f4cf-4e88-94c3-616387f0b9cb | ITER: 70 START
2019-10-18 15:27:31.236 163 INFO rally.task.runner [-] Task 77fb4597-f4cf-4e88-94c3-616387f0b9cb | ITER: 57 END: OK
2019-10-18 15:27:31.239 163 INFO rally.task.runner [-] Task 77fb4597-f4cf-4e88-94c3-616387f0b9cb | ITER: 71 START
2019-10-18 15:27:31.245 189 INFO rally.task.runner [-] Task 77fb4597-f4cf-4e88-94c3-616387f0b9cb | ITER: 52 END: OK
2019-10-18 15:27:31.249 142 INFO rally.task.runner [-] Task 77fb4597-f4cf-4e88-94c3-616387f0b9cb | ITER: 51 END: OK
2019-10-18 15:27:31.249 189 INFO rally.task.runner [-] Task 77fb4597-f4cf-4e88-94c3-616387f0b9cb | ITER: 72 START
2019-10-18 15:27:31.252 142 INFO rally.task.runner [-] Task 77fb4597-f4cf-4e88-94c3-616387f0b9cb | ITER: 73 START
2019-10-18 15:27:31.344 175 INFO rally.task.runner [-] Task 77fb4597-f4cf-4e88-94c3-616387f0b9cb | ITER: 58 END: OK
2019-10-18 15:27:31.347 175 INFO rally.task.runner [-] Task 77fb4597-f4cf-4e88-94c3-616387f0b9cb | ITER: 74 START
2019-10-18 15:27:31.369 186 INFO rally.task.runner [-] Task 77fb4597-f4cf-4e88-94c3-616387f0b9cb | ITER: 60 END: OK
2019-10-18 15:27:31.373 186 INFO rally.task.runner [-] Task 77fb4597-f4cf-4e88-94c3-616387f0b9cb | ITER: 75 START
2019-10-18 15:27:32.147 140 INFO rally.task.runner [-] Task 77fb4597-f4cf-4e88-94c3-616387f0b9cb | ITER: 61 END: OK
2019-10-18 15:27:32.151 140 INFO rally.task.runner [-] Task 77fb4597-f4cf-4e88-94c3-616387f0b9cb | ITER: 76 START
2019-10-18 15:27:32.277 151 INFO rally.task.runner [-] Task 77fb4597-f4cf-4e88-94c3-616387f0b9cb | ITER: 53 END: OK
2019-10-18 15:27:32.281 151 INFO rally.task.runner [-] Task 77fb4597-f4cf-4e88-94c3-616387f0b9cb | ITER: 77 START
2019-10-18 15:27:32.632 160 INFO rally.task.runner [-] Task 77fb4597-f4cf-4e88-94c3-616387f0b9cb | ITER: 59 END: OK
2019-10-18 15:27:32.636 160 INFO rally.task.runner [-] Task 77fb4597-f4cf-4e88-94c3-616387f0b9cb | ITER: 78 START
2019-10-18 15:27:32.873 141 INFO rally.task.runner [-] Task 77fb4597-f4cf-4e88-94c3-616387f0b9cb | ITER: 54 END: OK
2019-10-18 15:27:32.877 141 INFO rally.task.runner [-] Task 77fb4597-f4cf-4e88-94c3-616387f0b9cb | ITER: 79 START
2019-10-18 15:27:33.189 166 INFO rally.task.runner [-] Task 77fb4597-f4cf-4e88-94c3-616387f0b9cb | ITER: 62 END: OK
2019-10-18 15:27:33.192 166 INFO rally.task.runner [-] Task 77fb4597-f4cf-4e88-94c3-616387f0b9cb | ITER: 80 START
2019-10-18 15:27:33.379 144 INFO rally.task.runner [-] Task 77fb4597-f4cf-4e88-94c3-616387f0b9cb | ITER: 66 END: OK
2019-10-18 15:27:33.382 144 INFO rally.task.runner [-] Task 77fb4597-f4cf-4e88-94c3-616387f0b9cb | ITER: 81 START
2019-10-18 15:27:33.651 172 INFO rally.task.runner [-] Task 77fb4597-f4cf-4e88-94c3-616387f0b9cb | ITER: 55 END: OK
2019-10-18 15:27:33.655 172 INFO rally.task.runner [-] Task 77fb4597-f4cf-4e88-94c3-616387f0b9cb | ITER: 82 START
2019-10-18 15:27:34.070 139 INFO rally.task.runner [-] Task 77fb4597-f4cf-4e88-94c3-616387f0b9cb | ITER: 63 END: OK
2019-10-18 15:27:34.074 139 INFO rally.task.runner [-] Task 77fb4597-f4cf-4e88-94c3-616387f0b9cb | ITER: 83 START
2019-10-18 15:27:34.207 185 INFO rally.task.runner [-] Task 77fb4597-f4cf-4e88-94c3-616387f0b9cb | ITER: 67 END: OK
2019-10-18 15:27:34.210 185 INFO rally.task.runner [-] Task 77fb4597-f4cf-4e88-94c3-616387f0b9cb | ITER: 84 START
2019-10-18 15:27:34.293 157 INFO rally.task.runner [-] Task 77fb4597-f4cf-4e88-94c3-616387f0b9cb | ITER: 64 END: OK
2019-10-18 15:27:34.297 157 INFO rally.task.runner [-] Task 77fb4597-f4cf-4e88-94c3-616387f0b9cb | ITER: 85 START
2019-10-18 15:27:34.507 178 INFO rally.task.runner [-] Task 77fb4597-f4cf-4e88-94c3-616387f0b9cb | ITER: 65 END: OK
2019-10-18 15:27:34.511 178 INFO rally.task.runner [-] Task 77fb4597-f4cf-4e88-94c3-616387f0b9cb | ITER: 86 START
2019-10-18 15:27:34.766 147 INFO rally.task.runner [-] Task 77fb4597-f4cf-4e88-94c3-616387f0b9cb | ITER: 56 END: OK
2019-10-18 15:27:34.769 147 INFO rally.task.runner [-] Task 77fb4597-f4cf-4e88-94c3-616387f0b9cb | ITER: 87 START
2019-10-18 15:27:35.535 154 INFO rally.task.runner [-] Task 77fb4597-f4cf-4e88-94c3-616387f0b9cb | ITER: 70 END: OK
2019-10-18 15:27:35.539 154 INFO rally.task.runner [-] Task 77fb4597-f4cf-4e88-94c3-616387f0b9cb | ITER: 88 START
2019-10-18 15:27:37.603 163 INFO rally.task.runner [-] Task 77fb4597-f4cf-4e88-94c3-616387f0b9cb | ITER: 71 END: OK
2019-10-18 15:27:37.606 163 INFO rally.task.runner [-] Task 77fb4597-f4cf-4e88-94c3-616387f0b9cb | ITER: 89 START
2019-10-18 15:27:37.625 175 INFO rally.task.runner [-] Task 77fb4597-f4cf-4e88-94c3-616387f0b9cb | ITER: 74 END: OK
2019-10-18 15:27:37.629 175 INFO rally.task.runner [-] Task 77fb4597-f4cf-4e88-94c3-616387f0b9cb | ITER: 90 START
2019-10-18 15:27:37.867 142 INFO rally.task.runner [-] Task 77fb4597-f4cf-4e88-94c3-616387f0b9cb | ITER: 73 END: OK
2019-10-18 15:27:37.871 142 INFO rally.task.runner [-] Task 77fb4597-f4cf-4e88-94c3-616387f0b9cb | ITER: 91 START
2019-10-18 15:27:37.930 181 INFO rally.task.runner [-] Task 77fb4597-f4cf-4e88-94c3-616387f0b9cb | ITER: 68 END: OK
2019-10-18 15:27:37.934 181 INFO rally.task.runner [-] Task 77fb4597-f4cf-4e88-94c3-616387f0b9cb | ITER: 92 START
2019-10-18 15:27:38.014 169 INFO rally.task.runner [-] Task 77fb4597-f4cf-4e88-94c3-616387f0b9cb | ITER: 69 END: OK
2019-10-18 15:27:38.018 169 INFO rally.task.runner [-] Task 77fb4597-f4cf-4e88-94c3-616387f0b9cb | ITER: 93 START
2019-10-18 15:27:38.170 189 INFO rally.task.runner [-] Task 77fb4597-f4cf-4e88-94c3-616387f0b9cb | ITER: 72 END: OK
2019-10-18 15:27:38.174 189 INFO rally.task.runner [-] Task 77fb4597-f4cf-4e88-94c3-616387f0b9cb | ITER: 94 START
2019-10-18 15:27:38.775 160 INFO rally.task.runner [-] Task 77fb4597-f4cf-4e88-94c3-616387f0b9cb | ITER: 78 END: OK
2019-10-18 15:27:38.778 160 INFO rally.task.runner [-] Task 77fb4597-f4cf-4e88-94c3-616387f0b9cb | ITER: 95 START
2019-10-18 15:27:39.806 166 INFO rally.task.runner [-] Task 77fb4597-f4cf-4e88-94c3-616387f0b9cb | ITER: 80 END: OK
2019-10-18 15:27:39.810 166 INFO rally.task.runner [-] Task 77fb4597-f4cf-4e88-94c3-616387f0b9cb | ITER: 96 START
2019-10-18 15:27:39.824 140 INFO rally.task.runner [-] Task 77fb4597-f4cf-4e88-94c3-616387f0b9cb | ITER: 76 END: OK
2019-10-18 15:27:39.828 140 INFO rally.task.runner [-] Task 77fb4597-f4cf-4e88-94c3-616387f0b9cb | ITER: 97 START
2019-10-18 15:27:39.857 151 INFO rally.task.runner [-] Task 77fb4597-f4cf-4e88-94c3-616387f0b9cb | ITER: 77 END: OK
2019-10-18 15:27:39.860 151 INFO rally.task.runner [-] Task 77fb4597-f4cf-4e88-94c3-616387f0b9cb | ITER: 98 START
2019-10-18 15:27:39.928 185 INFO rally.task.runner [-] Task 77fb4597-f4cf-4e88-94c3-616387f0b9cb | ITER: 84 END: OK
2019-10-18 15:27:39.932 185 INFO rally.task.runner [-] Task 77fb4597-f4cf-4e88-94c3-616387f0b9cb | ITER: 99 START
2019-10-18 15:27:39.966 141 INFO rally.task.runner [-] Task 77fb4597-f4cf-4e88-94c3-616387f0b9cb | ITER: 79 END: OK
2019-10-18 15:27:39.970 141 INFO rally.task.runner [-] Task 77fb4597-f4cf-4e88-94c3-616387f0b9cb | ITER: 100 START
2019-10-18 15:27:39.985 139 INFO rally.task.runner [-] Task 77fb4597-f4cf-4e88-94c3-616387f0b9cb | ITER: 83 END: OK
2019-10-18 15:27:40.348 147 INFO rally.task.runner [-] Task 77fb4597-f4cf-4e88-94c3-616387f0b9cb | ITER: 87 END: OK
2019-10-18 15:27:40.652 154 INFO rally.task.runner [-] Task 77fb4597-f4cf-4e88-94c3-616387f0b9cb | ITER: 88 END: OK
2019-10-18 15:27:40.765 186 INFO rally.task.runner [-] Task 77fb4597-f4cf-4e88-94c3-616387f0b9cb | ITER: 75 END: OK
2019-10-18 15:27:41.668 144 INFO rally.task.runner [-] Task 77fb4597-f4cf-4e88-94c3-616387f0b9cb | ITER: 81 END: OK
2019-10-18 15:27:41.679 172 INFO rally.task.runner [-] Task 77fb4597-f4cf-4e88-94c3-616387f0b9cb | ITER: 82 END: OK
2019-10-18 15:27:42.157 157 INFO rally.task.runner [-] Task 77fb4597-f4cf-4e88-94c3-616387f0b9cb | ITER: 85 END: OK
2019-10-18 15:27:44.182 142 INFO rally.task.runner [-] Task 77fb4597-f4cf-4e88-94c3-616387f0b9cb | ITER: 91 END: OK
2019-10-18 15:27:44.529 175 INFO rally.task.runner [-] Task 77fb4597-f4cf-4e88-94c3-616387f0b9cb | ITER: 90 END: OK
2019-10-18 15:27:44.566 163 INFO rally.task.runner [-] Task 77fb4597-f4cf-4e88-94c3-616387f0b9cb | ITER: 89 END: OK
2019-10-18 15:27:44.842 181 INFO rally.task.runner [-] Task 77fb4597-f4cf-4e88-94c3-616387f0b9cb | ITER: 92 END: OK
2019-10-18 15:27:45.330 160 INFO rally.task.runner [-] Task 77fb4597-f4cf-4e88-94c3-616387f0b9cb | ITER: 95 END: OK
2019-10-18 15:27:45.352 178 INFO rally.task.runner [-] Task 77fb4597-f4cf-4e88-94c3-616387f0b9cb | ITER: 86 END: OK
2019-10-18 15:27:45.515 169 INFO rally.task.runner [-] Task 77fb4597-f4cf-4e88-94c3-616387f0b9cb | ITER: 93 END: OK
2019-10-18 15:27:45.840 189 INFO rally.task.runner [-] Task 77fb4597-f4cf-4e88-94c3-616387f0b9cb | ITER: 94 END: OK
2019-10-18 15:27:45.843 185 INFO rally.task.runner [-] Task 77fb4597-f4cf-4e88-94c3-616387f0b9cb | ITER: 99 END: OK
2019-10-18 15:27:45.867 141 INFO rally.task.runner [-] Task 77fb4597-f4cf-4e88-94c3-616387f0b9cb | ITER: 100 END: OK
2019-10-18 15:27:46.697 140 INFO rally.task.runner [-] Task 77fb4597-f4cf-4e88-94c3-616387f0b9cb | ITER: 97 END: OK
2019-10-18 15:27:46.873 166 INFO rally.task.runner [-] Task 77fb4597-f4cf-4e88-94c3-616387f0b9cb | ITER: 96 END: OK
2019-10-18 15:27:47.049 151 INFO rally.task.runner [-] Task 77fb4597-f4cf-4e88-94c3-616387f0b9cb | ITER: 98 END: OK
2019-10-18 15:27:47.071 15 INFO rally.task.context [-] Task 77fb4597-f4cf-4e88-94c3-616387f0b9cb | Context cleanup@openstack cleanup() started
2019-10-18 15:27:47.076 15 RALLYDEBUG rally_openstack.cleanup.manager [-] Cleaning up neutron vip objects
2019-10-18 15:27:47.299 15 RALLYDEBUG rally_openstack.cleanup.manager [-] Cleaning up neutron health_monitor objects
2019-10-18 15:27:47.503 15 RALLYDEBUG rally_openstack.cleanup.manager [-] Cleaning up neutron pool objects
2019-10-18 15:27:47.713 15 RALLYDEBUG rally_openstack.cleanup.manager [-] Cleaning up neutron loadbalancer objects
2019-10-18 15:27:47.912 15 RALLYDEBUG rally_openstack.cleanup.manager [-] Cleaning up neutron floatingip objects
2019-10-18 15:27:48.135 15 RALLYDEBUG rally_openstack.cleanup.manager [-] Cleaning up neutron trunk objects
2019-10-18 15:27:48.402 15 DEBUG neutronclient.v2_0.client [-] Error message: {"message": "The resource could not be found.

\n\n\n", "code": "404 Not Found", "title": "Not Found"} _handle_fault_response /usr/lib/python2.7/site-packages/neutronclient/v2_0/client.py:259
2019-10-18 15:27:48.412 15 RALLYDEBUG rally_openstack.cleanup.manager [-] Cleaning up neutron port objects
2019-10-18 15:27:48.673 15 RALLYDEBUG rally_openstack.cleanup.manager [-] Cleaning up neutron subnet objects
2019-10-18 15:27:48.918 15 RALLYDEBUG rally_openstack.cleanup.manager [-] Cleaning up neutron network objects
2019-10-18 15:27:49.625 15 RALLYDEBUG rally_openstack.cleanup.manager [-] Deleting neutron.network object s_rally_fd9dbbb0_7yKIwUPR (045f4961-f627-4035-a74f-7f936938d960)
2019-10-18 15:27:49.624 15 RALLYDEBUG rally_openstack.cleanup.manager [-] Deleting neutron.network object s_rally_fd9dbbb0_bBjXstfJ (06446561-5947-4ffe-8886-502e0ad4315c)
2019-10-18 15:27:49.627 15 RALLYDEBUG rally_openstack.cleanup.manager [-] Deleting neutron.network object s_rally_fd9dbbb0_EfNI8gUI (064cd027-b941-4f8b-a14f-c1983f3da266)
2019-10-18 15:27:49.628 15 RALLYDEBUG rally_openstack.cleanup.manager [-] Deleting neutron.network object s_rally_fd9dbbb0_2Sj3nMOx (0cd73750-57ad-4c24-a602-7704887599b7)
2019-10-18 15:27:49.629 15 RALLYDEBUG rally_openstack.cleanup.manager [-] Deleting neutron.network object s_rally_fd9dbbb0_LqhxgekZ (0b645dba-5ad0-4b00-956e-9cdc3eefa0b4)
2019-10-18 15:27:49.632 15 RALLYDEBUG rally_openstack.cleanup.manager [-] Deleting neutron.network object s_rally_fd9dbbb0_vC2WthoX (19220e6d-cb4b-4df2-b922-199e33f72f85)
2019-10-18 15:27:49.636 15 RALLYDEBUG rally_openstack.cleanup.manager [-] Deleting neutron.network object s_rally_fd9dbbb0_EUKl3mzl (08bd40df-603b-46c7-8020-897dc4d26568)
2019-10-18 15:27:49.655 15 RALLYDEBUG rally_openstack.cleanup.manager [-] Deleting neutron.network object s_rally_fd9dbbb0_32Em1tbe (10e53c0b-66c9-4c67-9111-1410e85d07cc)
2019-10-18 15:27:49.697 15 RALLYDEBUG rally_openstack.cleanup.manager [-] Deleting neutron.network object s_rally_fd9dbbb0_IW5IfzX7 (1e084261-fd76-423c-af7e-8fcd357f4122)
2019-10-18 15:27:49.718 15 RALLYDEBUG rally_openstack.cleanup.manager [-] Deleting neutron.network object s_rally_fd9dbbb0_vZEE6Dhq (1afa6945-eac2-47a8-89dd-0be6828acdf2)
2019-10-18 15:27:49.725 15 RALLYDEBUG rally_openstack.cleanup.manager [-] Deleting neutron.network object s_rally_fd9dbbb0_3fJsHVmM (1aca241f-e2ea-4115-853d-0507f9fb420f)
2019-10-18 15:27:49.728 15 RALLYDEBUG rally_openstack.cleanup.manager [-] Deleting neutron.network object s_rally_fd9dbbb0_4luMfsgo (1964f3b4-0c47-4ec0-9002-05489a5a16c0)
2019-10-18 15:27:49.730 15 RALLYDEBUG rally_openstack.cleanup.manager [-] Deleting neutron.network object s_rally_fd9dbbb0_dmVLtOvd (1e564952-901b-45c3-bcea-011c44bae237)
2019-10-18 15:27:49.748 15 RALLYDEBUG rally_openstack.cleanup.manager [-] Deleting neutron.network object s_rally_fd9dbbb0_XSfzmi7r (222dd6e3-afd2-4675-bf0f-2c88636739ab)
2019-10-18 15:27:49.755 15 RALLYDEBUG rally_openstack.cleanup.manager [-] Deleting neutron.network object s_rally_fd9dbbb0_z79MPcxv (2377e2fa-e969-4230-88bd-182c134c67b4)
2019-10-18 15:27:49.754 15 RALLYDEBUG rally_openstack.cleanup.manager [-] Deleting neutron.network object s_rally_fd9dbbb0_Qyc4bS6B (1e61830c-5a92-4f23-846c-8ea7d193b627)
2019-10-18 15:27:49.777 15 RALLYDEBUG rally_openstack.cleanup.manager [-] Deleting neutron.network object s_rally_fd9dbbb0_WP5TTDPP (2519093d-e787-4b6e-9839-c8da9818b8ce)
2019-10-18 15:27:49.801 15 RALLYDEBUG rally_openstack.cleanup.manager [-] Deleting neutron.network object s_rally_fd9dbbb0_z2V32Yof (263d2e0e-0c3b-4852-a705-43cad13fd525)
2019-10-18 15:27:49.867 15 RALLYDEBUG rally_openstack.cleanup.manager [-] Deleting neutron.network object s_rally_fd9dbbb0_Zg6ALP1W (27024f27-7dd7-494e-98aa-9c9b7555bc3c)
2019-10-18 15:27:49.885 15 RALLYDEBUG rally_openstack.cleanup.manager [-] Deleting neutron.network object s_rally_fd9dbbb0_xfWqswAo (29544dc8-bf31-4874-855d-aa0c06874d51)
2019-10-18 15:28:10.048 15 RALLYDEBUG rally_openstack.cleanup.manager [-] Deleting neutron.network object s_rally_fd9dbbb0_h1KLhYyc (299901b4-f15e-46c4-9c4a-3b733e40e0c1)
2019-10-18 15:28:10.057 15 RALLYDEBUG rally_openstack.cleanup.manager [-] Deleting neutron.network object s_rally_fd9dbbb0_FrGFfrkl (2a12ea86-8b60-468c-9d06-afa35da4a86b)
2019-10-18 15:28:10.072 15 RALLYDEBUG rally_openstack.cleanup.manager [-] Deleting neutron.network object s_rally_fd9dbbb0_SPEvGgon (2b8a548c-d85b-47af-b4a8-3c1eae49a55b)
2019-10-18 15:28:10.095 15 RALLYDEBUG rally_openstack.cleanup.manager [-] Deleting neutron.network object s_rally_fd9dbbb0_f5doOGs9 (2c6579db-480b-40d5-b0df-352282ffe7a3)
2019-10-18 15:28:10.105 15 RALLYDEBUG rally_openstack.cleanup.manager [-] Deleting neutron.network object s_rally_fd9dbbb0_4qyUhVEJ (2dabb871-a528-407f-ae87-bfa5feeb13fb)
2019-10-18 15:28:10.115 15 RALLYDEBUG rally_openstack.cleanup.manager [-] Deleting neutron.network object s_rally_fd9dbbb0_YCLBAKAK (2ed9de4e-7dcb-425c-9f8f-6825e4c8d1f9)
2019-10-18 15:28:10.110 15 RALLYDEBUG rally_openstack.cleanup.manager [-] Deleting neutron.network object s_rally_fd9dbbb0_thlpS9Dx (2e80223a-28b4-4a37-88b8-6d694843d8b3)
2019-10-18 15:28:10.134 15 RALLYDEBUG rally_openstack.cleanup.manager [-] Deleting neutron.network object s_rally_fd9dbbb0_SQiNAMNe (33558d05-ec8f-4cdf-bc95-a05e40a88388)
2019-10-18 15:28:10.137 15 RALLYDEBUG rally_openstack.cleanup.manager [-] Deleting neutron.network object s_rally_fd9dbbb0_Ul0VSzwO (305f13ff-2a99-482f-a9bc-f8c1619b6492)
2019-10-18 15:28:10.200 15 RALLYDEBUG rally_openstack.cleanup.manager [-] Deleting neutron.network object s_rally_fd9dbbb0_KJmaNP8F (37749680-9137-440c-a58a-f82b79d3e2d2)
2019-10-18 15:28:10.237 15 RALLYDEBUG rally_openstack.cleanup.manager [-] Deleting neutron.network object s_rally_fd9dbbb0_mKYNLiDY (3a3c32a9-29ed-4946-afc6-9ea114c99b9d)
2019-10-18 15:28:10.232 15 RALLYDEBUG rally_openstack.cleanup.manager [-] Deleting neutron.network object s_rally_fd9dbbb0_pGoRpR7p (3b7d3b37-59aa-453d-809e-31fc1d16dcb8)
2019-10-18 15:28:10.237 15 RALLYDEBUG rally_openstack.cleanup.manager [-] Deleting neutron.network object s_rally_fd9dbbb0_Xd3m80yy (327099fd-7915-435a-aadd-56fad2dbea19)
2019-10-18 15:28:10.243 15 RALLYDEBUG rally_openstack.cleanup.manager [-] Deleting neutron.network object s_rally_fd9dbbb0_foUDRjDL (3837d4ae-2bef-43ff-96fe-d54bfc5a7fb8)
2019-10-18 15:28:10.248 15 RALLYDEBUG rally_openstack.cleanup.manager [-] Deleting neutron.network object s_rally_fd9dbbb0_8xzGz3Pp (35ba4539-0591-4227-884e-249fb13161d9)
2019-10-18 15:28:10.255 15 RALLYDEBUG rally_openstack.cleanup.manager [-] Deleting neutron.network object s_rally_fd9dbbb0_Oz8Qls0n (4e53bd03-5e67-4813-a38a-d7fd1f002835)
2019-10-18 15:28:10.274 15 RALLYDEBUG rally_openstack.cleanup.manager [-] Deleting neutron.network object s_rally_fd9dbbb0_MGQefO4I (4ebc690d-4462-4888-8eb9-de85488fea6f)
2019-10-18 15:28:10.273 15 RALLYDEBUG rally_openstack.cleanup.manager [-] Deleting neutron.network object s_rally_fd9dbbb0_DB1p9mmn (53b8a999-3741-4a32-a37b-469fd61fbedf)
2019-10-18 15:28:10.280 15 RALLYDEBUG rally_openstack.cleanup.manager [-] Deleting neutron.network object s_rally_fd9dbbb0_MkjOo85M (4c2ea47c-e17c-4dab-9adf-5cc2ee393a5c)
2019-10-18 15:28:10.278 15 RALLYDEBUG rally_openstack.cleanup.manager [-] Deleting neutron.network object s_rally_fd9dbbb0_qL2KJiiV (4d92eed8-ffd2-4831-8def-0fd21e066067)
2019-10-18 15:28:14.350 15 RALLYDEBUG rally_openstack.cleanup.manager [-] Deleting neutron.network object s_rally_fd9dbbb0_i2UW7TQU (57336484-b1a3-4089-887b-20d7b7f03e16)
2019-10-18 15:28:14.607 15 RALLYDEBUG rally_openstack.cleanup.manager [-] Deleting neutron.network object s_rally_fd9dbbb0_lpAy9cj3 (5a2c6283-66a4-4180-8098-88ddd95549c0)
2019-10-18 15:28:14.694 15 RALLYDEBUG rally_openstack.cleanup.manager [-] Deleting neutron.network object s_rally_fd9dbbb0_ydkcZNqv (61099e2e-fa35-4ce9-962f-9d200f0e7820)
2019-10-18 15:28:14.757 15 RALLYDEBUG rally_openstack.cleanup.manager [-] Deleting neutron.network object s_rally_fd9dbbb0_1mxsr5cr (61db5485-92ab-42ec-9ff3-2a9c77fb1a54)
2019-10-18 15:28:15.238 15 RALLYDEBUG rally_openstack.cleanup.manager [-] Deleting neutron.network object s_rally_fd9dbbb0_imxyRkc7 (6b1b26f0-a019-490c-8107-35db32fc5bd7)
2019-10-18 15:28:15.242 15 RALLYDEBUG rally_openstack.cleanup.manager [-] Deleting neutron.network object s_rally_fd9dbbb0_PfIzPHhk (6b7d13ae-ed94-4efb-895a-08ce06e527b1)
2019-10-18 15:28:17.662 15 RALLYDEBUG rally_openstack.cleanup.manager [-] Deleting neutron.network object s_rally_fd9dbbb0_Llm5rROa (6c52df41-5820-425b-8ad9-016722d9fee7)
2019-10-18 15:28:17.745 15 RALLYDEBUG rally_openstack.cleanup.manager [-] Deleting neutron.network object s_rally_fd9dbbb0_xTqDBbIu (6fdc1d35-e3a5-4b5e-b894-2c3f4a5bb476)
2019-10-18 15:28:17.745 15 RALLYDEBUG rally_openstack.cleanup.manager [-] Deleting neutron.network object s_rally_fd9dbbb0_gnGfXC0X (6da8f1b5-36bb-4b2c-a001-6cbcb27ad92b)
2019-10-18 15:28:17.857 15 RALLYDEBUG rally_openstack.cleanup.manager [-] Deleting neutron.network object s_rally_fd9dbbb0_Tr8zrt2G (72088183-98b9-400b-bd47-836ffd6ca91a)
2019-10-18 15:28:18.408 15 RALLYDEBUG rally_openstack.cleanup.manager [-] Deleting neutron.network object s_rally_fd9dbbb0_ifpupwKw (72a2cd57-b0bb-44c0-b274-98f294cb2965)
2019-10-18 15:28:18.515 15 RALLYDEBUG rally_openstack.cleanup.manager [-] Deleting neutron.network object s_rally_fd9dbbb0_aFvWD5VC (796a9c9f-04a3-4482-b831-713e70f6c677)
2019-10-18 15:28:19.046 15 RALLYDEBUG rally_openstack.cleanup.manager [-] Deleting neutron.network object s_rally_fd9dbbb0_3lKXgslE (79765e35-dade-42f3-bd86-6848a1996cde)
2019-10-18 15:28:19.048 15 RALLYDEBUG rally_openstack.cleanup.manager [-] Deleting neutron.network object s_rally_fd9dbbb0_MFYhhqAu (7bb8f005-c71f-470f-a1c1-36fa688852b4)
2019-10-18 15:28:19.111 15 RALLYDEBUG rally_openstack.cleanup.manager [-] Deleting neutron.network object s_rally_fd9dbbb0_lojvYhoK (7f2e96ef-eda9-479f-982c-83d918a6bee5)
2019-10-18 15:28:20.095 15 RALLYDEBUG rally_openstack.cleanup.manager [-] Deleting neutron.network object s_rally_fd9dbbb0_r1QYPuvo (7fd5882b-1e26-4b17-9b83-6ab534ebed5b)
2019-10-18 15:28:20.099 15 RALLYDEBUG rally_openstack.cleanup.manager [-] Deleting neutron.network object s_rally_fd9dbbb0_56y0lUtE (80e851c5-54d0-4152-8e99-30c754920172)
2019-10-18 15:28:20.154 15 RALLYDEBUG rally_openstack.cleanup.manager [-] Deleting neutron.network object s_rally_fd9dbbb0_f11fc6yC (83db9d54-6a9c-4a8a-864c-d1b04070fa42)
2019-10-18 15:28:20.227 15 RALLYDEBUG rally_openstack.cleanup.manager [-] Deleting neutron.network object s_rally_fd9dbbb0_hzVA1eem (88672ae9-8b0a-46c9-a7cc-c4c7e70ada78)
2019-10-18 15:28:20.238 15 RALLYDEBUG rally_openstack.cleanup.manager [-] Deleting neutron.network object s_rally_fd9dbbb0_xm5mFFLR (8ab92a86-c54a-4f15-89b4-bf2210b80268)
2019-10-18 15:28:20.257 15 RALLYDEBUG rally_openstack.cleanup.manager [-] Deleting neutron.network object s_rally_fd9dbbb0_pdjhAtHm (8ad2b78e-ab5f-438a-ac8e-8d65c1b38519)
2019-10-18 15:28:20.513 15 RALLYDEBUG rally_openstack.cleanup.manager [-] Deleting neutron.network object s_rally_fd9dbbb0_yzS0kgrj (8cb246e1-e64b-4cf6-82a7-39e18a39860e)
2019-10-18 15:28:20.518 15 RALLYDEBUG rally_openstack.cleanup.manager [-] Deleting neutron.network object s_rally_fd9dbbb0_qY4XvAz3 (8d04b13b-19c4-4a08-81af-579a3769668d)
2019-10-18 15:28:20.741 15 RALLYDEBUG rally_openstack.cleanup.manager [-] Deleting neutron.network object s_rally_fd9dbbb0_53Nt3BJL (8d413423-891d-444b-960b-a659213accff)
2019-10-18 15:28:20.771 15 RALLYDEBUG rally_openstack.cleanup.manager [-] Deleting neutron.network object s_rally_fd9dbbb0_IVGIu2J6 (8d49d537-08b1-4836-8b1e-de8aa943ddc5)
2019-10-18 15:28:21.496 15 RALLYDEBUG rally_openstack.cleanup.manager [-] Deleting neutron.network object s_rally_fd9dbbb0_65epSGo2 (8fdf3e71-b5bc-4dcb-bae4-947ec373b5d1)
2019-10-18 15:28:21.515 15 RALLYDEBUG rally_openstack.cleanup.manager [-] Deleting neutron.network object s_rally_fd9dbbb0_DaueN9wd (8fefc9ea-9505-41e8-9984-ceb4e2c626a8)
2019-10-18 15:28:21.568 15 RALLYDEBUG rally_openstack.cleanup.manager [-] Deleting neutron.network object s_rally_fd9dbbb0_xWmLoING (972eae0f-3f73-4cf9-b480-128cf705bab2)
2019-10-18 15:28:25.802 15 RALLYDEBUG rally_openstack.cleanup.manager [-] Deleting neutron.network object s_rally_fd9dbbb0_WKEawNFu (a1962a55-4f4d-4989-af7c-61a511193118)
2019-10-18 15:28:25.828 15 RALLYDEBUG rally_openstack.cleanup.manager [-] Deleting neutron.network object s_rally_fd9dbbb0_wf4Kzqau (a500e74b-a935-4ffd-b59f-e5e5957c3d13)
2019-10-18 15:28:25.831 15 RALLYDEBUG rally_openstack.cleanup.manager [-] Deleting neutron.network object s_rally_fd9dbbb0_Zyqhddcj (a69ae8a3-f757-42b5-a7f6-f686bda466d4)
2019-10-18 15:28:25.837 15 RALLYDEBUG rally_openstack.cleanup.manager [-] Deleting neutron.network object s_rally_fd9dbbb0_gpiOizIh (ad1ee045-c04f-4f9c-835f-1a3638db98e4)
2019-10-18 15:28:25.854 15 RALLYDEBUG rally_openstack.cleanup.manager [-] Deleting neutron.network object s_rally_fd9dbbb0_00RqroXl (ad7ba94b-3a52-4953-bce1-ab93cfbc92d5)
2019-10-18 15:28:25.856 15 RALLYDEBUG rally_openstack.cleanup.manager [-] Deleting neutron.network object s_rally_fd9dbbb0_lQ2ytoHt (aea6d8f2-c00c-437d-a423-34c2fa3bdedc)
2019-10-18 15:28:25.868 15 RALLYDEBUG rally_openstack.cleanup.manager [-] Deleting neutron.network object s_rally_fd9dbbb0_NwvpqfGU (b0377c48-ff1e-4898-8d28-c70e2ef426eb)
2019-10-18 15:28:25.961 15 RALLYDEBUG rally_openstack.cleanup.manager [-] Deleting neutron.network object s_rally_fd9dbbb0_jHeKgpzZ (b8238b60-0429-4878-b85f-ead7f42d4822)
2019-10-18 15:28:26.036 15 RALLYDEBUG rally_openstack.cleanup.manager [-] Deleting neutron.network object s_rally_fd9dbbb0_lHKYjjgy (b8e436bc-b7f3-437d-b41b-6fb9ebb726c9)
2019-10-18 15:28:26.038 15 RALLYDEBUG rally_openstack.cleanup.manager [-] Deleting neutron.network object s_rally_fd9dbbb0_5HWv5PKy (baf8f6b3-2d8a-45d2-9f76-13e576446216)
2019-10-18 15:28:26.091 15 RALLYDEBUG rally_openstack.cleanup.manager [-] Deleting neutron.network object s_rally_fd9dbbb0_NLSKsZqy (bbfe7e29-8ab7-447e-a953-afcc5eeee847)
2019-10-18 15:28:26.136 15 RALLYDEBUG rally_openstack.cleanup.manager [-] Deleting neutron.network object s_rally_fd9dbbb0_JkhWhWBy (c6b13a8f-b7c0-4e72-a74b-c0043fae0ebe)
