2019-10-18 15:47:30.017 15 INFO rally.task.engine [-] Running workload: position = 1 config = { "version": 2, "title": "A cropped version of a bigger task.", "description": "Auto-generated task from a single workload (uuid=0c6c4947-9124-4639-8b71-dc0b4a3b9210)", "subtasks": [ { "title": "NeutronNetworks.create_and_update_routers", "description": "Create and update a given number of routers.", "scenario": { "NeutronNetworks.create_and_update_routers": { "network_create_args": {}, "subnet_create_args": {}, "subnet_cidr_start": "1.1.0.0/30", "subnets_per_network": 2, "router_create_args": {}, "router_update_args": { "admin_state_up": false, "name": "_router_updated" } } }, "contexts": { "users": { "tenants": 1, "users_per_tenant": 1 }, "quotas": { "neutron": { "network": -1, "subnet": -1, "router": -1 } } }, "runner": { "constant": { "times": 40, "concurrency": 20 } }, "hooks": [], "sla": { "failure_rate": { "max": 0 } } } ] }
2019-10-18 15:47:30.030 15 RALLYDEBUG rally_openstack.contexts.keystone.users [-] Creating 1 tenants using 20 threads
2019-10-18 15:47:30.381 15 RALLYDEBUG rally_openstack.contexts.keystone.users [-] Creating 1 users using 20 threads
2019-10-18 15:47:30.788 15 INFO rally.task.context [-] Task 77fb4597-f4cf-4e88-94c3-616387f0b9cb | Context users@openstack setup() finished in 0.76 sec
2019-10-18 15:47:31.164 15 INFO rally.task.context [-] Task 77fb4597-f4cf-4e88-94c3-616387f0b9cb | Context quotas@openstack setup() finished in 0.38 sec
2019-10-18 15:47:31.165 15 INFO rally.task.context [-] Task 77fb4597-f4cf-4e88-94c3-616387f0b9cb | Context cleanup@openstack setup() finished in 0.01 msec
2019-10-18 15:47:31.174 15 RALLYDEBUG rally.task.runner [-] Starting the constant runner (task UUID: 77fb4597-f4cf-4e88-94c3-616387f0b9cb). timeout: 0 concurrency: 20 concurrency_per_worker: 1 times: 40 concurrency_overhead: 0 processes_to_start: 20 max_cpu_used: 88
2019-10-18 15:47:31.186 3073 RALLYDEBUG rally.task.runner [-] Starting a worker. concurrency: 1 args: {"network_create_args": {}, "subnet_create_args": {}, "subnet_cidr_start": "1.1.0.0/30", "subnets_per_network": 2, "router_create_args": {}, "router_update_args": {"admin_state_up": false, "name": "_router_updated"}} times: 40 method_name: run timeout: 0 duration: None cls:
2019-10-18 15:47:31.189 3074 RALLYDEBUG rally.task.runner [-] Starting a worker. concurrency: 1 args: {"network_create_args": {}, "subnet_create_args": {}, "subnet_cidr_start": "1.1.0.0/30", "subnets_per_network": 2, "router_create_args": {}, "router_update_args": {"admin_state_up": false, "name": "_router_updated"}} times: 40 method_name: run timeout: 0 duration: None cls:
2019-10-18 15:47:31.191 3075 RALLYDEBUG rally.task.runner [-] Starting a worker. concurrency: 1 args: {"network_create_args": {}, "subnet_create_args": {}, "subnet_cidr_start": "1.1.0.0/30", "subnets_per_network": 2, "router_create_args": {}, "router_update_args": {"admin_state_up": false, "name": "_router_updated"}} times: 40 method_name: run timeout: 0 duration: None cls:
2019-10-18 15:47:31.193 3073 INFO rally.task.runner [-] Task 77fb4597-f4cf-4e88-94c3-616387f0b9cb | ITER: 1 START
2019-10-18 15:47:31.195 3076 RALLYDEBUG rally.task.runner [-] Starting a worker. concurrency: 1 args: {"network_create_args": {}, "subnet_create_args": {}, "subnet_cidr_start": "1.1.0.0/30", "subnets_per_network": 2, "router_create_args": {}, "router_update_args": {"admin_state_up": false, "name": "_router_updated"}} times: 40 method_name: run timeout: 0 duration: None cls:
2019-10-18 15:47:31.196 3074 INFO rally.task.runner [-] Task 77fb4597-f4cf-4e88-94c3-616387f0b9cb | ITER: 2 START
2019-10-18 15:47:31.197 3077 RALLYDEBUG rally.task.runner [-] Starting a worker. concurrency: 1 args: {"network_create_args": {}, "subnet_create_args": {}, "subnet_cidr_start": "1.1.0.0/30", "subnets_per_network": 2, "router_create_args": {}, "router_update_args": {"admin_state_up": false, "name": "_router_updated"}} times: 40 method_name: run timeout: 0 duration: None cls:
2019-10-18 15:47:31.198 3075 INFO rally.task.runner [-] Task 77fb4597-f4cf-4e88-94c3-616387f0b9cb | ITER: 3 START
2019-10-18 15:47:31.200 3080 RALLYDEBUG rally.task.runner [-] Starting a worker. concurrency: 1 args: {"network_create_args": {}, "subnet_create_args": {}, "subnet_cidr_start": "1.1.0.0/30", "subnets_per_network": 2, "router_create_args": {}, "router_update_args": {"admin_state_up": false, "name": "_router_updated"}} times: 40 method_name: run timeout: 0 duration: None cls:
2019-10-18 15:47:31.201 3076 INFO rally.task.runner [-] Task 77fb4597-f4cf-4e88-94c3-616387f0b9cb | ITER: 4 START
2019-10-18 15:47:31.203 3083 RALLYDEBUG rally.task.runner [-] Starting a worker. concurrency: 1 args: {"network_create_args": {}, "subnet_create_args": {}, "subnet_cidr_start": "1.1.0.0/30", "subnets_per_network": 2, "router_create_args": {}, "router_update_args": {"admin_state_up": false, "name": "_router_updated"}} times: 40 method_name: run timeout: 0 duration: None cls:
2019-10-18 15:47:31.204 3077 INFO rally.task.runner [-] Task 77fb4597-f4cf-4e88-94c3-616387f0b9cb | ITER: 5 START
2019-10-18 15:47:31.205 3086 RALLYDEBUG rally.task.runner [-] Starting a worker. concurrency: 1 args: {"network_create_args": {}, "subnet_create_args": {}, "subnet_cidr_start": "1.1.0.0/30", "subnets_per_network": 2, "router_create_args": {}, "router_update_args": {"admin_state_up": false, "name": "_router_updated"}} times: 40 method_name: run timeout: 0 duration: None cls:
2019-10-18 15:47:31.206 3089 RALLYDEBUG rally.task.runner [-] Starting a worker. concurrency: 1 args: {"network_create_args": {}, "subnet_create_args": {}, "subnet_cidr_start": "1.1.0.0/30", "subnets_per_network": 2, "router_create_args": {}, "router_update_args": {"admin_state_up": false, "name": "_router_updated"}} times: 40 method_name: run timeout: 0 duration: None cls:
2019-10-18 15:47:31.206 3080 INFO rally.task.runner [-] Task 77fb4597-f4cf-4e88-94c3-616387f0b9cb | ITER: 6 START
2019-10-18 15:47:31.209 3083 INFO rally.task.runner [-] Task 77fb4597-f4cf-4e88-94c3-616387f0b9cb | ITER: 7 START
2019-10-18 15:47:31.211 3089 INFO rally.task.runner [-] Task 77fb4597-f4cf-4e88-94c3-616387f0b9cb | ITER: 9 START
2019-10-18 15:47:31.212 3086 INFO rally.task.runner [-] Task 77fb4597-f4cf-4e88-94c3-616387f0b9cb | ITER: 8 START
2019-10-18 15:47:31.211 3092 RALLYDEBUG rally.task.runner [-] Starting a worker. concurrency: 1 args: {"network_create_args": {}, "subnet_create_args": {}, "subnet_cidr_start": "1.1.0.0/30", "subnets_per_network": 2, "router_create_args": {}, "router_update_args": {"admin_state_up": false, "name": "_router_updated"}} times: 40 method_name: run timeout: 0 duration: None cls:
2019-10-18 15:47:31.214 3095 RALLYDEBUG rally.task.runner [-] Starting a worker. concurrency: 1 args: {"network_create_args": {}, "subnet_create_args": {}, "subnet_cidr_start": "1.1.0.0/30", "subnets_per_network": 2, "router_create_args": {}, "router_update_args": {"admin_state_up": false, "name": "_router_updated"}} times: 40 method_name: run timeout: 0 duration: None cls:
2019-10-18 15:47:31.217 3101 RALLYDEBUG rally.task.runner [-] Starting a worker. concurrency: 1 args: {"network_create_args": {}, "subnet_create_args": {}, "subnet_cidr_start": "1.1.0.0/30", "subnets_per_network": 2, "router_create_args": {}, "router_update_args": {"admin_state_up": false, "name": "_router_updated"}} times: 40 method_name: run timeout: 0 duration: None cls:
2019-10-18 15:47:31.218 3092 INFO rally.task.runner [-] Task 77fb4597-f4cf-4e88-94c3-616387f0b9cb | ITER: 10 START
2019-10-18 15:47:31.219 3103 RALLYDEBUG rally.task.runner [-] Starting a worker. concurrency: 1 args: {"network_create_args": {}, "subnet_create_args": {}, "subnet_cidr_start": "1.1.0.0/30", "subnets_per_network": 2, "router_create_args": {}, "router_update_args": {"admin_state_up": false, "name": "_router_updated"}} times: 40 method_name: run timeout: 0 duration: None cls:
2019-10-18 15:47:31.221 3095 INFO rally.task.runner [-] Task 77fb4597-f4cf-4e88-94c3-616387f0b9cb | ITER: 11 START
2019-10-18 15:47:31.223 3101 INFO rally.task.runner [-] Task 77fb4597-f4cf-4e88-94c3-616387f0b9cb | ITER: 12 START
2019-10-18 15:47:31.223 3104 RALLYDEBUG rally.task.runner [-] Starting a worker. concurrency: 1 args: {"network_create_args": {}, "subnet_create_args": {}, "subnet_cidr_start": "1.1.0.0/30", "subnets_per_network": 2, "router_create_args": {}, "router_update_args": {"admin_state_up": false, "name": "_router_updated"}} times: 40 method_name: run timeout: 0 duration: None cls:
2019-10-18 15:47:31.224 3107 RALLYDEBUG rally.task.runner [-] Starting a worker. concurrency: 1 args: {"network_create_args": {}, "subnet_create_args": {}, "subnet_cidr_start": "1.1.0.0/30", "subnets_per_network": 2, "router_create_args": {}, "router_update_args": {"admin_state_up": false, "name": "_router_updated"}} times: 40 method_name: run timeout: 0 duration: None cls:
2019-10-18 15:47:31.226 3103 INFO rally.task.runner [-] Task 77fb4597-f4cf-4e88-94c3-616387f0b9cb | ITER: 13 START
2019-10-18 15:47:31.229 3104 INFO rally.task.runner [-] Task 77fb4597-f4cf-4e88-94c3-616387f0b9cb | ITER: 14 START
2019-10-18 15:47:31.228 3110 RALLYDEBUG rally.task.runner [-] Starting a worker. concurrency: 1 args: {"network_create_args": {}, "subnet_create_args": {}, "subnet_cidr_start": "1.1.0.0/30", "subnets_per_network": 2, "router_create_args": {}, "router_update_args": {"admin_state_up": false, "name": "_router_updated"}} times: 40 method_name: run timeout: 0 duration: None cls:
2019-10-18 15:47:31.229 3107 INFO rally.task.runner [-] Task 77fb4597-f4cf-4e88-94c3-616387f0b9cb | ITER: 15 START
2019-10-18 15:47:31.231 3114 RALLYDEBUG rally.task.runner [-] Starting a worker. concurrency: 1 args: {"network_create_args": {}, "subnet_create_args": {}, "subnet_cidr_start": "1.1.0.0/30", "subnets_per_network": 2, "router_create_args": {}, "router_update_args": {"admin_state_up": false, "name": "_router_updated"}} times: 40 method_name: run timeout: 0 duration: None cls:
2019-10-18 15:47:31.234 3110 INFO rally.task.runner [-] Task 77fb4597-f4cf-4e88-94c3-616387f0b9cb | ITER: 16 START
2019-10-18 15:47:31.234 3116 RALLYDEBUG rally.task.runner [-] Starting a worker. concurrency: 1 args: {"network_create_args": {}, "subnet_create_args": {}, "subnet_cidr_start": "1.1.0.0/30", "subnets_per_network": 2, "router_create_args": {}, "router_update_args": {"admin_state_up": false, "name": "_router_updated"}} times: 40 method_name: run timeout: 0 duration: None cls:
2019-10-18 15:47:31.237 3114 INFO rally.task.runner [-] Task 77fb4597-f4cf-4e88-94c3-616387f0b9cb | ITER: 17 START
2019-10-18 15:47:31.236 3121 RALLYDEBUG rally.task.runner [-] Starting a worker. concurrency: 1 args: {"network_create_args": {}, "subnet_create_args": {}, "subnet_cidr_start": "1.1.0.0/30", "subnets_per_network": 2, "router_create_args": {}, "router_update_args": {"admin_state_up": false, "name": "_router_updated"}} times: 40 method_name: run timeout: 0 duration: None cls:
2019-10-18 15:47:31.239 3122 RALLYDEBUG rally.task.runner [-] Starting a worker. concurrency: 1 args: {"network_create_args": {}, "subnet_create_args": {}, "subnet_cidr_start": "1.1.0.0/30", "subnets_per_network": 2, "router_create_args": {}, "router_update_args": {"admin_state_up": false, "name": "_router_updated"}} times: 40 method_name: run timeout: 0 duration: None cls:
2019-10-18 15:47:31.240 3116 INFO rally.task.runner [-] Task 77fb4597-f4cf-4e88-94c3-616387f0b9cb | ITER: 18 START
2019-10-18 15:47:31.242 3121 INFO rally.task.runner [-] Task 77fb4597-f4cf-4e88-94c3-616387f0b9cb | ITER: 19 START
2019-10-18 15:47:31.245 3122 INFO rally.task.runner [-] Task 77fb4597-f4cf-4e88-94c3-616387f0b9cb | ITER: 20 START
2019-10-18 15:47:32.170 3076 RALLYDEBUG rally_openstack.wrappers.network [-] CIDR generated: 1.1.6.224/30
2019-10-18 15:47:32.590 3074 RALLYDEBUG rally_openstack.wrappers.network [-] CIDR generated: 1.1.6.228/30
2019-10-18 15:47:32.611 3107 RALLYDEBUG rally_openstack.wrappers.network [-] CIDR generated: 1.1.6.232/30
2019-10-18 15:47:33.302 3075 RALLYDEBUG rally_openstack.wrappers.network [-] CIDR generated: 1.1.6.236/30
2019-10-18 15:47:33.999 3073 RALLYDEBUG rally_openstack.wrappers.network [-] CIDR generated: 1.1.6.240/30
2019-10-18 15:47:34.088 3077 RALLYDEBUG rally_openstack.wrappers.network [-] CIDR generated: 1.1.6.244/30
2019-10-18 15:47:34.389 3080 RALLYDEBUG rally_openstack.wrappers.network [-] CIDR generated: 1.1.6.248/30
2019-10-18 15:47:34.403 3083 RALLYDEBUG rally_openstack.wrappers.network [-] CIDR generated: 1.1.6.252/30
2019-10-18 15:47:34.440 3092 RALLYDEBUG rally_openstack.wrappers.network [-] CIDR generated: 1.1.7.0/30
2019-10-18 15:47:34.513 3104 RALLYDEBUG rally_openstack.wrappers.network [-] CIDR generated: 1.1.7.4/30
2019-10-18 15:47:34.517 3103 RALLYDEBUG rally_openstack.wrappers.network [-] CIDR generated: 1.1.7.8/30
2019-10-18 15:47:34.560 3089 RALLYDEBUG rally_openstack.wrappers.network [-] CIDR generated: 1.1.7.12/30
2019-10-18 15:47:34.773 3086 RALLYDEBUG rally_openstack.wrappers.network [-] CIDR generated: 1.1.7.16/30
2019-10-18 15:47:34.801 3110 RALLYDEBUG rally_openstack.wrappers.network [-] CIDR generated: 1.1.7.20/30
2019-10-18 15:47:34.886 3101 RALLYDEBUG rally_openstack.wrappers.network [-] CIDR generated: 1.1.7.24/30
2019-10-18 15:47:35.189 3116 RALLYDEBUG rally_openstack.wrappers.network [-] CIDR generated: 1.1.7.28/30
2019-10-18 15:47:35.231 3121 RALLYDEBUG rally_openstack.wrappers.network [-] CIDR generated: 1.1.7.32/30
2019-10-18 15:47:35.265 3122 RALLYDEBUG rally_openstack.wrappers.network [-] CIDR generated: 1.1.7.36/30
2019-10-18 15:47:36.007 3114 RALLYDEBUG rally_openstack.wrappers.network [-] CIDR generated: 1.1.7.40/30
2019-10-18 15:47:37.986 3095 RALLYDEBUG rally_openstack.wrappers.network [-] CIDR generated: 1.1.7.44/30
2019-10-18 15:47:38.270 3075 RALLYDEBUG rally_openstack.wrappers.network [-] CIDR generated: 1.1.7.48/30
2019-10-18 15:47:38.513 3076 RALLYDEBUG rally_openstack.wrappers.network [-] CIDR generated: 1.1.7.52/30
2019-10-18 15:47:38.611 3077 RALLYDEBUG rally_openstack.wrappers.network [-] CIDR generated: 1.1.7.56/30
2019-10-18 15:47:38.944 3107 RALLYDEBUG rally_openstack.wrappers.network [-] CIDR generated: 1.1.7.60/30
2019-10-18 15:47:39.031 3089 RALLYDEBUG rally_openstack.wrappers.network [-] CIDR generated: 1.1.7.64/30
2019-10-18 15:47:39.207 3086 RALLYDEBUG rally_openstack.wrappers.network [-] CIDR generated: 1.1.7.68/30
2019-10-18 15:47:39.292 3074 RALLYDEBUG rally_openstack.wrappers.network [-] CIDR generated: 1.1.7.72/30
2019-10-18 15:47:39.475 3101 RALLYDEBUG rally_openstack.wrappers.network [-] CIDR generated: 1.1.7.76/30
2019-10-18 15:47:39.509 3121 RALLYDEBUG rally_openstack.wrappers.network [-] CIDR generated: 1.1.7.80/30
2019-10-18 15:47:39.693 3114 RALLYDEBUG rally_openstack.wrappers.network [-] CIDR generated: 1.1.7.84/30
2019-10-18 15:47:40.620 3095 RALLYDEBUG rally_openstack.wrappers.network [-] CIDR generated: 1.1.7.88/30
2019-10-18 15:47:41.389 3073 RALLYDEBUG rally_openstack.wrappers.network [-] CIDR generated: 1.1.7.92/30
2019-10-18 15:47:42.374 3080 RALLYDEBUG rally_openstack.wrappers.network [-] CIDR generated: 1.1.7.96/30
2019-10-18 15:47:42.612 3092 RALLYDEBUG rally_openstack.wrappers.network [-] CIDR generated: 1.1.7.100/30
2019-10-18 15:47:42.775 3104 RALLYDEBUG rally_openstack.wrappers.network [-] CIDR generated: 1.1.7.104/30
2019-10-18 15:47:43.165 3083 RALLYDEBUG rally_openstack.wrappers.network [-] CIDR generated: 1.1.7.108/30
2019-10-18 15:47:43.166 3103 RALLYDEBUG rally_openstack.wrappers.network [-] CIDR generated: 1.1.7.112/30
2019-10-18 15:47:43.192 3110 RALLYDEBUG rally_openstack.wrappers.network [-] CIDR generated: 1.1.7.116/30
2019-10-18 15:47:43.616 3116 RALLYDEBUG rally_openstack.wrappers.network [-] CIDR generated: 1.1.7.120/30
2019-10-18 15:47:43.707 3122 RALLYDEBUG rally_openstack.wrappers.network [-] CIDR generated: 1.1.7.124/30
2019-10-18 15:48:41.317 3074 DEBUG neutronclient.v2_0.client [-] Error message: 504 Gateway Time-out

504 Gateway Time-out


nginx
_handle_fault_response /usr/lib/python2.7/site-packages/neutronclient/v2_0/client.py:259
2019-10-18 15:48:41.327 3074 ERROR rally.task.runner [-] Iteration 2 raised Exception: NeutronClientException: 504 Gateway Time-out

504 Gateway Time-out


nginx
2019-10-18 15:48:41.327 3074 ERROR rally.task.runner
Traceback (most recent call last):
2019-10-18 15:48:41.327 3074 ERROR rally.task.runner
File "/usr/lib/python2.7/site-packages/rally/task/runner.py", line 71, in _run_scenario_once
2019-10-18 15:48:41.327 3074 ERROR rally.task.runner getattr(scenario_inst, method_name)(**scenario_kwargs)
2019-10-18 15:48:41.327 3074 ERROR rally.task.runner
File "/usr/lib/python2.7/site-packages/rally_openstack/scenarios/neutron/network.py", line 324, in run
2019-10-18 15:48:41.327 3074 ERROR rally.task.runner subnets_per_network, router_create_args)
2019-10-18 15:48:41.327 3074 ERROR rally.task.runner
File "/usr/lib/python2.7/site-packages/rally_openstack/scenarios/neutron/utils.py", line 385, in _create_network_structure
2019-10-18 15:48:41.327 3074 ERROR rally.task.runner router = self._create_router(router_create_args or {})
2019-10-18 15:48:41.327 3074 ERROR rally.task.runner
File "/usr/lib/python2.7/site-packages/rally/task/atomic.py", line 91, in func_atomic_actions
2019-10-18 15:48:41.327 3074 ERROR rally.task.runner f = func(self, *args, **kwargs)
2019-10-18 15:48:41.327 3074 ERROR rally.task.runner
File "/usr/lib/python2.7/site-packages/rally_openstack/scenarios/neutron/utils.py", line 215, in _create_router
2019-10-18 15:48:41.327 3074 ERROR rally.task.runner {"router": router_create_args})
2019-10-18 15:48:41.327 3074 ERROR rally.task.runner
File "/usr/lib/python2.7/site-packages/neutronclient/v2_0/client.py", line 885, in create_router
2019-10-18 15:48:41.327 3074 ERROR rally.task.runner return self.post(self.routers_path, body=body)
2019-10-18 15:48:41.327 3074 ERROR rally.task.runner
File "/usr/lib/python2.7/site-packages/neutronclient/v2_0/client.py", line 359, in post
2019-10-18 15:48:41.327 3074 ERROR rally.task.runner headers=headers, params=params)
2019-10-18 15:48:41.327 3074 ERROR rally.task.runner
File "/usr/lib/python2.7/site-packages/neutronclient/v2_0/client.py", line 294, in do_request
2019-10-18 15:48:41.327 3074 ERROR rally.task.runner self._handle_fault_response(status_code, replybody, resp)
2019-10-18 15:48:41.327 3074 ERROR rally.task.runner
File "/usr/lib/python2.7/site-packages/neutronclient/v2_0/client.py", line 269, in _handle_fault_response
2019-10-18 15:48:41.327 3074 ERROR rally.task.runner exception_handler_v20(status_code, error_body)
2019-10-18 15:48:41.327 3074 ERROR rally.task.runner
File "/usr/lib/python2.7/site-packages/neutronclient/v2_0/client.py", line 93, in exception_handler_v20
2019-10-18 15:48:41.327 3074 ERROR rally.task.runner request_ids=request_ids)
2019-10-18 15:48:41.327 3074 ERROR rally.task.runner NeutronClientException:
2019-10-18 15:48:41.327 3074 ERROR rally.task.runner 504 Gateway Time-out
2019-10-18 15:48:41.327 3074 ERROR rally.task.runner
2019-10-18 15:48:41.327 3074 ERROR rally.task.runner

504 Gateway Time-out

2019-10-18 15:48:41.327 3074 ERROR rally.task.runner
nginx
2019-10-18 15:48:41.327 3074 ERROR rally.task.runner
2019-10-18 15:48:41.327 3074 ERROR rally.task.runner
2019-10-18 15:48:41.327 3074 ERROR rally.task.runner
2019-10-18 15:48:41.327 3074 ERROR rally.task.runner
2019-10-18 15:48:41.329 3074 INFO rally.task.runner [-] Task 77fb4597-f4cf-4e88-94c3-616387f0b9cb | ITER: 2 END: Error NeutronClientException: 504 Gateway Time-out

504 Gateway Time-out


nginx
2019-10-18 15:48:41.337 3074 INFO rally.task.runner [-] Task 77fb4597-f4cf-4e88-94c3-616387f0b9cb | ITER: 21 START
2019-10-18 15:48:43.899 3074 RALLYDEBUG rally_openstack.wrappers.network [-] CIDR generated: 1.1.7.128/30
2019-10-18 15:48:50.832 3074 RALLYDEBUG rally_openstack.wrappers.network [-] CIDR generated: 1.1.7.132/30
2019-10-18 15:49:12.544 3089 INFO rally.task.runner [-] Task 77fb4597-f4cf-4e88-94c3-616387f0b9cb | ITER: 9 END: OK
2019-10-18 15:49:12.554 3089 INFO rally.task.runner [-] Task 77fb4597-f4cf-4e88-94c3-616387f0b9cb | ITER: 22 START
2019-10-18 15:49:14.060 3089 RALLYDEBUG rally_openstack.wrappers.network [-] CIDR generated: 1.1.7.136/30
2019-10-18 15:49:25.044 3089 RALLYDEBUG rally_openstack.wrappers.network [-] CIDR generated: 1.1.7.140/30
2019-10-18 15:49:33.224 3103 INFO rally.task.runner [-] Task 77fb4597-f4cf-4e88-94c3-616387f0b9cb | ITER: 13 END: OK
2019-10-18 15:49:33.235 3103 INFO rally.task.runner [-] Task 77fb4597-f4cf-4e88-94c3-616387f0b9cb | ITER: 23 START
2019-10-18 15:49:34.693 3076 INFO rally.task.runner [-] Task 77fb4597-f4cf-4e88-94c3-616387f0b9cb | ITER: 4 END: OK
2019-10-18 15:49:34.701 3076 INFO rally.task.runner [-] Task 77fb4597-f4cf-4e88-94c3-616387f0b9cb | ITER: 24 START
2019-10-18 15:49:35.783 3103 RALLYDEBUG rally_openstack.wrappers.network [-] CIDR generated: 1.1.7.144/30
2019-10-18 15:49:38.618 3076 RALLYDEBUG rally_openstack.wrappers.network [-] CIDR generated: 1.1.7.148/30
2019-10-18 15:49:40.190 3073 INFO rally.task.runner [-] Task 77fb4597-f4cf-4e88-94c3-616387f0b9cb | ITER: 1 END: OK
2019-10-18 15:49:40.197 3073 INFO rally.task.runner [-] Task 77fb4597-f4cf-4e88-94c3-616387f0b9cb | ITER: 25 START
2019-10-18 15:49:40.278 3080 INFO rally.task.runner [-] Task 77fb4597-f4cf-4e88-94c3-616387f0b9cb | ITER: 6 END: OK
2019-10-18 15:49:40.285 3080 INFO rally.task.runner [-] Task 77fb4597-f4cf-4e88-94c3-616387f0b9cb | ITER: 26 START
2019-10-18 15:49:41.063 3110 INFO rally.task.runner [-] Task 77fb4597-f4cf-4e88-94c3-616387f0b9cb | ITER: 16 END: OK
2019-10-18 15:49:41.069 3110 INFO rally.task.runner [-] Task 77fb4597-f4cf-4e88-94c3-616387f0b9cb | ITER: 27 START
2019-10-18 15:49:42.265 3103 RALLYDEBUG rally_openstack.wrappers.network [-] CIDR generated: 1.1.7.152/30
2019-10-18 15:49:42.675 3076 RALLYDEBUG rally_openstack.wrappers.network [-] CIDR generated: 1.1.7.156/30
2019-10-18 15:49:42.754 3080 RALLYDEBUG rally_openstack.wrappers.network [-] CIDR generated: 1.1.7.160/30
2019-10-18 15:49:42.790 3073 RALLYDEBUG rally_openstack.wrappers.network [-] CIDR generated: 1.1.7.164/30
2019-10-18 15:49:43.779 3110 RALLYDEBUG rally_openstack.wrappers.network [-] CIDR generated: 1.1.7.168/30
2019-10-18 15:49:46.748 3073 RALLYDEBUG rally_openstack.wrappers.network [-] CIDR generated: 1.1.7.172/30
2019-10-18 15:49:47.044 3122 INFO rally.task.runner [-] Task 77fb4597-f4cf-4e88-94c3-616387f0b9cb | ITER: 20 END: OK
2019-10-18 15:49:47.051 3122 INFO rally.task.runner [-] Task 77fb4597-f4cf-4e88-94c3-616387f0b9cb | ITER: 28 START
2019-10-18 15:49:48.454 3122 RALLYDEBUG rally_openstack.wrappers.network [-] CIDR generated: 1.1.7.176/30
2019-10-18 15:49:49.803 3077 INFO rally.task.runner [-] Task 77fb4597-f4cf-4e88-94c3-616387f0b9cb | ITER: 5 END: OK
2019-10-18 15:49:49.810 3077 INFO rally.task.runner [-] Task 77fb4597-f4cf-4e88-94c3-616387f0b9cb | ITER: 29 START
2019-10-18 15:49:51.535 3080 RALLYDEBUG rally_openstack.wrappers.network [-] CIDR generated: 1.1.7.180/30
2019-10-18 15:49:52.249 3075 INFO rally.task.runner [-] Task 77fb4597-f4cf-4e88-94c3-616387f0b9cb | ITER: 3 END: OK
2019-10-18 15:49:52.255 3075 INFO rally.task.runner [-] Task 77fb4597-f4cf-4e88-94c3-616387f0b9cb | ITER: 30 START
2019-10-18 15:49:52.676 3092 INFO rally.task.runner [-] Task 77fb4597-f4cf-4e88-94c3-616387f0b9cb | ITER: 10 END: OK
2019-10-18 15:49:52.682 3092 INFO rally.task.runner [-] Task 77fb4597-f4cf-4e88-94c3-616387f0b9cb | ITER: 31 START
2019-10-18 15:49:52.700 3116 INFO rally.task.runner [-] Task 77fb4597-f4cf-4e88-94c3-616387f0b9cb | ITER: 18 END: OK
2019-10-18 15:49:52.710 3116 INFO rally.task.runner [-] Task 77fb4597-f4cf-4e88-94c3-616387f0b9cb | ITER: 32 START
2019-10-18 15:49:52.923 3110 RALLYDEBUG rally_openstack.wrappers.network [-] CIDR generated: 1.1.7.184/30
2019-10-18 15:49:53.342 3104 INFO rally.task.runner [-] Task 77fb4597-f4cf-4e88-94c3-616387f0b9cb | ITER: 14 END: OK
2019-10-18 15:49:53.351 3104 INFO rally.task.runner [-] Task 77fb4597-f4cf-4e88-94c3-616387f0b9cb | ITER: 33 START
2019-10-18 15:49:53.613 3095 INFO rally.task.runner [-] Task 77fb4597-f4cf-4e88-94c3-616387f0b9cb | ITER: 11 END: OK
2019-10-18 15:49:53.619 3095 INFO rally.task.runner [-] Task 77fb4597-f4cf-4e88-94c3-616387f0b9cb | ITER: 34 START
2019-10-18 15:49:53.624 3077 RALLYDEBUG rally_openstack.wrappers.network [-] CIDR generated: 1.1.7.188/30
2019-10-18 15:49:54.088 3075 RALLYDEBUG rally_openstack.wrappers.network [-] CIDR generated: 1.1.7.192/30
2019-10-18 15:49:54.239 3092 RALLYDEBUG rally_openstack.wrappers.network [-] CIDR generated: 1.1.7.196/30
2019-10-18 15:49:55.123 3095 RALLYDEBUG rally_openstack.wrappers.network [-] CIDR generated: 1.1.7.200/30
2019-10-18 15:49:55.873 3077 RALLYDEBUG rally_openstack.wrappers.network [-] CIDR generated: 1.1.7.204/30
2019-10-18 15:49:56.029 3107 INFO rally.task.runner [-] Task 77fb4597-f4cf-4e88-94c3-616387f0b9cb | ITER: 15 END: OK
2019-10-18 15:49:56.037 3107 INFO rally.task.runner [-] Task 77fb4597-f4cf-4e88-94c3-616387f0b9cb | ITER: 35 START
2019-10-18 15:49:57.021 3107 RALLYDEBUG rally_openstack.wrappers.network [-] CIDR generated: 1.1.7.208/30
2019-10-18 15:49:57.824 3122 RALLYDEBUG rally_openstack.wrappers.network [-] CIDR generated: 1.1.7.212/30
2019-10-18 15:49:58.100 3116 RALLYDEBUG rally_openstack.wrappers.network [-] CIDR generated: 1.1.7.216/30
2019-10-18 15:49:58.105 3086 INFO rally.task.runner [-] Task 77fb4597-f4cf-4e88-94c3-616387f0b9cb | ITER: 8 END: OK
2019-10-18 15:49:58.111 3086 INFO rally.task.runner [-] Task 77fb4597-f4cf-4e88-94c3-616387f0b9cb | ITER: 36 START
2019-10-18 15:49:58.364 3104 RALLYDEBUG rally_openstack.wrappers.network [-] CIDR generated: 1.1.7.220/30
2019-10-18 15:50:00.057 3121 INFO rally.task.runner [-] Task 77fb4597-f4cf-4e88-94c3-616387f0b9cb | ITER: 19 END: OK
2019-10-18 15:50:00.060 3083 INFO rally.task.runner [-] Task 77fb4597-f4cf-4e88-94c3-616387f0b9cb | ITER: 7 END: OK
2019-10-18 15:50:00.065 3121 INFO rally.task.runner [-] Task 77fb4597-f4cf-4e88-94c3-616387f0b9cb | ITER: 37 START
2019-10-18 15:50:00.067 3083 INFO rally.task.runner [-] Task 77fb4597-f4cf-4e88-94c3-616387f0b9cb | ITER: 38 START
2019-10-18 15:50:00.101 3086 RALLYDEBUG rally_openstack.wrappers.network [-] CIDR generated: 1.1.7.224/30
2019-10-18 15:50:01.291 3116 RALLYDEBUG rally_openstack.wrappers.network [-] CIDR generated: 1.1.7.228/30
2019-10-18 15:50:01.435 3104 RALLYDEBUG rally_openstack.wrappers.network [-] CIDR generated: 1.1.7.232/30
2019-10-18 15:50:01.473 3121 RALLYDEBUG rally_openstack.wrappers.network [-] CIDR generated: 1.1.7.236/30
2019-10-18 15:50:02.812 3092 RALLYDEBUG rally_openstack.wrappers.network [-] CIDR generated: 1.1.7.240/30
2019-10-18 15:50:03.008 3095 RALLYDEBUG rally_openstack.wrappers.network [-] CIDR generated: 1.1.7.244/30
2019-10-18 15:50:03.057 3075 RALLYDEBUG rally_openstack.wrappers.network [-] CIDR generated: 1.1.7.248/30
2019-10-18 15:50:03.471 3083 RALLYDEBUG rally_openstack.wrappers.network [-] CIDR generated: 1.1.7.252/30
2019-10-18 15:50:04.101 3107 RALLYDEBUG rally_openstack.wrappers.network [-] CIDR generated: 1.1.8.0/30
2019-10-18 15:50:05.933 3086 RALLYDEBUG rally_openstack.wrappers.network [-] CIDR generated: 1.1.8.4/30
2019-10-18 15:50:06.964 3121 RALLYDEBUG rally_openstack.wrappers.network [-] CIDR generated: 1.1.8.8/30
2019-10-18 15:50:08.988 3083 RALLYDEBUG rally_openstack.wrappers.network [-] CIDR generated: 1.1.8.12/30
2019-10-18 15:50:11.312 3101 INFO rally.task.runner [-] Task 77fb4597-f4cf-4e88-94c3-616387f0b9cb | ITER: 12 END: OK
2019-10-18 15:50:11.321 3101 INFO rally.task.runner [-] Task 77fb4597-f4cf-4e88-94c3-616387f0b9cb | ITER: 39 START
2019-10-18 15:50:12.211 3114 INFO rally.task.runner [-] Task 77fb4597-f4cf-4e88-94c3-616387f0b9cb | ITER: 17 END: OK
2019-10-18 15:50:12.217 3114 INFO rally.task.runner [-] Task 77fb4597-f4cf-4e88-94c3-616387f0b9cb | ITER: 40 START
2019-10-18 15:50:13.637 3101 RALLYDEBUG rally_openstack.wrappers.network [-] CIDR generated: 1.1.8.16/30
2019-10-18 15:50:14.328 3114 RALLYDEBUG rally_openstack.wrappers.network [-] CIDR generated: 1.1.8.20/30
2019-10-18 15:50:19.993 3101 RALLYDEBUG rally_openstack.wrappers.network [-] CIDR generated: 1.1.8.24/30
2019-10-18 15:50:20.022 3114 RALLYDEBUG rally_openstack.wrappers.network [-] CIDR generated: 1.1.8.28/30
2019-10-18 15:51:09.304 3089 INFO rally.task.runner [-] Task 77fb4597-f4cf-4e88-94c3-616387f0b9cb | ITER: 22 END: OK
2019-10-18 15:51:10.871 3121 DEBUG neutronclient.v2_0.client [-] Error message: 504 Gateway Time-out

504 Gateway Time-out


nginx
_handle_fault_response /usr/lib/python2.7/site-packages/neutronclient/v2_0/client.py:259
2019-10-18 15:51:10.877 3121 ERROR rally.task.runner [-] Iteration 37 raised Exception: NeutronClientException: 504 Gateway Time-out

504 Gateway Time-out


nginx
2019-10-18 15:51:10.877 3121 ERROR rally.task.runner
Traceback (most recent call last):
2019-10-18 15:51:10.877 3121 ERROR rally.task.runner
File "/usr/lib/python2.7/site-packages/rally/task/runner.py", line 71, in _run_scenario_once
2019-10-18 15:51:10.877 3121 ERROR rally.task.runner getattr(scenario_inst, method_name)(**scenario_kwargs)
2019-10-18 15:51:10.877 3121 ERROR rally.task.runner
File "/usr/lib/python2.7/site-packages/rally_openstack/scenarios/neutron/network.py", line 324, in run
2019-10-18 15:51:10.877 3121 ERROR rally.task.runner subnets_per_network, router_create_args)
2019-10-18 15:51:10.877 3121 ERROR rally.task.runner
File "/usr/lib/python2.7/site-packages/rally_openstack/scenarios/neutron/utils.py", line 385, in _create_network_structure
2019-10-18 15:51:10.877 3121 ERROR rally.task.runner router = self._create_router(router_create_args or {})
2019-10-18 15:51:10.877 3121 ERROR rally.task.runner
File "/usr/lib/python2.7/site-packages/rally/task/atomic.py", line 91, in func_atomic_actions
2019-10-18 15:51:10.877 3121 ERROR rally.task.runner f = func(self, *args, **kwargs)
2019-10-18 15:51:10.877 3121 ERROR rally.task.runner
File "/usr/lib/python2.7/site-packages/rally_openstack/scenarios/neutron/utils.py", line 215, in _create_router
2019-10-18 15:51:10.877 3121 ERROR rally.task.runner {"router": router_create_args})
2019-10-18 15:51:10.877 3121 ERROR rally.task.runner
File "/usr/lib/python2.7/site-packages/neutronclient/v2_0/client.py", line 885, in create_router
2019-10-18 15:51:10.877 3121 ERROR rally.task.runner return self.post(self.routers_path, body=body)
2019-10-18 15:51:10.877 3121 ERROR rally.task.runner
File "/usr/lib/python2.7/site-packages/neutronclient/v2_0/client.py", line 359, in post
2019-10-18 15:51:10.877 3121 ERROR rally.task.runner headers=headers, params=params)
2019-10-18 15:51:10.877 3121 ERROR rally.task.runner
File "/usr/lib/python2.7/site-packages/neutronclient/v2_0/client.py", line 294, in do_request
2019-10-18 15:51:10.877 3121 ERROR rally.task.runner self._handle_fault_response(status_code, replybody, resp)
2019-10-18 15:51:10.877 3121 ERROR rally.task.runner
File "/usr/lib/python2.7/site-packages/neutronclient/v2_0/client.py", line 269, in _handle_fault_response
2019-10-18 15:51:10.877 3121 ERROR rally.task.runner exception_handler_v20(status_code, error_body)
2019-10-18 15:51:10.877 3121 ERROR rally.task.runner
File "/usr/lib/python2.7/site-packages/neutronclient/v2_0/client.py", line 93, in exception_handler_v20
2019-10-18 15:51:10.877 3121 ERROR rally.task.runner request_ids=request_ids)
2019-10-18 15:51:10.877 3121 ERROR rally.task.runner NeutronClientException:
2019-10-18 15:51:10.877 3121 ERROR rally.task.runner 504 Gateway Time-out
2019-10-18 15:51:10.877 3121 ERROR rally.task.runner
2019-10-18 15:51:10.877 3121 ERROR rally.task.runner

504 Gateway Time-out

2019-10-18 15:51:10.877 3121 ERROR rally.task.runner
nginx
2019-10-18 15:51:10.877 3121 ERROR rally.task.runner
2019-10-18 15:51:10.877 3121 ERROR rally.task.runner
2019-10-18 15:51:10.877 3121 ERROR rally.task.runner
2019-10-18 15:51:10.877 3121 ERROR rally.task.runner
2019-10-18 15:51:10.879 3121 INFO rally.task.runner [-] Task 77fb4597-f4cf-4e88-94c3-616387f0b9cb | ITER: 37 END: Error NeutronClientException: 504 Gateway Time-out

504 Gateway Time-out


nginx
2019-10-18 15:51:12.670 3103 INFO rally.task.runner [-] Task 77fb4597-f4cf-4e88-94c3-616387f0b9cb | ITER: 23 END: OK
2019-10-18 15:51:14.447 3073 INFO rally.task.runner [-] Task 77fb4597-f4cf-4e88-94c3-616387f0b9cb | ITER: 25 END: OK
2019-10-18 15:51:21.992 3080 INFO rally.task.runner [-] Task 77fb4597-f4cf-4e88-94c3-616387f0b9cb | ITER: 26 END: OK
2019-10-18 15:51:29.304 3095 INFO rally.task.runner [-] Task 77fb4597-f4cf-4e88-94c3-616387f0b9cb | ITER: 34 END: OK
2019-10-18 15:51:31.093 3074 INFO rally.task.runner [-] Task 77fb4597-f4cf-4e88-94c3-616387f0b9cb | ITER: 21 END: OK
2019-10-18 15:51:37.069 3075 INFO rally.task.runner [-] Task 77fb4597-f4cf-4e88-94c3-616387f0b9cb | ITER: 30 END: OK
2019-10-18 15:51:37.205 3076 INFO rally.task.runner [-] Task 77fb4597-f4cf-4e88-94c3-616387f0b9cb | ITER: 24 END: OK
2019-10-18 15:51:37.312 3077 INFO rally.task.runner [-] Task 77fb4597-f4cf-4e88-94c3-616387f0b9cb | ITER: 29 END: OK
2019-10-18 15:51:40.069 3104 INFO rally.task.runner [-] Task 77fb4597-f4cf-4e88-94c3-616387f0b9cb | ITER: 33 END: OK
2019-10-18 15:51:41.465 3116 INFO rally.task.runner [-] Task 77fb4597-f4cf-4e88-94c3-616387f0b9cb | ITER: 32 END: OK
2019-10-18 15:51:41.644 3122 INFO rally.task.runner [-] Task 77fb4597-f4cf-4e88-94c3-616387f0b9cb | ITER: 28 END: OK
2019-10-18 15:51:43.081 3083 INFO rally.task.runner [-] Task 77fb4597-f4cf-4e88-94c3-616387f0b9cb | ITER: 38 END: OK
2019-10-18 15:51:48.420 3110 INFO rally.task.runner [-] Task 77fb4597-f4cf-4e88-94c3-616387f0b9cb | ITER: 27 END: OK
2019-10-18 15:51:48.422 3107 INFO rally.task.runner [-] Task 77fb4597-f4cf-4e88-94c3-616387f0b9cb | ITER: 35 END: OK
2019-10-18 15:51:49.230 3092 INFO rally.task.runner [-] Task 77fb4597-f4cf-4e88-94c3-616387f0b9cb | ITER: 31 END: OK
2019-10-18 15:51:50.683 3086 INFO rally.task.runner [-] Task 77fb4597-f4cf-4e88-94c3-616387f0b9cb | ITER: 36 END: OK
2019-10-18 15:51:53.938 3114 INFO rally.task.runner [-] Task 77fb4597-f4cf-4e88-94c3-616387f0b9cb | ITER: 40 END: OK
2019-10-18 15:51:53.953 3101 INFO rally.task.runner [-] Task 77fb4597-f4cf-4e88-94c3-616387f0b9cb | ITER: 39 END: OK
2019-10-18 15:51:53.981 15 INFO rally.task.context [-] Task 77fb4597-f4cf-4e88-94c3-616387f0b9cb | Context cleanup@openstack cleanup() started
2019-10-18 15:51:53.984 15 RALLYDEBUG rally_openstack.cleanup.manager [-] Cleaning up neutron vip objects
2019-10-18 15:51:54.208 15 RALLYDEBUG rally_openstack.cleanup.manager [-] Cleaning up neutron health_monitor objects
2019-10-18 15:51:54.443 15 RALLYDEBUG rally_openstack.cleanup.manager [-] Cleaning up neutron pool objects
2019-10-18 15:51:54.660 15 RALLYDEBUG rally_openstack.cleanup.manager [-] Cleaning up neutron loadbalancer objects
2019-10-18 15:51:54.875 15 RALLYDEBUG rally_openstack.cleanup.manager [-] Cleaning up neutron floatingip objects
2019-10-18 15:51:55.110 15 RALLYDEBUG rally_openstack.cleanup.manager [-] Cleaning up neutron trunk objects
2019-10-18 15:51:55.328 15 DEBUG neutronclient.v2_0.client [-] Error message: {"message": "The resource could not be found.

\n\n\n", "code": "404 Not Found", "title": "Not Found"} _handle_fault_response /usr/lib/python2.7/site-packages/neutronclient/v2_0/client.py:259
2019-10-18 15:51:55.339 15 RALLYDEBUG rally_openstack.cleanup.manager [-] Cleaning up neutron port objects
2019-10-18 15:51:56.494 15 RALLYDEBUG rally_openstack.cleanup.manager [-] Deleting neutron.port object s_rally_0c6c4947_ROB3FCnw (06af29c6-7949-4653-abd2-2d77705f79d5)
2019-10-18 15:51:56.509 15 RALLYDEBUG rally_openstack.cleanup.manager [-] Deleting neutron.port object s_rally_0c6c4947_NhIAuyAV (02305885-1c44-4cc6-8c2f-c6ecc65daa96)
2019-10-18 15:51:56.518 15 RALLYDEBUG rally_openstack.cleanup.manager [-] Deleting neutron.port object s_rally_0c6c4947_sb2Gb8Bh (0f85e134-f8f8-454a-85c2-3a9ac3d34b8d)
2019-10-18 15:51:56.533 15 RALLYDEBUG rally_openstack.cleanup.manager [-] Deleting neutron.port object s_rally_0c6c4947_6HzIqUKm (055e7380-199b-49fd-8a3e-dde28cec46e5)
2019-10-18 15:51:56.539 15 RALLYDEBUG rally_openstack.cleanup.manager [-] Deleting neutron.port object s_rally_0c6c4947_2K0RFcFx (03a078ba-50ef-4570-a1a5-4bf1255cee8d)
2019-10-18 15:51:56.565 15 RALLYDEBUG rally_openstack.cleanup.manager [-] Deleting neutron.port object s_rally_0c6c4947_bGKqtCfL (0dd53456-b112-4f90-9311-d25845f4d763)
2019-10-18 15:51:56.568 15 RALLYDEBUG rally_openstack.cleanup.manager [-] Deleting neutron.port object s_rally_0c6c4947_ChQnLBuW (11936380-30cc-4591-9e04-887cbef31e6c)
2019-10-18 15:51:56.580 15 RALLYDEBUG rally_openstack.cleanup.manager [-] Deleting neutron.port object s_rally_0c6c4947_HgKRTjSJ (128b282c-aef0-4dad-988e-082693cc1074)
2019-10-18 15:51:56.579 15 RALLYDEBUG rally_openstack.cleanup.manager [-] Deleting neutron.port object s_rally_0c6c4947_JjdmwqRE (17885ac7-fc67-4ebb-9739-c68d8c898dde)
2019-10-18 15:51:56.591 15 RALLYDEBUG rally_openstack.cleanup.manager [-] Deleting neutron.port object s_rally_0c6c4947_ApPJOeDg (1539bd7b-dce9-429e-a2f0-169d9536f466)
2019-10-18 15:51:56.621 15 RALLYDEBUG rally_openstack.cleanup.manager [-] Deleting neutron.port object s_rally_0c6c4947_YFsFlqet (176df812-5ce7-4abb-9197-1f3262fdf0fb)
2019-10-18 15:51:56.624 15 RALLYDEBUG rally_openstack.cleanup.manager [-] Deleting neutron.port object s_rally_0c6c4947_b5dC5ZRo (1d06269e-a520-4e74-89fa-8e7649926a13)
2019-10-18 15:51:56.628 15 RALLYDEBUG rally_openstack.cleanup.manager [-] Deleting neutron.port object s_rally_0c6c4947_jX4OPvTc (1acb39c3-4d85-4dda-9174-3a526817dee3)
2019-10-18 15:51:56.634 15 RALLYDEBUG rally_openstack.cleanup.manager [-] Deleting neutron.port object s_rally_0c6c4947_u6b8QHRr (17c0d40f-c09e-4108-8fd6-67ffe24dcdc6)
2019-10-18 15:51:56.681 15 RALLYDEBUG rally_openstack.cleanup.manager [-] Deleting neutron.port object s_rally_0c6c4947_qlVEirgp (2178a971-f54d-407f-8573-c7b3e60391d9)
2019-10-18 15:51:56.687 15 RALLYDEBUG rally_openstack.cleanup.manager [-] Deleting neutron.port object s_rally_0c6c4947_k22Bg6QC (293ba91c-d031-463c-98be-f6fe4cd9bf0f)
2019-10-18 15:51:56.696 15 RALLYDEBUG rally_openstack.cleanup.manager [-] Deleting neutron.port object s_rally_0c6c4947_6j7kcu1k (28305cbe-fd4e-4809-85f4-49189112a092)
2019-10-18 15:51:56.704 15 RALLYDEBUG rally_openstack.cleanup.manager [-] Deleting neutron.port object s_rally_0c6c4947_D85UMPAy (2a0104a0-ff5b-4289-9271-d95e858a09c9)
2019-10-18 15:51:56.724 15 RALLYDEBUG rally_openstack.cleanup.manager [-] Deleting neutron.port object s_rally_0c6c4947_EalzeBPE (28ca3538-6b7a-4071-83ee-f78999c273bb)
2019-10-18 15:51:56.741 15 RALLYDEBUG rally_openstack.cleanup.manager [-] Deleting neutron.port object s_rally_0c6c4947_a3D5oOXw (2d7649cf-d8ca-44fe-bf16-276465277fda)
2019-10-18 15:52:11.877 15 RALLYDEBUG rally_openstack.cleanup.manager [-] Deleting neutron.port object s_rally_0c6c4947_khMey4MD (2efea3f4-f577-42c6-a7b0-20ee3136db0f)
2019-10-18 15:52:12.345 15 RALLYDEBUG rally_openstack.cleanup.manager [-] Deleting neutron.port object s_rally_0c6c4947_qq1DMgss (305e1002-2f37-443e-bf29-110595a97f30)
2019-10-18 15:52:12.414 15 RALLYDEBUG rally_openstack.cleanup.manager [-] Deleting neutron.port object s_rally_0c6c4947_HLFox1Fv (30a74deb-1c8d-45b8-9a22-d8fd04e32c99)
2019-10-18 15:52:12.639 15 RALLYDEBUG rally_openstack.cleanup.manager [-] Deleting neutron.port object s_rally_0c6c4947_wAIGPCVC (33d4be68-d8f5-4631-b55e-328ae442b427)
2019-10-18 15:52:12.796 15 RALLYDEBUG rally_openstack.cleanup.manager [-] Deleting neutron.port object s_rally_0c6c4947_D5lJn59X (374297fd-f921-4623-bf3f-7c78337c7286)
2019-10-18 15:52:12.806 15 RALLYDEBUG rally_openstack.cleanup.manager [-] Deleting neutron.port object s_rally_0c6c4947_dsUCXLsS (3fa09434-dc82-4e85-b3bc-17ccfab215d6)
2019-10-18 15:52:12.821 15 RALLYDEBUG rally_openstack.cleanup.manager [-] Deleting neutron.port object s_rally_0c6c4947_n2NWwtNq (40f4d6ac-6ff7-4b60-96e7-97b52547b63c)
2019-10-18 15:52:12.893 15 RALLYDEBUG rally_openstack.cleanup.manager [-] Deleting neutron.port object s_rally_0c6c4947_aVp4whM2 (44715da3-b248-4266-963f-cf06fb94da5f)
2019-10-18 15:52:12.905 15 RALLYDEBUG rally_openstack.cleanup.manager [-] Deleting neutron.port object s_rally_0c6c4947_xYVGGw2M (4cf26e07-89dc-4b3e-af70-cea1aa0c0b09)
2019-10-18 15:52:12.930 15 RALLYDEBUG rally_openstack.cleanup.manager [-] Deleting neutron.port object s_rally_0c6c4947_uRQ4QPpw (4d8675bf-f5de-49b1-9795-49e5a60224b6)
2019-10-18 15:52:13.262 15 RALLYDEBUG rally_openstack.cleanup.manager [-] Deleting neutron.port object s_rally_0c6c4947_EfFURUu9 (4e1d4afb-935e-4bdf-8689-07fa1d3fed62)
2019-10-18 15:52:13.629 15 RALLYDEBUG rally_openstack.cleanup.manager [-] Deleting neutron.port object s_rally_0c6c4947_WVSowCOf (5117e027-09c3-4b3d-b334-951696d37e42)
2019-10-18 15:52:13.695 15 RALLYDEBUG rally_openstack.cleanup.manager [-] Deleting neutron.port object s_rally_0c6c4947_D72BHcZJ (55608b69-6125-4a25-a082-cafba12583e9)
2019-10-18 15:52:13.750 15 RALLYDEBUG rally_openstack.cleanup.manager [-] Deleting neutron.port object s_rally_0c6c4947_uolRPHgk (57f71d93-c7c2-49a1-aacf-8b6d97461ad4)
2019-10-18 15:52:13.762 15 RALLYDEBUG rally_openstack.cleanup.manager [-] Deleting neutron.port object s_rally_0c6c4947_plz6d21S (64ca0bf7-a4c1-4297-a45f-9548ecbf8b15)
2019-10-18 15:52:13.857 15 RALLYDEBUG rally_openstack.cleanup.manager [-] Deleting neutron.port object s_rally_0c6c4947_tUY03wgL (6c88b784-12a3-49a9-836f-e81d12d0c67a)
2019-10-18 15:52:14.013 15 RALLYDEBUG rally_openstack.cleanup.manager [-] Deleting neutron.port object s_rally_0c6c4947_SVCcCQ65 (6e730493-1abf-4085-9a1f-24ced3237061)
2019-10-18 15:52:15.156 15 RALLYDEBUG rally_openstack.cleanup.manager [-] Deleting neutron.port object s_rally_0c6c4947_ewEdJ8r4 (6f2ec09d-bf6e-410e-8ca5-f106a28e840d)
2019-10-18 15:52:15.232 15 RALLYDEBUG rally_openstack.cleanup.manager [-] Deleting neutron.port object s_rally_0c6c4947_kAB7KRgg (7369f90a-3af1-419e-ad6b-0fdd2eede33e)
2019-10-18 15:52:15.808 15 RALLYDEBUG rally_openstack.cleanup.manager [-] Deleting neutron.port object s_rally_0c6c4947_9vKexERZ (77d900a5-ac7c-4552-a58f-956eca0b5d89)
2019-10-18 15:52:21.419 15 RALLYDEBUG rally_openstack.cleanup.manager [-] Deleting neutron.port object s_rally_0c6c4947_d7OzJagc (7ba31368-cfae-4648-be36-760cbede85d5)
2019-10-18 15:52:26.487 15 RALLYDEBUG rally_openstack.cleanup.manager [-] Deleting neutron.port object s_rally_0c6c4947_9Uu0tykE (7f6eee29-339b-42a2-8ea1-b69df438f590)
2019-10-18 15:52:26.501 15 RALLYDEBUG rally_openstack.cleanup.manager [-] Deleting neutron.port object s_rally_0c6c4947_nc5a0iWM (84cbed68-d97f-48a0-b0fd-7c19e64e89eb)
2019-10-18 15:52:26.902 15 RALLYDEBUG rally_openstack.cleanup.manager [-] Deleting neutron.port object s_rally_0c6c4947_Xh8P9340 (868e1cb5-d836-48ce-8753-a37b1abdbb2b)
2019-10-18 15:52:27.181 15 RALLYDEBUG rally_openstack.cleanup.manager [-] Deleting neutron.port object s_rally_0c6c4947_XW7h6SaH (8872a36e-c41a-4c44-a2e8-921f7d0b6f21)
2019-10-18 15:52:27.304 15 RALLYDEBUG rally_openstack.cleanup.manager [-] Deleting neutron.port object s_rally_0c6c4947_Tuv8NpIn (8928dde4-610c-4eb3-b635-297768d829c6)
2019-10-18 15:52:27.737 15 RALLYDEBUG rally_openstack.cleanup.manager [-] Deleting neutron.port object s_rally_0c6c4947_gn5gq3Ac (8f2c4e07-7c2d-4c79-a1cb-08f2bfbec805)
2019-10-18 15:52:27.825 15 RALLYDEBUG rally_openstack.cleanup.manager [-] Deleting neutron.port object s_rally_0c6c4947_uhHAraJ8 (97159111-3f4c-4117-aa65-52c42ee86b09)
2019-10-18 15:52:27.974 15 RALLYDEBUG rally_openstack.cleanup.manager [-] Deleting neutron.port object s_rally_0c6c4947_HeXom1ei (99450f7f-54f4-41f9-82bc-fa15696eb02a)
2019-10-18 15:52:28.004 15 RALLYDEBUG rally_openstack.cleanup.manager [-] Deleting neutron.port object s_rally_0c6c4947_VGL25ag7 (9a6b8b9d-505a-4476-a576-bcf9b1770b91)
2019-10-18 15:52:32.075 15 RALLYDEBUG rally_openstack.cleanup.manager [-] Deleting neutron.port object s_rally_0c6c4947_6uDIqhnJ (9a73c011-c738-461b-a416-5f41503f0db5)
2019-10-18 15:52:32.352 15 RALLYDEBUG rally_openstack.cleanup.manager [-] Deleting neutron.port object s_rally_0c6c4947_vtKHcMCj (9c27f5b0-defc-498d-8160-81aea3196057)
2019-10-18 15:52:33.353 15 RALLYDEBUG rally_openstack.cleanup.manager [-] Deleting neutron.port object s_rally_0c6c4947_WmB8XDb7 (a1ad0815-d9b8-451b-9196-ab0fe13fd6ac)
2019-10-18 15:52:33.947 15 RALLYDEBUG rally_openstack.cleanup.manager [-] Deleting neutron.port object s_rally_0c6c4947_lXvgsCXW (aae28c8a-a10f-48d4-84c8-3edb7060100c)
2019-10-18 15:52:34.271 15 RALLYDEBUG rally_openstack.cleanup.manager [-] Deleting neutron.port object s_rally_0c6c4947_Dncc9irK (ada94e20-9ff8-4879-b7c4-755d8d5c34f6)
2019-10-18 15:52:34.371 15 RALLYDEBUG rally_openstack.cleanup.manager [-] Deleting neutron.port object s_rally_0c6c4947_qpuk4jxv (b2077996-3e90-403e-82bd-032735c72c5a)
2019-10-18 15:52:34.703 15 RALLYDEBUG rally_openstack.cleanup.manager [-] Deleting neutron.port object s_rally_0c6c4947_HPaXIPQs (b83aa71d-2d86-40e0-b40d-665a2efddff6)
2019-10-18 15:52:34.852 15 RALLYDEBUG rally_openstack.cleanup.manager [-] Deleting neutron.port object s_rally_0c6c4947_0eJiFR8r (b9338edf-289b-445d-b717-684a0c2c747a)
2019-10-18 15:52:34.864 15 RALLYDEBUG rally_openstack.cleanup.manager [-] Deleting neutron.port object s_rally_0c6c4947_TuF9hleL (bb2d74bd-9a5c-48d1-afac-2038154eda02)
2019-10-18 15:52:35.169 15 RALLYDEBUG rally_openstack.cleanup.manager [-] Deleting neutron.port object s_rally_0c6c4947_wCrO1Lp9 (bc894217-0451-4bdf-bcf7-ea4d909afc6f)
2019-10-18 15:52:35.447 15 RALLYDEBUG rally_openstack.cleanup.manager [-] Deleting neutron.port object s_rally_0c6c4947_9scm3D9R (c4119786-8cf7-401f-a068-848313d1a30b)
2019-10-18 15:52:35.457 15 RALLYDEBUG rally_openstack.cleanup.manager [-] Deleting neutron.port object s_rally_0c6c4947_TypD8w2e (c856c1ef-d565-4641-bc23-51cda5002b49)
2019-10-18 15:52:35.523 15 RALLYDEBUG rally_openstack.cleanup.manager [-] Deleting neutron.port object s_rally_0c6c4947_ATcZUAUY (c868ecd0-9a0c-4aef-9018-95ae703a9628)
2019-10-18 15:52:37.670 15 RALLYDEBUG rally_openstack.cleanup.manager [-] Deleting neutron.port object s_rally_0c6c4947_1EtAipj6 (c8dfaea8-290b-4225-b8d9-840e030032a0)
2019-10-18 15:52:37.739 15 RALLYDEBUG rally_openstack.cleanup.manager [-] Deleting neutron.port object s_rally_0c6c4947_0T1nnxHM (ca213e6a-e66e-4c58-8a10-cc86a3d6fa47)
2019-10-18 15:52:42.128 15 RALLYDEBUG rally_openstack.cleanup.manager [-] Deleting neutron.port object s_rally_0c6c4947_13noU6vA (ce090c91-2521-4c38-82bb-d0aae0620358)
2019-10-18 15:52:42.630 15 RALLYDEBUG rally_openstack.cleanup.manager [-] Deleting neutron.port object s_rally_0c6c4947_eTUFLqsL (d8c8b3e5-611c-4c7f-a19a-e9fb0397c009)
2019-10-18 15:52:42.749 15 RALLYDEBUG rally_openstack.cleanup.manager [-] Deleting neutron.port object s_rally_0c6c4947_At9atu6h (df3d1461-3be8-4f5c-9926-69470d7d6213)
2019-10-18 15:52:42.822 15 RALLYDEBUG rally_openstack.cleanup.manager [-] Deleting neutron.port object s_rally_0c6c4947_2Qthvu5D (e3082efc-7a55-4d17-877a-e9438530020f)
2019-10-18 15:52:43.900 15 RALLYDEBUG rally_openstack.cleanup.manager [-] Deleting neutron.port object s_rally_0c6c4947_Y05ZELxz (e4126b76-bf4c-4c9b-8f9e-bcd6bc8432ea)
2019-10-18 15:52:45.827 15 RALLYDEBUG rally_openstack.cleanup.manager [-] Deleting neutron.port object s_rally_0c6c4947_xX5ekatt (e7070fcd-5fd2-4945-ab09-24c31b217051)
2019-10-18 15:52:47.869 15 RALLYDEBUG rally_openstack.cleanup.manager [-] Deleting neutron.port object s_rally_0c6c4947_2EHEgTmq (ec22b0d3-966a-4310-a944-187597f3f9e1)
2019-10-18 15:52:48.956 15 RALLYDEBUG rally_openstack.cleanup.manager [-] Deleting neutron.port object s_rally_0c6c4947_TtZywJTn (ee67ef0f-e44c-4d77-a0d9-a3408de1eda7)
2019-10-18 15:52:51.320 15 RALLYDEBUG rally_openstack.cleanup.manager [-] Deleting neutron.port object s_rally_0c6c4947_3ClhZQ9A (f0ff353b-973c-4f2e-bc22-f2cab9993371)
2019-10-18 15:52:52.852 15 RALLYDEBUG rally_openstack.cleanup.manager [-] Deleting neutron.port object s_rally_0c6c4947_F7jpa7KX (fb5d036b-7ce0-4328-82e5-365611d473f2)
2019-10-18 15:52:52.956 15 RALLYDEBUG rally_openstack.cleanup.manager [-] Deleting neutron.port object s_rally_0c6c4947_M0HUbZIL (fdbc3a5b-7918-4d5a-8a65-b471b6d7f8f8)
2019-10-18 15:53:01.740 15 RALLYDEBUG rally_openstack.cleanup.manager [-] Cleaning up neutron subnet objects
2019-10-18 15:53:02.281 15 RALLYDEBUG rally_openstack.cleanup.manager [-] Deleting neutron.subnet object s_rally_0c6c4947_MBGbNwDh (0169f467-482f-4a54-a1f9-37c6ce70f0a3)
2019-10-18 15:53:02.285 15 RALLYDEBUG rally_openstack.cleanup.manager [-] Deleting neutron.subnet object s_rally_0c6c4947_JVnBDaTk (02fc85a0-5f5d-43a8-95ae-a05fdf8e620c)
2019-10-18 15:53:02.297 15 RALLYDEBUG rally_openstack.cleanup.manager [-] Deleting neutron.subnet object s_rally_0c6c4947_Ag3ywEXm (066379ae-5f84-4dbd-83dc-1f243f410cd5)
2019-10-18 15:53:02.306 15 RALLYDEBUG rally_openstack.cleanup.manager [-] Deleting neutron.subnet object s_rally_0c6c4947_UF11VXeE (06da4753-cf9d-4279-bc7b-7b82766e1535)
2019-10-18 15:53:02.325 15 RALLYDEBUG rally_openstack.cleanup.manager [-] Deleting neutron.subnet object s_rally_0c6c4947_Lj7EUYyY (1754d0d0-e9dc-44b8-ae99-a4bd050b22d6)
2019-10-18 15:53:02.329 15 RALLYDEBUG rally_openstack.cleanup.manager [-] Deleting neutron.subnet object s_rally_0c6c4947_dGp2giZk (1034a840-bcfc-451f-9960-28e3c96c8188)
2019-10-18 15:53:02.356 15 RALLYDEBUG rally_openstack.cleanup.manager [-] Deleting neutron.subnet object s_rally_0c6c4947_uBxExGdc (154e32bf-ed42-4fad-8341-a074deaca4d8)
2019-10-18 15:53:02.384 15 RALLYDEBUG rally_openstack.cleanup.manager [-] Deleting neutron.subnet object s_rally_0c6c4947_gMNBqGMt (1b2a5850-7f1d-40be-8212-0107cc9d0cd7)
2019-10-18 15:53:02.389 15 RALLYDEBUG rally_openstack.cleanup.manager [-] Deleting neutron.subnet object s_rally_0c6c4947_YWGqoVbV (2359368f-b410-491d-806d-4da81b77ee65)
