2019-10-18 16:08:06.957 15 RALLYDEBUG rally_openstack.cleanup.manager [-] Deleting neutron.port object s_rally_e0a7cc90_vce402JZ (ea6cf7aa-c447-4e82-8fb8-bbcfa56f51ff)
2019-10-18 16:08:06.957 15 RALLYDEBUG rally_openstack.cleanup.manager [-] Deleting neutron.port object s_rally_e0a7cc90_O1CEu04m (e9dd9742-01f0-4765-a299-493cc311354d)
2019-10-18 16:08:07.193 15 RALLYDEBUG rally_openstack.cleanup.manager [-] Deleting neutron.port object s_rally_e0a7cc90_56dQ6c2f (ea79a5a0-510f-4ff0-9754-f89d9a8ce607)
2019-10-18 16:08:07.982 15 RALLYDEBUG rally_openstack.cleanup.manager [-] Deleting neutron.port object s_rally_e0a7cc90_1VwdmcHi (ea8056cc-a90c-44c4-b0ec-da5711915436)
2019-10-18 16:08:08.168 15 RALLYDEBUG rally_openstack.cleanup.manager [-] Deleting neutron.port object s_rally_e0a7cc90_Eq7WNFaq (eb30e952-2e85-404a-8018-447d0ddf8137)
2019-10-18 16:08:08.599 15 RALLYDEBUG rally_openstack.cleanup.manager [-] Deleting neutron.port object s_rally_e0a7cc90_okbra7Dy (eb355cd1-15ec-4276-b939-d80b4bf25e21)
2019-10-18 16:08:08.838 15 RALLYDEBUG rally_openstack.cleanup.manager [-] Deleting neutron.port object s_rally_e0a7cc90_EtmmIIfm (ebbe10f5-a59f-4ad1-b535-d775e471fb1b)
2019-10-18 16:08:08.842 15 RALLYDEBUG rally_openstack.cleanup.manager [-] Deleting neutron.port object s_rally_e0a7cc90_geb8AKHi (ec8651b6-f250-44d3-b122-1f58431c62a7)
2019-10-18 16:08:08.885 15 RALLYDEBUG rally_openstack.cleanup.manager [-] Deleting neutron.port object s_rally_e0a7cc90_b9taKEma (eca6b9c4-4c6f-4ae1-bd65-fe9a172ef6a7)
2019-10-18 16:08:09.031 15 RALLYDEBUG rally_openstack.cleanup.manager [-] Deleting neutron.port object s_rally_e0a7cc90_iqXHv4Hj (ed6413ae-8986-43c0-9447-4a9a9c8dc31b)
2019-10-18 16:08:09.321 15 RALLYDEBUG rally_openstack.cleanup.manager [-] Deleting neutron.port object s_rally_e0a7cc90_AvasvCql (ed73c7e8-8e8c-436f-9302-3ede2ddaa3e5)
2019-10-18 16:08:09.708 15 RALLYDEBUG rally_openstack.cleanup.manager [-] Deleting neutron.port object s_rally_e0a7cc90_n0ZuyKsU (edc27872-00c0-491c-b3f8-e8eab7058910)
2019-10-18 16:08:10.291 15 RALLYDEBUG rally_openstack.cleanup.manager [-] Deleting neutron.port object s_rally_e0a7cc90_IqbdUOYJ (edc8f6df-d6d3-405f-a11f-02b61a2e60a8)
2019-10-18 16:08:10.331 15 RALLYDEBUG rally_openstack.cleanup.manager [-] Deleting neutron.port object s_rally_e0a7cc90_4vdC4hbM (ee3c081f-a27a-45dc-85e5-ffec7ebc0c91)
2019-10-18 16:08:10.704 15 RALLYDEBUG rally_openstack.cleanup.manager [-] Deleting neutron.port object s_rally_e0a7cc90_ax7c1FIH (ef7b550b-42b3-4dfb-ae74-6384cd474aa0)
2019-10-18 16:08:10.705 15 RALLYDEBUG rally_openstack.cleanup.manager [-] Deleting neutron.port object s_rally_e0a7cc90_9rPI1WmR (ee6deba0-3c8f-465b-9daa-961b9606f5f7)
2019-10-18 16:08:10.800 15 RALLYDEBUG rally_openstack.cleanup.manager [-] Deleting neutron.port object s_rally_e0a7cc90_gLdBHBbN (f0dad7ee-3e8b-4c63-838d-8989fb7a25af)
2019-10-18 16:08:11.017 15 RALLYDEBUG rally_openstack.cleanup.manager [-] Deleting neutron.port object s_rally_e0a7cc90_No6hqUqU (f201c0e0-1367-44f7-93d2-e7ec398c25d9)
2019-10-18 16:08:11.027 15 RALLYDEBUG rally_openstack.cleanup.manager [-] Deleting neutron.port object s_rally_e0a7cc90_mJgTZP6b (f2149f2e-7065-483d-80d9-ca1f1769965b)
2019-10-18 16:08:11.701 15 RALLYDEBUG rally_openstack.cleanup.manager [-] Deleting neutron.port object s_rally_e0a7cc90_6M8ck65j (f3bddfb5-7b14-4a5d-b25e-652e42c16c21)
2019-10-18 16:08:11.754 15 RALLYDEBUG rally_openstack.cleanup.manager [-] Deleting neutron.port object s_rally_e0a7cc90_mxgMvKXr (f42b92fe-a601-458b-9792-92666f54555c)
2019-10-18 16:08:12.011 15 RALLYDEBUG rally_openstack.cleanup.manager [-] Deleting neutron.port object s_rally_e0a7cc90_6tSScRTx (f46f5910-b1b8-407c-9867-20b0fb539dec)
2019-10-18 16:08:12.249 15 RALLYDEBUG rally_openstack.cleanup.manager [-] Deleting neutron.port object s_rally_e0a7cc90_IoAYcNs2 (f484d55e-244d-46d0-a9f3-5184347fff41)
2019-10-18 16:08:12.260 15 RALLYDEBUG rally_openstack.cleanup.manager [-] Deleting neutron.port object s_rally_e0a7cc90_X8Uq78Qd (f4b9dc3d-a5af-4663-b397-6fbb6b89c9a2)
2019-10-18 16:08:12.363 15 RALLYDEBUG rally_openstack.cleanup.manager [-] Deleting neutron.port object s_rally_e0a7cc90_Pbb5qc3q (f5c09340-0e68-4f1b-bb29-6d69d75dbbae)
2019-10-18 16:08:12.896 15 RALLYDEBUG rally_openstack.cleanup.manager [-] Deleting neutron.port object s_rally_e0a7cc90_k7QzzVyM (f65db119-f869-4a98-9f9d-165cdb82d0ca)
2019-10-18 16:08:14.089 15 RALLYDEBUG rally_openstack.cleanup.manager [-] Deleting neutron.port object s_rally_e0a7cc90_3R3K4xfc (f687debc-79b5-45b1-9a00-d8df760deb86)
2019-10-18 16:08:14.275 15 RALLYDEBUG rally_openstack.cleanup.manager [-] Deleting neutron.port object s_rally_e0a7cc90_Ufd8vKPA (f6cacd8d-d127-492e-97fc-c96931034be1)
2019-10-18 16:08:14.363 15 RALLYDEBUG rally_openstack.cleanup.manager [-] Deleting neutron.port object s_rally_e0a7cc90_R4PRzeiX (f7220636-6d4b-4147-8de1-d9edae11ca23)
2019-10-18 16:08:14.879 15 RALLYDEBUG rally_openstack.cleanup.manager [-] Deleting neutron.port object s_rally_e0a7cc90_9Jyl0a51 (f7bc9275-6baa-4a98-ba5d-483faa6de30b)
2019-10-18 16:08:14.900 15 RALLYDEBUG rally_openstack.cleanup.manager [-] Deleting neutron.port object s_rally_e0a7cc90_1FzoUNcP (f825bd4b-9d77-4149-aba6-90d318428155)
2019-10-18 16:08:14.912 15 RALLYDEBUG rally_openstack.cleanup.manager [-] Deleting neutron.port object s_rally_e0a7cc90_s6GeM91p (f8fe773d-c703-445c-8947-16cf757aa3c3)
2019-10-18 16:08:15.024 15 RALLYDEBUG rally_openstack.cleanup.manager [-] Deleting neutron.port object s_rally_e0a7cc90_I485HiK2 (fa486823-1b36-4152-8609-102212c98521)
2019-10-18 16:08:15.030 15 RALLYDEBUG rally_openstack.cleanup.manager [-] Deleting neutron.port object s_rally_e0a7cc90_Tov8An8C (fb024739-8885-42f4-80bd-60ca712b6353)
2019-10-18 16:08:15.063 15 RALLYDEBUG rally_openstack.cleanup.manager [-] Deleting neutron.port object s_rally_e0a7cc90_p6LBdbZg (fb2de06a-f828-4d4b-8802-7cbec1c755e6)
2019-10-18 16:08:15.097 15 RALLYDEBUG rally_openstack.cleanup.manager [-] Deleting neutron.port object s_rally_e0a7cc90_fGhYg0nl (fbff7f48-d23f-4e26-a95c-b9d57e85ca7e)
2019-10-18 16:08:15.345 15 RALLYDEBUG rally_openstack.cleanup.manager [-] Deleting neutron.port object s_rally_e0a7cc90_9VHClzHc (fc3675b7-ac13-4578-a3a5-2258dd237083)
2019-10-18 16:08:15.554 15 RALLYDEBUG rally_openstack.cleanup.manager [-] Deleting neutron.port object s_rally_e0a7cc90_hfnzlLNb (fda1b96a-d75b-4ac3-857e-d09839c5b64d)
2019-10-18 16:08:15.904 15 RALLYDEBUG rally_openstack.cleanup.manager [-] Deleting neutron.port object s_rally_e0a7cc90_4jp7AD2w (fda53d6d-b434-4c1d-91bc-96c8a09fabcd)
2019-10-18 16:08:16.054 15 RALLYDEBUG rally_openstack.cleanup.manager [-] Deleting neutron.port object s_rally_e0a7cc90_Bm1plMBS (fe8caa7d-23fe-4b43-8a99-72d901d1ba9a)
2019-10-18 16:08:19.796 15 RALLYDEBUG rally_openstack.cleanup.manager [-] Cleaning up neutron subnet objects
2019-10-18 16:08:20.034 15 RALLYDEBUG rally_openstack.cleanup.manager [-] Cleaning up neutron network objects
2019-10-18 16:08:20.556 15 RALLYDEBUG rally_openstack.cleanup.manager [-] Deleting neutron.network object s_rally_e0a7cc90_BfsFXjrm (02f98d1f-8330-41de-915b-ffa99076d302)
2019-10-18 16:08:20.562 15 RALLYDEBUG rally_openstack.cleanup.manager [-] Deleting neutron.network object s_rally_e0a7cc90_VH2pcmls (35ea1a4a-ea2f-42e5-9622-99d4deba4acc)
2019-10-18 16:08:20.567 15 RALLYDEBUG rally_openstack.cleanup.manager [-] Deleting neutron.network object s_rally_e0a7cc90_mJIt8Opg (3f00af05-d90b-4a54-b229-ccc84250522f)
2019-10-18 16:08:20.580 15 RALLYDEBUG rally_openstack.cleanup.manager [-] Deleting neutron.network object s_rally_e0a7cc90_gLZh3C77 (7e27ed8d-0816-480d-988d-01916686c041)
2019-10-18 16:08:20.587 15 RALLYDEBUG rally_openstack.cleanup.manager [-] Deleting neutron.network object s_rally_e0a7cc90_HJC4XtMJ (9ecd2ffc-e920-4a68-83db-961e6b1567f3)
2019-10-18 16:08:20.595 15 RALLYDEBUG rally_openstack.cleanup.manager [-] Deleting neutron.network object s_rally_e0a7cc90_G7DTyEjP (a0e72b71-d95e-4cda-86e2-ebb9cef4aa49)
2019-10-18 16:08:20.607 15 RALLYDEBUG rally_openstack.cleanup.manager [-] Deleting neutron.network object s_rally_e0a7cc90_ma5Ib9Sa (bcd8e8b8-5e36-46b3-a3c3-c70b1539cd28)
2019-10-18 16:08:20.612 15 RALLYDEBUG rally_openstack.cleanup.manager [-] Deleting neutron.network object s_rally_e0a7cc90_zA7bvCqa (cedd85c5-cefa-4ed0-8c2a-31944119ab12)
2019-10-18 16:08:24.244 15 RALLYDEBUG rally_openstack.cleanup.manager [-] Cleaning up neutron router objects
2019-10-18 16:08:24.523 15 RALLYDEBUG rally_openstack.cleanup.manager [-] Cleaning up neutron security_group objects
2019-10-18 16:08:24.832 15 INFO rally.task.context [-] Task 77fb4597-f4cf-4e88-94c3-616387f0b9cb | Context cleanup@openstack cleanup() finished in 1.85 min
2019-10-18 16:08:24.832 15 INFO rally.task.context [-] Task 77fb4597-f4cf-4e88-94c3-616387f0b9cb | Context quotas@openstack cleanup() started
2019-10-18 16:08:24.950 15 INFO rally.task.context [-] Task 77fb4597-f4cf-4e88-94c3-616387f0b9cb | Context quotas@openstack cleanup() finished in 0.12 sec
2019-10-18 16:08:24.950 15 INFO rally.task.context [-] Task 77fb4597-f4cf-4e88-94c3-616387f0b9cb | Context users@openstack cleanup() started
2019-10-18 16:08:26.898 15 INFO rally.task.context [-] Task 77fb4597-f4cf-4e88-94c3-616387f0b9cb | Context users@openstack cleanup() finished in 1.95 sec
2019-10-18 16:08:27.176 15 INFO rally.task.engine [-] Load duration is: 212.441123
2019-10-18 16:08:27.176 15 INFO rally.task.engine [-] Full runner duration is: 212.492314
2019-10-18 16:08:27.177 15 INFO rally.task.engine [-] Full duration is: 327.012179
2019-10-18 16:08:27.261 15 INFO rally.task.engine [-] Running workload: position = 1 config = { "version": 2, "title": "A cropped version of a bigger task.", "description": "Auto-generated task from a single workload (uuid=29db01e9-4664-4c5a-be87-679aa48d6711)", "subtasks": [ { "title": "NeutronNetworks.create_and_update_ports", "description": "Create and update a given number of ports.", "scenario": { "NeutronNetworks.create_and_update_ports": { "network_create_args": {}, "port_create_args": {}, "ports_per_network": 5, "port_update_args": { "admin_state_up": false, "device_id": "dummy_id", "device_owner": "dummy_owner", "name": "_port_updated" } } }, "contexts": { "users": { "tenants": 1, "users_per_tenant": 1 }, "quotas": { "neutron": { "network": -1, "port": -1 } } }, "runner": { "constant": { "times": 40, "concurrency": 20 } }, "hooks": [], "sla": { "failure_rate": { "max": 0 } } } ] }
2019-10-18 16:08:27.286 15 RALLYDEBUG rally_openstack.contexts.keystone.users [-] Creating 1 tenants using 20 threads
2019-10-18 16:08:27.620 15 RALLYDEBUG rally_openstack.contexts.keystone.users [-] Creating 1 users using 20 threads
2019-10-18 16:08:28.054 15 INFO rally.task.context [-] Task 77fb4597-f4cf-4e88-94c3-616387f0b9cb | Context users@openstack setup() finished in 0.77 sec
2019-10-18 16:08:28.415 15 INFO rally.task.context [-] Task 77fb4597-f4cf-4e88-94c3-616387f0b9cb | Context quotas@openstack setup() finished in 0.36 sec
2019-10-18 16:08:28.416 15 INFO rally.task.context [-] Task 77fb4597-f4cf-4e88-94c3-616387f0b9cb | Context cleanup@openstack setup() finished in 0.02 msec
2019-10-18 16:08:28.424 15 RALLYDEBUG rally.task.runner [-] Starting the constant runner (task UUID: 77fb4597-f4cf-4e88-94c3-616387f0b9cb). timeout: 0 concurrency: 20 concurrency_per_worker: 1 times: 40 concurrency_overhead: 0 processes_to_start: 20 max_cpu_used: 88
2019-10-18 16:08:28.442 4199 RALLYDEBUG rally.task.runner [-] Starting a worker. concurrency: 1 args: {"network_create_args": {}, "port_create_args": {}, "ports_per_network": 5, "port_update_args": {"admin_state_up": false, "device_id": "dummy_id", "device_owner": "dummy_owner", "name": "_port_updated"}} times: 40 method_name: run timeout: 0 duration: None cls:
2019-10-18 16:08:28.444 4200 RALLYDEBUG rally.task.runner [-] Starting a worker. concurrency: 1 args: {"network_create_args": {}, "port_create_args": {}, "ports_per_network": 5, "port_update_args": {"admin_state_up": false, "device_id": "dummy_id", "device_owner": "dummy_owner", "name": "_port_updated"}} times: 40 method_name: run timeout: 0 duration: None cls:
2019-10-18 16:08:28.446 4201 RALLYDEBUG rally.task.runner [-] Starting a worker. concurrency: 1 args: {"network_create_args": {}, "port_create_args": {}, "ports_per_network": 5, "port_update_args": {"admin_state_up": false, "device_id": "dummy_id", "device_owner": "dummy_owner", "name": "_port_updated"}} times: 40 method_name: run timeout: 0 duration: None cls:
2019-10-18 16:08:28.449 4199 INFO rally.task.runner [-] Task 77fb4597-f4cf-4e88-94c3-616387f0b9cb | ITER: 1 START
2019-10-18 16:08:28.450 4199 WARNING rally_openstack.scenarios.neutron.utils [-] Running this scenario without either the 'network' or 'existing_network' context is deprecated
2019-10-18 16:08:28.449 4202 RALLYDEBUG rally.task.runner [-] Starting a worker. concurrency: 1 args: {"network_create_args": {}, "port_create_args": {}, "ports_per_network": 5, "port_update_args": {"admin_state_up": false, "device_id": "dummy_id", "device_owner": "dummy_owner", "name": "_port_updated"}} times: 40 method_name: run timeout: 0 duration: None cls:
2019-10-18 16:08:28.451 4200 INFO rally.task.runner [-] Task 77fb4597-f4cf-4e88-94c3-616387f0b9cb | ITER: 2 START
2019-10-18 16:08:28.452 4200 WARNING rally_openstack.scenarios.neutron.utils [-] Running this scenario without either the 'network' or 'existing_network' context is deprecated
2019-10-18 16:08:28.451 4203 RALLYDEBUG rally.task.runner [-] Starting a worker. concurrency: 1 args: {"network_create_args": {}, "port_create_args": {}, "ports_per_network": 5, "port_update_args": {"admin_state_up": false, "device_id": "dummy_id", "device_owner": "dummy_owner", "name": "_port_updated"}} times: 40 method_name: run timeout: 0 duration: None cls:
2019-10-18 16:08:28.453 4201 INFO rally.task.runner [-] Task 77fb4597-f4cf-4e88-94c3-616387f0b9cb | ITER: 3 START
2019-10-18 16:08:28.454 4201 WARNING rally_openstack.scenarios.neutron.utils [-] Running this scenario without either the 'network' or 'existing_network' context is deprecated
2019-10-18 16:08:28.455 4205 RALLYDEBUG rally.task.runner [-] Starting a worker. concurrency: 1 args: {"network_create_args": {}, "port_create_args": {}, "ports_per_network": 5, "port_update_args": {"admin_state_up": false, "device_id": "dummy_id", "device_owner": "dummy_owner", "name": "_port_updated"}} times: 40 method_name: run timeout: 0 duration: None cls:
2019-10-18 16:08:28.456 4202 INFO rally.task.runner [-] Task 77fb4597-f4cf-4e88-94c3-616387f0b9cb | ITER: 4 START
2019-10-18 16:08:28.457 4202 WARNING rally_openstack.scenarios.neutron.utils [-] Running this scenario without either the 'network' or 'existing_network' context is deprecated
2019-10-18 16:08:28.457 4209 RALLYDEBUG rally.task.runner [-] Starting a worker. concurrency: 1 args: {"network_create_args": {}, "port_create_args": {}, "ports_per_network": 5, "port_update_args": {"admin_state_up": false, "device_id": "dummy_id", "device_owner": "dummy_owner", "name": "_port_updated"}} times: 40 method_name: run timeout: 0 duration: None cls:
2019-10-18 16:08:28.458 4203 INFO rally.task.runner [-] Task 77fb4597-f4cf-4e88-94c3-616387f0b9cb | ITER: 5 START
2019-10-18 16:08:28.459 4203 WARNING rally_openstack.scenarios.neutron.utils [-] Running this scenario without either the 'network' or 'existing_network' context is deprecated
2019-10-18 16:08:28.460 4212 RALLYDEBUG rally.task.runner [-] Starting a worker. concurrency: 1 args: {"network_create_args": {}, "port_create_args": {}, "ports_per_network": 5, "port_update_args": {"admin_state_up": false, "device_id": "dummy_id", "device_owner": "dummy_owner", "name": "_port_updated"}} times: 40 method_name: run timeout: 0 duration: None cls:
2019-10-18 16:08:28.461 4205 INFO rally.task.runner [-] Task 77fb4597-f4cf-4e88-94c3-616387f0b9cb | ITER: 6 START
2019-10-18 16:08:28.462 4205 WARNING rally_openstack.scenarios.neutron.utils [-] Running this scenario without either the 'network' or 'existing_network' context is deprecated
2019-10-18 16:08:28.463 4209 INFO rally.task.runner [-] Task 77fb4597-f4cf-4e88-94c3-616387f0b9cb | ITER: 7 START
2019-10-18 16:08:28.463 4215 RALLYDEBUG rally.task.runner [-] Starting a worker. concurrency: 1 args: {"network_create_args": {}, "port_create_args": {}, "ports_per_network": 5, "port_update_args": {"admin_state_up": false, "device_id": "dummy_id", "device_owner": "dummy_owner", "name": "_port_updated"}} times: 40 method_name: run timeout: 0 duration: None cls:
2019-10-18 16:08:28.464 4209 WARNING rally_openstack.scenarios.neutron.utils [-] Running this scenario without either the 'network' or 'existing_network' context is deprecated
2019-10-18 16:08:28.467 4212 INFO rally.task.runner [-] Task 77fb4597-f4cf-4e88-94c3-616387f0b9cb | ITER: 8 START
2019-10-18 16:08:28.466 4218 RALLYDEBUG rally.task.runner [-] Starting a worker. concurrency: 1 args: {"network_create_args": {}, "port_create_args": {}, "ports_per_network": 5, "port_update_args": {"admin_state_up": false, "device_id": "dummy_id", "device_owner": "dummy_owner", "name": "_port_updated"}} times: 40 method_name: run timeout: 0 duration: None cls:
2019-10-18 16:08:28.468 4212 WARNING rally_openstack.scenarios.neutron.utils [-] Running this scenario without either the 'network' or 'existing_network' context is deprecated
2019-10-18 16:08:28.468 4221 RALLYDEBUG rally.task.runner [-] Starting a worker. concurrency: 1 args: {"network_create_args": {}, "port_create_args": {}, "ports_per_network": 5, "port_update_args": {"admin_state_up": false, "device_id": "dummy_id", "device_owner": "dummy_owner", "name": "_port_updated"}} times: 40 method_name: run timeout: 0 duration: None cls:
2019-10-18 16:08:28.470 4215 INFO rally.task.runner [-] Task 77fb4597-f4cf-4e88-94c3-616387f0b9cb | ITER: 9 START
2019-10-18 16:08:28.470 4224 RALLYDEBUG rally.task.runner [-] Starting a worker. concurrency: 1 args: {"network_create_args": {}, "port_create_args": {}, "ports_per_network": 5, "port_update_args": {"admin_state_up": false, "device_id": "dummy_id", "device_owner": "dummy_owner", "name": "_port_updated"}} times: 40 method_name: run timeout: 0 duration: None cls:
2019-10-18 16:08:28.471 4215 WARNING rally_openstack.scenarios.neutron.utils [-] Running this scenario without either the 'network' or 'existing_network' context is deprecated
2019-10-18 16:08:28.473 4218 INFO rally.task.runner [-] Task 77fb4597-f4cf-4e88-94c3-616387f0b9cb | ITER: 10 START
2019-10-18 16:08:28.474 4218 WARNING rally_openstack.scenarios.neutron.utils [-] Running this scenario without either the 'network' or 'existing_network' context is deprecated
2019-10-18 16:08:28.475 4221 INFO rally.task.runner [-] Task 77fb4597-f4cf-4e88-94c3-616387f0b9cb | ITER: 11 START
2019-10-18 16:08:28.474 4227 RALLYDEBUG rally.task.runner [-] Starting a worker. concurrency: 1 args: {"network_create_args": {}, "port_create_args": {}, "ports_per_network": 5, "port_update_args": {"admin_state_up": false, "device_id": "dummy_id", "device_owner": "dummy_owner", "name": "_port_updated"}} times: 40 method_name: run timeout: 0 duration: None cls:
2019-10-18 16:08:28.476 4221 WARNING rally_openstack.scenarios.neutron.utils [-] Running this scenario without either the 'network' or 'existing_network' context is deprecated
2019-10-18 16:08:28.476 4224 INFO rally.task.runner [-] Task 77fb4597-f4cf-4e88-94c3-616387f0b9cb | ITER: 12 START
2019-10-18 16:08:28.477 4224 WARNING rally_openstack.scenarios.neutron.utils [-] Running this scenario without either the 'network' or 'existing_network' context is deprecated
2019-10-18 16:08:28.477 4230 RALLYDEBUG rally.task.runner [-] Starting a worker. concurrency: 1 args: {"network_create_args": {}, "port_create_args": {}, "ports_per_network": 5, "port_update_args": {"admin_state_up": false, "device_id": "dummy_id", "device_owner": "dummy_owner", "name": "_port_updated"}} times: 40 method_name: run timeout: 0 duration: None cls:
2019-10-18 16:08:28.478 4233 RALLYDEBUG rally.task.runner [-] Starting a worker. concurrency: 1 args: {"network_create_args": {}, "port_create_args": {}, "ports_per_network": 5, "port_update_args": {"admin_state_up": false, "device_id": "dummy_id", "device_owner": "dummy_owner", "name": "_port_updated"}} times: 40 method_name: run timeout: 0 duration: None cls:
2019-10-18 16:08:28.481 4227 INFO rally.task.runner [-] Task 77fb4597-f4cf-4e88-94c3-616387f0b9cb | ITER: 13 START
2019-10-18 16:08:28.482 4227 WARNING rally_openstack.scenarios.neutron.utils [-] Running this scenario without either the 'network' or 'existing_network' context is deprecated
2019-10-18 16:08:28.482 4238 RALLYDEBUG rally.task.runner [-] Starting a worker. concurrency: 1 args: {"network_create_args": {}, "port_create_args": {}, "ports_per_network": 5, "port_update_args": {"admin_state_up": false, "device_id": "dummy_id", "device_owner": "dummy_owner", "name": "_port_updated"}} times: 40 method_name: run timeout: 0 duration: None cls:
2019-10-18 16:08:28.483 4233 INFO rally.task.runner [-] Task 77fb4597-f4cf-4e88-94c3-616387f0b9cb | ITER: 15 START
2019-10-18 16:08:28.484 4230 INFO rally.task.runner [-] Task 77fb4597-f4cf-4e88-94c3-616387f0b9cb | ITER: 14 START
2019-10-18 16:08:28.484 4233 WARNING rally_openstack.scenarios.neutron.utils [-] Running this scenario without either the 'network' or 'existing_network' context is deprecated
2019-10-18 16:08:28.484 4239 RALLYDEBUG rally.task.runner [-] Starting a worker. concurrency: 1 args: {"network_create_args": {}, "port_create_args": {}, "ports_per_network": 5, "port_update_args": {"admin_state_up": false, "device_id": "dummy_id", "device_owner": "dummy_owner", "name": "_port_updated"}} times: 40 method_name: run timeout: 0 duration: None cls:
2019-10-18 16:08:28.485 4230 WARNING rally_openstack.scenarios.neutron.utils [-] Running this scenario without either the 'network' or 'existing_network' context is deprecated
2019-10-18 16:08:28.485 4242 RALLYDEBUG rally.task.runner [-] Starting a worker. concurrency: 1 args: {"network_create_args": {}, "port_create_args": {}, "ports_per_network": 5, "port_update_args": {"admin_state_up": false, "device_id": "dummy_id", "device_owner": "dummy_owner", "name": "_port_updated"}} times: 40 method_name: run timeout: 0 duration: None cls:
2019-10-18 16:08:28.488 4238 INFO rally.task.runner [-] Task 77fb4597-f4cf-4e88-94c3-616387f0b9cb | ITER: 16 START
2019-10-18 16:08:28.489 4238 WARNING rally_openstack.scenarios.neutron.utils [-] Running this scenario without either the 'network' or 'existing_network' context is deprecated
2019-10-18 16:08:28.490 4239 INFO rally.task.runner [-] Task 77fb4597-f4cf-4e88-94c3-616387f0b9cb | ITER: 17 START
2019-10-18 16:08:28.491 4239 WARNING rally_openstack.scenarios.neutron.utils [-] Running this scenario without either the 'network' or 'existing_network' context is deprecated
2019-10-18 16:08:28.490 4247 RALLYDEBUG rally.task.runner [-] Starting a worker. concurrency: 1 args: {"network_create_args": {}, "port_create_args": {}, "ports_per_network": 5, "port_update_args": {"admin_state_up": false, "device_id": "dummy_id", "device_owner": "dummy_owner", "name": "_port_updated"}} times: 40 method_name: run timeout: 0 duration: None cls:
2019-10-18 16:08:28.491 4242 INFO rally.task.runner [-] Task 77fb4597-f4cf-4e88-94c3-616387f0b9cb | ITER: 18 START
2019-10-18 16:08:28.492 4242 WARNING rally_openstack.scenarios.neutron.utils [-] Running this scenario without either the 'network' or 'existing_network' context is deprecated
2019-10-18 16:08:28.493 4248 RALLYDEBUG rally.task.runner [-] Starting a worker. concurrency: 1 args: {"network_create_args": {}, "port_create_args": {}, "ports_per_network": 5, "port_update_args": {"admin_state_up": false, "device_id": "dummy_id", "device_owner": "dummy_owner", "name": "_port_updated"}} times: 40 method_name: run timeout: 0 duration: None cls:
2019-10-18 16:08:28.496 4247 INFO rally.task.runner [-] Task 77fb4597-f4cf-4e88-94c3-616387f0b9cb | ITER: 19 START
2019-10-18 16:08:28.496 4247 WARNING rally_openstack.scenarios.neutron.utils [-] Running this scenario without either the 'network' or 'existing_network' context is deprecated
2019-10-18 16:08:28.499 4248 INFO rally.task.runner [-] Task 77fb4597-f4cf-4e88-94c3-616387f0b9cb | ITER: 20 START
2019-10-18 16:08:28.500 4248 WARNING rally_openstack.scenarios.neutron.utils [-] Running this scenario without either the 'network' or 'existing_network' context is deprecated
2019-10-18 16:09:14.501 4221 INFO rally.task.runner [-] Task 77fb4597-f4cf-4e88-94c3-616387f0b9cb | ITER: 11 END: OK
2019-10-18 16:09:14.510 4221 INFO rally.task.runner [-] Task 77fb4597-f4cf-4e88-94c3-616387f0b9cb | ITER: 21 START
2019-10-18 16:09:14.511 4221 WARNING rally_openstack.scenarios.neutron.utils [-] Running this scenario without either the 'network' or 'existing_network' context is deprecated
2019-10-18 16:09:15.315 4200 INFO rally.task.runner [-] Task 77fb4597-f4cf-4e88-94c3-616387f0b9cb | ITER: 2 END: OK
2019-10-18 16:09:15.323 4200 INFO rally.task.runner [-] Task 77fb4597-f4cf-4e88-94c3-616387f0b9cb | ITER: 22 START
2019-10-18 16:09:15.324 4200 WARNING rally_openstack.scenarios.neutron.utils [-] Running this scenario without either the 'network' or 'existing_network' context is deprecated
2019-10-18 16:09:21.297 4203 INFO rally.task.runner [-] Task 77fb4597-f4cf-4e88-94c3-616387f0b9cb | ITER: 5 END: OK
2019-10-18 16:09:21.305 4203 INFO rally.task.runner [-] Task 77fb4597-f4cf-4e88-94c3-616387f0b9cb | ITER: 23 START
2019-10-18 16:09:21.306 4203 WARNING rally_openstack.scenarios.neutron.utils [-] Running this scenario without either the 'network' or 'existing_network' context is deprecated
2019-10-18 16:09:22.034 4230 INFO rally.task.runner [-] Task 77fb4597-f4cf-4e88-94c3-616387f0b9cb | ITER: 14 END: OK
2019-10-18 16:09:22.042 4230 INFO rally.task.runner [-] Task 77fb4597-f4cf-4e88-94c3-616387f0b9cb | ITER: 24 START
2019-10-18 16:09:22.044 4230 WARNING rally_openstack.scenarios.neutron.utils [-] Running this scenario without either the 'network' or 'existing_network' context is deprecated
2019-10-18 16:09:22.473 4209 INFO rally.task.runner [-] Task 77fb4597-f4cf-4e88-94c3-616387f0b9cb | ITER: 7 END: OK
2019-10-18 16:09:22.481 4209 INFO rally.task.runner [-] Task 77fb4597-f4cf-4e88-94c3-616387f0b9cb | ITER: 25 START
2019-10-18 16:09:22.482 4209 WARNING rally_openstack.scenarios.neutron.utils [-] Running this scenario without either the 'network' or 'existing_network' context is deprecated
2019-10-18 16:09:22.489 4218 INFO rally.task.runner [-] Task 77fb4597-f4cf-4e88-94c3-616387f0b9cb | ITER: 10 END: OK
2019-10-18 16:09:22.489 4201 INFO rally.task.runner [-] Task 77fb4597-f4cf-4e88-94c3-616387f0b9cb | ITER: 3 END: OK
2019-10-18 16:09:22.499 4201 INFO rally.task.runner [-] Task 77fb4597-f4cf-4e88-94c3-616387f0b9cb | ITER: 26 START
2019-10-18 16:09:22.499 4218 INFO rally.task.runner [-] Task 77fb4597-f4cf-4e88-94c3-616387f0b9cb | ITER: 27 START
2019-10-18 16:09:22.500 4201 WARNING rally_openstack.scenarios.neutron.utils [-] Running this scenario without either the 'network' or 'existing_network' context is deprecated
2019-10-18 16:09:22.500 4218 WARNING rally_openstack.scenarios.neutron.utils [-] Running this scenario without either the 'network' or 'existing_network' context is deprecated
2019-10-18 16:09:22.514 4199 INFO rally.task.runner [-] Task 77fb4597-f4cf-4e88-94c3-616387f0b9cb | ITER: 1 END: OK
2019-10-18 16:09:22.521 4199 INFO rally.task.runner [-] Task 77fb4597-f4cf-4e88-94c3-616387f0b9cb | ITER: 28 START
2019-10-18 16:09:22.522 4199 WARNING rally_openstack.scenarios.neutron.utils [-] Running this scenario without either the 'network' or 'existing_network' context is deprecated
2019-10-18 16:09:22.963 4215 INFO rally.task.runner [-] Task 77fb4597-f4cf-4e88-94c3-616387f0b9cb | ITER: 9 END: OK
2019-10-18 16:09:22.973 4215 INFO rally.task.runner [-] Task 77fb4597-f4cf-4e88-94c3-616387f0b9cb | ITER: 29 START
2019-10-18 16:09:22.974 4215 WARNING rally_openstack.scenarios.neutron.utils [-] Running this scenario without either the 'network' or 'existing_network' context is deprecated
2019-10-18 16:09:23.035 4224 INFO rally.task.runner [-] Task 77fb4597-f4cf-4e88-94c3-616387f0b9cb | ITER: 12 END: OK
2019-10-18 16:09:23.043 4224 INFO rally.task.runner [-] Task 77fb4597-f4cf-4e88-94c3-616387f0b9cb | ITER: 30 START
2019-10-18 16:09:23.044 4224 WARNING rally_openstack.scenarios.neutron.utils [-] Running this scenario without either the 'network' or 'existing_network' context is deprecated
2019-10-18 16:09:23.714 4212 INFO rally.task.runner [-] Task 77fb4597-f4cf-4e88-94c3-616387f0b9cb | ITER: 8 END: OK
2019-10-18 16:09:23.722 4212 INFO rally.task.runner [-] Task 77fb4597-f4cf-4e88-94c3-616387f0b9cb | ITER: 31 START
2019-10-18 16:09:23.723 4212 WARNING rally_openstack.scenarios.neutron.utils [-] Running this scenario without either the 'network' or 'existing_network' context is deprecated
2019-10-18 16:09:25.471 4233 INFO rally.task.runner [-] Task 77fb4597-f4cf-4e88-94c3-616387f0b9cb | ITER: 15 END: OK
2019-10-18 16:09:25.478 4233 INFO rally.task.runner [-] Task 77fb4597-f4cf-4e88-94c3-616387f0b9cb | ITER: 32 START
2019-10-18 16:09:25.479 4233 WARNING rally_openstack.scenarios.neutron.utils [-] Running this scenario without either the 'network' or 'existing_network' context is deprecated
2019-10-18 16:09:25.540 4227 INFO rally.task.runner [-] Task 77fb4597-f4cf-4e88-94c3-616387f0b9cb | ITER: 13 END: OK
2019-10-18 16:09:25.550 4227 INFO rally.task.runner [-] Task 77fb4597-f4cf-4e88-94c3-616387f0b9cb | ITER: 33 START
2019-10-18 16:09:25.551 4227 WARNING rally_openstack.scenarios.neutron.utils [-] Running this scenario without either the 'network' or 'existing_network' context is deprecated
2019-10-18 16:09:25.562 4205 INFO rally.task.runner [-] Task 77fb4597-f4cf-4e88-94c3-616387f0b9cb | ITER: 6 END: OK
2019-10-18 16:09:25.569 4205 INFO rally.task.runner [-] Task 77fb4597-f4cf-4e88-94c3-616387f0b9cb | ITER: 34 START
2019-10-18 16:09:25.570 4205 WARNING rally_openstack.scenarios.neutron.utils [-] Running this scenario without either the 'network' or 'existing_network' context is deprecated
2019-10-18 16:09:25.680 4242 INFO rally.task.runner [-] Task 77fb4597-f4cf-4e88-94c3-616387f0b9cb | ITER: 18 END: OK
2019-10-18 16:09:25.691 4242 INFO rally.task.runner [-] Task 77fb4597-f4cf-4e88-94c3-616387f0b9cb | ITER: 35 START
2019-10-18 16:09:25.693 4242 WARNING rally_openstack.scenarios.neutron.utils [-] Running this scenario without either the 'network' or 'existing_network' context is deprecated
2019-10-18 16:09:26.395 4238 INFO rally.task.runner [-] Task 77fb4597-f4cf-4e88-94c3-616387f0b9cb | ITER: 16 END: OK
2019-10-18 16:09:26.403 4238 INFO rally.task.runner [-] Task 77fb4597-f4cf-4e88-94c3-616387f0b9cb | ITER: 36 START
2019-10-18 16:09:26.404 4238 WARNING rally_openstack.scenarios.neutron.utils [-] Running this scenario without either the 'network' or 'existing_network' context is deprecated
2019-10-18 16:09:26.463 4248 INFO rally.task.runner [-] Task 77fb4597-f4cf-4e88-94c3-616387f0b9cb | ITER: 20 END: OK
2019-10-18 16:09:26.470 4248 INFO rally.task.runner [-] Task 77fb4597-f4cf-4e88-94c3-616387f0b9cb | ITER: 37 START
2019-10-18 16:09:26.471 4248 WARNING rally_openstack.scenarios.neutron.utils [-] Running this scenario without either the 'network' or 'existing_network' context is deprecated
2019-10-18 16:09:26.879 4239 INFO rally.task.runner [-] Task 77fb4597-f4cf-4e88-94c3-616387f0b9cb | ITER: 17 END: OK
2019-10-18 16:09:26.887 4239 INFO rally.task.runner [-] Task 77fb4597-f4cf-4e88-94c3-616387f0b9cb | ITER: 38 START
2019-10-18 16:09:26.888 4239 WARNING rally_openstack.scenarios.neutron.utils [-] Running this scenario without either the 'network' or 'existing_network' context is deprecated
2019-10-18 16:09:26.907 4247 INFO rally.task.runner [-] Task 77fb4597-f4cf-4e88-94c3-616387f0b9cb | ITER: 19 END: OK
2019-10-18 16:09:26.916 4247 INFO rally.task.runner [-] Task 77fb4597-f4cf-4e88-94c3-616387f0b9cb | ITER: 39 START
2019-10-18 16:09:26.917 4247 WARNING rally_openstack.scenarios.neutron.utils [-] Running this scenario without either the 'network' or 'existing_network' context is deprecated
2019-10-18 16:09:30.638 4202 INFO rally.task.runner [-] Task 77fb4597-f4cf-4e88-94c3-616387f0b9cb | ITER: 4 END: OK
2019-10-18 16:09:30.647 4202 INFO rally.task.runner [-] Task 77fb4597-f4cf-4e88-94c3-616387f0b9cb | ITER: 40 START
2019-10-18 16:09:30.648 4202 WARNING rally_openstack.scenarios.neutron.utils [-] Running this scenario without either the 'network' or 'existing_network' context is deprecated
2019-10-18 16:10:08.617 4221 INFO rally.task.runner [-] Task 77fb4597-f4cf-4e88-94c3-616387f0b9cb | ITER: 21 END: OK
2019-10-18 16:10:12.154 4200 INFO rally.task.runner [-] Task 77fb4597-f4cf-4e88-94c3-616387f0b9cb | ITER: 22 END: OK
2019-10-18 16:10:12.733 4215 INFO rally.task.runner [-] Task 77fb4597-f4cf-4e88-94c3-616387f0b9cb | ITER: 29 END: OK
2019-10-18 16:10:12.807 4212 INFO rally.task.runner [-] Task 77fb4597-f4cf-4e88-94c3-616387f0b9cb | ITER: 31 END: OK
2019-10-18 16:10:13.070 4209 INFO rally.task.runner [-] Task 77fb4597-f4cf-4e88-94c3-616387f0b9cb | ITER: 25 END: OK
2019-10-18 16:10:14.102 4205 INFO rally.task.runner [-] Task 77fb4597-f4cf-4e88-94c3-616387f0b9cb | ITER: 34 END: OK
2019-10-18 16:10:14.261 4199 INFO rally.task.runner [-] Task 77fb4597-f4cf-4e88-94c3-616387f0b9cb | ITER: 28 END: OK
2019-10-18 16:10:15.438 4201 INFO rally.task.runner [-] Task 77fb4597-f4cf-4e88-94c3-616387f0b9cb | ITER: 26 END: OK
2019-10-18 16:10:15.462 4242 INFO rally.task.runner [-] Task 77fb4597-f4cf-4e88-94c3-616387f0b9cb | ITER: 35 END: OK
2019-10-18 16:10:16.502 4233 INFO rally.task.runner [-] Task 77fb4597-f4cf-4e88-94c3-616387f0b9cb | ITER: 32 END: OK
2019-10-18 16:10:16.917 4203 INFO rally.task.runner [-] Task 77fb4597-f4cf-4e88-94c3-616387f0b9cb | ITER: 23 END: OK
2019-10-18 16:10:17.190 4239 INFO rally.task.runner [-] Task 77fb4597-f4cf-4e88-94c3-616387f0b9cb | ITER: 38 END: OK
2019-10-18 16:10:17.874 4230 INFO rally.task.runner [-] Task 77fb4597-f4cf-4e88-94c3-616387f0b9cb | ITER: 24 END: OK
2019-10-18 16:10:18.219 4227 INFO rally.task.runner [-] Task 77fb4597-f4cf-4e88-94c3-616387f0b9cb | ITER: 33 END: OK
2019-10-18 16:10:18.249 4224 INFO rally.task.runner [-] Task 77fb4597-f4cf-4e88-94c3-616387f0b9cb | ITER: 30 END: OK
2019-10-18 16:10:18.755 4218 INFO rally.task.runner [-] Task 77fb4597-f4cf-4e88-94c3-616387f0b9cb | ITER: 27 END: OK
2019-10-18 16:10:18.932 4238 INFO rally.task.runner [-] Task 77fb4597-f4cf-4e88-94c3-616387f0b9cb | ITER: 36 END: OK
2019-10-18 16:10:19.003 4247 INFO rally.task.runner [-] Task 77fb4597-f4cf-4e88-94c3-616387f0b9cb | ITER: 39 END: OK
2019-10-18 16:10:19.161 4248 INFO rally.task.runner [-] Task 77fb4597-f4cf-4e88-94c3-616387f0b9cb | ITER: 37 END: OK
2019-10-18 16:10:19.316 4202 INFO rally.task.runner [-] Task 77fb4597-f4cf-4e88-94c3-616387f0b9cb | ITER: 40 END: OK
2019-10-18 16:10:19.340 15 INFO rally.task.context [-] Task 77fb4597-f4cf-4e88-94c3-616387f0b9cb | Context cleanup@openstack cleanup() started
2019-10-18 16:10:19.343 15 RALLYDEBUG rally_openstack.cleanup.manager [-] Cleaning up neutron vip objects
2019-10-18 16:10:19.619 15 RALLYDEBUG rally_openstack.cleanup.manager [-] Cleaning up neutron health_monitor objects
2019-10-18 16:10:19.886 15 RALLYDEBUG rally_openstack.cleanup.manager [-] Cleaning up neutron pool objects
2019-10-18 16:10:20.242 15 RALLYDEBUG rally_openstack.cleanup.manager [-] Cleaning up neutron loadbalancer objects
2019-10-18 16:10:20.479 15 RALLYDEBUG rally_openstack.cleanup.manager [-] Cleaning up neutron floatingip objects
2019-10-18 16:10:20.705 15 RALLYDEBUG rally_openstack.cleanup.manager [-] Cleaning up neutron trunk objects
2019-10-18 16:10:20.915 15 DEBUG neutronclient.v2_0.client [-] Error message: {"message": "The resource could not be found.

\n\n\n", "code": "404 Not Found", "title": "Not Found"} _handle_fault_response /usr/lib/python2.7/site-packages/neutronclient/v2_0/client.py:259
2019-10-18 16:10:20.924 15 RALLYDEBUG rally_openstack.cleanup.manager [-] Cleaning up neutron port objects
2019-10-18 16:10:21.724 15 RALLYDEBUG rally_openstack.cleanup.manager [-] Deleting neutron.port object s_rally_29db01e9_Gwx66jex (0c6994fe-a955-4eab-ace7-411d3ec9956d)
2019-10-18 16:10:21.729 15 RALLYDEBUG rally_openstack.cleanup.manager [-] Deleting neutron.port object s_rally_29db01e9_lS61Q4HF (0e1f30bf-52cf-442c-be8d-3c0ffbcaab8f)
2019-10-18 16:10:21.734 15 RALLYDEBUG rally_openstack.cleanup.manager [-] Deleting neutron.port object s_rally_29db01e9_TIm2NqYW (07071a0f-65aa-491f-977f-884a161827cd)
2019-10-18 16:10:21.744 15 RALLYDEBUG rally_openstack.cleanup.manager [-] Deleting neutron.port object s_rally_29db01e9_HzoWBhEJ (0d5db09c-769b-462e-9b11-08d92219c65e)
2019-10-18 16:10:21.757 15 RALLYDEBUG rally_openstack.cleanup.manager [-] Deleting neutron.port object s_rally_29db01e9_3XnmHHiz (0060a459-5b4f-4d06-8980-20ad7a1a2799)
2019-10-18 16:10:21.778 15 RALLYDEBUG rally_openstack.cleanup.manager [-] Deleting neutron.port object s_rally_29db01e9_2aFZi5zz (0ef0cdf5-561c-4f97-858c-59b38e7cf83e)
2019-10-18 16:10:21.780 15 RALLYDEBUG rally_openstack.cleanup.manager [-] Deleting neutron.port object s_rally_29db01e9_P79GNuQt (0f2162ad-6a27-4964-a7d4-d95ae91fb7e3)
2019-10-18 16:10:21.788 15 RALLYDEBUG rally_openstack.cleanup.manager [-] Deleting neutron.port object s_rally_29db01e9_epLFLDD6 (10857966-960f-4300-83c4-9ad214e1e0d8)
2019-10-18 16:10:21.797 15 RALLYDEBUG rally_openstack.cleanup.manager [-] Deleting neutron.port object s_rally_29db01e9_PppTiqwD (0f8a3567-9028-454c-8b25-454b73ad8e40)
2019-10-18 16:10:21.799 15 RALLYDEBUG rally_openstack.cleanup.manager [-] Deleting neutron.port object s_rally_29db01e9_thbNTsRf (0fc7bee4-f28d-43ac-9e48-f1d3b0361419)
2019-10-18 16:10:21.854 15 RALLYDEBUG rally_openstack.cleanup.manager [-] Deleting neutron.port object s_rally_29db01e9_XyPENhhJ (1109ef20-12a2-4619-af5b-9f7cb336d1e8)
2019-10-18 16:10:21.861 15 RALLYDEBUG rally_openstack.cleanup.manager [-] Deleting neutron.port object s_rally_29db01e9_ayl7lvog (123cb652-ed72-4e83-bcc1-6804f9cd6ce0)
2019-10-18 16:10:21.841 15 RALLYDEBUG rally_openstack.cleanup.manager [-] Deleting neutron.port object s_rally_29db01e9_ReaDKeVR (05e594ad-a81e-48d1-a6e9-25a0cdcb74c5)
2019-10-18 16:10:21.879 15 RALLYDEBUG rally_openstack.cleanup.manager [-] Deleting neutron.port object s_rally_29db01e9_nmnd62eR (12f04770-3756-42d5-b176-02df2b22bf18)
2019-10-18 16:10:21.880 15 RALLYDEBUG rally_openstack.cleanup.manager [-] Deleting neutron.port object s_rally_29db01e9_Au0PvXn3 (13dd8495-3429-4eed-94d4-b8e9f4df7600)
2019-10-18 16:10:21.882 15 RALLYDEBUG rally_openstack.cleanup.manager [-] Deleting neutron.port object s_rally_29db01e9_5I606cFO (1311abcd-4697-44b8-b9f9-52983a73307a)
2019-10-18 16:10:21.912 15 RALLYDEBUG rally_openstack.cleanup.manager [-] Deleting neutron.port object s_rally_29db01e9_W4Wy2Jtm (14feb9d2-2e48-4ead-bfa5-80f2ded574ce)
2019-10-18 16:10:21.919 15 RALLYDEBUG rally_openstack.cleanup.manager [-] Deleting neutron.port object s_rally_29db01e9_F1PSTdLo (166c906e-3560-4902-b1df-6666c3c76c63)
2019-10-18 16:10:21.920 15 RALLYDEBUG rally_openstack.cleanup.manager [-] Deleting neutron.port object s_rally_29db01e9_59Dw2aAJ (14e254b6-c626-45bf-9a0b-c3820f46dfba)
2019-10-18 16:10:21.923 15 RALLYDEBUG rally_openstack.cleanup.manager [-] Deleting neutron.port object s_rally_29db01e9_bEMXTSjT (1714007a-2337-4c0c-a5b5-5f8fc665f879)
2019-10-18 16:10:25.969 15 RALLYDEBUG rally_openstack.cleanup.manager [-] Deleting neutron.port object s_rally_29db01e9_GHP88v2H (17315b08-8c9c-424a-8e54-c1ca3db5821d)
2019-10-18 16:10:26.477 15 RALLYDEBUG rally_openstack.cleanup.manager [-] Deleting neutron.port object s_rally_29db01e9_jo8iu2iQ (1b40f232-13ac-4ec3-b8ad-4a63710a6b19)
2019-10-18 16:10:27.423 15 RALLYDEBUG rally_openstack.cleanup.manager [-] Deleting neutron.port object s_rally_29db01e9_vIWENIfA (2011df3b-bb99-4980-a374-5e510a3e2b05)
2019-10-18 16:10:27.574 15 RALLYDEBUG rally_openstack.cleanup.manager [-] Deleting neutron.port object s_rally_29db01e9_93LIk7IS (205758bd-c24d-4769-84c2-68ea581a7915)
2019-10-18 16:10:28.210 15 RALLYDEBUG rally_openstack.cleanup.manager [-] Deleting neutron.port object s_rally_29db01e9_e6tQUVUL (21ee4f8c-6e42-4ca3-bef7-736c0c10c0bd)
2019-10-18 16:10:28.215 15 RALLYDEBUG rally_openstack.cleanup.manager [-] Deleting neutron.port object s_rally_29db01e9_hkmDfIEZ (21f5555e-ae69-4578-8547-a5233184e60d)
2019-10-18 16:10:28.228 15 RALLYDEBUG rally_openstack.cleanup.manager [-] Deleting neutron.port object s_rally_29db01e9_QzjGdmcv (24109fa0-faaf-4869-8726-515a18d2476b)
2019-10-18 16:10:28.255 15 RALLYDEBUG rally_openstack.cleanup.manager [-] Deleting neutron.port object s_rally_29db01e9_iKKFUOgo (246a400f-5921-4279-ac34-a776de843451)
2019-10-18 16:10:28.290 15 RALLYDEBUG rally_openstack.cleanup.manager [-] Deleting neutron.port object s_rally_29db01e9_y9yuOIrW (249b46b0-c481-4477-8602-62f37f34dda7)
2019-10-18 16:10:28.302 15 RALLYDEBUG rally_openstack.cleanup.manager [-] Deleting neutron.port object s_rally_29db01e9_wf4Hgmv8 (24eade42-d334-4b50-bd6d-c5737d8ca4cf)
2019-10-18 16:10:28.334 15 RALLYDEBUG rally_openstack.cleanup.manager [-] Deleting neutron.port object s_rally_29db01e9_o2HR5dwJ (25887660-05d9-44aa-a368-dc8723648794)
2019-10-18 16:10:28.369 15 RALLYDEBUG rally_openstack.cleanup.manager [-] Deleting neutron.port object s_rally_29db01e9_jPZVnYre (25dfd1b8-2ff9-4670-87b4-21d1c760e5a1)
2019-10-18 16:10:28.372 15 RALLYDEBUG rally_openstack.cleanup.manager [-] Deleting neutron.port object s_rally_29db01e9_GrNOyQzZ (25d1af6d-7faa-47b6-b966-22f0130bb1a2)
2019-10-18 16:10:28.373 15 RALLYDEBUG rally_openstack.cleanup.manager [-] Deleting neutron.port object s_rally_29db01e9_ksBbKWW1 (2677774b-8185-4f20-b09d-960ce96e9aec)
2019-10-18 16:10:28.596 15 RALLYDEBUG rally_openstack.cleanup.manager [-] Deleting neutron.port object s_rally_29db01e9_W1aRx4ol (26ac16ee-3e2a-4bb5-868d-99ad9cd4d318)
2019-10-18 16:10:28.721 15 RALLYDEBUG rally_openstack.cleanup.manager [-] Deleting neutron.port object s_rally_29db01e9_7l8HH9wQ (274f0cb4-4341-4c13-8e67-a362e7c74c40)
2019-10-18 16:10:28.921 15 RALLYDEBUG rally_openstack.cleanup.manager [-] Deleting neutron.port object s_rally_29db01e9_nB8PZ9cv (27f5ac29-2f1e-4948-831a-244b7da15f05)
2019-10-18 16:10:28.937 15 RALLYDEBUG rally_openstack.cleanup.manager [-] Deleting neutron.port object s_rally_29db01e9_yIKS3AG0 (28cc33e4-f74b-48f3-952c-e27c40fcf4b6)
2019-10-18 16:10:28.939 15 RALLYDEBUG rally_openstack.cleanup.manager [-] Deleting neutron.port object s_rally_29db01e9_4hiWIIkm (28965846-1df4-424e-b6d7-d72a2a61a3e8)
2019-10-18 16:10:29.011 15 RALLYDEBUG rally_openstack.cleanup.manager [-] Deleting neutron.port object s_rally_29db01e9_K296P4K8 (2af6f384-941e-46a0-9c25-a24c1aa36e9a)
2019-10-18 16:10:29.668 15 RALLYDEBUG rally_openstack.cleanup.manager [-] Deleting neutron.port object s_rally_29db01e9_47pUuvcK (2cd39b22-cba7-446b-8dd6-e816c3e226cc)
2019-10-18 16:10:29.678 15 RALLYDEBUG rally_openstack.cleanup.manager [-] Deleting neutron.port object s_rally_29db01e9_ziEOLgIm (2d5158b7-b423-4ebd-8392-98a079136191)
2019-10-18 16:10:30.944 15 RALLYDEBUG rally_openstack.cleanup.manager [-] Deleting neutron.port object s_rally_29db01e9_AGtF8hi0 (2d91a71e-e87b-4abc-9ddc-c7ad1d36f719)
2019-10-18 16:10:31.251 15 RALLYDEBUG rally_openstack.cleanup.manager [-] Deleting neutron.port object s_rally_29db01e9_96ProQNQ (2f737246-b868-49b4-bd9d-d44fc8523883)
2019-10-18 16:10:31.594 15 RALLYDEBUG rally_openstack.cleanup.manager [-] Deleting neutron.port object s_rally_29db01e9_JjkbxEZC (2fdf6e33-e465-4276-aa73-2b37bea90d83)
2019-10-18 16:10:31.610 15 RALLYDEBUG rally_openstack.cleanup.manager [-] Deleting neutron.port object s_rally_29db01e9_7gCifgOD (3034c64b-0d77-4c55-90cf-9bdb8301fbee)
2019-10-18 16:10:32.556 15 RALLYDEBUG rally_openstack.cleanup.manager [-] Deleting neutron.port object s_rally_29db01e9_rE8fLfIK (30700ac1-1ce2-43e8-a910-b3f509d4a319)
2019-10-18 16:10:33.416 15 RALLYDEBUG rally_openstack.cleanup.manager [-] Deleting neutron.port object s_rally_29db01e9_pbJGm5SG (308b47ef-6598-49d9-9e33-a0709b094b0a)
2019-10-18 16:10:33.565 15 RALLYDEBUG rally_openstack.cleanup.manager [-] Deleting neutron.port object s_rally_29db01e9_uC6mSOA0 (311c52db-2635-41d9-b221-119c6116c14c)
2019-10-18 16:10:33.836 15 RALLYDEBUG rally_openstack.cleanup.manager [-] Deleting neutron.port object s_rally_29db01e9_cpqsseOU (31e303ec-8ff5-483d-9f44-59c5326cf9dc)
2019-10-18 16:10:33.893 15 RALLYDEBUG rally_openstack.cleanup.manager [-] Deleting neutron.port object s_rally_29db01e9_5zqsrXmv (32d7408e-77bc-4763-830c-38602de26af2)
2019-10-18 16:10:33.898 15 RALLYDEBUG rally_openstack.cleanup.manager [-] Deleting neutron.port object s_rally_29db01e9_dlE4voxp (366a0b77-0138-4180-ad54-b4f6de01352d)
2019-10-18 16:10:34.002 15 RALLYDEBUG rally_openstack.cleanup.manager [-] Deleting neutron.port object s_rally_29db01e9_4cj0oWOM (38978d9c-a6cb-4ded-a783-d78ad1459ce2)
2019-10-18 16:10:34.279 15 RALLYDEBUG rally_openstack.cleanup.manager [-] Deleting neutron.port object s_rally_29db01e9_vI85yrP9 (3b62e30c-7ffd-4d5d-845c-cc6773db7653)
2019-10-18 16:10:34.294 15 RALLYDEBUG rally_openstack.cleanup.manager [-] Deleting neutron.port object s_rally_29db01e9_EMnmdZsj (3c1ae8b7-43c2-4611-94d2-e8d1eb59bf84)
2019-10-18 16:10:34.295 15 RALLYDEBUG rally_openstack.cleanup.manager [-] Deleting neutron.port object s_rally_29db01e9_rCbpkZgQ (3b63b4ac-6b5d-4cc3-a659-5a84e3d413fa)
2019-10-18 16:10:34.317 15 RALLYDEBUG rally_openstack.cleanup.manager [-] Deleting neutron.port object s_rally_29db01e9_zpOq86nh (3c706db4-e2f3-4fb1-a67c-453e007944a7)
2019-10-18 16:10:34.330 15 RALLYDEBUG rally_openstack.cleanup.manager [-] Deleting neutron.port object s_rally_29db01e9_liGxSO5a (3cab7707-300d-4511-b5fd-72b8dcf0fbc2)
2019-10-18 16:10:34.352 15 RALLYDEBUG rally_openstack.cleanup.manager [-] Deleting neutron.port object s_rally_29db01e9_zVJfM9Oy (3d68d3df-8d0a-4f22-b966-7769622c1e89)
2019-10-18 16:10:34.370 15 RALLYDEBUG rally_openstack.cleanup.manager [-] Deleting neutron.port object s_rally_29db01e9_wvlSwRpU (3e9ff13f-89a8-44bb-bf18-9294862286c3)
2019-10-18 16:10:34.382 15 RALLYDEBUG rally_openstack.cleanup.manager [-] Deleting neutron.port object s_rally_29db01e9_UtIc2HjQ (3ef6d399-0858-4a4d-a90e-a2cac397121e)
2019-10-18 16:10:34.441 15 RALLYDEBUG rally_openstack.cleanup.manager [-] Deleting neutron.port object s_rally_29db01e9_qlkIjCLQ (3eff72c1-189b-4e37-9535-dcbc9340b10c)
2019-10-18 16:10:34.825 15 RALLYDEBUG rally_openstack.cleanup.manager [-] Deleting neutron.port object s_rally_29db01e9_3MGk67q0 (40d74713-809b-456f-9815-ba0ca8e3d002)
2019-10-18 16:10:34.951 15 RALLYDEBUG rally_openstack.cleanup.manager [-] Deleting neutron.port object s_rally_29db01e9_D5j6KwQF (41cc9a9e-0d45-4598-af47-03ba4913c7dc)
2019-10-18 16:10:35.178 15 RALLYDEBUG rally_openstack.cleanup.manager [-] Deleting neutron.port object s_rally_29db01e9_gkzkDQ2K (466e07a2-2e11-4d2f-baa6-72ad2d067ecd)
2019-10-18 16:10:36.105 15 RALLYDEBUG rally_openstack.cleanup.manager [-] Deleting neutron.port object s_rally_29db01e9_lb4MRy3R (467f31fc-6918-40ff-ac2f-919fc11b952a)
2019-10-18 16:10:36.683 15 RALLYDEBUG rally_openstack.cleanup.manager [-] Deleting neutron.port object s_rally_29db01e9_9SajlDVs (476215cb-de1d-4c7d-8f84-586c9f92f488)
2019-10-18 16:10:37.014 15 RALLYDEBUG rally_openstack.cleanup.manager [-] Deleting neutron.port object s_rally_29db01e9_BXv1DyDJ (47d07678-439e-4316-b6e1-605d81b5251a)
2019-10-18 16:10:37.064 15 RALLYDEBUG rally_openstack.cleanup.manager [-] Deleting neutron.port object s_rally_29db01e9_YxpkhkCh (494e5af0-67a4-4e1b-baa6-e7c6dd1b4b92)
2019-10-18 16:10:38.441 15 RALLYDEBUG rally_openstack.cleanup.manager [-] Deleting neutron.port object s_rally_29db01e9_iC2O9nEc (497f42b4-06d2-4364-810b-1edf82db46ab)
2019-10-18 16:10:38.528 15 RALLYDEBUG rally_openstack.cleanup.manager [-] Deleting neutron.port object s_rally_29db01e9_DJz5o8u7 (4a8d58df-44d4-4b28-93ed-17fcc6dbdcf1)
2019-10-18 16:10:38.925 15 RALLYDEBUG rally_openstack.cleanup.manager [-] Deleting neutron.port object s_rally_29db01e9_EIi0PyLn (4baef943-9d94-4e99-8879-68ce3d3b1265)
2019-10-18 16:10:38.937 15 RALLYDEBUG rally_openstack.cleanup.manager [-] Deleting neutron.port object s_rally_29db01e9_kZ1Z0qHh (4e7f5601-65e5-47ae-bf04-876512fc5d9e)
2019-10-18 16:10:39.088 15 RALLYDEBUG rally_openstack.cleanup.manager [-] Deleting neutron.port object s_rally_29db01e9_LUJR3Chd (5050835f-b2da-4048-9005-5e4b5db8cffb)
2019-10-18 16:10:39.104 15 RALLYDEBUG rally_openstack.cleanup.manager [-] Deleting neutron.port object s_rally_29db01e9_SNsAZyqS (51a37f1a-3b5f-4022-9f69-51bf29647a99)
2019-10-18 16:10:39.156 15 RALLYDEBUG rally_openstack.cleanup.manager [-] Deleting neutron.port object s_rally_29db01e9_Odi7K5G6 (53499fd4-a26f-4460-8794-efc6d7d7f496)
2019-10-18 16:10:39.273 15 RALLYDEBUG rally_openstack.cleanup.manager [-] Deleting neutron.port object s_rally_29db01e9_bdckMagP (53a0a371-0fa1-4262-a815-46270a153048)
2019-10-18 16:10:39.477 15 RALLYDEBUG rally_openstack.cleanup.manager [-] Deleting neutron.port object s_rally_29db01e9_oaXtoDnG (54da1856-88ce-45a8-a56b-15a74b649be2)
2019-10-18 16:10:39.531 15 RALLYDEBUG rally_openstack.cleanup.manager [-] Deleting neutron.port object s_rally_29db01e9_b4tT5n7g (5605f5bb-e8ab-4670-aad2-e6b5deb2369a)
2019-10-18 16:10:39.951 15 RALLYDEBUG rally_openstack.cleanup.manager [-] Deleting neutron.port object s_rally_29db01e9_Qqh7DqhN (593a5d14-eaea-489b-bc64-9c90dc63ac71)
2019-10-18 16:10:40.474 15 RALLYDEBUG rally_openstack.cleanup.manager [-] Deleting neutron.port object s_rally_29db01e9_OivalQ0t (5c860109-f8d3-48fb-9eb3-fede0e558e2f)
2019-10-18 16:10:40.942 15 RALLYDEBUG rally_openstack.cleanup.manager [-] Deleting neutron.port object s_rally_29db01e9_kHc5nc6E (5d21b365-c0ac-443b-9e09-f61ace708202)
