2019-10-18 16:10:41.110 15 RALLYDEBUG rally_openstack.cleanup.manager [-] Deleting neutron.port object s_rally_29db01e9_deokWqMt (5d2785bf-12fd-4d98-8d1e-3e0ccd46ada2)
2019-10-18 16:10:41.114 15 RALLYDEBUG rally_openstack.cleanup.manager [-] Deleting neutron.port object s_rally_29db01e9_P5PHIwrt (5d89206a-926a-4252-9a6e-98f9f7e5c380)
2019-10-18 16:10:41.168 15 RALLYDEBUG rally_openstack.cleanup.manager [-] Deleting neutron.port object s_rally_29db01e9_Pqndovgd (5eb7561b-8e95-4d37-8379-9254073e1cc8)
2019-10-18 16:10:41.182 15 RALLYDEBUG rally_openstack.cleanup.manager [-] Deleting neutron.port object s_rally_29db01e9_iH2lppnY (5fe4f68a-dd6f-4700-b548-a785b9860f81)
2019-10-18 16:10:41.221 15 RALLYDEBUG rally_openstack.cleanup.manager [-] Deleting neutron.port object s_rally_29db01e9_GJxpTps7 (60407d9f-61c3-4d97-ba19-041f4f4d4487)
2019-10-18 16:10:42.674 15 RALLYDEBUG rally_openstack.cleanup.manager [-] Deleting neutron.port object s_rally_29db01e9_I8c3ksja (609e4afe-8612-448b-8a06-b802f641337c)
2019-10-18 16:10:42.970 15 RALLYDEBUG rally_openstack.cleanup.manager [-] Deleting neutron.port object s_rally_29db01e9_eTBSdjzU (61efcb02-9b7d-449e-9b8d-c48cee79c820)
2019-10-18 16:10:43.144 15 RALLYDEBUG rally_openstack.cleanup.manager [-] Deleting neutron.port object s_rally_29db01e9_nvE2ZmXk (6244feca-1086-4790-b26f-92d21ab1a3f2)
2019-10-18 16:10:43.535 15 RALLYDEBUG rally_openstack.cleanup.manager [-] Deleting neutron.port object s_rally_29db01e9_Wp1D6iou (639f6988-d6c2-4053-9ffd-97a7d8733272)
2019-10-18 16:10:43.580 15 RALLYDEBUG rally_openstack.cleanup.manager [-] Deleting neutron.port object s_rally_29db01e9_s1RT7L8y (66c6006c-da73-4a5e-b3bf-3651f0c23ab9)
2019-10-18 16:10:43.648 15 RALLYDEBUG rally_openstack.cleanup.manager [-] Deleting neutron.port object s_rally_29db01e9_ilHJVBa6 (67fd632f-bf46-4f3c-8a03-b4f245b73540)
2019-10-18 16:10:43.650 15 RALLYDEBUG rally_openstack.cleanup.manager [-] Deleting neutron.port object s_rally_29db01e9_4Svu4bk2 (676c6b4d-b932-4daf-b420-68a9140d3f2d)
2019-10-18 16:10:43.693 15 RALLYDEBUG rally_openstack.cleanup.manager [-] Deleting neutron.port object s_rally_29db01e9_lGo7SBxC (6a0040aa-c60b-4f3d-8ce9-ced2d59925c0)
2019-10-18 16:10:43.905 15 RALLYDEBUG rally_openstack.cleanup.manager [-] Deleting neutron.port object s_rally_29db01e9_S6opQbrE (6b04ea26-deb8-4223-9dbb-ecc0eba09414)
2019-10-18 16:10:44.201 15 RALLYDEBUG rally_openstack.cleanup.manager [-] Deleting neutron.port object s_rally_29db01e9_V34HmbCI (6ba0f187-9d5b-4994-8ce3-087693fe351b)
2019-10-18 16:10:44.503 15 RALLYDEBUG rally_openstack.cleanup.manager [-] Deleting neutron.port object s_rally_29db01e9_oSrR4mYE (6d8a299f-2251-42b5-aa22-bdaecfccee45)
2019-10-18 16:10:44.707 15 RALLYDEBUG rally_openstack.cleanup.manager [-] Deleting neutron.port object s_rally_29db01e9_5Mle3zpj (6d8fbf20-1a61-4935-9c31-de0475db24d2)
2019-10-18 16:10:44.805 15 RALLYDEBUG rally_openstack.cleanup.manager [-] Deleting neutron.port object s_rally_29db01e9_ETsVFqr2 (6e428cfa-0fdc-4e1f-899e-c357a06b3a9b)
2019-10-18 16:10:45.709 15 RALLYDEBUG rally_openstack.cleanup.manager [-] Deleting neutron.port object s_rally_29db01e9_UTYZEU7h (6eaf2489-556c-429f-b05e-5a0e46157a75)
2019-10-18 16:10:45.837 15 RALLYDEBUG rally_openstack.cleanup.manager [-] Deleting neutron.port object s_rally_29db01e9_KcgVtbaK (71389117-6344-4b4b-9a4b-8808508a0abf)
2019-10-18 16:10:45.837 15 RALLYDEBUG rally_openstack.cleanup.manager [-] Deleting neutron.port object s_rally_29db01e9_rWFslkpc (709f07bd-4d4f-4c79-9900-871e111eac06)
2019-10-18 16:10:45.840 15 RALLYDEBUG rally_openstack.cleanup.manager [-] Deleting neutron.port object s_rally_29db01e9_Ek2ygmpe (71a355c3-1122-46ee-b6d3-927527160876)
2019-10-18 16:10:46.102 15 RALLYDEBUG rally_openstack.cleanup.manager [-] Deleting neutron.port object s_rally_29db01e9_apnYlVJT (71e4fb7b-a74d-4e8a-84d2-2e2b1fc4822d)
2019-10-18 16:10:46.139 15 RALLYDEBUG rally_openstack.cleanup.manager [-] Deleting neutron.port object s_rally_29db01e9_blrwrFPA (727bfe75-5490-4a22-a916-9d63eaaae5c9)
2019-10-18 16:10:46.152 15 RALLYDEBUG rally_openstack.cleanup.manager [-] Deleting neutron.port object s_rally_29db01e9_rOiFhlj0 (73c525a0-e72e-4253-846c-9e09c4b31d05)
2019-10-18 16:10:47.206 15 RALLYDEBUG rally_openstack.cleanup.manager [-] Deleting neutron.port object s_rally_29db01e9_ENbkK69t (754b7556-1848-4aea-a455-9f27132d1e68)
2019-10-18 16:10:47.286 15 RALLYDEBUG rally_openstack.cleanup.manager [-] Deleting neutron.port object s_rally_29db01e9_bjGGRFZ7 (7566cbca-deb2-44c5-8bbf-d55b747bdc54)
2019-10-18 16:10:47.356 15 RALLYDEBUG rally_openstack.cleanup.manager [-] Deleting neutron.port object s_rally_29db01e9_7IFVez1C (760a770e-6222-4f91-93fb-75d77f648663)
2019-10-18 16:10:47.361 15 RALLYDEBUG rally_openstack.cleanup.manager [-] Deleting neutron.port object s_rally_29db01e9_FQjmbIBU (7b122f85-ea9c-4c21-b79b-c35a998c36c3)
2019-10-18 16:10:47.734 15 RALLYDEBUG rally_openstack.cleanup.manager [-] Deleting neutron.port object s_rally_29db01e9_Uortt3r6 (7d0d52f2-60e4-4c8d-8021-242655811945)
2019-10-18 16:10:48.233 15 RALLYDEBUG rally_openstack.cleanup.manager [-] Deleting neutron.port object s_rally_29db01e9_u0oNBvpb (7d48828b-83a0-46e4-b93b-8984b9964a27)
2019-10-18 16:10:48.351 15 RALLYDEBUG rally_openstack.cleanup.manager [-] Deleting neutron.port object s_rally_29db01e9_sXuTZuzQ (7fa9408b-c3d5-46da-a5a7-8717f703a879)
2019-10-18 16:10:49.027 15 RALLYDEBUG rally_openstack.cleanup.manager [-] Deleting neutron.port object s_rally_29db01e9_BfAvxfb0 (80e244ea-2d4d-4f27-b6e7-290f3cf3ff61)
2019-10-18 16:10:49.175 15 RALLYDEBUG rally_openstack.cleanup.manager [-] Deleting neutron.port object s_rally_29db01e9_OsHcFAKQ (81659039-5eac-4f24-824a-863ce22a0e2f)
2019-10-18 16:10:49.822 15 RALLYDEBUG rally_openstack.cleanup.manager [-] Deleting neutron.port object s_rally_29db01e9_sCfsAGTi (8232021b-b5db-49c8-8100-39c4d89f184c)
2019-10-18 16:10:49.887 15 RALLYDEBUG rally_openstack.cleanup.manager [-] Deleting neutron.port object s_rally_29db01e9_KEiL47PF (82fec0e2-ef09-4582-af5a-d08c49a67587)
2019-10-18 16:10:49.902 15 RALLYDEBUG rally_openstack.cleanup.manager [-] Deleting neutron.port object s_rally_29db01e9_cW1Jv623 (8620c4dc-306f-44a0-9ffe-5a7d151ce3d3)
2019-10-18 16:10:49.928 15 RALLYDEBUG rally_openstack.cleanup.manager [-] Deleting neutron.port object s_rally_29db01e9_iGQsj1DF (87aa05ca-650b-46d4-b33a-6a45872437ec)
2019-10-18 16:10:49.958 15 RALLYDEBUG rally_openstack.cleanup.manager [-] Deleting neutron.port object s_rally_29db01e9_I0QFg3uU (88eaae41-e563-4174-b1fe-ed758caa0b40)
2019-10-18 16:10:50.002 15 RALLYDEBUG rally_openstack.cleanup.manager [-] Deleting neutron.port object s_rally_29db01e9_Frrh34kD (8eda5392-e61d-4e91-87a6-0646fa45c31e)
2019-10-18 16:10:50.465 15 RALLYDEBUG rally_openstack.cleanup.manager [-] Deleting neutron.port object s_rally_29db01e9_zARaV8Qm (912ddeec-3696-4c0d-a62e-26e2b8bd32d0)
2019-10-18 16:10:50.489 15 RALLYDEBUG rally_openstack.cleanup.manager [-] Deleting neutron.port object s_rally_29db01e9_cp59noPj (91831d48-2ea0-4da0-9269-a79799cbe559)
2019-10-18 16:10:50.634 15 RALLYDEBUG rally_openstack.cleanup.manager [-] Deleting neutron.port object s_rally_29db01e9_6NlQ24df (919575f2-9a6e-4793-89fd-8c5b33016e2d)
2019-10-18 16:10:50.832 15 RALLYDEBUG rally_openstack.cleanup.manager [-] Deleting neutron.port object s_rally_29db01e9_N4cQTycJ (920f37eb-1ce3-40a4-aeea-33834018e265)
2019-10-18 16:10:51.051 15 RALLYDEBUG rally_openstack.cleanup.manager [-] Deleting neutron.port object s_rally_29db01e9_F6GLt04s (985e3e14-699d-49c4-a977-ac58dcae4c1e)
2019-10-18 16:10:51.939 15 RALLYDEBUG rally_openstack.cleanup.manager [-] Deleting neutron.port object s_rally_29db01e9_l4DGWJoL (98b92aba-f227-41f0-b483-480bb87b0eb2)
2019-10-18 16:10:53.023 15 RALLYDEBUG rally_openstack.cleanup.manager [-] Deleting neutron.port object s_rally_29db01e9_lblFaeX9 (98ef2385-0b7e-4087-a5bc-2642b0cc5bb0)
2019-10-18 16:10:53.217 15 RALLYDEBUG rally_openstack.cleanup.manager [-] Deleting neutron.port object s_rally_29db01e9_zOPwDOmo (9c1bf9a5-2fa5-47f7-a974-2562c2a27716)
2019-10-18 16:10:53.321 15 RALLYDEBUG rally_openstack.cleanup.manager [-] Deleting neutron.port object s_rally_29db01e9_LOlZADU4 (9c2e65c0-2cf9-4bb5-afd1-9bc1e1133afd)
2019-10-18 16:10:53.329 15 RALLYDEBUG rally_openstack.cleanup.manager [-] Deleting neutron.port object s_rally_29db01e9_qCahv5Xt (9f84deff-d195-4306-97fa-7c86c2314934)
2019-10-18 16:10:53.415 15 RALLYDEBUG rally_openstack.cleanup.manager [-] Deleting neutron.port object s_rally_29db01e9_lf8Yrte0 (a3e66167-4592-40b7-af19-fac9ee5cef03)
2019-10-18 16:10:53.748 15 RALLYDEBUG rally_openstack.cleanup.manager [-] Deleting neutron.port object s_rally_29db01e9_wzpEbZ2r (a4e9ec50-1b08-4b26-afc5-fc3be9c02450)
2019-10-18 16:10:53.963 15 RALLYDEBUG rally_openstack.cleanup.manager [-] Deleting neutron.port object s_rally_29db01e9_Uemo1GLN (a58181cb-28ea-4abd-81a9-b95118a15238)
2019-10-18 16:10:54.061 15 RALLYDEBUG rally_openstack.cleanup.manager [-] Deleting neutron.port object s_rally_29db01e9_9wvTRUIX (a99e3a6b-4f66-40e8-bd0e-6755c152ae34)
2019-10-18 16:10:54.242 15 RALLYDEBUG rally_openstack.cleanup.manager [-] Deleting neutron.port object s_rally_29db01e9_wsZfs6ht (aa60b36f-ca6a-4b41-a167-be65a3c549bd)
2019-10-18 16:10:54.262 15 RALLYDEBUG rally_openstack.cleanup.manager [-] Deleting neutron.port object s_rally_29db01e9_D7HDWS3c (ad004775-4885-43c4-9453-b938332106fd)
2019-10-18 16:10:54.297 15 RALLYDEBUG rally_openstack.cleanup.manager [-] Deleting neutron.port object s_rally_29db01e9_GJSAF8K7 (ae8f0f03-e3bc-4b11-ac61-c9017916aa99)
2019-10-18 16:10:54.338 15 RALLYDEBUG rally_openstack.cleanup.manager [-] Deleting neutron.port object s_rally_29db01e9_cnke7CBA (af897769-7e14-4ab4-831f-08a1cab58aaa)
2019-10-18 16:10:55.294 15 RALLYDEBUG rally_openstack.cleanup.manager [-] Deleting neutron.port object s_rally_29db01e9_5xD13KKb (afd29830-550d-4b35-9030-87337c5fd02a)
2019-10-18 16:10:55.580 15 RALLYDEBUG rally_openstack.cleanup.manager [-] Deleting neutron.port object s_rally_29db01e9_qyjpP56M (b14690eb-38c6-4735-924f-24abfe13a073)
2019-10-18 16:10:56.225 15 RALLYDEBUG rally_openstack.cleanup.manager [-] Deleting neutron.port object s_rally_29db01e9_uv6utaZB (b448900c-234f-42ab-844e-e4755edce73b)
2019-10-18 16:10:56.662 15 RALLYDEBUG rally_openstack.cleanup.manager [-] Deleting neutron.port object s_rally_29db01e9_OMldSySD (b566bd41-2ef2-4afe-98e8-5ec260a1e15d)
2019-10-18 16:10:56.671 15 RALLYDEBUG rally_openstack.cleanup.manager [-] Deleting neutron.port object s_rally_29db01e9_mCWtJAMR (ba63104c-9bbe-4138-bcfc-74d1a73846f3)
2019-10-18 16:10:56.988 15 RALLYDEBUG rally_openstack.cleanup.manager [-] Deleting neutron.port object s_rally_29db01e9_faOApSul (baf134fd-74d4-4791-be4c-c1c4cd30f353)
2019-10-18 16:10:57.027 15 RALLYDEBUG rally_openstack.cleanup.manager [-] Deleting neutron.port object s_rally_29db01e9_1vlikUL2 (bb3df5b6-cdfb-4986-9431-200c972bbeaa)
2019-10-18 16:10:57.052 15 RALLYDEBUG rally_openstack.cleanup.manager [-] Deleting neutron.port object s_rally_29db01e9_y7usPxQ4 (bb703ee6-ad09-4a9f-9909-05a43d3518f4)
2019-10-18 16:10:57.190 15 RALLYDEBUG rally_openstack.cleanup.manager [-] Deleting neutron.port object s_rally_29db01e9_Xfs1cm78 (bbef6c2c-2817-4b83-be8f-0a6297e34d34)
2019-10-18 16:10:57.195 15 RALLYDEBUG rally_openstack.cleanup.manager [-] Deleting neutron.port object s_rally_29db01e9_OPGoHOdr (bcdf2c8b-d5cb-4a52-8a50-02a091b2234b)
2019-10-18 16:10:57.436 15 RALLYDEBUG rally_openstack.cleanup.manager [-] Deleting neutron.port object s_rally_29db01e9_q3b8u5YP (bcf1e9aa-f0f5-47cd-a999-808294f2f1fd)
2019-10-18 16:10:57.463 15 RALLYDEBUG rally_openstack.cleanup.manager [-] Deleting neutron.port object s_rally_29db01e9_UgPyYRVW (be69dff3-c30a-4413-a96a-dfaf3d31c9d7)
2019-10-18 16:10:58.152 15 RALLYDEBUG rally_openstack.cleanup.manager [-] Deleting neutron.port object s_rally_29db01e9_EbMaONpT (c02ec4ce-d5f8-457a-8ab7-cfde67fd95ed)
2019-10-18 16:10:58.368 15 RALLYDEBUG rally_openstack.cleanup.manager [-] Deleting neutron.port object s_rally_29db01e9_3eqVY980 (c0449446-24ad-45a6-a6cb-b14c1728b0a6)
2019-10-18 16:10:58.377 15 RALLYDEBUG rally_openstack.cleanup.manager [-] Deleting neutron.port object s_rally_29db01e9_cB4CCWJK (c115ba31-9c24-4669-bc0b-f1184e31d849)
2019-10-18 16:10:58.389 15 RALLYDEBUG rally_openstack.cleanup.manager [-] Deleting neutron.port object s_rally_29db01e9_JEDyAhOZ (c14841b7-e49c-42a6-a0ae-445cf78d11dc)
2019-10-18 16:10:58.810 15 RALLYDEBUG rally_openstack.cleanup.manager [-] Deleting neutron.port object s_rally_29db01e9_Bn3BlIuq (c1e6b40c-e804-4e00-956b-b14a1710abc4)
2019-10-18 16:10:58.870 15 RALLYDEBUG rally_openstack.cleanup.manager [-] Deleting neutron.port object s_rally_29db01e9_tCuJy0Ak (c2c8b0c7-d419-4c62-bb80-989341dc84da)
2019-10-18 16:10:58.885 15 RALLYDEBUG rally_openstack.cleanup.manager [-] Deleting neutron.port object s_rally_29db01e9_BCEQoOnG (c32664a5-559d-4ec7-8f8c-55f5a3d1b638)
2019-10-18 16:10:59.123 15 RALLYDEBUG rally_openstack.cleanup.manager [-] Deleting neutron.port object s_rally_29db01e9_uSJMeKzR (c4dc64f5-6580-4470-bb56-8a65f00a0f26)
2019-10-18 16:10:59.474 15 RALLYDEBUG rally_openstack.cleanup.manager [-] Deleting neutron.port object s_rally_29db01e9_QRJ1ZxAD (c579f372-ecc0-49be-87ed-88d93ccd3e73)
2019-10-18 16:10:59.599 15 RALLYDEBUG rally_openstack.cleanup.manager [-] Deleting neutron.port object s_rally_29db01e9_pMKD4TrB (c5b9fb67-c29b-496f-8d0f-0fb365e7e4c6)
2019-10-18 16:11:00.119 15 RALLYDEBUG rally_openstack.cleanup.manager [-] Deleting neutron.port object s_rally_29db01e9_k6b911oi (c93075f8-0bfb-4bbf-a903-2756f35325e5)
2019-10-18 16:11:00.769 15 RALLYDEBUG rally_openstack.cleanup.manager [-] Deleting neutron.port object s_rally_29db01e9_VV7FpJDM (cb37170f-fc01-484a-aa59-391e2e6de407)
2019-10-18 16:11:01.346 15 RALLYDEBUG rally_openstack.cleanup.manager [-] Deleting neutron.port object s_rally_29db01e9_orTkcdeR (cbc29569-9df6-4d9d-8fff-35a37f8b19db)
2019-10-18 16:11:01.409 15 RALLYDEBUG rally_openstack.cleanup.manager [-] Deleting neutron.port object s_rally_29db01e9_f4uDBbh6 (cc057c22-b50e-43e4-b149-8c82b94d2ea2)
2019-10-18 16:11:01.578 15 RALLYDEBUG rally_openstack.cleanup.manager [-] Deleting neutron.port object s_rally_29db01e9_bBXXzWmm (cf48b8a6-7955-4db5-b3e3-5178254aa9ab)
2019-10-18 16:11:01.679 15 RALLYDEBUG rally_openstack.cleanup.manager [-] Deleting neutron.port object s_rally_29db01e9_AUmZtUpL (cf98e4b2-7472-4876-82da-7072c0342687)
2019-10-18 16:11:02.169 15 RALLYDEBUG rally_openstack.cleanup.manager [-] Deleting neutron.port object s_rally_29db01e9_qjXStPnL (d07cd13c-7732-4781-a10c-5829f986c4dc)
2019-10-18 16:11:02.526 15 RALLYDEBUG rally_openstack.cleanup.manager [-] Deleting neutron.port object s_rally_29db01e9_KyuVFMGv (d177d872-68dd-43f8-a3c5-12a1836a6a22)
2019-10-18 16:11:02.542 15 RALLYDEBUG rally_openstack.cleanup.manager [-] Deleting neutron.port object s_rally_29db01e9_crh4n8GO (d22e51bf-3963-436a-9164-5db5315ecb01)
2019-10-18 16:11:02.554 15 RALLYDEBUG rally_openstack.cleanup.manager [-] Deleting neutron.port object s_rally_29db01e9_8rt3mA14 (d3712354-82a9-4794-9371-f3cdc90ef846)
2019-10-18 16:11:02.709 15 RALLYDEBUG rally_openstack.cleanup.manager [-] Deleting neutron.port object s_rally_29db01e9_WAtjxgiJ (d457d83a-d264-4c77-a542-0a4e9a1c3e69)
2019-10-18 16:11:02.803 15 RALLYDEBUG rally_openstack.cleanup.manager [-] Deleting neutron.port object s_rally_29db01e9_4OTD5RGH (d7965b45-efe2-40f7-9051-ebf5b58553a8)
2019-10-18 16:11:03.123 15 RALLYDEBUG rally_openstack.cleanup.manager [-] Deleting neutron.port object s_rally_29db01e9_CoNcQwSX (d8acc3c8-f1dd-429c-8957-a811e1cf9991)
2019-10-18 16:11:03.255 15 RALLYDEBUG rally_openstack.cleanup.manager [-] Deleting neutron.port object s_rally_29db01e9_c4hIynPU (d96d9493-8841-4b2e-8680-6b19a9daf868)
2019-10-18 16:11:03.548 15 RALLYDEBUG rally_openstack.cleanup.manager [-] Deleting neutron.port object s_rally_29db01e9_eKmTmnBQ (da4387d1-070b-41df-ad54-5b0e6638e52a)
2019-10-18 16:11:03.618 15 RALLYDEBUG rally_openstack.cleanup.manager [-] Deleting neutron.port object s_rally_29db01e9_Vb1JoUXv (dafbb91b-0b96-40ba-bafe-52ca736de25d)
2019-10-18 16:11:04.523 15 RALLYDEBUG rally_openstack.cleanup.manager [-] Deleting neutron.port object s_rally_29db01e9_8DykcNmx (dc4d0cb9-fd14-4fb7-a2a0-6d5d53fec959)
2019-10-18 16:11:04.907 15 RALLYDEBUG rally_openstack.cleanup.manager [-] Deleting neutron.port object s_rally_29db01e9_7K6TMLuf (dcdbeb95-2d26-46c6-bf29-109f6e6b1b80)
2019-10-18 16:11:05.089 15 RALLYDEBUG rally_openstack.cleanup.manager [-] Deleting neutron.port object s_rally_29db01e9_BceyAJjI (dd9104c2-a49a-4630-9086-69fd7d96d61c)
2019-10-18 16:11:05.136 15 RALLYDEBUG rally_openstack.cleanup.manager [-] Deleting neutron.port object s_rally_29db01e9_KSR395W8 (ddcd62c1-818b-4029-8e87-3f53f980d18f)
2019-10-18 16:11:05.325 15 RALLYDEBUG rally_openstack.cleanup.manager [-] Deleting neutron.port object s_rally_29db01e9_0cBcmKhM (e12c3dab-9143-4aa8-8dd7-8e4aa1100fe1)
2019-10-18 16:11:05.712 15 RALLYDEBUG rally_openstack.cleanup.manager [-] Deleting neutron.port object s_rally_29db01e9_tUpryegB (e43cca48-0565-419f-83e7-fa027b70eafd)
2019-10-18 16:11:05.732 15 RALLYDEBUG rally_openstack.cleanup.manager [-] Deleting neutron.port object s_rally_29db01e9_MxXj5H8e (e55fd96c-1846-4f58-a63a-2206ef8fc6e3)
2019-10-18 16:11:05.875 15 RALLYDEBUG rally_openstack.cleanup.manager [-] Deleting neutron.port object s_rally_29db01e9_4SnIbd71 (e6cf8994-06a6-4dd1-851e-cfc6ad686878)
2019-10-18 16:11:06.008 15 RALLYDEBUG rally_openstack.cleanup.manager [-] Deleting neutron.port object s_rally_29db01e9_T0rKjPeo (e7ebb633-9f64-4be3-bc4d-f32def11c8c1)
2019-10-18 16:11:06.766 15 RALLYDEBUG rally_openstack.cleanup.manager [-] Deleting neutron.port object s_rally_29db01e9_oUGxfddD (e8527bd0-6b0b-4607-be8f-fd3f64542a4c)
2019-10-18 16:11:06.785 15 RALLYDEBUG rally_openstack.cleanup.manager [-] Deleting neutron.port object s_rally_29db01e9_rtOnexA5 (e8dc0752-a183-4262-8252-780efc635fc8)
2019-10-18 16:11:06.789 15 RALLYDEBUG rally_openstack.cleanup.manager [-] Deleting neutron.port object s_rally_29db01e9_xL5NWOPm (ea029c10-003e-4ead-9854-48964868d2d6)
2019-10-18 16:11:06.930 15 RALLYDEBUG rally_openstack.cleanup.manager [-] Deleting neutron.port object s_rally_29db01e9_4NCtSyHm (eda8bf8a-742a-4f77-9849-bf64cb9f70ec)
2019-10-18 16:11:06.934 15 RALLYDEBUG rally_openstack.cleanup.manager [-] Deleting neutron.port object s_rally_29db01e9_YhvJnLXX (f3388590-8909-4bcc-86b8-edd00bc8bbe7)
2019-10-18 16:11:07.600 15 RALLYDEBUG rally_openstack.cleanup.manager [-] Deleting neutron.port object s_rally_29db01e9_VzYP3lCD (f452d85c-4981-4df0-920b-6fba9b509cdb)
2019-10-18 16:11:07.753 15 RALLYDEBUG rally_openstack.cleanup.manager [-] Deleting neutron.port object s_rally_29db01e9_jqoBYrHp (f46eb6c5-dcc8-42e6-9536-4e536d6fd566)
2019-10-18 16:11:07.902 15 RALLYDEBUG rally_openstack.cleanup.manager [-] Deleting neutron.port object s_rally_29db01e9_d2c68ZVp (f51a088a-e603-4aa1-b127-6223e6f4e4e1)
2019-10-18 16:11:08.991 15 RALLYDEBUG rally_openstack.cleanup.manager [-] Deleting neutron.port object s_rally_29db01e9_fO55uG7X (f79716da-bad7-407c-976f-69ad48e52aa4)
2019-10-18 16:11:09.001 15 RALLYDEBUG rally_openstack.cleanup.manager [-] Deleting neutron.port object s_rally_29db01e9_iXe0Skv7 (f86f0f24-dd58-42b6-a917-00fa93ede0aa)
2019-10-18 16:11:09.009 15 RALLYDEBUG rally_openstack.cleanup.manager [-] Deleting neutron.port object s_rally_29db01e9_P2efWQ3I (fca19004-c268-4fb4-a0fd-0152656377c4)
2019-10-18 16:11:09.296 15 RALLYDEBUG rally_openstack.cleanup.manager [-] Deleting neutron.port object s_rally_29db01e9_fv5CKhis (fd76ca9d-a8f9-4680-97a4-fcee0fe9491c)
2019-10-18 16:11:09.377 15 RALLYDEBUG rally_openstack.cleanup.manager [-] Deleting neutron.port object s_rally_29db01e9_C6VOcKZ1 (fe700e69-f323-4264-8a89-5082cccfdc36)
2019-10-18 16:11:13.933 15 RALLYDEBUG rally_openstack.cleanup.manager [-] Cleaning up neutron subnet objects
2019-10-18 16:11:14.172 15 RALLYDEBUG rally_openstack.cleanup.manager [-] Cleaning up neutron network objects
2019-10-18 16:11:14.647 15 RALLYDEBUG rally_openstack.cleanup.manager [-] Deleting neutron.network object s_rally_29db01e9_N2riyIAe (0a45f7b4-145c-4763-bd45-a0ef74549ca4)
2019-10-18 16:11:14.652 15 RALLYDEBUG rally_openstack.cleanup.manager [-] Deleting neutron.network object s_rally_29db01e9_zUePE2Ze (0bdbb581-19bb-4304-bfec-edf939245c86)
2019-10-18 16:11:14.659 15 RALLYDEBUG rally_openstack.cleanup.manager [-] Deleting neutron.network object s_rally_29db01e9_Zaq9cQ3I (13481189-efd9-45d5-8d78-1c4964ec695c)
2019-10-18 16:11:14.674 15 RALLYDEBUG rally_openstack.cleanup.manager [-] Deleting neutron.network object s_rally_29db01e9_C6qa6fwY (1d5ebe9e-bbaf-4463-9e3f-34b8ad03a42c)
2019-10-18 16:11:14.677 15 RALLYDEBUG rally_openstack.cleanup.manager [-] Deleting neutron.network object s_rally_29db01e9_rgtY4SEi (14823d4d-ed49-4f2a-a700-f6d556a83437)
2019-10-18 16:11:14.703 15 RALLYDEBUG rally_openstack.cleanup.manager [-] Deleting neutron.network object s_rally_29db01e9_ZSupR3Bd (431b1ecf-ee1d-4e5d-8516-3d8842584759)
2019-10-18 16:11:14.706 15 RALLYDEBUG rally_openstack.cleanup.manager [-] Deleting neutron.network object s_rally_29db01e9_W5AbdKNT (4bee203c-2d19-4bd9-a5f6-a74171e91d31)
2019-10-18 16:11:14.707 15 RALLYDEBUG rally_openstack.cleanup.manager [-] Deleting neutron.network object s_rally_29db01e9_PVGevpGh (4706610f-9714-4241-8343-8850a00d6bff)
2019-10-18 16:11:14.774 15 RALLYDEBUG rally_openstack.cleanup.manager [-] Deleting neutron.network object s_rally_29db01e9_SX8Rp0f9 (4d15b95b-ed62-47d9-9504-53f456d1a4cf)
2019-10-18 16:11:14.785 15 RALLYDEBUG rally_openstack.cleanup.manager [-] Deleting neutron.network object s_rally_29db01e9_sPyb8Qrt (61331841-563c-4e94-ac6b-de23b24ef40c)
2019-10-18 16:11:14.814 15 RALLYDEBUG rally_openstack.cleanup.manager [-] Deleting neutron.network object s_rally_29db01e9_LfSeDPeH (65531de4-b147-44e6-8e41-4d651c824538)
2019-10-18 16:11:14.815 15 RALLYDEBUG rally_openstack.cleanup.manager [-] Deleting neutron.network object s_rally_29db01e9_ANpYiiZD (66c8aa93-a061-4a5b-8e20-edf0630a6712)
2019-10-18 16:11:14.815 15 RALLYDEBUG rally_openstack.cleanup.manager [-] Deleting neutron.network object s_rally_29db01e9_P4EuYO7x (5fa80469-294b-4c6e-b751-4bd5e452bb33)
2019-10-18 16:11:14.816 15 RALLYDEBUG rally_openstack.cleanup.manager [-] Deleting neutron.network object s_rally_29db01e9_iRiFKzQI (6623bab9-4fde-4200-be3e-f0a9b287b92a)
2019-10-18 16:11:14.850 15 RALLYDEBUG rally_openstack.cleanup.manager [-] Deleting neutron.network object s_rally_29db01e9_hhwJ63UY (74979304-917d-418d-beef-f37bd79b604c)
2019-10-18 16:11:14.858 15 RALLYDEBUG rally_openstack.cleanup.manager [-] Deleting neutron.network object s_rally_29db01e9_lrY8iQMO (677f1ca0-fdcb-483c-bca7-e96fbc1481bf)
2019-10-18 16:11:14.863 15 RALLYDEBUG rally_openstack.cleanup.manager [-] Deleting neutron.network object s_rally_29db01e9_xiJ1q71m (7815552b-916d-4181-8de5-037d04281906)
2019-10-18 16:11:14.869 15 RALLYDEBUG rally_openstack.cleanup.manager [-] Deleting neutron.network object s_rally_29db01e9_AYYmkZgr (7eddc52c-a99e-45d2-9ae2-7ae7d88cc953)
2019-10-18 16:11:14.914 15 RALLYDEBUG rally_openstack.cleanup.manager [-] Deleting neutron.network object s_rally_29db01e9_LJJUHDzz (7f314517-502b-40b7-a51c-958310f7d81c)
2019-10-18 16:11:14.937 15 RALLYDEBUG rally_openstack.cleanup.manager [-] Deleting neutron.network object s_rally_29db01e9_cHQ6JVTD (82fedd51-ddf0-4a18-87b2-721b20272d1c)
2019-10-18 16:11:17.166 15 RALLYDEBUG rally_openstack.cleanup.manager [-] Deleting neutron.network object s_rally_29db01e9_eNegvTgi (888cc447-df77-4b86-aed0-cfe10bec4ffb)
2019-10-18 16:11:19.623 15 RALLYDEBUG rally_openstack.cleanup.manager [-] Deleting neutron.network object s_rally_29db01e9_ak1u5NJf (9b20c222-177a-497e-a07f-d78b971dc8ec)
2019-10-18 16:11:19.639 15 RALLYDEBUG rally_openstack.cleanup.manager [-] Deleting neutron.network object s_rally_29db01e9_7XdSIxNK (9ef2bb66-98d3-4b62-aee4-d4052e6cc0f1)
2019-10-18 16:11:19.655 15 RALLYDEBUG rally_openstack.cleanup.manager [-] Deleting neutron.network object s_rally_29db01e9_o4xqqFgn (9f7e784c-71b9-44fd-a6d5-1023934e1bf5)
2019-10-18 16:11:19.678 15 RALLYDEBUG rally_openstack.cleanup.manager [-] Deleting neutron.network object s_rally_29db01e9_d4G4wID3 (9ff8925a-9f2c-4f0b-923b-c68ab01bcd6d)
2019-10-18 16:11:19.682 15 RALLYDEBUG rally_openstack.cleanup.manager [-] Deleting neutron.network object s_rally_29db01e9_f64HOnOW (ae671c29-997d-4084-8f2a-9cd77f3358da)
2019-10-18 16:11:21.842 15 RALLYDEBUG rally_openstack.cleanup.manager [-] Deleting neutron.network object s_rally_29db01e9_nrpsaGAf (b0a7effd-5605-4404-bac3-c053e9178f83)
2019-10-18 16:11:21.872 15 RALLYDEBUG rally_openstack.cleanup.manager [-] Deleting neutron.network object s_rally_29db01e9_whdSqPrO (bc444f39-16fc-49fd-9f19-f62c513eb487)
2019-10-18 16:11:22.170 15 RALLYDEBUG rally_openstack.cleanup.manager [-] Deleting neutron.network object s_rally_29db01e9_epCCRJ60 (c4624b78-6f95-4c63-8061-6fa434638c84)
2019-10-18 16:11:22.178 15 RALLYDEBUG rally_openstack.cleanup.manager [-] Deleting neutron.network object s_rally_29db01e9_RH8LXxbW (c6b24a2d-9ac3-4454-b829-cbb3c6c9538a)
2019-10-18 16:11:24.585 15 RALLYDEBUG rally_openstack.cleanup.manager [-] Deleting neutron.network object s_rally_29db01e9_gjmbL9q3 (d94a12f9-2d5d-4f1b-8f11-61b683fc9567)
2019-10-18 16:11:24.839 15 RALLYDEBUG rally_openstack.cleanup.manager [-] Deleting neutron.network object s_rally_29db01e9_BdZtB4qy (df0474d0-f008-47dc-8e56-31f1211911a2)
2019-10-18 16:11:24.880 15 RALLYDEBUG rally_openstack.cleanup.manager [-] Deleting neutron.network object s_rally_29db01e9_G5oNhBGZ (e1489a64-b48a-46f6-b5f3-06b88b4b050c)
2019-10-18 16:11:25.907 15 RALLYDEBUG rally_openstack.cleanup.manager [-] Deleting neutron.network object s_rally_29db01e9_bYTdf1ka (e56f229b-5d3e-46b6-b8ce-63d011af2792)
2019-10-18 16:11:26.008 15 RALLYDEBUG rally_openstack.cleanup.manager [-] Deleting neutron.network object s_rally_29db01e9_QSG3ryGU (e9038bde-f9b5-4ca2-ac26-71edf6bc50c0)
2019-10-18 16:11:26.256 15 RALLYDEBUG rally_openstack.cleanup.manager [-] Deleting neutron.network object s_rally_29db01e9_uo3BySEJ (eada5e6b-c341-4143-88b0-ef4030d14c59)
2019-10-18 16:11:26.306 15 RALLYDEBUG rally_openstack.cleanup.manager [-] Deleting neutron.network object s_rally_29db01e9_84x66L55 (ef912760-fa10-4cba-93ba-e13ff710748c)
2019-10-18 16:11:26.314 15 RALLYDEBUG rally_openstack.cleanup.manager [-] Deleting neutron.network object s_rally_29db01e9_T1keywNl (f00d9422-b61b-4821-b85f-d80de7e62c32)
2019-10-18 16:11:26.418 15 RALLYDEBUG rally_openstack.cleanup.manager [-] Deleting neutron.network object s_rally_29db01e9_ItvYpgY5 (f7b903e5-af61-494a-b1f7-626d160604aa)
2019-10-18 16:11:26.430 15 RALLYDEBUG rally_openstack.cleanup.manager [-] Deleting neutron.network object s_rally_29db01e9_V2y36tDR (fd407850-3c79-47e8-b20a-f7181eacd4ab)
2019-10-18 16:11:33.141 15 RALLYDEBUG rally_openstack.cleanup.manager [-] Cleaning up neutron router objects
2019-10-18 16:11:33.418 15 RALLYDEBUG rally_openstack.cleanup.manager [-] Cleaning up neutron security_group objects
2019-10-18 16:11:33.711 15 INFO rally.task.context [-] Task 77fb4597-f4cf-4e88-94c3-616387f0b9cb | Context cleanup@openstack cleanup() finished in 1.24 min
2019-10-18 16:11:33.711 15 INFO rally.task.context [-] Task 77fb4597-f4cf-4e88-94c3-616387f0b9cb | Context quotas@openstack cleanup() started
2019-10-18 16:11:33.761 15 INFO rally.task.context [-] Task 77fb4597-f4cf-4e88-94c3-616387f0b9cb | Context quotas@openstack cleanup() finished in 49.89 msec
2019-10-18 16:11:33.761 15 INFO rally.task.context [-] Task 77fb4597-f4cf-4e88-94c3-616387f0b9cb | Context users@openstack cleanup() started
2019-10-18 16:11:35.093 15 INFO rally.task.context [-] Task 77fb4597-f4cf-4e88-94c3-616387f0b9cb | Context users@openstack cleanup() finished in 1.33 sec
2019-10-18 16:11:36.132 15 INFO rally.task.engine [-] Load duration is: 110.866286
2019-10-18 16:11:36.133 15 INFO rally.task.engine [-] Full runner duration is: 110.915786
2019-10-18 16:11:36.133 15 INFO rally.task.engine [-] Full duration is: 187.814821
2019-10-18 16:11:36.218 15 INFO rally.task.engine [-] Running workload: position = 2 config = { "version": 2, "title": "A cropped version of a bigger task.", "description": "Auto-generated task from a single workload (uuid=d0cee4a9-9759-42f1-a48a-64f634000763)", "subtasks": [ { "title": "NeutronNetworks.create_and_delete_ports", "description": "Create and delete a port.", "scenario": { "NeutronNetworks.create_and_delete_ports": { "network_create_args": {}, "port_create_args": {}, "ports_per_network": 5 } }, "contexts": { "users": { "tenants": 1, "users_per_tenant": 1 }, "quotas": { "neutron": { "network": -1, "port": -1 } } }, "runner": { "constant": { "times": 40, "concurrency": 20 } }, "hooks": [], "sla": { "failure_rate": { "max": 0 } } } ] }
2019-10-18 16:11:36.227 15 RALLYDEBUG rally_openstack.contexts.keystone.users [-] Creating 1 tenants using 20 threads
2019-10-18 16:11:36.544 15 RALLYDEBUG rally_openstack.contexts.keystone.users [-] Creating 1 users using 20 threads
2019-10-18 16:11:36.960 15 INFO rally.task.context [-] Task 77fb4597-f4cf-4e88-94c3-616387f0b9cb | Context users@openstack setup() finished in 0.73 sec
2019-10-18 16:11:37.359 15 INFO rally.task.context [-] Task 77fb4597-f4cf-4e88-94c3-616387f0b9cb | Context quotas@openstack setup() finished in 0.40 sec
2019-10-18 16:11:37.359 15 INFO rally.task.context [-] Task 77fb4597-f4cf-4e88-94c3-616387f0b9cb | Context cleanup@openstack setup() finished in 0.01 msec
2019-10-18 16:11:37.368 15 RALLYDEBUG rally.task.runner [-] Starting the constant runner (task UUID: 77fb4597-f4cf-4e88-94c3-616387f0b9cb). timeout: 0 concurrency: 20 concurrency_per_worker: 1 times: 40 concurrency_overhead: 0 processes_to_start: 20 max_cpu_used: 88
2019-10-18 16:11:37.381 4601 RALLYDEBUG rally.task.runner [-] Starting a worker. concurrency: 1 args: {"network_create_args": {}, "port_create_args": {}, "ports_per_network": 5} times: 40 method_name: run timeout: 0 duration: None cls:
2019-10-18 16:11:37.382 4602 RALLYDEBUG rally.task.runner [-] Starting a worker. concurrency: 1 args: {"network_create_args": {}, "port_create_args": {}, "ports_per_network": 5} times: 40 method_name: run timeout: 0 duration: None cls:
2019-10-18 16:11:37.385 4603 RALLYDEBUG rally.task.runner [-] Starting a worker. concurrency: 1 args: {"network_create_args": {}, "port_create_args": {}, "ports_per_network": 5} times: 40 method_name: run timeout: 0 duration: None cls:
2019-10-18 16:11:37.386 4604 RALLYDEBUG rally.task.runner [-] Starting a worker. concurrency: 1 args: {"network_create_args": {}, "port_create_args": {}, "ports_per_network": 5} times: 40 method_name: run timeout: 0 duration: None cls:
2019-10-18 16:11:37.387 4601 INFO rally.task.runner [-] Task 77fb4597-f4cf-4e88-94c3-616387f0b9cb | ITER: 1 START
2019-10-18 16:11:37.388 4601 WARNING rally_openstack.scenarios.neutron.utils [-] Running this scenario without either the 'network' or 'existing_network' context is deprecated
2019-10-18 16:11:37.389 4602 INFO rally.task.runner [-] Task 77fb4597-f4cf-4e88-94c3-616387f0b9cb | ITER: 2 START
2019-10-18 16:11:37.388 4605 RALLYDEBUG rally.task.runner [-] Starting a worker. concurrency: 1 args: {"network_create_args": {}, "port_create_args": {}, "ports_per_network": 5} times: 40 method_name: run timeout: 0 duration: None cls:
2019-10-18 16:11:37.390 4602 WARNING rally_openstack.scenarios.neutron.utils [-] Running this scenario without either the 'network' or 'existing_network' context is deprecated
2019-10-18 16:11:37.391 4603 INFO rally.task.runner [-] Task 77fb4597-f4cf-4e88-94c3-616387f0b9cb | ITER: 3 START
2019-10-18 16:11:37.391 4606 RALLYDEBUG rally.task.runner [-] Starting a worker. concurrency: 1 args: {"network_create_args": {}, "port_create_args": {}, "ports_per_network": 5} times: 40 method_name: run timeout: 0 duration: None cls:
2019-10-18 16:11:37.392 4603 WARNING rally_openstack.scenarios.neutron.utils [-] Running this scenario without either the 'network' or 'existing_network' context is deprecated
2019-10-18 16:11:37.392 4604 INFO rally.task.runner [-] Task 77fb4597-f4cf-4e88-94c3-616387f0b9cb | ITER: 4 START
2019-10-18 16:11:37.393 4608 RALLYDEBUG rally.task.runner [-] Starting a worker. concurrency: 1 args: {"network_create_args": {}, "port_create_args": {}, "ports_per_network": 5} times: 40 method_name: run timeout: 0 duration: None cls:
2019-10-18 16:11:37.393 4604 WARNING rally_openstack.scenarios.neutron.utils [-] Running this scenario without either the 'network' or 'existing_network' context is deprecated
2019-10-18 16:11:37.394 4605 INFO rally.task.runner [-] Task 77fb4597-f4cf-4e88-94c3-616387f0b9cb | ITER: 5 START
2019-10-18 16:11:37.395 4605 WARNING rally_openstack.scenarios.neutron.utils [-] Running this scenario without either the 'network' or 'existing_network' context is deprecated
2019-10-18 16:11:37.395 4612 RALLYDEBUG rally.task.runner [-] Starting a worker. concurrency: 1 args: {"network_create_args": {}, "port_create_args": {}, "ports_per_network": 5} times: 40 method_name: run timeout: 0 duration: None cls:
2019-10-18 16:11:37.397 4606 INFO rally.task.runner [-] Task 77fb4597-f4cf-4e88-94c3-616387f0b9cb | ITER: 6 START
2019-10-18 16:11:37.397 4615 RALLYDEBUG rally.task.runner [-] Starting a worker. concurrency: 1 args: {"network_create_args": {}, "port_create_args": {}, "ports_per_network": 5} times: 40 method_name: run timeout: 0 duration: None cls:
2019-10-18 16:11:37.399 4608 INFO rally.task.runner [-] Task 77fb4597-f4cf-4e88-94c3-616387f0b9cb | ITER: 7 START
2019-10-18 16:11:37.398 4606 WARNING rally_openstack.scenarios.neutron.utils [-] Running this scenario without either the 'network' or 'existing_network' context is deprecated
2019-10-18 16:11:37.400 4608 WARNING rally_openstack.scenarios.neutron.utils [-] Running this scenario without either the 'network' or 'existing_network' context is deprecated
2019-10-18 16:11:37.399 4618 RALLYDEBUG rally.task.runner [-] Starting a worker. concurrency: 1 args: {"network_create_args": {}, "port_create_args": {}, "ports_per_network": 5} times: 40 method_name: run timeout: 0 duration: None cls:
2019-10-18 16:11:37.400 4612 INFO rally.task.runner [-] Task 77fb4597-f4cf-4e88-94c3-616387f0b9cb | ITER: 8 START
2019-10-18 16:11:37.401 4612 WARNING rally_openstack.scenarios.neutron.utils [-] Running this scenario without either the 'network' or 'existing_network' context is deprecated
2019-10-18 16:11:37.403 4615 INFO rally.task.runner [-] Task 77fb4597-f4cf-4e88-94c3-616387f0b9cb | ITER: 9 START
2019-10-18 16:11:37.402 4621 RALLYDEBUG rally.task.runner [-] Starting a worker. concurrency: 1 args: {"network_create_args": {}, "port_create_args": {}, "ports_per_network": 5} times: 40 method_name: run timeout: 0 duration: None cls:
2019-10-18 16:11:37.404 4615 WARNING rally_openstack.scenarios.neutron.utils [-] Running this scenario without either the 'network' or 'existing_network' context is deprecated
2019-10-18 16:11:37.404 4624 RALLYDEBUG rally.task.runner [-] Starting a worker. concurrency: 1 args: {"network_create_args": {}, "port_create_args": {}, "ports_per_network": 5} times: 40 method_name: run timeout: 0 duration: None cls:
2019-10-18 16:11:37.405 4618 INFO rally.task.runner [-] Task 77fb4597-f4cf-4e88-94c3-616387f0b9cb | ITER: 10 START
2019-10-18 16:11:37.406 4618 WARNING rally_openstack.scenarios.neutron.utils [-] Running this scenario without either the 'network' or 'existing_network' context is deprecated
2019-10-18 16:11:37.407 4628 RALLYDEBUG rally.task.runner [-] Starting a worker. concurrency: 1 args: {"network_create_args": {}, "port_create_args": {}, "ports_per_network": 5} times: 40 method_name: run timeout: 0 duration: None cls:
2019-10-18 16:11:37.408 4621 INFO rally.task.runner [-] Task 77fb4597-f4cf-4e88-94c3-616387f0b9cb | ITER: 11 START
2019-10-18 16:11:37.408 4631 RALLYDEBUG rally.task.runner [-] Starting a worker. concurrency: 1 args: {"network_create_args": {}, "port_create_args": {}, "ports_per_network": 5} times: 40 method_name: run timeout: 0 duration: None cls:
2019-10-18 16:11:37.409 4621 WARNING rally_openstack.scenarios.neutron.utils [-] Running this scenario without either the 'network' or 'existing_network' context is deprecated
2019-10-18 16:11:37.410 4624 INFO rally.task.runner [-] Task 77fb4597-f4cf-4e88-94c3-616387f0b9cb | ITER: 12 START
2019-10-18 16:11:37.411 4624 WARNING rally_openstack.scenarios.neutron.utils [-] Running this scenario without either the 'network' or 'existing_network' context is deprecated
2019-10-18 16:11:37.411 4634 RALLYDEBUG rally.task.runner [-] Starting a worker. concurrency: 1 args: {"network_create_args": {}, "port_create_args": {}, "ports_per_network": 5} times: 40 method_name: run timeout: 0 duration: None cls:
2019-10-18 16:11:37.413 4628 INFO rally.task.runner [-] Task 77fb4597-f4cf-4e88-94c3-616387f0b9cb | ITER: 13 START
2019-10-18 16:11:37.413 4636 RALLYDEBUG rally.task.runner [-] Starting a worker. concurrency: 1 args: {"network_create_args": {}, "port_create_args": {}, "ports_per_network": 5} times: 40 method_name: run timeout: 0 duration: None cls:
2019-10-18 16:11:37.414 4631 INFO rally.task.runner [-] Task 77fb4597-f4cf-4e88-94c3-616387f0b9cb | ITER: 14 START
2019-10-18 16:11:37.414 4628 WARNING rally_openstack.scenarios.neutron.utils [-] Running this scenario without either the 'network' or 'existing_network' context is deprecated
2019-10-18 16:11:37.415 4631 WARNING rally_openstack.scenarios.neutron.utils [-] Running this scenario without either the 'network' or 'existing_network' context is deprecated
2019-10-18 16:11:37.415 4640 RALLYDEBUG rally.task.runner [-] Starting a worker. concurrency: 1 args: {"network_create_args": {}, "port_create_args": {}, "ports_per_network": 5} times: 40 method_name: run timeout: 0 duration: None cls:
2019-10-18 16:11:37.418 4634 INFO rally.task.runner [-] Task 77fb4597-f4cf-4e88-94c3-616387f0b9cb | ITER: 15 START
2019-10-18 16:11:37.417 4642 RALLYDEBUG rally.task.runner [-] Starting a worker. concurrency: 1 args: {"network_create_args": {}, "port_create_args": {}, "ports_per_network": 5} times: 40 method_name: run timeout: 0 duration: None cls:
2019-10-18 16:11:37.418 4636 INFO rally.task.runner [-] Task 77fb4597-f4cf-4e88-94c3-616387f0b9cb | ITER: 16 START
2019-10-18 16:11:37.419 4634 WARNING rally_openstack.scenarios.neutron.utils [-] Running this scenario without either the 'network' or 'existing_network' context is deprecated
2019-10-18 16:11:37.419 4636 WARNING rally_openstack.scenarios.neutron.utils [-] Running this scenario without either the 'network' or 'existing_network' context is deprecated
2019-10-18 16:11:37.419 4647 RALLYDEBUG rally.task.runner [-] Starting a worker. concurrency: 1 args: {"network_create_args": {}, "port_create_args": {}, "ports_per_network": 5} times: 40 method_name: run timeout: 0 duration: None cls:
2019-10-18 16:11:37.420 4640 INFO rally.task.runner [-] Task 77fb4597-f4cf-4e88-94c3-616387f0b9cb | ITER: 17 START
2019-10-18 16:11:37.421 4640 WARNING rally_openstack.scenarios.neutron.utils [-] Running this scenario without either the 'network' or 'existing_network' context is deprecated
2019-10-18 16:11:37.422 4648 RALLYDEBUG rally.task.runner [-] Starting a worker. concurrency: 1 args: {"network_create_args": {}, "port_create_args": {}, "ports_per_network": 5} times: 40 method_name: run timeout: 0 duration: None cls:
2019-10-18 16:11:37.423 4642 INFO rally.task.runner [-] Task 77fb4597-f4cf-4e88-94c3-616387f0b9cb | ITER: 18 START
2019-10-18 16:11:37.424 4647 INFO rally.task.runner [-] Task 77fb4597-f4cf-4e88-94c3-616387f0b9cb | ITER: 19 START
2019-10-18 16:11:37.424 4642 WARNING rally_openstack.scenarios.neutron.utils [-] Running this scenario without either the 'network' or 'existing_network' context is deprecated
2019-10-18 16:11:37.425 4647 WARNING rally_openstack.scenarios.neutron.utils [-] Running this scenario without either the 'network' or 'existing_network' context is deprecated
2019-10-18 16:11:37.427 4648 INFO rally.task.runner [-] Task 77fb4597-f4cf-4e88-94c3-616387f0b9cb | ITER: 20 START
2019-10-18 16:11:37.428 4648 WARNING rally_openstack.scenarios.neutron.utils [-] Running this scenario without either the 'network' or 'existing_network' context is deprecated
2019-10-18 16:12:27.571 4648 INFO rally.task.runner [-] Task 77fb4597-f4cf-4e88-94c3-616387f0b9cb | ITER: 20 END: OK
2019-10-18 16:12:27.581 4648 INFO rally.task.runner [-] Task 77fb4597-f4cf-4e88-94c3-616387f0b9cb | ITER: 21 START
2019-10-18 16:12:27.582 4648 WARNING rally_openstack.scenarios.neutron.utils [-] Running this scenario without either the 'network' or 'existing_network' context is deprecated
2019-10-18 16:12:27.624 4615 INFO rally.task.runner [-] Task 77fb4597-f4cf-4e88-94c3-616387f0b9cb | ITER: 9 END: OK
2019-10-18 16:12:27.632 4615 INFO rally.task.runner [-] Task 77fb4597-f4cf-4e88-94c3-616387f0b9cb | ITER: 22 START
2019-10-18 16:12:27.633 4615 WARNING rally_openstack.scenarios.neutron.utils [-] Running this scenario without either the 'network' or 'existing_network' context is deprecated
2019-10-18 16:12:34.826 4603 INFO rally.task.runner [-] Task 77fb4597-f4cf-4e88-94c3-616387f0b9cb | ITER: 3 END: OK
2019-10-18 16:12:34.832 4603 INFO rally.task.runner [-] Task 77fb4597-f4cf-4e88-94c3-616387f0b9cb | ITER: 23 START
2019-10-18 16:12:34.833 4603 WARNING rally_openstack.scenarios.neutron.utils [-] Running this scenario without either the 'network' or 'existing_network' context is deprecated
2019-10-18 16:12:35.973 4608 INFO rally.task.runner [-] Task 77fb4597-f4cf-4e88-94c3-616387f0b9cb | ITER: 7 END: OK
2019-10-18 16:12:35.979 4608 INFO rally.task.runner [-] Task 77fb4597-f4cf-4e88-94c3-616387f0b9cb | ITER: 24 START
2019-10-18 16:12:35.980 4608 WARNING rally_openstack.scenarios.neutron.utils [-] Running this scenario without either the 'network' or 'existing_network' context is deprecated
2019-10-18 16:12:36.066 4621 INFO rally.task.runner [-] Task 77fb4597-f4cf-4e88-94c3-616387f0b9cb | ITER: 11 END: OK
2019-10-18 16:12:36.074 4621 INFO rally.task.runner [-] Task 77fb4597-f4cf-4e88-94c3-616387f0b9cb | ITER: 25 START
2019-10-18 16:12:36.075 4621 WARNING rally_openstack.scenarios.neutron.utils [-] Running this scenario without either the 'network' or 'existing_network' context is deprecated
2019-10-18 16:12:36.125 4606 INFO rally.task.runner [-] Task 77fb4597-f4cf-4e88-94c3-616387f0b9cb | ITER: 6 END: OK
2019-10-18 16:12:36.132 4606 INFO rally.task.runner [-] Task 77fb4597-f4cf-4e88-94c3-616387f0b9cb | ITER: 26 START
2019-10-18 16:12:36.133 4606 WARNING rally_openstack.scenarios.neutron.utils [-] Running this scenario without either the 'network' or 'existing_network' context is deprecated
2019-10-18 16:12:36.994 4624 INFO rally.task.runner [-] Task 77fb4597-f4cf-4e88-94c3-616387f0b9cb | ITER: 12 END: OK
2019-10-18 16:12:37.002 4624 INFO rally.task.runner [-] Task 77fb4597-f4cf-4e88-94c3-616387f0b9cb | ITER: 27 START
2019-10-18 16:12:37.003 4624 WARNING rally_openstack.scenarios.neutron.utils [-] Running this scenario without either the 'network' or 'existing_network' context is deprecated
2019-10-18 16:12:37.058 4618 INFO rally.task.runner [-] Task 77fb4597-f4cf-4e88-94c3-616387f0b9cb | ITER: 10 END: OK
2019-10-18 16:12:37.065 4618 INFO rally.task.runner [-] Task 77fb4597-f4cf-4e88-94c3-616387f0b9cb | ITER: 28 START
2019-10-18 16:12:37.067 4618 WARNING rally_openstack.scenarios.neutron.utils [-] Running this scenario without either the 'network' or 'existing_network' context is deprecated
2019-10-18 16:12:40.210 4602 INFO rally.task.runner [-] Task 77fb4597-f4cf-4e88-94c3-616387f0b9cb | ITER: 2 END: OK
2019-10-18 16:12:40.220 4602 INFO rally.task.runner [-] Task 77fb4597-f4cf-4e88-94c3-616387f0b9cb | ITER: 29 START
2019-10-18 16:12:40.221 4602 WARNING rally_openstack.scenarios.neutron.utils [-] Running this scenario without either the 'network' or 'existing_network' context is deprecated
2019-10-18 16:12:40.275 4634 INFO rally.task.runner [-] Task 77fb4597-f4cf-4e88-94c3-616387f0b9cb | ITER: 15 END: OK
2019-10-18 16:12:40.285 4634 INFO rally.task.runner [-] Task 77fb4597-f4cf-4e88-94c3-616387f0b9cb | ITER: 30 START
2019-10-18 16:12:40.285 4634 WARNING rally_openstack.scenarios.neutron.utils [-] Running this scenario without either the 'network' or 'existing_network' context is deprecated
2019-10-18 16:12:40.432 4605 INFO rally.task.runner [-] Task 77fb4597-f4cf-4e88-94c3-616387f0b9cb | ITER: 5 END: OK
2019-10-18 16:12:40.439 4605 INFO rally.task.runner [-] Task 77fb4597-f4cf-4e88-94c3-616387f0b9cb | ITER: 31 START
2019-10-18 16:12:40.440 4605 WARNING rally_openstack.scenarios.neutron.utils [-] Running this scenario without either the 'network' or 'existing_network' context is deprecated
2019-10-18 16:12:40.969 4647 INFO rally.task.runner [-] Task 77fb4597-f4cf-4e88-94c3-616387f0b9cb | ITER: 19 END: OK
2019-10-18 16:12:40.975 4647 INFO rally.task.runner [-] Task 77fb4597-f4cf-4e88-94c3-616387f0b9cb | ITER: 32 START
2019-10-18 16:12:40.976 4647 WARNING rally_openstack.scenarios.neutron.utils [-] Running this scenario without either the 'network' or 'existing_network' context is deprecated
2019-10-18 16:12:41.236 4640 INFO rally.task.runner [-] Task 77fb4597-f4cf-4e88-94c3-616387f0b9cb | ITER: 17 END: OK
2019-10-18 16:12:41.243 4640 INFO rally.task.runner [-] Task 77fb4597-f4cf-4e88-94c3-616387f0b9cb | ITER: 33 START
2019-10-18 16:12:41.244 4640 WARNING rally_openstack.scenarios.neutron.utils [-] Running this scenario without either the 'network' or 'existing_network' context is deprecated
2019-10-18 16:12:41.261 4601 INFO rally.task.runner [-] Task 77fb4597-f4cf-4e88-94c3-616387f0b9cb | ITER: 1 END: OK
2019-10-18 16:12:41.268 4601 INFO rally.task.runner [-] Task 77fb4597-f4cf-4e88-94c3-616387f0b9cb | ITER: 34 START
2019-10-18 16:12:41.269 4601 WARNING rally_openstack.scenarios.neutron.utils [-] Running this scenario without either the 'network' or 'existing_network' context is deprecated
2019-10-18 16:12:41.279 4642 INFO rally.task.runner [-] Task 77fb4597-f4cf-4e88-94c3-616387f0b9cb | ITER: 18 END: OK
2019-10-18 16:12:41.286 4642 INFO rally.task.runner [-] Task 77fb4597-f4cf-4e88-94c3-616387f0b9cb | ITER: 35 START
2019-10-18 16:12:41.287 4642 WARNING rally_openstack.scenarios.neutron.utils [-] Running this scenario without either the 'network' or 'existing_network' context is deprecated
2019-10-18 16:12:41.663 4631 INFO rally.task.runner [-] Task 77fb4597-f4cf-4e88-94c3-616387f0b9cb | ITER: 14 END: OK
2019-10-18 16:12:41.671 4631 INFO rally.task.runner [-] Task 77fb4597-f4cf-4e88-94c3-616387f0b9cb | ITER: 36 START
2019-10-18 16:12:41.672 4631 WARNING rally_openstack.scenarios.neutron.utils [-] Running this scenario without either the 'network' or 'existing_network' context is deprecated
2019-10-18 16:12:41.739 4636 INFO rally.task.runner [-] Task 77fb4597-f4cf-4e88-94c3-616387f0b9cb | ITER: 16 END: OK
2019-10-18 16:12:41.748 4636 INFO rally.task.runner [-] Task 77fb4597-f4cf-4e88-94c3-616387f0b9cb | ITER: 37 START
2019-10-18 16:12:41.749 4636 WARNING rally_openstack.scenarios.neutron.utils [-] Running this scenario without either the 'network' or 'existing_network' context is deprecated
2019-10-18 16:12:42.648 4628 INFO rally.task.runner [-] Task 77fb4597-f4cf-4e88-94c3-616387f0b9cb | ITER: 13 END: OK
2019-10-18 16:12:42.655 4628 INFO rally.task.runner [-] Task 77fb4597-f4cf-4e88-94c3-616387f0b9cb | ITER: 38 START
2019-10-18 16:12:42.656 4628 WARNING rally_openstack.scenarios.neutron.utils [-] Running this scenario without either the 'network' or 'existing_network' context is deprecated
2019-10-18 16:12:42.739 4604 INFO rally.task.runner [-] Task 77fb4597-f4cf-4e88-94c3-616387f0b9cb | ITER: 4 END: OK
2019-10-18 16:12:42.746 4604 INFO rally.task.runner [-] Task 77fb4597-f4cf-4e88-94c3-616387f0b9cb | ITER: 39 START
2019-10-18 16:12:42.747 4604 WARNING rally_openstack.scenarios.neutron.utils [-] Running this scenario without either the 'network' or 'existing_network' context is deprecated
2019-10-18 16:12:42.923 4612 INFO rally.task.runner [-] Task 77fb4597-f4cf-4e88-94c3-616387f0b9cb | ITER: 8 END: OK
2019-10-18 16:12:42.930 4612 INFO rally.task.runner [-] Task 77fb4597-f4cf-4e88-94c3-616387f0b9cb | ITER: 40 START
2019-10-18 16:12:42.930 4612 WARNING rally_openstack.scenarios.neutron.utils [-] Running this scenario without either the 'network' or 'existing_network' context is deprecated
2019-10-18 16:13:31.679 4601 INFO rally.task.runner [-] Task 77fb4597-f4cf-4e88-94c3-616387f0b9cb | ITER: 34 END: OK
2019-10-18 16:13:33.479 4615 INFO rally.task.runner [-] Task 77fb4597-f4cf-4e88-94c3-616387f0b9cb | ITER: 22 END: OK
2019-10-18 16:13:33.691 4648 INFO rally.task.runner [-] Task 77fb4597-f4cf-4e88-94c3-616387f0b9cb | ITER: 21 END: OK
2019-10-18 16:13:38.951 4642 INFO rally.task.runner [-] Task 77fb4597-f4cf-4e88-94c3-616387f0b9cb | ITER: 35 END: OK
2019-10-18 16:13:39.930 4640 INFO rally.task.runner [-] Task 77fb4597-f4cf-4e88-94c3-616387f0b9cb | ITER: 33 END: OK
2019-10-18 16:13:42.046 4608 INFO rally.task.runner [-] Task 77fb4597-f4cf-4e88-94c3-616387f0b9cb | ITER: 24 END: OK
2019-10-18 16:13:42.696 4603 INFO rally.task.runner [-] Task 77fb4597-f4cf-4e88-94c3-616387f0b9cb | ITER: 23 END: OK
2019-10-18 16:13:42.918 4621 INFO rally.task.runner [-] Task 77fb4597-f4cf-4e88-94c3-616387f0b9cb | ITER: 25 END: OK
2019-10-18 16:13:44.197 4606 INFO rally.task.runner [-] Task 77fb4597-f4cf-4e88-94c3-616387f0b9cb | ITER: 26 END: OK
2019-10-18 16:13:44.865 4624 INFO rally.task.runner [-] Task 77fb4597-f4cf-4e88-94c3-616387f0b9cb | ITER: 27 END: OK
2019-10-18 16:13:45.385 4605 INFO rally.task.runner [-] Task 77fb4597-f4cf-4e88-94c3-616387f0b9cb | ITER: 31 END: OK
2019-10-18 16:13:45.387 4647 INFO rally.task.runner [-] Task 77fb4597-f4cf-4e88-94c3-616387f0b9cb | ITER: 32 END: OK
