2019-10-18 16:13:45.397 4618 INFO rally.task.runner [-] Task 77fb4597-f4cf-4e88-94c3-616387f0b9cb | ITER: 28 END: OK
2019-10-18 16:13:46.225 4602 INFO rally.task.runner [-] Task 77fb4597-f4cf-4e88-94c3-616387f0b9cb | ITER: 29 END: OK
2019-10-18 16:13:46.242 4634 INFO rally.task.runner [-] Task 77fb4597-f4cf-4e88-94c3-616387f0b9cb | ITER: 30 END: OK
2019-10-18 16:13:47.162 4631 INFO rally.task.runner [-] Task 77fb4597-f4cf-4e88-94c3-616387f0b9cb | ITER: 36 END: OK
2019-10-18 16:13:47.179 4604 INFO rally.task.runner [-] Task 77fb4597-f4cf-4e88-94c3-616387f0b9cb | ITER: 39 END: OK
2019-10-18 16:13:47.778 4636 INFO rally.task.runner [-] Task 77fb4597-f4cf-4e88-94c3-616387f0b9cb | ITER: 37 END: OK
2019-10-18 16:13:47.952 4628 INFO rally.task.runner [-] Task 77fb4597-f4cf-4e88-94c3-616387f0b9cb | ITER: 38 END: OK
2019-10-18 16:13:48.020 4612 INFO rally.task.runner [-] Task 77fb4597-f4cf-4e88-94c3-616387f0b9cb | ITER: 40 END: OK
2019-10-18 16:13:48.045 15 INFO rally.task.context [-] Task 77fb4597-f4cf-4e88-94c3-616387f0b9cb | Context cleanup@openstack cleanup() started
2019-10-18 16:13:48.048 15 RALLYDEBUG rally_openstack.cleanup.manager [-] Cleaning up neutron vip objects
2019-10-18 16:13:48.270 15 RALLYDEBUG rally_openstack.cleanup.manager [-] Cleaning up neutron health_monitor objects
2019-10-18 16:13:48.478 15 RALLYDEBUG rally_openstack.cleanup.manager [-] Cleaning up neutron pool objects
2019-10-18 16:13:48.693 15 RALLYDEBUG rally_openstack.cleanup.manager [-] Cleaning up neutron loadbalancer objects
2019-10-18 16:13:48.912 15 RALLYDEBUG rally_openstack.cleanup.manager [-] Cleaning up neutron floatingip objects
2019-10-18 16:13:49.135 15 RALLYDEBUG rally_openstack.cleanup.manager [-] Cleaning up neutron trunk objects
2019-10-18 16:13:49.348 15 DEBUG neutronclient.v2_0.client [-] Error message: {"message": "The resource could not be found.

\n\n\n", "code": "404 Not Found", "title": "Not Found"} _handle_fault_response /usr/lib/python2.7/site-packages/neutronclient/v2_0/client.py:259
2019-10-18 16:13:49.358 15 RALLYDEBUG rally_openstack.cleanup.manager [-] Cleaning up neutron port objects
2019-10-18 16:13:49.797 15 RALLYDEBUG rally_openstack.cleanup.manager [-] Cleaning up neutron subnet objects
2019-10-18 16:13:50.063 15 RALLYDEBUG rally_openstack.cleanup.manager [-] Cleaning up neutron network objects
2019-10-18 16:13:50.548 15 RALLYDEBUG rally_openstack.cleanup.manager [-] Deleting neutron.network object s_rally_d0cee4a9_hQTbdBVH (23eb900f-f1ef-44f3-9516-4def1a5ec7aa)
2019-10-18 16:13:50.549 15 RALLYDEBUG rally_openstack.cleanup.manager [-] Deleting neutron.network object s_rally_d0cee4a9_YawSAfB5 (3ba062d2-0212-4a67-bdf4-13f3c6c40e10)
2019-10-18 16:13:50.561 15 RALLYDEBUG rally_openstack.cleanup.manager [-] Deleting neutron.network object s_rally_d0cee4a9_MsiTMMAs (213cf231-5e9d-43ad-ade7-11336dea1a04)
2019-10-18 16:13:50.566 15 RALLYDEBUG rally_openstack.cleanup.manager [-] Deleting neutron.network object s_rally_d0cee4a9_PTAdyrgP (18aa50e2-adb4-4e26-9c29-fe65a4f1c133)
2019-10-18 16:13:50.568 15 RALLYDEBUG rally_openstack.cleanup.manager [-] Deleting neutron.network object s_rally_d0cee4a9_ZrrCun0A (39192a55-b26e-4263-805a-d56574906d95)
2019-10-18 16:13:50.575 15 RALLYDEBUG rally_openstack.cleanup.manager [-] Deleting neutron.network object s_rally_d0cee4a9_ngXfaYxd (40bbafce-ed96-4f08-9764-2a17bae814eb)
2019-10-18 16:13:50.583 15 RALLYDEBUG rally_openstack.cleanup.manager [-] Deleting neutron.network object s_rally_d0cee4a9_iDJmnbLo (09afe7fd-a36a-4068-af2d-fa2557b1eeeb)
2019-10-18 16:13:50.590 15 RALLYDEBUG rally_openstack.cleanup.manager [-] Deleting neutron.network object s_rally_d0cee4a9_KttVwrcp (5a38386b-f7d8-458c-b1a8-c4cc1c586837)
2019-10-18 16:13:50.595 15 RALLYDEBUG rally_openstack.cleanup.manager [-] Deleting neutron.network object s_rally_d0cee4a9_ocq2u0WQ (513c7187-529e-451f-aac9-8f21279cc4dd)
2019-10-18 16:13:50.600 15 RALLYDEBUG rally_openstack.cleanup.manager [-] Deleting neutron.network object s_rally_d0cee4a9_KhpM6QOO (4e4f6afc-93b7-4b1e-a1cd-5f52dd9f4ba8)
2019-10-18 16:13:50.597 15 RALLYDEBUG rally_openstack.cleanup.manager [-] Deleting neutron.network object s_rally_d0cee4a9_vM0tmRXK (3ac08a39-208e-4d97-9f0e-3fc8018ef9d0)
2019-10-18 16:13:50.625 15 RALLYDEBUG rally_openstack.cleanup.manager [-] Deleting neutron.network object s_rally_d0cee4a9_tOe26Isr (653deb72-93b7-4e76-aba9-2103cc2ff9c7)
2019-10-18 16:13:50.629 15 RALLYDEBUG rally_openstack.cleanup.manager [-] Deleting neutron.network object s_rally_d0cee4a9_o352h2dn (6de2d407-477d-4e30-998c-d156e35e6428)
2019-10-18 16:13:50.646 15 RALLYDEBUG rally_openstack.cleanup.manager [-] Deleting neutron.network object s_rally_d0cee4a9_cj1KyJbB (749a7074-11bd-4960-bf5c-54cda403e512)
2019-10-18 16:13:50.666 15 RALLYDEBUG rally_openstack.cleanup.manager [-] Deleting neutron.network object s_rally_d0cee4a9_joQ98pMC (7d2b0178-8d66-470f-987e-b81f4d3dba73)
2019-10-18 16:13:50.677 15 RALLYDEBUG rally_openstack.cleanup.manager [-] Deleting neutron.network object s_rally_d0cee4a9_DTHQFx2D (7ad347a1-100f-4a5c-9add-ab421ab579fe)
2019-10-18 16:13:50.694 15 RALLYDEBUG rally_openstack.cleanup.manager [-] Deleting neutron.network object s_rally_d0cee4a9_jdrgzmPn (782f285f-7057-4597-b4f8-cd83fbb9b876)
2019-10-18 16:13:50.710 15 RALLYDEBUG rally_openstack.cleanup.manager [-] Deleting neutron.network object s_rally_d0cee4a9_ZN61GUem (84ce4563-c8a4-4ff5-93fb-e48813983100)
2019-10-18 16:13:50.725 15 RALLYDEBUG rally_openstack.cleanup.manager [-] Deleting neutron.network object s_rally_d0cee4a9_YH364WVI (863c8340-53e3-40d7-935e-ca26f07da6e5)
2019-10-18 16:13:50.810 15 RALLYDEBUG rally_openstack.cleanup.manager [-] Deleting neutron.network object s_rally_d0cee4a9_8aZjr3FJ (81032055-1784-47c1-9e39-5c2d1cc3cf14)
2019-10-18 16:13:54.934 15 RALLYDEBUG rally_openstack.cleanup.manager [-] Deleting neutron.network object s_rally_d0cee4a9_WQpUTQ4S (86554cec-8ca7-4d01-90e4-db4d1659d285)
2019-10-18 16:13:55.954 15 RALLYDEBUG rally_openstack.cleanup.manager [-] Deleting neutron.network object s_rally_d0cee4a9_HKpkLPog (8c098ba6-383c-45c6-8093-c1392c454487)
2019-10-18 16:13:56.810 15 RALLYDEBUG rally_openstack.cleanup.manager [-] Deleting neutron.network object s_rally_d0cee4a9_kGAM2p4s (8d1f6dfa-92fe-48c0-aa5e-2e831370659b)
2019-10-18 16:13:57.231 15 RALLYDEBUG rally_openstack.cleanup.manager [-] Deleting neutron.network object s_rally_d0cee4a9_rXfGuWaO (9710828e-570c-4e1a-9acb-c2eb602e2b5a)
2019-10-18 16:13:57.488 15 RALLYDEBUG rally_openstack.cleanup.manager [-] Deleting neutron.network object s_rally_d0cee4a9_kvjvTAcE (98fe3637-fea3-4245-816c-e1713df7acbd)
2019-10-18 16:13:57.493 15 RALLYDEBUG rally_openstack.cleanup.manager [-] Deleting neutron.network object s_rally_d0cee4a9_Q44ezsRX (9b0e7575-46f6-4f7f-92b1-1b13fdd94caa)
2019-10-18 16:13:57.504 15 RALLYDEBUG rally_openstack.cleanup.manager [-] Deleting neutron.network object s_rally_d0cee4a9_asTUoIKy (9e67d522-ac3b-48f1-8d8d-11ab9a7b3346)
2019-10-18 16:13:57.513 15 RALLYDEBUG rally_openstack.cleanup.manager [-] Deleting neutron.network object s_rally_d0cee4a9_lZJ7u4ho (a2bdd957-736a-4531-b51f-78c4f7f7514f)
2019-10-18 16:13:57.597 15 RALLYDEBUG rally_openstack.cleanup.manager [-] Deleting neutron.network object s_rally_d0cee4a9_NSxa1f1t (af839c91-5b3f-4ab2-a498-29e3a1817667)
2019-10-18 16:13:58.514 15 RALLYDEBUG rally_openstack.cleanup.manager [-] Deleting neutron.network object s_rally_d0cee4a9_j4RDMlRg (b08eda74-bb5a-4917-b4b4-2f3b2c22ab35)
2019-10-18 16:13:59.111 15 RALLYDEBUG rally_openstack.cleanup.manager [-] Deleting neutron.network object s_rally_d0cee4a9_OYBoPNKW (b268a2d7-1a72-4547-b39c-6d77b0b501bc)
2019-10-18 16:13:59.395 15 RALLYDEBUG rally_openstack.cleanup.manager [-] Deleting neutron.network object s_rally_d0cee4a9_FrmTj8hT (b82d3d92-298f-4a5e-bc35-7e1f9daba9f0)
2019-10-18 16:13:59.423 15 RALLYDEBUG rally_openstack.cleanup.manager [-] Deleting neutron.network object s_rally_d0cee4a9_8J6IdLFf (b921e0ce-9c92-4aa5-9d17-99a548b576e6)
2019-10-18 16:13:59.461 15 RALLYDEBUG rally_openstack.cleanup.manager [-] Deleting neutron.network object s_rally_d0cee4a9_u6EiNW2F (c2e85648-7aa1-462c-a877-0d8d95528d75)
2019-10-18 16:13:59.461 15 RALLYDEBUG rally_openstack.cleanup.manager [-] Deleting neutron.network object s_rally_d0cee4a9_QCLF2keK (c7cf01f0-a7af-4e94-a603-96027abe05ea)
2019-10-18 16:13:59.599 15 RALLYDEBUG rally_openstack.cleanup.manager [-] Deleting neutron.network object s_rally_d0cee4a9_g6KTnDCR (d1adbf28-4181-4217-93a1-6a7369af60ca)
2019-10-18 16:13:59.639 15 RALLYDEBUG rally_openstack.cleanup.manager [-] Deleting neutron.network object s_rally_d0cee4a9_pmUeq5Om (dc973f28-b795-4907-b36f-c53a91f2bbb8)
2019-10-18 16:13:59.665 15 RALLYDEBUG rally_openstack.cleanup.manager [-] Deleting neutron.network object s_rally_d0cee4a9_cMX2Fkey (e5a3f45c-0aa1-4b00-be25-e650d3539a19)
2019-10-18 16:13:59.937 15 RALLYDEBUG rally_openstack.cleanup.manager [-] Deleting neutron.network object s_rally_d0cee4a9_XP0BBKCK (ee390339-b710-45bf-b12c-54c0a699166c)
2019-10-18 16:13:59.970 15 RALLYDEBUG rally_openstack.cleanup.manager [-] Deleting neutron.network object s_rally_d0cee4a9_e7R5P9AQ (f6644c88-7afc-4b35-9687-b2daa6e9b5d3)
2019-10-18 16:14:05.140 15 RALLYDEBUG rally_openstack.cleanup.manager [-] Cleaning up neutron router objects
2019-10-18 16:14:05.421 15 RALLYDEBUG rally_openstack.cleanup.manager [-] Cleaning up neutron security_group objects
2019-10-18 16:14:05.731 15 INFO rally.task.context [-] Task 77fb4597-f4cf-4e88-94c3-616387f0b9cb | Context cleanup@openstack cleanup() finished in 17.69 sec
2019-10-18 16:14:05.731 15 INFO rally.task.context [-] Task 77fb4597-f4cf-4e88-94c3-616387f0b9cb | Context quotas@openstack cleanup() started
2019-10-18 16:14:05.777 15 INFO rally.task.context [-] Task 77fb4597-f4cf-4e88-94c3-616387f0b9cb | Context quotas@openstack cleanup() finished in 45.95 msec
2019-10-18 16:14:05.778 15 INFO rally.task.context [-] Task 77fb4597-f4cf-4e88-94c3-616387f0b9cb | Context users@openstack cleanup() started
2019-10-18 16:14:07.133 15 INFO rally.task.context [-] Task 77fb4597-f4cf-4e88-94c3-616387f0b9cb | Context users@openstack cleanup() finished in 1.36 sec
2019-10-18 16:14:08.880 15 INFO rally.task.engine [-] Load duration is: 130.631381
2019-10-18 16:14:08.880 15 INFO rally.task.engine [-] Full runner duration is: 130.677102
2019-10-18 16:14:08.881 15 INFO rally.task.engine [-] Full duration is: 150.907264
2019-10-18 16:14:08.998 15 INFO rally.task.engine [-] Running workload: position = 0 config = { "version": 2, "title": "A cropped version of a bigger task.", "description": "Auto-generated task from a single workload (uuid=1a1e4c83-5af7-4c38-abc1-758625d1cdff)", "subtasks": [ { "title": "Quotas.neutron_update", "description": "Update quotas for neutron.", "scenario": { "Quotas.neutron_update": { "max_quota": 1024 } }, "contexts": { "users": { "tenants": 20, "users_per_tenant": 1 } }, "runner": { "constant": { "times": 40, "concurrency": 20 } }, "hooks": [], "sla": { "failure_rate": { "max": 0 } } } ] }
2019-10-18 16:14:09.011 15 RALLYDEBUG rally_openstack.contexts.keystone.users [-] Creating 20 tenants using 20 threads
2019-10-18 16:14:11.640 15 RALLYDEBUG rally_openstack.contexts.keystone.users [-] Creating 20 users using 20 threads
2019-10-18 16:14:15.262 15 INFO rally.task.context [-] Task 77fb4597-f4cf-4e88-94c3-616387f0b9cb | Context users@openstack setup() finished in 6.25 sec
2019-10-18 16:14:15.262 15 INFO rally.task.context [-] Task 77fb4597-f4cf-4e88-94c3-616387f0b9cb | Context admin_cleanup@openstack setup() finished in 0.01 msec
2019-10-18 16:14:15.277 15 RALLYDEBUG rally.task.runner [-] Starting the constant runner (task UUID: 77fb4597-f4cf-4e88-94c3-616387f0b9cb). timeout: 0 concurrency: 20 concurrency_per_worker: 1 times: 40 concurrency_overhead: 0 processes_to_start: 20 max_cpu_used: 88
2019-10-18 16:14:15.291 5003 RALLYDEBUG rally.task.runner [-] Starting a worker. concurrency: 1 args: {"max_quota": 1024} times: 40 method_name: run timeout: 0 duration: None cls:
2019-10-18 16:14:15.294 5004 RALLYDEBUG rally.task.runner [-] Starting a worker. concurrency: 1 args: {"max_quota": 1024} times: 40 method_name: run timeout: 0 duration: None cls:
2019-10-18 16:14:15.294 5005 RALLYDEBUG rally.task.runner [-] Starting a worker. concurrency: 1 args: {"max_quota": 1024} times: 40 method_name: run timeout: 0 duration: None cls:
2019-10-18 16:14:15.300 5003 INFO rally.task.runner [-] Task 77fb4597-f4cf-4e88-94c3-616387f0b9cb | ITER: 1 START
2019-10-18 16:14:15.300 5006 RALLYDEBUG rally.task.runner [-] Starting a worker. concurrency: 1 args: {"max_quota": 1024} times: 40 method_name: run timeout: 0 duration: None cls:
2019-10-18 16:14:15.303 5004 INFO rally.task.runner [-] Task 77fb4597-f4cf-4e88-94c3-616387f0b9cb | ITER: 2 START
2019-10-18 16:14:15.303 5007 RALLYDEBUG rally.task.runner [-] Starting a worker. concurrency: 1 args: {"max_quota": 1024} times: 40 method_name: run timeout: 0 duration: None cls:
2019-10-18 16:14:15.304 5005 INFO rally.task.runner [-] Task 77fb4597-f4cf-4e88-94c3-616387f0b9cb | ITER: 3 START
2019-10-18 16:14:15.306 5008 RALLYDEBUG rally.task.runner [-] Starting a worker. concurrency: 1 args: {"max_quota": 1024} times: 40 method_name: run timeout: 0 duration: None cls:
2019-10-18 16:14:15.309 5011 RALLYDEBUG rally.task.runner [-] Starting a worker. concurrency: 1 args: {"max_quota": 1024} times: 40 method_name: run timeout: 0 duration: None cls:
2019-10-18 16:14:15.310 5006 INFO rally.task.runner [-] Task 77fb4597-f4cf-4e88-94c3-616387f0b9cb | ITER: 4 START
2019-10-18 16:14:15.314 5007 INFO rally.task.runner [-] Task 77fb4597-f4cf-4e88-94c3-616387f0b9cb | ITER: 5 START
2019-10-18 16:14:15.314 5016 RALLYDEBUG rally.task.runner [-] Starting a worker. concurrency: 1 args: {"max_quota": 1024} times: 40 method_name: run timeout: 0 duration: None cls:
2019-10-18 16:14:15.315 5008 INFO rally.task.runner [-] Task 77fb4597-f4cf-4e88-94c3-616387f0b9cb | ITER: 6 START
2019-10-18 16:14:15.317 5017 RALLYDEBUG rally.task.runner [-] Starting a worker. concurrency: 1 args: {"max_quota": 1024} times: 40 method_name: run timeout: 0 duration: None cls:
2019-10-18 16:14:15.319 5011 INFO rally.task.runner [-] Task 77fb4597-f4cf-4e88-94c3-616387f0b9cb | ITER: 7 START
2019-10-18 16:14:15.319 5020 RALLYDEBUG rally.task.runner [-] Starting a worker. concurrency: 1 args: {"max_quota": 1024} times: 40 method_name: run timeout: 0 duration: None cls:
2019-10-18 16:14:15.323 5016 INFO rally.task.runner [-] Task 77fb4597-f4cf-4e88-94c3-616387f0b9cb | ITER: 8 START
2019-10-18 16:14:15.326 5026 RALLYDEBUG rally.task.runner [-] Starting a worker. concurrency: 1 args: {"max_quota": 1024} times: 40 method_name: run timeout: 0 duration: None cls:
2019-10-18 16:14:15.327 5017 INFO rally.task.runner [-] Task 77fb4597-f4cf-4e88-94c3-616387f0b9cb | ITER: 9 START
2019-10-18 16:14:15.328 5028 RALLYDEBUG rally.task.runner [-] Starting a worker. concurrency: 1 args: {"max_quota": 1024} times: 40 method_name: run timeout: 0 duration: None cls:
2019-10-18 16:14:15.330 5020 INFO rally.task.runner [-] Task 77fb4597-f4cf-4e88-94c3-616387f0b9cb | ITER: 10 START
2019-10-18 16:14:15.331 5031 RALLYDEBUG rally.task.runner [-] Starting a worker. concurrency: 1 args: {"max_quota": 1024} times: 40 method_name: run timeout: 0 duration: None cls:
2019-10-18 16:14:15.335 5026 INFO rally.task.runner [-] Task 77fb4597-f4cf-4e88-94c3-616387f0b9cb | ITER: 11 START
2019-10-18 16:14:15.335 5034 RALLYDEBUG rally.task.runner [-] Starting a worker. concurrency: 1 args: {"max_quota": 1024} times: 40 method_name: run timeout: 0 duration: None cls:
2019-10-18 16:14:15.338 5028 INFO rally.task.runner [-] Task 77fb4597-f4cf-4e88-94c3-616387f0b9cb | ITER: 12 START
2019-10-18 16:14:15.339 5037 RALLYDEBUG rally.task.runner [-] Starting a worker. concurrency: 1 args: {"max_quota": 1024} times: 40 method_name: run timeout: 0 duration: None cls:
2019-10-18 16:14:15.341 5031 INFO rally.task.runner [-] Task 77fb4597-f4cf-4e88-94c3-616387f0b9cb | ITER: 13 START
2019-10-18 16:14:15.343 5040 RALLYDEBUG rally.task.runner [-] Starting a worker. concurrency: 1 args: {"max_quota": 1024} times: 40 method_name: run timeout: 0 duration: None cls:
2019-10-18 16:14:15.345 5034 INFO rally.task.runner [-] Task 77fb4597-f4cf-4e88-94c3-616387f0b9cb | ITER: 14 START
2019-10-18 16:14:15.349 5037 INFO rally.task.runner [-] Task 77fb4597-f4cf-4e88-94c3-616387f0b9cb | ITER: 15 START
2019-10-18 16:14:15.349 5045 RALLYDEBUG rally.task.runner [-] Starting a worker. concurrency: 1 args: {"max_quota": 1024} times: 40 method_name: run timeout: 0 duration: None cls:
2019-10-18 16:14:15.352 5046 RALLYDEBUG rally.task.runner [-] Starting a worker. concurrency: 1 args: {"max_quota": 1024} times: 40 method_name: run timeout: 0 duration: None cls:
2019-10-18 16:14:15.353 5040 INFO rally.task.runner [-] Task 77fb4597-f4cf-4e88-94c3-616387f0b9cb | ITER: 16 START
2019-10-18 16:14:15.354 5049 RALLYDEBUG rally.task.runner [-] Starting a worker. concurrency: 1 args: {"max_quota": 1024} times: 40 method_name: run timeout: 0 duration: None cls:
2019-10-18 16:14:15.357 5052 RALLYDEBUG rally.task.runner [-] Starting a worker. concurrency: 1 args: {"max_quota": 1024} times: 40 method_name: run timeout: 0 duration: None cls:
2019-10-18 16:14:15.359 5045 INFO rally.task.runner [-] Task 77fb4597-f4cf-4e88-94c3-616387f0b9cb | ITER: 17 START
2019-10-18 16:14:15.362 5046 INFO rally.task.runner [-] Task 77fb4597-f4cf-4e88-94c3-616387f0b9cb | ITER: 18 START
2019-10-18 16:14:15.363 5049 INFO rally.task.runner [-] Task 77fb4597-f4cf-4e88-94c3-616387f0b9cb | ITER: 19 START
2019-10-18 16:14:15.367 5052 INFO rally.task.runner [-] Task 77fb4597-f4cf-4e88-94c3-616387f0b9cb | ITER: 20 START
2019-10-18 16:14:15.885 5004 INFO rally.task.runner [-] Task 77fb4597-f4cf-4e88-94c3-616387f0b9cb | ITER: 2 END: OK
2019-10-18 16:14:15.894 5004 INFO rally.task.runner [-] Task 77fb4597-f4cf-4e88-94c3-616387f0b9cb | ITER: 21 START
2019-10-18 16:14:16.087 5003 INFO rally.task.runner [-] Task 77fb4597-f4cf-4e88-94c3-616387f0b9cb | ITER: 1 END: OK
2019-10-18 16:14:16.096 5003 INFO rally.task.runner [-] Task 77fb4597-f4cf-4e88-94c3-616387f0b9cb | ITER: 22 START
2019-10-18 16:14:16.233 5005 INFO rally.task.runner [-] Task 77fb4597-f4cf-4e88-94c3-616387f0b9cb | ITER: 3 END: OK
2019-10-18 16:14:16.243 5005 INFO rally.task.runner [-] Task 77fb4597-f4cf-4e88-94c3-616387f0b9cb | ITER: 23 START
2019-10-18 16:14:16.278 5011 INFO rally.task.runner [-] Task 77fb4597-f4cf-4e88-94c3-616387f0b9cb | ITER: 7 END: OK
2019-10-18 16:14:16.287 5011 INFO rally.task.runner [-] Task 77fb4597-f4cf-4e88-94c3-616387f0b9cb | ITER: 24 START
2019-10-18 16:14:16.301 5045 INFO rally.task.runner [-] Task 77fb4597-f4cf-4e88-94c3-616387f0b9cb | ITER: 17 END: OK
2019-10-18 16:14:16.310 5045 INFO rally.task.runner [-] Task 77fb4597-f4cf-4e88-94c3-616387f0b9cb | ITER: 25 START
2019-10-18 16:14:16.347 5006 INFO rally.task.runner [-] Task 77fb4597-f4cf-4e88-94c3-616387f0b9cb | ITER: 4 END: OK
2019-10-18 16:14:16.352 5016 INFO rally.task.runner [-] Task 77fb4597-f4cf-4e88-94c3-616387f0b9cb | ITER: 8 END: OK
2019-10-18 16:14:16.356 5006 INFO rally.task.runner [-] Task 77fb4597-f4cf-4e88-94c3-616387f0b9cb | ITER: 26 START
2019-10-18 16:14:16.360 5016 INFO rally.task.runner [-] Task 77fb4597-f4cf-4e88-94c3-616387f0b9cb | ITER: 27 START
2019-10-18 16:14:16.375 5020 INFO rally.task.runner [-] Task 77fb4597-f4cf-4e88-94c3-616387f0b9cb | ITER: 10 END: OK
2019-10-18 16:14:16.385 5020 INFO rally.task.runner [-] Task 77fb4597-f4cf-4e88-94c3-616387f0b9cb | ITER: 28 START
2019-10-18 16:14:16.468 5034 INFO rally.task.runner [-] Task 77fb4597-f4cf-4e88-94c3-616387f0b9cb | ITER: 14 END: OK
2019-10-18 16:14:16.477 5034 INFO rally.task.runner [-] Task 77fb4597-f4cf-4e88-94c3-616387f0b9cb | ITER: 29 START
2019-10-18 16:14:16.560 5017 INFO rally.task.runner [-] Task 77fb4597-f4cf-4e88-94c3-616387f0b9cb | ITER: 9 END: OK
2019-10-18 16:14:16.569 5017 INFO rally.task.runner [-] Task 77fb4597-f4cf-4e88-94c3-616387f0b9cb | ITER: 30 START
2019-10-18 16:14:16.665 5028 INFO rally.task.runner [-] Task 77fb4597-f4cf-4e88-94c3-616387f0b9cb | ITER: 12 END: OK
2019-10-18 16:14:16.675 5028 INFO rally.task.runner [-] Task 77fb4597-f4cf-4e88-94c3-616387f0b9cb | ITER: 31 START
2019-10-18 16:14:16.739 5026 INFO rally.task.runner [-] Task 77fb4597-f4cf-4e88-94c3-616387f0b9cb | ITER: 11 END: OK
2019-10-18 16:14:16.748 5026 INFO rally.task.runner [-] Task 77fb4597-f4cf-4e88-94c3-616387f0b9cb | ITER: 32 START
2019-10-18 16:14:16.750 5008 INFO rally.task.runner [-] Task 77fb4597-f4cf-4e88-94c3-616387f0b9cb | ITER: 6 END: OK
2019-10-18 16:14:16.758 5008 INFO rally.task.runner [-] Task 77fb4597-f4cf-4e88-94c3-616387f0b9cb | ITER: 33 START
2019-10-18 16:14:16.764 5040 INFO rally.task.runner [-] Task 77fb4597-f4cf-4e88-94c3-616387f0b9cb | ITER: 16 END: OK
2019-10-18 16:14:16.773 5040 INFO rally.task.runner [-] Task 77fb4597-f4cf-4e88-94c3-616387f0b9cb | ITER: 34 START
2019-10-18 16:14:16.778 5007 INFO rally.task.runner [-] Task 77fb4597-f4cf-4e88-94c3-616387f0b9cb | ITER: 5 END: OK
2019-10-18 16:14:16.787 5007 INFO rally.task.runner [-] Task 77fb4597-f4cf-4e88-94c3-616387f0b9cb | ITER: 35 START
2019-10-18 16:14:16.790 5049 INFO rally.task.runner [-] Task 77fb4597-f4cf-4e88-94c3-616387f0b9cb | ITER: 19 END: OK
2019-10-18 16:14:16.798 5049 INFO rally.task.runner [-] Task 77fb4597-f4cf-4e88-94c3-616387f0b9cb | ITER: 36 START
2019-10-18 16:14:16.869 5031 INFO rally.task.runner [-] Task 77fb4597-f4cf-4e88-94c3-616387f0b9cb | ITER: 13 END: OK
2019-10-18 16:14:16.878 5031 INFO rally.task.runner [-] Task 77fb4597-f4cf-4e88-94c3-616387f0b9cb | ITER: 37 START
2019-10-18 16:14:16.881 5052 INFO rally.task.runner [-] Task 77fb4597-f4cf-4e88-94c3-616387f0b9cb | ITER: 20 END: OK
2019-10-18 16:14:16.887 5037 INFO rally.task.runner [-] Task 77fb4597-f4cf-4e88-94c3-616387f0b9cb | ITER: 15 END: OK
2019-10-18 16:14:16.892 5052 INFO rally.task.runner [-] Task 77fb4597-f4cf-4e88-94c3-616387f0b9cb | ITER: 38 START
2019-10-18 16:14:16.897 5037 INFO rally.task.runner [-] Task 77fb4597-f4cf-4e88-94c3-616387f0b9cb | ITER: 39 START
2019-10-18 16:14:16.979 5046 INFO rally.task.runner [-] Task 77fb4597-f4cf-4e88-94c3-616387f0b9cb | ITER: 18 END: OK
2019-10-18 16:14:16.987 5046 INFO rally.task.runner [-] Task 77fb4597-f4cf-4e88-94c3-616387f0b9cb | ITER: 40 START
2019-10-18 16:14:17.185 5003 INFO rally.task.runner [-] Task 77fb4597-f4cf-4e88-94c3-616387f0b9cb | ITER: 22 END: OK
2019-10-18 16:14:17.277 5004 INFO rally.task.runner [-] Task 77fb4597-f4cf-4e88-94c3-616387f0b9cb | ITER: 21 END: OK
2019-10-18 16:14:17.328 5005 INFO rally.task.runner [-] Task 77fb4597-f4cf-4e88-94c3-616387f0b9cb | ITER: 23 END: OK
2019-10-18 16:14:17.430 5045 INFO rally.task.runner [-] Task 77fb4597-f4cf-4e88-94c3-616387f0b9cb | ITER: 25 END: OK
2019-10-18 16:14:17.531 5034 INFO rally.task.runner [-] Task 77fb4597-f4cf-4e88-94c3-616387f0b9cb | ITER: 29 END: OK
2019-10-18 16:14:17.580 5011 INFO rally.task.runner [-] Task 77fb4597-f4cf-4e88-94c3-616387f0b9cb | ITER: 24 END: OK
2019-10-18 16:14:17.657 5016 INFO rally.task.runner [-] Task 77fb4597-f4cf-4e88-94c3-616387f0b9cb | ITER: 27 END: OK
2019-10-18 16:14:17.665 5020 INFO rally.task.runner [-] Task 77fb4597-f4cf-4e88-94c3-616387f0b9cb | ITER: 28 END: OK
2019-10-18 16:14:17.743 5017 INFO rally.task.runner [-] Task 77fb4597-f4cf-4e88-94c3-616387f0b9cb | ITER: 30 END: OK
2019-10-18 16:14:17.917 5006 INFO rally.task.runner [-] Task 77fb4597-f4cf-4e88-94c3-616387f0b9cb | ITER: 26 END: OK
2019-10-18 16:14:17.989 5028 INFO rally.task.runner [-] Task 77fb4597-f4cf-4e88-94c3-616387f0b9cb | ITER: 31 END: OK
2019-10-18 16:14:18.011 5008 INFO rally.task.runner [-] Task 77fb4597-f4cf-4e88-94c3-616387f0b9cb | ITER: 33 END: OK
2019-10-18 16:14:18.052 5007 INFO rally.task.runner [-] Task 77fb4597-f4cf-4e88-94c3-616387f0b9cb | ITER: 35 END: OK
2019-10-18 16:14:18.070 5049 INFO rally.task.runner [-] Task 77fb4597-f4cf-4e88-94c3-616387f0b9cb | ITER: 36 END: OK
2019-10-18 16:14:18.095 5031 INFO rally.task.runner [-] Task 77fb4597-f4cf-4e88-94c3-616387f0b9cb | ITER: 37 END: OK
2019-10-18 16:14:18.142 5026 INFO rally.task.runner [-] Task 77fb4597-f4cf-4e88-94c3-616387f0b9cb | ITER: 32 END: OK
2019-10-18 16:14:18.165 5037 INFO rally.task.runner [-] Task 77fb4597-f4cf-4e88-94c3-616387f0b9cb | ITER: 39 END: OK
2019-10-18 16:14:18.185 5052 INFO rally.task.runner [-] Task 77fb4597-f4cf-4e88-94c3-616387f0b9cb | ITER: 38 END: OK
2019-10-18 16:14:18.185 5040 INFO rally.task.runner [-] Task 77fb4597-f4cf-4e88-94c3-616387f0b9cb | ITER: 34 END: OK
2019-10-18 16:14:18.245 5046 INFO rally.task.runner [-] Task 77fb4597-f4cf-4e88-94c3-616387f0b9cb | ITER: 40 END: OK
2019-10-18 16:14:18.273 15 INFO rally.task.context [-] Task 77fb4597-f4cf-4e88-94c3-616387f0b9cb | Context admin_cleanup@openstack cleanup() started
2019-10-18 16:14:18.277 15 RALLYDEBUG rally_openstack.cleanup.manager [-] Cleaning up neutron quota objects
2019-10-18 16:14:19.228 15 INFO rally.task.context [-] Task 77fb4597-f4cf-4e88-94c3-616387f0b9cb | Context admin_cleanup@openstack cleanup() finished in 0.95 sec
2019-10-18 16:14:19.229 15 INFO rally.task.context [-] Task 77fb4597-f4cf-4e88-94c3-616387f0b9cb | Context users@openstack cleanup() started
2019-10-18 16:14:40.572 15 INFO rally.task.context [-] Task 77fb4597-f4cf-4e88-94c3-616387f0b9cb | Context users@openstack cleanup() finished in 21.34 sec
2019-10-18 16:14:41.482 15 INFO rally.task.engine [-] Load duration is: 2.943777
2019-10-18 16:14:41.483 15 INFO rally.task.engine [-] Full runner duration is: 2.997512
2019-10-18 16:14:41.483 15 INFO rally.task.engine [-] Full duration is: 31.563033
2019-10-18 16:14:41.564 15 INFO rally.task.engine [-] Task 77fb4597-f4cf-4e88-94c3-616387f0b9cb | Completed: Running task.
2019-10-18 16:14:42.691 5163 RALLYDEBUG rally.api [-] INFO logs from urllib3 and requests module are hide.
2019-10-18 16:14:42.692 5163 RALLYDEBUG rally.api [-] urllib3 insecure warnings are hidden.
2019-10-18 16:14:42.692 5163 RALLYDEBUG rally.api [-] ERROR log from boto module is hide.
2019-10-18 16:14:43.486 5164 RALLYDEBUG rally.api [-] INFO logs from urllib3 and requests module are hide.
2019-10-18 16:14:43.486 5164 RALLYDEBUG rally.api [-] urllib3 insecure warnings are hidden.
2019-10-18 16:14:43.486 5164 RALLYDEBUG rally.api [-] ERROR log from boto module is hide.
2019-10-18 16:14:44.486 5165 RALLYDEBUG rally.api [-] INFO logs from urllib3 and requests module are hide.
2019-10-18 16:14:44.486 5165 RALLYDEBUG rally.api [-] urllib3 insecure warnings are hidden.
2019-10-18 16:14:44.486 5165 RALLYDEBUG rally.api [-] ERROR log from boto module is hide.
2019-10-18 16:14:45.749 5165 INFO rally.common.plugin.discover [-] Loading plugins from directories /root/.rally/plugins/*
2019-10-18 16:14:45.749 5165 INFO rally.common.plugin.discover [-] Loaded module with plugins: /root/.rally/plugins/__init__.py
2019-10-18 16:14:45.751 5165 INFO rally.common.plugin.discover [-] Loaded module with plugins: /root/.rally/plugins/trunk_scenario.py
2019-10-18 16:14:45.962 5165 INFO rally.api [-] Building 'json' report for the following task(s): '77fb4597-f4cf-4e88-94c3-616387f0b9cb'.
2019-10-18 16:14:46.104 5165 INFO rally.api [-] The report has been successfully built.
2019-10-18 16:14:47.011 5167 RALLYDEBUG rally.api [-] INFO logs from urllib3 and requests module are hide.
2019-10-18 16:14:47.012 5167 RALLYDEBUG rally.api [-] urllib3 insecure warnings are hidden.
2019-10-18 16:14:47.012 5167 RALLYDEBUG rally.api [-] ERROR log from boto module is hide.
2019-10-18 16:14:48.192 5167 INFO rally.common.plugin.discover [-] Loading plugins from directories /root/.rally/plugins/*
2019-10-18 16:14:48.193 5167 INFO rally.common.plugin.discover [-] Loaded module with plugins: /root/.rally/plugins/__init__.py
2019-10-18 16:14:48.195 5167 INFO rally.common.plugin.discover [-] Loaded module with plugins: /root/.rally/plugins/trunk_scenario.py
2019-10-18 16:14:48.397 5167 INFO rally.api [-] Building 'html' report for the following task(s): '77fb4597-f4cf-4e88-94c3-616387f0b9cb'.
2019-10-18 16:14:48.670 5167 INFO rally.api [-] The report has been successfully built.
2019-10-18 16:14:49.425 5169 RALLYDEBUG rally.api [-] INFO logs from urllib3 and requests module are hide.
2019-10-18 16:14:49.425 5169 RALLYDEBUG rally.api [-] urllib3 insecure warnings are hidden.
2019-10-18 16:14:49.425 5169 RALLYDEBUG rally.api [-] ERROR log from boto module is hide.
2019-10-18 16:14:50.695 5169 INFO rally.common.plugin.discover [-] Loading plugins from directories /root/.rally/plugins/*
2019-10-18 16:14:50.696 5169 INFO rally.common.plugin.discover [-] Loaded module with plugins: /root/.rally/plugins/__init__.py
2019-10-18 16:14:50.698 5169 INFO rally.common.plugin.discover [-] Loaded module with plugins: /root/.rally/plugins/trunk_scenario.py
2019-10-18 16:14:50.913 5169 INFO rally.api [-] Building 'junit-xml' report for the following task(s): '77fb4597-f4cf-4e88-94c3-616387f0b9cb'.
2019-10-18 16:14:50.921 5169 INFO rally.api [-] The report has been successfully built.