2019-12-13 15:35:04.783 1347 DEBUG novaclient.v2.client [-] REQ: curl -g -i -X GET http://compute-airship.intel-pod17.opnfv.org:80/v2.1/servers/detail -H "Accept: application/json" -H "User-Agent: python-novaclient" -H "X-Auth-Token: {SHA1}c243d7283e25624297c04ec8ef837e3394c201a6" _http_log_request /usr/lib/python2.7/site-packages/keystoneauth1/session.py:448
2019-12-13 15:35:05.031 1347 DEBUG novaclient.v2.client [-] RESP: [200] Connection: keep-alive Content-Length: 15 Content-Type: application/json Date: Fri, 13 Dec 2019 15:35:05 GMT Openstack-Api-Version: compute 2.1 Vary: OpenStack-API-Version, X-OpenStack-Nova-API-Version X-Compute-Request-Id: req-ed079256-1f5f-469d-b159-47440c47af6e X-Openstack-Nova-Api-Version: 2.1 _http_log_response /usr/lib/python2.7/site-packages/keystoneauth1/session.py:479
2019-12-13 15:35:05.031 1347 DEBUG novaclient.v2.client [-] RESP BODY: {"servers": []} _http_log_response /usr/lib/python2.7/site-packages/keystoneauth1/session.py:511
2019-12-13 15:35:05.032 1347 DEBUG novaclient.v2.client [-] GET call to compute for http://compute-airship.intel-pod17.opnfv.org:80/v2.1/servers/detail used request id req-ed079256-1f5f-469d-b159-47440c47af6e request /usr/lib/python2.7/site-packages/keystoneauth1/session.py:844
2019-12-13 15:35:05.134 1347 DEBUG novaclient.v2.client [-] REQ: curl -g -i -X GET http://compute-airship.intel-pod17.opnfv.org:80/v2.1/servers/detail -H "Accept: application/json" -H "User-Agent: python-novaclient" -H "X-Auth-Token: {SHA1}953e636746829edb7778d77d08185b81092aa928" _http_log_request /usr/lib/python2.7/site-packages/keystoneauth1/session.py:448
2019-12-13 15:35:05.356 1347 DEBUG novaclient.v2.client [-] RESP: [200] Connection: keep-alive Content-Length: 15 Content-Type: application/json Date: Fri, 13 Dec 2019 15:35:05 GMT Openstack-Api-Version: compute 2.1 Vary: OpenStack-API-Version, X-OpenStack-Nova-API-Version X-Compute-Request-Id: req-ba55039b-99bf-4f9b-ac46-66da3b9fbf41 X-Openstack-Nova-Api-Version: 2.1 _http_log_response /usr/lib/python2.7/site-packages/keystoneauth1/session.py:479
2019-12-13 15:35:05.357 1347 DEBUG novaclient.v2.client [-] RESP BODY: {"servers": []} _http_log_response /usr/lib/python2.7/site-packages/keystoneauth1/session.py:511
2019-12-13 15:35:05.357 1347 DEBUG novaclient.v2.client [-] GET call to compute for http://compute-airship.intel-pod17.opnfv.org:80/v2.1/servers/detail used request id req-ba55039b-99bf-4f9b-ac46-66da3b9fbf41 request /usr/lib/python2.7/site-packages/keystoneauth1/session.py:844
2019-12-13 15:35:05.464 1347 DEBUG novaclient.v2.client [-] REQ: curl -g -i -X GET http://compute-airship.intel-pod17.opnfv.org:80/v2.1/servers/detail -H "Accept: application/json" -H "User-Agent: python-novaclient" -H "X-Auth-Token: {SHA1}80ceb138488a711e30880d8b21c9e295a13393f4" _http_log_request /usr/lib/python2.7/site-packages/keystoneauth1/session.py:448
2019-12-13 15:35:05.720 1347 DEBUG novaclient.v2.client [-] RESP: [200] Connection: keep-alive Content-Length: 15 Content-Type: application/json Date: Fri, 13 Dec 2019 15:35:05 GMT Openstack-Api-Version: compute 2.1 Vary: OpenStack-API-Version, X-OpenStack-Nova-API-Version X-Compute-Request-Id: req-0056b464-872f-4f45-b81b-e8d3044b958b X-Openstack-Nova-Api-Version: 2.1 _http_log_response /usr/lib/python2.7/site-packages/keystoneauth1/session.py:479
2019-12-13 15:35:05.721 1347 DEBUG novaclient.v2.client [-] RESP BODY: {"servers": []} _http_log_response /usr/lib/python2.7/site-packages/keystoneauth1/session.py:511
2019-12-13 15:35:05.721 1347 DEBUG novaclient.v2.client [-] GET call to compute for http://compute-airship.intel-pod17.opnfv.org:80/v2.1/servers/detail used request id req-0056b464-872f-4f45-b81b-e8d3044b958b request /usr/lib/python2.7/site-packages/keystoneauth1/session.py:844
2019-12-13 15:35:05.730 1347 RALLYDEBUG rally_openstack.cleanup.manager [-] Cleaning up nova server_groups objects
2019-12-13 15:35:05.833 1347 DEBUG novaclient.v2.client [-] REQ: curl -g -i -X GET http://compute-airship.intel-pod17.opnfv.org:80/v2.1/os-server-groups -H "Accept: application/json" -H "User-Agent: python-novaclient" -H "X-Auth-Token: {SHA1}0e54c573d7bb4de1c77faae5ceb2cb303dcdbe00" _http_log_request /usr/lib/python2.7/site-packages/keystoneauth1/session.py:448
2019-12-13 15:35:05.970 1347 DEBUG novaclient.v2.client [-] RESP: [200] Connection: keep-alive Content-Length: 21 Content-Type: application/json Date: Fri, 13 Dec 2019 15:35:05 GMT Openstack-Api-Version: compute 2.1 Vary: OpenStack-API-Version, X-OpenStack-Nova-API-Version X-Compute-Request-Id: req-cf10144a-ffe6-43c0-93ab-bec73ec13ae4 X-Openstack-Nova-Api-Version: 2.1 _http_log_response /usr/lib/python2.7/site-packages/keystoneauth1/session.py:479
2019-12-13 15:35:05.970 1347 DEBUG novaclient.v2.client [-] RESP BODY: {"server_groups": []} _http_log_response /usr/lib/python2.7/site-packages/keystoneauth1/session.py:511
2019-12-13 15:35:05.971 1347 DEBUG novaclient.v2.client [-] GET call to compute for http://compute-airship.intel-pod17.opnfv.org:80/v2.1/os-server-groups used request id req-cf10144a-ffe6-43c0-93ab-bec73ec13ae4 request /usr/lib/python2.7/site-packages/keystoneauth1/session.py:844
2019-12-13 15:35:06.071 1347 DEBUG novaclient.v2.client [-] REQ: curl -g -i -X GET http://compute-airship.intel-pod17.opnfv.org:80/v2.1/os-server-groups -H "Accept: application/json" -H "User-Agent: python-novaclient" -H "X-Auth-Token: {SHA1}d5825e956bcb42c1d6b2d0b8762f2d41279eb478" _http_log_request /usr/lib/python2.7/site-packages/keystoneauth1/session.py:448
2019-12-13 15:35:06.194 1347 DEBUG novaclient.v2.client [-] RESP: [200] Connection: keep-alive Content-Length: 21 Content-Type: application/json Date: Fri, 13 Dec 2019 15:35:06 GMT Openstack-Api-Version: compute 2.1 Vary: OpenStack-API-Version, X-OpenStack-Nova-API-Version X-Compute-Request-Id: req-5fb36297-41c3-4d69-840d-cb9c96e1e74a X-Openstack-Nova-Api-Version: 2.1 _http_log_response /usr/lib/python2.7/site-packages/keystoneauth1/session.py:479
2019-12-13 15:35:06.195 1347 DEBUG novaclient.v2.client [-] RESP BODY: {"server_groups": []} _http_log_response /usr/lib/python2.7/site-packages/keystoneauth1/session.py:511
2019-12-13 15:35:06.195 1347 DEBUG novaclient.v2.client [-] GET call to compute for http://compute-airship.intel-pod17.opnfv.org:80/v2.1/os-server-groups used request id req-5fb36297-41c3-4d69-840d-cb9c96e1e74a request /usr/lib/python2.7/site-packages/keystoneauth1/session.py:844
2019-12-13 15:35:06.291 1347 DEBUG novaclient.v2.client [-] REQ: curl -g -i -X GET http://compute-airship.intel-pod17.opnfv.org:80/v2.1/os-server-groups -H "Accept: application/json" -H "User-Agent: python-novaclient" -H "X-Auth-Token: {SHA1}928c5bf6f17f84701558ec7c4e0a6778a764c55b" _http_log_request /usr/lib/python2.7/site-packages/keystoneauth1/session.py:448
2019-12-13 15:35:06.409 1347 DEBUG novaclient.v2.client [-] RESP: [200] Connection: keep-alive Content-Length: 21 Content-Type: application/json Date: Fri, 13 Dec 2019 15:35:06 GMT Openstack-Api-Version: compute 2.1 Vary: OpenStack-API-Version, X-OpenStack-Nova-API-Version X-Compute-Request-Id: req-3798ba8d-7bd3-497c-a64f-88835079b5c5 X-Openstack-Nova-Api-Version: 2.1 _http_log_response /usr/lib/python2.7/site-packages/keystoneauth1/session.py:479
2019-12-13 15:35:06.409 1347 DEBUG novaclient.v2.client [-] RESP BODY: {"server_groups": []} _http_log_response /usr/lib/python2.7/site-packages/keystoneauth1/session.py:511
2019-12-13 15:35:06.410 1347 DEBUG novaclient.v2.client [-] GET call to compute for http://compute-airship.intel-pod17.opnfv.org:80/v2.1/os-server-groups used request id req-3798ba8d-7bd3-497c-a64f-88835079b5c5 request /usr/lib/python2.7/site-packages/keystoneauth1/session.py:844
2019-12-13 15:35:06.418 1347 RALLYDEBUG rally_openstack.cleanup.manager [-] Cleaning up nova keypairs objects
2019-12-13 15:35:06.514 1347 DEBUG novaclient.v2.client [-] REQ: curl -g -i -X GET http://compute-airship.intel-pod17.opnfv.org:80/v2.1/os-keypairs -H "Accept: application/json" -H "User-Agent: python-novaclient" -H "X-Auth-Token: {SHA1}6e9642e06fd1d9cd3491c998cf0159ec693201d7" _http_log_request /usr/lib/python2.7/site-packages/keystoneauth1/session.py:448
2019-12-13 15:35:06.749 1347 DEBUG novaclient.v2.client [-] RESP: [200] Connection: keep-alive Content-Length: 16 Content-Type: application/json Date: Fri, 13 Dec 2019 15:35:06 GMT Openstack-Api-Version: compute 2.1 Vary: OpenStack-API-Version, X-OpenStack-Nova-API-Version X-Compute-Request-Id: req-dde80311-850d-48b8-99ac-b5ab20cf5454 X-Openstack-Nova-Api-Version: 2.1 _http_log_response /usr/lib/python2.7/site-packages/keystoneauth1/session.py:479
2019-12-13 15:35:06.749 1347 DEBUG novaclient.v2.client [-] RESP BODY: {"keypairs": []} _http_log_response /usr/lib/python2.7/site-packages/keystoneauth1/session.py:511
2019-12-13 15:35:06.750 1347 DEBUG novaclient.v2.client [-] GET call to compute for http://compute-airship.intel-pod17.opnfv.org:80/v2.1/os-keypairs used request id req-dde80311-850d-48b8-99ac-b5ab20cf5454 request /usr/lib/python2.7/site-packages/keystoneauth1/session.py:844
2019-12-13 15:35:06.855 1347 DEBUG novaclient.v2.client [-] REQ: curl -g -i -X GET http://compute-airship.intel-pod17.opnfv.org:80/v2.1/os-keypairs -H "Accept: application/json" -H "User-Agent: python-novaclient" -H "X-Auth-Token: {SHA1}fe640d44730906fc88742478a3419f2238ab3638" _http_log_request /usr/lib/python2.7/site-packages/keystoneauth1/session.py:448
2019-12-13 15:35:06.970 1347 DEBUG novaclient.v2.client [-] RESP: [200] Connection: keep-alive Content-Length: 16 Content-Type: application/json Date: Fri, 13 Dec 2019 15:35:06 GMT Openstack-Api-Version: compute 2.1 Vary: OpenStack-API-Version, X-OpenStack-Nova-API-Version X-Compute-Request-Id: req-a3928e1c-75eb-4760-a2c8-ffbf515ed5d3 X-Openstack-Nova-Api-Version: 2.1 _http_log_response /usr/lib/python2.7/site-packages/keystoneauth1/session.py:479
2019-12-13 15:35:06.971 1347 DEBUG novaclient.v2.client [-] RESP BODY: {"keypairs": []} _http_log_response /usr/lib/python2.7/site-packages/keystoneauth1/session.py:511
2019-12-13 15:35:06.971 1347 DEBUG novaclient.v2.client [-] GET call to compute for http://compute-airship.intel-pod17.opnfv.org:80/v2.1/os-keypairs used request id req-a3928e1c-75eb-4760-a2c8-ffbf515ed5d3 request /usr/lib/python2.7/site-packages/keystoneauth1/session.py:844
2019-12-13 15:35:07.078 1347 DEBUG novaclient.v2.client [-] REQ: curl -g -i -X GET http://compute-airship.intel-pod17.opnfv.org:80/v2.1/os-keypairs -H "Accept: application/json" -H "User-Agent: python-novaclient" -H "X-Auth-Token: {SHA1}a7e77c7e68d9ebad34be52f2c0fd7fbe005fe81e" _http_log_request /usr/lib/python2.7/site-packages/keystoneauth1/session.py:448
2019-12-13 15:35:07.187 1347 DEBUG novaclient.v2.client [-] RESP: [200] Connection: keep-alive Content-Length: 16 Content-Type: application/json Date: Fri, 13 Dec 2019 15:35:07 GMT Openstack-Api-Version: compute 2.1 Vary: OpenStack-API-Version, X-OpenStack-Nova-API-Version X-Compute-Request-Id: req-b775652d-62a4-4a1d-b56a-a9928cdc29a7 X-Openstack-Nova-Api-Version: 2.1 _http_log_response /usr/lib/python2.7/site-packages/keystoneauth1/session.py:479
2019-12-13 15:35:07.187 1347 DEBUG novaclient.v2.client [-] RESP BODY: {"keypairs": []} _http_log_response /usr/lib/python2.7/site-packages/keystoneauth1/session.py:511
2019-12-13 15:35:07.187 1347 DEBUG novaclient.v2.client [-] GET call to compute for http://compute-airship.intel-pod17.opnfv.org:80/v2.1/os-keypairs used request id req-b775652d-62a4-4a1d-b56a-a9928cdc29a7 request /usr/lib/python2.7/site-packages/keystoneauth1/session.py:844
2019-12-13 15:35:07.281 1347 DEBUG novaclient.v2.client [-] REQ: curl -g -i -X GET http://compute-airship.intel-pod17.opnfv.org:80/v2.1/os-keypairs -H "Accept: application/json" -H "User-Agent: python-novaclient" -H "X-Auth-Token: {SHA1}768912682c96f58af6a723b0eec0605fb314b6a7" _http_log_request /usr/lib/python2.7/site-packages/keystoneauth1/session.py:448
2019-12-13 15:35:07.383 1347 DEBUG novaclient.v2.client [-] RESP: [200] Connection: keep-alive Content-Length: 16 Content-Type: application/json Date: Fri, 13 Dec 2019 15:35:07 GMT Openstack-Api-Version: compute 2.1 Vary: OpenStack-API-Version, X-OpenStack-Nova-API-Version X-Compute-Request-Id: req-ca54eb68-900e-4345-9e9d-f45963de3cd2 X-Openstack-Nova-Api-Version: 2.1 _http_log_response /usr/lib/python2.7/site-packages/keystoneauth1/session.py:479
2019-12-13 15:35:07.383 1347 DEBUG novaclient.v2.client [-] RESP BODY: {"keypairs": []} _http_log_response /usr/lib/python2.7/site-packages/keystoneauth1/session.py:511
2019-12-13 15:35:07.384 1347 DEBUG novaclient.v2.client [-] GET call to compute for http://compute-airship.intel-pod17.opnfv.org:80/v2.1/os-keypairs used request id req-ca54eb68-900e-4345-9e9d-f45963de3cd2 request /usr/lib/python2.7/site-packages/keystoneauth1/session.py:844
2019-12-13 15:35:07.481 1347 DEBUG novaclient.v2.client [-] REQ: curl -g -i -X GET http://compute-airship.intel-pod17.opnfv.org:80/v2.1/os-keypairs -H "Accept: application/json" -H "User-Agent: python-novaclient" -H "X-Auth-Token: {SHA1}856936be3d626b8a123563d8d09d60ac4a6c1ba5" _http_log_request /usr/lib/python2.7/site-packages/keystoneauth1/session.py:448
2019-12-13 15:35:07.594 1347 DEBUG novaclient.v2.client [-] RESP: [200] Connection: keep-alive Content-Length: 16 Content-Type: application/json Date: Fri, 13 Dec 2019 15:35:07 GMT Openstack-Api-Version: compute 2.1 Vary: OpenStack-API-Version, X-OpenStack-Nova-API-Version X-Compute-Request-Id: req-2bfce648-27df-40d2-81ba-ffb41b7703f4 X-Openstack-Nova-Api-Version: 2.1 _http_log_response /usr/lib/python2.7/site-packages/keystoneauth1/session.py:479
2019-12-13 15:35:07.594 1347 DEBUG novaclient.v2.client [-] RESP BODY: {"keypairs": []} _http_log_response /usr/lib/python2.7/site-packages/keystoneauth1/session.py:511
2019-12-13 15:35:07.595 1347 DEBUG novaclient.v2.client [-] GET call to compute for http://compute-airship.intel-pod17.opnfv.org:80/v2.1/os-keypairs used request id req-2bfce648-27df-40d2-81ba-ffb41b7703f4 request /usr/lib/python2.7/site-packages/keystoneauth1/session.py:844
2019-12-13 15:35:07.699 1347 DEBUG novaclient.v2.client [-] REQ: curl -g -i -X GET http://compute-airship.intel-pod17.opnfv.org:80/v2.1/os-keypairs -H "Accept: application/json" -H "User-Agent: python-novaclient" -H "X-Auth-Token: {SHA1}95aa337c013c10b894e951c123e981e0d47a9c3e" _http_log_request /usr/lib/python2.7/site-packages/keystoneauth1/session.py:448
2019-12-13 15:35:07.803 1347 DEBUG novaclient.v2.client [-] RESP: [200] Connection: keep-alive Content-Length: 16 Content-Type: application/json Date: Fri, 13 Dec 2019 15:35:07 GMT Openstack-Api-Version: compute 2.1 Vary: OpenStack-API-Version, X-OpenStack-Nova-API-Version X-Compute-Request-Id: req-d2ff9b6f-7c03-49cc-ad13-614783b4204b X-Openstack-Nova-Api-Version: 2.1 _http_log_response /usr/lib/python2.7/site-packages/keystoneauth1/session.py:479
2019-12-13 15:35:07.803 1347 DEBUG novaclient.v2.client [-] RESP BODY: {"keypairs": []} _http_log_response /usr/lib/python2.7/site-packages/keystoneauth1/session.py:511
2019-12-13 15:35:07.803 1347 DEBUG novaclient.v2.client [-] GET call to compute for http://compute-airship.intel-pod17.opnfv.org:80/v2.1/os-keypairs used request id req-d2ff9b6f-7c03-49cc-ad13-614783b4204b request /usr/lib/python2.7/site-packages/keystoneauth1/session.py:844
2019-12-13 15:35:07.812 1347 RALLYDEBUG rally_openstack.cleanup.manager [-] Cleaning up cinder backups objects
2019-12-13 15:35:08.464 1347 RALLYDEBUG rally_openstack.cleanup.manager [-] Cleaning up cinder volume_snapshots objects
2019-12-13 15:35:09.129 1347 RALLYDEBUG rally_openstack.cleanup.manager [-] Cleaning up cinder transfers objects
2019-12-13 15:35:09.747 1347 RALLYDEBUG rally_openstack.cleanup.manager [-] Cleaning up cinder volumes objects
2019-12-13 15:35:10.696 1347 INFO rally.task.context [-] Task 0ceae8b9-9fdd-4573-8094-ed7254c521e5 | Context cleanup@openstack cleanup() finished in 6.03 sec
2019-12-13 15:35:10.696 1347 INFO rally.task.context [-] Task 0ceae8b9-9fdd-4573-8094-ed7254c521e5 | Context quotas@openstack cleanup() started
2019-12-13 15:35:10.859 1347 INFO rally.task.context [-] Task 0ceae8b9-9fdd-4573-8094-ed7254c521e5 | Context quotas@openstack cleanup() finished in 0.16 sec
2019-12-13 15:35:10.860 1347 INFO rally.task.context [-] Task 0ceae8b9-9fdd-4573-8094-ed7254c521e5 | Context api_versions@openstack cleanup() started
2019-12-13 15:35:10.860 1347 INFO rally.task.context [-] Task 0ceae8b9-9fdd-4573-8094-ed7254c521e5 | Context api_versions@openstack cleanup() finished in 0.50 msec
2019-12-13 15:35:10.861 1347 INFO rally.task.context [-] Task 0ceae8b9-9fdd-4573-8094-ed7254c521e5 | Context users@openstack cleanup() started
2019-12-13 15:35:14.036 1347 INFO rally.task.context [-] Task 0ceae8b9-9fdd-4573-8094-ed7254c521e5 | Context users@openstack cleanup() finished in 3.18 sec
2019-12-13 15:35:15.659 1347 INFO rally.task.engine [-] Load duration is: 149.45832
2019-12-13 15:35:15.659 1347 INFO rally.task.engine [-] Full runner duration is: 150.515743
2019-12-13 15:35:15.660 1347 INFO rally.task.engine [-] Full duration is: 163.011849
2019-12-13 15:35:15.760 1347 INFO rally.task.engine [-] Running workload: position = 0 config = { "version": 2, "title": "A cropped version of a bigger task.", "description": "Auto-generated task from a single workload (uuid=c5b2a121-ba09-4190-89b9-17b9eea45d44)", "subtasks": [ { "title": "CinderVolumes.create_and_list_snapshots", "description": "Create and then list a volume-snapshot.", "scenario": { "CinderVolumes.create_and_list_snapshots": { "detailed": true, "force": false } }, "contexts": { "users": { "tenants": 3, "users_per_tenant": 2 }, "quotas": { "cinder": { "gigabytes": -1, "snapshots": -1, "volumes": -1 } }, "api_versions": { "cinder": { "version": 3, "service_type": "volumev3" } }, "volumes": { "size": 1, "volumes_per_tenant": 1 } }, "runner": { "constant": { "concurrency": 4, "times": 10 } }, "hooks": [], "sla": { "failure_rate": { "max": 0 } } } ] }
2019-12-13 15:35:15.778 1347 RALLYDEBUG rally_openstack.contexts.keystone.users [-] Creating 3 tenants using 20 threads
2019-12-13 15:35:16.231 1347 RALLYDEBUG rally_openstack.contexts.keystone.users [-] Creating 6 users using 20 threads
2019-12-13 15:35:17.009 1347 INFO rally.task.context [-] Task 0ceae8b9-9fdd-4573-8094-ed7254c521e5 | Context users@openstack setup() finished in 1.23 sec
2019-12-13 15:35:17.242 1347 INFO rally.task.context [-] Task 0ceae8b9-9fdd-4573-8094-ed7254c521e5 | Context api_versions@openstack setup() finished in 0.23 sec
2019-12-13 15:35:18.064 1347 INFO rally.task.context [-] Task 0ceae8b9-9fdd-4573-8094-ed7254c521e5 | Context quotas@openstack setup() finished in 0.82 sec
2019-12-13 15:35:26.766 1347 INFO rally.task.context [-] Task 0ceae8b9-9fdd-4573-8094-ed7254c521e5 | Context volumes@openstack setup() finished in 8.70 sec
2019-12-13 15:35:26.767 1347 INFO rally.task.context [-] Task 0ceae8b9-9fdd-4573-8094-ed7254c521e5 | Context cleanup@openstack setup() finished in 0.01 msec
2019-12-13 15:35:26.779 1347 RALLYDEBUG rally.task.runner [-] Starting the constant runner (task UUID: 0ceae8b9-9fdd-4573-8094-ed7254c521e5). timeout: 0 concurrency: 4 concurrency_per_worker: 1 times: 10 concurrency_overhead: 0 processes_to_start: 4 max_cpu_used: 88
2019-12-13 15:35:26.796 1715 RALLYDEBUG rally.task.runner [-] Starting a worker. concurrency: 1 args: {"detailed": true, "force": false} times: 10 method_name: run timeout: 0 duration: None cls:
2019-12-13 15:35:26.798 1716 RALLYDEBUG rally.task.runner [-] Starting a worker. concurrency: 1 args: {"detailed": true, "force": false} times: 10 method_name: run timeout: 0 duration: None cls:
2019-12-13 15:35:26.801 1717 RALLYDEBUG rally.task.runner [-] Starting a worker. concurrency: 1 args: {"detailed": true, "force": false} times: 10 method_name: run timeout: 0 duration: None cls:
2019-12-13 15:35:26.803 1718 RALLYDEBUG rally.task.runner [-] Starting a worker. concurrency: 1 args: {"detailed": true, "force": false} times: 10 method_name: run timeout: 0 duration: None cls:
2019-12-13 15:35:26.805 1715 INFO rally.task.runner [-] Task 0ceae8b9-9fdd-4573-8094-ed7254c521e5 | ITER: 1 START
2019-12-13 15:35:26.808 1716 INFO rally.task.runner [-] Task 0ceae8b9-9fdd-4573-8094-ed7254c521e5 | ITER: 2 START
2019-12-13 15:35:26.810 1717 INFO rally.task.runner [-] Task 0ceae8b9-9fdd-4573-8094-ed7254c521e5 | ITER: 3 START
2019-12-13 15:35:26.812 1718 INFO rally.task.runner [-] Task 0ceae8b9-9fdd-4573-8094-ed7254c521e5 | ITER: 4 START
2019-12-13 15:35:29.529 1715 INFO rally.task.runner [-] Task 0ceae8b9-9fdd-4573-8094-ed7254c521e5 | ITER: 1 END: OK
2019-12-13 15:35:29.536 1715 INFO rally.task.runner [-] Task 0ceae8b9-9fdd-4573-8094-ed7254c521e5 | ITER: 5 START
2019-12-13 15:35:29.647 1717 INFO rally.task.runner [-] Task 0ceae8b9-9fdd-4573-8094-ed7254c521e5 | ITER: 3 END: OK
2019-12-13 15:35:29.654 1717 INFO rally.task.runner [-] Task 0ceae8b9-9fdd-4573-8094-ed7254c521e5 | ITER: 6 START
2019-12-13 15:35:29.655 1718 INFO rally.task.runner [-] Task 0ceae8b9-9fdd-4573-8094-ed7254c521e5 | ITER: 4 END: OK
2019-12-13 15:35:29.662 1718 INFO rally.task.runner [-] Task 0ceae8b9-9fdd-4573-8094-ed7254c521e5 | ITER: 7 START
2019-12-13 15:35:29.663 1716 INFO rally.task.runner [-] Task 0ceae8b9-9fdd-4573-8094-ed7254c521e5 | ITER: 2 END: OK
2019-12-13 15:35:29.669 1716 INFO rally.task.runner [-] Task 0ceae8b9-9fdd-4573-8094-ed7254c521e5 | ITER: 8 START
2019-12-13 15:35:32.220 1715 INFO rally.task.runner [-] Task 0ceae8b9-9fdd-4573-8094-ed7254c521e5 | ITER: 5 END: OK
2019-12-13 15:35:32.225 1715 INFO rally.task.runner [-] Task 0ceae8b9-9fdd-4573-8094-ed7254c521e5 | ITER: 9 START
2019-12-13 15:35:32.299 1717 INFO rally.task.runner [-] Task 0ceae8b9-9fdd-4573-8094-ed7254c521e5 | ITER: 6 END: OK
2019-12-13 15:35:32.305 1717 INFO rally.task.runner [-] Task 0ceae8b9-9fdd-4573-8094-ed7254c521e5 | ITER: 10 START
2019-12-13 15:35:32.642 1718 INFO rally.task.runner [-] Task 0ceae8b9-9fdd-4573-8094-ed7254c521e5 | ITER: 7 END: OK
2019-12-13 15:35:34.602 1716 RALLYDEBUG rally.task.utils [-] Waiting for resource s_rally_c5b2a121_mQDjY7kG. Status changed: CREATING => AVAILABLE in 2.2399251461
2019-12-13 15:35:34.657 1716 INFO rally.task.runner [-] Task 0ceae8b9-9fdd-4573-8094-ed7254c521e5 | ITER: 8 END: OK
2019-12-13 15:35:35.020 1717 RALLYDEBUG rally.task.utils [-] Waiting for resource s_rally_c5b2a121_b548tMMV. Status changed: CREATING => AVAILABLE in 0.170064926147
2019-12-13 15:35:35.074 1717 INFO rally.task.runner [-] Task 0ceae8b9-9fdd-4573-8094-ed7254c521e5 | ITER: 10 END: OK
2019-12-13 15:35:37.074 1715 RALLYDEBUG rally.task.utils [-] Waiting for resource s_rally_c5b2a121_Yz5HDsXO. Status changed: CREATING => AVAILABLE in 2.2433860302
2019-12-13 15:35:37.119 1715 INFO rally.task.runner [-] Task 0ceae8b9-9fdd-4573-8094-ed7254c521e5 | ITER: 9 END: OK
2019-12-13 15:35:37.146 1347 INFO rally.task.context [-] Task 0ceae8b9-9fdd-4573-8094-ed7254c521e5 | Context cleanup@openstack cleanup() started
2019-12-13 15:35:37.150 1347 RALLYDEBUG rally_openstack.cleanup.manager [-] Cleaning up cinder backups objects
2019-12-13 15:35:37.751 1347 RALLYDEBUG rally_openstack.cleanup.manager [-] Cleaning up cinder volume_snapshots objects
2019-12-13 15:35:38.422 1347 RALLYDEBUG rally_openstack.cleanup.manager [-] Deleting cinder.volume_snapshots object s_rally_c5b2a121_NiRxk96g (437347fb-04b6-4a52-a89f-3860457df76d)
2019-12-13 15:35:38.421 1347 RALLYDEBUG rally_openstack.cleanup.manager [-] Deleting cinder.volume_snapshots object s_rally_c5b2a121_dqxKtX9z (5fa2e163-56e6-4eb4-bdd2-389a6d913e69)
2019-12-13 15:35:38.420 1347 RALLYDEBUG rally_openstack.cleanup.manager [-] Deleting cinder.volume_snapshots object s_rally_c5b2a121_Yz5HDsXO (3b7c20c6-8ec2-42d5-859b-8e4e845ed5be)
2019-12-13 15:35:38.426 1347 RALLYDEBUG rally_openstack.cleanup.manager [-] Deleting cinder.volume_snapshots object s_rally_c5b2a121_b548tMMV (27b186ca-5b42-460e-9118-5b96c1424615)
2019-12-13 15:35:38.427 1347 RALLYDEBUG rally_openstack.cleanup.manager [-] Deleting cinder.volume_snapshots object s_rally_c5b2a121_UrZpbhI7 (04b748f6-8a65-4847-960c-9e32c9eadc25)
2019-12-13 15:35:38.428 1347 RALLYDEBUG rally_openstack.cleanup.manager [-] Deleting cinder.volume_snapshots object s_rally_c5b2a121_mQDjY7kG (33321e73-4859-42b8-b73b-bd14c8eac3d7)
2019-12-13 15:35:38.438 1347 RALLYDEBUG rally_openstack.cleanup.manager [-] Deleting cinder.volume_snapshots object s_rally_c5b2a121_IiLRKVtl (69b88fb6-3611-4715-9f34-e5c85f676819)
2019-12-13 15:35:38.455 1347 RALLYDEBUG rally_openstack.cleanup.manager [-] Deleting cinder.volume_snapshots object s_rally_c5b2a121_SDAPr7yy (36037d53-933f-4992-81a8-137b6a1a7584)
2019-12-13 15:35:38.474 1347 RALLYDEBUG rally_openstack.cleanup.manager [-] Deleting cinder.volume_snapshots object s_rally_c5b2a121_wlA5dbi4 (0b8fd6f6-4ea4-498f-ae4b-3cb4ff4a0870)
2019-12-13 15:35:38.475 1347 RALLYDEBUG rally_openstack.cleanup.manager [-] Deleting cinder.volume_snapshots object s_rally_c5b2a121_pVngQpLO (d32663e6-194f-4c5d-9298-8d9e252d150a)
2019-12-13 15:35:46.912 1347 RALLYDEBUG rally_openstack.cleanup.manager [-] Cleaning up cinder transfers objects
2019-12-13 15:35:47.541 1347 RALLYDEBUG rally_openstack.cleanup.manager [-] Cleaning up cinder volumes objects
2019-12-13 15:35:48.374 1347 INFO rally.task.context [-] Task 0ceae8b9-9fdd-4573-8094-ed7254c521e5 | Context cleanup@openstack cleanup() finished in 11.23 sec
2019-12-13 15:35:48.374 1347 INFO rally.task.context [-] Task 0ceae8b9-9fdd-4573-8094-ed7254c521e5 | Context volumes@openstack cleanup() started
2019-12-13 15:35:48.375 1347 RALLYDEBUG rally_openstack.cleanup.manager [-] Cleaning up cinder volumes objects
2019-12-13 15:35:49.149 1347 RALLYDEBUG rally_openstack.cleanup.manager [-] Deleting cinder.volumes object c_rally_c5b2a121_BmKnmwlp (08c3ae50-fcea-41f6-8998-2ecfc3bc1241)
2019-12-13 15:35:49.152 1347 RALLYDEBUG rally_openstack.cleanup.manager [-] Deleting cinder.volumes object c_rally_c5b2a121_jAKaCoUp (083c0790-11f4-4a09-8493-23d2d539013c)
2019-12-13 15:35:49.158 1347 RALLYDEBUG rally_openstack.cleanup.manager [-] Deleting cinder.volumes object c_rally_c5b2a121_Xa1a0sF9 (8a6d1ad9-fec2-4bfe-9df9-6749b36eb1aa)
2019-12-13 15:35:51.770 1347 INFO rally.task.context [-] Task 0ceae8b9-9fdd-4573-8094-ed7254c521e5 | Context volumes@openstack cleanup() finished in 3.40 sec
2019-12-13 15:35:51.770 1347 INFO rally.task.context [-] Task 0ceae8b9-9fdd-4573-8094-ed7254c521e5 | Context quotas@openstack cleanup() started
2019-12-13 15:35:51.902 1347 INFO rally.task.context [-] Task 0ceae8b9-9fdd-4573-8094-ed7254c521e5 | Context quotas@openstack cleanup() finished in 0.13 sec
2019-12-13 15:35:51.903 1347 INFO rally.task.context [-] Task 0ceae8b9-9fdd-4573-8094-ed7254c521e5 | Context api_versions@openstack cleanup() started
2019-12-13 15:35:51.903 1347 INFO rally.task.context [-] Task 0ceae8b9-9fdd-4573-8094-ed7254c521e5 | Context api_versions@openstack cleanup() finished in 0.50 msec
2019-12-13 15:35:51.904 1347 INFO rally.task.context [-] Task 0ceae8b9-9fdd-4573-8094-ed7254c521e5 | Context users@openstack cleanup() started
2019-12-13 15:35:55.443 1347 INFO rally.task.context [-] Task 0ceae8b9-9fdd-4573-8094-ed7254c521e5 | Context users@openstack cleanup() finished in 3.54 sec
2019-12-13 15:35:55.955 1347 INFO rally.task.engine [-] Load duration is: 10.310719
2019-12-13 15:35:55.956 1347 INFO rally.task.engine [-] Full runner duration is: 10.367575
2019-12-13 15:35:55.956 1347 INFO rally.task.engine [-] Full duration is: 39.668843
2019-12-13 15:35:56.049 1347 INFO rally.task.engine [-] Running workload: position = 0 config = { "version": 2, "title": "A cropped version of a bigger task.", "description": "Auto-generated task from a single workload (uuid=084dd3cc-7d24-4681-a686-c52a003d0ab6)", "subtasks": [ { "title": "CinderVolumes.create_and_list_volume", "description": "Create a volume and list all volumes.", "scenario": { "CinderVolumes.create_and_list_volume": { "detailed": true, "image": { "name": "rally_full-img_e00dd2a1-797a-41b1-a580-283fed27a35f" }, "size": 1 } }, "contexts": { "users": { "tenants": 3, "users_per_tenant": 2 }, "quotas": { "cinder": { "gigabytes": -1, "snapshots": -1, "volumes": -1 } }, "api_versions": { "cinder": { "version": 3, "service_type": "volumev3" } } }, "runner": { "constant": { "concurrency": 4, "times": 10 } }, "hooks": [], "sla": { "failure_rate": { "max": 0 } } } ] }
2019-12-13 15:35:56.063 1347 RALLYDEBUG rally_openstack.contexts.keystone.users [-] Creating 3 tenants using 20 threads
2019-12-13 15:35:56.504 1347 RALLYDEBUG rally_openstack.contexts.keystone.users [-] Creating 6 users using 20 threads
2019-12-13 15:35:57.318 1347 INFO rally.task.context [-] Task 0ceae8b9-9fdd-4573-8094-ed7254c521e5 | Context users@openstack setup() finished in 1.25 sec
2019-12-13 15:35:57.562 1347 INFO rally.task.context [-] Task 0ceae8b9-9fdd-4573-8094-ed7254c521e5 | Context api_versions@openstack setup() finished in 0.24 sec
2019-12-13 15:35:58.753 1347 INFO rally.task.context [-] Task 0ceae8b9-9fdd-4573-8094-ed7254c521e5 | Context quotas@openstack setup() finished in 1.19 sec
2019-12-13 15:35:58.753 1347 INFO rally.task.context [-] Task 0ceae8b9-9fdd-4573-8094-ed7254c521e5 | Context cleanup@openstack setup() finished in 0.00 msec
2019-12-13 15:35:59.064 1347 RALLYDEBUG rally.task.runner [-] Starting the constant runner (task UUID: 0ceae8b9-9fdd-4573-8094-ed7254c521e5). timeout: 0 concurrency: 4 concurrency_per_worker: 1 times: 10 concurrency_overhead: 0 processes_to_start: 4 max_cpu_used: 88
2019-12-13 15:35:59.079 1919 RALLYDEBUG rally.task.runner [-] Starting a worker. concurrency: 1 args: {"detailed": true, "image": "d2df5008-1042-4033-bfa4-d02897089576", "size": 1} times: 10 method_name: run timeout: 0 duration: None cls:
2019-12-13 15:35:59.082 1920 RALLYDEBUG rally.task.runner [-] Starting a worker. concurrency: 1 args: {"detailed": true, "image": "d2df5008-1042-4033-bfa4-d02897089576", "size": 1} times: 10 method_name: run timeout: 0 duration: None cls:
2019-12-13 15:35:59.084 1921 RALLYDEBUG rally.task.runner [-] Starting a worker. concurrency: 1 args: {"detailed": true, "image": "d2df5008-1042-4033-bfa4-d02897089576", "size": 1} times: 10 method_name: run timeout: 0 duration: None cls:
2019-12-13 15:35:59.087 1919 INFO rally.task.runner [-] Task 0ceae8b9-9fdd-4573-8094-ed7254c521e5 | ITER: 1 START
2019-12-13 15:35:59.088 1922 RALLYDEBUG rally.task.runner [-] Starting a worker. concurrency: 1 args: {"detailed": true, "image": "d2df5008-1042-4033-bfa4-d02897089576", "size": 1} times: 10 method_name: run timeout: 0 duration: None cls:
2019-12-13 15:35:59.090 1920 INFO rally.task.runner [-] Task 0ceae8b9-9fdd-4573-8094-ed7254c521e5 | ITER: 2 START
2019-12-13 15:35:59.093 1921 INFO rally.task.runner [-] Task 0ceae8b9-9fdd-4573-8094-ed7254c521e5 | ITER: 3 START
2019-12-13 15:35:59.096 1922 INFO rally.task.runner [-] Task 0ceae8b9-9fdd-4573-8094-ed7254c521e5 | ITER: 4 START
2019-12-13 15:36:03.222 1920 RALLYDEBUG rally.task.utils [-] Waiting for resource s_rally_084dd3cc_irqutzUy. Status changed: CREATING => DOWNLOADING in 0.554811000824
2019-12-13 15:36:04.528 1921 RALLYDEBUG rally.task.utils [-] Waiting for resource s_rally_084dd3cc_Sl6klj9Y. Status changed: CREATING => DOWNLOADING in 2.30432105064
2019-12-13 15:36:05.568 1922 RALLYDEBUG rally.task.utils [-] Waiting for resource s_rally_084dd3cc_pAtOjiOF. Status changed: CREATING => DOWNLOADING in 2.85967516899
2019-12-13 15:36:05.588 1919 RALLYDEBUG rally.task.utils [-] Waiting for resource s_rally_084dd3cc_BRb6B9wQ. Status changed: CREATING => DOWNLOADING in 2.97450995445
2019-12-13 15:36:09.521 1921 RALLYDEBUG rally.task.utils [-] Waiting for resource s_rally_084dd3cc_Sl6klj9Y. Status changed: DOWNLOADING => AVAILABLE in 4.9924287796
2019-12-13 15:36:09.611 1921 INFO rally.task.runner [-] Task 0ceae8b9-9fdd-4573-8094-ed7254c521e5 | ITER: 3 END: OK
2019-12-13 15:36:09.617 1921 INFO rally.task.runner [-] Task 0ceae8b9-9fdd-4573-8094-ed7254c521e5 | ITER: 5 START
2019-12-13 15:36:10.120 1920 RALLYDEBUG rally.task.utils [-] Waiting for resource s_rally_084dd3cc_irqutzUy. Status changed: DOWNLOADING => AVAILABLE in 6.89811086655
2019-12-13 15:36:10.221 1920 INFO rally.task.runner [-] Task 0ceae8b9-9fdd-4573-8094-ed7254c521e5 | ITER: 2 END: OK
2019-12-13 15:36:10.227 1920 INFO rally.task.runner [-] Task 0ceae8b9-9fdd-4573-8094-ed7254c521e5 | ITER: 6 START
2019-12-13 15:36:12.269 1922 RALLYDEBUG rally.task.utils [-] Waiting for resource s_rally_084dd3cc_pAtOjiOF. Status changed: DOWNLOADING => AVAILABLE in 6.70152497292
2019-12-13 15:36:12.285 1919 RALLYDEBUG rally.task.utils [-] Waiting for resource s_rally_084dd3cc_BRb6B9wQ. Status changed: DOWNLOADING => AVAILABLE in 6.69724106789
2019-12-13 15:36:12.416 1922 INFO rally.task.runner [-] Task 0ceae8b9-9fdd-4573-8094-ed7254c521e5 | ITER: 4 END: OK
2019-12-13 15:36:12.422 1922 INFO rally.task.runner [-] Task 0ceae8b9-9fdd-4573-8094-ed7254c521e5 | ITER: 7 START
2019-12-13 15:36:12.423 1919 INFO rally.task.runner [-] Task 0ceae8b9-9fdd-4573-8094-ed7254c521e5 | ITER: 1 END: OK
2019-12-13 15:36:12.429 1919 INFO rally.task.runner [-] Task 0ceae8b9-9fdd-4573-8094-ed7254c521e5 | ITER: 8 START
2019-12-13 15:36:14.990 1921 RALLYDEBUG rally.task.utils [-] Waiting for resource s_rally_084dd3cc_qEPvU1vX. Status changed: CREATING => DOWNLOADING in 2.33742618561
2019-12-13 15:36:15.358 1920 RALLYDEBUG rally.task.utils [-] Waiting for resource s_rally_084dd3cc_Dv06jWq5. Status changed: CREATING => DOWNLOADING in 2.33413290977
2019-12-13 15:36:17.552 1922 RALLYDEBUG rally.task.utils [-] Waiting for resource s_rally_084dd3cc_0nhOLgiz. Status changed: CREATING => DOWNLOADING in 2.30936408043
2019-12-13 15:36:17.732 1919 RALLYDEBUG rally.task.utils [-] Waiting for resource s_rally_084dd3cc_NxaHTO1K. Status changed: CREATING => DOWNLOADING in 2.31460785866
2019-12-13 15:36:19.571 1920 RALLYDEBUG rally.task.utils [-] Waiting for resource s_rally_084dd3cc_Dv06jWq5. Status changed: DOWNLOADING => AVAILABLE in 4.21317911148
2019-12-13 15:36:19.681 1920 INFO rally.task.runner [-] Task 0ceae8b9-9fdd-4573-8094-ed7254c521e5 | ITER: 6 END: OK
2019-12-13 15:36:19.687 1920 INFO rally.task.runner [-] Task 0ceae8b9-9fdd-4573-8094-ed7254c521e5 | ITER: 9 START
2019-12-13 15:36:21.755 1922 RALLYDEBUG rally.task.utils [-] Waiting for resource s_rally_084dd3cc_0nhOLgiz. Status changed: DOWNLOADING => AVAILABLE in 4.20253586769
2019-12-13 15:36:21.874 1922 INFO rally.task.runner [-] Task 0ceae8b9-9fdd-4573-8094-ed7254c521e5 | ITER: 7 END: OK
2019-12-13 15:36:21.880 1922 INFO rally.task.runner [-] Task 0ceae8b9-9fdd-4573-8094-ed7254c521e5 | ITER: 10 START
2019-12-13 15:36:23.465 1921 RALLYDEBUG rally.task.utils [-] Waiting for resource s_rally_084dd3cc_qEPvU1vX. Status changed: DOWNLOADING => AVAILABLE in 8.47542595863
2019-12-13 15:36:23.572 1921 INFO rally.task.runner [-] Task 0ceae8b9-9fdd-4573-8094-ed7254c521e5 | ITER: 5 END: OK
2019-12-13 15:36:24.082 1919 RALLYDEBUG rally.task.utils [-] Waiting for resource s_rally_084dd3cc_NxaHTO1K. Status changed: DOWNLOADING => AVAILABLE in 6.34956002235
2019-12-13 15:36:24.186 1919 INFO rally.task.runner [-] Task 0ceae8b9-9fdd-4573-8094-ed7254c521e5 | ITER: 8 END: OK
2019-12-13 15:36:25.044 1920 RALLYDEBUG rally.task.utils [-] Waiting for resource s_rally_084dd3cc_LNjJVezT. Status changed: CREATING => DOWNLOADING in 2.57964706421
2019-12-13 15:36:27.317 1922 RALLYDEBUG rally.task.utils [-] Waiting for resource s_rally_084dd3cc_nmIZbOB4. Status changed: CREATING => DOWNLOADING in 2.56454610825
2019-12-13 15:36:29.422 1920 RALLYDEBUG rally.task.utils [-] Waiting for resource s_rally_084dd3cc_LNjJVezT. Status changed: DOWNLOADING => AVAILABLE in 4.3782980442
2019-12-13 15:36:29.537 1920 INFO rally.task.runner [-] Task 0ceae8b9-9fdd-4573-8094-ed7254c521e5 | ITER: 9 END: OK
2019-12-13 15:36:31.528 1922 RALLYDEBUG rally.task.utils [-] Waiting for resource s_rally_084dd3cc_nmIZbOB4. Status changed: DOWNLOADING => AVAILABLE in 4.21176099777
2019-12-13 15:36:31.626 1922 INFO rally.task.runner [-] Task 0ceae8b9-9fdd-4573-8094-ed7254c521e5 | ITER: 10 END: OK
2019-12-13 15:36:31.657 1347 INFO rally.task.context [-] Task 0ceae8b9-9fdd-4573-8094-ed7254c521e5 | Context cleanup@openstack cleanup() started
2019-12-13 15:36:31.660 1347 RALLYDEBUG rally_openstack.cleanup.manager [-] Cleaning up cinder backups objects
2019-12-13 15:36:32.390 1347 RALLYDEBUG rally_openstack.cleanup.manager [-] Cleaning up cinder volume_snapshots objects
2019-12-13 15:36:33.023 1347 RALLYDEBUG rally_openstack.cleanup.manager [-] Cleaning up cinder transfers objects
2019-12-13 15:36:33.614 1347 RALLYDEBUG rally_openstack.cleanup.manager [-] Cleaning up cinder volumes objects
2019-12-13 15:36:34.428 1347 RALLYDEBUG rally_openstack.cleanup.manager [-] Deleting cinder.volumes object s_rally_084dd3cc_LNjJVezT (736bd398-50f3-4272-8ff6-05f59ab20cec)
2019-12-13 15:36:34.431 1347 RALLYDEBUG rally_openstack.cleanup.manager [-] Deleting cinder.volumes object s_rally_084dd3cc_pAtOjiOF (3d34873f-3a33-46db-8c02-fc1a943684a4)
2019-12-13 15:36:34.431 1347 RALLYDEBUG rally_openstack.cleanup.manager [-] Deleting cinder.volumes object s_rally_084dd3cc_qEPvU1vX (13a35919-ccdc-47c8-bc39-2b6c0c123053)
2019-12-13 15:36:34.432 1347 RALLYDEBUG rally_openstack.cleanup.manager [-] Deleting cinder.volumes object s_rally_084dd3cc_nmIZbOB4 (d3bec5ef-c66d-4f6f-bbd0-265c1b529c24)
2019-12-13 15:36:34.443 1347 RALLYDEBUG rally_openstack.cleanup.manager [-] Deleting cinder.volumes object s_rally_084dd3cc_0nhOLgiz (435e2e0d-43fe-4b6c-8c8f-821bb0032070)
2019-12-13 15:36:34.443 1347 RALLYDEBUG rally_openstack.cleanup.manager [-] Deleting cinder.volumes object s_rally_084dd3cc_Sl6klj9Y (be864346-744d-4c0a-b9c8-7afe45f52079)
2019-12-13 15:36:34.449 1347 RALLYDEBUG rally_openstack.cleanup.manager [-] Deleting cinder.volumes object s_rally_084dd3cc_NxaHTO1K (7b7e1ee5-8a23-40fc-9db9-9e1b9ea9235a)
2019-12-13 15:36:34.479 1347 RALLYDEBUG rally_openstack.cleanup.manager [-] Deleting cinder.volumes object s_rally_084dd3cc_Dv06jWq5 (7daeba45-1b51-4df4-9efb-cdf1554e906f)
2019-12-13 15:36:34.506 1347 RALLYDEBUG rally_openstack.cleanup.manager [-] Deleting cinder.volumes object s_rally_084dd3cc_irqutzUy (97dd8e0c-91b8-46ca-ac28-d0fd53d1ce7c)
2019-12-13 15:36:34.519 1347 RALLYDEBUG rally_openstack.cleanup.manager [-] Deleting cinder.volumes object s_rally_084dd3cc_BRb6B9wQ (66df910a-4d8a-401f-8c63-cfb7b49a1bcf)
2019-12-13 15:36:37.796 1347 INFO rally.task.context [-] Task 0ceae8b9-9fdd-4573-8094-ed7254c521e5 | Context cleanup@openstack cleanup() finished in 6.14 sec
2019-12-13 15:36:37.796 1347 INFO rally.task.context [-] Task 0ceae8b9-9fdd-4573-8094-ed7254c521e5 | Context quotas@openstack cleanup() started
2019-12-13 15:36:37.943 1347 INFO rally.task.context [-] Task 0ceae8b9-9fdd-4573-8094-ed7254c521e5 | Context quotas@openstack cleanup() finished in 0.15 sec
2019-12-13 15:36:37.944 1347 INFO rally.task.context [-] Task 0ceae8b9-9fdd-4573-8094-ed7254c521e5 | Context api_versions@openstack cleanup() started
2019-12-13 15:36:37.944 1347 INFO rally.task.context [-] Task 0ceae8b9-9fdd-4573-8094-ed7254c521e5 | Context api_versions@openstack cleanup() finished in 0.36 msec
2019-12-13 15:36:37.945 1347 INFO rally.task.context [-] Task 0ceae8b9-9fdd-4573-8094-ed7254c521e5 | Context users@openstack cleanup() started
2019-12-13 15:36:43.813 1347 INFO rally.task.context [-] Task 0ceae8b9-9fdd-4573-8094-ed7254c521e5 | Context users@openstack cleanup() finished in 5.87 sec
2019-12-13 15:36:44.292 1347 INFO rally.task.engine [-] Load duration is: 32.536332
2019-12-13 15:36:44.292 1347 INFO rally.task.engine [-] Full runner duration is: 32.592422
2019-12-13 15:36:44.292 1347 INFO rally.task.engine [-] Full duration is: 47.751738
2019-12-13 15:36:44.351 1347 INFO rally.task.engine [-] Running workload: position = 1 config = { "version": 2, "title": "A cropped version of a bigger task.", "description": "Auto-generated task from a single workload (uuid=a560ffe1-b12c-4c85-af77-428726d1fe3d)", "subtasks": [ { "title": "CinderVolumes.create_and_list_volume", "description": "Create a volume and list all volumes.", "scenario": { "CinderVolumes.create_and_list_volume": { "detailed": true, "size": 1 } }, "contexts": { "users": { "tenants": 3, "users_per_tenant": 2 }, "quotas": { "cinder": { "gigabytes": -1, "snapshots": -1, "volumes": -1 } }, "api_versions": { "cinder": { "version": 3, "service_type": "volumev3" } } }, "runner": { "constant": { "concurrency": 4, "times": 10 } }, "hooks": [], "sla": { "failure_rate": { "max": 0 } } } ] }
2019-12-13 15:36:44.364 1347 RALLYDEBUG rally_openstack.contexts.keystone.users [-] Creating 3 tenants using 20 threads
2019-12-13 15:36:44.859 1347 RALLYDEBUG rally_openstack.contexts.keystone.users [-] Creating 6 users using 20 threads
2019-12-13 15:36:45.537 1347 INFO rally.task.context [-] Task 0ceae8b9-9fdd-4573-8094-ed7254c521e5 | Context users@openstack setup() finished in 1.17 sec
2019-12-13 15:36:45.759 1347 INFO rally.task.context [-] Task 0ceae8b9-9fdd-4573-8094-ed7254c521e5 | Context api_versions@openstack setup() finished in 0.22 sec
2019-12-13 15:36:46.738 1347 INFO rally.task.context [-] Task 0ceae8b9-9fdd-4573-8094-ed7254c521e5 | Context quotas@openstack setup() finished in 0.98 sec
2019-12-13 15:36:46.739 1347 INFO rally.task.context [-] Task 0ceae8b9-9fdd-4573-8094-ed7254c521e5 | Context cleanup@openstack setup() finished in 0.01 msec
2019-12-13 15:36:46.748 1347 RALLYDEBUG rally.task.runner [-] Starting the constant runner (task UUID: 0ceae8b9-9fdd-4573-8094-ed7254c521e5). timeout: 0 concurrency: 4 concurrency_per_worker: 1 times: 10 concurrency_overhead: 0 processes_to_start: 4 max_cpu_used: 88
2019-12-13 15:36:46.759 2103 RALLYDEBUG rally.task.runner [-] Starting a worker. concurrency: 1 args: {"detailed": true, "size": 1} times: 10 method_name: run timeout: 0 duration: None cls:
2019-12-13 15:36:46.761 2104 RALLYDEBUG rally.task.runner [-] Starting a worker. concurrency: 1 args: {"detailed": true, "size": 1} times: 10 method_name: run timeout: 0 duration: None cls:
2019-12-13 15:36:46.764 2105 RALLYDEBUG rally.task.runner [-] Starting a worker. concurrency: 1 args: {"detailed": true, "size": 1} times: 10 method_name: run timeout: 0 duration: None cls:
2019-12-13 15:36:46.765 2106 RALLYDEBUG rally.task.runner [-] Starting a worker. concurrency: 1 args: {"detailed": true, "size": 1} times: 10 method_name: run timeout: 0 duration: None cls:
2019-12-13 15:36:46.768 2103 INFO rally.task.runner [-] Task 0ceae8b9-9fdd-4573-8094-ed7254c521e5 | ITER: 1 START
2019-12-13 15:36:46.770 2104 INFO rally.task.runner [-] Task 0ceae8b9-9fdd-4573-8094-ed7254c521e5 | ITER: 2 START
2019-12-13 15:36:46.773 2105 INFO rally.task.runner [-] Task 0ceae8b9-9fdd-4573-8094-ed7254c521e5 | ITER: 3 START
2019-12-13 15:36:46.773 2106 INFO rally.task.runner [-] Task 0ceae8b9-9fdd-4573-8094-ed7254c521e5 | ITER: 4 START
2019-12-13 15:36:50.024 2105 INFO rally.task.runner [-] Task 0ceae8b9-9fdd-4573-8094-ed7254c521e5 | ITER: 3 END: OK
2019-12-13 15:36:50.031 2105 INFO rally.task.runner [-] Task 0ceae8b9-9fdd-4573-8094-ed7254c521e5 | ITER: 5 START
2019-12-13 15:36:50.322 2103 INFO rally.task.runner [-] Task 0ceae8b9-9fdd-4573-8094-ed7254c521e5 | ITER: 1 END: OK
2019-12-13 15:36:50.328 2103 INFO rally.task.runner [-] Task 0ceae8b9-9fdd-4573-8094-ed7254c521e5 | ITER: 6 START
2019-12-13 15:36:50.498 2106 INFO rally.task.runner [-] Task 0ceae8b9-9fdd-4573-8094-ed7254c521e5 | ITER: 4 END: OK
2019-12-13 15:36:50.500 2104 INFO rally.task.runner [-] Task 0ceae8b9-9fdd-4573-8094-ed7254c521e5 | ITER: 2 END: OK
2019-12-13 15:36:50.505 2106 INFO rally.task.runner [-] Task 0ceae8b9-9fdd-4573-8094-ed7254c521e5 | ITER: 7 START
2019-12-13 15:36:50.506 2104 INFO rally.task.runner [-] Task 0ceae8b9-9fdd-4573-8094-ed7254c521e5 | ITER: 8 START
2019-12-13 15:36:52.981 2105 INFO rally.task.runner [-] Task 0ceae8b9-9fdd-4573-8094-ed7254c521e5 | ITER: 5 END: OK
2019-12-13 15:36:52.986 2105 INFO rally.task.runner [-] Task 0ceae8b9-9fdd-4573-8094-ed7254c521e5 | ITER: 9 START
2019-12-13 15:36:53.325 2103 INFO rally.task.runner [-] Task 0ceae8b9-9fdd-4573-8094-ed7254c521e5 | ITER: 6 END: OK
2019-12-13 15:36:53.330 2103 INFO rally.task.runner [-] Task 0ceae8b9-9fdd-4573-8094-ed7254c521e5 | ITER: 10 START
2019-12-13 15:36:53.342 2104 INFO rally.task.runner [-] Task 0ceae8b9-9fdd-4573-8094-ed7254c521e5 | ITER: 8 END: OK
2019-12-13 15:36:53.447 2106 INFO rally.task.runner [-] Task 0ceae8b9-9fdd-4573-8094-ed7254c521e5 | ITER: 7 END: OK
2019-12-13 15:36:55.878 2105 INFO rally.task.runner [-] Task 0ceae8b9-9fdd-4573-8094-ed7254c521e5 | ITER: 9 END: OK
2019-12-13 15:36:56.163 2103 INFO rally.task.runner [-] Task 0ceae8b9-9fdd-4573-8094-ed7254c521e5 | ITER: 10 END: OK
2019-12-13 15:36:56.188 1347 INFO rally.task.context [-] Task 0ceae8b9-9fdd-4573-8094-ed7254c521e5 | Context cleanup@openstack cleanup() started
2019-12-13 15:36:56.191 1347 RALLYDEBUG rally_openstack.cleanup.manager [-] Cleaning up cinder backups objects
2019-12-13 15:36:56.829 1347 RALLYDEBUG rally_openstack.cleanup.manager [-] Cleaning up cinder volume_snapshots objects
2019-12-13 15:36:59.528 1347 RALLYDEBUG rally_openstack.cleanup.manager [-] Cleaning up cinder transfers objects
2019-12-13 15:37:00.123 1347 RALLYDEBUG rally_openstack.cleanup.manager [-] Cleaning up cinder volumes objects
2019-12-13 15:37:00.944 1347 RALLYDEBUG rally_openstack.cleanup.manager [-] Deleting cinder.volumes object s_rally_a560ffe1_gPH8rRyY (92b442d1-53fd-4476-97a2-061e4318679a)
2019-12-13 15:37:00.944 1347 RALLYDEBUG rally_openstack.cleanup.manager [-] Deleting cinder.volumes object s_rally_a560ffe1_JewyzWjf (37ff250f-6840-4b9a-8469-09acddaed2ae)
2019-12-13 15:37:00.945 1347 RALLYDEBUG rally_openstack.cleanup.manager [-] Deleting cinder.volumes object s_rally_a560ffe1_GJFlEDFI (56cf8518-e8e8-44c1-ae27-bcf10da51416)
2019-12-13 15:37:00.948 1347 RALLYDEBUG rally_openstack.cleanup.manager [-] Deleting cinder.volumes object s_rally_a560ffe1_xCX19S6w (fd9eeb45-d2a9-4002-ae80-02af49a1f8ca)
2019-12-13 15:37:00.949 1347 RALLYDEBUG rally_openstack.cleanup.manager [-] Deleting cinder.volumes object s_rally_a560ffe1_pbvOZTLx (2e9931c7-e925-4232-989d-8f08b800dbb0)
2019-12-13 15:37:00.956 1347 RALLYDEBUG rally_openstack.cleanup.manager [-] Deleting cinder.volumes object s_rally_a560ffe1_XnToNXOk (c4c11b75-4a1f-4cee-9647-1bf35c3b9548)
2019-12-13 15:37:00.955 1347 RALLYDEBUG rally_openstack.cleanup.manager [-] Deleting cinder.volumes object s_rally_a560ffe1_EeWb1TNS (6a5d67bd-934c-4788-ac0d-b53a9e95214d)
2019-12-13 15:37:00.968 1347 RALLYDEBUG rally_openstack.cleanup.manager [-] Deleting cinder.volumes object s_rally_a560ffe1_OiCP36mC (8f317150-3076-4167-93cb-02d17d0959a6)
2019-12-13 15:37:00.979 1347 RALLYDEBUG rally_openstack.cleanup.manager [-] Deleting cinder.volumes object s_rally_a560ffe1_XqwOb4dQ (25b4d638-c880-4cc7-8043-9165452ef081)
2019-12-13 15:37:00.986 1347 RALLYDEBUG rally_openstack.cleanup.manager [-] Deleting cinder.volumes object s_rally_a560ffe1_jMsVmhLC (2e3a6508-e6dd-4401-82f2-1331953ecfc1)
2019-12-13 15:37:13.477 1347 INFO rally.task.context [-] Task 0ceae8b9-9fdd-4573-8094-ed7254c521e5 | Context cleanup@openstack cleanup() finished in 17.29 sec
2019-12-13 15:37:13.478 1347 INFO rally.task.context [-] Task 0ceae8b9-9fdd-4573-8094-ed7254c521e5 | Context quotas@openstack cleanup() started
2019-12-13 15:37:13.629 1347 INFO rally.task.context [-] Task 0ceae8b9-9fdd-4573-8094-ed7254c521e5 | Context quotas@openstack cleanup() finished in 0.15 sec
2019-12-13 15:37:13.629 1347 INFO rally.task.context [-] Task 0ceae8b9-9fdd-4573-8094-ed7254c521e5 | Context api_versions@openstack cleanup() started
2019-12-13 15:37:13.630 1347 INFO rally.task.context [-] Task 0ceae8b9-9fdd-4573-8094-ed7254c521e5 | Context api_versions@openstack cleanup() finished in 0.37 msec
2019-12-13 15:37:13.630 1347 INFO rally.task.context [-] Task 0ceae8b9-9fdd-4573-8094-ed7254c521e5 | Context users@openstack cleanup() started
2019-12-13 15:37:17.006 1347 INFO rally.task.context [-] Task 0ceae8b9-9fdd-4573-8094-ed7254c521e5 | Context users@openstack cleanup() finished in 3.38 sec
2019-12-13 15:37:18.563 1347 INFO rally.task.engine [-] Load duration is: 9.392148
2019-12-13 15:37:18.564 1347 INFO rally.task.engine [-] Full runner duration is: 9.440801
2019-12-13 15:37:18.564 1347 INFO rally.task.engine [-] Full duration is: 32.643917
2019-12-13 15:37:18.654 1347 INFO rally.task.engine [-] Running workload: position = 0 config = { "version": 2, "title": "A cropped version of a bigger task.", "description": "Auto-generated task from a single workload (uuid=9a709ee6-4eda-4740-8043-6f6666149f68)", "subtasks": [ { "title": "CinderVolumes.create_and_upload_volume_to_image", "description": "Create and upload a volume to image.", "scenario": { "CinderVolumes.create_and_upload_volume_to_image": { "container_format": "bare", "disk_format": "raw", "do_delete": true, "force": false, "size": 1 } }, "contexts": { "users": { "tenants": 3, "users_per_tenant": 2 }, "quotas": { "cinder": { "gigabytes": -1, "snapshots": -1, "volumes": -1 } }, "api_versions": { "cinder": { "version": 3, "service_type": "volumev3" } } }, "runner": { "constant": { "concurrency": 4, "times": 10 } }, "hooks": [], "sla": { "failure_rate": { "max": 0 } } } ] }
2019-12-13 15:37:18.668 1347 RALLYDEBUG rally_openstack.contexts.keystone.users [-] Creating 3 tenants using 20 threads
2019-12-13 15:37:19.119 1347 RALLYDEBUG rally_openstack.contexts.keystone.users [-] Creating 6 users using 20 threads
2019-12-13 15:37:20.076 1347 INFO rally.task.context [-] Task 0ceae8b9-9fdd-4573-8094-ed7254c521e5 | Context users@openstack setup() finished in 1.41 sec
2019-12-13 15:37:20.312 1347 INFO rally.task.context [-] Task 0ceae8b9-9fdd-4573-8094-ed7254c521e5 | Context api_versions@openstack setup() finished in 0.23 sec
