2019-12-02 16:34:13.614 725 DEBUG novaclient.v2.client [-] REQ: curl -g -i -X GET http://compute-airship.intel-pod17.opnfv.org:80/v2/c9c55a0d45e948c4bd6bd700d2267a32/flavors/74f3c2c4-ae56-4afc-9b54-4470e598cfe7 -H "Accept: application/json" -H "User-Agent: python-novaclient" -H "X-Auth-Token: {SHA1}ca9fd26e2331f5c775ed29bbcb4358e21b6976f2" _http_log_request /usr/lib/python2.7/site-packages/keystoneauth1/session.py:448
2019-12-02 16:34:13.738 725 DEBUG novaclient.v2.client [-] RESP: [200] Connection: keep-alive Content-Encoding: gzip Content-Type: application/json Date: Mon, 02 Dec 2019 16:34:13 GMT Transfer-Encoding: chunked Vary: Accept-Encoding X-Compute-Request-Id: req-17e8588c-7e3d-463c-a7a3-26dc31e7ed43 _http_log_response /usr/lib/python2.7/site-packages/keystoneauth1/session.py:479
2019-12-02 16:34:13.738 725 DEBUG novaclient.v2.client [-] RESP BODY: {"flavor": {"links": [{"href": "http://compute-airship.intel-pod17.opnfv.org/v2/c9c55a0d45e948c4bd6bd700d2267a32/flavors/74f3c2c4-ae56-4afc-9b54-4470e598cfe7", "rel": "self"}, {"href": "http://compute-airship.intel-pod17.opnfv.org/c9c55a0d45e948c4bd6bd700d2267a32/flavors/74f3c2c4-ae56-4afc-9b54-4470e598cfe7", "rel": "bookmark"}], "ram": 512, "OS-FLV-DISABLED:disabled": false, "os-flavor-access:is_public": true, "rxtx_factor": 1.0, "disk": 1, "id": "74f3c2c4-ae56-4afc-9b54-4470e598cfe7", "name": "rally_full-flavor_2442087f-808c-42c2-8504-372de7ca5447", "vcpus": 1, "swap": "", "OS-FLV-EXT-DATA:ephemeral": 0}} _http_log_response /usr/lib/python2.7/site-packages/keystoneauth1/session.py:511
2019-12-02 16:34:13.739 725 DEBUG novaclient.v2.client [-] GET call to compute for http://compute-airship.intel-pod17.opnfv.org:80/v2/c9c55a0d45e948c4bd6bd700d2267a32/flavors/74f3c2c4-ae56-4afc-9b54-4470e598cfe7 used request id req-17e8588c-7e3d-463c-a7a3-26dc31e7ed43 request /usr/lib/python2.7/site-packages/keystoneauth1/session.py:844
2019-12-02 16:34:14.162 725 INFO rally.task.context [-] Task 897f00e2-5f28-40f9-9eeb-1703fcde0d0d | Context users@openstack cleanup() started
2019-12-02 16:34:15.809 725 INFO rally.task.context [-] Task 897f00e2-5f28-40f9-9eeb-1703fcde0d0d | Context users@openstack cleanup() finished in 1.65 sec
2019-12-02 16:34:15.810 725 INFO rally.task.engine [-] Task 897f00e2-5f28-40f9-9eeb-1703fcde0d0d | Completed: Task validation of semantic.
2019-12-02 16:34:15.810 725 INFO rally.task.engine [-] Task 897f00e2-5f28-40f9-9eeb-1703fcde0d0d | Completed: Task validation.
2019-12-02 16:34:15.810 725 INFO rally.api [-] Task 897f00e2-5f28-40f9-9eeb-1703fcde0d0d input file is valid.
2019-12-02 16:34:15.811 725 INFO rally.api [-] Run Task 897f00e2-5f28-40f9-9eeb-1703fcde0d0d against Deployment c8fa8082-5574-4bd4-a6b6-b9d733615d63
2019-12-02 16:34:15.811 725 INFO rally.task.engine [-] Task 897f00e2-5f28-40f9-9eeb-1703fcde0d0d | Starting: Running task.
2019-12-02 16:34:15.860 725 INFO rally.task.engine [-] Running workload: position = 0 config = { "version": 2, "title": "A cropped version of a bigger task.", "description": "Auto-generated task from a single workload (uuid=58b670d2-4c7e-478f-b35b-ad013bc504e8)", "subtasks": [ { "title": "GlanceImages.create_and_delete_image", "description": "Create and then delete an image.", "scenario": { "GlanceImages.create_and_delete_image": { "container_format": "bare", "disk_format": "qcow2", "image_location": "/home/opnfv/functest/images/cirros-0.4.0-x86_64-disk.img" } }, "contexts": { "users": { "tenants": 3, "users_per_tenant": 2 } }, "runner": { "constant": { "concurrency": 4, "times": 10 } }, "hooks": [], "sla": { "failure_rate": { "max": 0 } } } ] }
2019-12-02 16:34:15.880 725 RALLYDEBUG rally_openstack.contexts.keystone.users [-] Creating 3 tenants using 20 threads
2019-12-02 16:34:16.505 725 RALLYDEBUG rally_openstack.contexts.keystone.users [-] Creating 6 users using 20 threads
2019-12-02 16:34:17.849 725 INFO rally.task.context [-] Task 897f00e2-5f28-40f9-9eeb-1703fcde0d0d | Context users@openstack setup() finished in 1.97 sec
2019-12-02 16:34:17.849 725 INFO rally.task.context [-] Task 897f00e2-5f28-40f9-9eeb-1703fcde0d0d | Context cleanup@openstack setup() finished in 0.00 msec
2019-12-02 16:34:17.859 725 RALLYDEBUG rally.task.runner [-] Starting the constant runner (task UUID: 897f00e2-5f28-40f9-9eeb-1703fcde0d0d). timeout: 0 concurrency: 4 concurrency_per_worker: 1 times: 10 concurrency_overhead: 0 processes_to_start: 4 max_cpu_used: 88
2019-12-02 16:34:17.873 849 RALLYDEBUG rally.task.runner [-] Starting a worker. concurrency: 1 args: {"container_format": "bare", "disk_format": "qcow2", "image_location": "/home/opnfv/functest/images/cirros-0.4.0-x86_64-disk.img"} times: 10 method_name: run timeout: 0 duration: None cls:
2019-12-02 16:34:17.876 850 RALLYDEBUG rally.task.runner [-] Starting a worker. concurrency: 1 args: {"container_format": "bare", "disk_format": "qcow2", "image_location": "/home/opnfv/functest/images/cirros-0.4.0-x86_64-disk.img"} times: 10 method_name: run timeout: 0 duration: None cls:
2019-12-02 16:34:17.878 851 RALLYDEBUG rally.task.runner [-] Starting a worker. concurrency: 1 args: {"container_format": "bare", "disk_format": "qcow2", "image_location": "/home/opnfv/functest/images/cirros-0.4.0-x86_64-disk.img"} times: 10 method_name: run timeout: 0 duration: None cls:
2019-12-02 16:34:17.880 849 INFO rally.task.runner [-] Task 897f00e2-5f28-40f9-9eeb-1703fcde0d0d | ITER: 1 START
2019-12-02 16:34:17.881 852 RALLYDEBUG rally.task.runner [-] Starting a worker. concurrency: 1 args: {"container_format": "bare", "disk_format": "qcow2", "image_location": "/home/opnfv/functest/images/cirros-0.4.0-x86_64-disk.img"} times: 10 method_name: run timeout: 0 duration: None cls:
2019-12-02 16:34:17.883 850 INFO rally.task.runner [-] Task 897f00e2-5f28-40f9-9eeb-1703fcde0d0d | ITER: 2 START
2019-12-02 16:34:17.885 851 INFO rally.task.runner [-] Task 897f00e2-5f28-40f9-9eeb-1703fcde0d0d | ITER: 3 START
2019-12-02 16:34:17.888 852 INFO rally.task.runner [-] Task 897f00e2-5f28-40f9-9eeb-1703fcde0d0d | ITER: 4 START
2019-12-02 16:34:20.828 851 RALLYDEBUG rally.task.utils [-] Waiting for resource u'6c05bcb4-d24f-47a4-b114-2e7ccee6da98'. Status changed: NONE => QUEUED in 0.072359085083
2019-12-02 16:34:20.890 850 RALLYDEBUG rally.task.utils [-] Waiting for resource u'99a6c07e-33b2-4035-b2db-d157d469887c'. Status changed: NONE => QUEUED in 0.077586889267
2019-12-02 16:34:20.999 849 RALLYDEBUG rally.task.utils [-] Waiting for resource u'7799d924-2975-4a87-8062-735f66437987'. Status changed: NONE => QUEUED in 0.0864460468292
2019-12-02 16:34:21.036 852 RALLYDEBUG rally.task.utils [-] Waiting for resource u'f9d52a78-962c-4cc9-b6cf-1416e5f57430'. Status changed: NONE => QUEUED in 0.0924029350281
2019-12-02 16:34:21.975 850 RALLYDEBUG rally.task.utils [-] Waiting for resource s_rally_58b670d2_WZjcCoR2. Status changed: QUEUED => ACTIVE in 0.047816991806
2019-12-02 16:34:22.050 851 RALLYDEBUG rally.task.utils [-] Waiting for resource s_rally_58b670d2_l3DFLOnD. Status changed: QUEUED => ACTIVE in 0.0393350124359
2019-12-02 16:34:22.293 849 RALLYDEBUG rally.task.utils [-] Waiting for resource s_rally_58b670d2_h8hI68V1. Status changed: QUEUED => ACTIVE in 0.0405271053314
2019-12-02 16:34:22.337 852 RALLYDEBUG rally.task.utils [-] Waiting for resource s_rally_58b670d2_da7WgVWu. Status changed: QUEUED => ACTIVE in 0.0575420856476
2019-12-02 16:34:22.498 850 INFO rally.task.runner [-] Task 897f00e2-5f28-40f9-9eeb-1703fcde0d0d | ITER: 2 END: OK
2019-12-02 16:34:22.503 850 INFO rally.task.runner [-] Task 897f00e2-5f28-40f9-9eeb-1703fcde0d0d | ITER: 5 START
2019-12-02 16:34:22.684 851 INFO rally.task.runner [-] Task 897f00e2-5f28-40f9-9eeb-1703fcde0d0d | ITER: 3 END: OK
2019-12-02 16:34:22.689 851 INFO rally.task.runner [-] Task 897f00e2-5f28-40f9-9eeb-1703fcde0d0d | ITER: 6 START
2019-12-02 16:34:22.904 849 INFO rally.task.runner [-] Task 897f00e2-5f28-40f9-9eeb-1703fcde0d0d | ITER: 1 END: OK
2019-12-02 16:34:22.908 849 INFO rally.task.runner [-] Task 897f00e2-5f28-40f9-9eeb-1703fcde0d0d | ITER: 7 START
2019-12-02 16:34:23.020 852 INFO rally.task.runner [-] Task 897f00e2-5f28-40f9-9eeb-1703fcde0d0d | ITER: 4 END: OK
2019-12-02 16:34:23.024 852 INFO rally.task.runner [-] Task 897f00e2-5f28-40f9-9eeb-1703fcde0d0d | ITER: 8 START
2019-12-02 16:34:25.067 850 RALLYDEBUG rally.task.utils [-] Waiting for resource u'2d8dc35f-ea3f-40f8-b451-484da3925cee'. Status changed: NONE => QUEUED in 0.0661880970001
2019-12-02 16:34:25.388 851 RALLYDEBUG rally.task.utils [-] Waiting for resource u'469ee5bd-d992-42d7-9618-334cc3838a87'. Status changed: NONE => QUEUED in 0.0908699035645
2019-12-02 16:34:25.623 849 RALLYDEBUG rally.task.utils [-] Waiting for resource u'336c8802-af73-40a5-b260-fb918331cd7b'. Status changed: NONE => QUEUED in 0.0799100399017
2019-12-02 16:34:25.651 852 RALLYDEBUG rally.task.utils [-] Waiting for resource u'b163f8ae-e4e0-43eb-9361-4b5c7af9aab6'. Status changed: NONE => QUEUED in 0.0712580680847
2019-12-02 16:34:26.127 850 RALLYDEBUG rally.task.utils [-] Waiting for resource s_rally_58b670d2_fAu1SApk. Status changed: QUEUED => ACTIVE in 0.0432000160217
2019-12-02 16:34:26.402 851 RALLYDEBUG rally.task.utils [-] Waiting for resource s_rally_58b670d2_JSABbmbt. Status changed: QUEUED => ACTIVE in 0.0435409545898
2019-12-02 16:34:26.842 850 INFO rally.task.runner [-] Task 897f00e2-5f28-40f9-9eeb-1703fcde0d0d | ITER: 5 END: OK
2019-12-02 16:34:26.847 850 INFO rally.task.runner [-] Task 897f00e2-5f28-40f9-9eeb-1703fcde0d0d | ITER: 9 START
2019-12-02 16:34:26.992 852 RALLYDEBUG rally.task.utils [-] Waiting for resource s_rally_58b670d2_3Rk89cIz. Status changed: QUEUED => ACTIVE in 0.0711688995361
2019-12-02 16:34:26.998 849 RALLYDEBUG rally.task.utils [-] Waiting for resource s_rally_58b670d2_TWTg7fN8. Status changed: QUEUED => ACTIVE in 0.0612349510193
2019-12-02 16:34:27.069 851 INFO rally.task.runner [-] Task 897f00e2-5f28-40f9-9eeb-1703fcde0d0d | ITER: 6 END: OK
2019-12-02 16:34:27.073 851 INFO rally.task.runner [-] Task 897f00e2-5f28-40f9-9eeb-1703fcde0d0d | ITER: 10 START
2019-12-02 16:34:27.602 849 INFO rally.task.runner [-] Task 897f00e2-5f28-40f9-9eeb-1703fcde0d0d | ITER: 7 END: OK
2019-12-02 16:34:27.863 852 INFO rally.task.runner [-] Task 897f00e2-5f28-40f9-9eeb-1703fcde0d0d | ITER: 8 END: OK
2019-12-02 16:34:29.323 850 RALLYDEBUG rally.task.utils [-] Waiting for resource u'1a5f830d-32d8-49e5-ad82-2584a7b72a4d'. Status changed: NONE => QUEUED in 0.0691092014313
2019-12-02 16:34:29.827 851 RALLYDEBUG rally.task.utils [-] Waiting for resource u'b5563741-512f-4faf-8b8b-38157955ba06'. Status changed: NONE => QUEUED in 0.070986032486
2019-12-02 16:34:30.315 850 RALLYDEBUG rally.task.utils [-] Waiting for resource s_rally_58b670d2_1pq59pE9. Status changed: QUEUED => ACTIVE in 0.0565569400787
2019-12-02 16:34:30.837 851 RALLYDEBUG rally.task.utils [-] Waiting for resource s_rally_58b670d2_YWBRkr3V. Status changed: QUEUED => ACTIVE in 0.065269947052
2019-12-02 16:34:30.890 850 INFO rally.task.runner [-] Task 897f00e2-5f28-40f9-9eeb-1703fcde0d0d | ITER: 9 END: OK
2019-12-02 16:34:31.336 851 INFO rally.task.runner [-] Task 897f00e2-5f28-40f9-9eeb-1703fcde0d0d | ITER: 10 END: OK
2019-12-02 16:34:31.357 725 INFO rally.task.context [-] Task 897f00e2-5f28-40f9-9eeb-1703fcde0d0d | Context cleanup@openstack cleanup() started
2019-12-02 16:34:31.361 725 RALLYDEBUG rally_openstack.cleanup.manager [-] Cleaning up glance images objects
2019-12-02 16:34:32.455 725 INFO rally.task.context [-] Task 897f00e2-5f28-40f9-9eeb-1703fcde0d0d | Context cleanup@openstack cleanup() finished in 1.10 sec
2019-12-02 16:34:32.456 725 INFO rally.task.context [-] Task 897f00e2-5f28-40f9-9eeb-1703fcde0d0d | Context users@openstack cleanup() started
2019-12-02 16:34:36.473 725 INFO rally.task.context [-] Task 897f00e2-5f28-40f9-9eeb-1703fcde0d0d | Context users@openstack cleanup() finished in 4.02 sec
2019-12-02 16:34:37.993 725 INFO rally.task.engine [-] Load duration is: 12.942299
2019-12-02 16:34:37.993 725 INFO rally.task.engine [-] Full runner duration is: 13.498604
2019-12-02 16:34:37.993 725 INFO rally.task.engine [-] Full duration is: 20.594956
2019-12-02 16:34:38.082 725 INFO rally.task.engine [-] Running workload: position = 0 config = { "version": 2, "title": "A cropped version of a bigger task.", "description": "Auto-generated task from a single workload (uuid=91b5b17b-404a-4350-951a-7704af6d4ee6)", "subtasks": [ { "title": "GlanceImages.create_and_list_image", "description": "Create an image and then list all images.", "scenario": { "GlanceImages.create_and_list_image": { "container_format": "bare", "disk_format": "qcow2", "image_location": "/home/opnfv/functest/images/cirros-0.4.0-x86_64-disk.img" } }, "contexts": { "users": { "tenants": 3, "users_per_tenant": 2 } }, "runner": { "constant": { "concurrency": 4, "times": 10 } }, "hooks": [], "sla": { "failure_rate": { "max": 0 } } } ] }
2019-12-02 16:34:38.095 725 RALLYDEBUG rally_openstack.contexts.keystone.users [-] Creating 3 tenants using 20 threads
2019-12-02 16:34:38.743 725 RALLYDEBUG rally_openstack.contexts.keystone.users [-] Creating 6 users using 20 threads
2019-12-02 16:34:39.949 725 INFO rally.task.context [-] Task 897f00e2-5f28-40f9-9eeb-1703fcde0d0d | Context users@openstack setup() finished in 1.85 sec
2019-12-02 16:34:39.949 725 INFO rally.task.context [-] Task 897f00e2-5f28-40f9-9eeb-1703fcde0d0d | Context cleanup@openstack setup() finished in 0.01 msec
2019-12-02 16:34:39.959 725 RALLYDEBUG rally.task.runner [-] Starting the constant runner (task UUID: 897f00e2-5f28-40f9-9eeb-1703fcde0d0d). timeout: 0 concurrency: 4 concurrency_per_worker: 1 times: 10 concurrency_overhead: 0 processes_to_start: 4 max_cpu_used: 88
2019-12-02 16:34:39.971 973 RALLYDEBUG rally.task.runner [-] Starting a worker. concurrency: 1 args: {"container_format": "bare", "disk_format": "qcow2", "image_location": "/home/opnfv/functest/images/cirros-0.4.0-x86_64-disk.img"} times: 10 method_name: run timeout: 0 duration: None cls:
2019-12-02 16:34:39.974 974 RALLYDEBUG rally.task.runner [-] Starting a worker. concurrency: 1 args: {"container_format": "bare", "disk_format": "qcow2", "image_location": "/home/opnfv/functest/images/cirros-0.4.0-x86_64-disk.img"} times: 10 method_name: run timeout: 0 duration: None cls:
2019-12-02 16:34:39.977 975 RALLYDEBUG rally.task.runner [-] Starting a worker. concurrency: 1 args: {"container_format": "bare", "disk_format": "qcow2", "image_location": "/home/opnfv/functest/images/cirros-0.4.0-x86_64-disk.img"} times: 10 method_name: run timeout: 0 duration: None cls:
2019-12-02 16:34:39.978 973 INFO rally.task.runner [-] Task 897f00e2-5f28-40f9-9eeb-1703fcde0d0d | ITER: 1 START
2019-12-02 16:34:39.979 976 RALLYDEBUG rally.task.runner [-] Starting a worker. concurrency: 1 args: {"container_format": "bare", "disk_format": "qcow2", "image_location": "/home/opnfv/functest/images/cirros-0.4.0-x86_64-disk.img"} times: 10 method_name: run timeout: 0 duration: None cls:
2019-12-02 16:34:39.982 974 INFO rally.task.runner [-] Task 897f00e2-5f28-40f9-9eeb-1703fcde0d0d | ITER: 2 START
2019-12-02 16:34:39.983 975 INFO rally.task.runner [-] Task 897f00e2-5f28-40f9-9eeb-1703fcde0d0d | ITER: 3 START
2019-12-02 16:34:39.986 976 INFO rally.task.runner [-] Task 897f00e2-5f28-40f9-9eeb-1703fcde0d0d | ITER: 4 START
2019-12-02 16:34:42.882 973 RALLYDEBUG rally.task.utils [-] Waiting for resource u'9a9c3b67-4082-452a-91ad-2cc4d690f59a'. Status changed: NONE => QUEUED in 0.080451965332
2019-12-02 16:34:42.902 974 RALLYDEBUG rally.task.utils [-] Waiting for resource u'75702279-52ea-43be-a156-353c6a67398b'. Status changed: NONE => QUEUED in 0.0777139663696
2019-12-02 16:34:43.013 975 RALLYDEBUG rally.task.utils [-] Waiting for resource u'a5cd0431-0f62-49eb-baaf-259be0c7cdd8'. Status changed: NONE => QUEUED in 0.0888619422913
2019-12-02 16:34:43.020 976 RALLYDEBUG rally.task.utils [-] Waiting for resource u'be1f7e79-cc18-4783-9aee-6b96b78bafe8'. Status changed: NONE => QUEUED in 0.0819251537323
2019-12-02 16:34:44.452 976 RALLYDEBUG rally.task.utils [-] Waiting for resource s_rally_91b5b17b_N9rcdxfp. Status changed: QUEUED => ACTIVE in 0.0478899478912
2019-12-02 16:34:44.527 976 INFO rally.task.runner [-] Task 897f00e2-5f28-40f9-9eeb-1703fcde0d0d | ITER: 4 END: OK
2019-12-02 16:34:44.532 976 INFO rally.task.runner [-] Task 897f00e2-5f28-40f9-9eeb-1703fcde0d0d | ITER: 5 START
2019-12-02 16:34:44.848 973 RALLYDEBUG rally.task.utils [-] Waiting for resource s_rally_91b5b17b_E0iniUKk. Status changed: QUEUED => ACTIVE in 0.0636990070343
2019-12-02 16:34:44.849 974 RALLYDEBUG rally.task.utils [-] Waiting for resource s_rally_91b5b17b_yXBmEU81. Status changed: QUEUED => ACTIVE in 0.0462338924408
2019-12-02 16:34:45.013 973 INFO rally.task.runner [-] Task 897f00e2-5f28-40f9-9eeb-1703fcde0d0d | ITER: 1 END: OK
2019-12-02 16:34:45.015 974 INFO rally.task.runner [-] Task 897f00e2-5f28-40f9-9eeb-1703fcde0d0d | ITER: 2 END: OK
2019-12-02 16:34:45.018 973 INFO rally.task.runner [-] Task 897f00e2-5f28-40f9-9eeb-1703fcde0d0d | ITER: 6 START
2019-12-02 16:34:45.020 974 INFO rally.task.runner [-] Task 897f00e2-5f28-40f9-9eeb-1703fcde0d0d | ITER: 7 START
2019-12-02 16:34:45.089 975 RALLYDEBUG rally.task.utils [-] Waiting for resource s_rally_91b5b17b_UDJCU2pL. Status changed: QUEUED => ACTIVE in 0.0419027805328
2019-12-02 16:34:45.168 975 INFO rally.task.runner [-] Task 897f00e2-5f28-40f9-9eeb-1703fcde0d0d | ITER: 3 END: OK
2019-12-02 16:34:45.173 975 INFO rally.task.runner [-] Task 897f00e2-5f28-40f9-9eeb-1703fcde0d0d | ITER: 8 START
2019-12-02 16:34:47.143 976 RALLYDEBUG rally.task.utils [-] Waiting for resource u'9ff2c07e-f058-4c82-8c11-4ea906040704'. Status changed: NONE => QUEUED in 0.0725679397583
2019-12-02 16:34:47.586 974 RALLYDEBUG rally.task.utils [-] Waiting for resource u'b178ec57-67c0-4613-92bb-235f74e0cc2e'. Status changed: NONE => QUEUED in 0.0735161304474
2019-12-02 16:34:47.657 973 RALLYDEBUG rally.task.utils [-] Waiting for resource u'e8e05f40-f90a-4678-b3cd-822c0ab66460'. Status changed: NONE => QUEUED in 0.0700030326843
2019-12-02 16:34:47.822 975 RALLYDEBUG rally.task.utils [-] Waiting for resource u'48851893-2c3e-4de6-bb61-45a3ecf0c363'. Status changed: NONE => QUEUED in 0.0949318408966
2019-12-02 16:34:48.265 976 RALLYDEBUG rally.task.utils [-] Waiting for resource s_rally_91b5b17b_YZsdp0IS. Status changed: QUEUED => ACTIVE in 0.0566761493683
2019-12-02 16:34:48.340 976 INFO rally.task.runner [-] Task 897f00e2-5f28-40f9-9eeb-1703fcde0d0d | ITER: 5 END: OK
2019-12-02 16:34:48.345 976 INFO rally.task.runner [-] Task 897f00e2-5f28-40f9-9eeb-1703fcde0d0d | ITER: 9 START
2019-12-02 16:34:48.568 974 RALLYDEBUG rally.task.utils [-] Waiting for resource s_rally_91b5b17b_ZJDCvgSh. Status changed: QUEUED => ACTIVE in 0.0344099998474
2019-12-02 16:34:48.643 974 INFO rally.task.runner [-] Task 897f00e2-5f28-40f9-9eeb-1703fcde0d0d | ITER: 7 END: OK
2019-12-02 16:34:48.647 974 INFO rally.task.runner [-] Task 897f00e2-5f28-40f9-9eeb-1703fcde0d0d | ITER: 10 START
2019-12-02 16:34:48.918 975 RALLYDEBUG rally.task.utils [-] Waiting for resource s_rally_91b5b17b_x2KX07tk. Status changed: QUEUED => ACTIVE in 0.0424101352692
2019-12-02 16:34:48.918 973 RALLYDEBUG rally.task.utils [-] Waiting for resource s_rally_91b5b17b_ojM5bjNu. Status changed: QUEUED => ACTIVE in 0.0440921783447
2019-12-02 16:34:48.984 975 INFO rally.task.runner [-] Task 897f00e2-5f28-40f9-9eeb-1703fcde0d0d | ITER: 8 END: OK
2019-12-02 16:34:48.998 973 INFO rally.task.runner [-] Task 897f00e2-5f28-40f9-9eeb-1703fcde0d0d | ITER: 6 END: OK
2019-12-02 16:34:50.867 976 RALLYDEBUG rally.task.utils [-] Waiting for resource u'37b50840-3ff5-429e-afa6-7e135c3a82ec'. Status changed: NONE => QUEUED in 0.0710470676422
2019-12-02 16:34:51.257 974 RALLYDEBUG rally.task.utils [-] Waiting for resource u'72f455fa-8e91-4645-b321-a6d95add75b6'. Status changed: NONE => QUEUED in 0.0665638446808
2019-12-02 16:34:51.847 976 RALLYDEBUG rally.task.utils [-] Waiting for resource s_rally_91b5b17b_h8yKUGcr. Status changed: QUEUED => ACTIVE in 0.0514211654663
2019-12-02 16:34:51.905 976 INFO rally.task.runner [-] Task 897f00e2-5f28-40f9-9eeb-1703fcde0d0d | ITER: 9 END: OK
2019-12-02 16:34:52.209 974 RALLYDEBUG rally.task.utils [-] Waiting for resource s_rally_91b5b17b_fRIgEpuC. Status changed: QUEUED => ACTIVE in 0.0511889457703
2019-12-02 16:34:52.273 974 INFO rally.task.runner [-] Task 897f00e2-5f28-40f9-9eeb-1703fcde0d0d | ITER: 10 END: OK
2019-12-02 16:34:52.300 725 INFO rally.task.context [-] Task 897f00e2-5f28-40f9-9eeb-1703fcde0d0d | Context cleanup@openstack cleanup() started
2019-12-02 16:34:52.303 725 RALLYDEBUG rally_openstack.cleanup.manager [-] Cleaning up glance images objects
2019-12-02 16:34:53.272 725 RALLYDEBUG rally_openstack.cleanup.manager [-] Deleting glance.images object s_rally_91b5b17b_UDJCU2pL (a5cd0431-0f62-49eb-baaf-259be0c7cdd8)
2019-12-02 16:34:53.273 725 RALLYDEBUG rally_openstack.cleanup.manager [-] Deleting glance.images object s_rally_91b5b17b_fRIgEpuC (72f455fa-8e91-4645-b321-a6d95add75b6)
2019-12-02 16:34:53.273 725 RALLYDEBUG rally_openstack.cleanup.manager [-] Deleting glance.images object s_rally_91b5b17b_h8yKUGcr (37b50840-3ff5-429e-afa6-7e135c3a82ec)
2019-12-02 16:34:53.274 725 RALLYDEBUG rally_openstack.cleanup.manager [-] Deleting glance.images object s_rally_91b5b17b_E0iniUKk (9a9c3b67-4082-452a-91ad-2cc4d690f59a)
2019-12-02 16:34:53.275 725 RALLYDEBUG rally_openstack.cleanup.manager [-] Deleting glance.images object s_rally_91b5b17b_ojM5bjNu (e8e05f40-f90a-4678-b3cd-822c0ab66460)
2019-12-02 16:34:53.276 725 RALLYDEBUG rally_openstack.cleanup.manager [-] Deleting glance.images object s_rally_91b5b17b_YZsdp0IS (9ff2c07e-f058-4c82-8c11-4ea906040704)
2019-12-02 16:34:53.288 725 RALLYDEBUG rally_openstack.cleanup.manager [-] Deleting glance.images object s_rally_91b5b17b_x2KX07tk (48851893-2c3e-4de6-bb61-45a3ecf0c363)
2019-12-02 16:34:53.291 725 RALLYDEBUG rally_openstack.cleanup.manager [-] Deleting glance.images object s_rally_91b5b17b_ZJDCvgSh (b178ec57-67c0-4613-92bb-235f74e0cc2e)
2019-12-02 16:34:53.294 725 RALLYDEBUG rally_openstack.cleanup.manager [-] Deleting glance.images object s_rally_91b5b17b_N9rcdxfp (be1f7e79-cc18-4783-9aee-6b96b78bafe8)
2019-12-02 16:34:53.332 725 RALLYDEBUG rally_openstack.cleanup.manager [-] Deleting glance.images object s_rally_91b5b17b_yXBmEU81 (75702279-52ea-43be-a156-353c6a67398b)
2019-12-02 16:34:54.613 725 DEBUG glanceclient.common.http [-] Request returned failure status 404. _handle_response /usr/lib/python2.7/site-packages/glanceclient/common/http.py:125
2019-12-02 16:34:54.653 725 DEBUG glanceclient.common.http [-] Request returned failure status 404. _handle_response /usr/lib/python2.7/site-packages/glanceclient/common/http.py:125
2019-12-02 16:34:54.951 725 DEBUG glanceclient.common.http [-] Request returned failure status 404. _handle_response /usr/lib/python2.7/site-packages/glanceclient/common/http.py:125
2019-12-02 16:34:54.989 725 DEBUG glanceclient.common.http [-] Request returned failure status 404. _handle_response /usr/lib/python2.7/site-packages/glanceclient/common/http.py:125
2019-12-02 16:34:55.199 725 DEBUG glanceclient.common.http [-] Request returned failure status 404. _handle_response /usr/lib/python2.7/site-packages/glanceclient/common/http.py:125
2019-12-02 16:34:55.221 725 DEBUG glanceclient.common.http [-] Request returned failure status 404. _handle_response /usr/lib/python2.7/site-packages/glanceclient/common/http.py:125
2019-12-02 16:34:55.248 725 DEBUG glanceclient.common.http [-] Request returned failure status 404. _handle_response /usr/lib/python2.7/site-packages/glanceclient/common/http.py:125
2019-12-02 16:34:55.273 725 DEBUG glanceclient.common.http [-] Request returned failure status 404. _handle_response /usr/lib/python2.7/site-packages/glanceclient/common/http.py:125
2019-12-02 16:34:55.323 725 DEBUG glanceclient.common.http [-] Request returned failure status 404. _handle_response /usr/lib/python2.7/site-packages/glanceclient/common/http.py:125
2019-12-02 16:34:55.391 725 DEBUG glanceclient.common.http [-] Request returned failure status 404. _handle_response /usr/lib/python2.7/site-packages/glanceclient/common/http.py:125
2019-12-02 16:34:55.491 725 DEBUG glanceclient.common.http [-] Request returned failure status 404. _handle_response /usr/lib/python2.7/site-packages/glanceclient/common/http.py:125
2019-12-02 16:34:55.502 725 DEBUG glanceclient.common.http [-] Request returned failure status 404. _handle_response /usr/lib/python2.7/site-packages/glanceclient/common/http.py:125
2019-12-02 16:34:55.528 725 DEBUG glanceclient.common.http [-] Request returned failure status 404. _handle_response /usr/lib/python2.7/site-packages/glanceclient/common/http.py:125
2019-12-02 16:34:55.558 725 DEBUG glanceclient.common.http [-] Request returned failure status 404. _handle_response /usr/lib/python2.7/site-packages/glanceclient/common/http.py:125
2019-12-02 16:34:55.563 725 DEBUG glanceclient.common.http [-] Request returned failure status 404. _handle_response /usr/lib/python2.7/site-packages/glanceclient/common/http.py:125
2019-12-02 16:34:55.567 725 DEBUG glanceclient.common.http [-] Request returned failure status 404. _handle_response /usr/lib/python2.7/site-packages/glanceclient/common/http.py:125
2019-12-02 16:34:55.582 725 DEBUG glanceclient.common.http [-] Request returned failure status 404. _handle_response /usr/lib/python2.7/site-packages/glanceclient/common/http.py:125
2019-12-02 16:34:55.595 725 DEBUG glanceclient.common.http [-] Request returned failure status 404. _handle_response /usr/lib/python2.7/site-packages/glanceclient/common/http.py:125
2019-12-02 16:34:55.613 725 DEBUG glanceclient.common.http [-] Request returned failure status 404. _handle_response /usr/lib/python2.7/site-packages/glanceclient/common/http.py:125
2019-12-02 16:34:55.637 725 DEBUG glanceclient.common.http [-] Request returned failure status 404. _handle_response /usr/lib/python2.7/site-packages/glanceclient/common/http.py:125
2019-12-02 16:34:56.640 725 INFO rally.task.context [-] Task 897f00e2-5f28-40f9-9eeb-1703fcde0d0d | Context cleanup@openstack cleanup() finished in 4.34 sec
2019-12-02 16:34:56.641 725 INFO rally.task.context [-] Task 897f00e2-5f28-40f9-9eeb-1703fcde0d0d | Context users@openstack cleanup() started
2019-12-02 16:35:00.560 725 INFO rally.task.context [-] Task 897f00e2-5f28-40f9-9eeb-1703fcde0d0d | Context users@openstack cleanup() finished in 3.92 sec
2019-12-02 16:35:02.210 725 INFO rally.task.engine [-] Load duration is: 11.865857
2019-12-02 16:35:02.211 725 INFO rally.task.engine [-] Full runner duration is: 12.341069
2019-12-02 16:35:02.211 725 INFO rally.task.engine [-] Full duration is: 22.466944
2019-12-02 16:35:02.299 725 INFO rally.task.engine [-] Running workload: position = 0 config = { "version": 2, "title": "A cropped version of a bigger task.", "description": "Auto-generated task from a single workload (uuid=44968b28-285a-4324-9ae8-a0aafed74815)", "subtasks": [ { "title": "GlanceImages.list_images", "description": "List all images.", "scenario": { "GlanceImages.list_images": {} }, "contexts": { "users": { "tenants": 3, "users_per_tenant": 2 } }, "runner": { "constant": { "concurrency": 4, "times": 10 } }, "hooks": [], "sla": { "failure_rate": { "max": 0 } } } ] }
2019-12-02 16:35:02.310 725 RALLYDEBUG rally_openstack.contexts.keystone.users [-] Creating 3 tenants using 20 threads
2019-12-02 16:35:02.902 725 RALLYDEBUG rally_openstack.contexts.keystone.users [-] Creating 6 users using 20 threads
2019-12-02 16:35:04.073 725 INFO rally.task.context [-] Task 897f00e2-5f28-40f9-9eeb-1703fcde0d0d | Context users@openstack setup() finished in 1.76 sec
2019-12-02 16:35:04.082 725 RALLYDEBUG rally.task.runner [-] Starting the constant runner (task UUID: 897f00e2-5f28-40f9-9eeb-1703fcde0d0d). timeout: 0 concurrency: 4 concurrency_per_worker: 1 times: 10 concurrency_overhead: 0 processes_to_start: 4 max_cpu_used: 88
2019-12-02 16:35:04.096 1097 RALLYDEBUG rally.task.runner [-] Starting a worker. concurrency: 1 args: {} times: 10 method_name: run timeout: 0 duration: None cls:
2019-12-02 16:35:04.099 1098 RALLYDEBUG rally.task.runner [-] Starting a worker. concurrency: 1 args: {} times: 10 method_name: run timeout: 0 duration: None cls:
2019-12-02 16:35:04.102 1099 RALLYDEBUG rally.task.runner [-] Starting a worker. concurrency: 1 args: {} times: 10 method_name: run timeout: 0 duration: None cls:
2019-12-02 16:35:04.103 1097 INFO rally.task.runner [-] Task 897f00e2-5f28-40f9-9eeb-1703fcde0d0d | ITER: 1 START
2019-12-02 16:35:04.105 1100 RALLYDEBUG rally.task.runner [-] Starting a worker. concurrency: 1 args: {} times: 10 method_name: run timeout: 0 duration: None cls:
2019-12-02 16:35:04.106 1098 INFO rally.task.runner [-] Task 897f00e2-5f28-40f9-9eeb-1703fcde0d0d | ITER: 2 START
2019-12-02 16:35:04.109 1099 INFO rally.task.runner [-] Task 897f00e2-5f28-40f9-9eeb-1703fcde0d0d | ITER: 3 START
2019-12-02 16:35:04.111 1100 INFO rally.task.runner [-] Task 897f00e2-5f28-40f9-9eeb-1703fcde0d0d | ITER: 4 START
2019-12-02 16:35:04.992 1097 INFO rally.task.runner [-] Task 897f00e2-5f28-40f9-9eeb-1703fcde0d0d | ITER: 1 END: OK
2019-12-02 16:35:04.996 1097 INFO rally.task.runner [-] Task 897f00e2-5f28-40f9-9eeb-1703fcde0d0d | ITER: 5 START
2019-12-02 16:35:05.059 1098 INFO rally.task.runner [-] Task 897f00e2-5f28-40f9-9eeb-1703fcde0d0d | ITER: 2 END: OK
2019-12-02 16:35:05.063 1098 INFO rally.task.runner [-] Task 897f00e2-5f28-40f9-9eeb-1703fcde0d0d | ITER: 6 START
2019-12-02 16:35:05.180 1099 INFO rally.task.runner [-] Task 897f00e2-5f28-40f9-9eeb-1703fcde0d0d | ITER: 3 END: OK
2019-12-02 16:35:05.184 1099 INFO rally.task.runner [-] Task 897f00e2-5f28-40f9-9eeb-1703fcde0d0d | ITER: 7 START
2019-12-02 16:35:05.418 1100 INFO rally.task.runner [-] Task 897f00e2-5f28-40f9-9eeb-1703fcde0d0d | ITER: 4 END: OK
2019-12-02 16:35:05.423 1100 INFO rally.task.runner [-] Task 897f00e2-5f28-40f9-9eeb-1703fcde0d0d | ITER: 8 START
2019-12-02 16:35:05.655 1097 INFO rally.task.runner [-] Task 897f00e2-5f28-40f9-9eeb-1703fcde0d0d | ITER: 5 END: OK
2019-12-02 16:35:05.659 1097 INFO rally.task.runner [-] Task 897f00e2-5f28-40f9-9eeb-1703fcde0d0d | ITER: 9 START
2019-12-02 16:35:05.748 1098 INFO rally.task.runner [-] Task 897f00e2-5f28-40f9-9eeb-1703fcde0d0d | ITER: 6 END: OK
2019-12-02 16:35:05.752 1098 INFO rally.task.runner [-] Task 897f00e2-5f28-40f9-9eeb-1703fcde0d0d | ITER: 10 START
2019-12-02 16:35:05.889 1099 INFO rally.task.runner [-] Task 897f00e2-5f28-40f9-9eeb-1703fcde0d0d | ITER: 7 END: OK
2019-12-02 16:35:05.998 1100 INFO rally.task.runner [-] Task 897f00e2-5f28-40f9-9eeb-1703fcde0d0d | ITER: 8 END: OK
2019-12-02 16:35:06.212 1097 INFO rally.task.runner [-] Task 897f00e2-5f28-40f9-9eeb-1703fcde0d0d | ITER: 9 END: OK
2019-12-02 16:35:06.239 1098 INFO rally.task.runner [-] Task 897f00e2-5f28-40f9-9eeb-1703fcde0d0d | ITER: 10 END: OK
2019-12-02 16:35:06.261 725 INFO rally.task.context [-] Task 897f00e2-5f28-40f9-9eeb-1703fcde0d0d | Context users@openstack cleanup() started
2019-12-02 16:35:10.132 725 INFO rally.task.context [-] Task 897f00e2-5f28-40f9-9eeb-1703fcde0d0d | Context users@openstack cleanup() finished in 3.87 sec
2019-12-02 16:35:10.402 725 INFO rally.task.engine [-] Load duration is: 1.651916
2019-12-02 16:35:10.402 725 INFO rally.task.engine [-] Full runner duration is: 2.179071
2019-12-02 16:35:10.403 725 INFO rally.task.engine [-] Full duration is: 7.822399
2019-12-02 16:35:10.487 725 INFO rally.task.engine [-] Running workload: position = 0 config = { "version": 2, "title": "A cropped version of a bigger task.", "description": "Auto-generated task from a single workload (uuid=52eb9d7e-7f3b-415d-9ebd-bd7fb3e6deb3)", "subtasks": [ { "title": "GlanceImages.create_image_and_boot_instances", "description": "Create an image and boot several instances from it.", "scenario": { "GlanceImages.create_image_and_boot_instances": { "container_format": "bare", "disk_format": "qcow2", "image_location": "/home/opnfv/functest/images/cirros-0.4.0-x86_64-disk.img", "flavor": { "name": "rally_full-flavor_2442087f-808c-42c2-8504-372de7ca5447" }, "number_instances": 2, "nics": [ { "net-id": "c117b3d8-a4a8-4417-9cf9-d9dc9fa59b95" } ] } }, "contexts": { "users": { "tenants": 3, "users_per_tenant": 2 }, "quotas": { "nova": { "cores": -1, "floating_ips": -1, "instances": -1, "ram": -1, "security_group_rules": -1, "security_groups": -1 } } }, "runner": { "constant": { "concurrency": 4, "times": 10 } }, "hooks": [], "sla": { "failure_rate": { "max": 0 } } } ] }
2019-12-02 16:35:10.500 725 RALLYDEBUG rally_openstack.contexts.keystone.users [-] Creating 3 tenants using 20 threads
2019-12-02 16:35:11.097 725 RALLYDEBUG rally_openstack.contexts.keystone.users [-] Creating 6 users using 20 threads
2019-12-02 16:35:12.290 725 INFO rally.task.context [-] Task 897f00e2-5f28-40f9-9eeb-1703fcde0d0d | Context users@openstack setup() finished in 1.79 sec
2019-12-02 16:35:12.454 725 DEBUG novaclient.v2.client [-] REQ: curl -g -i -X PUT http://compute-airship.intel-pod17.opnfv.org:80/v2/7d9e3e786285411586f82392ab1db153/os-quota-sets/19b7ecb5984e4aa8850e0a93a142b7a5 -H "Accept: application/json" -H "Content-Type: application/json" -H "User-Agent: python-novaclient" -H "X-Auth-Token: {SHA1}2539de530c0e677daf24e69aa01508849e260538" -d '{"quota_set": {"ram": -1, "floating_ips": -1, "security_group_rules": -1, "instances": -1, "cores": -1, "security_groups": -1}}' _http_log_request /usr/lib/python2.7/site-packages/keystoneauth1/session.py:448
2019-12-02 16:35:12.688 725 DEBUG novaclient.v2.client [-] RESP: [200] Connection: keep-alive Content-Encoding: gzip Content-Type: application/json Date: Mon, 02 Dec 2019 16:35:12 GMT Transfer-Encoding: chunked Vary: Accept-Encoding X-Compute-Request-Id: req-96729607-2c89-4b7c-bf51-13e78043bf8e _http_log_response /usr/lib/python2.7/site-packages/keystoneauth1/session.py:479
2019-12-02 16:35:12.689 725 DEBUG novaclient.v2.client [-] RESP BODY: {"quota_set": {"injected_file_content_bytes": 10240, "metadata_items": 128, "server_group_members": 10, "server_groups": 10, "ram": -1, "floating_ips": -1, "key_pairs": 100, "instances": -1, "security_group_rules": -1, "injected_files": 5, "cores": -1, "fixed_ips": -1, "injected_file_path_bytes": 255, "security_groups": -1}} _http_log_response /usr/lib/python2.7/site-packages/keystoneauth1/session.py:511
2019-12-02 16:35:12.689 725 DEBUG novaclient.v2.client [-] PUT call to compute for http://compute-airship.intel-pod17.opnfv.org:80/v2/7d9e3e786285411586f82392ab1db153/os-quota-sets/19b7ecb5984e4aa8850e0a93a142b7a5 used request id req-96729607-2c89-4b7c-bf51-13e78043bf8e request /usr/lib/python2.7/site-packages/keystoneauth1/session.py:844
2019-12-02 16:35:12.691 725 DEBUG novaclient.v2.client [-] REQ: curl -g -i -X PUT http://compute-airship.intel-pod17.opnfv.org:80/v2/7d9e3e786285411586f82392ab1db153/os-quota-sets/0f7c07b61da9448aa05d4b550c139d80 -H "Accept: application/json" -H "Content-Type: application/json" -H "User-Agent: python-novaclient" -H "X-Auth-Token: {SHA1}2539de530c0e677daf24e69aa01508849e260538" -d '{"quota_set": {"ram": -1, "floating_ips": -1, "security_group_rules": -1, "instances": -1, "cores": -1, "security_groups": -1}}' _http_log_request /usr/lib/python2.7/site-packages/keystoneauth1/session.py:448
2019-12-02 16:35:12.819 725 DEBUG novaclient.v2.client [-] RESP: [200] Connection: keep-alive Content-Encoding: gzip Content-Type: application/json Date: Mon, 02 Dec 2019 16:35:12 GMT Transfer-Encoding: chunked Vary: Accept-Encoding X-Compute-Request-Id: req-236a81a8-a355-4802-891a-b0c4b20a2f92 _http_log_response /usr/lib/python2.7/site-packages/keystoneauth1/session.py:479
2019-12-02 16:35:12.820 725 DEBUG novaclient.v2.client [-] RESP BODY: {"quota_set": {"injected_file_content_bytes": 10240, "metadata_items": 128, "server_group_members": 10, "server_groups": 10, "ram": -1, "floating_ips": -1, "key_pairs": 100, "instances": -1, "security_group_rules": -1, "injected_files": 5, "cores": -1, "fixed_ips": -1, "injected_file_path_bytes": 255, "security_groups": -1}} _http_log_response /usr/lib/python2.7/site-packages/keystoneauth1/session.py:511
2019-12-02 16:35:12.820 725 DEBUG novaclient.v2.client [-] PUT call to compute for http://compute-airship.intel-pod17.opnfv.org:80/v2/7d9e3e786285411586f82392ab1db153/os-quota-sets/0f7c07b61da9448aa05d4b550c139d80 used request id req-236a81a8-a355-4802-891a-b0c4b20a2f92 request /usr/lib/python2.7/site-packages/keystoneauth1/session.py:844
2019-12-02 16:35:12.822 725 DEBUG novaclient.v2.client [-] REQ: curl -g -i -X PUT http://compute-airship.intel-pod17.opnfv.org:80/v2/7d9e3e786285411586f82392ab1db153/os-quota-sets/c14429883a2b4a3897c4cb5afd815b51 -H "Accept: application/json" -H "Content-Type: application/json" -H "User-Agent: python-novaclient" -H "X-Auth-Token: {SHA1}2539de530c0e677daf24e69aa01508849e260538" -d '{"quota_set": {"ram": -1, "floating_ips": -1, "security_group_rules": -1, "instances": -1, "cores": -1, "security_groups": -1}}' _http_log_request /usr/lib/python2.7/site-packages/keystoneauth1/session.py:448
2019-12-02 16:35:12.957 725 DEBUG novaclient.v2.client [-] RESP: [200] Connection: keep-alive Content-Encoding: gzip Content-Type: application/json Date: Mon, 02 Dec 2019 16:35:12 GMT Transfer-Encoding: chunked Vary: Accept-Encoding X-Compute-Request-Id: req-edf07824-1d7b-4de0-adcb-8a11ad003219 _http_log_response /usr/lib/python2.7/site-packages/keystoneauth1/session.py:479
2019-12-02 16:35:12.958 725 DEBUG novaclient.v2.client [-] RESP BODY: {"quota_set": {"injected_file_content_bytes": 10240, "metadata_items": 128, "server_group_members": 10, "server_groups": 10, "ram": -1, "floating_ips": -1, "key_pairs": 100, "instances": -1, "security_group_rules": -1, "injected_files": 5, "cores": -1, "fixed_ips": -1, "injected_file_path_bytes": 255, "security_groups": -1}} _http_log_response /usr/lib/python2.7/site-packages/keystoneauth1/session.py:511
2019-12-02 16:35:12.958 725 DEBUG novaclient.v2.client [-] PUT call to compute for http://compute-airship.intel-pod17.opnfv.org:80/v2/7d9e3e786285411586f82392ab1db153/os-quota-sets/c14429883a2b4a3897c4cb5afd815b51 used request id req-edf07824-1d7b-4de0-adcb-8a11ad003219 request /usr/lib/python2.7/site-packages/keystoneauth1/session.py:844
2019-12-02 16:35:12.959 725 INFO rally.task.context [-] Task 897f00e2-5f28-40f9-9eeb-1703fcde0d0d | Context quotas@openstack setup() finished in 0.67 sec
2019-12-02 16:35:12.959 725 INFO rally.task.context [-] Task 897f00e2-5f28-40f9-9eeb-1703fcde0d0d | Context cleanup@openstack setup() finished in 0.02 msec
2019-12-02 16:35:13.067 725 DEBUG novaclient.v2.client [-] REQ: curl -g -i -X GET http://compute-airship.intel-pod17.opnfv.org:80/v2/7d9e3e786285411586f82392ab1db153/flavors/detail -H "Accept: application/json" -H "User-Agent: python-novaclient" -H "X-Auth-Token: {SHA1}2d14b8983d546b9d395dd2dce51cc20a0b47ee26" _http_log_request /usr/lib/python2.7/site-packages/keystoneauth1/session.py:448
2019-12-02 16:35:13.233 725 DEBUG novaclient.v2.client [-] RESP: [200] Connection: keep-alive Content-Encoding: gzip Content-Type: application/json Date: Mon, 02 Dec 2019 16:35:13 GMT Transfer-Encoding: chunked Vary: Accept-Encoding X-Compute-Request-Id: req-3931ef93-07f2-4e8a-8d01-9b28acfecb9b _http_log_response /usr/lib/python2.7/site-packages/keystoneauth1/session.py:479
2019-12-02 16:35:13.234 725 DEBUG novaclient.v2.client [-] RESP BODY: {"flavors": [{"links": [{"href": "http://compute-airship.intel-pod17.opnfv.org/v2/7d9e3e786285411586f82392ab1db153/flavors/3545025f-4d79-49b9-b97b-3dcd651fc081", "rel": "self"}, {"href": "http://compute-airship.intel-pod17.opnfv.org/7d9e3e786285411586f82392ab1db153/flavors/3545025f-4d79-49b9-b97b-3dcd651fc081", "rel": "bookmark"}], "ram": 1024, "OS-FLV-DISABLED:disabled": false, "os-flavor-access:is_public": true, "rxtx_factor": 1.0, "disk": 1, "id": "3545025f-4d79-49b9-b97b-3dcd651fc081", "name": "rally_full-flavor_alt_2442087f-808c-42c2-8504-372de7ca5447", "vcpus": 1, "swap": "", "OS-FLV-EXT-DATA:ephemeral": 0}, {"links": [{"href": "http://compute-airship.intel-pod17.opnfv.org/v2/7d9e3e786285411586f82392ab1db153/flavors/4238d995-dcde-485b-ab01-572b7c924214", "rel": "self"}, {"href": "http://compute-airship.intel-pod17.opnfv.org/7d9e3e786285411586f82392ab1db153/flavors/4238d995-dcde-485b-ab01-572b7c924214", "rel": "bookmark"}], "ram": 512, "OS-FLV-DISABLED:disabled": false, "os-flavor-access:is_public": true, "rxtx_factor": 1.0, "disk": 1, "id": "4238d995-dcde-485b-ab01-572b7c924214", "name": "m1.tiny", "vcpus": 1, "swap": "", "OS-FLV-EXT-DATA:ephemeral": 0}, {"links": [{"href": "http://compute-airship.intel-pod17.opnfv.org/v2/7d9e3e786285411586f82392ab1db153/flavors/5763b667-f0f5-4d5b-af2d-777e691e64a0", "rel": "self"}, {"href": "http://compute-airship.intel-pod17.opnfv.org/7d9e3e786285411586f82392ab1db153/flavors/5763b667-f0f5-4d5b-af2d-777e691e64a0", "rel": "bookmark"}], "ram": 2048, "OS-FLV-DISABLED:disabled": false, "os-flavor-access:is_public": true, "rxtx_factor": 1.0, "disk": 20, "id": "5763b667-f0f5-4d5b-af2d-777e691e64a0", "name": "m1.small", "vcpus": 1, "swap": "", "OS-FLV-EXT-DATA:ephemeral": 0}, {"links": [{"href": "http://compute-airship.intel-pod17.opnfv.org/v2/7d9e3e786285411586f82392ab1db153/flavors/67809b27-e895-4e93-ac77-15e7bbc7c08b", "rel": "self"}, {"href": "http://compute-airship.intel-pod17.opnfv.org/7d9e3e786285411586f82392ab1db153/flavors/67809b27-e895-4e93-ac77-15e7bbc7c08b", "rel": "bookmark"}], "ram": 4096, "OS-FLV-DISABLED:disabled": false, "os-flavor-access:is_public": true, "rxtx_factor": 1.0, "disk": 40, "id": "67809b27-e895-4e93-ac77-15e7bbc7c08b", "name": "m1.medium", "vcpus": 2, "swap": "", "OS-FLV-EXT-DATA:ephemeral": 0}, {"links": [{"href": "http://compute-airship.intel-pod17.opnfv.org/v2/7d9e3e786285411586f82392ab1db153/flavors/74f3c2c4-ae56-4afc-9b54-4470e598cfe7", "rel": "self"}, {"href": "http://compute-airship.intel-pod17.opnfv.org/7d9e3e786285411586f82392ab1db153/flavors/74f3c2c4-ae56-4afc-9b54-4470e598cfe7", "rel": "bookmark"}], "ram": 512, "OS-FLV-DISABLED:disabled": false, "os-flavor-access:is_public": true, "rxtx_factor": 1.0, "disk": 1, "id": "74f3c2c4-ae56-4afc-9b54-4470e598cfe7", "name": "rally_full-flavor_2442087f-808c-42c2-8504-372de7ca5447", "vcpus": 1, "swap": "", "OS-FLV-EXT-DATA:ephemeral": 0}, {"links": [{"href": "http://compute-airship.intel-pod17.opnfv.org/v2/7d9e3e786285411586f82392ab1db153/flavors/80b3fbfb-35be-417c-a4c6-d345b2a255db", "rel": "self"}, {"href": "http://compute-airship.intel-pod17.opnfv.org/7d9e3e786285411586f82392ab1db153/flavors/80b3fbfb-35be-417c-a4c6-d345b2a255db", "rel": "bookmark"}], "ram": 16384, "OS-FLV-DISABLED:disabled": false, "os-flavor-access:is_public": true, "rxtx_factor": 1.0, "disk": 160, "id": "80b3fbfb-35be-417c-a4c6-d345b2a255db", "name": "m1.xlarge", "vcpus": 8, "swap": "", "OS-FLV-EXT-DATA:ephemeral": 0}, {"links": [{"href": "http://compute-airship.intel-pod17.opnfv.org/v2/7d9e3e786285411586f82392ab1db153/flavors/ddab1380-1df0-4cf2-bf18-2eb64afad253", "rel": "self"}, {"href": "http://compute-airship.intel-pod17.opnfv.org/7d9e3e786285411586f82392ab1db153/flavors/ddab1380-1df0-4cf2-bf18-2eb64afad253", "rel": "bookmark"}], "ram": 8192, "OS-FLV-DISABLED:disabled": false, "os-flavor-access:is_public": true, "rxtx_factor": 1.0, "disk": 80, "id": "ddab1380-1df0-4cf2-bf18-2eb64afad253", "name": "m1.large", "vcpus": 4, "swap": "", "OS-FLV-EXT-DATA:ephemeral": 0}]} _http_log_response /usr/lib/python2.7/site-packages/keystoneauth1/session.py:511
2019-12-02 16:35:13.235 725 DEBUG novaclient.v2.client [-] GET call to compute for http://compute-airship.intel-pod17.opnfv.org:80/v2/7d9e3e786285411586f82392ab1db153/flavors/detail used request id req-3931ef93-07f2-4e8a-8d01-9b28acfecb9b request /usr/lib/python2.7/site-packages/keystoneauth1/session.py:844
2019-12-02 16:35:13.238 725 RALLYDEBUG rally.task.runner [-] Starting the constant runner (task UUID: 897f00e2-5f28-40f9-9eeb-1703fcde0d0d). timeout: 0 concurrency: 4 concurrency_per_worker: 1 times: 10 concurrency_overhead: 0 processes_to_start: 4 max_cpu_used: 88
2019-12-02 16:35:13.251 1201 RALLYDEBUG rally.task.runner [-] Starting a worker. concurrency: 1 args: {"container_format": "bare", "disk_format": "qcow2", "image_location": "/home/opnfv/functest/images/cirros-0.4.0-x86_64-disk.img", "flavor": "74f3c2c4-ae56-4afc-9b54-4470e598cfe7", "number_instances": 2, "nics": [{"net-id": "c117b3d8-a4a8-4417-9cf9-d9dc9fa59b95"}]} times: 10 method_name: run timeout: 0 duration: None cls:
2019-12-02 16:35:13.253 1202 RALLYDEBUG rally.task.runner [-] Starting a worker. concurrency: 1 args: {"container_format": "bare", "disk_format": "qcow2", "image_location": "/home/opnfv/functest/images/cirros-0.4.0-x86_64-disk.img", "flavor": "74f3c2c4-ae56-4afc-9b54-4470e598cfe7", "number_instances": 2, "nics": [{"net-id": "c117b3d8-a4a8-4417-9cf9-d9dc9fa59b95"}]} times: 10 method_name: run timeout: 0 duration: None cls:
2019-12-02 16:35:13.255 1203 RALLYDEBUG rally.task.runner [-] Starting a worker. concurrency: 1 args: {"container_format": "bare", "disk_format": "qcow2", "image_location": "/home/opnfv/functest/images/cirros-0.4.0-x86_64-disk.img", "flavor": "74f3c2c4-ae56-4afc-9b54-4470e598cfe7", "number_instances": 2, "nics": [{"net-id": "c117b3d8-a4a8-4417-9cf9-d9dc9fa59b95"}]} times: 10 method_name: run timeout: 0 duration: None cls:
2019-12-02 16:35:13.258 1204 RALLYDEBUG rally.task.runner [-] Starting a worker. concurrency: 1 args: {"container_format": "bare", "disk_format": "qcow2", "image_location": "/home/opnfv/functest/images/cirros-0.4.0-x86_64-disk.img", "flavor": "74f3c2c4-ae56-4afc-9b54-4470e598cfe7", "number_instances": 2, "nics": [{"net-id": "c117b3d8-a4a8-4417-9cf9-d9dc9fa59b95"}]} times: 10 method_name: run timeout: 0 duration: None cls:
2019-12-02 16:35:13.260 1201 INFO rally.task.runner [-] Task 897f00e2-5f28-40f9-9eeb-1703fcde0d0d | ITER: 1 START
2019-12-02 16:35:13.261 1202 INFO rally.task.runner [-] Task 897f00e2-5f28-40f9-9eeb-1703fcde0d0d | ITER: 2 START
2019-12-02 16:35:13.263 1203 INFO rally.task.runner [-] Task 897f00e2-5f28-40f9-9eeb-1703fcde0d0d | ITER: 3 START
2019-12-02 16:35:13.266 1204 INFO rally.task.runner [-] Task 897f00e2-5f28-40f9-9eeb-1703fcde0d0d | ITER: 4 START
2019-12-02 16:35:13.643 1201 WARNING rally_openstack.scenarios.glance.images [-] 'kwargs' is deprecated in Rally v0.8.0: Use 'boot_server_kwargs' for additional parameters when booting servers.
2019-12-02 16:35:13.834 1202 WARNING rally_openstack.scenarios.glance.images [-] 'kwargs' is deprecated in Rally v0.8.0: Use 'boot_server_kwargs' for additional parameters when booting servers.
2019-12-02 16:35:13.900 1203 WARNING rally_openstack.scenarios.glance.images [-] 'kwargs' is deprecated in Rally v0.8.0: Use 'boot_server_kwargs' for additional parameters when booting servers.
2019-12-02 16:35:14.013 1204 WARNING rally_openstack.scenarios.glance.images [-] 'kwargs' is deprecated in Rally v0.8.0: Use 'boot_server_kwargs' for additional parameters when booting servers.
2019-12-02 16:35:15.975 1201 RALLYDEBUG rally.task.utils [-] Waiting for resource u'f4ca3e85-4895-46b2-a175-696abcff4b49'. Status changed: NONE => QUEUED in 0.0727250576019
2019-12-02 16:35:16.178 1202 RALLYDEBUG rally.task.utils [-] Waiting for resource u'aca9cb93-2a1f-415d-9cf7-751cb217edc5'. Status changed: NONE => QUEUED in 0.0961351394653
2019-12-02 16:35:16.229 1203 RALLYDEBUG rally.task.utils [-] Waiting for resource u'2a0ecba6-99fa-4ef3-9e0e-e280e8747365'. Status changed: NONE => QUEUED in 0.0891900062561
2019-12-02 16:35:16.290 1204 RALLYDEBUG rally.task.utils [-] Waiting for resource u'd0b60ffa-edb5-4bb5-a2f4-d73cabfa7bfe'. Status changed: NONE => QUEUED in 0.0665218830109
2019-12-02 16:35:17.171 1201 RALLYDEBUG rally.task.utils [-] Waiting for resource s_rally_52eb9d7e_qx4PORBd. Status changed: QUEUED => ACTIVE in 0.0384299755096
2019-12-02 16:35:17.180 1201 DEBUG novaclient.v2.client [-] REQ: curl -g -i -X POST http://compute-airship.intel-pod17.opnfv.org:80/v2/c14429883a2b4a3897c4cb5afd815b51/servers -H "Accept: application/json" -H "Content-Type: application/json" -H "User-Agent: python-novaclient" -H "X-Auth-Token: {SHA1}818dde76e20126a09a3032d7ff9db94552859a09" -d '{"server": {"name": "s_rally_52eb9d7e_fLxz1EoZ_0", "imageRef": "f4ca3e85-4895-46b2-a175-696abcff4b49", "flavorRef": "74f3c2c4-ae56-4afc-9b54-4470e598cfe7", "max_count": 1, "min_count": 1, "networks": [{"uuid": "c117b3d8-a4a8-4417-9cf9-d9dc9fa59b95"}]}}' _http_log_request /usr/lib/python2.7/site-packages/keystoneauth1/session.py:448
2019-12-02 16:35:17.415 1203 RALLYDEBUG rally.task.utils [-] Waiting for resource s_rally_52eb9d7e_LBWiekai. Status changed: QUEUED => ACTIVE in 0.0383579730988
2019-12-02 16:35:17.423 1203 DEBUG novaclient.v2.client [-] REQ: curl -g -i -X POST http://compute-airship.intel-pod17.opnfv.org:80/v2/c14429883a2b4a3897c4cb5afd815b51/servers -H "Accept: application/json" -H "Content-Type: application/json" -H "User-Agent: python-novaclient" -H "X-Auth-Token: {SHA1}94c4f236b83413ecb90c1ace0762bc28c5707749" -d '{"server": {"name": "s_rally_52eb9d7e_Yppwjabi_0", "imageRef": "2a0ecba6-99fa-4ef3-9e0e-e280e8747365", "flavorRef": "74f3c2c4-ae56-4afc-9b54-4470e598cfe7", "max_count": 1, "min_count": 1, "networks": [{"uuid": "c117b3d8-a4a8-4417-9cf9-d9dc9fa59b95"}]}}' _http_log_request /usr/lib/python2.7/site-packages/keystoneauth1/session.py:448
2019-12-02 16:35:17.684 1202 RALLYDEBUG rally.task.utils [-] Waiting for resource s_rally_52eb9d7e_sH3jGq6v. Status changed: QUEUED => ACTIVE in 0.0627748966217
