2020-02-23 16:13:39.544 15 INFO rally.task.context [-] Task b3303a65-2da4-4195-a418-9fd6793b9bc8 | Context quotas@openstack cleanup() started
2020-02-23 16:13:39.588 15 INFO rally.task.context [-] Task b3303a65-2da4-4195-a418-9fd6793b9bc8 | Context quotas@openstack cleanup() finished in 43.92 msec
2020-02-23 16:13:39.588 15 INFO rally.task.context [-] Task b3303a65-2da4-4195-a418-9fd6793b9bc8 | Context users@openstack cleanup() started
2020-02-23 16:13:41.331 15 INFO rally.task.context [-] Task b3303a65-2da4-4195-a418-9fd6793b9bc8 | Context users@openstack cleanup() finished in 1.74 sec
2020-02-23 16:13:41.494 15 INFO rally.task.engine [-] Load duration is: 48.350577
2020-02-23 16:13:41.494 15 INFO rally.task.engine [-] Full runner duration is: 48.399133
2020-02-23 16:13:41.495 15 INFO rally.task.engine [-] Full duration is: 100.245341
2020-02-23 16:13:41.621 15 INFO rally.task.engine [-] Running workload: position = 2 config = { "version": 2, "title": "A cropped version of a bigger task.", "description": "Auto-generated task from a single workload (uuid=d9d1b73b-32dc-46d1-9340-f26b4c2c826a)", "subtasks": [ { "title": "NeutronNetworks.create_and_delete_subnets", "description": "Create and delete a given number of subnets.", "scenario": { "NeutronNetworks.create_and_delete_subnets": { "network_create_args": {}, "subnet_create_args": {}, "subnet_cidr_start": "1.1.0.0/30", "subnets_per_network": 2 } }, "contexts": { "users": { "tenants": 1, "users_per_tenant": 1 }, "quotas": { "neutron": { "network": -1, "subnet": -1 } } }, "runner": { "constant": { "times": 40, "concurrency": 20 } }, "hooks": [], "sla": { "failure_rate": { "max": 0 } } } ] }
2020-02-23 16:13:41.636 15 RALLYDEBUG rally_openstack.contexts.keystone.users [-] Creating 1 tenants using 20 threads
2020-02-23 16:13:42.052 15 RALLYDEBUG rally_openstack.contexts.keystone.users [-] Creating 1 users using 20 threads
2020-02-23 16:13:42.503 15 INFO rally.task.context [-] Task b3303a65-2da4-4195-a418-9fd6793b9bc8 | Context users@openstack setup() finished in 0.87 sec
2020-02-23 16:13:42.863 15 INFO rally.task.context [-] Task b3303a65-2da4-4195-a418-9fd6793b9bc8 | Context quotas@openstack setup() finished in 0.36 sec
2020-02-23 16:13:42.864 15 INFO rally.task.context [-] Task b3303a65-2da4-4195-a418-9fd6793b9bc8 | Context cleanup@openstack setup() finished in 0.01 msec
2020-02-23 16:13:42.873 15 RALLYDEBUG rally.task.runner [-] Starting the constant runner (task UUID: b3303a65-2da4-4195-a418-9fd6793b9bc8). timeout: 0 concurrency: 20 concurrency_per_worker: 1 times: 40 concurrency_overhead: 0 processes_to_start: 20 max_cpu_used: 88
2020-02-23 16:13:42.888 2269 RALLYDEBUG rally.task.runner [-] Starting a worker. concurrency: 1 args: {"network_create_args": {}, "subnet_create_args": {}, "subnet_cidr_start": "1.1.0.0/30", "subnets_per_network": 2} times: 40 method_name: run timeout: 0 duration: None cls:
2020-02-23 16:13:42.890 2270 RALLYDEBUG rally.task.runner [-] Starting a worker. concurrency: 1 args: {"network_create_args": {}, "subnet_create_args": {}, "subnet_cidr_start": "1.1.0.0/30", "subnets_per_network": 2} times: 40 method_name: run timeout: 0 duration: None cls:
2020-02-23 16:13:42.893 2271 RALLYDEBUG rally.task.runner [-] Starting a worker. concurrency: 1 args: {"network_create_args": {}, "subnet_create_args": {}, "subnet_cidr_start": "1.1.0.0/30", "subnets_per_network": 2} times: 40 method_name: run timeout: 0 duration: None cls:
2020-02-23 16:13:42.895 2269 INFO rally.task.runner [-] Task b3303a65-2da4-4195-a418-9fd6793b9bc8 | ITER: 1 START
2020-02-23 16:13:42.896 2269 WARNING rally_openstack.scenarios.neutron.utils [-] Running this scenario without either the 'network' or 'existing_network' context is deprecated
2020-02-23 16:13:42.896 2272 RALLYDEBUG rally.task.runner [-] Starting a worker. concurrency: 1 args: {"network_create_args": {}, "subnet_create_args": {}, "subnet_cidr_start": "1.1.0.0/30", "subnets_per_network": 2} times: 40 method_name: run timeout: 0 duration: None cls:
2020-02-23 16:13:42.897 2270 INFO rally.task.runner [-] Task b3303a65-2da4-4195-a418-9fd6793b9bc8 | ITER: 2 START
2020-02-23 16:13:42.898 2270 WARNING rally_openstack.scenarios.neutron.utils [-] Running this scenario without either the 'network' or 'existing_network' context is deprecated
2020-02-23 16:13:42.899 2271 INFO rally.task.runner [-] Task b3303a65-2da4-4195-a418-9fd6793b9bc8 | ITER: 3 START
2020-02-23 16:13:42.899 2273 RALLYDEBUG rally.task.runner [-] Starting a worker. concurrency: 1 args: {"network_create_args": {}, "subnet_create_args": {}, "subnet_cidr_start": "1.1.0.0/30", "subnets_per_network": 2} times: 40 method_name: run timeout: 0 duration: None cls:
2020-02-23 16:13:42.900 2271 WARNING rally_openstack.scenarios.neutron.utils [-] Running this scenario without either the 'network' or 'existing_network' context is deprecated
2020-02-23 16:13:42.901 2276 RALLYDEBUG rally.task.runner [-] Starting a worker. concurrency: 1 args: {"network_create_args": {}, "subnet_create_args": {}, "subnet_cidr_start": "1.1.0.0/30", "subnets_per_network": 2} times: 40 method_name: run timeout: 0 duration: None cls:
2020-02-23 16:13:42.902 2272 INFO rally.task.runner [-] Task b3303a65-2da4-4195-a418-9fd6793b9bc8 | ITER: 4 START
2020-02-23 16:13:42.904 2272 WARNING rally_openstack.scenarios.neutron.utils [-] Running this scenario without either the 'network' or 'existing_network' context is deprecated
2020-02-23 16:13:42.904 2279 RALLYDEBUG rally.task.runner [-] Starting a worker. concurrency: 1 args: {"network_create_args": {}, "subnet_create_args": {}, "subnet_cidr_start": "1.1.0.0/30", "subnets_per_network": 2} times: 40 method_name: run timeout: 0 duration: None cls:
2020-02-23 16:13:42.905 2273 INFO rally.task.runner [-] Task b3303a65-2da4-4195-a418-9fd6793b9bc8 | ITER: 5 START
2020-02-23 16:13:42.907 2273 WARNING rally_openstack.scenarios.neutron.utils [-] Running this scenario without either the 'network' or 'existing_network' context is deprecated
2020-02-23 16:13:42.908 2276 INFO rally.task.runner [-] Task b3303a65-2da4-4195-a418-9fd6793b9bc8 | ITER: 6 START
2020-02-23 16:13:42.907 2282 RALLYDEBUG rally.task.runner [-] Starting a worker. concurrency: 1 args: {"network_create_args": {}, "subnet_create_args": {}, "subnet_cidr_start": "1.1.0.0/30", "subnets_per_network": 2} times: 40 method_name: run timeout: 0 duration: None cls:
2020-02-23 16:13:42.909 2276 WARNING rally_openstack.scenarios.neutron.utils [-] Running this scenario without either the 'network' or 'existing_network' context is deprecated
2020-02-23 16:13:42.910 2279 INFO rally.task.runner [-] Task b3303a65-2da4-4195-a418-9fd6793b9bc8 | ITER: 7 START
2020-02-23 16:13:42.910 2285 RALLYDEBUG rally.task.runner [-] Starting a worker. concurrency: 1 args: {"network_create_args": {}, "subnet_create_args": {}, "subnet_cidr_start": "1.1.0.0/30", "subnets_per_network": 2} times: 40 method_name: run timeout: 0 duration: None cls:
2020-02-23 16:13:42.911 2279 WARNING rally_openstack.scenarios.neutron.utils [-] Running this scenario without either the 'network' or 'existing_network' context is deprecated
2020-02-23 16:13:42.912 2288 RALLYDEBUG rally.task.runner [-] Starting a worker. concurrency: 1 args: {"network_create_args": {}, "subnet_create_args": {}, "subnet_cidr_start": "1.1.0.0/30", "subnets_per_network": 2} times: 40 method_name: run timeout: 0 duration: None cls:
2020-02-23 16:13:42.914 2282 INFO rally.task.runner [-] Task b3303a65-2da4-4195-a418-9fd6793b9bc8 | ITER: 8 START
2020-02-23 16:13:42.915 2282 WARNING rally_openstack.scenarios.neutron.utils [-] Running this scenario without either the 'network' or 'existing_network' context is deprecated
2020-02-23 16:13:42.916 2285 INFO rally.task.runner [-] Task b3303a65-2da4-4195-a418-9fd6793b9bc8 | ITER: 9 START
2020-02-23 16:13:42.915 2291 RALLYDEBUG rally.task.runner [-] Starting a worker. concurrency: 1 args: {"network_create_args": {}, "subnet_create_args": {}, "subnet_cidr_start": "1.1.0.0/30", "subnets_per_network": 2} times: 40 method_name: run timeout: 0 duration: None cls:
2020-02-23 16:13:42.917 2285 WARNING rally_openstack.scenarios.neutron.utils [-] Running this scenario without either the 'network' or 'existing_network' context is deprecated
2020-02-23 16:13:42.919 2288 INFO rally.task.runner [-] Task b3303a65-2da4-4195-a418-9fd6793b9bc8 | ITER: 10 START
2020-02-23 16:13:42.918 2294 RALLYDEBUG rally.task.runner [-] Starting a worker. concurrency: 1 args: {"network_create_args": {}, "subnet_create_args": {}, "subnet_cidr_start": "1.1.0.0/30", "subnets_per_network": 2} times: 40 method_name: run timeout: 0 duration: None cls:
2020-02-23 16:13:42.920 2288 WARNING rally_openstack.scenarios.neutron.utils [-] Running this scenario without either the 'network' or 'existing_network' context is deprecated
2020-02-23 16:13:42.920 2297 RALLYDEBUG rally.task.runner [-] Starting a worker. concurrency: 1 args: {"network_create_args": {}, "subnet_create_args": {}, "subnet_cidr_start": "1.1.0.0/30", "subnets_per_network": 2} times: 40 method_name: run timeout: 0 duration: None cls:
2020-02-23 16:13:42.921 2291 INFO rally.task.runner [-] Task b3303a65-2da4-4195-a418-9fd6793b9bc8 | ITER: 11 START
2020-02-23 16:13:42.923 2291 WARNING rally_openstack.scenarios.neutron.utils [-] Running this scenario without either the 'network' or 'existing_network' context is deprecated
2020-02-23 16:13:42.924 2303 RALLYDEBUG rally.task.runner [-] Starting a worker. concurrency: 1 args: {"network_create_args": {}, "subnet_create_args": {}, "subnet_cidr_start": "1.1.0.0/30", "subnets_per_network": 2} times: 40 method_name: run timeout: 0 duration: None cls:
2020-02-23 16:13:42.924 2300 RALLYDEBUG rally.task.runner [-] Starting a worker. concurrency: 1 args: {"network_create_args": {}, "subnet_create_args": {}, "subnet_cidr_start": "1.1.0.0/30", "subnets_per_network": 2} times: 40 method_name: run timeout: 0 duration: None cls:
2020-02-23 16:13:42.925 2294 INFO rally.task.runner [-] Task b3303a65-2da4-4195-a418-9fd6793b9bc8 | ITER: 12 START
2020-02-23 16:13:42.925 2297 INFO rally.task.runner [-] Task b3303a65-2da4-4195-a418-9fd6793b9bc8 | ITER: 13 START
2020-02-23 16:13:42.926 2294 WARNING rally_openstack.scenarios.neutron.utils [-] Running this scenario without either the 'network' or 'existing_network' context is deprecated
2020-02-23 16:13:42.926 2297 WARNING rally_openstack.scenarios.neutron.utils [-] Running this scenario without either the 'network' or 'existing_network' context is deprecated
2020-02-23 16:13:42.929 2306 RALLYDEBUG rally.task.runner [-] Starting a worker. concurrency: 1 args: {"network_create_args": {}, "subnet_create_args": {}, "subnet_cidr_start": "1.1.0.0/30", "subnets_per_network": 2} times: 40 method_name: run timeout: 0 duration: None cls:
2020-02-23 16:13:42.930 2303 INFO rally.task.runner [-] Task b3303a65-2da4-4195-a418-9fd6793b9bc8 | ITER: 14 START
2020-02-23 16:13:42.931 2300 INFO rally.task.runner [-] Task b3303a65-2da4-4195-a418-9fd6793b9bc8 | ITER: 15 START
2020-02-23 16:13:42.931 2303 WARNING rally_openstack.scenarios.neutron.utils [-] Running this scenario without either the 'network' or 'existing_network' context is deprecated
2020-02-23 16:13:42.932 2300 WARNING rally_openstack.scenarios.neutron.utils [-] Running this scenario without either the 'network' or 'existing_network' context is deprecated
2020-02-23 16:13:42.933 2311 RALLYDEBUG rally.task.runner [-] Starting a worker. concurrency: 1 args: {"network_create_args": {}, "subnet_create_args": {}, "subnet_cidr_start": "1.1.0.0/30", "subnets_per_network": 2} times: 40 method_name: run timeout: 0 duration: None cls:
2020-02-23 16:13:42.934 2306 INFO rally.task.runner [-] Task b3303a65-2da4-4195-a418-9fd6793b9bc8 | ITER: 16 START
2020-02-23 16:13:42.934 2313 RALLYDEBUG rally.task.runner [-] Starting a worker. concurrency: 1 args: {"network_create_args": {}, "subnet_create_args": {}, "subnet_cidr_start": "1.1.0.0/30", "subnets_per_network": 2} times: 40 method_name: run timeout: 0 duration: None cls:
2020-02-23 16:13:42.935 2306 WARNING rally_openstack.scenarios.neutron.utils [-] Running this scenario without either the 'network' or 'existing_network' context is deprecated
2020-02-23 16:13:42.939 2311 INFO rally.task.runner [-] Task b3303a65-2da4-4195-a418-9fd6793b9bc8 | ITER: 17 START
2020-02-23 16:13:42.938 2317 RALLYDEBUG rally.task.runner [-] Starting a worker. concurrency: 1 args: {"network_create_args": {}, "subnet_create_args": {}, "subnet_cidr_start": "1.1.0.0/30", "subnets_per_network": 2} times: 40 method_name: run timeout: 0 duration: None cls:
2020-02-23 16:13:42.939 2313 INFO rally.task.runner [-] Task b3303a65-2da4-4195-a418-9fd6793b9bc8 | ITER: 18 START
2020-02-23 16:13:42.940 2311 WARNING rally_openstack.scenarios.neutron.utils [-] Running this scenario without either the 'network' or 'existing_network' context is deprecated
2020-02-23 16:13:42.940 2313 WARNING rally_openstack.scenarios.neutron.utils [-] Running this scenario without either the 'network' or 'existing_network' context is deprecated
2020-02-23 16:13:42.941 2320 RALLYDEBUG rally.task.runner [-] Starting a worker. concurrency: 1 args: {"network_create_args": {}, "subnet_create_args": {}, "subnet_cidr_start": "1.1.0.0/30", "subnets_per_network": 2} times: 40 method_name: run timeout: 0 duration: None cls:
2020-02-23 16:13:42.944 2317 INFO rally.task.runner [-] Task b3303a65-2da4-4195-a418-9fd6793b9bc8 | ITER: 19 START
2020-02-23 16:13:42.945 2317 WARNING rally_openstack.scenarios.neutron.utils [-] Running this scenario without either the 'network' or 'existing_network' context is deprecated
2020-02-23 16:13:42.947 2320 INFO rally.task.runner [-] Task b3303a65-2da4-4195-a418-9fd6793b9bc8 | ITER: 20 START
2020-02-23 16:13:42.948 2320 WARNING rally_openstack.scenarios.neutron.utils [-] Running this scenario without either the 'network' or 'existing_network' context is deprecated
2020-02-23 16:13:43.686 2270 RALLYDEBUG rally_openstack.wrappers.network [-] CIDR generated: 1.1.4.96/30
2020-02-23 16:13:43.771 2279 RALLYDEBUG rally_openstack.wrappers.network [-] CIDR generated: 1.1.4.100/30
2020-02-23 16:13:43.778 2303 RALLYDEBUG rally_openstack.wrappers.network [-] CIDR generated: 1.1.4.104/30
2020-02-23 16:13:43.849 2288 RALLYDEBUG rally_openstack.wrappers.network [-] CIDR generated: 1.1.4.108/30
2020-02-23 16:13:44.031 2271 RALLYDEBUG rally_openstack.wrappers.network [-] CIDR generated: 1.1.4.112/30
2020-02-23 16:13:44.036 2272 RALLYDEBUG rally_openstack.wrappers.network [-] CIDR generated: 1.1.4.116/30
2020-02-23 16:13:44.066 2276 RALLYDEBUG rally_openstack.wrappers.network [-] CIDR generated: 1.1.4.120/30
2020-02-23 16:13:44.098 2306 RALLYDEBUG rally_openstack.wrappers.network [-] CIDR generated: 1.1.4.124/30
2020-02-23 16:13:44.109 2300 RALLYDEBUG rally_openstack.wrappers.network [-] CIDR generated: 1.1.4.128/30
2020-02-23 16:13:44.157 2320 RALLYDEBUG rally_openstack.wrappers.network [-] CIDR generated: 1.1.4.132/30
2020-02-23 16:13:44.190 2297 RALLYDEBUG rally_openstack.wrappers.network [-] CIDR generated: 1.1.4.136/30
2020-02-23 16:13:44.214 2285 RALLYDEBUG rally_openstack.wrappers.network [-] CIDR generated: 1.1.4.140/30
2020-02-23 16:13:44.265 2282 RALLYDEBUG rally_openstack.wrappers.network [-] CIDR generated: 1.1.4.144/30
2020-02-23 16:13:44.288 2273 RALLYDEBUG rally_openstack.wrappers.network [-] CIDR generated: 1.1.4.148/30
2020-02-23 16:13:44.289 2311 RALLYDEBUG rally_openstack.wrappers.network [-] CIDR generated: 1.1.4.152/30
2020-02-23 16:13:44.437 2291 RALLYDEBUG rally_openstack.wrappers.network [-] CIDR generated: 1.1.4.156/30
2020-02-23 16:13:44.567 2269 RALLYDEBUG rally_openstack.wrappers.network [-] CIDR generated: 1.1.4.160/30
2020-02-23 16:13:44.579 2313 RALLYDEBUG rally_openstack.wrappers.network [-] CIDR generated: 1.1.4.164/30
2020-02-23 16:13:44.631 2294 RALLYDEBUG rally_openstack.wrappers.network [-] CIDR generated: 1.1.4.168/30
2020-02-23 16:13:44.731 2317 RALLYDEBUG rally_openstack.wrappers.network [-] CIDR generated: 1.1.4.172/30
2020-02-23 16:13:44.954 2303 RALLYDEBUG rally_openstack.wrappers.network [-] CIDR generated: 1.1.4.176/30
2020-02-23 16:13:45.114 2270 RALLYDEBUG rally_openstack.wrappers.network [-] CIDR generated: 1.1.4.180/30
2020-02-23 16:13:45.115 2288 RALLYDEBUG rally_openstack.wrappers.network [-] CIDR generated: 1.1.4.184/30
2020-02-23 16:13:45.508 2300 RALLYDEBUG rally_openstack.wrappers.network [-] CIDR generated: 1.1.4.188/30
2020-02-23 16:13:45.517 2297 RALLYDEBUG rally_openstack.wrappers.network [-] CIDR generated: 1.1.4.192/30
2020-02-23 16:13:45.734 2291 RALLYDEBUG rally_openstack.wrappers.network [-] CIDR generated: 1.1.4.196/30
2020-02-23 16:13:45.797 2269 RALLYDEBUG rally_openstack.wrappers.network [-] CIDR generated: 1.1.4.200/30
2020-02-23 16:13:45.936 2306 RALLYDEBUG rally_openstack.wrappers.network [-] CIDR generated: 1.1.4.204/30
2020-02-23 16:13:45.961 2311 RALLYDEBUG rally_openstack.wrappers.network [-] CIDR generated: 1.1.4.208/30
2020-02-23 16:13:46.026 2272 RALLYDEBUG rally_openstack.wrappers.network [-] CIDR generated: 1.1.4.212/30
2020-02-23 16:13:46.039 2279 RALLYDEBUG rally_openstack.wrappers.network [-] CIDR generated: 1.1.4.216/30
2020-02-23 16:13:46.040 2271 RALLYDEBUG rally_openstack.wrappers.network [-] CIDR generated: 1.1.4.220/30
2020-02-23 16:13:46.059 2282 RALLYDEBUG rally_openstack.wrappers.network [-] CIDR generated: 1.1.4.224/30
2020-02-23 16:13:46.068 2276 RALLYDEBUG rally_openstack.wrappers.network [-] CIDR generated: 1.1.4.228/30
2020-02-23 16:13:46.436 2294 RALLYDEBUG rally_openstack.wrappers.network [-] CIDR generated: 1.1.4.232/30
2020-02-23 16:13:46.486 2313 RALLYDEBUG rally_openstack.wrappers.network [-] CIDR generated: 1.1.4.236/30
2020-02-23 16:13:46.963 2320 RALLYDEBUG rally_openstack.wrappers.network [-] CIDR generated: 1.1.4.240/30
2020-02-23 16:13:47.036 2273 RALLYDEBUG rally_openstack.wrappers.network [-] CIDR generated: 1.1.4.244/30
2020-02-23 16:13:47.045 2285 RALLYDEBUG rally_openstack.wrappers.network [-] CIDR generated: 1.1.4.248/30
2020-02-23 16:13:47.277 2317 RALLYDEBUG rally_openstack.wrappers.network [-] CIDR generated: 1.1.4.252/30
2020-02-23 16:13:49.309 2279 INFO rally.task.runner [-] Task b3303a65-2da4-4195-a418-9fd6793b9bc8 | ITER: 7 END: OK
2020-02-23 16:13:49.314 2279 INFO rally.task.runner [-] Task b3303a65-2da4-4195-a418-9fd6793b9bc8 | ITER: 21 START
2020-02-23 16:13:49.315 2279 WARNING rally_openstack.scenarios.neutron.utils [-] Running this scenario without either the 'network' or 'existing_network' context is deprecated
2020-02-23 16:13:50.276 2303 INFO rally.task.runner [-] Task b3303a65-2da4-4195-a418-9fd6793b9bc8 | ITER: 14 END: OK
2020-02-23 16:13:50.280 2303 INFO rally.task.runner [-] Task b3303a65-2da4-4195-a418-9fd6793b9bc8 | ITER: 22 START
2020-02-23 16:13:50.281 2303 WARNING rally_openstack.scenarios.neutron.utils [-] Running this scenario without either the 'network' or 'existing_network' context is deprecated
2020-02-23 16:13:50.400 2270 INFO rally.task.runner [-] Task b3303a65-2da4-4195-a418-9fd6793b9bc8 | ITER: 2 END: OK
2020-02-23 16:13:50.405 2270 INFO rally.task.runner [-] Task b3303a65-2da4-4195-a418-9fd6793b9bc8 | ITER: 23 START
2020-02-23 16:13:50.406 2270 WARNING rally_openstack.scenarios.neutron.utils [-] Running this scenario without either the 'network' or 'existing_network' context is deprecated
2020-02-23 16:13:50.421 2288 INFO rally.task.runner [-] Task b3303a65-2da4-4195-a418-9fd6793b9bc8 | ITER: 10 END: OK
2020-02-23 16:13:50.426 2288 INFO rally.task.runner [-] Task b3303a65-2da4-4195-a418-9fd6793b9bc8 | ITER: 24 START
2020-02-23 16:13:50.427 2288 WARNING rally_openstack.scenarios.neutron.utils [-] Running this scenario without either the 'network' or 'existing_network' context is deprecated
2020-02-23 16:13:50.897 2270 RALLYDEBUG rally_openstack.wrappers.network [-] CIDR generated: 1.1.5.0/30
2020-02-23 16:13:50.939 2288 RALLYDEBUG rally_openstack.wrappers.network [-] CIDR generated: 1.1.5.4/30
2020-02-23 16:13:51.118 2303 RALLYDEBUG rally_openstack.wrappers.network [-] CIDR generated: 1.1.5.8/30
2020-02-23 16:13:51.254 2279 RALLYDEBUG rally_openstack.wrappers.network [-] CIDR generated: 1.1.5.12/30
2020-02-23 16:13:51.328 2311 INFO rally.task.runner [-] Task b3303a65-2da4-4195-a418-9fd6793b9bc8 | ITER: 17 END: OK
2020-02-23 16:13:51.330 2306 INFO rally.task.runner [-] Task b3303a65-2da4-4195-a418-9fd6793b9bc8 | ITER: 16 END: OK
2020-02-23 16:13:51.330 2276 INFO rally.task.runner [-] Task b3303a65-2da4-4195-a418-9fd6793b9bc8 | ITER: 6 END: OK
2020-02-23 16:13:51.333 2311 INFO rally.task.runner [-] Task b3303a65-2da4-4195-a418-9fd6793b9bc8 | ITER: 25 START
2020-02-23 16:13:51.334 2311 WARNING rally_openstack.scenarios.neutron.utils [-] Running this scenario without either the 'network' or 'existing_network' context is deprecated
2020-02-23 16:13:51.335 2306 INFO rally.task.runner [-] Task b3303a65-2da4-4195-a418-9fd6793b9bc8 | ITER: 26 START
2020-02-23 16:13:51.336 2276 INFO rally.task.runner [-] Task b3303a65-2da4-4195-a418-9fd6793b9bc8 | ITER: 27 START
2020-02-23 16:13:51.336 2306 WARNING rally_openstack.scenarios.neutron.utils [-] Running this scenario without either the 'network' or 'existing_network' context is deprecated
2020-02-23 16:13:51.336 2276 WARNING rally_openstack.scenarios.neutron.utils [-] Running this scenario without either the 'network' or 'existing_network' context is deprecated
2020-02-23 16:13:51.586 2313 INFO rally.task.runner [-] Task b3303a65-2da4-4195-a418-9fd6793b9bc8 | ITER: 18 END: OK
2020-02-23 16:13:51.590 2313 INFO rally.task.runner [-] Task b3303a65-2da4-4195-a418-9fd6793b9bc8 | ITER: 28 START
2020-02-23 16:13:51.591 2313 WARNING rally_openstack.scenarios.neutron.utils [-] Running this scenario without either the 'network' or 'existing_network' context is deprecated
2020-02-23 16:13:51.898 2294 INFO rally.task.runner [-] Task b3303a65-2da4-4195-a418-9fd6793b9bc8 | ITER: 12 END: OK
2020-02-23 16:13:51.902 2270 RALLYDEBUG rally_openstack.wrappers.network [-] CIDR generated: 1.1.5.16/30
2020-02-23 16:13:51.904 2294 INFO rally.task.runner [-] Task b3303a65-2da4-4195-a418-9fd6793b9bc8 | ITER: 29 START
2020-02-23 16:13:51.904 2294 WARNING rally_openstack.scenarios.neutron.utils [-] Running this scenario without either the 'network' or 'existing_network' context is deprecated
2020-02-23 16:13:52.031 2276 RALLYDEBUG rally_openstack.wrappers.network [-] CIDR generated: 1.1.5.20/30
2020-02-23 16:13:52.136 2311 RALLYDEBUG rally_openstack.wrappers.network [-] CIDR generated: 1.1.5.24/30
2020-02-23 16:13:52.138 2288 RALLYDEBUG rally_openstack.wrappers.network [-] CIDR generated: 1.1.5.28/30
2020-02-23 16:13:52.318 2269 INFO rally.task.runner [-] Task b3303a65-2da4-4195-a418-9fd6793b9bc8 | ITER: 1 END: OK
2020-02-23 16:13:52.321 2291 INFO rally.task.runner [-] Task b3303a65-2da4-4195-a418-9fd6793b9bc8 | ITER: 11 END: OK
2020-02-23 16:13:52.323 2269 INFO rally.task.runner [-] Task b3303a65-2da4-4195-a418-9fd6793b9bc8 | ITER: 30 START
2020-02-23 16:13:52.324 2269 WARNING rally_openstack.scenarios.neutron.utils [-] Running this scenario without either the 'network' or 'existing_network' context is deprecated
2020-02-23 16:13:52.326 2291 INFO rally.task.runner [-] Task b3303a65-2da4-4195-a418-9fd6793b9bc8 | ITER: 31 START
2020-02-23 16:13:52.327 2291 WARNING rally_openstack.scenarios.neutron.utils [-] Running this scenario without either the 'network' or 'existing_network' context is deprecated
2020-02-23 16:13:52.413 2294 RALLYDEBUG rally_openstack.wrappers.network [-] CIDR generated: 1.1.5.32/30
2020-02-23 16:13:52.471 2313 RALLYDEBUG rally_openstack.wrappers.network [-] CIDR generated: 1.1.5.36/30
2020-02-23 16:13:52.748 2276 RALLYDEBUG rally_openstack.wrappers.network [-] CIDR generated: 1.1.5.40/30
2020-02-23 16:13:52.888 2320 INFO rally.task.runner [-] Task b3303a65-2da4-4195-a418-9fd6793b9bc8 | ITER: 20 END: OK
2020-02-23 16:13:52.892 2320 INFO rally.task.runner [-] Task b3303a65-2da4-4195-a418-9fd6793b9bc8 | ITER: 32 START
2020-02-23 16:13:52.893 2320 WARNING rally_openstack.scenarios.neutron.utils [-] Running this scenario without either the 'network' or 'existing_network' context is deprecated
2020-02-23 16:13:52.955 2306 RALLYDEBUG rally_openstack.wrappers.network [-] CIDR generated: 1.1.5.44/30
2020-02-23 16:13:53.303 2303 RALLYDEBUG rally_openstack.wrappers.network [-] CIDR generated: 1.1.5.48/30
2020-02-23 16:13:53.336 2269 RALLYDEBUG rally_openstack.wrappers.network [-] CIDR generated: 1.1.5.52/30
2020-02-23 16:13:53.405 2313 RALLYDEBUG rally_openstack.wrappers.network [-] CIDR generated: 1.1.5.56/30
2020-02-23 16:13:53.514 2311 RALLYDEBUG rally_openstack.wrappers.network [-] CIDR generated: 1.1.5.60/30
2020-02-23 16:13:53.654 2272 INFO rally.task.runner [-] Task b3303a65-2da4-4195-a418-9fd6793b9bc8 | ITER: 4 END: OK
2020-02-23 16:13:53.659 2272 INFO rally.task.runner [-] Task b3303a65-2da4-4195-a418-9fd6793b9bc8 | ITER: 33 START
2020-02-23 16:13:53.660 2272 WARNING rally_openstack.scenarios.neutron.utils [-] Running this scenario without either the 'network' or 'existing_network' context is deprecated
2020-02-23 16:13:53.662 2271 INFO rally.task.runner [-] Task b3303a65-2da4-4195-a418-9fd6793b9bc8 | ITER: 3 END: OK
2020-02-23 16:13:53.667 2271 INFO rally.task.runner [-] Task b3303a65-2da4-4195-a418-9fd6793b9bc8 | ITER: 34 START
2020-02-23 16:13:53.667 2282 INFO rally.task.runner [-] Task b3303a65-2da4-4195-a418-9fd6793b9bc8 | ITER: 8 END: OK
2020-02-23 16:13:53.668 2271 WARNING rally_openstack.scenarios.neutron.utils [-] Running this scenario without either the 'network' or 'existing_network' context is deprecated
2020-02-23 16:13:53.673 2282 INFO rally.task.runner [-] Task b3303a65-2da4-4195-a418-9fd6793b9bc8 | ITER: 35 START
2020-02-23 16:13:53.674 2282 WARNING rally_openstack.scenarios.neutron.utils [-] Running this scenario without either the 'network' or 'existing_network' context is deprecated
2020-02-23 16:13:53.692 2294 RALLYDEBUG rally_openstack.wrappers.network [-] CIDR generated: 1.1.5.64/30
2020-02-23 16:13:53.733 2320 RALLYDEBUG rally_openstack.wrappers.network [-] CIDR generated: 1.1.5.68/30
2020-02-23 16:13:54.119 2271 RALLYDEBUG rally_openstack.wrappers.network [-] CIDR generated: 1.1.5.72/30
2020-02-23 16:13:54.159 2272 RALLYDEBUG rally_openstack.wrappers.network [-] CIDR generated: 1.1.5.76/30
2020-02-23 16:13:54.322 2306 RALLYDEBUG rally_openstack.wrappers.network [-] CIDR generated: 1.1.5.80/30
2020-02-23 16:13:54.356 2291 RALLYDEBUG rally_openstack.wrappers.network [-] CIDR generated: 1.1.5.84/30
2020-02-23 16:13:54.510 2279 RALLYDEBUG rally_openstack.wrappers.network [-] CIDR generated: 1.1.5.88/30
2020-02-23 16:13:55.017 2270 INFO rally.task.runner [-] Task b3303a65-2da4-4195-a418-9fd6793b9bc8 | ITER: 23 END: OK
2020-02-23 16:13:55.021 2270 INFO rally.task.runner [-] Task b3303a65-2da4-4195-a418-9fd6793b9bc8 | ITER: 36 START
2020-02-23 16:13:55.022 2270 WARNING rally_openstack.scenarios.neutron.utils [-] Running this scenario without either the 'network' or 'existing_network' context is deprecated
2020-02-23 16:13:55.115 2271 RALLYDEBUG rally_openstack.wrappers.network [-] CIDR generated: 1.1.5.92/30
2020-02-23 16:13:55.192 2269 RALLYDEBUG rally_openstack.wrappers.network [-] CIDR generated: 1.1.5.96/30
2020-02-23 16:13:55.241 2320 RALLYDEBUG rally_openstack.wrappers.network [-] CIDR generated: 1.1.5.100/30
2020-02-23 16:13:55.632 2272 RALLYDEBUG rally_openstack.wrappers.network [-] CIDR generated: 1.1.5.104/30
2020-02-23 16:13:55.766 2300 INFO rally.task.runner [-] Task b3303a65-2da4-4195-a418-9fd6793b9bc8 | ITER: 15 END: OK
2020-02-23 16:13:55.771 2300 INFO rally.task.runner [-] Task b3303a65-2da4-4195-a418-9fd6793b9bc8 | ITER: 37 START
2020-02-23 16:13:55.771 2300 WARNING rally_openstack.scenarios.neutron.utils [-] Running this scenario without either the 'network' or 'existing_network' context is deprecated
2020-02-23 16:13:55.775 2282 RALLYDEBUG rally_openstack.wrappers.network [-] CIDR generated: 1.1.5.108/30
2020-02-23 16:13:55.794 2297 INFO rally.task.runner [-] Task b3303a65-2da4-4195-a418-9fd6793b9bc8 | ITER: 13 END: OK
2020-02-23 16:13:55.799 2297 INFO rally.task.runner [-] Task b3303a65-2da4-4195-a418-9fd6793b9bc8 | ITER: 38 START
2020-02-23 16:13:55.800 2297 WARNING rally_openstack.scenarios.neutron.utils [-] Running this scenario without either the 'network' or 'existing_network' context is deprecated
2020-02-23 16:13:56.315 2270 RALLYDEBUG rally_openstack.wrappers.network [-] CIDR generated: 1.1.5.112/30
2020-02-23 16:13:56.874 2297 RALLYDEBUG rally_openstack.wrappers.network [-] CIDR generated: 1.1.5.116/30
2020-02-23 16:13:56.984 2270 RALLYDEBUG rally_openstack.wrappers.network [-] CIDR generated: 1.1.5.120/30
2020-02-23 16:13:57.331 2285 INFO rally.task.runner [-] Task b3303a65-2da4-4195-a418-9fd6793b9bc8 | ITER: 9 END: OK
2020-02-23 16:13:57.337 2285 INFO rally.task.runner [-] Task b3303a65-2da4-4195-a418-9fd6793b9bc8 | ITER: 39 START
2020-02-23 16:13:57.337 2285 WARNING rally_openstack.scenarios.neutron.utils [-] Running this scenario without either the 'network' or 'existing_network' context is deprecated
2020-02-23 16:13:57.517 2276 INFO rally.task.runner [-] Task b3303a65-2da4-4195-a418-9fd6793b9bc8 | ITER: 27 END: OK
2020-02-23 16:13:57.522 2276 INFO rally.task.runner [-] Task b3303a65-2da4-4195-a418-9fd6793b9bc8 | ITER: 40 START
2020-02-23 16:13:57.522 2276 WARNING rally_openstack.scenarios.neutron.utils [-] Running this scenario without either the 'network' or 'existing_network' context is deprecated
2020-02-23 16:13:57.571 2273 INFO rally.task.runner [-] Task b3303a65-2da4-4195-a418-9fd6793b9bc8 | ITER: 5 END: OK
2020-02-23 16:13:57.628 2291 RALLYDEBUG rally_openstack.wrappers.network [-] CIDR generated: 1.1.5.124/30
2020-02-23 16:13:57.632 2317 INFO rally.task.runner [-] Task b3303a65-2da4-4195-a418-9fd6793b9bc8 | ITER: 19 END: OK
2020-02-23 16:13:57.716 2300 RALLYDEBUG rally_openstack.wrappers.network [-] CIDR generated: 1.1.5.128/30
2020-02-23 16:13:57.945 2303 INFO rally.task.runner [-] Task b3303a65-2da4-4195-a418-9fd6793b9bc8 | ITER: 22 END: OK
2020-02-23 16:13:58.164 2306 INFO rally.task.runner [-] Task b3303a65-2da4-4195-a418-9fd6793b9bc8 | ITER: 26 END: OK
2020-02-23 16:13:58.174 2285 RALLYDEBUG rally_openstack.wrappers.network [-] CIDR generated: 1.1.5.132/30
2020-02-23 16:13:58.201 2276 RALLYDEBUG rally_openstack.wrappers.network [-] CIDR generated: 1.1.5.136/30
2020-02-23 16:13:58.454 2297 RALLYDEBUG rally_openstack.wrappers.network [-] CIDR generated: 1.1.5.140/30
2020-02-23 16:13:58.701 2282 RALLYDEBUG rally_openstack.wrappers.network [-] CIDR generated: 1.1.5.144/30
2020-02-23 16:13:59.061 2276 RALLYDEBUG rally_openstack.wrappers.network [-] CIDR generated: 1.1.5.148/30
2020-02-23 16:13:59.111 2311 INFO rally.task.runner [-] Task b3303a65-2da4-4195-a418-9fd6793b9bc8 | ITER: 25 END: OK
2020-02-23 16:13:59.115 2294 INFO rally.task.runner [-] Task b3303a65-2da4-4195-a418-9fd6793b9bc8 | ITER: 29 END: OK
2020-02-23 16:13:59.173 2269 INFO rally.task.runner [-] Task b3303a65-2da4-4195-a418-9fd6793b9bc8 | ITER: 30 END: OK
2020-02-23 16:13:59.198 2313 INFO rally.task.runner [-] Task b3303a65-2da4-4195-a418-9fd6793b9bc8 | ITER: 28 END: OK
2020-02-23 16:13:59.416 2271 INFO rally.task.runner [-] Task b3303a65-2da4-4195-a418-9fd6793b9bc8 | ITER: 34 END: OK
2020-02-23 16:13:59.454 2285 RALLYDEBUG rally_openstack.wrappers.network [-] CIDR generated: 1.1.5.152/30
2020-02-23 16:13:59.591 2288 INFO rally.task.runner [-] Task b3303a65-2da4-4195-a418-9fd6793b9bc8 | ITER: 24 END: OK
2020-02-23 16:13:59.825 2300 RALLYDEBUG rally_openstack.wrappers.network [-] CIDR generated: 1.1.5.156/30
2020-02-23 16:14:00.404 2279 INFO rally.task.runner [-] Task b3303a65-2da4-4195-a418-9fd6793b9bc8 | ITER: 21 END: OK
2020-02-23 16:14:00.790 2320 INFO rally.task.runner [-] Task b3303a65-2da4-4195-a418-9fd6793b9bc8 | ITER: 32 END: OK
2020-02-23 16:14:01.073 2272 INFO rally.task.runner [-] Task b3303a65-2da4-4195-a418-9fd6793b9bc8 | ITER: 33 END: OK
2020-02-23 16:14:01.089 2270 INFO rally.task.runner [-] Task b3303a65-2da4-4195-a418-9fd6793b9bc8 | ITER: 36 END: OK
2020-02-23 16:14:01.974 2276 INFO rally.task.runner [-] Task b3303a65-2da4-4195-a418-9fd6793b9bc8 | ITER: 40 END: OK
2020-02-23 16:14:02.261 2285 INFO rally.task.runner [-] Task b3303a65-2da4-4195-a418-9fd6793b9bc8 | ITER: 39 END: OK
2020-02-23 16:14:02.612 2297 INFO rally.task.runner [-] Task b3303a65-2da4-4195-a418-9fd6793b9bc8 | ITER: 38 END: OK
2020-02-23 16:14:02.778 2291 INFO rally.task.runner [-] Task b3303a65-2da4-4195-a418-9fd6793b9bc8 | ITER: 31 END: OK
2020-02-23 16:14:03.490 2282 INFO rally.task.runner [-] Task b3303a65-2da4-4195-a418-9fd6793b9bc8 | ITER: 35 END: OK
2020-02-23 16:14:03.663 2300 INFO rally.task.runner [-] Task b3303a65-2da4-4195-a418-9fd6793b9bc8 | ITER: 37 END: OK
2020-02-23 16:14:03.687 15 INFO rally.task.context [-] Task b3303a65-2da4-4195-a418-9fd6793b9bc8 | Context cleanup@openstack cleanup() started
2020-02-23 16:14:03.690 15 RALLYDEBUG rally_openstack.cleanup.manager [-] Cleaning up neutron vip objects
2020-02-23 16:14:03.893 15 RALLYDEBUG rally_openstack.cleanup.manager [-] Cleaning up neutron health_monitor objects
2020-02-23 16:14:04.085 15 RALLYDEBUG rally_openstack.cleanup.manager [-] Cleaning up neutron pool objects
2020-02-23 16:14:04.293 15 RALLYDEBUG rally_openstack.cleanup.manager [-] Cleaning up neutron loadbalancer objects
2020-02-23 16:14:04.492 15 RALLYDEBUG rally_openstack.cleanup.manager [-] Cleaning up neutron floatingip objects
2020-02-23 16:14:04.732 15 RALLYDEBUG rally_openstack.cleanup.manager [-] Cleaning up neutron trunk objects
2020-02-23 16:14:04.928 15 DEBUG neutronclient.v2_0.client [-] Error message: {"message": "The resource could not be found.

\n\n\n", "code": "404 Not Found", "title": "Not Found"} _handle_fault_response /usr/lib/python2.7/site-packages/neutronclient/v2_0/client.py:259
2020-02-23 16:14:04.937 15 RALLYDEBUG rally_openstack.cleanup.manager [-] Cleaning up neutron port objects
2020-02-23 16:14:05.188 15 RALLYDEBUG rally_openstack.cleanup.manager [-] Cleaning up neutron subnet objects
2020-02-23 16:14:05.467 15 RALLYDEBUG rally_openstack.cleanup.manager [-] Cleaning up neutron network objects
2020-02-23 16:14:05.985 15 RALLYDEBUG rally_openstack.cleanup.manager [-] Deleting neutron.network object s_rally_d9d1b73b_o7LhEdCX (06bd0e3d-96c3-41f3-85f7-52996c168d19)
2020-02-23 16:14:05.994 15 RALLYDEBUG rally_openstack.cleanup.manager [-] Deleting neutron.network object s_rally_d9d1b73b_ZTYEpBtO (16d958db-6557-499f-91b0-e7a8e64f0541)
2020-02-23 16:14:05.994 15 RALLYDEBUG rally_openstack.cleanup.manager [-] Deleting neutron.network object s_rally_d9d1b73b_lje9l5Nc (069cea95-6e70-466d-b678-063336d71cb2)
2020-02-23 16:14:06.004 15 RALLYDEBUG rally_openstack.cleanup.manager [-] Deleting neutron.network object s_rally_d9d1b73b_OEjiDabJ (1376bd57-9cb6-4663-8be9-30cff0583dab)
2020-02-23 16:14:06.007 15 RALLYDEBUG rally_openstack.cleanup.manager [-] Deleting neutron.network object s_rally_d9d1b73b_CMNRdOMM (37f22867-34f1-4c66-8336-3b699ec027e5)
2020-02-23 16:14:06.019 15 RALLYDEBUG rally_openstack.cleanup.manager [-] Deleting neutron.network object s_rally_d9d1b73b_6xCNc7TB (0bd056fc-437b-4bf8-9620-f2ba41f20380)
2020-02-23 16:14:06.029 15 RALLYDEBUG rally_openstack.cleanup.manager [-] Deleting neutron.network object s_rally_d9d1b73b_2rsOvNFb (0e9266f1-af41-4a6b-a02c-83a083a4e17e)
2020-02-23 16:14:06.030 15 RALLYDEBUG rally_openstack.cleanup.manager [-] Deleting neutron.network object s_rally_d9d1b73b_QFAvnCmE (415ffa80-94a7-4221-bd1b-532101b0d661)
2020-02-23 16:14:06.038 15 RALLYDEBUG rally_openstack.cleanup.manager [-] Deleting neutron.network object s_rally_d9d1b73b_lfN7wmmh (535b91c2-7438-46a7-b247-05f44c1b6ee2)
2020-02-23 16:14:06.040 15 RALLYDEBUG rally_openstack.cleanup.manager [-] Deleting neutron.network object s_rally_d9d1b73b_x5X7trbM (4fb5f069-51b4-4f7f-b8c4-1964bf5dba2f)
2020-02-23 16:14:06.063 15 RALLYDEBUG rally_openstack.cleanup.manager [-] Deleting neutron.network object s_rally_d9d1b73b_lwTYgalA (505a585f-ec8b-4d69-9765-cde167eb9eff)
2020-02-23 16:14:06.080 15 RALLYDEBUG rally_openstack.cleanup.manager [-] Deleting neutron.network object s_rally_d9d1b73b_D0okn16q (56b55566-1591-4f5c-b766-848121c62212)
2020-02-23 16:14:06.096 15 RALLYDEBUG rally_openstack.cleanup.manager [-] Deleting neutron.network object s_rally_d9d1b73b_ylmgSYMv (5c0961d2-c984-4dea-991d-2b3f94e0fb5c)
2020-02-23 16:14:06.109 15 RALLYDEBUG rally_openstack.cleanup.manager [-] Deleting neutron.network object s_rally_d9d1b73b_VgQjFynW (5d024167-717f-4e23-9241-ab181918869a)
2020-02-23 16:14:06.128 15 RALLYDEBUG rally_openstack.cleanup.manager [-] Deleting neutron.network object s_rally_d9d1b73b_OPg7iRbd (6bf78846-e895-44df-966f-56ebb5da1ed7)
2020-02-23 16:14:06.134 15 RALLYDEBUG rally_openstack.cleanup.manager [-] Deleting neutron.network object s_rally_d9d1b73b_itmy7YLY (713f3b35-d485-435c-883b-fe29331ad9b5)
2020-02-23 16:14:06.162 15 RALLYDEBUG rally_openstack.cleanup.manager [-] Deleting neutron.network object s_rally_d9d1b73b_iQAU4kD1 (82264384-a4bc-439b-9422-f96950148ffb)
2020-02-23 16:14:06.176 15 RALLYDEBUG rally_openstack.cleanup.manager [-] Deleting neutron.network object s_rally_d9d1b73b_Oz3PY4TQ (88329580-5d18-4340-89bd-c46111ab5846)
2020-02-23 16:14:06.192 15 RALLYDEBUG rally_openstack.cleanup.manager [-] Deleting neutron.network object s_rally_d9d1b73b_6EnaLtIi (899521d1-d882-44c7-b88d-9dcf29dd962a)
2020-02-23 16:14:06.223 15 RALLYDEBUG rally_openstack.cleanup.manager [-] Deleting neutron.network object s_rally_d9d1b73b_wi59lsnG (8c7d6cca-1d58-48e5-ae57-665022c762a3)
2020-02-23 16:14:08.196 15 RALLYDEBUG rally_openstack.cleanup.manager [-] Deleting neutron.network object s_rally_d9d1b73b_kn3nLpWt (9652b649-bc2f-41ee-bf11-9ac6186f9c51)
2020-02-23 16:14:08.292 15 RALLYDEBUG rally_openstack.cleanup.manager [-] Deleting neutron.network object s_rally_d9d1b73b_DQH6Etj1 (9f0abadc-7b27-4b52-b6dc-45dafd68deb7)
2020-02-23 16:14:08.492 15 RALLYDEBUG rally_openstack.cleanup.manager [-] Deleting neutron.network object s_rally_d9d1b73b_ya3ZPYct (a009ba45-eae8-4f99-9fda-e6857c0a1112)
2020-02-23 16:14:08.831 15 RALLYDEBUG rally_openstack.cleanup.manager [-] Deleting neutron.network object s_rally_d9d1b73b_jWxXIbOU (a814e015-c69b-4170-b203-d630abb38a89)
2020-02-23 16:14:08.839 15 RALLYDEBUG rally_openstack.cleanup.manager [-] Deleting neutron.network object s_rally_d9d1b73b_pTMuWlxJ (aa6b4f27-0030-4b74-a919-549b542970f6)
2020-02-23 16:14:08.997 15 RALLYDEBUG rally_openstack.cleanup.manager [-] Deleting neutron.network object s_rally_d9d1b73b_l0SsvFcm (b12ccfec-d64a-4cbf-98ff-502e25e23b6a)
2020-02-23 16:14:09.248 15 RALLYDEBUG rally_openstack.cleanup.manager [-] Deleting neutron.network object s_rally_d9d1b73b_ceiVWDsi (b2207840-01d0-4edd-82b3-42c08a7ba284)
2020-02-23 16:14:09.305 15 RALLYDEBUG rally_openstack.cleanup.manager [-] Deleting neutron.network object s_rally_d9d1b73b_qXqPBVKA (b3d8a5ff-fcbb-4308-a7ba-cb07be9cd922)
2020-02-23 16:14:09.372 15 RALLYDEBUG rally_openstack.cleanup.manager [-] Deleting neutron.network object s_rally_d9d1b73b_LU26UxkM (bd36fa07-95af-4706-93c3-db979b1b12e2)
2020-02-23 16:14:09.410 15 RALLYDEBUG rally_openstack.cleanup.manager [-] Deleting neutron.network object s_rally_d9d1b73b_PybJ9zPO (caf13bee-92a8-4104-bc9a-d2130abe2c0e)
2020-02-23 16:14:09.563 15 RALLYDEBUG rally_openstack.cleanup.manager [-] Deleting neutron.network object s_rally_d9d1b73b_EUwKGPVT (cb8385ee-a6b6-4d58-9dc6-da9e817d3a02)
2020-02-23 16:14:09.604 15 RALLYDEBUG rally_openstack.cleanup.manager [-] Deleting neutron.network object s_rally_d9d1b73b_Y3j7CqO6 (cdcd1389-e0b0-4478-87c0-dee3162f7e55)
2020-02-23 16:14:09.639 15 RALLYDEBUG rally_openstack.cleanup.manager [-] Deleting neutron.network object s_rally_d9d1b73b_tVn4F9cG (ced07973-59bb-477c-a9f7-1696c73dc13b)
2020-02-23 16:14:09.646 15 RALLYDEBUG rally_openstack.cleanup.manager [-] Deleting neutron.network object s_rally_d9d1b73b_ZdonH7Hf (d4ac14ac-6a4f-4a9e-a915-ec1f08371ef9)
2020-02-23 16:14:09.950 15 RALLYDEBUG rally_openstack.cleanup.manager [-] Deleting neutron.network object s_rally_d9d1b73b_WAx7e1r0 (d59a737c-4403-436e-970b-8cb8db92ba0e)
2020-02-23 16:14:09.987 15 RALLYDEBUG rally_openstack.cleanup.manager [-] Deleting neutron.network object s_rally_d9d1b73b_90dLlTd6 (def9aed5-641d-4149-b4bf-6c82d93a7e08)
2020-02-23 16:14:10.562 15 RALLYDEBUG rally_openstack.cleanup.manager [-] Deleting neutron.network object s_rally_d9d1b73b_FttqvAXd (dfc10456-4256-4d84-ab84-7cfa4deda232)
2020-02-23 16:14:10.634 15 RALLYDEBUG rally_openstack.cleanup.manager [-] Deleting neutron.network object s_rally_d9d1b73b_heR4bIwj (ecc71db4-954b-4fad-a3d7-5f4ef36c10e8)
2020-02-23 16:14:10.638 15 RALLYDEBUG rally_openstack.cleanup.manager [-] Deleting neutron.network object s_rally_d9d1b73b_lX6xpRCr (ed8320ba-01c9-40a7-b151-f5424271b6d9)
2020-02-23 16:14:10.716 15 RALLYDEBUG rally_openstack.cleanup.manager [-] Deleting neutron.network object s_rally_d9d1b73b_e1RdbwtZ (ff5074ed-d334-4566-95be-f746794ef30c)
2020-02-23 16:14:13.413 15 RALLYDEBUG rally_openstack.cleanup.manager [-] Cleaning up neutron router objects
2020-02-23 16:14:13.675 15 RALLYDEBUG rally_openstack.cleanup.manager [-] Cleaning up neutron security_group objects
2020-02-23 16:14:14.114 15 INFO rally.task.context [-] Task b3303a65-2da4-4195-a418-9fd6793b9bc8 | Context cleanup@openstack cleanup() finished in 10.43 sec
2020-02-23 16:14:14.115 15 INFO rally.task.context [-] Task b3303a65-2da4-4195-a418-9fd6793b9bc8 | Context quotas@openstack cleanup() started
2020-02-23 16:14:14.155 15 INFO rally.task.context [-] Task b3303a65-2da4-4195-a418-9fd6793b9bc8 | Context quotas@openstack cleanup() finished in 39.85 msec
2020-02-23 16:14:14.155 15 INFO rally.task.context [-] Task b3303a65-2da4-4195-a418-9fd6793b9bc8 | Context users@openstack cleanup() started
2020-02-23 16:14:15.518 15 INFO rally.task.context [-] Task b3303a65-2da4-4195-a418-9fd6793b9bc8 | Context users@openstack cleanup() finished in 1.36 sec
2020-02-23 16:14:15.788 15 INFO rally.task.engine [-] Load duration is: 20.766436
2020-02-23 16:14:15.789 15 INFO rally.task.engine [-] Full runner duration is: 20.813656
2020-02-23 16:14:15.789 15 INFO rally.task.engine [-] Full duration is: 33.887353
2020-02-23 16:14:15.909 15 INFO rally.task.engine [-] Running workload: position = 0 config = { "version": 2, "title": "A cropped version of a bigger task.", "description": "Auto-generated task from a single workload (uuid=3f437a62-2bc0-4717-8983-3eb64b3aad99)", "subtasks": [ { "title": "NeutronNetworks.create_and_list_routers", "description": "Create and a given number of routers and list all routers.", "scenario": { "NeutronNetworks.create_and_list_routers": { "network_create_args": null, "subnet_create_args": null, "subnet_cidr_start": "1.1.0.0/30", "subnets_per_network": 2, "router_create_args": null } }, "contexts": { "users": { "tenants": 1, "users_per_tenant": 1 }, "quotas": { "neutron": { "network": -1, "subnet": -1, "router": -1 } } }, "runner": { "constant": { "times": 40, "concurrency": 20 } }, "hooks": [], "sla": { "failure_rate": { "max": 0 } } } ] }
2020-02-23 16:14:15.931 15 RALLYDEBUG rally_openstack.contexts.keystone.users [-] Creating 1 tenants using 20 threads
2020-02-23 16:14:16.283 15 RALLYDEBUG rally_openstack.contexts.keystone.users [-] Creating 1 users using 20 threads
2020-02-23 16:14:16.735 15 INFO rally.task.context [-] Task b3303a65-2da4-4195-a418-9fd6793b9bc8 | Context users@openstack setup() finished in 0.80 sec
2020-02-23 16:14:17.106 15 INFO rally.task.context [-] Task b3303a65-2da4-4195-a418-9fd6793b9bc8 | Context quotas@openstack setup() finished in 0.37 sec
2020-02-23 16:14:17.107 15 INFO rally.task.context [-] Task b3303a65-2da4-4195-a418-9fd6793b9bc8 | Context cleanup@openstack setup() finished in 0.05 msec
2020-02-23 16:14:17.117 15 RALLYDEBUG rally.task.runner [-] Starting the constant runner (task UUID: b3303a65-2da4-4195-a418-9fd6793b9bc8). timeout: 0 concurrency: 20 concurrency_per_worker: 1 times: 40 concurrency_overhead: 0 processes_to_start: 20 max_cpu_used: 88
2020-02-23 16:14:17.131 2671 RALLYDEBUG rally.task.runner [-] Starting a worker. concurrency: 1 args: {"network_create_args": null, "subnet_create_args": null, "subnet_cidr_start": "1.1.0.0/30", "subnets_per_network": 2, "router_create_args": null} times: 40 method_name: run timeout: 0 duration: None cls:
2020-02-23 16:14:17.134 2672 RALLYDEBUG rally.task.runner [-] Starting a worker. concurrency: 1 args: {"network_create_args": null, "subnet_create_args": null, "subnet_cidr_start": "1.1.0.0/30", "subnets_per_network": 2, "router_create_args": null} times: 40 method_name: run timeout: 0 duration: None cls:
2020-02-23 16:14:17.137 2673 RALLYDEBUG rally.task.runner [-] Starting a worker. concurrency: 1 args: {"network_create_args": null, "subnet_create_args": null, "subnet_cidr_start": "1.1.0.0/30", "subnets_per_network": 2, "router_create_args": null} times: 40 method_name: run timeout: 0 duration: None cls:
2020-02-23 16:14:17.138 2671 INFO rally.task.runner [-] Task b3303a65-2da4-4195-a418-9fd6793b9bc8 | ITER: 1 START
2020-02-23 16:14:17.139 2674 RALLYDEBUG rally.task.runner [-] Starting a worker. concurrency: 1 args: {"network_create_args": null, "subnet_create_args": null, "subnet_cidr_start": "1.1.0.0/30", "subnets_per_network": 2, "router_create_args": null} times: 40 method_name: run timeout: 0 duration: None cls:
2020-02-23 16:14:17.141 2672 INFO rally.task.runner [-] Task b3303a65-2da4-4195-a418-9fd6793b9bc8 | ITER: 2 START
2020-02-23 16:14:17.143 2673 INFO rally.task.runner [-] Task b3303a65-2da4-4195-a418-9fd6793b9bc8 | ITER: 3 START
2020-02-23 16:14:17.143 2675 RALLYDEBUG rally.task.runner [-] Starting a worker. concurrency: 1 args: {"network_create_args": null, "subnet_create_args": null, "subnet_cidr_start": "1.1.0.0/30", "subnets_per_network": 2, "router_create_args": null} times: 40 method_name: run timeout: 0 duration: None cls:
2020-02-23 16:14:17.145 2674 INFO rally.task.runner [-] Task b3303a65-2da4-4195-a418-9fd6793b9bc8 | ITER: 4 START
2020-02-23 16:14:17.145 2678 RALLYDEBUG rally.task.runner [-] Starting a worker. concurrency: 1 args: {"network_create_args": null, "subnet_create_args": null, "subnet_cidr_start": "1.1.0.0/30", "subnets_per_network": 2, "router_create_args": null} times: 40 method_name: run timeout: 0 duration: None cls:
2020-02-23 16:14:17.148 2681 RALLYDEBUG rally.task.runner [-] Starting a worker. concurrency: 1 args: {"network_create_args": null, "subnet_create_args": null, "subnet_cidr_start": "1.1.0.0/30", "subnets_per_network": 2, "router_create_args": null} times: 40 method_name: run timeout: 0 duration: None cls:
2020-02-23 16:14:17.149 2675 INFO rally.task.runner [-] Task b3303a65-2da4-4195-a418-9fd6793b9bc8 | ITER: 5 START
2020-02-23 16:14:17.151 2678 INFO rally.task.runner [-] Task b3303a65-2da4-4195-a418-9fd6793b9bc8 | ITER: 6 START
2020-02-23 16:14:17.151 2684 RALLYDEBUG rally.task.runner [-] Starting a worker. concurrency: 1 args: {"network_create_args": null, "subnet_create_args": null, "subnet_cidr_start": "1.1.0.0/30", "subnets_per_network": 2, "router_create_args": null} times: 40 method_name: run timeout: 0 duration: None cls:
2020-02-23 16:14:17.154 2681 INFO rally.task.runner [-] Task b3303a65-2da4-4195-a418-9fd6793b9bc8 | ITER: 7 START
2020-02-23 16:14:17.154 2687 RALLYDEBUG rally.task.runner [-] Starting a worker. concurrency: 1 args: {"network_create_args": null, "subnet_create_args": null, "subnet_cidr_start": "1.1.0.0/30", "subnets_per_network": 2, "router_create_args": null} times: 40 method_name: run timeout: 0 duration: None cls:
2020-02-23 16:14:17.157 2684 INFO rally.task.runner [-] Task b3303a65-2da4-4195-a418-9fd6793b9bc8 | ITER: 8 START
2020-02-23 16:14:17.157 2691 RALLYDEBUG rally.task.runner [-] Starting a worker. concurrency: 1 args: {"network_create_args": null, "subnet_create_args": null, "subnet_cidr_start": "1.1.0.0/30", "subnets_per_network": 2, "router_create_args": null} times: 40 method_name: run timeout: 0 duration: None cls:
2020-02-23 16:14:17.159 2694 RALLYDEBUG rally.task.runner [-] Starting a worker. concurrency: 1 args: {"network_create_args": null, "subnet_create_args": null, "subnet_cidr_start": "1.1.0.0/30", "subnets_per_network": 2, "router_create_args": null} times: 40 method_name: run timeout: 0 duration: None cls:
2020-02-23 16:14:17.161 2687 INFO rally.task.runner [-] Task b3303a65-2da4-4195-a418-9fd6793b9bc8 | ITER: 9 START
2020-02-23 16:14:17.163 2691 INFO rally.task.runner [-] Task b3303a65-2da4-4195-a418-9fd6793b9bc8 | ITER: 10 START
2020-02-23 16:14:17.162 2696 RALLYDEBUG rally.task.runner [-] Starting a worker. concurrency: 1 args: {"network_create_args": null, "subnet_create_args": null, "subnet_cidr_start": "1.1.0.0/30", "subnets_per_network": 2, "router_create_args": null} times: 40 method_name: run timeout: 0 duration: None cls:
2020-02-23 16:14:17.165 2694 INFO rally.task.runner [-] Task b3303a65-2da4-4195-a418-9fd6793b9bc8 | ITER: 11 START
2020-02-23 16:14:17.165 2699 RALLYDEBUG rally.task.runner [-] Starting a worker. concurrency: 1 args: {"network_create_args": null, "subnet_create_args": null, "subnet_cidr_start": "1.1.0.0/30", "subnets_per_network": 2, "router_create_args": null} times: 40 method_name: run timeout: 0 duration: None cls:
2020-02-23 16:14:17.168 2696 INFO rally.task.runner [-] Task b3303a65-2da4-4195-a418-9fd6793b9bc8 | ITER: 12 START
2020-02-23 16:14:17.168 2702 RALLYDEBUG rally.task.runner [-] Starting a worker. concurrency: 1 args: {"network_create_args": null, "subnet_create_args": null, "subnet_cidr_start": "1.1.0.0/30", "subnets_per_network": 2, "router_create_args": null} times: 40 method_name: run timeout: 0 duration: None cls:
2020-02-23 16:14:17.171 2699 INFO rally.task.runner [-] Task b3303a65-2da4-4195-a418-9fd6793b9bc8 | ITER: 13 START
