2020-02-23 16:32:46.954 15 INFO rally.task.context [-] Task b3303a65-2da4-4195-a418-9fd6793b9bc8 | Context quotas@openstack cleanup() started
2020-02-23 16:32:47.003 15 INFO rally.task.context [-] Task b3303a65-2da4-4195-a418-9fd6793b9bc8 | Context quotas@openstack cleanup() finished in 48.49 msec
2020-02-23 16:32:47.003 15 INFO rally.task.context [-] Task b3303a65-2da4-4195-a418-9fd6793b9bc8 | Context users@openstack cleanup() started
2020-02-23 16:32:54.410 15 INFO rally.task.context [-] Task b3303a65-2da4-4195-a418-9fd6793b9bc8 | Context users@openstack cleanup() finished in 7.41 sec
2020-02-23 16:32:55.040 15 INFO rally.task.engine [-] Load duration is: 64.889968
2020-02-23 16:32:55.040 15 INFO rally.task.engine [-] Full runner duration is: 64.934813
2020-02-23 16:32:55.041 15 INFO rally.task.engine [-] Full duration is: 83.699093
2020-02-23 16:32:55.176 15 INFO rally.task.engine [-] Running workload: position = 0 config = { "version": 2, "title": "A cropped version of a bigger task.", "description": "Auto-generated task from a single workload (uuid=0a8fcf1a-3d21-451c-b6dc-21421b482a0a)", "subtasks": [ { "title": "Quotas.neutron_update", "description": "Update quotas for neutron.", "scenario": { "Quotas.neutron_update": { "max_quota": 1024 } }, "contexts": { "users": { "tenants": 20, "users_per_tenant": 1 } }, "runner": { "constant": { "times": 40, "concurrency": 20 } }, "hooks": [], "sla": { "failure_rate": { "max": 0 } } } ] }
2020-02-23 16:32:55.194 15 RALLYDEBUG rally_openstack.contexts.keystone.users [-] Creating 20 tenants using 20 threads
2020-02-23 16:32:56.648 15 RALLYDEBUG rally_openstack.contexts.keystone.users [-] Creating 20 users using 20 threads
2020-02-23 16:32:58.848 15 INFO rally.task.context [-] Task b3303a65-2da4-4195-a418-9fd6793b9bc8 | Context users@openstack setup() finished in 3.65 sec
2020-02-23 16:32:58.848 15 INFO rally.task.context [-] Task b3303a65-2da4-4195-a418-9fd6793b9bc8 | Context admin_cleanup@openstack setup() finished in 0.01 msec
2020-02-23 16:32:58.857 15 RALLYDEBUG rally.task.runner [-] Starting the constant runner (task UUID: b3303a65-2da4-4195-a418-9fd6793b9bc8). timeout: 0 concurrency: 20 concurrency_per_worker: 1 times: 40 concurrency_overhead: 0 processes_to_start: 20 max_cpu_used: 88
2020-02-23 16:32:58.871 5003 RALLYDEBUG rally.task.runner [-] Starting a worker. concurrency: 1 args: {"max_quota": 1024} times: 40 method_name: run timeout: 0 duration: None cls:
2020-02-23 16:32:58.873 5004 RALLYDEBUG rally.task.runner [-] Starting a worker. concurrency: 1 args: {"max_quota": 1024} times: 40 method_name: run timeout: 0 duration: None cls:
2020-02-23 16:32:58.876 5005 RALLYDEBUG rally.task.runner [-] Starting a worker. concurrency: 1 args: {"max_quota": 1024} times: 40 method_name: run timeout: 0 duration: None cls:
2020-02-23 16:32:58.878 5006 RALLYDEBUG rally.task.runner [-] Starting a worker. concurrency: 1 args: {"max_quota": 1024} times: 40 method_name: run timeout: 0 duration: None cls:
2020-02-23 16:32:58.880 5003 INFO rally.task.runner [-] Task b3303a65-2da4-4195-a418-9fd6793b9bc8 | ITER: 1 START
2020-02-23 16:32:58.881 5007 RALLYDEBUG rally.task.runner [-] Starting a worker. concurrency: 1 args: {"max_quota": 1024} times: 40 method_name: run timeout: 0 duration: None cls:
2020-02-23 16:32:58.882 5004 INFO rally.task.runner [-] Task b3303a65-2da4-4195-a418-9fd6793b9bc8 | ITER: 2 START
2020-02-23 16:32:58.884 5008 RALLYDEBUG rally.task.runner [-] Starting a worker. concurrency: 1 args: {"max_quota": 1024} times: 40 method_name: run timeout: 0 duration: None cls:
2020-02-23 16:32:58.887 5005 INFO rally.task.runner [-] Task b3303a65-2da4-4195-a418-9fd6793b9bc8 | ITER: 3 START
2020-02-23 16:32:58.886 5010 RALLYDEBUG rally.task.runner [-] Starting a worker. concurrency: 1 args: {"max_quota": 1024} times: 40 method_name: run timeout: 0 duration: None cls:
2020-02-23 16:32:58.887 5006 INFO rally.task.runner [-] Task b3303a65-2da4-4195-a418-9fd6793b9bc8 | ITER: 4 START
2020-02-23 16:32:58.890 5014 RALLYDEBUG rally.task.runner [-] Starting a worker. concurrency: 1 args: {"max_quota": 1024} times: 40 method_name: run timeout: 0 duration: None cls:
2020-02-23 16:32:58.891 5007 INFO rally.task.runner [-] Task b3303a65-2da4-4195-a418-9fd6793b9bc8 | ITER: 5 START
2020-02-23 16:32:58.893 5015 RALLYDEBUG rally.task.runner [-] Starting a worker. concurrency: 1 args: {"max_quota": 1024} times: 40 method_name: run timeout: 0 duration: None cls:
2020-02-23 16:32:58.894 5008 INFO rally.task.runner [-] Task b3303a65-2da4-4195-a418-9fd6793b9bc8 | ITER: 6 START
2020-02-23 16:32:58.895 5020 RALLYDEBUG rally.task.runner [-] Starting a worker. concurrency: 1 args: {"max_quota": 1024} times: 40 method_name: run timeout: 0 duration: None cls:
2020-02-23 16:32:58.897 5010 INFO rally.task.runner [-] Task b3303a65-2da4-4195-a418-9fd6793b9bc8 | ITER: 7 START
2020-02-23 16:32:58.898 5023 RALLYDEBUG rally.task.runner [-] Starting a worker. concurrency: 1 args: {"max_quota": 1024} times: 40 method_name: run timeout: 0 duration: None cls:
2020-02-23 16:32:58.899 5014 INFO rally.task.runner [-] Task b3303a65-2da4-4195-a418-9fd6793b9bc8 | ITER: 8 START
2020-02-23 16:32:58.901 5026 RALLYDEBUG rally.task.runner [-] Starting a worker. concurrency: 1 args: {"max_quota": 1024} times: 40 method_name: run timeout: 0 duration: None cls:
2020-02-23 16:32:58.903 5015 INFO rally.task.runner [-] Task b3303a65-2da4-4195-a418-9fd6793b9bc8 | ITER: 9 START
2020-02-23 16:32:58.904 5029 RALLYDEBUG rally.task.runner [-] Starting a worker. concurrency: 1 args: {"max_quota": 1024} times: 40 method_name: run timeout: 0 duration: None cls:
2020-02-23 16:32:58.905 5020 INFO rally.task.runner [-] Task b3303a65-2da4-4195-a418-9fd6793b9bc8 | ITER: 10 START
2020-02-23 16:32:58.907 5023 INFO rally.task.runner [-] Task b3303a65-2da4-4195-a418-9fd6793b9bc8 | ITER: 11 START
2020-02-23 16:32:58.906 5032 RALLYDEBUG rally.task.runner [-] Starting a worker. concurrency: 1 args: {"max_quota": 1024} times: 40 method_name: run timeout: 0 duration: None cls:
2020-02-23 16:32:58.908 5033 RALLYDEBUG rally.task.runner [-] Starting a worker. concurrency: 1 args: {"max_quota": 1024} times: 40 method_name: run timeout: 0 duration: None cls:
2020-02-23 16:32:58.910 5026 INFO rally.task.runner [-] Task b3303a65-2da4-4195-a418-9fd6793b9bc8 | ITER: 12 START
2020-02-23 16:32:58.910 5037 RALLYDEBUG rally.task.runner [-] Starting a worker. concurrency: 1 args: {"max_quota": 1024} times: 40 method_name: run timeout: 0 duration: None cls:
2020-02-23 16:32:58.914 5029 INFO rally.task.runner [-] Task b3303a65-2da4-4195-a418-9fd6793b9bc8 | ITER: 13 START
2020-02-23 16:32:58.914 5041 RALLYDEBUG rally.task.runner [-] Starting a worker. concurrency: 1 args: {"max_quota": 1024} times: 40 method_name: run timeout: 0 duration: None cls:
2020-02-23 16:32:58.917 5032 INFO rally.task.runner [-] Task b3303a65-2da4-4195-a418-9fd6793b9bc8 | ITER: 14 START
2020-02-23 16:32:58.917 5033 INFO rally.task.runner [-] Task b3303a65-2da4-4195-a418-9fd6793b9bc8 | ITER: 15 START
2020-02-23 16:32:58.917 5044 RALLYDEBUG rally.task.runner [-] Starting a worker. concurrency: 1 args: {"max_quota": 1024} times: 40 method_name: run timeout: 0 duration: None cls:
2020-02-23 16:32:58.919 5037 INFO rally.task.runner [-] Task b3303a65-2da4-4195-a418-9fd6793b9bc8 | ITER: 16 START
2020-02-23 16:32:58.920 5048 RALLYDEBUG rally.task.runner [-] Starting a worker. concurrency: 1 args: {"max_quota": 1024} times: 40 method_name: run timeout: 0 duration: None cls:
2020-02-23 16:32:58.920 5046 RALLYDEBUG rally.task.runner [-] Starting a worker. concurrency: 1 args: {"max_quota": 1024} times: 40 method_name: run timeout: 0 duration: None cls:
2020-02-23 16:32:58.924 5041 INFO rally.task.runner [-] Task b3303a65-2da4-4195-a418-9fd6793b9bc8 | ITER: 17 START
2020-02-23 16:32:58.926 5044 INFO rally.task.runner [-] Task b3303a65-2da4-4195-a418-9fd6793b9bc8 | ITER: 18 START
2020-02-23 16:32:58.928 5048 INFO rally.task.runner [-] Task b3303a65-2da4-4195-a418-9fd6793b9bc8 | ITER: 19 START
2020-02-23 16:32:58.930 5046 INFO rally.task.runner [-] Task b3303a65-2da4-4195-a418-9fd6793b9bc8 | ITER: 20 START
2020-02-23 16:32:59.441 5006 INFO rally.task.runner [-] Task b3303a65-2da4-4195-a418-9fd6793b9bc8 | ITER: 4 END: OK
2020-02-23 16:32:59.448 5007 INFO rally.task.runner [-] Task b3303a65-2da4-4195-a418-9fd6793b9bc8 | ITER: 5 END: OK
2020-02-23 16:32:59.451 5006 INFO rally.task.runner [-] Task b3303a65-2da4-4195-a418-9fd6793b9bc8 | ITER: 21 START
2020-02-23 16:32:59.455 5005 INFO rally.task.runner [-] Task b3303a65-2da4-4195-a418-9fd6793b9bc8 | ITER: 3 END: OK
2020-02-23 16:32:59.458 5007 INFO rally.task.runner [-] Task b3303a65-2da4-4195-a418-9fd6793b9bc8 | ITER: 22 START
2020-02-23 16:32:59.464 5005 INFO rally.task.runner [-] Task b3303a65-2da4-4195-a418-9fd6793b9bc8 | ITER: 23 START
2020-02-23 16:32:59.466 5003 INFO rally.task.runner [-] Task b3303a65-2da4-4195-a418-9fd6793b9bc8 | ITER: 1 END: OK
2020-02-23 16:32:59.473 5003 INFO rally.task.runner [-] Task b3303a65-2da4-4195-a418-9fd6793b9bc8 | ITER: 24 START
2020-02-23 16:32:59.478 5041 INFO rally.task.runner [-] Task b3303a65-2da4-4195-a418-9fd6793b9bc8 | ITER: 17 END: OK
2020-02-23 16:32:59.486 5041 INFO rally.task.runner [-] Task b3303a65-2da4-4195-a418-9fd6793b9bc8 | ITER: 25 START
2020-02-23 16:32:59.531 5020 INFO rally.task.runner [-] Task b3303a65-2da4-4195-a418-9fd6793b9bc8 | ITER: 10 END: OK
2020-02-23 16:32:59.538 5015 INFO rally.task.runner [-] Task b3303a65-2da4-4195-a418-9fd6793b9bc8 | ITER: 9 END: OK
2020-02-23 16:32:59.540 5020 INFO rally.task.runner [-] Task b3303a65-2da4-4195-a418-9fd6793b9bc8 | ITER: 26 START
2020-02-23 16:32:59.547 5015 INFO rally.task.runner [-] Task b3303a65-2da4-4195-a418-9fd6793b9bc8 | ITER: 27 START
2020-02-23 16:32:59.555 5014 INFO rally.task.runner [-] Task b3303a65-2da4-4195-a418-9fd6793b9bc8 | ITER: 8 END: OK
2020-02-23 16:32:59.563 5014 INFO rally.task.runner [-] Task b3303a65-2da4-4195-a418-9fd6793b9bc8 | ITER: 28 START
2020-02-23 16:32:59.579 5044 INFO rally.task.runner [-] Task b3303a65-2da4-4195-a418-9fd6793b9bc8 | ITER: 18 END: OK
2020-02-23 16:32:59.587 5023 INFO rally.task.runner [-] Task b3303a65-2da4-4195-a418-9fd6793b9bc8 | ITER: 11 END: OK
2020-02-23 16:32:59.588 5044 INFO rally.task.runner [-] Task b3303a65-2da4-4195-a418-9fd6793b9bc8 | ITER: 29 START
2020-02-23 16:32:59.590 5010 INFO rally.task.runner [-] Task b3303a65-2da4-4195-a418-9fd6793b9bc8 | ITER: 7 END: OK
2020-02-23 16:32:59.596 5023 INFO rally.task.runner [-] Task b3303a65-2da4-4195-a418-9fd6793b9bc8 | ITER: 30 START
2020-02-23 16:32:59.596 5010 INFO rally.task.runner [-] Task b3303a65-2da4-4195-a418-9fd6793b9bc8 | ITER: 31 START
2020-02-23 16:32:59.618 5004 INFO rally.task.runner [-] Task b3303a65-2da4-4195-a418-9fd6793b9bc8 | ITER: 2 END: OK
2020-02-23 16:32:59.627 5004 INFO rally.task.runner [-] Task b3303a65-2da4-4195-a418-9fd6793b9bc8 | ITER: 32 START
2020-02-23 16:32:59.629 5037 INFO rally.task.runner [-] Task b3303a65-2da4-4195-a418-9fd6793b9bc8 | ITER: 16 END: OK
2020-02-23 16:32:59.637 5037 INFO rally.task.runner [-] Task b3303a65-2da4-4195-a418-9fd6793b9bc8 | ITER: 33 START
2020-02-23 16:32:59.639 5026 INFO rally.task.runner [-] Task b3303a65-2da4-4195-a418-9fd6793b9bc8 | ITER: 12 END: OK
2020-02-23 16:32:59.643 5008 INFO rally.task.runner [-] Task b3303a65-2da4-4195-a418-9fd6793b9bc8 | ITER: 6 END: OK
2020-02-23 16:32:59.646 5032 INFO rally.task.runner [-] Task b3303a65-2da4-4195-a418-9fd6793b9bc8 | ITER: 14 END: OK
2020-02-23 16:32:59.648 5026 INFO rally.task.runner [-] Task b3303a65-2da4-4195-a418-9fd6793b9bc8 | ITER: 34 START
2020-02-23 16:32:59.652 5008 INFO rally.task.runner [-] Task b3303a65-2da4-4195-a418-9fd6793b9bc8 | ITER: 35 START
2020-02-23 16:32:59.653 5032 INFO rally.task.runner [-] Task b3303a65-2da4-4195-a418-9fd6793b9bc8 | ITER: 36 START
2020-02-23 16:32:59.674 5048 INFO rally.task.runner [-] Task b3303a65-2da4-4195-a418-9fd6793b9bc8 | ITER: 19 END: OK
2020-02-23 16:32:59.674 5046 INFO rally.task.runner [-] Task b3303a65-2da4-4195-a418-9fd6793b9bc8 | ITER: 20 END: OK
2020-02-23 16:32:59.678 5029 INFO rally.task.runner [-] Task b3303a65-2da4-4195-a418-9fd6793b9bc8 | ITER: 13 END: OK
2020-02-23 16:32:59.680 5046 INFO rally.task.runner [-] Task b3303a65-2da4-4195-a418-9fd6793b9bc8 | ITER: 38 START
2020-02-23 16:32:59.682 5048 INFO rally.task.runner [-] Task b3303a65-2da4-4195-a418-9fd6793b9bc8 | ITER: 37 START
2020-02-23 16:32:59.687 5029 INFO rally.task.runner [-] Task b3303a65-2da4-4195-a418-9fd6793b9bc8 | ITER: 39 START
2020-02-23 16:32:59.702 5033 INFO rally.task.runner [-] Task b3303a65-2da4-4195-a418-9fd6793b9bc8 | ITER: 15 END: OK
2020-02-23 16:32:59.712 5033 INFO rally.task.runner [-] Task b3303a65-2da4-4195-a418-9fd6793b9bc8 | ITER: 40 START
2020-02-23 16:32:59.769 5007 INFO rally.task.runner [-] Task b3303a65-2da4-4195-a418-9fd6793b9bc8 | ITER: 22 END: OK
2020-02-23 16:32:59.814 5006 INFO rally.task.runner [-] Task b3303a65-2da4-4195-a418-9fd6793b9bc8 | ITER: 21 END: OK
2020-02-23 16:32:59.823 5005 INFO rally.task.runner [-] Task b3303a65-2da4-4195-a418-9fd6793b9bc8 | ITER: 23 END: OK
2020-02-23 16:32:59.865 5003 INFO rally.task.runner [-] Task b3303a65-2da4-4195-a418-9fd6793b9bc8 | ITER: 24 END: OK
2020-02-23 16:32:59.867 5041 INFO rally.task.runner [-] Task b3303a65-2da4-4195-a418-9fd6793b9bc8 | ITER: 25 END: OK
2020-02-23 16:32:59.958 5015 INFO rally.task.runner [-] Task b3303a65-2da4-4195-a418-9fd6793b9bc8 | ITER: 27 END: OK
2020-02-23 16:32:59.984 5037 INFO rally.task.runner [-] Task b3303a65-2da4-4195-a418-9fd6793b9bc8 | ITER: 33 END: OK
2020-02-23 16:33:00.030 5010 INFO rally.task.runner [-] Task b3303a65-2da4-4195-a418-9fd6793b9bc8 | ITER: 31 END: OK
2020-02-23 16:33:00.074 5020 INFO rally.task.runner [-] Task b3303a65-2da4-4195-a418-9fd6793b9bc8 | ITER: 26 END: OK
2020-02-23 16:33:00.084 5014 INFO rally.task.runner [-] Task b3303a65-2da4-4195-a418-9fd6793b9bc8 | ITER: 28 END: OK
2020-02-23 16:33:00.124 5044 INFO rally.task.runner [-] Task b3303a65-2da4-4195-a418-9fd6793b9bc8 | ITER: 29 END: OK
2020-02-23 16:33:00.138 5008 INFO rally.task.runner [-] Task b3303a65-2da4-4195-a418-9fd6793b9bc8 | ITER: 35 END: OK
2020-02-23 16:33:00.153 5023 INFO rally.task.runner [-] Task b3303a65-2da4-4195-a418-9fd6793b9bc8 | ITER: 30 END: OK
2020-02-23 16:33:00.172 5026 INFO rally.task.runner [-] Task b3303a65-2da4-4195-a418-9fd6793b9bc8 | ITER: 34 END: OK
2020-02-23 16:33:00.184 5032 INFO rally.task.runner [-] Task b3303a65-2da4-4195-a418-9fd6793b9bc8 | ITER: 36 END: OK
2020-02-23 16:33:00.188 5033 INFO rally.task.runner [-] Task b3303a65-2da4-4195-a418-9fd6793b9bc8 | ITER: 40 END: OK
2020-02-23 16:33:00.190 5029 INFO rally.task.runner [-] Task b3303a65-2da4-4195-a418-9fd6793b9bc8 | ITER: 39 END: OK
2020-02-23 16:33:00.195 5048 INFO rally.task.runner [-] Task b3303a65-2da4-4195-a418-9fd6793b9bc8 | ITER: 37 END: OK
2020-02-23 16:33:00.201 5046 INFO rally.task.runner [-] Task b3303a65-2da4-4195-a418-9fd6793b9bc8 | ITER: 38 END: OK
2020-02-23 16:33:00.206 5004 INFO rally.task.runner [-] Task b3303a65-2da4-4195-a418-9fd6793b9bc8 | ITER: 32 END: OK
2020-02-23 16:33:00.237 15 INFO rally.task.context [-] Task b3303a65-2da4-4195-a418-9fd6793b9bc8 | Context admin_cleanup@openstack cleanup() started
2020-02-23 16:33:00.241 15 RALLYDEBUG rally_openstack.cleanup.manager [-] Cleaning up neutron quota objects
2020-02-23 16:33:01.238 15 INFO rally.task.context [-] Task b3303a65-2da4-4195-a418-9fd6793b9bc8 | Context admin_cleanup@openstack cleanup() finished in 1.00 sec
2020-02-23 16:33:01.241 15 INFO rally.task.context [-] Task b3303a65-2da4-4195-a418-9fd6793b9bc8 | Context users@openstack cleanup() started
2020-02-23 16:33:23.613 15 INFO rally.task.context [-] Task b3303a65-2da4-4195-a418-9fd6793b9bc8 | Context users@openstack cleanup() finished in 22.37 sec
2020-02-23 16:33:25.351 15 INFO rally.task.engine [-] Load duration is: 1.324943
2020-02-23 16:33:25.352 15 INFO rally.task.engine [-] Full runner duration is: 1.380507
2020-02-23 16:33:25.352 15 INFO rally.task.engine [-] Full duration is: 28.421778
2020-02-23 16:33:25.437 15 INFO rally.task.engine [-] Task b3303a65-2da4-4195-a418-9fd6793b9bc8 | Completed: Running task.
2020-02-23 16:33:26.519 5163 RALLYDEBUG rally.api [-] INFO logs from urllib3 and requests module are hide.
2020-02-23 16:33:26.519 5163 RALLYDEBUG rally.api [-] urllib3 insecure warnings are hidden.
2020-02-23 16:33:26.519 5163 RALLYDEBUG rally.api [-] ERROR log from boto module is hide.
2020-02-23 16:33:27.303 5164 RALLYDEBUG rally.api [-] INFO logs from urllib3 and requests module are hide.
2020-02-23 16:33:27.303 5164 RALLYDEBUG rally.api [-] urllib3 insecure warnings are hidden.
2020-02-23 16:33:27.303 5164 RALLYDEBUG rally.api [-] ERROR log from boto module is hide.
2020-02-23 16:33:28.308 5165 RALLYDEBUG rally.api [-] INFO logs from urllib3 and requests module are hide.
2020-02-23 16:33:28.308 5165 RALLYDEBUG rally.api [-] urllib3 insecure warnings are hidden.
2020-02-23 16:33:28.308 5165 RALLYDEBUG rally.api [-] ERROR log from boto module is hide.
2020-02-23 16:33:29.568 5165 INFO rally.common.plugin.discover [-] Loading plugins from directories /root/.rally/plugins/*
2020-02-23 16:33:29.568 5165 INFO rally.common.plugin.discover [-] Loaded module with plugins: /root/.rally/plugins/__init__.py
2020-02-23 16:33:29.570 5165 INFO rally.common.plugin.discover [-] Loaded module with plugins: /root/.rally/plugins/trunk_scenario.py
2020-02-23 16:33:29.777 5165 INFO rally.api [-] Building 'json' report for the following task(s): 'b3303a65-2da4-4195-a418-9fd6793b9bc8'.
2020-02-23 16:33:29.917 5165 INFO rally.api [-] The report has been successfully built.
2020-02-23 16:33:30.839 5167 RALLYDEBUG rally.api [-] INFO logs from urllib3 and requests module are hide.
2020-02-23 16:33:30.840 5167 RALLYDEBUG rally.api [-] urllib3 insecure warnings are hidden.
2020-02-23 16:33:30.840 5167 RALLYDEBUG rally.api [-] ERROR log from boto module is hide.
2020-02-23 16:33:32.108 5167 INFO rally.common.plugin.discover [-] Loading plugins from directories /root/.rally/plugins/*
2020-02-23 16:33:32.109 5167 INFO rally.common.plugin.discover [-] Loaded module with plugins: /root/.rally/plugins/__init__.py
2020-02-23 16:33:32.111 5167 INFO rally.common.plugin.discover [-] Loaded module with plugins: /root/.rally/plugins/trunk_scenario.py
2020-02-23 16:33:32.330 5167 INFO rally.api [-] Building 'html' report for the following task(s): 'b3303a65-2da4-4195-a418-9fd6793b9bc8'.
2020-02-23 16:33:32.644 5167 INFO rally.api [-] The report has been successfully built.
2020-02-23 16:33:33.409 5169 RALLYDEBUG rally.api [-] INFO logs from urllib3 and requests module are hide.
2020-02-23 16:33:33.409 5169 RALLYDEBUG rally.api [-] urllib3 insecure warnings are hidden.
2020-02-23 16:33:33.409 5169 RALLYDEBUG rally.api [-] ERROR log from boto module is hide.
2020-02-23 16:33:34.669 5169 INFO rally.common.plugin.discover [-] Loading plugins from directories /root/.rally/plugins/*
2020-02-23 16:33:34.670 5169 INFO rally.common.plugin.discover [-] Loaded module with plugins: /root/.rally/plugins/__init__.py
2020-02-23 16:33:34.672 5169 INFO rally.common.plugin.discover [-] Loaded module with plugins: /root/.rally/plugins/trunk_scenario.py
2020-02-23 16:33:34.890 5169 INFO rally.api [-] Building 'junit-xml' report for the following task(s): 'b3303a65-2da4-4195-a418-9fd6793b9bc8'.
2020-02-23 16:33:34.898 5169 INFO rally.api [-] The report has been successfully built.