2020-02-23 16:09:03.865 6 RALLYDEBUG rally.api [-] INFO logs from urllib3 and requests module are hide.
2020-02-23 16:09:03.865 6 RALLYDEBUG rally.api [-] urllib3 insecure warnings are hidden.
2020-02-23 16:09:03.865 6 RALLYDEBUG rally.api [-] ERROR log from boto module is hide.
2020-02-23 16:09:05.234 6 ERROR rally.cli.cliutils [-] Unexpected exception in CLI: DBRecordNotFound: Record for uuid or name is opnfv-rally not found in table envs
2020-02-23 16:09:05.234 6 ERROR rally.cli.cliutils
Traceback (most recent call last):
2020-02-23 16:09:05.234 6 ERROR rally.cli.cliutils
File "/usr/lib/python2.7/site-packages/rally/cli/cliutils.py", line 674, in run
2020-02-23 16:09:05.234 6 ERROR rally.cli.cliutils ret = fn(*fn_args, **fn_kwargs)
2020-02-23 16:09:05.234 6 ERROR rally.cli.cliutils File "", line 2, in destroy
2020-02-23 16:09:05.234 6 ERROR rally.cli.cliutils
File "/usr/lib/python2.7/site-packages/rally/cli/envutils.py", line 68, in default_from_global
2020-02-23 16:09:05.234 6 ERROR rally.cli.cliutils return f(*args, **kwargs)
2020-02-23 16:09:05.234 6 ERROR rally.cli.cliutils File "", line 2, in destroy
2020-02-23 16:09:05.234 6 ERROR rally.cli.cliutils
File "/usr/lib/python2.7/site-packages/rally/plugins/__init__.py", line 51, in ensure_plugins_are_loaded
2020-02-23 16:09:05.234 6 ERROR rally.cli.cliutils return f(*args, **kwargs)
2020-02-23 16:09:05.234 6 ERROR rally.cli.cliutils
File "/usr/lib/python2.7/site-packages/rally/cli/commands/deployment.py", line 157, in destroy
2020-02-23 16:09:05.234 6 ERROR rally.cli.cliutils api.deployment.destroy(deployment=deployment)
2020-02-23 16:09:05.234 6 ERROR rally.cli.cliutils
File "/usr/lib/python2.7/site-packages/rally/api.py", line 115, in destroy
2020-02-23 16:09:05.234 6 ERROR rally.cli.cliutils deploy = objects.Deployment.get(deployment)
2020-02-23 16:09:05.234 6 ERROR rally.cli.cliutils
File "/usr/lib/python2.7/site-packages/rally/common/objects/deploy.py", line 124, in get
2020-02-23 16:09:05.234 6 ERROR rally.cli.cliutils return Deployment(env_mgr.EnvManager.get(deploy))
2020-02-23 16:09:05.234 6 ERROR rally.cli.cliutils
File "/usr/lib/python2.7/site-packages/rally/env/env_mgr.py", line 212, in get
2020-02-23 16:09:05.234 6 ERROR rally.cli.cliutils return cls(db.env_get(uuid_or_name))
2020-02-23 16:09:05.234 6 ERROR rally.cli.cliutils
File "/usr/lib/python2.7/site-packages/rally/common/db/api.py", line 135, in wrapper
2020-02-23 16:09:05.234 6 ERROR rally.cli.cliutils result = f(session, *args, **kwargs)
2020-02-23 16:09:05.234 6 ERROR rally.cli.cliutils
File "/usr/lib/python2.7/site-packages/rally/common/db/api.py", line 521, in env_get
2020-02-23 16:09:05.234 6 ERROR rally.cli.cliutils criteria="uuid or name is %s" % uuid_or_name, table="envs")
2020-02-23 16:09:05.234 6 ERROR rally.cli.cliutils DBRecordNotFound: Record for uuid or name is opnfv-rally not found in table envs
2020-02-23 16:09:05.234 6 ERROR rally.cli.cliutils
2020-02-23 16:09:06.048 8 RALLYDEBUG rally.api [-] INFO logs from urllib3 and requests module are hide.
2020-02-23 16:09:06.048 8 RALLYDEBUG rally.api [-] urllib3 insecure warnings are hidden.
2020-02-23 16:09:06.048 8 RALLYDEBUG rally.api [-] ERROR log from boto module is hide.
2020-02-23 16:09:08.339 10 RALLYDEBUG rally.api [-] INFO logs from urllib3 and requests module are hide.
2020-02-23 16:09:08.339 10 RALLYDEBUG rally.api [-] urllib3 insecure warnings are hidden.
2020-02-23 16:09:08.339 10 RALLYDEBUG rally.api [-] ERROR log from boto module is hide.
2020-02-23 16:09:11.019 13 RALLYDEBUG rally.api [-] INFO logs from urllib3 and requests module are hide.
2020-02-23 16:09:11.020 13 RALLYDEBUG rally.api [-] urllib3 insecure warnings are hidden.
2020-02-23 16:09:11.020 13 RALLYDEBUG rally.api [-] ERROR log from boto module is hide.
2020-02-23 16:09:12.369 15 RALLYDEBUG rally.api [-] INFO logs from urllib3 and requests module are hide.
2020-02-23 16:09:12.369 15 RALLYDEBUG rally.api [-] urllib3 insecure warnings are hidden.
2020-02-23 16:09:12.369 15 RALLYDEBUG rally.api [-] ERROR log from boto module is hide.
2020-02-23 16:09:13.638 15 INFO rally.common.plugin.discover [-] Loading plugins from directories /root/.rally/plugins/*
2020-02-23 16:09:13.639 15 INFO rally.common.plugin.discover [-] Loaded module with plugins: /root/.rally/plugins/__init__.py
2020-02-23 16:09:13.641 15 INFO rally.common.plugin.discover [-] Loaded module with plugins: /root/.rally/plugins/trunk_scenario.py
2020-02-23 16:09:13.821 15 INFO rally.task.engine [-] Task b3303a65-2da4-4195-a418-9fd6793b9bc8 | Starting: Task validation.
2020-02-23 16:09:13.833 15 INFO rally.task.engine [-] Task b3303a65-2da4-4195-a418-9fd6793b9bc8 | Starting: Task validation of syntax.
2020-02-23 16:09:13.984 15 INFO rally.task.engine [-] Task b3303a65-2da4-4195-a418-9fd6793b9bc8 | Completed: Task validation of syntax.
2020-02-23 16:09:13.984 15 INFO rally.task.engine [-] Task b3303a65-2da4-4195-a418-9fd6793b9bc8 | Starting: Task validation of required platforms.
2020-02-23 16:09:14.051 15 INFO rally.task.engine [-] Task b3303a65-2da4-4195-a418-9fd6793b9bc8 | Completed: Task validation of required platforms.
2020-02-23 16:09:14.051 15 INFO rally.task.engine [-] Task b3303a65-2da4-4195-a418-9fd6793b9bc8 | Starting: Task validation of semantic.
2020-02-23 16:09:14.052 15 INFO rally.task.engine [-] Check health of the environment 'ff534a35-73ab-4589-baae-48f0e4c4ce78'.
2020-02-23 16:09:14.469 15 INFO rally.task.engine [-] Platform existing@openstack (available: True): OK!
2020-02-23 16:09:14.479 15 RALLYDEBUG rally_openstack.contexts.keystone.users [-] Creating 1 tenants using 20 threads
2020-02-23 16:09:14.703 15 RALLYDEBUG rally_openstack.contexts.keystone.users [-] Creating 1 users using 20 threads
2020-02-23 16:09:15.054 15 INFO rally.task.context [-] Task b3303a65-2da4-4195-a418-9fd6793b9bc8 | Context users@openstack setup() finished in 0.57 sec
2020-02-23 16:09:16.260 15 INFO rally.task.context [-] Task b3303a65-2da4-4195-a418-9fd6793b9bc8 | Context users@openstack cleanup() started
2020-02-23 16:09:17.721 15 INFO rally.task.context [-] Task b3303a65-2da4-4195-a418-9fd6793b9bc8 | Context users@openstack cleanup() finished in 1.46 sec
2020-02-23 16:09:17.721 15 INFO rally.task.engine [-] Task b3303a65-2da4-4195-a418-9fd6793b9bc8 | Completed: Task validation of semantic.
2020-02-23 16:09:17.722 15 INFO rally.task.engine [-] Task b3303a65-2da4-4195-a418-9fd6793b9bc8 | Completed: Task validation.
2020-02-23 16:09:17.722 15 INFO rally.api [-] Task b3303a65-2da4-4195-a418-9fd6793b9bc8 input file is valid.
2020-02-23 16:09:17.723 15 INFO rally.api [-] Run Task b3303a65-2da4-4195-a418-9fd6793b9bc8 against Deployment ff534a35-73ab-4589-baae-48f0e4c4ce78
2020-02-23 16:09:17.723 15 INFO rally.task.engine [-] Task b3303a65-2da4-4195-a418-9fd6793b9bc8 | Starting: Running task.
2020-02-23 16:09:17.774 15 INFO rally.task.engine [-] Running workload: position = 0 config = { "version": 2, "title": "A cropped version of a bigger task.", "description": "Auto-generated task from a single workload (uuid=0a2403a4-18b5-4ec0-b43c-06d72c750fbd)", "subtasks": [ { "title": "NeutronNetworks.create_and_list_networks", "description": "Check performance of list_networks action and ensure > network quotas are not exceeded", "scenario": { "NeutronNetworks.create_and_list_networks": {} }, "contexts": { "users": { "tenants": 1, "users_per_tenant": 1 }, "quotas": { "neutron": { "network": 119 } } }, "runner": { "constant": { "times": 100, "concurrency": 20 } }, "hooks": [], "sla": { "max_avg_duration_per_atomic": { "neutron.list_networks": 15 }, "failure_rate": { "max": 0 } } } ] }
2020-02-23 16:09:17.788 15 RALLYDEBUG rally_openstack.contexts.keystone.users [-] Creating 1 tenants using 20 threads
2020-02-23 16:09:18.051 15 RALLYDEBUG rally_openstack.contexts.keystone.users [-] Creating 1 users using 20 threads
2020-02-23 16:09:18.375 15 INFO rally.task.context [-] Task b3303a65-2da4-4195-a418-9fd6793b9bc8 | Context users@openstack setup() finished in 0.59 sec
2020-02-23 16:09:18.644 15 INFO rally.task.context [-] Task b3303a65-2da4-4195-a418-9fd6793b9bc8 | Context quotas@openstack setup() finished in 0.27 sec
2020-02-23 16:09:18.645 15 INFO rally.task.context [-] Task b3303a65-2da4-4195-a418-9fd6793b9bc8 | Context cleanup@openstack setup() finished in 0.01 msec
2020-02-23 16:09:18.655 15 RALLYDEBUG rally.task.runner [-] Starting the constant runner (task UUID: b3303a65-2da4-4195-a418-9fd6793b9bc8). timeout: 0 concurrency: 20 concurrency_per_worker: 1 times: 100 concurrency_overhead: 0 processes_to_start: 20 max_cpu_used: 88
2020-02-23 16:09:18.667 139 RALLYDEBUG rally.task.runner [-] Starting a worker. concurrency: 1 args: {} times: 100 method_name: run timeout: 0 duration: None cls:
2020-02-23 16:09:18.670 140 RALLYDEBUG rally.task.runner [-] Starting a worker. concurrency: 1 args: {} times: 100 method_name: run timeout: 0 duration: None cls:
2020-02-23 16:09:18.672 141 RALLYDEBUG rally.task.runner [-] Starting a worker. concurrency: 1 args: {} times: 100 method_name: run timeout: 0 duration: None cls:
2020-02-23 16:09:18.673 139 INFO rally.task.runner [-] Task b3303a65-2da4-4195-a418-9fd6793b9bc8 | ITER: 1 START
2020-02-23 16:09:18.676 140 INFO rally.task.runner [-] Task b3303a65-2da4-4195-a418-9fd6793b9bc8 | ITER: 2 START
2020-02-23 16:09:18.675 142 RALLYDEBUG rally.task.runner [-] Starting a worker. concurrency: 1 args: {} times: 100 method_name: run timeout: 0 duration: None cls:
2020-02-23 16:09:18.678 141 INFO rally.task.runner [-] Task b3303a65-2da4-4195-a418-9fd6793b9bc8 | ITER: 3 START
2020-02-23 16:09:18.677 144 RALLYDEBUG rally.task.runner [-] Starting a worker. concurrency: 1 args: {} times: 100 method_name: run timeout: 0 duration: None cls:
2020-02-23 16:09:18.680 148 RALLYDEBUG rally.task.runner [-] Starting a worker. concurrency: 1 args: {} times: 100 method_name: run timeout: 0 duration: None cls:
2020-02-23 16:09:18.681 142 INFO rally.task.runner [-] Task b3303a65-2da4-4195-a418-9fd6793b9bc8 | ITER: 4 START
2020-02-23 16:09:18.683 144 INFO rally.task.runner [-] Task b3303a65-2da4-4195-a418-9fd6793b9bc8 | ITER: 5 START
2020-02-23 16:09:18.683 151 RALLYDEBUG rally.task.runner [-] Starting a worker. concurrency: 1 args: {} times: 100 method_name: run timeout: 0 duration: None cls:
2020-02-23 16:09:18.686 148 INFO rally.task.runner [-] Task b3303a65-2da4-4195-a418-9fd6793b9bc8 | ITER: 6 START
2020-02-23 16:09:18.685 154 RALLYDEBUG rally.task.runner [-] Starting a worker. concurrency: 1 args: {} times: 100 method_name: run timeout: 0 duration: None cls:
2020-02-23 16:09:18.688 151 INFO rally.task.runner [-] Task b3303a65-2da4-4195-a418-9fd6793b9bc8 | ITER: 7 START
2020-02-23 16:09:18.688 157 RALLYDEBUG rally.task.runner [-] Starting a worker. concurrency: 1 args: {} times: 100 method_name: run timeout: 0 duration: None cls:
2020-02-23 16:09:18.691 154 INFO rally.task.runner [-] Task b3303a65-2da4-4195-a418-9fd6793b9bc8 | ITER: 8 START
2020-02-23 16:09:18.691 160 RALLYDEBUG rally.task.runner [-] Starting a worker. concurrency: 1 args: {} times: 100 method_name: run timeout: 0 duration: None cls:
2020-02-23 16:09:18.694 157 INFO rally.task.runner [-] Task b3303a65-2da4-4195-a418-9fd6793b9bc8 | ITER: 9 START
2020-02-23 16:09:18.693 163 RALLYDEBUG rally.task.runner [-] Starting a worker. concurrency: 1 args: {} times: 100 method_name: run timeout: 0 duration: None cls:
2020-02-23 16:09:18.696 160 INFO rally.task.runner [-] Task b3303a65-2da4-4195-a418-9fd6793b9bc8 | ITER: 10 START
2020-02-23 16:09:18.696 166 RALLYDEBUG rally.task.runner [-] Starting a worker. concurrency: 1 args: {} times: 100 method_name: run timeout: 0 duration: None cls:
2020-02-23 16:09:18.698 163 INFO rally.task.runner [-] Task b3303a65-2da4-4195-a418-9fd6793b9bc8 | ITER: 11 START
2020-02-23 16:09:18.698 169 RALLYDEBUG rally.task.runner [-] Starting a worker. concurrency: 1 args: {} times: 100 method_name: run timeout: 0 duration: None cls:
2020-02-23 16:09:18.701 166 INFO rally.task.runner [-] Task b3303a65-2da4-4195-a418-9fd6793b9bc8 | ITER: 12 START
2020-02-23 16:09:18.701 172 RALLYDEBUG rally.task.runner [-] Starting a worker. concurrency: 1 args: {} times: 100 method_name: run timeout: 0 duration: None cls:
2020-02-23 16:09:18.703 175 RALLYDEBUG rally.task.runner [-] Starting a worker. concurrency: 1 args: {} times: 100 method_name: run timeout: 0 duration: None cls:
2020-02-23 16:09:18.704 169 INFO rally.task.runner [-] Task b3303a65-2da4-4195-a418-9fd6793b9bc8 | ITER: 13 START
2020-02-23 16:09:18.707 175 INFO rally.task.runner [-] Task b3303a65-2da4-4195-a418-9fd6793b9bc8 | ITER: 15 START
2020-02-23 16:09:18.707 172 INFO rally.task.runner [-] Task b3303a65-2da4-4195-a418-9fd6793b9bc8 | ITER: 14 START
2020-02-23 16:09:18.707 178 RALLYDEBUG rally.task.runner [-] Starting a worker. concurrency: 1 args: {} times: 100 method_name: run timeout: 0 duration: None cls:
2020-02-23 16:09:18.709 181 RALLYDEBUG rally.task.runner [-] Starting a worker. concurrency: 1 args: {} times: 100 method_name: run timeout: 0 duration: None cls:
2020-02-23 16:09:18.711 186 RALLYDEBUG rally.task.runner [-] Starting a worker. concurrency: 1 args: {} times: 100 method_name: run timeout: 0 duration: None cls:
2020-02-23 16:09:18.713 178 INFO rally.task.runner [-] Task b3303a65-2da4-4195-a418-9fd6793b9bc8 | ITER: 16 START
2020-02-23 16:09:18.714 181 INFO rally.task.runner [-] Task b3303a65-2da4-4195-a418-9fd6793b9bc8 | ITER: 17 START
2020-02-23 16:09:18.714 187 RALLYDEBUG rally.task.runner [-] Starting a worker. concurrency: 1 args: {} times: 100 method_name: run timeout: 0 duration: None cls:
2020-02-23 16:09:18.716 186 INFO rally.task.runner [-] Task b3303a65-2da4-4195-a418-9fd6793b9bc8 | ITER: 18 START
2020-02-23 16:09:18.717 190 RALLYDEBUG rally.task.runner [-] Starting a worker. concurrency: 1 args: {} times: 100 method_name: run timeout: 0 duration: None cls:
2020-02-23 16:09:18.719 187 INFO rally.task.runner [-] Task b3303a65-2da4-4195-a418-9fd6793b9bc8 | ITER: 19 START
2020-02-23 16:09:18.723 190 INFO rally.task.runner [-] Task b3303a65-2da4-4195-a418-9fd6793b9bc8 | ITER: 20 START
2020-02-23 16:09:20.041 140 INFO rally.task.runner [-] Task b3303a65-2da4-4195-a418-9fd6793b9bc8 | ITER: 2 END: OK
2020-02-23 16:09:20.046 140 INFO rally.task.runner [-] Task b3303a65-2da4-4195-a418-9fd6793b9bc8 | ITER: 21 START
2020-02-23 16:09:20.195 139 INFO rally.task.runner [-] Task b3303a65-2da4-4195-a418-9fd6793b9bc8 | ITER: 1 END: OK
2020-02-23 16:09:20.200 139 INFO rally.task.runner [-] Task b3303a65-2da4-4195-a418-9fd6793b9bc8 | ITER: 22 START
2020-02-23 16:09:20.259 141 INFO rally.task.runner [-] Task b3303a65-2da4-4195-a418-9fd6793b9bc8 | ITER: 3 END: OK
2020-02-23 16:09:20.264 141 INFO rally.task.runner [-] Task b3303a65-2da4-4195-a418-9fd6793b9bc8 | ITER: 23 START
2020-02-23 16:09:20.978 160 INFO rally.task.runner [-] Task b3303a65-2da4-4195-a418-9fd6793b9bc8 | ITER: 10 END: OK
2020-02-23 16:09:20.982 160 INFO rally.task.runner [-] Task b3303a65-2da4-4195-a418-9fd6793b9bc8 | ITER: 24 START
2020-02-23 16:09:21.242 142 INFO rally.task.runner [-] Task b3303a65-2da4-4195-a418-9fd6793b9bc8 | ITER: 4 END: OK
2020-02-23 16:09:21.247 142 INFO rally.task.runner [-] Task b3303a65-2da4-4195-a418-9fd6793b9bc8 | ITER: 25 START
2020-02-23 16:09:21.273 144 INFO rally.task.runner [-] Task b3303a65-2da4-4195-a418-9fd6793b9bc8 | ITER: 5 END: OK
2020-02-23 16:09:21.276 151 INFO rally.task.runner [-] Task b3303a65-2da4-4195-a418-9fd6793b9bc8 | ITER: 7 END: OK
2020-02-23 16:09:21.278 144 INFO rally.task.runner [-] Task b3303a65-2da4-4195-a418-9fd6793b9bc8 | ITER: 26 START
2020-02-23 16:09:21.281 151 INFO rally.task.runner [-] Task b3303a65-2da4-4195-a418-9fd6793b9bc8 | ITER: 27 START
2020-02-23 16:09:21.283 148 INFO rally.task.runner [-] Task b3303a65-2da4-4195-a418-9fd6793b9bc8 | ITER: 6 END: OK
2020-02-23 16:09:21.286 148 INFO rally.task.runner [-] Task b3303a65-2da4-4195-a418-9fd6793b9bc8 | ITER: 28 START
2020-02-23 16:09:21.600 163 INFO rally.task.runner [-] Task b3303a65-2da4-4195-a418-9fd6793b9bc8 | ITER: 11 END: OK
2020-02-23 16:09:21.605 163 INFO rally.task.runner [-] Task b3303a65-2da4-4195-a418-9fd6793b9bc8 | ITER: 29 START
2020-02-23 16:09:21.708 154 INFO rally.task.runner [-] Task b3303a65-2da4-4195-a418-9fd6793b9bc8 | ITER: 8 END: OK
2020-02-23 16:09:21.712 154 INFO rally.task.runner [-] Task b3303a65-2da4-4195-a418-9fd6793b9bc8 | ITER: 30 START
2020-02-23 16:09:22.018 139 INFO rally.task.runner [-] Task b3303a65-2da4-4195-a418-9fd6793b9bc8 | ITER: 22 END: OK
2020-02-23 16:09:22.021 139 INFO rally.task.runner [-] Task b3303a65-2da4-4195-a418-9fd6793b9bc8 | ITER: 31 START
2020-02-23 16:09:22.053 172 INFO rally.task.runner [-] Task b3303a65-2da4-4195-a418-9fd6793b9bc8 | ITER: 14 END: OK
2020-02-23 16:09:22.058 172 INFO rally.task.runner [-] Task b3303a65-2da4-4195-a418-9fd6793b9bc8 | ITER: 32 START
2020-02-23 16:09:22.128 166 INFO rally.task.runner [-] Task b3303a65-2da4-4195-a418-9fd6793b9bc8 | ITER: 12 END: OK
2020-02-23 16:09:22.132 166 INFO rally.task.runner [-] Task b3303a65-2da4-4195-a418-9fd6793b9bc8 | ITER: 33 START
2020-02-23 16:09:22.155 160 INFO rally.task.runner [-] Task b3303a65-2da4-4195-a418-9fd6793b9bc8 | ITER: 24 END: OK
2020-02-23 16:09:22.159 160 INFO rally.task.runner [-] Task b3303a65-2da4-4195-a418-9fd6793b9bc8 | ITER: 34 START
2020-02-23 16:09:22.279 187 INFO rally.task.runner [-] Task b3303a65-2da4-4195-a418-9fd6793b9bc8 | ITER: 19 END: OK
2020-02-23 16:09:22.284 187 INFO rally.task.runner [-] Task b3303a65-2da4-4195-a418-9fd6793b9bc8 | ITER: 35 START
2020-02-23 16:09:22.311 169 INFO rally.task.runner [-] Task b3303a65-2da4-4195-a418-9fd6793b9bc8 | ITER: 13 END: OK
2020-02-23 16:09:22.316 169 INFO rally.task.runner [-] Task b3303a65-2da4-4195-a418-9fd6793b9bc8 | ITER: 36 START
2020-02-23 16:09:22.352 190 INFO rally.task.runner [-] Task b3303a65-2da4-4195-a418-9fd6793b9bc8 | ITER: 20 END: OK
2020-02-23 16:09:22.357 190 INFO rally.task.runner [-] Task b3303a65-2da4-4195-a418-9fd6793b9bc8 | ITER: 37 START
2020-02-23 16:09:22.400 141 INFO rally.task.runner [-] Task b3303a65-2da4-4195-a418-9fd6793b9bc8 | ITER: 23 END: OK
2020-02-23 16:09:22.403 141 INFO rally.task.runner [-] Task b3303a65-2da4-4195-a418-9fd6793b9bc8 | ITER: 38 START
2020-02-23 16:09:22.478 181 INFO rally.task.runner [-] Task b3303a65-2da4-4195-a418-9fd6793b9bc8 | ITER: 17 END: OK
2020-02-23 16:09:22.483 181 INFO rally.task.runner [-] Task b3303a65-2da4-4195-a418-9fd6793b9bc8 | ITER: 39 START
2020-02-23 16:09:22.484 140 INFO rally.task.runner [-] Task b3303a65-2da4-4195-a418-9fd6793b9bc8 | ITER: 21 END: OK
2020-02-23 16:09:22.488 140 INFO rally.task.runner [-] Task b3303a65-2da4-4195-a418-9fd6793b9bc8 | ITER: 40 START
2020-02-23 16:09:22.556 148 INFO rally.task.runner [-] Task b3303a65-2da4-4195-a418-9fd6793b9bc8 | ITER: 28 END: OK
2020-02-23 16:09:22.560 148 INFO rally.task.runner [-] Task b3303a65-2da4-4195-a418-9fd6793b9bc8 | ITER: 41 START
2020-02-23 16:09:22.604 175 INFO rally.task.runner [-] Task b3303a65-2da4-4195-a418-9fd6793b9bc8 | ITER: 15 END: OK
2020-02-23 16:09:22.608 175 INFO rally.task.runner [-] Task b3303a65-2da4-4195-a418-9fd6793b9bc8 | ITER: 42 START
2020-02-23 16:09:22.640 178 INFO rally.task.runner [-] Task b3303a65-2da4-4195-a418-9fd6793b9bc8 | ITER: 16 END: OK
2020-02-23 16:09:22.644 186 INFO rally.task.runner [-] Task b3303a65-2da4-4195-a418-9fd6793b9bc8 | ITER: 18 END: OK
2020-02-23 16:09:22.644 178 INFO rally.task.runner [-] Task b3303a65-2da4-4195-a418-9fd6793b9bc8 | ITER: 43 START
2020-02-23 16:09:22.647 186 INFO rally.task.runner [-] Task b3303a65-2da4-4195-a418-9fd6793b9bc8 | ITER: 44 START
2020-02-23 16:09:22.663 157 INFO rally.task.runner [-] Task b3303a65-2da4-4195-a418-9fd6793b9bc8 | ITER: 9 END: OK
2020-02-23 16:09:22.667 157 INFO rally.task.runner [-] Task b3303a65-2da4-4195-a418-9fd6793b9bc8 | ITER: 45 START
2020-02-23 16:09:22.839 142 INFO rally.task.runner [-] Task b3303a65-2da4-4195-a418-9fd6793b9bc8 | ITER: 25 END: OK
2020-02-23 16:09:22.843 142 INFO rally.task.runner [-] Task b3303a65-2da4-4195-a418-9fd6793b9bc8 | ITER: 46 START
2020-02-23 16:09:23.047 151 INFO rally.task.runner [-] Task b3303a65-2da4-4195-a418-9fd6793b9bc8 | ITER: 27 END: OK
2020-02-23 16:09:23.051 151 INFO rally.task.runner [-] Task b3303a65-2da4-4195-a418-9fd6793b9bc8 | ITER: 47 START
2020-02-23 16:09:23.067 172 INFO rally.task.runner [-] Task b3303a65-2da4-4195-a418-9fd6793b9bc8 | ITER: 32 END: OK
2020-02-23 16:09:23.070 172 INFO rally.task.runner [-] Task b3303a65-2da4-4195-a418-9fd6793b9bc8 | ITER: 48 START
2020-02-23 16:09:23.126 144 INFO rally.task.runner [-] Task b3303a65-2da4-4195-a418-9fd6793b9bc8 | ITER: 26 END: OK
2020-02-23 16:09:23.130 144 INFO rally.task.runner [-] Task b3303a65-2da4-4195-a418-9fd6793b9bc8 | ITER: 49 START
2020-02-23 16:09:23.206 154 INFO rally.task.runner [-] Task b3303a65-2da4-4195-a418-9fd6793b9bc8 | ITER: 30 END: OK
2020-02-23 16:09:23.209 154 INFO rally.task.runner [-] Task b3303a65-2da4-4195-a418-9fd6793b9bc8 | ITER: 50 START
2020-02-23 16:09:23.260 139 INFO rally.task.runner [-] Task b3303a65-2da4-4195-a418-9fd6793b9bc8 | ITER: 31 END: OK
2020-02-23 16:09:23.264 139 INFO rally.task.runner [-] Task b3303a65-2da4-4195-a418-9fd6793b9bc8 | ITER: 51 START
2020-02-23 16:09:23.281 160 INFO rally.task.runner [-] Task b3303a65-2da4-4195-a418-9fd6793b9bc8 | ITER: 34 END: OK
2020-02-23 16:09:23.284 160 INFO rally.task.runner [-] Task b3303a65-2da4-4195-a418-9fd6793b9bc8 | ITER: 52 START
2020-02-23 16:09:23.303 163 INFO rally.task.runner [-] Task b3303a65-2da4-4195-a418-9fd6793b9bc8 | ITER: 29 END: OK
2020-02-23 16:09:23.307 163 INFO rally.task.runner [-] Task b3303a65-2da4-4195-a418-9fd6793b9bc8 | ITER: 53 START
2020-02-23 16:09:23.342 166 INFO rally.task.runner [-] Task b3303a65-2da4-4195-a418-9fd6793b9bc8 | ITER: 33 END: OK
2020-02-23 16:09:23.346 166 INFO rally.task.runner [-] Task b3303a65-2da4-4195-a418-9fd6793b9bc8 | ITER: 54 START
2020-02-23 16:09:23.500 187 INFO rally.task.runner [-] Task b3303a65-2da4-4195-a418-9fd6793b9bc8 | ITER: 35 END: OK
2020-02-23 16:09:23.504 187 INFO rally.task.runner [-] Task b3303a65-2da4-4195-a418-9fd6793b9bc8 | ITER: 55 START
2020-02-23 16:09:23.951 141 INFO rally.task.runner [-] Task b3303a65-2da4-4195-a418-9fd6793b9bc8 | ITER: 38 END: OK
2020-02-23 16:09:23.955 141 INFO rally.task.runner [-] Task b3303a65-2da4-4195-a418-9fd6793b9bc8 | ITER: 56 START
2020-02-23 16:09:24.076 181 INFO rally.task.runner [-] Task b3303a65-2da4-4195-a418-9fd6793b9bc8 | ITER: 39 END: OK
2020-02-23 16:09:24.079 181 INFO rally.task.runner [-] Task b3303a65-2da4-4195-a418-9fd6793b9bc8 | ITER: 57 START
2020-02-23 16:09:24.193 178 INFO rally.task.runner [-] Task b3303a65-2da4-4195-a418-9fd6793b9bc8 | ITER: 43 END: OK
2020-02-23 16:09:24.197 178 INFO rally.task.runner [-] Task b3303a65-2da4-4195-a418-9fd6793b9bc8 | ITER: 58 START
2020-02-23 16:09:24.358 140 INFO rally.task.runner [-] Task b3303a65-2da4-4195-a418-9fd6793b9bc8 | ITER: 40 END: OK
2020-02-23 16:09:24.361 140 INFO rally.task.runner [-] Task b3303a65-2da4-4195-a418-9fd6793b9bc8 | ITER: 59 START
2020-02-23 16:09:24.642 175 INFO rally.task.runner [-] Task b3303a65-2da4-4195-a418-9fd6793b9bc8 | ITER: 42 END: OK
2020-02-23 16:09:24.646 175 INFO rally.task.runner [-] Task b3303a65-2da4-4195-a418-9fd6793b9bc8 | ITER: 60 START
2020-02-23 16:09:24.659 186 INFO rally.task.runner [-] Task b3303a65-2da4-4195-a418-9fd6793b9bc8 | ITER: 44 END: OK
2020-02-23 16:09:24.663 186 INFO rally.task.runner [-] Task b3303a65-2da4-4195-a418-9fd6793b9bc8 | ITER: 61 START
2020-02-23 16:09:24.788 190 INFO rally.task.runner [-] Task b3303a65-2da4-4195-a418-9fd6793b9bc8 | ITER: 37 END: OK
2020-02-23 16:09:24.792 190 INFO rally.task.runner [-] Task b3303a65-2da4-4195-a418-9fd6793b9bc8 | ITER: 62 START
2020-02-23 16:09:24.835 142 INFO rally.task.runner [-] Task b3303a65-2da4-4195-a418-9fd6793b9bc8 | ITER: 46 END: OK
2020-02-23 16:09:24.839 142 INFO rally.task.runner [-] Task b3303a65-2da4-4195-a418-9fd6793b9bc8 | ITER: 63 START
2020-02-23 16:09:24.858 172 INFO rally.task.runner [-] Task b3303a65-2da4-4195-a418-9fd6793b9bc8 | ITER: 48 END: OK
2020-02-23 16:09:24.861 151 INFO rally.task.runner [-] Task b3303a65-2da4-4195-a418-9fd6793b9bc8 | ITER: 47 END: OK
2020-02-23 16:09:24.862 172 INFO rally.task.runner [-] Task b3303a65-2da4-4195-a418-9fd6793b9bc8 | ITER: 64 START
2020-02-23 16:09:24.865 151 INFO rally.task.runner [-] Task b3303a65-2da4-4195-a418-9fd6793b9bc8 | ITER: 65 START
2020-02-23 16:09:24.900 148 INFO rally.task.runner [-] Task b3303a65-2da4-4195-a418-9fd6793b9bc8 | ITER: 41 END: OK
2020-02-23 16:09:24.903 148 INFO rally.task.runner [-] Task b3303a65-2da4-4195-a418-9fd6793b9bc8 | ITER: 66 START
2020-02-23 16:09:24.927 169 INFO rally.task.runner [-] Task b3303a65-2da4-4195-a418-9fd6793b9bc8 | ITER: 36 END: OK
2020-02-23 16:09:24.931 169 INFO rally.task.runner [-] Task b3303a65-2da4-4195-a418-9fd6793b9bc8 | ITER: 67 START
2020-02-23 16:09:25.288 157 INFO rally.task.runner [-] Task b3303a65-2da4-4195-a418-9fd6793b9bc8 | ITER: 45 END: OK
2020-02-23 16:09:25.291 157 INFO rally.task.runner [-] Task b3303a65-2da4-4195-a418-9fd6793b9bc8 | ITER: 68 START
2020-02-23 16:09:25.309 154 INFO rally.task.runner [-] Task b3303a65-2da4-4195-a418-9fd6793b9bc8 | ITER: 50 END: OK
2020-02-23 16:09:25.312 154 INFO rally.task.runner [-] Task b3303a65-2da4-4195-a418-9fd6793b9bc8 | ITER: 69 START
2020-02-23 16:09:25.443 160 INFO rally.task.runner [-] Task b3303a65-2da4-4195-a418-9fd6793b9bc8 | ITER: 52 END: OK
2020-02-23 16:09:25.447 160 INFO rally.task.runner [-] Task b3303a65-2da4-4195-a418-9fd6793b9bc8 | ITER: 70 START
2020-02-23 16:09:25.488 178 INFO rally.task.runner [-] Task b3303a65-2da4-4195-a418-9fd6793b9bc8 | ITER: 58 END: OK
2020-02-23 16:09:25.492 178 INFO rally.task.runner [-] Task b3303a65-2da4-4195-a418-9fd6793b9bc8 | ITER: 71 START
2020-02-23 16:09:25.532 144 INFO rally.task.runner [-] Task b3303a65-2da4-4195-a418-9fd6793b9bc8 | ITER: 49 END: OK
2020-02-23 16:09:25.535 144 INFO rally.task.runner [-] Task b3303a65-2da4-4195-a418-9fd6793b9bc8 | ITER: 72 START
2020-02-23 16:09:25.875 175 INFO rally.task.runner [-] Task b3303a65-2da4-4195-a418-9fd6793b9bc8 | ITER: 60 END: OK
2020-02-23 16:09:25.878 175 INFO rally.task.runner [-] Task b3303a65-2da4-4195-a418-9fd6793b9bc8 | ITER: 73 START
2020-02-23 16:09:26.047 139 INFO rally.task.runner [-] Task b3303a65-2da4-4195-a418-9fd6793b9bc8 | ITER: 51 END: OK
2020-02-23 16:09:26.050 139 INFO rally.task.runner [-] Task b3303a65-2da4-4195-a418-9fd6793b9bc8 | ITER: 74 START
2020-02-23 16:09:26.088 166 INFO rally.task.runner [-] Task b3303a65-2da4-4195-a418-9fd6793b9bc8 | ITER: 54 END: OK
2020-02-23 16:09:26.092 166 INFO rally.task.runner [-] Task b3303a65-2da4-4195-a418-9fd6793b9bc8 | ITER: 75 START
2020-02-23 16:09:26.096 163 INFO rally.task.runner [-] Task b3303a65-2da4-4195-a418-9fd6793b9bc8 | ITER: 53 END: OK
2020-02-23 16:09:26.100 163 INFO rally.task.runner [-] Task b3303a65-2da4-4195-a418-9fd6793b9bc8 | ITER: 76 START
2020-02-23 16:09:26.457 181 INFO rally.task.runner [-] Task b3303a65-2da4-4195-a418-9fd6793b9bc8 | ITER: 57 END: OK
2020-02-23 16:09:26.460 181 INFO rally.task.runner [-] Task b3303a65-2da4-4195-a418-9fd6793b9bc8 | ITER: 77 START
2020-02-23 16:09:26.604 151 INFO rally.task.runner [-] Task b3303a65-2da4-4195-a418-9fd6793b9bc8 | ITER: 65 END: OK
2020-02-23 16:09:26.608 151 INFO rally.task.runner [-] Task b3303a65-2da4-4195-a418-9fd6793b9bc8 | ITER: 78 START
2020-02-23 16:09:26.709 172 INFO rally.task.runner [-] Task b3303a65-2da4-4195-a418-9fd6793b9bc8 | ITER: 64 END: OK
2020-02-23 16:09:26.713 172 INFO rally.task.runner [-] Task b3303a65-2da4-4195-a418-9fd6793b9bc8 | ITER: 79 START
2020-02-23 16:09:26.737 186 INFO rally.task.runner [-] Task b3303a65-2da4-4195-a418-9fd6793b9bc8 | ITER: 61 END: OK
2020-02-23 16:09:26.741 186 INFO rally.task.runner [-] Task b3303a65-2da4-4195-a418-9fd6793b9bc8 | ITER: 80 START
2020-02-23 16:09:26.832 187 INFO rally.task.runner [-] Task b3303a65-2da4-4195-a418-9fd6793b9bc8 | ITER: 55 END: OK
2020-02-23 16:09:26.836 187 INFO rally.task.runner [-] Task b3303a65-2da4-4195-a418-9fd6793b9bc8 | ITER: 81 START
2020-02-23 16:09:26.908 157 INFO rally.task.runner [-] Task b3303a65-2da4-4195-a418-9fd6793b9bc8 | ITER: 68 END: OK
2020-02-23 16:09:26.912 157 INFO rally.task.runner [-] Task b3303a65-2da4-4195-a418-9fd6793b9bc8 | ITER: 82 START
2020-02-23 16:09:26.947 190 INFO rally.task.runner [-] Task b3303a65-2da4-4195-a418-9fd6793b9bc8 | ITER: 62 END: OK
2020-02-23 16:09:26.951 190 INFO rally.task.runner [-] Task b3303a65-2da4-4195-a418-9fd6793b9bc8 | ITER: 83 START
2020-02-23 16:09:26.973 140 INFO rally.task.runner [-] Task b3303a65-2da4-4195-a418-9fd6793b9bc8 | ITER: 59 END: OK
2020-02-23 16:09:26.976 140 INFO rally.task.runner [-] Task b3303a65-2da4-4195-a418-9fd6793b9bc8 | ITER: 84 START
2020-02-23 16:09:27.172 148 INFO rally.task.runner [-] Task b3303a65-2da4-4195-a418-9fd6793b9bc8 | ITER: 66 END: OK
2020-02-23 16:09:27.176 148 INFO rally.task.runner [-] Task b3303a65-2da4-4195-a418-9fd6793b9bc8 | ITER: 85 START
2020-02-23 16:09:27.243 141 INFO rally.task.runner [-] Task b3303a65-2da4-4195-a418-9fd6793b9bc8 | ITER: 56 END: OK
2020-02-23 16:09:27.247 141 INFO rally.task.runner [-] Task b3303a65-2da4-4195-a418-9fd6793b9bc8 | ITER: 86 START
2020-02-23 16:09:27.280 154 INFO rally.task.runner [-] Task b3303a65-2da4-4195-a418-9fd6793b9bc8 | ITER: 69 END: OK
2020-02-23 16:09:27.284 154 INFO rally.task.runner [-] Task b3303a65-2da4-4195-a418-9fd6793b9bc8 | ITER: 87 START
2020-02-23 16:09:27.355 144 INFO rally.task.runner [-] Task b3303a65-2da4-4195-a418-9fd6793b9bc8 | ITER: 72 END: OK
2020-02-23 16:09:27.358 144 INFO rally.task.runner [-] Task b3303a65-2da4-4195-a418-9fd6793b9bc8 | ITER: 88 START
2020-02-23 16:09:27.390 166 INFO rally.task.runner [-] Task b3303a65-2da4-4195-a418-9fd6793b9bc8 | ITER: 75 END: OK
2020-02-23 16:09:27.394 166 INFO rally.task.runner [-] Task b3303a65-2da4-4195-a418-9fd6793b9bc8 | ITER: 89 START
2020-02-23 16:09:27.633 142 INFO rally.task.runner [-] Task b3303a65-2da4-4195-a418-9fd6793b9bc8 | ITER: 63 END: OK
2020-02-23 16:09:27.636 142 INFO rally.task.runner [-] Task b3303a65-2da4-4195-a418-9fd6793b9bc8 | ITER: 90 START
2020-02-23 16:09:27.774 175 INFO rally.task.runner [-] Task b3303a65-2da4-4195-a418-9fd6793b9bc8 | ITER: 73 END: OK
2020-02-23 16:09:27.778 175 INFO rally.task.runner [-] Task b3303a65-2da4-4195-a418-9fd6793b9bc8 | ITER: 91 START
2020-02-23 16:09:27.871 169 INFO rally.task.runner [-] Task b3303a65-2da4-4195-a418-9fd6793b9bc8 | ITER: 67 END: OK
2020-02-23 16:09:27.874 169 INFO rally.task.runner [-] Task b3303a65-2da4-4195-a418-9fd6793b9bc8 | ITER: 92 START
2020-02-23 16:09:27.923 160 INFO rally.task.runner [-] Task b3303a65-2da4-4195-a418-9fd6793b9bc8 | ITER: 70 END: OK
2020-02-23 16:09:27.924 178 INFO rally.task.runner [-] Task b3303a65-2da4-4195-a418-9fd6793b9bc8 | ITER: 71 END: OK
2020-02-23 16:09:27.926 160 INFO rally.task.runner [-] Task b3303a65-2da4-4195-a418-9fd6793b9bc8 | ITER: 93 START
2020-02-23 16:09:27.928 178 INFO rally.task.runner [-] Task b3303a65-2da4-4195-a418-9fd6793b9bc8 | ITER: 94 START
2020-02-23 16:09:27.948 163 INFO rally.task.runner [-] Task b3303a65-2da4-4195-a418-9fd6793b9bc8 | ITER: 76 END: OK
2020-02-23 16:09:27.952 163 INFO rally.task.runner [-] Task b3303a65-2da4-4195-a418-9fd6793b9bc8 | ITER: 95 START
2020-02-23 16:09:28.342 172 INFO rally.task.runner [-] Task b3303a65-2da4-4195-a418-9fd6793b9bc8 | ITER: 79 END: OK
2020-02-23 16:09:28.345 172 INFO rally.task.runner [-] Task b3303a65-2da4-4195-a418-9fd6793b9bc8 | ITER: 96 START
2020-02-23 16:09:28.358 139 INFO rally.task.runner [-] Task b3303a65-2da4-4195-a418-9fd6793b9bc8 | ITER: 74 END: OK
2020-02-23 16:09:28.362 139 INFO rally.task.runner [-] Task b3303a65-2da4-4195-a418-9fd6793b9bc8 | ITER: 97 START
2020-02-23 16:09:28.578 157 INFO rally.task.runner [-] Task b3303a65-2da4-4195-a418-9fd6793b9bc8 | ITER: 82 END: OK
2020-02-23 16:09:28.581 157 INFO rally.task.runner [-] Task b3303a65-2da4-4195-a418-9fd6793b9bc8 | ITER: 98 START
2020-02-23 16:09:28.805 181 INFO rally.task.runner [-] Task b3303a65-2da4-4195-a418-9fd6793b9bc8 | ITER: 77 END: OK
2020-02-23 16:09:28.809 181 INFO rally.task.runner [-] Task b3303a65-2da4-4195-a418-9fd6793b9bc8 | ITER: 99 START
2020-02-23 16:09:28.935 190 INFO rally.task.runner [-] Task b3303a65-2da4-4195-a418-9fd6793b9bc8 | ITER: 83 END: OK
2020-02-23 16:09:28.938 190 INFO rally.task.runner [-] Task b3303a65-2da4-4195-a418-9fd6793b9bc8 | ITER: 100 START
2020-02-23 16:09:29.016 140 INFO rally.task.runner [-] Task b3303a65-2da4-4195-a418-9fd6793b9bc8 | ITER: 84 END: OK
2020-02-23 16:09:29.097 141 INFO rally.task.runner [-] Task b3303a65-2da4-4195-a418-9fd6793b9bc8 | ITER: 86 END: OK
2020-02-23 16:09:29.109 151 INFO rally.task.runner [-] Task b3303a65-2da4-4195-a418-9fd6793b9bc8 | ITER: 78 END: OK
2020-02-23 16:09:29.495 148 INFO rally.task.runner [-] Task b3303a65-2da4-4195-a418-9fd6793b9bc8 | ITER: 85 END: OK
2020-02-23 16:09:29.499 187 INFO rally.task.runner [-] Task b3303a65-2da4-4195-a418-9fd6793b9bc8 | ITER: 81 END: OK
2020-02-23 16:09:29.842 154 INFO rally.task.runner [-] Task b3303a65-2da4-4195-a418-9fd6793b9bc8 | ITER: 87 END: OK
2020-02-23 16:09:30.096 163 INFO rally.task.runner [-] Task b3303a65-2da4-4195-a418-9fd6793b9bc8 | ITER: 95 END: OK
2020-02-23 16:09:30.243 186 INFO rally.task.runner [-] Task b3303a65-2da4-4195-a418-9fd6793b9bc8 | ITER: 80 END: OK
2020-02-23 16:09:30.308 169 INFO rally.task.runner [-] Task b3303a65-2da4-4195-a418-9fd6793b9bc8 | ITER: 92 END: OK
2020-02-23 16:09:30.356 166 INFO rally.task.runner [-] Task b3303a65-2da4-4195-a418-9fd6793b9bc8 | ITER: 89 END: OK
2020-02-23 16:09:30.369 142 INFO rally.task.runner [-] Task b3303a65-2da4-4195-a418-9fd6793b9bc8 | ITER: 90 END: OK
2020-02-23 16:09:30.428 172 INFO rally.task.runner [-] Task b3303a65-2da4-4195-a418-9fd6793b9bc8 | ITER: 96 END: OK
2020-02-23 16:09:30.656 157 INFO rally.task.runner [-] Task b3303a65-2da4-4195-a418-9fd6793b9bc8 | ITER: 98 END: OK
2020-02-23 16:09:31.001 175 INFO rally.task.runner [-] Task b3303a65-2da4-4195-a418-9fd6793b9bc8 | ITER: 91 END: OK
2020-02-23 16:09:31.152 144 INFO rally.task.runner [-] Task b3303a65-2da4-4195-a418-9fd6793b9bc8 | ITER: 88 END: OK
2020-02-23 16:09:31.154 190 INFO rally.task.runner [-] Task b3303a65-2da4-4195-a418-9fd6793b9bc8 | ITER: 100 END: OK
2020-02-23 16:09:31.207 160 INFO rally.task.runner [-] Task b3303a65-2da4-4195-a418-9fd6793b9bc8 | ITER: 93 END: OK
2020-02-23 16:09:31.290 181 INFO rally.task.runner [-] Task b3303a65-2da4-4195-a418-9fd6793b9bc8 | ITER: 99 END: OK
2020-02-23 16:09:31.311 178 INFO rally.task.runner [-] Task b3303a65-2da4-4195-a418-9fd6793b9bc8 | ITER: 94 END: OK
2020-02-23 16:09:31.511 139 INFO rally.task.runner [-] Task b3303a65-2da4-4195-a418-9fd6793b9bc8 | ITER: 97 END: OK
2020-02-23 16:09:31.533 15 INFO rally.task.context [-] Task b3303a65-2da4-4195-a418-9fd6793b9bc8 | Context cleanup@openstack cleanup() started
2020-02-23 16:09:31.540 15 RALLYDEBUG rally_openstack.cleanup.manager [-] Cleaning up neutron vip objects
2020-02-23 16:09:31.747 15 RALLYDEBUG rally_openstack.cleanup.manager [-] Cleaning up neutron health_monitor objects
2020-02-23 16:09:31.941 15 RALLYDEBUG rally_openstack.cleanup.manager [-] Cleaning up neutron pool objects
2020-02-23 16:09:32.117 15 RALLYDEBUG rally_openstack.cleanup.manager [-] Cleaning up neutron loadbalancer objects
2020-02-23 16:09:32.301 15 RALLYDEBUG rally_openstack.cleanup.manager [-] Cleaning up neutron floatingip objects
2020-02-23 16:09:32.494 15 RALLYDEBUG rally_openstack.cleanup.manager [-] Cleaning up neutron trunk objects
2020-02-23 16:09:32.660 15 DEBUG neutronclient.v2_0.client [-] Error message: {"message": "The resource could not be found.

\n\n\n", "code": "404 Not Found", "title": "Not Found"} _handle_fault_response /usr/lib/python2.7/site-packages/neutronclient/v2_0/client.py:259
2020-02-23 16:09:32.671 15 RALLYDEBUG rally_openstack.cleanup.manager [-] Cleaning up neutron port objects
2020-02-23 16:09:32.971 15 RALLYDEBUG rally_openstack.cleanup.manager [-] Cleaning up neutron subnet objects
2020-02-23 16:09:51.214 15 RALLYDEBUG rally_openstack.cleanup.manager [-] Cleaning up neutron network objects
2020-02-23 16:10:03.709 15 RALLYDEBUG rally_openstack.cleanup.manager [-] Deleting neutron.network object s_rally_0a2403a4_sL9gSX9I (055f435c-f6e7-454c-b2e4-651fe3ca27fa)
2020-02-23 16:10:03.713 15 RALLYDEBUG rally_openstack.cleanup.manager [-] Deleting neutron.network object s_rally_0a2403a4_7QYV6ldu (05b34720-fcdf-4360-9598-0f0a12ba29d1)
2020-02-23 16:10:03.717 15 RALLYDEBUG rally_openstack.cleanup.manager [-] Deleting neutron.network object s_rally_0a2403a4_c4vUTHJk (0708b215-ba2c-4cc2-a1ff-ded581ac04dc)
2020-02-23 16:10:03.734 15 RALLYDEBUG rally_openstack.cleanup.manager [-] Deleting neutron.network object s_rally_0a2403a4_agMg4ce7 (08a5fe12-4b1d-45ee-a5ca-930e38da9265)
2020-02-23 16:10:03.737 15 RALLYDEBUG rally_openstack.cleanup.manager [-] Deleting neutron.network object s_rally_0a2403a4_ltHatxH6 (08ba6b5b-c720-496b-96e1-58aef4735860)
2020-02-23 16:10:03.758 15 RALLYDEBUG rally_openstack.cleanup.manager [-] Deleting neutron.network object s_rally_0a2403a4_3zYPhCVD (0973dca4-5b37-4fee-8cac-f441f120485c)
2020-02-23 16:10:03.766 15 RALLYDEBUG rally_openstack.cleanup.manager [-] Deleting neutron.network object s_rally_0a2403a4_AHd3bgAP (049ce537-ec55-410d-aa12-414bfdfb3a67)
2020-02-23 16:10:03.789 15 RALLYDEBUG rally_openstack.cleanup.manager [-] Deleting neutron.network object s_rally_0a2403a4_j1lVxGFl (15ec4935-96ed-4679-bb57-aa4b89d67778)
2020-02-23 16:10:03.793 15 RALLYDEBUG rally_openstack.cleanup.manager [-] Deleting neutron.network object s_rally_0a2403a4_dYrRzzWH (0ce90489-af65-41ba-8d9e-8cd296c0370a)
2020-02-23 16:10:03.806 15 RALLYDEBUG rally_openstack.cleanup.manager [-] Deleting neutron.network object s_rally_0a2403a4_2rXVfjD1 (2b989025-0c87-4e59-be9d-9ff6e209c65e)
2020-02-23 16:10:03.810 15 RALLYDEBUG rally_openstack.cleanup.manager [-] Deleting neutron.network object s_rally_0a2403a4_2khVIQf4 (05f2d82b-1a7f-436e-b002-27f3eb5d537f)
2020-02-23 16:10:03.818 15 RALLYDEBUG rally_openstack.cleanup.manager [-] Deleting neutron.network object s_rally_0a2403a4_G3Ct2GrX (0b7cd682-fa99-470c-840e-16a1d5705e00)
2020-02-23 16:10:03.817 15 RALLYDEBUG rally_openstack.cleanup.manager [-] Deleting neutron.network object s_rally_0a2403a4_eEN49GXY (2367e3b3-be85-4e0e-a76f-2c5b9b81f388)
2020-02-23 16:10:03.819 15 RALLYDEBUG rally_openstack.cleanup.manager [-] Deleting neutron.network object s_rally_0a2403a4_CHfbyz3I (1a26927f-2723-45d8-af62-86d4d36b7754)
2020-02-23 16:10:03.824 15 RALLYDEBUG rally_openstack.cleanup.manager [-] Deleting neutron.network object s_rally_0a2403a4_JcX0Fgh0 (104ee59b-0c60-4005-9144-ca05af3c9472)
2020-02-23 16:10:03.825 15 RALLYDEBUG rally_openstack.cleanup.manager [-] Deleting neutron.network object s_rally_0a2403a4_VT84c1VC (2feabce0-dcf6-4c17-8d29-c67474e1fc2b)
2020-02-23 16:10:03.826 15 RALLYDEBUG rally_openstack.cleanup.manager [-] Deleting neutron.network object s_rally_0a2403a4_KVcnTlVy (2eae7e3b-8ff5-4f55-824b-cab4f8ea6ece)
2020-02-23 16:10:03.838 15 RALLYDEBUG rally_openstack.cleanup.manager [-] Deleting neutron.network object s_rally_0a2403a4_SpTkyZeh (1f83dd95-62e5-4786-9d0c-4569d79ed83b)
2020-02-23 16:10:03.839 15 RALLYDEBUG rally_openstack.cleanup.manager [-] Deleting neutron.network object s_rally_0a2403a4_S18KPQuo (307e8a97-a5d0-4bd6-8fc8-8cd39d55e600)
2020-02-23 16:10:03.834 15 RALLYDEBUG rally_openstack.cleanup.manager [-] Deleting neutron.network object s_rally_0a2403a4_jxqfK8TR (1c93c003-1046-4120-961b-a6147197ef82)
2020-02-23 16:10:05.917 15 RALLYDEBUG rally_openstack.cleanup.manager [-] Deleting neutron.network object s_rally_0a2403a4_fPG7wrHP (34ee2aa1-a944-4ce3-9eca-b85c8b0056fd)
2020-02-23 16:10:06.206 15 RALLYDEBUG rally_openstack.cleanup.manager [-] Deleting neutron.network object s_rally_0a2403a4_zl4EqG5b (382760a8-c99f-4017-8229-8b6d569d2b19)
2020-02-23 16:10:06.499 15 RALLYDEBUG rally_openstack.cleanup.manager [-] Deleting neutron.network object s_rally_0a2403a4_mmqkpBvV (386badba-7f64-486d-9edf-a402d89455e7)
2020-02-23 16:10:07.029 15 RALLYDEBUG rally_openstack.cleanup.manager [-] Deleting neutron.network object s_rally_0a2403a4_9Ownq7Ut (39fed3e5-7ef9-4e26-bfc9-00442acf4ae7)
2020-02-23 16:10:07.099 15 RALLYDEBUG rally_openstack.cleanup.manager [-] Deleting neutron.network object s_rally_0a2403a4_EzIm8XCI (3b08c9bd-a942-4cf8-92b1-a8f65f9a90e8)
2020-02-23 16:10:07.527 15 RALLYDEBUG rally_openstack.cleanup.manager [-] Deleting neutron.network object s_rally_0a2403a4_fBGF5ndC (3e8fe69c-2070-49dc-8546-f150beb0c57f)
2020-02-23 16:10:07.734 15 RALLYDEBUG rally_openstack.cleanup.manager [-] Deleting neutron.network object s_rally_0a2403a4_TFl8NwUc (3ef30e5e-42b6-41e8-8088-afcb5f0e3443)
2020-02-23 16:10:07.869 15 RALLYDEBUG rally_openstack.cleanup.manager [-] Deleting neutron.network object s_rally_0a2403a4_X1kV2PQb (41a2ea41-cc5a-47a0-89e7-15ffba15f12d)
2020-02-23 16:10:07.942 15 RALLYDEBUG rally_openstack.cleanup.manager [-] Deleting neutron.network object s_rally_0a2403a4_EKUzit93 (42b341d5-ea3a-4f82-be77-8f8d3033d634)
2020-02-23 16:10:08.006 15 RALLYDEBUG rally_openstack.cleanup.manager [-] Deleting neutron.network object s_rally_0a2403a4_jq8NmHfN (470cc5cf-9acf-464c-870d-fda5d2e4533b)
2020-02-23 16:10:08.007 15 RALLYDEBUG rally_openstack.cleanup.manager [-] Deleting neutron.network object s_rally_0a2403a4_om9MwCUE (48410b9f-ba1d-4c2c-8610-e64a7e80072d)
2020-02-23 16:10:08.025 15 RALLYDEBUG rally_openstack.cleanup.manager [-] Deleting neutron.network object s_rally_0a2403a4_f8c6z9Ot (493fcff8-59d8-4ef4-876a-613f6cbb3f4b)
2020-02-23 16:10:08.055 15 RALLYDEBUG rally_openstack.cleanup.manager [-] Deleting neutron.network object s_rally_0a2403a4_ZFHjMRMG (4d366553-0e50-4ba0-bd5b-72440f97197c)
2020-02-23 16:10:08.232 15 RALLYDEBUG rally_openstack.cleanup.manager [-] Deleting neutron.network object s_rally_0a2403a4_QjSPtdqK (5039a656-35a1-4b89-bc23-ac65d81e2548)
2020-02-23 16:10:08.418 15 RALLYDEBUG rally_openstack.cleanup.manager [-] Deleting neutron.network object s_rally_0a2403a4_xHLZ5Z7n (51b7d3a3-9ab2-4e93-9be8-61da3e48d168)
2020-02-23 16:10:08.486 15 RALLYDEBUG rally_openstack.cleanup.manager [-] Deleting neutron.network object s_rally_0a2403a4_JiwihTXA (5465ed56-fef8-4c6d-8737-a55f761dc344)
2020-02-23 16:10:08.491 15 RALLYDEBUG rally_openstack.cleanup.manager [-] Deleting neutron.network object s_rally_0a2403a4_j6YTYKbi (586788b9-98c3-455f-8ae7-76b91553217a)
2020-02-23 16:10:08.713 15 RALLYDEBUG rally_openstack.cleanup.manager [-] Deleting neutron.network object s_rally_0a2403a4_k84EBhMW (5a625cd4-48d5-4d12-b7a8-61f614ec676a)
2020-02-23 16:10:08.798 15 RALLYDEBUG rally_openstack.cleanup.manager [-] Deleting neutron.network object s_rally_0a2403a4_B5KaVC1n (5e91712d-8715-4cc3-8ee0-e8955392042b)
2020-02-23 16:10:08.837 15 RALLYDEBUG rally_openstack.cleanup.manager [-] Deleting neutron.network object s_rally_0a2403a4_8ooMsqv1 (5fc048c7-84ad-4197-993e-3596c9ff05c8)
2020-02-23 16:10:08.891 15 RALLYDEBUG rally_openstack.cleanup.manager [-] Deleting neutron.network object s_rally_0a2403a4_gyWnVIew (60b9995f-35bc-45c2-bec8-a9b5da39283f)
2020-02-23 16:10:08.995 15 RALLYDEBUG rally_openstack.cleanup.manager [-] Deleting neutron.network object s_rally_0a2403a4_6NU0ZHY6 (6181af99-e686-4c74-a406-e12960bfe85b)
2020-02-23 16:10:09.015 15 RALLYDEBUG rally_openstack.cleanup.manager [-] Deleting neutron.network object s_rally_0a2403a4_poOSEdnI (618ca590-2fbf-44a1-958d-ccffd1fc5a6d)
2020-02-23 16:10:09.019 15 RALLYDEBUG rally_openstack.cleanup.manager [-] Deleting neutron.network object s_rally_0a2403a4_MgsFcoIX (63b916f1-20f5-48c7-bd67-6ebc753e6abf)
2020-02-23 16:10:09.255 15 RALLYDEBUG rally_openstack.cleanup.manager [-] Deleting neutron.network object s_rally_0a2403a4_dp8vloCz (6435c747-6ced-45e6-b1ae-a9d01ad8eb50)
2020-02-23 16:10:10.191 15 RALLYDEBUG rally_openstack.cleanup.manager [-] Deleting neutron.network object s_rally_0a2403a4_AQrA9B8G (66b0b973-6c45-4a5d-a12b-db5301c2afca)
2020-02-23 16:10:10.220 15 RALLYDEBUG rally_openstack.cleanup.manager [-] Deleting neutron.network object s_rally_0a2403a4_E0VT7UqD (672a6434-cb9b-4226-8f63-bf4ed8ce67bc)
2020-02-23 16:10:10.445 15 RALLYDEBUG rally_openstack.cleanup.manager [-] Deleting neutron.network object s_rally_0a2403a4_xlYcc5A5 (68618779-1183-48f2-825b-b051cfaa288a)
2020-02-23 16:10:10.542 15 RALLYDEBUG rally_openstack.cleanup.manager [-] Deleting neutron.network object s_rally_0a2403a4_wob53HRQ (68d02e2b-968a-4c38-a1ef-df529404f6b6)
2020-02-23 16:10:10.639 15 RALLYDEBUG rally_openstack.cleanup.manager [-] Deleting neutron.network object s_rally_0a2403a4_dSTU1gQz (70a1487f-b151-4a17-a942-dfe3bbc8bfbe)
2020-02-23 16:10:10.695 15 RALLYDEBUG rally_openstack.cleanup.manager [-] Deleting neutron.network object s_rally_0a2403a4_sUHDdsLE (73fee850-b9dc-45ab-9ee5-3459facae6da)
2020-02-23 16:10:10.746 15 RALLYDEBUG rally_openstack.cleanup.manager [-] Deleting neutron.network object s_rally_0a2403a4_1x4ahxO5 (74414a50-44d3-428f-ae57-d0d5f058ed92)
2020-02-23 16:10:10.757 15 RALLYDEBUG rally_openstack.cleanup.manager [-] Deleting neutron.network object s_rally_0a2403a4_0DDHQqz8 (7c5c17ea-70f5-4531-ae4c-381ebdef7beb)
2020-02-23 16:10:10.966 15 RALLYDEBUG rally_openstack.cleanup.manager [-] Deleting neutron.network object s_rally_0a2403a4_efjgaclI (7e2e5c0e-2dab-460e-8405-53f65b026a45)
2020-02-23 16:10:11.014 15 RALLYDEBUG rally_openstack.cleanup.manager [-] Deleting neutron.network object s_rally_0a2403a4_09GKoLLw (8054017c-26f5-4fe3-83d6-b1aa3a9a5f93)
2020-02-23 16:10:11.102 15 RALLYDEBUG rally_openstack.cleanup.manager [-] Deleting neutron.network object s_rally_0a2403a4_oikbd3Jr (817845b3-52e8-4495-a59c-6ffb555b3baa)
2020-02-23 16:10:11.146 15 RALLYDEBUG rally_openstack.cleanup.manager [-] Deleting neutron.network object s_rally_0a2403a4_LgqmO7aT (8183c3f0-ee8b-4336-ab1a-c701d44035d4)
2020-02-23 16:10:11.166 15 RALLYDEBUG rally_openstack.cleanup.manager [-] Deleting neutron.network object s_rally_0a2403a4_utMbAx9M (88034438-f5d9-4fde-bca3-cebf907b0ba4)
2020-02-23 16:10:11.214 15 RALLYDEBUG rally_openstack.cleanup.manager [-] Deleting neutron.network object s_rally_0a2403a4_dxXGS7m3 (8a1fbf16-a923-4c38-b967-8e8404efa154)
2020-02-23 16:10:11.446 15 RALLYDEBUG rally_openstack.cleanup.manager [-] Deleting neutron.network object s_rally_0a2403a4_kInyO5Lu (8c23dfac-80d8-4ad1-b21e-fe687b85d431)
2020-02-23 16:10:11.745 15 RALLYDEBUG rally_openstack.cleanup.manager [-] Deleting neutron.network object s_rally_0a2403a4_R2ZvPl1p (8eb64a89-b9bc-4bbf-a349-f267c58ff42a)
2020-02-23 16:10:11.777 15 RALLYDEBUG rally_openstack.cleanup.manager [-] Deleting neutron.network object s_rally_0a2403a4_2USArvJt (91fc510e-7675-4800-8f57-177347696159)
2020-02-23 16:10:12.151 15 RALLYDEBUG rally_openstack.cleanup.manager [-] Deleting neutron.network object s_rally_0a2403a4_OUBXyZMj (934ef287-46bf-47dd-9b2a-46e4e91bb874)
2020-02-23 16:10:12.232 15 RALLYDEBUG rally_openstack.cleanup.manager [-] Deleting neutron.network object s_rally_0a2403a4_9H2XitqU (96dcfd31-5f0c-4297-a612-28c910c526ef)
2020-02-23 16:10:12.282 15 RALLYDEBUG rally_openstack.cleanup.manager [-] Deleting neutron.network object s_rally_0a2403a4_caZGBc1I (97b1a1b9-2e77-4846-bed5-379091dfc6e3)
2020-02-23 16:10:12.476 15 RALLYDEBUG rally_openstack.cleanup.manager [-] Deleting neutron.network object s_rally_0a2403a4_V4et7pgc (9a6b8983-7a85-42a3-b328-d1c18ad71c1b)
2020-02-23 16:10:12.617 15 RALLYDEBUG rally_openstack.cleanup.manager [-] Deleting neutron.network object s_rally_0a2403a4_U3IauISr (9ed4e615-75b4-4aaf-8946-387a49e8aaa4)
2020-02-23 16:10:12.626 15 RALLYDEBUG rally_openstack.cleanup.manager [-] Deleting neutron.network object s_rally_0a2403a4_NAtrQZW8 (a9ea5590-6625-497a-93e9-76f8a20d38a9)
2020-02-23 16:10:12.898 15 RALLYDEBUG rally_openstack.cleanup.manager [-] Deleting neutron.network object s_rally_0a2403a4_h8oP1kSk (aae6d1a0-14de-40bf-ba9d-ec1ef7153a2c)
2020-02-23 16:10:13.154 15 RALLYDEBUG rally_openstack.cleanup.manager [-] Deleting neutron.network object s_rally_0a2403a4_JPbwD0Dq (ace7d797-cc44-42f0-801a-8cf691122132)
2020-02-23 16:10:13.337 15 RALLYDEBUG rally_openstack.cleanup.manager [-] Deleting neutron.network object s_rally_0a2403a4_g01DKTKU (ade39738-ae24-4b87-9994-477a0e89cb32)
2020-02-23 16:10:13.461 15 RALLYDEBUG rally_openstack.cleanup.manager [-] Deleting neutron.network object s_rally_0a2403a4_HVpn05NO (b09176f2-1b98-4445-bb19-5f52a0b0be88)
2020-02-23 16:10:13.561 15 RALLYDEBUG rally_openstack.cleanup.manager [-] Deleting neutron.network object s_rally_0a2403a4_yjJKM8mR (b933b4af-f7f7-404b-a55e-728e63cea990)
2020-02-23 16:10:13.783 15 RALLYDEBUG rally_openstack.cleanup.manager [-] Deleting neutron.network object s_rally_0a2403a4_RfZkehhM (baf0f343-9a4f-4202-97fc-f49b3016f94c)
2020-02-23 16:10:13.922 15 RALLYDEBUG rally_openstack.cleanup.manager [-] Deleting neutron.network object s_rally_0a2403a4_BUfSbUeD (bcf5bbd5-2e1c-4a04-a021-0bdad5d6ef4b)
2020-02-23 16:10:14.016 15 RALLYDEBUG rally_openstack.cleanup.manager [-] Deleting neutron.network object s_rally_0a2403a4_wMiq05St (bcfa02b1-d981-45b1-b7a4-3ebff80851a5)
2020-02-23 16:10:14.126 15 RALLYDEBUG rally_openstack.cleanup.manager [-] Deleting neutron.network object s_rally_0a2403a4_fu5NiwBD (c504f380-0e70-4ae0-86f2-7482187ae871)
2020-02-23 16:10:14.307 15 RALLYDEBUG rally_openstack.cleanup.manager [-] Deleting neutron.network object s_rally_0a2403a4_jSJKJxWW (c92fd77e-922c-47f4-b2cb-ee36f96e28e6)
2020-02-23 16:10:14.389 15 RALLYDEBUG rally_openstack.cleanup.manager [-] Deleting neutron.network object s_rally_0a2403a4_y8s52ZbB (cdc952e8-40c8-4480-989f-dfa2e6b1e595)
2020-02-23 16:10:14.484 15 RALLYDEBUG rally_openstack.cleanup.manager [-] Deleting neutron.network object s_rally_0a2403a4_fcOgiYoB (d12f2cc9-1ac4-491a-9eb1-c8ce6364166c)
