2020-02-23 16:30:48.853 15 RALLYDEBUG rally_openstack.cleanup.manager [-] Deleting neutron.port object s_rally_2d2c0430_fWvbWXWU (b23575de-d5a7-41a6-be63-0440c0e3698a)
2020-02-23 16:30:49.211 15 RALLYDEBUG rally_openstack.cleanup.manager [-] Deleting neutron.port object s_rally_2d2c0430_R7FJW5KQ (b25ef944-6aa2-4560-857b-906591eddb41)
2020-02-23 16:30:49.289 15 RALLYDEBUG rally_openstack.cleanup.manager [-] Deleting neutron.port object s_rally_2d2c0430_8oEH7tJ9 (b56c63f8-9b59-4935-bb53-e004533bf364)
2020-02-23 16:30:49.982 15 RALLYDEBUG rally_openstack.cleanup.manager [-] Deleting neutron.port object s_rally_2d2c0430_fEtYSA8I (b5e96a29-4db8-4567-9927-537768c47db5)
2020-02-23 16:30:50.179 15 RALLYDEBUG rally_openstack.cleanup.manager [-] Deleting neutron.port object s_rally_2d2c0430_11T661ls (b7a3c779-fedf-465c-8271-931f9f2f0a89)
2020-02-23 16:30:50.540 15 RALLYDEBUG rally_openstack.cleanup.manager [-] Deleting neutron.port object s_rally_2d2c0430_oeKt0HQN (b83d844e-2f67-4c82-89ef-f119ffc19a81)
2020-02-23 16:30:50.608 15 RALLYDEBUG rally_openstack.cleanup.manager [-] Deleting neutron.port object s_rally_2d2c0430_bOASWRR2 (bad4eaa5-6dcd-4809-9823-57ed4a68f70c)
2020-02-23 16:30:50.716 15 RALLYDEBUG rally_openstack.cleanup.manager [-] Deleting neutron.port object s_rally_2d2c0430_DQtF5AWH (baec48c9-105b-4ab1-ba43-8fa8bd99ce7a)
2020-02-23 16:30:51.059 15 RALLYDEBUG rally_openstack.cleanup.manager [-] Deleting neutron.port object s_rally_2d2c0430_3A2pKWgi (bba251fc-9e2a-4573-9fbf-1a3b01765445)
2020-02-23 16:30:51.112 15 RALLYDEBUG rally_openstack.cleanup.manager [-] Deleting neutron.port object s_rally_2d2c0430_RajWpp9r (be5d23f6-ba83-4aff-b90f-dc11ce3dd6d0)
2020-02-23 16:30:52.170 15 RALLYDEBUG rally_openstack.cleanup.manager [-] Deleting neutron.port object s_rally_2d2c0430_UBtKwnIj (bf813db6-a641-47fd-9fae-9f9d0cd74a71)
2020-02-23 16:30:52.180 15 RALLYDEBUG rally_openstack.cleanup.manager [-] Deleting neutron.port object s_rally_2d2c0430_6Yfh8MWk (bfff5f9a-057c-4aee-9ed0-56a0d8a1aa42)
2020-02-23 16:30:52.298 15 RALLYDEBUG rally_openstack.cleanup.manager [-] Deleting neutron.port object s_rally_2d2c0430_8ZUgtzYY (c02c301b-a1dd-4424-b5b8-2add595d9d72)
2020-02-23 16:30:52.578 15 RALLYDEBUG rally_openstack.cleanup.manager [-] Deleting neutron.port object s_rally_2d2c0430_2RSdzPqR (c17faf05-61ac-4013-9cf0-4642d24982ae)
2020-02-23 16:30:52.686 15 RALLYDEBUG rally_openstack.cleanup.manager [-] Deleting neutron.port object s_rally_2d2c0430_blODu2hL (c1db7954-2da6-42a5-8037-c864ea00a52a)
2020-02-23 16:30:53.106 15 RALLYDEBUG rally_openstack.cleanup.manager [-] Deleting neutron.port object s_rally_2d2c0430_EiejkU5A (c22507c2-8420-4d94-9abc-09e673eb29c1)
2020-02-23 16:30:54.079 15 RALLYDEBUG rally_openstack.cleanup.manager [-] Deleting neutron.port object s_rally_2d2c0430_65qfpgpT (c38cc40c-570d-444d-a0be-25032bdd1d3c)
2020-02-23 16:30:54.101 15 RALLYDEBUG rally_openstack.cleanup.manager [-] Deleting neutron.port object s_rally_2d2c0430_8IKOYlzJ (c69a023c-a330-4837-94d7-2ec80a9b0642)
2020-02-23 16:30:54.703 15 RALLYDEBUG rally_openstack.cleanup.manager [-] Deleting neutron.port object s_rally_2d2c0430_BouQmy6l (c6f27110-2a7a-456f-8369-204baa24397c)
2020-02-23 16:30:55.387 15 RALLYDEBUG rally_openstack.cleanup.manager [-] Deleting neutron.port object s_rally_2d2c0430_U3gFj81M (c8599dd7-db98-4bd3-8b4e-afe83c0a90ee)
2020-02-23 16:30:56.461 15 RALLYDEBUG rally_openstack.cleanup.manager [-] Deleting neutron.port object s_rally_2d2c0430_zGqSYebm (c94ec4f8-8576-4e20-a5e3-5fa84f8efb62)
2020-02-23 16:30:57.356 15 RALLYDEBUG rally_openstack.cleanup.manager [-] Deleting neutron.port object s_rally_2d2c0430_shHQNk8U (cadee05b-ab4e-4ea4-9753-2eca2892149b)
2020-02-23 16:30:58.183 15 RALLYDEBUG rally_openstack.cleanup.manager [-] Deleting neutron.port object s_rally_2d2c0430_110BP4HN (cb468fd4-2b8a-4587-b18e-e5320d159624)
2020-02-23 16:30:59.079 15 RALLYDEBUG rally_openstack.cleanup.manager [-] Deleting neutron.port object s_rally_2d2c0430_WUNFuCPj (cc106896-240d-4f59-8e7b-093122b6a5ec)
2020-02-23 16:31:00.037 15 RALLYDEBUG rally_openstack.cleanup.manager [-] Deleting neutron.port object s_rally_2d2c0430_2iNXiOXp (cd04ca92-d056-4e0c-a308-d1b3c841dcad)
2020-02-23 16:31:01.302 15 RALLYDEBUG rally_openstack.cleanup.manager [-] Deleting neutron.port object s_rally_2d2c0430_hfsUTGG7 (cde5fda5-f6b6-40f1-808b-6cf092a37bae)
2020-02-23 16:31:01.449 15 RALLYDEBUG rally_openstack.cleanup.manager [-] Deleting neutron.port object s_rally_2d2c0430_mcJzYugw (cfc2a17a-8df6-422f-840e-d71d6f15a4c4)
2020-02-23 16:31:01.545 15 RALLYDEBUG rally_openstack.cleanup.manager [-] Deleting neutron.port object s_rally_2d2c0430_uoZ8J1Wp (d00420f5-a24c-4928-bfcb-32fe6876d1df)
2020-02-23 16:31:01.809 15 RALLYDEBUG rally_openstack.cleanup.manager [-] Deleting neutron.port object s_rally_2d2c0430_99afDmQz (d09a7990-7a49-47de-95d9-a89d9d20c281)
2020-02-23 16:31:01.985 15 RALLYDEBUG rally_openstack.cleanup.manager [-] Deleting neutron.port object s_rally_2d2c0430_FpHqH6DD (d5295bf1-9e1e-479f-8c1b-6668895462ac)
2020-02-23 16:31:02.227 15 RALLYDEBUG rally_openstack.cleanup.manager [-] Deleting neutron.port object s_rally_2d2c0430_hy5JVbqt (d59c0372-fec0-4eab-a61a-899adcc35f98)
2020-02-23 16:31:02.333 15 RALLYDEBUG rally_openstack.cleanup.manager [-] Deleting neutron.port object s_rally_2d2c0430_F19S51Pm (d5c48570-8f4e-434c-854d-a315579e1430)
2020-02-23 16:31:02.344 15 RALLYDEBUG rally_openstack.cleanup.manager [-] Deleting neutron.port object s_rally_2d2c0430_XN5oEJFR (d7deaa54-bea2-4ecc-91e8-b53c17b7f693)
2020-02-23 16:31:02.346 15 RALLYDEBUG rally_openstack.cleanup.manager [-] Deleting neutron.port object s_rally_2d2c0430_6M5tFxAT (d8613992-4b63-4ffc-a393-75cdf3f2926c)
2020-02-23 16:31:02.369 15 RALLYDEBUG rally_openstack.cleanup.manager [-] Deleting neutron.port object s_rally_2d2c0430_nGWSnaoS (d96f5b9d-e686-4072-a10a-493c2521e9ff)
2020-02-23 16:31:02.374 15 RALLYDEBUG rally_openstack.cleanup.manager [-] Deleting neutron.port object s_rally_2d2c0430_3VW7Qp6y (dc2b7892-4411-42f2-a683-35096e6c466a)
2020-02-23 16:31:02.411 15 RALLYDEBUG rally_openstack.cleanup.manager [-] Deleting neutron.port object s_rally_2d2c0430_XP297IpU (dce87be1-38c6-4e95-a004-9355877b4367)
2020-02-23 16:31:02.478 15 RALLYDEBUG rally_openstack.cleanup.manager [-] Deleting neutron.port object s_rally_2d2c0430_jnB7HhHs (dd12852a-d1cd-44fa-bcf7-e4c6612562ec)
2020-02-23 16:31:02.606 15 RALLYDEBUG rally_openstack.cleanup.manager [-] Deleting neutron.port object s_rally_2d2c0430_Khs0oB2N (e0eaf0ba-93db-42c4-990f-8a9a31f243b2)
2020-02-23 16:31:02.721 15 RALLYDEBUG rally_openstack.cleanup.manager [-] Deleting neutron.port object s_rally_2d2c0430_bNVUoRdn (e2d294be-aedd-4950-8c38-c70994433e4b)
2020-02-23 16:31:03.081 15 RALLYDEBUG rally_openstack.cleanup.manager [-] Deleting neutron.port object s_rally_2d2c0430_hRd5ApHP (e2e748e6-d1d8-4ed4-9db6-a835ebd93bc2)
2020-02-23 16:31:03.331 15 RALLYDEBUG rally_openstack.cleanup.manager [-] Deleting neutron.port object s_rally_2d2c0430_YagrQAf9 (e5d849fd-859a-4dd6-8b7a-8846493631e3)
2020-02-23 16:31:03.412 15 RALLYDEBUG rally_openstack.cleanup.manager [-] Deleting neutron.port object s_rally_2d2c0430_GYGvEfSk (e656f57e-f155-4d16-b61c-1fe439cc9db8)
2020-02-23 16:31:03.752 15 RALLYDEBUG rally_openstack.cleanup.manager [-] Deleting neutron.port object s_rally_2d2c0430_nuXX5MmE (e724a5c9-2b28-4171-be19-5f6bc1023cae)
2020-02-23 16:31:03.832 15 RALLYDEBUG rally_openstack.cleanup.manager [-] Deleting neutron.port object s_rally_2d2c0430_ATm7GSLG (e8c57be9-5153-4dc8-adc8-a15bd913e8f8)
2020-02-23 16:31:03.861 15 RALLYDEBUG rally_openstack.cleanup.manager [-] Deleting neutron.port object s_rally_2d2c0430_GPO6ZzJN (e9363a8e-2c08-4bae-83ca-1cc5d3e31b97)
2020-02-23 16:31:03.911 15 RALLYDEBUG rally_openstack.cleanup.manager [-] Deleting neutron.port object s_rally_2d2c0430_nJUAT11X (ea3895b6-db58-4a1e-a48d-024a81497735)
2020-02-23 16:31:03.990 15 RALLYDEBUG rally_openstack.cleanup.manager [-] Deleting neutron.port object s_rally_2d2c0430_dhQDX5UP (eb7c5eae-3488-4d5b-8b50-31179bb54d58)
2020-02-23 16:31:04.061 15 RALLYDEBUG rally_openstack.cleanup.manager [-] Deleting neutron.port object s_rally_2d2c0430_OgwYgXqp (ee95d869-5cee-48e3-8d1f-3657be8b4a41)
2020-02-23 16:31:04.219 15 RALLYDEBUG rally_openstack.cleanup.manager [-] Deleting neutron.port object s_rally_2d2c0430_n2sXKSFs (ef31b4d0-7834-4990-96d8-ae92980a5c22)
2020-02-23 16:31:04.237 15 RALLYDEBUG rally_openstack.cleanup.manager [-] Deleting neutron.port object s_rally_2d2c0430_11cc2V9S (f0b17143-2e00-4e90-8a25-82147afb9a0a)
2020-02-23 16:31:04.296 15 RALLYDEBUG rally_openstack.cleanup.manager [-] Deleting neutron.port object s_rally_2d2c0430_1tt9PP99 (f19d46d9-8f6c-4026-905e-de7660187804)
2020-02-23 16:31:04.524 15 RALLYDEBUG rally_openstack.cleanup.manager [-] Deleting neutron.port object s_rally_2d2c0430_RtqyWILS (f19e892e-c7b9-4071-8b91-55f158995888)
2020-02-23 16:31:04.574 15 RALLYDEBUG rally_openstack.cleanup.manager [-] Deleting neutron.port object s_rally_2d2c0430_SY8oYO6e (f22e539f-d4e1-4a11-bc6b-dad22f9c39f6)
2020-02-23 16:31:04.605 15 RALLYDEBUG rally_openstack.cleanup.manager [-] Deleting neutron.port object s_rally_2d2c0430_O5Rq04S4 (f6bea46e-95fa-472e-9cb7-160ebbd4ca8d)
2020-02-23 16:31:04.609 15 RALLYDEBUG rally_openstack.cleanup.manager [-] Deleting neutron.port object s_rally_2d2c0430_Wvks53RP (f8b58a42-9dff-432b-a2c2-b6c43917b525)
2020-02-23 16:31:04.644 15 RALLYDEBUG rally_openstack.cleanup.manager [-] Deleting neutron.port object s_rally_2d2c0430_OqTWvKgU (fa96a5f1-fdfd-4399-bbe2-94102b74620b)
2020-02-23 16:31:04.708 15 RALLYDEBUG rally_openstack.cleanup.manager [-] Deleting neutron.port object s_rally_2d2c0430_eKq5BLnn (fc08cabc-0706-4ddf-a4e6-a1c6b4761a38)
2020-02-23 16:31:04.809 15 RALLYDEBUG rally_openstack.cleanup.manager [-] Deleting neutron.port object s_rally_2d2c0430_Dx2xSv4Z (fd38b80a-c1ac-46ae-9415-f8c712b6dc92)
2020-02-23 16:31:04.913 15 RALLYDEBUG rally_openstack.cleanup.manager [-] Deleting neutron.port object s_rally_2d2c0430_8On6B3p4 (fdab240e-7fb3-4552-a1dc-cb899d41c832)
2020-02-23 16:31:05.249 15 RALLYDEBUG rally_openstack.cleanup.manager [-] Deleting neutron.port object s_rally_2d2c0430_kjNv7KDT (fe9e5969-53d7-4a9a-84b4-2ccfb7bda355)
2020-02-23 16:31:07.345 15 RALLYDEBUG rally_openstack.cleanup.manager [-] Cleaning up neutron subnet objects
2020-02-23 16:31:07.580 15 RALLYDEBUG rally_openstack.cleanup.manager [-] Cleaning up neutron network objects
2020-02-23 16:31:08.052 15 RALLYDEBUG rally_openstack.cleanup.manager [-] Deleting neutron.network object s_rally_2d2c0430_RlqXtKMt (0684240e-66b9-4e62-8a73-581b2d2848fc)
2020-02-23 16:31:08.059 15 RALLYDEBUG rally_openstack.cleanup.manager [-] Deleting neutron.network object s_rally_2d2c0430_yEYQVjCz (14ce7f53-7e2e-4aee-a5a3-683b847751ab)
2020-02-23 16:31:08.071 15 RALLYDEBUG rally_openstack.cleanup.manager [-] Deleting neutron.network object s_rally_2d2c0430_Y3fRmOIX (15c68848-d66c-431c-a2f1-d1ffb8ea882f)
2020-02-23 16:31:08.080 15 RALLYDEBUG rally_openstack.cleanup.manager [-] Deleting neutron.network object s_rally_2d2c0430_SPok932U (1af909a5-faa6-4c5f-9204-521e83e3804b)
2020-02-23 16:31:08.091 15 RALLYDEBUG rally_openstack.cleanup.manager [-] Deleting neutron.network object s_rally_2d2c0430_IukVh2mn (1d454c20-9d80-415d-8521-225777206386)
2020-02-23 16:31:08.094 15 RALLYDEBUG rally_openstack.cleanup.manager [-] Deleting neutron.network object s_rally_2d2c0430_bEgqpg7d (1fac29ec-e62e-489b-8fbe-5a53a460d4b2)
2020-02-23 16:31:08.150 15 RALLYDEBUG rally_openstack.cleanup.manager [-] Deleting neutron.network object s_rally_2d2c0430_8SASnVQY (2f7fe8ec-0a7f-4f00-b3fa-95cfb14af72d)
2020-02-23 16:31:08.161 15 RALLYDEBUG rally_openstack.cleanup.manager [-] Deleting neutron.network object s_rally_2d2c0430_7IfdrILo (28417ddb-6838-465d-8000-3b992c25c33a)
2020-02-23 16:31:08.179 15 RALLYDEBUG rally_openstack.cleanup.manager [-] Deleting neutron.network object s_rally_2d2c0430_atduIjv0 (252fcb77-dc85-47e7-a362-f980131df5c1)
2020-02-23 16:31:08.185 15 RALLYDEBUG rally_openstack.cleanup.manager [-] Deleting neutron.network object s_rally_2d2c0430_NJCBm9Oh (2f6fd7a7-a6e8-4dd8-893a-621e6db52300)
2020-02-23 16:31:08.200 15 RALLYDEBUG rally_openstack.cleanup.manager [-] Deleting neutron.network object s_rally_2d2c0430_l1k7vbW9 (37988fb7-c7f6-42ca-8eab-e04338393e0c)
2020-02-23 16:31:08.206 15 RALLYDEBUG rally_openstack.cleanup.manager [-] Deleting neutron.network object s_rally_2d2c0430_MVcTW7FK (3b30829f-23f6-484a-9e33-5dffa767e265)
2020-02-23 16:31:08.216 15 RALLYDEBUG rally_openstack.cleanup.manager [-] Deleting neutron.network object s_rally_2d2c0430_u6ECTrsh (4beaafe8-a2e7-475e-aad7-e6e34c353214)
2020-02-23 16:31:08.222 15 RALLYDEBUG rally_openstack.cleanup.manager [-] Deleting neutron.network object s_rally_2d2c0430_kCMRMOJa (36237009-3eef-48d7-9a07-953ab659ef0b)
2020-02-23 16:31:08.220 15 RALLYDEBUG rally_openstack.cleanup.manager [-] Deleting neutron.network object s_rally_2d2c0430_2zPvPOhz (56974272-4d67-49c8-9cc6-e324f6edf5d3)
2020-02-23 16:31:08.228 15 RALLYDEBUG rally_openstack.cleanup.manager [-] Deleting neutron.network object s_rally_2d2c0430_4eXnrpfu (3a0dfc10-d755-45c0-bd61-b4df7b25ddbb)
2020-02-23 16:31:08.249 15 RALLYDEBUG rally_openstack.cleanup.manager [-] Deleting neutron.network object s_rally_2d2c0430_Fr9gen2U (7cb9d3e9-71ae-49c4-a48f-2f6774e77434)
2020-02-23 16:31:08.255 15 RALLYDEBUG rally_openstack.cleanup.manager [-] Deleting neutron.network object s_rally_2d2c0430_dK5Fnl7C (8af6a942-0178-48a2-aab7-abfcd49bd472)
2020-02-23 16:31:08.251 15 RALLYDEBUG rally_openstack.cleanup.manager [-] Deleting neutron.network object s_rally_2d2c0430_eUvm0zaa (62cc654e-8591-480c-9851-b7ce8c2f4d7c)
2020-02-23 16:31:08.264 15 RALLYDEBUG rally_openstack.cleanup.manager [-] Deleting neutron.network object s_rally_2d2c0430_qdRh0RP9 (80a62935-78cd-44ef-8bb6-26332e55e3a2)
2020-02-23 16:31:10.344 15 RALLYDEBUG rally_openstack.cleanup.manager [-] Deleting neutron.network object s_rally_2d2c0430_SGU4jOGG (8b1a9acf-358a-41f4-af23-00dfce072a0a)
2020-02-23 16:31:10.396 15 RALLYDEBUG rally_openstack.cleanup.manager [-] Deleting neutron.network object s_rally_2d2c0430_N2m9WMqH (924500c0-5f31-4a85-bdb6-e980fe685b06)
2020-02-23 16:31:10.975 15 RALLYDEBUG rally_openstack.cleanup.manager [-] Deleting neutron.network object s_rally_2d2c0430_GVaowicV (9267da09-9bf9-4c83-a148-d4d86fe8724f)
2020-02-23 16:31:11.013 15 RALLYDEBUG rally_openstack.cleanup.manager [-] Deleting neutron.network object s_rally_2d2c0430_ooCyJAHM (a00c422e-aed0-483a-bec8-6b037b0a3664)
2020-02-23 16:31:11.070 15 RALLYDEBUG rally_openstack.cleanup.manager [-] Deleting neutron.network object s_rally_2d2c0430_AVZoCQkV (b31a8287-009d-488a-8b1b-a239bdb9d4b5)
2020-02-23 16:31:11.149 15 RALLYDEBUG rally_openstack.cleanup.manager [-] Deleting neutron.network object s_rally_2d2c0430_rYa0eSvT (bdba773f-125c-44e5-87d4-55db37338eed)
2020-02-23 16:31:11.184 15 RALLYDEBUG rally_openstack.cleanup.manager [-] Deleting neutron.network object s_rally_2d2c0430_5upyTpLy (bfc51af0-1395-493e-9a74-48b209a05025)
2020-02-23 16:31:12.203 15 RALLYDEBUG rally_openstack.cleanup.manager [-] Deleting neutron.network object s_rally_2d2c0430_qgvBo6UV (c3927ebb-fdf6-435f-9958-cc064c7c7dba)
2020-02-23 16:31:13.000 15 RALLYDEBUG rally_openstack.cleanup.manager [-] Deleting neutron.network object s_rally_2d2c0430_z4f2rXC0 (c52127c8-29a8-4c17-9391-8dd29e0b02b4)
2020-02-23 16:31:13.153 15 RALLYDEBUG rally_openstack.cleanup.manager [-] Deleting neutron.network object s_rally_2d2c0430_IUeQlasK (c7792028-bb65-4f37-aeb5-69b338ae9ac4)
2020-02-23 16:31:14.047 15 RALLYDEBUG rally_openstack.cleanup.manager [-] Deleting neutron.network object s_rally_2d2c0430_b4eF00pu (d87f5b0b-865d-40fa-8680-87e9cfaa2eab)
2020-02-23 16:31:14.894 15 RALLYDEBUG rally_openstack.cleanup.manager [-] Deleting neutron.network object s_rally_2d2c0430_E5PaZn4a (d91ca6c1-3693-43e6-b3a1-fc069c524fe3)
2020-02-23 16:31:15.931 15 RALLYDEBUG rally_openstack.cleanup.manager [-] Deleting neutron.network object s_rally_2d2c0430_IKAT7neE (ddce6279-5c47-4b72-8c4f-d61fd2e6385b)
2020-02-23 16:31:16.064 15 RALLYDEBUG rally_openstack.cleanup.manager [-] Deleting neutron.network object s_rally_2d2c0430_o5EQ88N8 (e0633478-13bc-4699-b4e2-c00c8123610e)
2020-02-23 16:31:16.763 15 RALLYDEBUG rally_openstack.cleanup.manager [-] Deleting neutron.network object s_rally_2d2c0430_c7YSmB3J (e73f2c83-9c20-4830-8bce-3a0ea37dae52)
2020-02-23 16:31:18.012 15 RALLYDEBUG rally_openstack.cleanup.manager [-] Deleting neutron.network object s_rally_2d2c0430_KoKZlnzh (ee245e62-af5b-4709-a20b-fb76e7e99417)
2020-02-23 16:31:18.057 15 RALLYDEBUG rally_openstack.cleanup.manager [-] Deleting neutron.network object s_rally_2d2c0430_TRp1VVms (f2b7f05f-29f7-4c09-8037-af89abe0ea17)
2020-02-23 16:31:18.703 15 RALLYDEBUG rally_openstack.cleanup.manager [-] Deleting neutron.network object s_rally_2d2c0430_dqgElXwT (f57feffd-0ca9-4e17-8606-25632e97669d)
2020-02-23 16:31:19.890 15 RALLYDEBUG rally_openstack.cleanup.manager [-] Deleting neutron.network object s_rally_2d2c0430_0biyhzgZ (faf5ef2a-93d8-442a-97b5-569307f6053b)
2020-02-23 16:31:19.941 15 RALLYDEBUG rally_openstack.cleanup.manager [-] Deleting neutron.network object s_rally_2d2c0430_2AY794KN (fcf563fd-cbb9-4559-8816-7da769a59b60)
2020-02-23 16:31:27.233 15 RALLYDEBUG rally_openstack.cleanup.manager [-] Cleaning up neutron router objects
2020-02-23 16:31:27.493 15 RALLYDEBUG rally_openstack.cleanup.manager [-] Cleaning up neutron security_group objects
2020-02-23 16:31:27.784 15 INFO rally.task.context [-] Task b3303a65-2da4-4195-a418-9fd6793b9bc8 | Context cleanup@openstack cleanup() finished in 56.58 sec
2020-02-23 16:31:27.784 15 INFO rally.task.context [-] Task b3303a65-2da4-4195-a418-9fd6793b9bc8 | Context quotas@openstack cleanup() started
2020-02-23 16:31:27.828 15 INFO rally.task.context [-] Task b3303a65-2da4-4195-a418-9fd6793b9bc8 | Context quotas@openstack cleanup() finished in 43.22 msec
2020-02-23 16:31:27.828 15 INFO rally.task.context [-] Task b3303a65-2da4-4195-a418-9fd6793b9bc8 | Context users@openstack cleanup() started
2020-02-23 16:31:29.326 15 INFO rally.task.context [-] Task b3303a65-2da4-4195-a418-9fd6793b9bc8 | Context users@openstack cleanup() finished in 1.50 sec
2020-02-23 16:31:30.604 15 INFO rally.task.engine [-] Load duration is: 39.885532
2020-02-23 16:31:30.605 15 INFO rally.task.engine [-] Full runner duration is: 39.939072
2020-02-23 16:31:30.605 15 INFO rally.task.engine [-] Full duration is: 99.193811
2020-02-23 16:31:30.699 15 INFO rally.task.engine [-] Running workload: position = 2 config = { "version": 2, "title": "A cropped version of a bigger task.", "description": "Auto-generated task from a single workload (uuid=88b9adcc-3c89-43cd-b2c3-a64aadbdaaf6)", "subtasks": [ { "title": "NeutronNetworks.create_and_delete_ports", "description": "Create and delete a port.", "scenario": { "NeutronNetworks.create_and_delete_ports": { "network_create_args": {}, "port_create_args": {}, "ports_per_network": 5 } }, "contexts": { "users": { "tenants": 1, "users_per_tenant": 1 }, "quotas": { "neutron": { "network": -1, "port": -1 } } }, "runner": { "constant": { "times": 40, "concurrency": 20 } }, "hooks": [], "sla": { "failure_rate": { "max": 0 } } } ] }
2020-02-23 16:31:30.715 15 RALLYDEBUG rally_openstack.contexts.keystone.users [-] Creating 1 tenants using 20 threads
2020-02-23 16:31:31.059 15 RALLYDEBUG rally_openstack.contexts.keystone.users [-] Creating 1 users using 20 threads
2020-02-23 16:31:31.497 15 INFO rally.task.context [-] Task b3303a65-2da4-4195-a418-9fd6793b9bc8 | Context users@openstack setup() finished in 0.78 sec
2020-02-23 16:31:31.868 15 INFO rally.task.context [-] Task b3303a65-2da4-4195-a418-9fd6793b9bc8 | Context quotas@openstack setup() finished in 0.37 sec
2020-02-23 16:31:31.869 15 INFO rally.task.context [-] Task b3303a65-2da4-4195-a418-9fd6793b9bc8 | Context cleanup@openstack setup() finished in 0.02 msec
2020-02-23 16:31:31.879 15 RALLYDEBUG rally.task.runner [-] Starting the constant runner (task UUID: b3303a65-2da4-4195-a418-9fd6793b9bc8). timeout: 0 concurrency: 20 concurrency_per_worker: 1 times: 40 concurrency_overhead: 0 processes_to_start: 20 max_cpu_used: 88
2020-02-23 16:31:31.892 4601 RALLYDEBUG rally.task.runner [-] Starting a worker. concurrency: 1 args: {"network_create_args": {}, "port_create_args": {}, "ports_per_network": 5} times: 40 method_name: run timeout: 0 duration: None cls:
2020-02-23 16:31:31.895 4602 RALLYDEBUG rally.task.runner [-] Starting a worker. concurrency: 1 args: {"network_create_args": {}, "port_create_args": {}, "ports_per_network": 5} times: 40 method_name: run timeout: 0 duration: None cls:
2020-02-23 16:31:31.898 4603 RALLYDEBUG rally.task.runner [-] Starting a worker. concurrency: 1 args: {"network_create_args": {}, "port_create_args": {}, "ports_per_network": 5} times: 40 method_name: run timeout: 0 duration: None cls:
2020-02-23 16:31:31.899 4601 INFO rally.task.runner [-] Task b3303a65-2da4-4195-a418-9fd6793b9bc8 | ITER: 1 START
2020-02-23 16:31:31.901 4601 WARNING rally_openstack.scenarios.neutron.utils [-] Running this scenario without either the 'network' or 'existing_network' context is deprecated
2020-02-23 16:31:31.900 4604 RALLYDEBUG rally.task.runner [-] Starting a worker. concurrency: 1 args: {"network_create_args": {}, "port_create_args": {}, "ports_per_network": 5} times: 40 method_name: run timeout: 0 duration: None cls:
2020-02-23 16:31:31.902 4602 INFO rally.task.runner [-] Task b3303a65-2da4-4195-a418-9fd6793b9bc8 | ITER: 2 START
2020-02-23 16:31:31.903 4602 WARNING rally_openstack.scenarios.neutron.utils [-] Running this scenario without either the 'network' or 'existing_network' context is deprecated
2020-02-23 16:31:31.904 4603 INFO rally.task.runner [-] Task b3303a65-2da4-4195-a418-9fd6793b9bc8 | ITER: 3 START
2020-02-23 16:31:31.903 4605 RALLYDEBUG rally.task.runner [-] Starting a worker. concurrency: 1 args: {"network_create_args": {}, "port_create_args": {}, "ports_per_network": 5} times: 40 method_name: run timeout: 0 duration: None cls:
2020-02-23 16:31:31.906 4603 WARNING rally_openstack.scenarios.neutron.utils [-] Running this scenario without either the 'network' or 'existing_network' context is deprecated
2020-02-23 16:31:31.907 4604 INFO rally.task.runner [-] Task b3303a65-2da4-4195-a418-9fd6793b9bc8 | ITER: 4 START
2020-02-23 16:31:31.906 4608 RALLYDEBUG rally.task.runner [-] Starting a worker. concurrency: 1 args: {"network_create_args": {}, "port_create_args": {}, "ports_per_network": 5} times: 40 method_name: run timeout: 0 duration: None cls:
2020-02-23 16:31:31.908 4604 WARNING rally_openstack.scenarios.neutron.utils [-] Running this scenario without either the 'network' or 'existing_network' context is deprecated
2020-02-23 16:31:31.910 4605 INFO rally.task.runner [-] Task b3303a65-2da4-4195-a418-9fd6793b9bc8 | ITER: 5 START
2020-02-23 16:31:31.910 4611 RALLYDEBUG rally.task.runner [-] Starting a worker. concurrency: 1 args: {"network_create_args": {}, "port_create_args": {}, "ports_per_network": 5} times: 40 method_name: run timeout: 0 duration: None cls:
2020-02-23 16:31:31.911 4605 WARNING rally_openstack.scenarios.neutron.utils [-] Running this scenario without either the 'network' or 'existing_network' context is deprecated
2020-02-23 16:31:31.912 4614 RALLYDEBUG rally.task.runner [-] Starting a worker. concurrency: 1 args: {"network_create_args": {}, "port_create_args": {}, "ports_per_network": 5} times: 40 method_name: run timeout: 0 duration: None cls:
2020-02-23 16:31:31.913 4608 INFO rally.task.runner [-] Task b3303a65-2da4-4195-a418-9fd6793b9bc8 | ITER: 6 START
2020-02-23 16:31:31.913 4617 RALLYDEBUG rally.task.runner [-] Starting a worker. concurrency: 1 args: {"network_create_args": {}, "port_create_args": {}, "ports_per_network": 5} times: 40 method_name: run timeout: 0 duration: None cls:
2020-02-23 16:31:31.915 4608 WARNING rally_openstack.scenarios.neutron.utils [-] Running this scenario without either the 'network' or 'existing_network' context is deprecated
2020-02-23 16:31:31.917 4611 INFO rally.task.runner [-] Task b3303a65-2da4-4195-a418-9fd6793b9bc8 | ITER: 7 START
2020-02-23 16:31:31.918 4611 WARNING rally_openstack.scenarios.neutron.utils [-] Running this scenario without either the 'network' or 'existing_network' context is deprecated
2020-02-23 16:31:31.918 4614 INFO rally.task.runner [-] Task b3303a65-2da4-4195-a418-9fd6793b9bc8 | ITER: 8 START
2020-02-23 16:31:31.918 4617 INFO rally.task.runner [-] Task b3303a65-2da4-4195-a418-9fd6793b9bc8 | ITER: 9 START
2020-02-23 16:31:31.918 4620 RALLYDEBUG rally.task.runner [-] Starting a worker. concurrency: 1 args: {"network_create_args": {}, "port_create_args": {}, "ports_per_network": 5} times: 40 method_name: run timeout: 0 duration: None cls:
2020-02-23 16:31:31.919 4614 WARNING rally_openstack.scenarios.neutron.utils [-] Running this scenario without either the 'network' or 'existing_network' context is deprecated
2020-02-23 16:31:31.919 4617 WARNING rally_openstack.scenarios.neutron.utils [-] Running this scenario without either the 'network' or 'existing_network' context is deprecated
2020-02-23 16:31:31.920 4623 RALLYDEBUG rally.task.runner [-] Starting a worker. concurrency: 1 args: {"network_create_args": {}, "port_create_args": {}, "ports_per_network": 5} times: 40 method_name: run timeout: 0 duration: None cls:
2020-02-23 16:31:31.922 4626 RALLYDEBUG rally.task.runner [-] Starting a worker. concurrency: 1 args: {"network_create_args": {}, "port_create_args": {}, "ports_per_network": 5} times: 40 method_name: run timeout: 0 duration: None cls:
2020-02-23 16:31:31.924 4620 INFO rally.task.runner [-] Task b3303a65-2da4-4195-a418-9fd6793b9bc8 | ITER: 10 START
2020-02-23 16:31:31.925 4620 WARNING rally_openstack.scenarios.neutron.utils [-] Running this scenario without either the 'network' or 'existing_network' context is deprecated
2020-02-23 16:31:31.926 4623 INFO rally.task.runner [-] Task b3303a65-2da4-4195-a418-9fd6793b9bc8 | ITER: 11 START
2020-02-23 16:31:31.928 4623 WARNING rally_openstack.scenarios.neutron.utils [-] Running this scenario without either the 'network' or 'existing_network' context is deprecated
2020-02-23 16:31:31.927 4626 INFO rally.task.runner [-] Task b3303a65-2da4-4195-a418-9fd6793b9bc8 | ITER: 12 START
2020-02-23 16:31:31.927 4631 RALLYDEBUG rally.task.runner [-] Starting a worker. concurrency: 1 args: {"network_create_args": {}, "port_create_args": {}, "ports_per_network": 5} times: 40 method_name: run timeout: 0 duration: None cls:
2020-02-23 16:31:31.929 4626 WARNING rally_openstack.scenarios.neutron.utils [-] Running this scenario without either the 'network' or 'existing_network' context is deprecated
2020-02-23 16:31:31.930 4633 RALLYDEBUG rally.task.runner [-] Starting a worker. concurrency: 1 args: {"network_create_args": {}, "port_create_args": {}, "ports_per_network": 5} times: 40 method_name: run timeout: 0 duration: None cls:
2020-02-23 16:31:31.932 4636 RALLYDEBUG rally.task.runner [-] Starting a worker. concurrency: 1 args: {"network_create_args": {}, "port_create_args": {}, "ports_per_network": 5} times: 40 method_name: run timeout: 0 duration: None cls:
2020-02-23 16:31:31.933 4640 RALLYDEBUG rally.task.runner [-] Starting a worker. concurrency: 1 args: {"network_create_args": {}, "port_create_args": {}, "ports_per_network": 5} times: 40 method_name: run timeout: 0 duration: None cls:
2020-02-23 16:31:31.934 4631 INFO rally.task.runner [-] Task b3303a65-2da4-4195-a418-9fd6793b9bc8 | ITER: 13 START
2020-02-23 16:31:31.935 4631 WARNING rally_openstack.scenarios.neutron.utils [-] Running this scenario without either the 'network' or 'existing_network' context is deprecated
2020-02-23 16:31:31.937 4636 INFO rally.task.runner [-] Task b3303a65-2da4-4195-a418-9fd6793b9bc8 | ITER: 15 START
2020-02-23 16:31:31.937 4633 INFO rally.task.runner [-] Task b3303a65-2da4-4195-a418-9fd6793b9bc8 | ITER: 14 START
2020-02-23 16:31:31.937 4641 RALLYDEBUG rally.task.runner [-] Starting a worker. concurrency: 1 args: {"network_create_args": {}, "port_create_args": {}, "ports_per_network": 5} times: 40 method_name: run timeout: 0 duration: None cls:
2020-02-23 16:31:31.938 4636 WARNING rally_openstack.scenarios.neutron.utils [-] Running this scenario without either the 'network' or 'existing_network' context is deprecated
2020-02-23 16:31:31.938 4633 WARNING rally_openstack.scenarios.neutron.utils [-] Running this scenario without either the 'network' or 'existing_network' context is deprecated
2020-02-23 16:31:31.938 4640 INFO rally.task.runner [-] Task b3303a65-2da4-4195-a418-9fd6793b9bc8 | ITER: 16 START
2020-02-23 16:31:31.939 4640 WARNING rally_openstack.scenarios.neutron.utils [-] Running this scenario without either the 'network' or 'existing_network' context is deprecated
2020-02-23 16:31:31.942 4644 RALLYDEBUG rally.task.runner [-] Starting a worker. concurrency: 1 args: {"network_create_args": {}, "port_create_args": {}, "ports_per_network": 5} times: 40 method_name: run timeout: 0 duration: None cls:
2020-02-23 16:31:31.943 4641 INFO rally.task.runner [-] Task b3303a65-2da4-4195-a418-9fd6793b9bc8 | ITER: 17 START
2020-02-23 16:31:31.944 4641 WARNING rally_openstack.scenarios.neutron.utils [-] Running this scenario without either the 'network' or 'existing_network' context is deprecated
2020-02-23 16:31:31.944 4650 RALLYDEBUG rally.task.runner [-] Starting a worker. concurrency: 1 args: {"network_create_args": {}, "port_create_args": {}, "ports_per_network": 5} times: 40 method_name: run timeout: 0 duration: None cls:
2020-02-23 16:31:31.946 4652 RALLYDEBUG rally.task.runner [-] Starting a worker. concurrency: 1 args: {"network_create_args": {}, "port_create_args": {}, "ports_per_network": 5} times: 40 method_name: run timeout: 0 duration: None cls:
2020-02-23 16:31:31.948 4644 INFO rally.task.runner [-] Task b3303a65-2da4-4195-a418-9fd6793b9bc8 | ITER: 18 START
2020-02-23 16:31:31.949 4644 WARNING rally_openstack.scenarios.neutron.utils [-] Running this scenario without either the 'network' or 'existing_network' context is deprecated
2020-02-23 16:31:31.950 4650 INFO rally.task.runner [-] Task b3303a65-2da4-4195-a418-9fd6793b9bc8 | ITER: 19 START
2020-02-23 16:31:31.952 4650 WARNING rally_openstack.scenarios.neutron.utils [-] Running this scenario without either the 'network' or 'existing_network' context is deprecated
2020-02-23 16:31:31.952 4652 INFO rally.task.runner [-] Task b3303a65-2da4-4195-a418-9fd6793b9bc8 | ITER: 20 START
2020-02-23 16:31:31.953 4652 WARNING rally_openstack.scenarios.neutron.utils [-] Running this scenario without either the 'network' or 'existing_network' context is deprecated
2020-02-23 16:31:51.422 4631 INFO rally.task.runner [-] Task b3303a65-2da4-4195-a418-9fd6793b9bc8 | ITER: 13 END: OK
2020-02-23 16:31:51.427 4631 INFO rally.task.runner [-] Task b3303a65-2da4-4195-a418-9fd6793b9bc8 | ITER: 21 START
2020-02-23 16:31:51.428 4631 WARNING rally_openstack.scenarios.neutron.utils [-] Running this scenario without either the 'network' or 'existing_network' context is deprecated
2020-02-23 16:31:52.210 4652 INFO rally.task.runner [-] Task b3303a65-2da4-4195-a418-9fd6793b9bc8 | ITER: 20 END: OK
2020-02-23 16:31:52.215 4652 INFO rally.task.runner [-] Task b3303a65-2da4-4195-a418-9fd6793b9bc8 | ITER: 22 START
2020-02-23 16:31:52.216 4652 WARNING rally_openstack.scenarios.neutron.utils [-] Running this scenario without either the 'network' or 'existing_network' context is deprecated
2020-02-23 16:31:52.901 4640 INFO rally.task.runner [-] Task b3303a65-2da4-4195-a418-9fd6793b9bc8 | ITER: 16 END: OK
2020-02-23 16:31:52.906 4640 INFO rally.task.runner [-] Task b3303a65-2da4-4195-a418-9fd6793b9bc8 | ITER: 23 START
2020-02-23 16:31:52.907 4640 WARNING rally_openstack.scenarios.neutron.utils [-] Running this scenario without either the 'network' or 'existing_network' context is deprecated
2020-02-23 16:31:54.405 4605 INFO rally.task.runner [-] Task b3303a65-2da4-4195-a418-9fd6793b9bc8 | ITER: 5 END: OK
2020-02-23 16:31:54.409 4605 INFO rally.task.runner [-] Task b3303a65-2da4-4195-a418-9fd6793b9bc8 | ITER: 24 START
2020-02-23 16:31:54.410 4605 WARNING rally_openstack.scenarios.neutron.utils [-] Running this scenario without either the 'network' or 'existing_network' context is deprecated
2020-02-23 16:31:54.443 4617 INFO rally.task.runner [-] Task b3303a65-2da4-4195-a418-9fd6793b9bc8 | ITER: 9 END: OK
2020-02-23 16:31:54.449 4617 INFO rally.task.runner [-] Task b3303a65-2da4-4195-a418-9fd6793b9bc8 | ITER: 25 START
2020-02-23 16:31:54.449 4617 WARNING rally_openstack.scenarios.neutron.utils [-] Running this scenario without either the 'network' or 'existing_network' context is deprecated
2020-02-23 16:31:54.507 4623 INFO rally.task.runner [-] Task b3303a65-2da4-4195-a418-9fd6793b9bc8 | ITER: 11 END: OK
2020-02-23 16:31:54.512 4623 INFO rally.task.runner [-] Task b3303a65-2da4-4195-a418-9fd6793b9bc8 | ITER: 26 START
2020-02-23 16:31:54.512 4623 WARNING rally_openstack.scenarios.neutron.utils [-] Running this scenario without either the 'network' or 'existing_network' context is deprecated
2020-02-23 16:31:54.760 4626 INFO rally.task.runner [-] Task b3303a65-2da4-4195-a418-9fd6793b9bc8 | ITER: 12 END: OK
2020-02-23 16:31:54.761 4650 INFO rally.task.runner [-] Task b3303a65-2da4-4195-a418-9fd6793b9bc8 | ITER: 19 END: OK
2020-02-23 16:31:54.765 4626 INFO rally.task.runner [-] Task b3303a65-2da4-4195-a418-9fd6793b9bc8 | ITER: 27 START
2020-02-23 16:31:54.766 4626 WARNING rally_openstack.scenarios.neutron.utils [-] Running this scenario without either the 'network' or 'existing_network' context is deprecated
2020-02-23 16:31:54.766 4650 INFO rally.task.runner [-] Task b3303a65-2da4-4195-a418-9fd6793b9bc8 | ITER: 28 START
2020-02-23 16:31:54.767 4650 WARNING rally_openstack.scenarios.neutron.utils [-] Running this scenario without either the 'network' or 'existing_network' context is deprecated
2020-02-23 16:31:55.090 4633 INFO rally.task.runner [-] Task b3303a65-2da4-4195-a418-9fd6793b9bc8 | ITER: 14 END: OK
2020-02-23 16:31:55.095 4633 INFO rally.task.runner [-] Task b3303a65-2da4-4195-a418-9fd6793b9bc8 | ITER: 29 START
2020-02-23 16:31:55.095 4633 WARNING rally_openstack.scenarios.neutron.utils [-] Running this scenario without either the 'network' or 'existing_network' context is deprecated
2020-02-23 16:31:55.271 4641 INFO rally.task.runner [-] Task b3303a65-2da4-4195-a418-9fd6793b9bc8 | ITER: 17 END: OK
2020-02-23 16:31:55.275 4641 INFO rally.task.runner [-] Task b3303a65-2da4-4195-a418-9fd6793b9bc8 | ITER: 30 START
2020-02-23 16:31:55.276 4641 WARNING rally_openstack.scenarios.neutron.utils [-] Running this scenario without either the 'network' or 'existing_network' context is deprecated
2020-02-23 16:31:55.882 4603 INFO rally.task.runner [-] Task b3303a65-2da4-4195-a418-9fd6793b9bc8 | ITER: 3 END: OK
2020-02-23 16:31:55.887 4603 INFO rally.task.runner [-] Task b3303a65-2da4-4195-a418-9fd6793b9bc8 | ITER: 31 START
2020-02-23 16:31:55.888 4603 WARNING rally_openstack.scenarios.neutron.utils [-] Running this scenario without either the 'network' or 'existing_network' context is deprecated
2020-02-23 16:31:58.560 4608 INFO rally.task.runner [-] Task b3303a65-2da4-4195-a418-9fd6793b9bc8 | ITER: 6 END: OK
2020-02-23 16:31:58.570 4608 INFO rally.task.runner [-] Task b3303a65-2da4-4195-a418-9fd6793b9bc8 | ITER: 32 START
2020-02-23 16:31:58.572 4608 WARNING rally_openstack.scenarios.neutron.utils [-] Running this scenario without either the 'network' or 'existing_network' context is deprecated
2020-02-23 16:32:02.588 4620 INFO rally.task.runner [-] Task b3303a65-2da4-4195-a418-9fd6793b9bc8 | ITER: 10 END: OK
2020-02-23 16:32:02.594 4620 INFO rally.task.runner [-] Task b3303a65-2da4-4195-a418-9fd6793b9bc8 | ITER: 33 START
2020-02-23 16:32:02.596 4620 WARNING rally_openstack.scenarios.neutron.utils [-] Running this scenario without either the 'network' or 'existing_network' context is deprecated
2020-02-23 16:32:03.258 4614 INFO rally.task.runner [-] Task b3303a65-2da4-4195-a418-9fd6793b9bc8 | ITER: 8 END: OK
2020-02-23 16:32:03.266 4614 INFO rally.task.runner [-] Task b3303a65-2da4-4195-a418-9fd6793b9bc8 | ITER: 34 START
2020-02-23 16:32:03.267 4614 WARNING rally_openstack.scenarios.neutron.utils [-] Running this scenario without either the 'network' or 'existing_network' context is deprecated
2020-02-23 16:32:03.619 4601 INFO rally.task.runner [-] Task b3303a65-2da4-4195-a418-9fd6793b9bc8 | ITER: 1 END: OK
2020-02-23 16:32:03.628 4601 INFO rally.task.runner [-] Task b3303a65-2da4-4195-a418-9fd6793b9bc8 | ITER: 35 START
2020-02-23 16:32:03.630 4601 WARNING rally_openstack.scenarios.neutron.utils [-] Running this scenario without either the 'network' or 'existing_network' context is deprecated
2020-02-23 16:32:03.824 4644 INFO rally.task.runner [-] Task b3303a65-2da4-4195-a418-9fd6793b9bc8 | ITER: 18 END: OK
2020-02-23 16:32:03.833 4644 INFO rally.task.runner [-] Task b3303a65-2da4-4195-a418-9fd6793b9bc8 | ITER: 36 START
2020-02-23 16:32:03.834 4644 WARNING rally_openstack.scenarios.neutron.utils [-] Running this scenario without either the 'network' or 'existing_network' context is deprecated
2020-02-23 16:32:04.203 4602 INFO rally.task.runner [-] Task b3303a65-2da4-4195-a418-9fd6793b9bc8 | ITER: 2 END: OK
2020-02-23 16:32:04.210 4602 INFO rally.task.runner [-] Task b3303a65-2da4-4195-a418-9fd6793b9bc8 | ITER: 37 START
2020-02-23 16:32:04.211 4602 WARNING rally_openstack.scenarios.neutron.utils [-] Running this scenario without either the 'network' or 'existing_network' context is deprecated
2020-02-23 16:32:05.074 4604 INFO rally.task.runner [-] Task b3303a65-2da4-4195-a418-9fd6793b9bc8 | ITER: 4 END: OK
2020-02-23 16:32:05.083 4604 INFO rally.task.runner [-] Task b3303a65-2da4-4195-a418-9fd6793b9bc8 | ITER: 38 START
2020-02-23 16:32:05.084 4604 WARNING rally_openstack.scenarios.neutron.utils [-] Running this scenario without either the 'network' or 'existing_network' context is deprecated
2020-02-23 16:32:05.548 4611 INFO rally.task.runner [-] Task b3303a65-2da4-4195-a418-9fd6793b9bc8 | ITER: 7 END: OK
2020-02-23 16:32:05.555 4611 INFO rally.task.runner [-] Task b3303a65-2da4-4195-a418-9fd6793b9bc8 | ITER: 39 START
2020-02-23 16:32:05.556 4611 WARNING rally_openstack.scenarios.neutron.utils [-] Running this scenario without either the 'network' or 'existing_network' context is deprecated
2020-02-23 16:32:05.986 4636 INFO rally.task.runner [-] Task b3303a65-2da4-4195-a418-9fd6793b9bc8 | ITER: 15 END: OK
2020-02-23 16:32:05.992 4636 INFO rally.task.runner [-] Task b3303a65-2da4-4195-a418-9fd6793b9bc8 | ITER: 40 START
2020-02-23 16:32:05.993 4636 WARNING rally_openstack.scenarios.neutron.utils [-] Running this scenario without either the 'network' or 'existing_network' context is deprecated
2020-02-23 16:32:14.218 4626 INFO rally.task.runner [-] Task b3303a65-2da4-4195-a418-9fd6793b9bc8 | ITER: 27 END: OK
2020-02-23 16:32:15.471 4633 INFO rally.task.runner [-] Task b3303a65-2da4-4195-a418-9fd6793b9bc8 | ITER: 29 END: OK
2020-02-23 16:32:17.814 4603 INFO rally.task.runner [-] Task b3303a65-2da4-4195-a418-9fd6793b9bc8 | ITER: 31 END: OK
2020-02-23 16:32:18.492 4644 INFO rally.task.runner [-] Task b3303a65-2da4-4195-a418-9fd6793b9bc8 | ITER: 36 END: OK
2020-02-23 16:32:18.784 4620 INFO rally.task.runner [-] Task b3303a65-2da4-4195-a418-9fd6793b9bc8 | ITER: 33 END: OK
2020-02-23 16:32:20.628 4631 INFO rally.task.runner [-] Task b3303a65-2da4-4195-a418-9fd6793b9bc8 | ITER: 21 END: OK
2020-02-23 16:32:20.629 4640 INFO rally.task.runner [-] Task b3303a65-2da4-4195-a418-9fd6793b9bc8 | ITER: 23 END: OK
2020-02-23 16:32:20.896 4605 INFO rally.task.runner [-] Task b3303a65-2da4-4195-a418-9fd6793b9bc8 | ITER: 24 END: OK
2020-02-23 16:32:21.146 4652 INFO rally.task.runner [-] Task b3303a65-2da4-4195-a418-9fd6793b9bc8 | ITER: 22 END: OK
2020-02-23 16:32:22.394 4608 INFO rally.task.runner [-] Task b3303a65-2da4-4195-a418-9fd6793b9bc8 | ITER: 32 END: OK
2020-02-23 16:32:22.568 4614 INFO rally.task.runner [-] Task b3303a65-2da4-4195-a418-9fd6793b9bc8 | ITER: 34 END: OK
2020-02-23 16:32:23.371 4650 INFO rally.task.runner [-] Task b3303a65-2da4-4195-a418-9fd6793b9bc8 | ITER: 28 END: OK
2020-02-23 16:32:26.446 4623 INFO rally.task.runner [-] Task b3303a65-2da4-4195-a418-9fd6793b9bc8 | ITER: 26 END: OK
2020-02-23 16:32:26.496 4617 INFO rally.task.runner [-] Task b3303a65-2da4-4195-a418-9fd6793b9bc8 | ITER: 25 END: OK
2020-02-23 16:32:28.151 4641 INFO rally.task.runner [-] Task b3303a65-2da4-4195-a418-9fd6793b9bc8 | ITER: 30 END: OK
2020-02-23 16:32:32.745 4604 INFO rally.task.runner [-] Task b3303a65-2da4-4195-a418-9fd6793b9bc8 | ITER: 38 END: OK
2020-02-23 16:32:34.735 4602 INFO rally.task.runner [-] Task b3303a65-2da4-4195-a418-9fd6793b9bc8 | ITER: 37 END: OK
2020-02-23 16:32:36.184 4611 INFO rally.task.runner [-] Task b3303a65-2da4-4195-a418-9fd6793b9bc8 | ITER: 39 END: OK
2020-02-23 16:32:36.200 4636 INFO rally.task.runner [-] Task b3303a65-2da4-4195-a418-9fd6793b9bc8 | ITER: 40 END: OK
2020-02-23 16:32:36.791 4601 INFO rally.task.runner [-] Task b3303a65-2da4-4195-a418-9fd6793b9bc8 | ITER: 35 END: OK
2020-02-23 16:32:36.813 15 INFO rally.task.context [-] Task b3303a65-2da4-4195-a418-9fd6793b9bc8 | Context cleanup@openstack cleanup() started
2020-02-23 16:32:36.816 15 RALLYDEBUG rally_openstack.cleanup.manager [-] Cleaning up neutron vip objects
2020-02-23 16:32:37.028 15 RALLYDEBUG rally_openstack.cleanup.manager [-] Cleaning up neutron health_monitor objects
2020-02-23 16:32:37.234 15 RALLYDEBUG rally_openstack.cleanup.manager [-] Cleaning up neutron pool objects
2020-02-23 16:32:37.433 15 RALLYDEBUG rally_openstack.cleanup.manager [-] Cleaning up neutron loadbalancer objects
2020-02-23 16:32:37.639 15 RALLYDEBUG rally_openstack.cleanup.manager [-] Cleaning up neutron floatingip objects
2020-02-23 16:32:37.857 15 RALLYDEBUG rally_openstack.cleanup.manager [-] Cleaning up neutron trunk objects
2020-02-23 16:32:38.052 15 DEBUG neutronclient.v2_0.client [-] Error message: {"message": "The resource could not be found.

\n\n\n", "code": "404 Not Found", "title": "Not Found"} _handle_fault_response /usr/lib/python2.7/site-packages/neutronclient/v2_0/client.py:259
2020-02-23 16:32:38.061 15 RALLYDEBUG rally_openstack.cleanup.manager [-] Cleaning up neutron port objects
2020-02-23 16:32:38.338 15 RALLYDEBUG rally_openstack.cleanup.manager [-] Cleaning up neutron subnet objects
2020-02-23 16:32:38.569 15 RALLYDEBUG rally_openstack.cleanup.manager [-] Cleaning up neutron network objects
2020-02-23 16:32:39.175 15 RALLYDEBUG rally_openstack.cleanup.manager [-] Deleting neutron.network object s_rally_88b9adcc_4jR9lldc (0757f7f6-1a10-4682-95f6-c58699adcf7e)
2020-02-23 16:32:39.180 15 RALLYDEBUG rally_openstack.cleanup.manager [-] Deleting neutron.network object s_rally_88b9adcc_mWs7wWxU (099671f8-c76f-47bc-9c7e-4939689b0ce4)
2020-02-23 16:32:39.181 15 RALLYDEBUG rally_openstack.cleanup.manager [-] Deleting neutron.network object s_rally_88b9adcc_HI2dlXDH (0b6b89ff-c939-4efc-8aa9-66041bf07373)
2020-02-23 16:32:39.182 15 RALLYDEBUG rally_openstack.cleanup.manager [-] Deleting neutron.network object s_rally_88b9adcc_9VqKgDKk (012b9815-0bd1-40a9-9b4a-d7e9cb45cef8)
2020-02-23 16:32:39.190 15 RALLYDEBUG rally_openstack.cleanup.manager [-] Deleting neutron.network object s_rally_88b9adcc_27q0XJqz (05eca04d-7f66-438b-910b-414cb4cb3071)
2020-02-23 16:32:39.194 15 RALLYDEBUG rally_openstack.cleanup.manager [-] Deleting neutron.network object s_rally_88b9adcc_k7FXwHuY (10b93abc-e349-4056-9717-14f70c6eac80)
2020-02-23 16:32:39.196 15 RALLYDEBUG rally_openstack.cleanup.manager [-] Deleting neutron.network object s_rally_88b9adcc_hRzeTxAr (0cd2f234-44d7-4254-a017-bdf5c372f7d3)
2020-02-23 16:32:39.220 15 RALLYDEBUG rally_openstack.cleanup.manager [-] Deleting neutron.network object s_rally_88b9adcc_HzbpOKKC (1311d3db-4bcc-4b4c-aa9f-fb0b97559ba2)
2020-02-23 16:32:39.254 15 RALLYDEBUG rally_openstack.cleanup.manager [-] Deleting neutron.network object s_rally_88b9adcc_aixPojRb (18fd2ab1-5fa9-4dbf-b9c5-c6006304621b)
2020-02-23 16:32:39.263 15 RALLYDEBUG rally_openstack.cleanup.manager [-] Deleting neutron.network object s_rally_88b9adcc_HQSb5ACI (3b5b1735-502f-4d68-94e3-2df7285d4cbd)
2020-02-23 16:32:39.257 15 RALLYDEBUG rally_openstack.cleanup.manager [-] Deleting neutron.network object s_rally_88b9adcc_rzl8O2uq (3e61319d-eed5-4912-b4ed-73e610b58ff7)
2020-02-23 16:32:39.265 15 RALLYDEBUG rally_openstack.cleanup.manager [-] Deleting neutron.network object s_rally_88b9adcc_1kXoRcz7 (1fec9d59-feeb-4be1-9270-a622a21a8013)
2020-02-23 16:32:39.262 15 RALLYDEBUG rally_openstack.cleanup.manager [-] Deleting neutron.network object s_rally_88b9adcc_LW0RbtiG (21f612c2-ccc1-40c7-976a-1c95e3740794)
2020-02-23 16:32:39.262 15 RALLYDEBUG rally_openstack.cleanup.manager [-] Deleting neutron.network object s_rally_88b9adcc_auV4qEmI (27aff694-6dc0-465b-9b72-2ea9f33080d5)
2020-02-23 16:32:39.287 15 RALLYDEBUG rally_openstack.cleanup.manager [-] Deleting neutron.network object s_rally_88b9adcc_4TJg47SR (4efaba5f-fae9-4887-ad89-e2549db3e78b)
2020-02-23 16:32:39.295 15 RALLYDEBUG rally_openstack.cleanup.manager [-] Deleting neutron.network object s_rally_88b9adcc_061ilmDK (26e4880b-058d-431c-bb8b-b27fc4499f12)
2020-02-23 16:32:39.295 15 RALLYDEBUG rally_openstack.cleanup.manager [-] Deleting neutron.network object s_rally_88b9adcc_6ZYOomvh (55fb1294-64b4-47ea-ab2f-539e9b80fa9b)
2020-02-23 16:32:39.303 15 RALLYDEBUG rally_openstack.cleanup.manager [-] Deleting neutron.network object s_rally_88b9adcc_L7JkNYHO (46d8d33d-9da7-4b9e-afb2-4f0b0a113091)
2020-02-23 16:32:39.313 15 RALLYDEBUG rally_openstack.cleanup.manager [-] Deleting neutron.network object s_rally_88b9adcc_bBrMSEEx (6e255e3c-2245-4344-9792-f33eb58a2caf)
2020-02-23 16:32:39.321 15 RALLYDEBUG rally_openstack.cleanup.manager [-] Deleting neutron.network object s_rally_88b9adcc_52QhRmin (544dd291-e536-4146-a851-8ef4c9c95d9e)
2020-02-23 16:32:41.308 15 RALLYDEBUG rally_openstack.cleanup.manager [-] Deleting neutron.network object s_rally_88b9adcc_nFjHu36Y (728177c1-74bd-4339-984a-f895608bda84)
2020-02-23 16:32:41.515 15 RALLYDEBUG rally_openstack.cleanup.manager [-] Deleting neutron.network object s_rally_88b9adcc_tcv0sXs7 (7a4b2cfe-4a9b-4ee6-a0a6-516420e33226)
2020-02-23 16:32:41.687 15 RALLYDEBUG rally_openstack.cleanup.manager [-] Deleting neutron.network object s_rally_88b9adcc_QHlpOhvo (7d88382b-cd6c-45b8-9218-230f4cbbbfa4)
2020-02-23 16:32:41.719 15 RALLYDEBUG rally_openstack.cleanup.manager [-] Deleting neutron.network object s_rally_88b9adcc_KilXrX94 (7d8f0407-a9f6-45bc-a01f-7308047d75f5)
2020-02-23 16:32:42.292 15 RALLYDEBUG rally_openstack.cleanup.manager [-] Deleting neutron.network object s_rally_88b9adcc_RzKyjW52 (80cb2452-3eb1-49c3-afcb-042cbc3ad27a)
2020-02-23 16:32:42.299 15 RALLYDEBUG rally_openstack.cleanup.manager [-] Deleting neutron.network object s_rally_88b9adcc_gu8Sk5dc (9326c498-22a7-4265-8341-19c92c0b6588)
2020-02-23 16:32:42.554 15 RALLYDEBUG rally_openstack.cleanup.manager [-] Deleting neutron.network object s_rally_88b9adcc_yJVu1zne (94ddd504-40da-4c59-a9b5-9e3ea8d5d455)
2020-02-23 16:32:42.680 15 RALLYDEBUG rally_openstack.cleanup.manager [-] Deleting neutron.network object s_rally_88b9adcc_PmMGg85m (9e4f4e02-a909-4e61-b659-ec04e1bbb367)
2020-02-23 16:32:42.735 15 RALLYDEBUG rally_openstack.cleanup.manager [-] Deleting neutron.network object s_rally_88b9adcc_adLYnBu3 (af531ec5-59df-4dbb-b5e3-61bcc847ec05)
2020-02-23 16:32:42.892 15 RALLYDEBUG rally_openstack.cleanup.manager [-] Deleting neutron.network object s_rally_88b9adcc_dfa9vbBf (b5a779e9-6158-4e51-8aeb-f2c19ddbc531)
2020-02-23 16:32:42.904 15 RALLYDEBUG rally_openstack.cleanup.manager [-] Deleting neutron.network object s_rally_88b9adcc_ddYcMf3Q (b7b0cbd0-f8cf-4394-a237-b0ec88a1fabd)
2020-02-23 16:32:43.108 15 RALLYDEBUG rally_openstack.cleanup.manager [-] Deleting neutron.network object s_rally_88b9adcc_9Wj0kMFT (b8600e35-e2d1-4ac3-9f74-327c8757eebb)
2020-02-23 16:32:43.261 15 RALLYDEBUG rally_openstack.cleanup.manager [-] Deleting neutron.network object s_rally_88b9adcc_FZTZve50 (ba764727-8cb6-4451-8cf8-8ed726fd2119)
2020-02-23 16:32:43.267 15 RALLYDEBUG rally_openstack.cleanup.manager [-] Deleting neutron.network object s_rally_88b9adcc_HynMUjw2 (bd78ed50-906b-401b-9168-1225958ba57e)
2020-02-23 16:32:43.283 15 RALLYDEBUG rally_openstack.cleanup.manager [-] Deleting neutron.network object s_rally_88b9adcc_wNt1Sewh (c5298314-79c8-4bcb-bd55-33bce4ae5394)
2020-02-23 16:32:43.292 15 RALLYDEBUG rally_openstack.cleanup.manager [-] Deleting neutron.network object s_rally_88b9adcc_mnXqnJAz (d049e6c4-9249-468b-abc0-4ad9204f71d3)
2020-02-23 16:32:43.331 15 RALLYDEBUG rally_openstack.cleanup.manager [-] Deleting neutron.network object s_rally_88b9adcc_VXpdIhat (e0f547c0-3225-46e4-b6d5-96a78f4c080b)
2020-02-23 16:32:43.377 15 RALLYDEBUG rally_openstack.cleanup.manager [-] Deleting neutron.network object s_rally_88b9adcc_QBkUNZxx (e8b20173-cd94-4e79-9d66-deba66896436)
2020-02-23 16:32:43.391 15 RALLYDEBUG rally_openstack.cleanup.manager [-] Deleting neutron.network object s_rally_88b9adcc_YHONhjFQ (fa00ab33-b286-40b2-abbd-35ea6e0637b8)
2020-02-23 16:32:43.555 15 RALLYDEBUG rally_openstack.cleanup.manager [-] Deleting neutron.network object s_rally_88b9adcc_Lp70QPfX (fa229144-34da-4911-994b-962e088b3549)
2020-02-23 16:32:46.405 15 RALLYDEBUG rally_openstack.cleanup.manager [-] Cleaning up neutron router objects
2020-02-23 16:32:46.666 15 RALLYDEBUG rally_openstack.cleanup.manager [-] Cleaning up neutron security_group objects
2020-02-23 16:32:46.954 15 INFO rally.task.context [-] Task b3303a65-2da4-4195-a418-9fd6793b9bc8 | Context cleanup@openstack cleanup() finished in 10.14 sec
