2020-02-23 15:20:55.385 851 RALLYDEBUG rally.task.utils [-] Waiting for resource u'3851b409-f6b1-418a-aa66-64436dc76723'. Status changed: NONE => QUEUED in 0.0796468257904
2020-02-23 15:20:55.616 852 RALLYDEBUG rally.task.utils [-] Waiting for resource u'e5c0d034-61f1-494e-8f35-e90e997cfa86'. Status changed: NONE => QUEUED in 0.079076051712
2020-02-23 15:20:55.792 849 RALLYDEBUG rally.task.utils [-] Waiting for resource u'd005b461-7a36-4376-af0f-4461c9571b7a'. Status changed: NONE => QUEUED in 0.0990970134735
2020-02-23 15:20:55.857 850 RALLYDEBUG rally.task.utils [-] Waiting for resource u'05dc357e-eec2-4c61-b5b8-e044498429da'. Status changed: NONE => QUEUED in 0.0941519737244
2020-02-23 15:20:56.609 852 RALLYDEBUG rally.task.utils [-] Waiting for resource s_rally_5dd9ef8a_c6I8iAn3. Status changed: QUEUED => ACTIVE in 0.054692029953
2020-02-23 15:20:56.870 850 RALLYDEBUG rally.task.utils [-] Waiting for resource s_rally_5dd9ef8a_FZDzjmsR. Status changed: QUEUED => ACTIVE in 0.0429139137268
2020-02-23 15:20:57.409 850 INFO rally.task.runner [-] Task 26a86d25-2219-4bce-9687-cd4f6f6b873e | ITER: 7 END: OK
2020-02-23 15:20:57.414 850 INFO rally.task.runner [-] Task 26a86d25-2219-4bce-9687-cd4f6f6b873e | ITER: 9 START
2020-02-23 15:20:59.348 851 RALLYDEBUG rally.task.utils [-] Waiting for resource s_rally_5dd9ef8a_nFJrF2YS. Status changed: QUEUED => ACTIVE in 0.0421090126038
2020-02-23 15:21:11.490 852 INFO rally.task.runner [-] Task 26a86d25-2219-4bce-9687-cd4f6f6b873e | ITER: 6 END: OK
2020-02-23 15:21:11.495 852 INFO rally.task.runner [-] Task 26a86d25-2219-4bce-9687-cd4f6f6b873e | ITER: 10 START
2020-02-23 15:21:22.466 850 RALLYDEBUG rally.task.utils [-] Waiting for resource u'7835a143-88e9-4c8c-9133-74da51bcf5cf'. Status changed: NONE => QUEUED in 0.078528881073
2020-02-23 15:21:23.595 850 RALLYDEBUG rally.task.utils [-] Waiting for resource s_rally_5dd9ef8a_I4mjXyHx. Status changed: QUEUED => ACTIVE in 0.0457079410553
2020-02-23 15:21:24.208 850 INFO rally.task.runner [-] Task 26a86d25-2219-4bce-9687-cd4f6f6b873e | ITER: 9 END: OK
2020-02-23 15:21:26.710 851 INFO rally.task.runner [-] Task 26a86d25-2219-4bce-9687-cd4f6f6b873e | ITER: 5 END: OK
2020-02-23 15:21:45.605 852 ERROR rally_openstack.osclients [-] Unable to authenticate for user rally_full-user_e679bd58-7838-4b4a-b740-3c6953ef3da0 in project rally_full-project_e679bd58-7838-4b4a-b740-3c6953ef3da0: BadGateway: Bad Gateway (HTTP 502)
2020-02-23 15:21:45.605 852 ERROR rally_openstack.osclients
Traceback (most recent call last):
2020-02-23 15:21:45.605 852 ERROR rally_openstack.osclients
File "/usr/lib/python2.7/site-packages/rally_openstack/osclients.py", line 273, in auth_ref
2020-02-23 15:21:45.605 852 ERROR rally_openstack.osclients self.cache["keystone_auth_ref"] = plugin.get_access(sess)
2020-02-23 15:21:45.605 852 ERROR rally_openstack.osclients
File "/usr/lib/python2.7/site-packages/keystoneauth1/identity/base.py", line 134, in get_access
2020-02-23 15:21:45.605 852 ERROR rally_openstack.osclients self.auth_ref = self.get_auth_ref(session)
2020-02-23 15:21:45.605 852 ERROR rally_openstack.osclients
File "/usr/lib/python2.7/site-packages/keystoneauth1/identity/generic/base.py", line 208, in get_auth_ref
2020-02-23 15:21:45.605 852 ERROR rally_openstack.osclients return self._plugin.get_auth_ref(session, **kwargs)
2020-02-23 15:21:45.605 852 ERROR rally_openstack.osclients
File "/usr/lib/python2.7/site-packages/keystoneauth1/identity/v3/base.py", line 178, in get_auth_ref
2020-02-23 15:21:45.605 852 ERROR rally_openstack.osclients authenticated=False, log=False, **rkwargs)
2020-02-23 15:21:45.605 852 ERROR rally_openstack.osclients
File "/usr/lib/python2.7/site-packages/keystoneauth1/session.py", line 1019, in post
2020-02-23 15:21:45.605 852 ERROR rally_openstack.osclients return self.request(url, 'POST', **kwargs)
2020-02-23 15:21:45.605 852 ERROR rally_openstack.osclients
File "/usr/lib/python2.7/site-packages/keystoneauth1/session.py", line 869, in request
2020-02-23 15:21:45.605 852 ERROR rally_openstack.osclients raise exceptions.from_response(resp, method, url)
2020-02-23 15:21:45.605 852 ERROR rally_openstack.osclients BadGateway: Bad Gateway (HTTP 502)
2020-02-23 15:21:45.605 852 ERROR rally_openstack.osclients
2020-02-23 15:21:46.192 849 RALLYDEBUG rally.task.utils [-] Waiting for resource s_rally_5dd9ef8a_V3celGYJ. Status changed: QUEUED => ACTIVE in 0.0499539375305
2020-02-23 15:21:46.704 849 INFO rally.task.runner [-] Task 26a86d25-2219-4bce-9687-cd4f6f6b873e | ITER: 8 END: OK
2020-02-23 15:21:46.732 725 INFO rally.task.context [-] Task 26a86d25-2219-4bce-9687-cd4f6f6b873e | Context cleanup@openstack cleanup() started
2020-02-23 15:21:46.737 725 RALLYDEBUG rally_openstack.cleanup.manager [-] Cleaning up glance images objects
2020-02-23 15:21:47.878 725 INFO rally.task.context [-] Task 26a86d25-2219-4bce-9687-cd4f6f6b873e | Context cleanup@openstack cleanup() finished in 1.15 sec
2020-02-23 15:21:47.879 725 INFO rally.task.context [-] Task 26a86d25-2219-4bce-9687-cd4f6f6b873e | Context users@openstack cleanup() started
2020-02-23 15:21:52.243 725 INFO rally.task.context [-] Task 26a86d25-2219-4bce-9687-cd4f6f6b873e | Context users@openstack cleanup() finished in 4.36 sec
2020-02-23 15:21:52.458 725 INFO rally.task.engine [-] Load duration is: 58.499031
2020-02-23 15:21:52.458 725 INFO rally.task.engine [-] Full runner duration is: 58.983469
2020-02-23 15:21:52.459 725 INFO rally.task.engine [-] Full duration is: 66.061877
2020-02-23 15:21:52.552 725 INFO rally.task.engine [-] Running workload: position = 0 config = { "version": 2, "title": "A cropped version of a bigger task.", "description": "Auto-generated task from a single workload (uuid=2962fb1c-a5c3-4f08-8af5-e3b693a3c5ee)", "subtasks": [ { "title": "GlanceImages.create_and_list_image", "description": "Create an image and then list all images.", "scenario": { "GlanceImages.create_and_list_image": { "container_format": "bare", "disk_format": "qcow2", "image_location": "/home/opnfv/functest/images/cirros-0.4.0-x86_64-disk.img" } }, "contexts": { "users": { "tenants": 3, "users_per_tenant": 2 } }, "runner": { "constant": { "concurrency": 4, "times": 10 } }, "hooks": [], "sla": { "failure_rate": { "max": 0 } } } ] }
2020-02-23 15:21:52.569 725 RALLYDEBUG rally_openstack.contexts.keystone.users [-] Creating 3 tenants using 20 threads
2020-02-23 15:21:53.311 725 RALLYDEBUG rally_openstack.contexts.keystone.users [-] Creating 6 users using 20 threads
2020-02-23 15:21:54.363 725 INFO rally.task.context [-] Task 26a86d25-2219-4bce-9687-cd4f6f6b873e | Context users@openstack setup() finished in 1.79 sec
2020-02-23 15:21:54.363 725 INFO rally.task.context [-] Task 26a86d25-2219-4bce-9687-cd4f6f6b873e | Context cleanup@openstack setup() finished in 0.01 msec
2020-02-23 15:21:54.373 725 RALLYDEBUG rally.task.runner [-] Starting the constant runner (task UUID: 26a86d25-2219-4bce-9687-cd4f6f6b873e). timeout: 0 concurrency: 4 concurrency_per_worker: 1 times: 10 concurrency_overhead: 0 processes_to_start: 4 max_cpu_used: 88
2020-02-23 15:21:54.385 973 RALLYDEBUG rally.task.runner [-] Starting a worker. concurrency: 1 args: {"container_format": "bare", "disk_format": "qcow2", "image_location": "/home/opnfv/functest/images/cirros-0.4.0-x86_64-disk.img"} times: 10 method_name: run timeout: 0 duration: None cls:
2020-02-23 15:21:54.387 974 RALLYDEBUG rally.task.runner [-] Starting a worker. concurrency: 1 args: {"container_format": "bare", "disk_format": "qcow2", "image_location": "/home/opnfv/functest/images/cirros-0.4.0-x86_64-disk.img"} times: 10 method_name: run timeout: 0 duration: None cls:
2020-02-23 15:21:54.390 975 RALLYDEBUG rally.task.runner [-] Starting a worker. concurrency: 1 args: {"container_format": "bare", "disk_format": "qcow2", "image_location": "/home/opnfv/functest/images/cirros-0.4.0-x86_64-disk.img"} times: 10 method_name: run timeout: 0 duration: None cls:
2020-02-23 15:21:54.391 976 RALLYDEBUG rally.task.runner [-] Starting a worker. concurrency: 1 args: {"container_format": "bare", "disk_format": "qcow2", "image_location": "/home/opnfv/functest/images/cirros-0.4.0-x86_64-disk.img"} times: 10 method_name: run timeout: 0 duration: None cls:
2020-02-23 15:21:54.392 973 INFO rally.task.runner [-] Task 26a86d25-2219-4bce-9687-cd4f6f6b873e | ITER: 1 START
2020-02-23 15:21:54.394 974 INFO rally.task.runner [-] Task 26a86d25-2219-4bce-9687-cd4f6f6b873e | ITER: 2 START
2020-02-23 15:21:54.395 976 INFO rally.task.runner [-] Task 26a86d25-2219-4bce-9687-cd4f6f6b873e | ITER: 4 START
2020-02-23 15:21:54.397 975 INFO rally.task.runner [-] Task 26a86d25-2219-4bce-9687-cd4f6f6b873e | ITER: 3 START
2020-02-23 15:21:57.254 973 RALLYDEBUG rally.task.utils [-] Waiting for resource u'63e60150-f11c-4349-bdc9-fb0ddb98b989'. Status changed: NONE => QUEUED in 0.0828468799591
2020-02-23 15:21:57.322 975 RALLYDEBUG rally.task.utils [-] Waiting for resource u'88ad03d0-4bbd-431f-818c-8472a62609ad'. Status changed: NONE => QUEUED in 0.0749440193176
2020-02-23 15:21:57.349 976 RALLYDEBUG rally.task.utils [-] Waiting for resource u'51936691-717a-45ab-95c5-068927095dd0'. Status changed: NONE => QUEUED in 0.0733349323273
2020-02-23 15:21:57.440 974 RALLYDEBUG rally.task.utils [-] Waiting for resource u'8e6d648a-7e2f-4983-ac8c-e9f67aa9e07e'. Status changed: NONE => QUEUED in 0.0935890674591
2020-02-23 15:21:58.314 973 RALLYDEBUG rally.task.utils [-] Waiting for resource s_rally_2962fb1c_ZXKWfDek. Status changed: QUEUED => ACTIVE in 0.046352148056
2020-02-23 15:21:58.398 973 INFO rally.task.runner [-] Task 26a86d25-2219-4bce-9687-cd4f6f6b873e | ITER: 1 END: OK
2020-02-23 15:21:58.403 973 INFO rally.task.runner [-] Task 26a86d25-2219-4bce-9687-cd4f6f6b873e | ITER: 5 START
2020-02-23 15:21:58.789 975 RALLYDEBUG rally.task.utils [-] Waiting for resource s_rally_2962fb1c_3OCYdPDL. Status changed: QUEUED => ACTIVE in 0.0645501613617
2020-02-23 15:21:58.906 975 INFO rally.task.runner [-] Task 26a86d25-2219-4bce-9687-cd4f6f6b873e | ITER: 3 END: OK
2020-02-23 15:21:58.911 975 INFO rally.task.runner [-] Task 26a86d25-2219-4bce-9687-cd4f6f6b873e | ITER: 6 START
2020-02-23 15:21:58.939 976 RALLYDEBUG rally.task.utils [-] Waiting for resource s_rally_2962fb1c_tUdrJsqU. Status changed: QUEUED => ACTIVE in 0.0625259876251
2020-02-23 15:21:58.969 974 RALLYDEBUG rally.task.utils [-] Waiting for resource s_rally_2962fb1c_PyXU2tXF. Status changed: QUEUED => ACTIVE in 0.0444839000702
2020-02-23 15:21:59.048 976 INFO rally.task.runner [-] Task 26a86d25-2219-4bce-9687-cd4f6f6b873e | ITER: 4 END: OK
2020-02-23 15:21:59.053 976 INFO rally.task.runner [-] Task 26a86d25-2219-4bce-9687-cd4f6f6b873e | ITER: 7 START
2020-02-23 15:21:59.055 974 INFO rally.task.runner [-] Task 26a86d25-2219-4bce-9687-cd4f6f6b873e | ITER: 2 END: OK
2020-02-23 15:21:59.059 974 INFO rally.task.runner [-] Task 26a86d25-2219-4bce-9687-cd4f6f6b873e | ITER: 8 START
2020-02-23 15:22:00.898 973 RALLYDEBUG rally.task.utils [-] Waiting for resource u'3e97ba17-4043-4089-9146-61b5f740acfa'. Status changed: NONE => QUEUED in 0.078889131546
2020-02-23 15:22:01.545 975 RALLYDEBUG rally.task.utils [-] Waiting for resource u'fa4c849c-0107-42b5-b07f-abf161506ba7'. Status changed: NONE => QUEUED in 0.0758259296417
2020-02-23 15:22:01.805 974 RALLYDEBUG rally.task.utils [-] Waiting for resource u'64bc728f-ae42-4038-9216-e538f66905ad'. Status changed: NONE => QUEUED in 0.105194807053
2020-02-23 15:22:01.885 973 RALLYDEBUG rally.task.utils [-] Waiting for resource s_rally_2962fb1c_EdGRywj9. Status changed: QUEUED => ACTIVE in 0.0488789081573
2020-02-23 15:22:01.958 973 INFO rally.task.runner [-] Task 26a86d25-2219-4bce-9687-cd4f6f6b873e | ITER: 5 END: OK
2020-02-23 15:22:01.963 973 INFO rally.task.runner [-] Task 26a86d25-2219-4bce-9687-cd4f6f6b873e | ITER: 9 START
2020-02-23 15:22:02.005 976 RALLYDEBUG rally.task.utils [-] Waiting for resource u'cf2ca564-e6e3-4d0e-a314-44ae950df76f'. Status changed: NONE => QUEUED in 0.0867879390717
2020-02-23 15:22:02.561 975 RALLYDEBUG rally.task.utils [-] Waiting for resource s_rally_2962fb1c_CtMW9OKi. Status changed: QUEUED => ACTIVE in 0.0466210842133
2020-02-23 15:22:02.615 975 INFO rally.task.runner [-] Task 26a86d25-2219-4bce-9687-cd4f6f6b873e | ITER: 6 END: OK
2020-02-23 15:22:02.620 975 INFO rally.task.runner [-] Task 26a86d25-2219-4bce-9687-cd4f6f6b873e | ITER: 10 START
2020-02-23 15:22:02.994 974 RALLYDEBUG rally.task.utils [-] Waiting for resource s_rally_2962fb1c_pe3Obu4h. Status changed: QUEUED => ACTIVE in 0.0527801513672
2020-02-23 15:22:03.060 974 INFO rally.task.runner [-] Task 26a86d25-2219-4bce-9687-cd4f6f6b873e | ITER: 8 END: OK
2020-02-23 15:22:03.161 976 RALLYDEBUG rally.task.utils [-] Waiting for resource s_rally_2962fb1c_1NldtnnC. Status changed: QUEUED => ACTIVE in 0.0440061092377
2020-02-23 15:22:03.234 976 INFO rally.task.runner [-] Task 26a86d25-2219-4bce-9687-cd4f6f6b873e | ITER: 7 END: OK
2020-02-23 15:22:04.619 973 RALLYDEBUG rally.task.utils [-] Waiting for resource u'20fd385b-8951-472b-a238-4139b8fca4ed'. Status changed: NONE => QUEUED in 0.0765850543976
2020-02-23 15:22:05.221 975 RALLYDEBUG rally.task.utils [-] Waiting for resource u'6ddd8db9-82e5-4061-91f9-8be3a3177778'. Status changed: NONE => QUEUED in 0.077849149704
2020-02-23 15:22:05.553 973 RALLYDEBUG rally.task.utils [-] Waiting for resource s_rally_2962fb1c_n9gMVLKu. Status changed: QUEUED => ACTIVE in 0.0479609966278
2020-02-23 15:22:05.622 973 INFO rally.task.runner [-] Task 26a86d25-2219-4bce-9687-cd4f6f6b873e | ITER: 9 END: OK
2020-02-23 15:22:06.174 975 RALLYDEBUG rally.task.utils [-] Waiting for resource s_rally_2962fb1c_SXKXGntn. Status changed: QUEUED => ACTIVE in 0.0486528873444
2020-02-23 15:22:06.245 975 INFO rally.task.runner [-] Task 26a86d25-2219-4bce-9687-cd4f6f6b873e | ITER: 10 END: OK
2020-02-23 15:22:06.277 725 INFO rally.task.context [-] Task 26a86d25-2219-4bce-9687-cd4f6f6b873e | Context cleanup@openstack cleanup() started
2020-02-23 15:22:06.280 725 RALLYDEBUG rally_openstack.cleanup.manager [-] Cleaning up glance images objects
2020-02-23 15:22:07.314 725 RALLYDEBUG rally_openstack.cleanup.manager [-] Deleting glance.images object s_rally_2962fb1c_n9gMVLKu (20fd385b-8951-472b-a238-4139b8fca4ed)
2020-02-23 15:22:07.315 725 RALLYDEBUG rally_openstack.cleanup.manager [-] Deleting glance.images object s_rally_2962fb1c_PyXU2tXF (8e6d648a-7e2f-4983-ac8c-e9f67aa9e07e)
2020-02-23 15:22:07.317 725 RALLYDEBUG rally_openstack.cleanup.manager [-] Deleting glance.images object s_rally_2962fb1c_EdGRywj9 (3e97ba17-4043-4089-9146-61b5f740acfa)
2020-02-23 15:22:07.318 725 RALLYDEBUG rally_openstack.cleanup.manager [-] Deleting glance.images object s_rally_2962fb1c_tUdrJsqU (51936691-717a-45ab-95c5-068927095dd0)
2020-02-23 15:22:07.322 725 RALLYDEBUG rally_openstack.cleanup.manager [-] Deleting glance.images object s_rally_2962fb1c_1NldtnnC (cf2ca564-e6e3-4d0e-a314-44ae950df76f)
2020-02-23 15:22:07.347 725 RALLYDEBUG rally_openstack.cleanup.manager [-] Deleting glance.images object s_rally_2962fb1c_ZXKWfDek (63e60150-f11c-4349-bdc9-fb0ddb98b989)
2020-02-23 15:22:07.365 725 RALLYDEBUG rally_openstack.cleanup.manager [-] Deleting glance.images object s_rally_2962fb1c_pe3Obu4h (64bc728f-ae42-4038-9216-e538f66905ad)
2020-02-23 15:22:07.366 725 RALLYDEBUG rally_openstack.cleanup.manager [-] Deleting glance.images object s_rally_2962fb1c_SXKXGntn (6ddd8db9-82e5-4061-91f9-8be3a3177778)
2020-02-23 15:22:07.368 725 RALLYDEBUG rally_openstack.cleanup.manager [-] Deleting glance.images object s_rally_2962fb1c_3OCYdPDL (88ad03d0-4bbd-431f-818c-8472a62609ad)
2020-02-23 15:22:07.383 725 RALLYDEBUG rally_openstack.cleanup.manager [-] Deleting glance.images object s_rally_2962fb1c_CtMW9OKi (fa4c849c-0107-42b5-b07f-abf161506ba7)
2020-02-23 15:22:08.205 725 DEBUG glanceclient.common.http [-] Request returned failure status 404. _handle_response /usr/lib/python2.7/site-packages/glanceclient/common/http.py:125
2020-02-23 15:22:08.250 725 DEBUG glanceclient.common.http [-] Request returned failure status 404. _handle_response /usr/lib/python2.7/site-packages/glanceclient/common/http.py:125
2020-02-23 15:22:08.485 725 DEBUG glanceclient.common.http [-] Request returned failure status 404. _handle_response /usr/lib/python2.7/site-packages/glanceclient/common/http.py:125
2020-02-23 15:22:08.643 725 DEBUG glanceclient.common.http [-] Request returned failure status 404. _handle_response /usr/lib/python2.7/site-packages/glanceclient/common/http.py:125
2020-02-23 15:22:08.755 725 DEBUG glanceclient.common.http [-] Request returned failure status 404. _handle_response /usr/lib/python2.7/site-packages/glanceclient/common/http.py:125
2020-02-23 15:22:08.757 725 DEBUG glanceclient.common.http [-] Request returned failure status 404. _handle_response /usr/lib/python2.7/site-packages/glanceclient/common/http.py:125
2020-02-23 15:22:08.827 725 DEBUG glanceclient.common.http [-] Request returned failure status 404. _handle_response /usr/lib/python2.7/site-packages/glanceclient/common/http.py:125
2020-02-23 15:22:08.834 725 DEBUG glanceclient.common.http [-] Request returned failure status 404. _handle_response /usr/lib/python2.7/site-packages/glanceclient/common/http.py:125
2020-02-23 15:22:08.840 725 DEBUG glanceclient.common.http [-] Request returned failure status 404. _handle_response /usr/lib/python2.7/site-packages/glanceclient/common/http.py:125
2020-02-23 15:22:08.890 725 DEBUG glanceclient.common.http [-] Request returned failure status 404. _handle_response /usr/lib/python2.7/site-packages/glanceclient/common/http.py:125
2020-02-23 15:22:08.946 725 DEBUG glanceclient.common.http [-] Request returned failure status 404. _handle_response /usr/lib/python2.7/site-packages/glanceclient/common/http.py:125
2020-02-23 15:22:08.993 725 DEBUG glanceclient.common.http [-] Request returned failure status 404. _handle_response /usr/lib/python2.7/site-packages/glanceclient/common/http.py:125
2020-02-23 15:22:08.998 725 DEBUG glanceclient.common.http [-] Request returned failure status 404. _handle_response /usr/lib/python2.7/site-packages/glanceclient/common/http.py:125
2020-02-23 15:22:09.036 725 DEBUG glanceclient.common.http [-] Request returned failure status 404. _handle_response /usr/lib/python2.7/site-packages/glanceclient/common/http.py:125
2020-02-23 15:22:09.039 725 DEBUG glanceclient.common.http [-] Request returned failure status 404. _handle_response /usr/lib/python2.7/site-packages/glanceclient/common/http.py:125
2020-02-23 15:22:09.076 725 DEBUG glanceclient.common.http [-] Request returned failure status 404. _handle_response /usr/lib/python2.7/site-packages/glanceclient/common/http.py:125
2020-02-23 15:22:09.210 725 DEBUG glanceclient.common.http [-] Request returned failure status 404. _handle_response /usr/lib/python2.7/site-packages/glanceclient/common/http.py:125
2020-02-23 15:22:09.224 725 DEBUG glanceclient.common.http [-] Request returned failure status 404. _handle_response /usr/lib/python2.7/site-packages/glanceclient/common/http.py:125
2020-02-23 15:22:09.276 725 DEBUG glanceclient.common.http [-] Request returned failure status 404. _handle_response /usr/lib/python2.7/site-packages/glanceclient/common/http.py:125
2020-02-23 15:22:09.288 725 DEBUG glanceclient.common.http [-] Request returned failure status 404. _handle_response /usr/lib/python2.7/site-packages/glanceclient/common/http.py:125
2020-02-23 15:22:10.291 725 INFO rally.task.context [-] Task 26a86d25-2219-4bce-9687-cd4f6f6b873e | Context cleanup@openstack cleanup() finished in 4.01 sec
2020-02-23 15:22:10.291 725 INFO rally.task.context [-] Task 26a86d25-2219-4bce-9687-cd4f6f6b873e | Context users@openstack cleanup() started
2020-02-23 15:22:14.022 725 INFO rally.task.context [-] Task 26a86d25-2219-4bce-9687-cd4f6f6b873e | Context users@openstack cleanup() finished in 3.73 sec
2020-02-23 15:22:14.680 725 INFO rally.task.engine [-] Load duration is: 11.359998
2020-02-23 15:22:14.681 725 INFO rally.task.engine [-] Full runner duration is: 11.90365
2020-02-23 15:22:14.681 725 INFO rally.task.engine [-] Full duration is: 21.456708
2020-02-23 15:22:14.768 725 INFO rally.task.engine [-] Running workload: position = 0 config = { "version": 2, "title": "A cropped version of a bigger task.", "description": "Auto-generated task from a single workload (uuid=f6d2a0bc-aa74-4889-95e1-00d099ef7c33)", "subtasks": [ { "title": "GlanceImages.list_images", "description": "List all images.", "scenario": { "GlanceImages.list_images": {} }, "contexts": { "users": { "tenants": 3, "users_per_tenant": 2 } }, "runner": { "constant": { "concurrency": 4, "times": 10 } }, "hooks": [], "sla": { "failure_rate": { "max": 0 } } } ] }
2020-02-23 15:22:14.780 725 RALLYDEBUG rally_openstack.contexts.keystone.users [-] Creating 3 tenants using 20 threads
2020-02-23 15:22:15.600 725 RALLYDEBUG rally_openstack.contexts.keystone.users [-] Creating 6 users using 20 threads
2020-02-23 15:22:16.785 725 INFO rally.task.context [-] Task 26a86d25-2219-4bce-9687-cd4f6f6b873e | Context users@openstack setup() finished in 2.00 sec
2020-02-23 15:22:16.795 725 RALLYDEBUG rally.task.runner [-] Starting the constant runner (task UUID: 26a86d25-2219-4bce-9687-cd4f6f6b873e). timeout: 0 concurrency: 4 concurrency_per_worker: 1 times: 10 concurrency_overhead: 0 processes_to_start: 4 max_cpu_used: 88
2020-02-23 15:22:16.807 1097 RALLYDEBUG rally.task.runner [-] Starting a worker. concurrency: 1 args: {} times: 10 method_name: run timeout: 0 duration: None cls:
2020-02-23 15:22:16.812 1097 INFO rally.task.runner [-] Task 26a86d25-2219-4bce-9687-cd4f6f6b873e | ITER: 1 START
2020-02-23 15:22:16.843 1102 RALLYDEBUG rally.task.runner [-] Starting a worker. concurrency: 1 args: {} times: 10 method_name: run timeout: 0 duration: None cls:
2020-02-23 15:22:16.853 1102 INFO rally.task.runner [-] Task 26a86d25-2219-4bce-9687-cd4f6f6b873e | ITER: 2 START
2020-02-23 15:22:17.625 1097 INFO rally.task.runner [-] Task 26a86d25-2219-4bce-9687-cd4f6f6b873e | ITER: 1 END: OK
2020-02-23 15:22:17.629 1097 INFO rally.task.runner [-] Task 26a86d25-2219-4bce-9687-cd4f6f6b873e | ITER: 3 START
2020-02-23 15:22:17.651 1102 INFO rally.task.runner [-] Task 26a86d25-2219-4bce-9687-cd4f6f6b873e | ITER: 2 END: OK
2020-02-23 15:22:17.655 1102 INFO rally.task.runner [-] Task 26a86d25-2219-4bce-9687-cd4f6f6b873e | ITER: 4 START
2020-02-23 15:22:18.139 1097 INFO rally.task.runner [-] Task 26a86d25-2219-4bce-9687-cd4f6f6b873e | ITER: 3 END: OK
2020-02-23 15:22:18.144 1097 INFO rally.task.runner [-] Task 26a86d25-2219-4bce-9687-cd4f6f6b873e | ITER: 5 START
2020-02-23 15:22:18.171 1102 INFO rally.task.runner [-] Task 26a86d25-2219-4bce-9687-cd4f6f6b873e | ITER: 4 END: OK
2020-02-23 15:22:18.175 1102 INFO rally.task.runner [-] Task 26a86d25-2219-4bce-9687-cd4f6f6b873e | ITER: 6 START
2020-02-23 15:22:18.490 1097 INFO rally.task.runner [-] Task 26a86d25-2219-4bce-9687-cd4f6f6b873e | ITER: 5 END: OK
2020-02-23 15:22:18.494 1097 INFO rally.task.runner [-] Task 26a86d25-2219-4bce-9687-cd4f6f6b873e | ITER: 7 START
2020-02-23 15:22:18.684 1102 INFO rally.task.runner [-] Task 26a86d25-2219-4bce-9687-cd4f6f6b873e | ITER: 6 END: OK
2020-02-23 15:22:18.688 1102 INFO rally.task.runner [-] Task 26a86d25-2219-4bce-9687-cd4f6f6b873e | ITER: 8 START
2020-02-23 15:22:19.018 1097 INFO rally.task.runner [-] Task 26a86d25-2219-4bce-9687-cd4f6f6b873e | ITER: 7 END: OK
2020-02-23 15:22:19.022 1097 INFO rally.task.runner [-] Task 26a86d25-2219-4bce-9687-cd4f6f6b873e | ITER: 9 START
2020-02-23 15:22:19.175 1102 INFO rally.task.runner [-] Task 26a86d25-2219-4bce-9687-cd4f6f6b873e | ITER: 8 END: OK
2020-02-23 15:22:19.179 1102 INFO rally.task.runner [-] Task 26a86d25-2219-4bce-9687-cd4f6f6b873e | ITER: 10 START
2020-02-23 15:22:19.365 1097 INFO rally.task.runner [-] Task 26a86d25-2219-4bce-9687-cd4f6f6b873e | ITER: 9 END: OK
2020-02-23 15:22:19.522 1102 INFO rally.task.runner [-] Task 26a86d25-2219-4bce-9687-cd4f6f6b873e | ITER: 10 END: OK
2020-02-23 15:22:19.543 725 INFO rally.task.context [-] Task 26a86d25-2219-4bce-9687-cd4f6f6b873e | Context users@openstack cleanup() started
2020-02-23 15:22:22.710 725 INFO rally.task.context [-] Task 26a86d25-2219-4bce-9687-cd4f6f6b873e | Context users@openstack cleanup() finished in 3.17 sec
2020-02-23 15:22:22.869 725 INFO rally.task.engine [-] Load duration is: 2.312765
2020-02-23 15:22:22.869 725 INFO rally.task.engine [-] Full runner duration is: 2.748375
2020-02-23 15:22:22.870 725 INFO rally.task.engine [-] Full duration is: 7.931142
2020-02-23 15:22:22.964 725 INFO rally.task.engine [-] Running workload: position = 0 config = { "version": 2, "title": "A cropped version of a bigger task.", "description": "Auto-generated task from a single workload (uuid=1eedb625-2ee7-42a9-a925-3b5be460cbf3)", "subtasks": [ { "title": "GlanceImages.create_image_and_boot_instances", "description": "Create an image and boot several instances from it.", "scenario": { "GlanceImages.create_image_and_boot_instances": { "container_format": "bare", "disk_format": "qcow2", "image_location": "/home/opnfv/functest/images/cirros-0.4.0-x86_64-disk.img", "flavor": { "name": "rally_full-flavor_e679bd58-7838-4b4a-b740-3c6953ef3da0" }, "number_instances": 2, "nics": [ { "net-id": "e92da6e0-236e-476e-9948-ec945b9c6214" } ] } }, "contexts": { "users": { "tenants": 3, "users_per_tenant": 2 }, "quotas": { "nova": { "cores": -1, "floating_ips": -1, "instances": -1, "ram": -1, "security_group_rules": -1, "security_groups": -1 } } }, "runner": { "constant": { "concurrency": 4, "times": 10 } }, "hooks": [], "sla": { "failure_rate": { "max": 0 } } } ] }
2020-02-23 15:22:22.984 725 RALLYDEBUG rally_openstack.contexts.keystone.users [-] Creating 3 tenants using 20 threads
2020-02-23 15:22:23.466 725 RALLYDEBUG rally_openstack.contexts.keystone.users [-] Creating 6 users using 20 threads
2020-02-23 15:22:24.568 725 INFO rally.task.context [-] Task 26a86d25-2219-4bce-9687-cd4f6f6b873e | Context users@openstack setup() finished in 1.58 sec
2020-02-23 15:22:24.725 725 DEBUG novaclient.v2.client [-] REQ: curl -g -i -X PUT http://compute-airship.intel-pod17.opnfv.org/v2.1/os-quota-sets/1dfc4101044a48c889153b44b2c2b946 -H "Accept: application/json" -H "Content-Type: application/json" -H "User-Agent: python-novaclient" -H "X-Auth-Token: {SHA1}d92d29c7a20c93bb3239727ff8e84eaf15654c8c" -d '{"quota_set": {"ram": -1, "floating_ips": -1, "security_group_rules": -1, "instances": -1, "cores": -1, "security_groups": -1}}' _http_log_request /usr/lib/python2.7/site-packages/keystoneauth1/session.py:448
2020-02-23 15:22:24.983 725 DEBUG novaclient.v2.client [-] RESP: [200] Connection: keep-alive Content-Encoding: gzip Content-Type: application/json Date: Sun, 23 Feb 2020 15:22:24 GMT Openstack-Api-Version: compute 2.1 Transfer-Encoding: chunked Vary: Accept-Encoding, OpenStack-API-Version, X-OpenStack-Nova-API-Version X-Compute-Request-Id: req-1edfcacb-ea9e-4f02-8a3a-f5246128a8ea X-Openstack-Nova-Api-Version: 2.1 _http_log_response /usr/lib/python2.7/site-packages/keystoneauth1/session.py:479
2020-02-23 15:22:24.984 725 DEBUG novaclient.v2.client [-] RESP BODY: {"quota_set": {"injected_file_content_bytes": 10240, "metadata_items": 128, "server_group_members": 10, "server_groups": 10, "ram": -1, "floating_ips": -1, "key_pairs": 100, "instances": -1, "security_group_rules": -1, "injected_files": 5, "cores": -1, "fixed_ips": -1, "injected_file_path_bytes": 255, "security_groups": -1}} _http_log_response /usr/lib/python2.7/site-packages/keystoneauth1/session.py:511
2020-02-23 15:22:24.984 725 DEBUG novaclient.v2.client [-] PUT call to compute for http://compute-airship.intel-pod17.opnfv.org/v2.1/os-quota-sets/1dfc4101044a48c889153b44b2c2b946 used request id req-1edfcacb-ea9e-4f02-8a3a-f5246128a8ea request /usr/lib/python2.7/site-packages/keystoneauth1/session.py:844
2020-02-23 15:22:24.986 725 DEBUG novaclient.v2.client [-] REQ: curl -g -i -X PUT http://compute-airship.intel-pod17.opnfv.org/v2.1/os-quota-sets/a04e45863d154d268dd05d4b8177b243 -H "Accept: application/json" -H "Content-Type: application/json" -H "User-Agent: python-novaclient" -H "X-Auth-Token: {SHA1}d92d29c7a20c93bb3239727ff8e84eaf15654c8c" -d '{"quota_set": {"ram": -1, "floating_ips": -1, "security_group_rules": -1, "instances": -1, "cores": -1, "security_groups": -1}}' _http_log_request /usr/lib/python2.7/site-packages/keystoneauth1/session.py:448
2020-02-23 15:22:25.092 725 DEBUG novaclient.v2.client [-] RESP: [200] Connection: keep-alive Content-Encoding: gzip Content-Type: application/json Date: Sun, 23 Feb 2020 15:22:25 GMT Openstack-Api-Version: compute 2.1 Transfer-Encoding: chunked Vary: Accept-Encoding, OpenStack-API-Version, X-OpenStack-Nova-API-Version X-Compute-Request-Id: req-1495795c-b4d7-4654-9078-25f345907cb2 X-Openstack-Nova-Api-Version: 2.1 _http_log_response /usr/lib/python2.7/site-packages/keystoneauth1/session.py:479
2020-02-23 15:22:25.093 725 DEBUG novaclient.v2.client [-] RESP BODY: {"quota_set": {"injected_file_content_bytes": 10240, "metadata_items": 128, "server_group_members": 10, "server_groups": 10, "ram": -1, "floating_ips": -1, "key_pairs": 100, "instances": -1, "security_group_rules": -1, "injected_files": 5, "cores": -1, "fixed_ips": -1, "injected_file_path_bytes": 255, "security_groups": -1}} _http_log_response /usr/lib/python2.7/site-packages/keystoneauth1/session.py:511
2020-02-23 15:22:25.093 725 DEBUG novaclient.v2.client [-] PUT call to compute for http://compute-airship.intel-pod17.opnfv.org/v2.1/os-quota-sets/a04e45863d154d268dd05d4b8177b243 used request id req-1495795c-b4d7-4654-9078-25f345907cb2 request /usr/lib/python2.7/site-packages/keystoneauth1/session.py:844
2020-02-23 15:22:25.095 725 DEBUG novaclient.v2.client [-] REQ: curl -g -i -X PUT http://compute-airship.intel-pod17.opnfv.org/v2.1/os-quota-sets/11c63c8561c44c718de2fd1190813a92 -H "Accept: application/json" -H "Content-Type: application/json" -H "User-Agent: python-novaclient" -H "X-Auth-Token: {SHA1}d92d29c7a20c93bb3239727ff8e84eaf15654c8c" -d '{"quota_set": {"ram": -1, "floating_ips": -1, "security_group_rules": -1, "instances": -1, "cores": -1, "security_groups": -1}}' _http_log_request /usr/lib/python2.7/site-packages/keystoneauth1/session.py:448
2020-02-23 15:22:25.237 725 DEBUG novaclient.v2.client [-] RESP: [200] Connection: keep-alive Content-Encoding: gzip Content-Type: application/json Date: Sun, 23 Feb 2020 15:22:25 GMT Openstack-Api-Version: compute 2.1 Transfer-Encoding: chunked Vary: Accept-Encoding, OpenStack-API-Version, X-OpenStack-Nova-API-Version X-Compute-Request-Id: req-a8c461f0-f1af-4eaa-80b9-1b06482db8b4 X-Openstack-Nova-Api-Version: 2.1 _http_log_response /usr/lib/python2.7/site-packages/keystoneauth1/session.py:479
2020-02-23 15:22:25.238 725 DEBUG novaclient.v2.client [-] RESP BODY: {"quota_set": {"injected_file_content_bytes": 10240, "metadata_items": 128, "server_group_members": 10, "server_groups": 10, "ram": -1, "floating_ips": -1, "key_pairs": 100, "instances": -1, "security_group_rules": -1, "injected_files": 5, "cores": -1, "fixed_ips": -1, "injected_file_path_bytes": 255, "security_groups": -1}} _http_log_response /usr/lib/python2.7/site-packages/keystoneauth1/session.py:511
2020-02-23 15:22:25.238 725 DEBUG novaclient.v2.client [-] PUT call to compute for http://compute-airship.intel-pod17.opnfv.org/v2.1/os-quota-sets/11c63c8561c44c718de2fd1190813a92 used request id req-a8c461f0-f1af-4eaa-80b9-1b06482db8b4 request /usr/lib/python2.7/site-packages/keystoneauth1/session.py:844
2020-02-23 15:22:25.239 725 INFO rally.task.context [-] Task 26a86d25-2219-4bce-9687-cd4f6f6b873e | Context quotas@openstack setup() finished in 0.67 sec
2020-02-23 15:22:25.239 725 INFO rally.task.context [-] Task 26a86d25-2219-4bce-9687-cd4f6f6b873e | Context cleanup@openstack setup() finished in 0.05 msec
2020-02-23 15:22:25.344 725 DEBUG novaclient.v2.client [-] REQ: curl -g -i -X GET http://compute-airship.intel-pod17.opnfv.org/v2.1/flavors/detail -H "Accept: application/json" -H "User-Agent: python-novaclient" -H "X-Auth-Token: {SHA1}0d96726b46d9ea3819bc13b9c6a0e5542ead10ec" _http_log_request /usr/lib/python2.7/site-packages/keystoneauth1/session.py:448
2020-02-23 15:22:25.500 725 DEBUG novaclient.v2.client [-] RESP: [200] Connection: keep-alive Content-Encoding: gzip Content-Type: application/json Date: Sun, 23 Feb 2020 15:22:25 GMT Openstack-Api-Version: compute 2.1 Transfer-Encoding: chunked Vary: Accept-Encoding, OpenStack-API-Version, X-OpenStack-Nova-API-Version X-Compute-Request-Id: req-3ab40c46-652a-4aa7-8039-937385f428a7 X-Openstack-Nova-Api-Version: 2.1 _http_log_response /usr/lib/python2.7/site-packages/keystoneauth1/session.py:479
2020-02-23 15:22:25.501 725 DEBUG novaclient.v2.client [-] RESP BODY: {"flavors": [{"links": [{"href": "http://compute-airship.intel-pod17.opnfv.org/v2.1/flavors/023740b3-7059-4723-8b36-96f4c7e94150", "rel": "self"}, {"href": "http://compute-airship.intel-pod17.opnfv.org/flavors/023740b3-7059-4723-8b36-96f4c7e94150", "rel": "bookmark"}], "ram": 8192, "OS-FLV-DISABLED:disabled": false, "os-flavor-access:is_public": true, "rxtx_factor": 1.0, "disk": 80, "id": "023740b3-7059-4723-8b36-96f4c7e94150", "name": "m1.large", "vcpus": 4, "swap": "", "OS-FLV-EXT-DATA:ephemeral": 0}, {"links": [{"href": "http://compute-airship.intel-pod17.opnfv.org/v2.1/flavors/168a5925-2d56-4344-8d73-acac7a9f1353", "rel": "self"}, {"href": "http://compute-airship.intel-pod17.opnfv.org/flavors/168a5925-2d56-4344-8d73-acac7a9f1353", "rel": "bookmark"}], "ram": 512, "OS-FLV-DISABLED:disabled": false, "os-flavor-access:is_public": true, "rxtx_factor": 1.0, "disk": 1, "id": "168a5925-2d56-4344-8d73-acac7a9f1353", "name": "m1.tiny", "vcpus": 1, "swap": "", "OS-FLV-EXT-DATA:ephemeral": 0}, {"links": [{"href": "http://compute-airship.intel-pod17.opnfv.org/v2.1/flavors/20a5bf20-8de5-43d9-b405-a783d82ddbe2", "rel": "self"}, {"href": "http://compute-airship.intel-pod17.opnfv.org/flavors/20a5bf20-8de5-43d9-b405-a783d82ddbe2", "rel": "bookmark"}], "ram": 4096, "OS-FLV-DISABLED:disabled": false, "os-flavor-access:is_public": true, "rxtx_factor": 1.0, "disk": 40, "id": "20a5bf20-8de5-43d9-b405-a783d82ddbe2", "name": "m1.medium", "vcpus": 2, "swap": "", "OS-FLV-EXT-DATA:ephemeral": 0}, {"links": [{"href": "http://compute-airship.intel-pod17.opnfv.org/v2.1/flavors/41c7d2d1-c295-471b-a1b0-1bacf1efb027", "rel": "self"}, {"href": "http://compute-airship.intel-pod17.opnfv.org/flavors/41c7d2d1-c295-471b-a1b0-1bacf1efb027", "rel": "bookmark"}], "ram": 512, "OS-FLV-DISABLED:disabled": false, "os-flavor-access:is_public": true, "rxtx_factor": 1.0, "disk": 1, "id": "41c7d2d1-c295-471b-a1b0-1bacf1efb027", "name": "rally_full-flavor_e679bd58-7838-4b4a-b740-3c6953ef3da0", "vcpus": 1, "swap": "", "OS-FLV-EXT-DATA:ephemeral": 0}, {"links": [{"href": "http://compute-airship.intel-pod17.opnfv.org/v2.1/flavors/785afe34-049c-4f76-8037-c692326c5cd0", "rel": "self"}, {"href": "http://compute-airship.intel-pod17.opnfv.org/flavors/785afe34-049c-4f76-8037-c692326c5cd0", "rel": "bookmark"}], "ram": 2048, "OS-FLV-DISABLED:disabled": false, "os-flavor-access:is_public": true, "rxtx_factor": 1.0, "disk": 20, "id": "785afe34-049c-4f76-8037-c692326c5cd0", "name": "m1.small", "vcpus": 1, "swap": "", "OS-FLV-EXT-DATA:ephemeral": 0}, {"links": [{"href": "http://compute-airship.intel-pod17.opnfv.org/v2.1/flavors/e1813902-8027-4255-b28d-6295d2fe4c8f", "rel": "self"}, {"href": "http://compute-airship.intel-pod17.opnfv.org/flavors/e1813902-8027-4255-b28d-6295d2fe4c8f", "rel": "bookmark"}], "ram": 16384, "OS-FLV-DISABLED:disabled": false, "os-flavor-access:is_public": true, "rxtx_factor": 1.0, "disk": 160, "id": "e1813902-8027-4255-b28d-6295d2fe4c8f", "name": "m1.xlarge", "vcpus": 8, "swap": "", "OS-FLV-EXT-DATA:ephemeral": 0}, {"links": [{"href": "http://compute-airship.intel-pod17.opnfv.org/v2.1/flavors/ee48dd60-9fbf-4ccc-bee8-bebdaf76fd20", "rel": "self"}, {"href": "http://compute-airship.intel-pod17.opnfv.org/flavors/ee48dd60-9fbf-4ccc-bee8-bebdaf76fd20", "rel": "bookmark"}], "ram": 1024, "OS-FLV-DISABLED:disabled": false, "os-flavor-access:is_public": true, "rxtx_factor": 1.0, "disk": 1, "id": "ee48dd60-9fbf-4ccc-bee8-bebdaf76fd20", "name": "rally_full-flavor_alt_e679bd58-7838-4b4a-b740-3c6953ef3da0", "vcpus": 1, "swap": "", "OS-FLV-EXT-DATA:ephemeral": 0}]} _http_log_response /usr/lib/python2.7/site-packages/keystoneauth1/session.py:511
2020-02-23 15:22:25.502 725 DEBUG novaclient.v2.client [-] GET call to compute for http://compute-airship.intel-pod17.opnfv.org/v2.1/flavors/detail used request id req-3ab40c46-652a-4aa7-8039-937385f428a7 request /usr/lib/python2.7/site-packages/keystoneauth1/session.py:844
2020-02-23 15:22:25.505 725 RALLYDEBUG rally.task.runner [-] Starting the constant runner (task UUID: 26a86d25-2219-4bce-9687-cd4f6f6b873e). timeout: 0 concurrency: 4 concurrency_per_worker: 1 times: 10 concurrency_overhead: 0 processes_to_start: 4 max_cpu_used: 88
2020-02-23 15:22:25.517 1197 RALLYDEBUG rally.task.runner [-] Starting a worker. concurrency: 1 args: {"container_format": "bare", "disk_format": "qcow2", "image_location": "/home/opnfv/functest/images/cirros-0.4.0-x86_64-disk.img", "flavor": "41c7d2d1-c295-471b-a1b0-1bacf1efb027", "number_instances": 2, "nics": [{"net-id": "e92da6e0-236e-476e-9948-ec945b9c6214"}]} times: 10 method_name: run timeout: 0 duration: None cls:
2020-02-23 15:22:25.521 1198 RALLYDEBUG rally.task.runner [-] Starting a worker. concurrency: 1 args: {"container_format": "bare", "disk_format": "qcow2", "image_location": "/home/opnfv/functest/images/cirros-0.4.0-x86_64-disk.img", "flavor": "41c7d2d1-c295-471b-a1b0-1bacf1efb027", "number_instances": 2, "nics": [{"net-id": "e92da6e0-236e-476e-9948-ec945b9c6214"}]} times: 10 method_name: run timeout: 0 duration: None cls:
2020-02-23 15:22:25.524 1199 RALLYDEBUG rally.task.runner [-] Starting a worker. concurrency: 1 args: {"container_format": "bare", "disk_format": "qcow2", "image_location": "/home/opnfv/functest/images/cirros-0.4.0-x86_64-disk.img", "flavor": "41c7d2d1-c295-471b-a1b0-1bacf1efb027", "number_instances": 2, "nics": [{"net-id": "e92da6e0-236e-476e-9948-ec945b9c6214"}]} times: 10 method_name: run timeout: 0 duration: None cls:
2020-02-23 15:22:25.525 1197 INFO rally.task.runner [-] Task 26a86d25-2219-4bce-9687-cd4f6f6b873e | ITER: 1 START
2020-02-23 15:22:25.527 1200 RALLYDEBUG rally.task.runner [-] Starting a worker. concurrency: 1 args: {"container_format": "bare", "disk_format": "qcow2", "image_location": "/home/opnfv/functest/images/cirros-0.4.0-x86_64-disk.img", "flavor": "41c7d2d1-c295-471b-a1b0-1bacf1efb027", "number_instances": 2, "nics": [{"net-id": "e92da6e0-236e-476e-9948-ec945b9c6214"}]} times: 10 method_name: run timeout: 0 duration: None cls:
2020-02-23 15:22:25.529 1198 INFO rally.task.runner [-] Task 26a86d25-2219-4bce-9687-cd4f6f6b873e | ITER: 2 START
2020-02-23 15:22:25.531 1199 INFO rally.task.runner [-] Task 26a86d25-2219-4bce-9687-cd4f6f6b873e | ITER: 3 START
2020-02-23 15:22:25.534 1200 INFO rally.task.runner [-] Task 26a86d25-2219-4bce-9687-cd4f6f6b873e | ITER: 4 START
2020-02-23 15:22:25.953 1197 WARNING rally_openstack.scenarios.glance.images [-] 'kwargs' is deprecated in Rally v0.8.0: Use 'boot_server_kwargs' for additional parameters when booting servers.
2020-02-23 15:22:25.963 1198 WARNING rally_openstack.scenarios.glance.images [-] 'kwargs' is deprecated in Rally v0.8.0: Use 'boot_server_kwargs' for additional parameters when booting servers.
2020-02-23 15:22:26.151 1199 WARNING rally_openstack.scenarios.glance.images [-] 'kwargs' is deprecated in Rally v0.8.0: Use 'boot_server_kwargs' for additional parameters when booting servers.
2020-02-23 15:22:26.234 1200 WARNING rally_openstack.scenarios.glance.images [-] 'kwargs' is deprecated in Rally v0.8.0: Use 'boot_server_kwargs' for additional parameters when booting servers.
2020-02-23 15:22:28.324 1198 RALLYDEBUG rally.task.utils [-] Waiting for resource u'44d0c596-efd1-4c80-9389-76c58e014100'. Status changed: NONE => QUEUED in 0.0908958911896
2020-02-23 15:22:28.437 1199 RALLYDEBUG rally.task.utils [-] Waiting for resource u'bb297754-1c77-42a6-a1f1-f72a68fc04f8'. Status changed: NONE => QUEUED in 0.0836460590363
2020-02-23 15:22:28.527 1197 RALLYDEBUG rally.task.utils [-] Waiting for resource u'65f6d89a-009a-41ec-b74c-648095528a09'. Status changed: NONE => QUEUED in 0.0954320430756
2020-02-23 15:22:28.531 1200 RALLYDEBUG rally.task.utils [-] Waiting for resource u'9118f0fb-56f3-46aa-93ec-66f25667d879'. Status changed: NONE => QUEUED in 0.0901591777802
2020-02-23 15:22:29.564 1199 RALLYDEBUG rally.task.utils [-] Waiting for resource s_rally_1eedb625_kURWm8to. Status changed: QUEUED => ACTIVE in 0.0477271080017
2020-02-23 15:22:29.571 1199 DEBUG novaclient.v2.client [-] REQ: curl -g -i -X POST http://compute-airship.intel-pod17.opnfv.org/v2.1/servers -H "Accept: application/json" -H "Content-Type: application/json" -H "User-Agent: python-novaclient" -H "X-Auth-Token: {SHA1}dc86c544011e8888825f74d3583b4ad2cc2edf99" -d '{"server": {"name": "s_rally_1eedb625_qcBmkYKT_0", "imageRef": "bb297754-1c77-42a6-a1f1-f72a68fc04f8", "flavorRef": "41c7d2d1-c295-471b-a1b0-1bacf1efb027", "max_count": 1, "min_count": 1, "networks": [{"uuid": "e92da6e0-236e-476e-9948-ec945b9c6214"}]}}' _http_log_request /usr/lib/python2.7/site-packages/keystoneauth1/session.py:448
2020-02-23 15:22:29.657 1197 RALLYDEBUG rally.task.utils [-] Waiting for resource s_rally_1eedb625_v6UMLRVl. Status changed: QUEUED => ACTIVE in 0.0473389625549
2020-02-23 15:22:29.664 1197 DEBUG novaclient.v2.client [-] REQ: curl -g -i -X POST http://compute-airship.intel-pod17.opnfv.org/v2.1/servers -H "Accept: application/json" -H "Content-Type: application/json" -H "User-Agent: python-novaclient" -H "X-Auth-Token: {SHA1}6a6cc38a46db5fd6d359bd3140949c95f2e4fb61" -d '{"server": {"name": "s_rally_1eedb625_YKtEBEvW_0", "imageRef": "65f6d89a-009a-41ec-b74c-648095528a09", "flavorRef": "41c7d2d1-c295-471b-a1b0-1bacf1efb027", "max_count": 1, "min_count": 1, "networks": [{"uuid": "e92da6e0-236e-476e-9948-ec945b9c6214"}]}}' _http_log_request /usr/lib/python2.7/site-packages/keystoneauth1/session.py:448
2020-02-23 15:22:30.545 1197 DEBUG novaclient.v2.client [-] RESP: [202] Connection: keep-alive Content-Length: 416 Content-Type: application/json Date: Sun, 23 Feb 2020 15:22:30 GMT Location: http://compute-airship.intel-pod17.opnfv.org/v2.1/servers/64a4934e-7840-42e9-bf91-36eb991314f8 Openstack-Api-Version: compute 2.1 Vary: OpenStack-API-Version, X-OpenStack-Nova-API-Version X-Compute-Request-Id: req-a0a07b72-b573-4dcb-bcad-9cccf00f3e0d X-Openstack-Nova-Api-Version: 2.1 _http_log_response /usr/lib/python2.7/site-packages/keystoneauth1/session.py:479
2020-02-23 15:22:30.546 1197 DEBUG novaclient.v2.client [-] RESP BODY: {"server": {"security_groups": [{"name": "default"}], "OS-DCF:diskConfig": "MANUAL", "id": "64a4934e-7840-42e9-bf91-36eb991314f8", "links": [{"href": "http://compute-airship.intel-pod17.opnfv.org/v2.1/servers/64a4934e-7840-42e9-bf91-36eb991314f8", "rel": "self"}, {"href": "http://compute-airship.intel-pod17.opnfv.org/servers/64a4934e-7840-42e9-bf91-36eb991314f8", "rel": "bookmark"}], "adminPass": "rUk6K3SnaebZ"}} _http_log_response /usr/lib/python2.7/site-packages/keystoneauth1/session.py:511
2020-02-23 15:22:30.546 1197 DEBUG novaclient.v2.client [-] POST call to compute for http://compute-airship.intel-pod17.opnfv.org/v2.1/servers used request id req-a0a07b72-b573-4dcb-bcad-9cccf00f3e0d request /usr/lib/python2.7/site-packages/keystoneauth1/session.py:844
2020-02-23 15:22:30.549 1197 DEBUG novaclient.v2.client [-] REQ: curl -g -i -X POST http://compute-airship.intel-pod17.opnfv.org/v2.1/servers -H "Accept: application/json" -H "Content-Type: application/json" -H "User-Agent: python-novaclient" -H "X-Auth-Token: {SHA1}6a6cc38a46db5fd6d359bd3140949c95f2e4fb61" -d '{"server": {"name": "s_rally_1eedb625_YKtEBEvW_1", "imageRef": "65f6d89a-009a-41ec-b74c-648095528a09", "flavorRef": "41c7d2d1-c295-471b-a1b0-1bacf1efb027", "max_count": 1, "min_count": 1, "networks": [{"uuid": "e92da6e0-236e-476e-9948-ec945b9c6214"}]}}' _http_log_request /usr/lib/python2.7/site-packages/keystoneauth1/session.py:448
2020-02-23 15:22:31.307 1197 DEBUG novaclient.v2.client [-] RESP: [202] Connection: keep-alive Content-Length: 416 Content-Type: application/json Date: Sun, 23 Feb 2020 15:22:31 GMT Location: http://compute-airship.intel-pod17.opnfv.org/v2.1/servers/0e1372b6-762c-42cb-8182-017649d83af1 Openstack-Api-Version: compute 2.1 Vary: OpenStack-API-Version, X-OpenStack-Nova-API-Version X-Compute-Request-Id: req-7f155628-635e-4560-a968-3545e15e19dd X-Openstack-Nova-Api-Version: 2.1 _http_log_response /usr/lib/python2.7/site-packages/keystoneauth1/session.py:479
2020-02-23 15:22:31.308 1197 DEBUG novaclient.v2.client [-] RESP BODY: {"server": {"security_groups": [{"name": "default"}], "OS-DCF:diskConfig": "MANUAL", "id": "0e1372b6-762c-42cb-8182-017649d83af1", "links": [{"href": "http://compute-airship.intel-pod17.opnfv.org/v2.1/servers/0e1372b6-762c-42cb-8182-017649d83af1", "rel": "self"}, {"href": "http://compute-airship.intel-pod17.opnfv.org/servers/0e1372b6-762c-42cb-8182-017649d83af1", "rel": "bookmark"}], "adminPass": "87CANYba3Aqy"}} _http_log_response /usr/lib/python2.7/site-packages/keystoneauth1/session.py:511
2020-02-23 15:22:31.308 1197 DEBUG novaclient.v2.client [-] POST call to compute for http://compute-airship.intel-pod17.opnfv.org/v2.1/servers used request id req-7f155628-635e-4560-a968-3545e15e19dd request /usr/lib/python2.7/site-packages/keystoneauth1/session.py:844
2020-02-23 15:22:31.310 1197 DEBUG novaclient.v2.client [-] REQ: curl -g -i -X GET http://compute-airship.intel-pod17.opnfv.org/v2.1/servers/detail -H "Accept: application/json" -H "User-Agent: python-novaclient" -H "X-Auth-Token: {SHA1}6a6cc38a46db5fd6d359bd3140949c95f2e4fb61" _http_log_request /usr/lib/python2.7/site-packages/keystoneauth1/session.py:448
2020-02-23 15:22:32.134 1197 DEBUG novaclient.v2.client [-] RESP: [200] Connection: keep-alive Content-Encoding: gzip Content-Type: application/json Date: Sun, 23 Feb 2020 15:22:32 GMT Openstack-Api-Version: compute 2.1 Transfer-Encoding: chunked Vary: Accept-Encoding, OpenStack-API-Version, X-OpenStack-Nova-API-Version X-Compute-Request-Id: req-89f0c3df-9244-4a19-bc4c-e6c22ab52966 X-Openstack-Nova-Api-Version: 2.1 _http_log_response /usr/lib/python2.7/site-packages/keystoneauth1/session.py:479
2020-02-23 15:22:32.135 1197 DEBUG novaclient.v2.client [-] RESP BODY: {"servers": [{"OS-EXT-STS:task_state": "scheduling", "addresses": {}, "links": [{"href": "http://compute-airship.intel-pod17.opnfv.org/v2.1/servers/0e1372b6-762c-42cb-8182-017649d83af1", "rel": "self"}, {"href": "http://compute-airship.intel-pod17.opnfv.org/servers/0e1372b6-762c-42cb-8182-017649d83af1", "rel": "bookmark"}], "image": {"id": "65f6d89a-009a-41ec-b74c-648095528a09", "links": [{"href": "http://compute-airship.intel-pod17.opnfv.org/images/65f6d89a-009a-41ec-b74c-648095528a09", "rel": "bookmark"}]}, "OS-EXT-STS:vm_state": "building", "OS-SRV-USG:launched_at": null, "flavor": {"id": "41c7d2d1-c295-471b-a1b0-1bacf1efb027", "links": [{"href": "http://compute-airship.intel-pod17.opnfv.org/flavors/41c7d2d1-c295-471b-a1b0-1bacf1efb027", "rel": "bookmark"}]}, "id": "0e1372b6-762c-42cb-8182-017649d83af1", "user_id": "b8629c52b45b4ea4a38a580339b181cc", "OS-DCF:diskConfig": "MANUAL", "accessIPv4": "", "accessIPv6": "", "progress": 0, "OS-EXT-STS:power_state": 0, "OS-EXT-AZ:availability_zone": "", "metadata": {}, "status": "BUILD", "updated": "2020-02-23T15:22:31Z", "hostId": "", "OS-SRV-USG:terminated_at": null, "key_name": null, "name": "s_rally_1eedb625_YKtEBEvW_1", "created": "2020-02-23T15:22:31Z", "tenant_id": "a04e45863d154d268dd05d4b8177b243", "os-extended-volumes:volumes_attached": [], "config_drive": ""}, {"OS-EXT-STS:task_state": null, "addresses": {}, "links": [{"href": "http://compute-airship.intel-pod17.opnfv.org/v2.1/servers/64a4934e-7840-42e9-bf91-36eb991314f8", "rel": "self"}, {"href": "http://compute-airship.intel-pod17.opnfv.org/servers/64a4934e-7840-42e9-bf91-36eb991314f8", "rel": "bookmark"}], "image": {"id": "65f6d89a-009a-41ec-b74c-648095528a09", "links": [{"href": "http://compute-airship.intel-pod17.opnfv.org/images/65f6d89a-009a-41ec-b74c-648095528a09", "rel": "bookmark"}]}, "OS-EXT-STS:vm_state": "building", "OS-SRV-USG:launched_at": null, "flavor": {"id": "41c7d2d1-c295-471b-a1b0-1bacf1efb027", "links": [{"href": "http://compute-airship.intel-pod17.opnfv.org/flavors/41c7d2d1-c295-471b-a1b0-1bacf1efb027", "rel": "bookmark"}]}, "id": "64a4934e-7840-42e9-bf91-36eb991314f8", "user_id": "b8629c52b45b4ea4a38a580339b181cc", "OS-DCF:diskConfig": "MANUAL", "accessIPv4": "", "accessIPv6": "", "progress": 0, "OS-EXT-STS:power_state": 0, "OS-EXT-AZ:availability_zone": "nova", "metadata": {}, "status": "BUILD", "updated": "2020-02-23T15:22:31Z", "hostId": "d0eb762e06ebbbdc9f9af1f216ef32488e6da2aa4612f8b7898fe053", "OS-SRV-USG:terminated_at": null, "key_name": null, "name": "s_rally_1eedb625_YKtEBEvW_0", "created": "2020-02-23T15:22:30Z", "tenant_id": "a04e45863d154d268dd05d4b8177b243", "os-extended-volumes:volumes_attached": [], "config_drive": ""}]} _http_log_response /usr/lib/python2.7/site-packages/keystoneauth1/session.py:511
2020-02-23 15:22:32.135 1197 DEBUG novaclient.v2.client [-] GET call to compute for http://compute-airship.intel-pod17.opnfv.org/v2.1/servers/detail used request id req-89f0c3df-9244-4a19-bc4c-e6c22ab52966 request /usr/lib/python2.7/site-packages/keystoneauth1/session.py:844
