2019-12-23 02:10:40.271 6 RALLYDEBUG rally.api [-] INFO logs from urllib3 and requests module are hide.
2019-12-23 02:10:40.271 6 RALLYDEBUG rally.api [-] urllib3 insecure warnings are hidden.
2019-12-23 02:10:40.271 6 RALLYDEBUG rally.api [-] ERROR log from boto module is hide.
2019-12-23 02:10:41.626 6 ERROR rally.cli.cliutils [-] Unexpected exception in CLI: DBRecordNotFound: Record for uuid or name is opnfv-rally not found in table envs
2019-12-23 02:10:41.626 6 ERROR rally.cli.cliutils
Traceback (most recent call last):
2019-12-23 02:10:41.626 6 ERROR rally.cli.cliutils
File "/usr/lib/python2.7/site-packages/rally/cli/cliutils.py", line 674, in run
2019-12-23 02:10:41.626 6 ERROR rally.cli.cliutils ret = fn(*fn_args, **fn_kwargs)
2019-12-23 02:10:41.626 6 ERROR rally.cli.cliutils File "", line 2, in destroy
2019-12-23 02:10:41.626 6 ERROR rally.cli.cliutils
File "/usr/lib/python2.7/site-packages/rally/cli/envutils.py", line 68, in default_from_global
2019-12-23 02:10:41.626 6 ERROR rally.cli.cliutils return f(*args, **kwargs)
2019-12-23 02:10:41.626 6 ERROR rally.cli.cliutils File "", line 2, in destroy
2019-12-23 02:10:41.626 6 ERROR rally.cli.cliutils
File "/usr/lib/python2.7/site-packages/rally/plugins/__init__.py", line 51, in ensure_plugins_are_loaded
2019-12-23 02:10:41.626 6 ERROR rally.cli.cliutils return f(*args, **kwargs)
2019-12-23 02:10:41.626 6 ERROR rally.cli.cliutils
File "/usr/lib/python2.7/site-packages/rally/cli/commands/deployment.py", line 157, in destroy
2019-12-23 02:10:41.626 6 ERROR rally.cli.cliutils api.deployment.destroy(deployment=deployment)
2019-12-23 02:10:41.626 6 ERROR rally.cli.cliutils
File "/usr/lib/python2.7/site-packages/rally/api.py", line 115, in destroy
2019-12-23 02:10:41.626 6 ERROR rally.cli.cliutils deploy = objects.Deployment.get(deployment)
2019-12-23 02:10:41.626 6 ERROR rally.cli.cliutils
File "/usr/lib/python2.7/site-packages/rally/common/objects/deploy.py", line 124, in get
2019-12-23 02:10:41.626 6 ERROR rally.cli.cliutils return Deployment(env_mgr.EnvManager.get(deploy))
2019-12-23 02:10:41.626 6 ERROR rally.cli.cliutils
File "/usr/lib/python2.7/site-packages/rally/env/env_mgr.py", line 212, in get
2019-12-23 02:10:41.626 6 ERROR rally.cli.cliutils return cls(db.env_get(uuid_or_name))
2019-12-23 02:10:41.626 6 ERROR rally.cli.cliutils
File "/usr/lib/python2.7/site-packages/rally/common/db/api.py", line 135, in wrapper
2019-12-23 02:10:41.626 6 ERROR rally.cli.cliutils result = f(session, *args, **kwargs)
2019-12-23 02:10:41.626 6 ERROR rally.cli.cliutils
File "/usr/lib/python2.7/site-packages/rally/common/db/api.py", line 521, in env_get
2019-12-23 02:10:41.626 6 ERROR rally.cli.cliutils criteria="uuid or name is %s" % uuid_or_name, table="envs")
2019-12-23 02:10:41.626 6 ERROR rally.cli.cliutils DBRecordNotFound: Record for uuid or name is opnfv-rally not found in table envs
2019-12-23 02:10:41.626 6 ERROR rally.cli.cliutils
2019-12-23 02:10:42.415 8 RALLYDEBUG rally.api [-] INFO logs from urllib3 and requests module are hide.
2019-12-23 02:10:42.415 8 RALLYDEBUG rally.api [-] urllib3 insecure warnings are hidden.
2019-12-23 02:10:42.415 8 RALLYDEBUG rally.api [-] ERROR log from boto module is hide.
2019-12-23 02:10:44.624 10 RALLYDEBUG rally.api [-] INFO logs from urllib3 and requests module are hide.
2019-12-23 02:10:44.624 10 RALLYDEBUG rally.api [-] urllib3 insecure warnings are hidden.
2019-12-23 02:10:44.624 10 RALLYDEBUG rally.api [-] ERROR log from boto module is hide.
2019-12-23 02:10:47.227 13 RALLYDEBUG rally.api [-] INFO logs from urllib3 and requests module are hide.
2019-12-23 02:10:47.227 13 RALLYDEBUG rally.api [-] urllib3 insecure warnings are hidden.
2019-12-23 02:10:47.227 13 RALLYDEBUG rally.api [-] ERROR log from boto module is hide.
2019-12-23 02:10:48.574 15 RALLYDEBUG rally.api [-] INFO logs from urllib3 and requests module are hide.
2019-12-23 02:10:48.575 15 RALLYDEBUG rally.api [-] urllib3 insecure warnings are hidden.
2019-12-23 02:10:48.575 15 RALLYDEBUG rally.api [-] ERROR log from boto module is hide.
2019-12-23 02:10:49.838 15 INFO rally.common.plugin.discover [-] Loading plugins from directories /root/.rally/plugins/*
2019-12-23 02:10:49.838 15 INFO rally.common.plugin.discover [-] Loaded module with plugins: /root/.rally/plugins/__init__.py
2019-12-23 02:10:49.840 15 INFO rally.common.plugin.discover [-] Loaded module with plugins: /root/.rally/plugins/trunk_scenario.py
2019-12-23 02:10:50.013 15 INFO rally.task.engine [-] Task bc9a01e2-6045-43c5-95ae-387a4b8423f7 | Starting: Task validation.
2019-12-23 02:10:50.025 15 INFO rally.task.engine [-] Task bc9a01e2-6045-43c5-95ae-387a4b8423f7 | Starting: Task validation of syntax.
2019-12-23 02:10:50.174 15 INFO rally.task.engine [-] Task bc9a01e2-6045-43c5-95ae-387a4b8423f7 | Completed: Task validation of syntax.
2019-12-23 02:10:50.174 15 INFO rally.task.engine [-] Task bc9a01e2-6045-43c5-95ae-387a4b8423f7 | Starting: Task validation of required platforms.
2019-12-23 02:10:50.242 15 INFO rally.task.engine [-] Task bc9a01e2-6045-43c5-95ae-387a4b8423f7 | Completed: Task validation of required platforms.
2019-12-23 02:10:50.242 15 INFO rally.task.engine [-] Task bc9a01e2-6045-43c5-95ae-387a4b8423f7 | Starting: Task validation of semantic.
2019-12-23 02:10:50.242 15 INFO rally.task.engine [-] Check health of the environment 'a41d57d8-acf0-49fd-9aa5-6212eba28d07'.
2019-12-23 02:10:50.656 15 INFO rally.task.engine [-] Platform existing@openstack (available: True): OK!
2019-12-23 02:10:50.666 15 RALLYDEBUG rally_openstack.contexts.keystone.users [-] Creating 1 tenants using 20 threads
2019-12-23 02:10:50.940 15 RALLYDEBUG rally_openstack.contexts.keystone.users [-] Creating 1 users using 20 threads
2019-12-23 02:10:51.337 15 INFO rally.task.context [-] Task bc9a01e2-6045-43c5-95ae-387a4b8423f7 | Context users@openstack setup() finished in 0.67 sec
2019-12-23 02:10:52.651 15 INFO rally.task.context [-] Task bc9a01e2-6045-43c5-95ae-387a4b8423f7 | Context users@openstack cleanup() started
2019-12-23 02:10:54.208 15 INFO rally.task.context [-] Task bc9a01e2-6045-43c5-95ae-387a4b8423f7 | Context users@openstack cleanup() finished in 1.56 sec
2019-12-23 02:10:54.208 15 INFO rally.task.engine [-] Task bc9a01e2-6045-43c5-95ae-387a4b8423f7 | Completed: Task validation of semantic.
2019-12-23 02:10:54.209 15 INFO rally.task.engine [-] Task bc9a01e2-6045-43c5-95ae-387a4b8423f7 | Completed: Task validation.
2019-12-23 02:10:54.209 15 INFO rally.api [-] Task bc9a01e2-6045-43c5-95ae-387a4b8423f7 input file is valid.
2019-12-23 02:10:54.209 15 INFO rally.api [-] Run Task bc9a01e2-6045-43c5-95ae-387a4b8423f7 against Deployment a41d57d8-acf0-49fd-9aa5-6212eba28d07
2019-12-23 02:10:54.210 15 INFO rally.task.engine [-] Task bc9a01e2-6045-43c5-95ae-387a4b8423f7 | Starting: Running task.
2019-12-23 02:10:54.255 15 INFO rally.task.engine [-] Running workload: position = 0 config = { "version": 2, "title": "A cropped version of a bigger task.", "description": "Auto-generated task from a single workload (uuid=b816a1b5-dc33-4b97-a135-acbd364ed091)", "subtasks": [ { "title": "NeutronNetworks.create_and_list_networks", "description": "Check performance of list_networks action and ensure > network quotas are not exceeded", "scenario": { "NeutronNetworks.create_and_list_networks": {} }, "contexts": { "users": { "tenants": 1, "users_per_tenant": 1 }, "quotas": { "neutron": { "network": 119 } } }, "runner": { "constant": { "times": 100, "concurrency": 20 } }, "hooks": [], "sla": { "max_avg_duration_per_atomic": { "neutron.list_networks": 15 }, "failure_rate": { "max": 0 } } } ] }
2019-12-23 02:10:54.268 15 RALLYDEBUG rally_openstack.contexts.keystone.users [-] Creating 1 tenants using 20 threads
2019-12-23 02:10:54.574 15 RALLYDEBUG rally_openstack.contexts.keystone.users [-] Creating 1 users using 20 threads
2019-12-23 02:10:54.961 15 INFO rally.task.context [-] Task bc9a01e2-6045-43c5-95ae-387a4b8423f7 | Context users@openstack setup() finished in 0.69 sec
2019-12-23 02:10:55.283 15 INFO rally.task.context [-] Task bc9a01e2-6045-43c5-95ae-387a4b8423f7 | Context quotas@openstack setup() finished in 0.32 sec
2019-12-23 02:10:55.284 15 INFO rally.task.context [-] Task bc9a01e2-6045-43c5-95ae-387a4b8423f7 | Context cleanup@openstack setup() finished in 0.01 msec
2019-12-23 02:10:55.293 15 RALLYDEBUG rally.task.runner [-] Starting the constant runner (task UUID: bc9a01e2-6045-43c5-95ae-387a4b8423f7). timeout: 0 concurrency: 20 concurrency_per_worker: 1 times: 100 concurrency_overhead: 0 processes_to_start: 20 max_cpu_used: 88
2019-12-23 02:10:55.306 139 RALLYDEBUG rally.task.runner [-] Starting a worker. concurrency: 1 args: {} times: 100 method_name: run timeout: 0 duration: None cls:
2019-12-23 02:10:55.308 140 RALLYDEBUG rally.task.runner [-] Starting a worker. concurrency: 1 args: {} times: 100 method_name: run timeout: 0 duration: None cls:
2019-12-23 02:10:55.310 141 RALLYDEBUG rally.task.runner [-] Starting a worker. concurrency: 1 args: {} times: 100 method_name: run timeout: 0 duration: None cls:
2019-12-23 02:10:55.311 139 INFO rally.task.runner [-] Task bc9a01e2-6045-43c5-95ae-387a4b8423f7 | ITER: 1 START
2019-12-23 02:10:55.313 142 RALLYDEBUG rally.task.runner [-] Starting a worker. concurrency: 1 args: {} times: 100 method_name: run timeout: 0 duration: None cls:
2019-12-23 02:10:55.314 140 INFO rally.task.runner [-] Task bc9a01e2-6045-43c5-95ae-387a4b8423f7 | ITER: 2 START
2019-12-23 02:10:55.316 141 INFO rally.task.runner [-] Task bc9a01e2-6045-43c5-95ae-387a4b8423f7 | ITER: 3 START
2019-12-23 02:10:55.316 143 RALLYDEBUG rally.task.runner [-] Starting a worker. concurrency: 1 args: {} times: 100 method_name: run timeout: 0 duration: None cls:
2019-12-23 02:10:55.318 142 INFO rally.task.runner [-] Task bc9a01e2-6045-43c5-95ae-387a4b8423f7 | ITER: 4 START
2019-12-23 02:10:55.318 147 RALLYDEBUG rally.task.runner [-] Starting a worker. concurrency: 1 args: {} times: 100 method_name: run timeout: 0 duration: None cls:
2019-12-23 02:10:55.320 150 RALLYDEBUG rally.task.runner [-] Starting a worker. concurrency: 1 args: {} times: 100 method_name: run timeout: 0 duration: None cls:
2019-12-23 02:10:55.321 143 INFO rally.task.runner [-] Task bc9a01e2-6045-43c5-95ae-387a4b8423f7 | ITER: 5 START
2019-12-23 02:10:55.323 147 INFO rally.task.runner [-] Task bc9a01e2-6045-43c5-95ae-387a4b8423f7 | ITER: 6 START
2019-12-23 02:10:55.323 154 RALLYDEBUG rally.task.runner [-] Starting a worker. concurrency: 1 args: {} times: 100 method_name: run timeout: 0 duration: None cls:
2019-12-23 02:10:55.326 150 INFO rally.task.runner [-] Task bc9a01e2-6045-43c5-95ae-387a4b8423f7 | ITER: 7 START
2019-12-23 02:10:55.326 156 RALLYDEBUG rally.task.runner [-] Starting a worker. concurrency: 1 args: {} times: 100 method_name: run timeout: 0 duration: None cls:
2019-12-23 02:10:55.328 154 INFO rally.task.runner [-] Task bc9a01e2-6045-43c5-95ae-387a4b8423f7 | ITER: 8 START
2019-12-23 02:10:55.328 160 RALLYDEBUG rally.task.runner [-] Starting a worker. concurrency: 1 args: {} times: 100 method_name: run timeout: 0 duration: None cls:
2019-12-23 02:10:55.331 156 INFO rally.task.runner [-] Task bc9a01e2-6045-43c5-95ae-387a4b8423f7 | ITER: 9 START
2019-12-23 02:10:55.331 163 RALLYDEBUG rally.task.runner [-] Starting a worker. concurrency: 1 args: {} times: 100 method_name: run timeout: 0 duration: None cls:
2019-12-23 02:10:55.333 160 INFO rally.task.runner [-] Task bc9a01e2-6045-43c5-95ae-387a4b8423f7 | ITER: 10 START
2019-12-23 02:10:55.333 166 RALLYDEBUG rally.task.runner [-] Starting a worker. concurrency: 1 args: {} times: 100 method_name: run timeout: 0 duration: None cls:
2019-12-23 02:10:55.336 163 INFO rally.task.runner [-] Task bc9a01e2-6045-43c5-95ae-387a4b8423f7 | ITER: 11 START
2019-12-23 02:10:55.336 169 RALLYDEBUG rally.task.runner [-] Starting a worker. concurrency: 1 args: {} times: 100 method_name: run timeout: 0 duration: None cls:
2019-12-23 02:10:55.339 166 INFO rally.task.runner [-] Task bc9a01e2-6045-43c5-95ae-387a4b8423f7 | ITER: 12 START
2019-12-23 02:10:55.339 172 RALLYDEBUG rally.task.runner [-] Starting a worker. concurrency: 1 args: {} times: 100 method_name: run timeout: 0 duration: None cls:
2019-12-23 02:10:55.341 175 RALLYDEBUG rally.task.runner [-] Starting a worker. concurrency: 1 args: {} times: 100 method_name: run timeout: 0 duration: None cls:
2019-12-23 02:10:55.341 169 INFO rally.task.runner [-] Task bc9a01e2-6045-43c5-95ae-387a4b8423f7 | ITER: 13 START
2019-12-23 02:10:55.344 178 RALLYDEBUG rally.task.runner [-] Starting a worker. concurrency: 1 args: {} times: 100 method_name: run timeout: 0 duration: None cls:
2019-12-23 02:10:55.344 172 INFO rally.task.runner [-] Task bc9a01e2-6045-43c5-95ae-387a4b8423f7 | ITER: 14 START
2019-12-23 02:10:55.345 175 INFO rally.task.runner [-] Task bc9a01e2-6045-43c5-95ae-387a4b8423f7 | ITER: 15 START
2019-12-23 02:10:55.346 181 RALLYDEBUG rally.task.runner [-] Starting a worker. concurrency: 1 args: {} times: 100 method_name: run timeout: 0 duration: None cls:
2019-12-23 02:10:55.349 178 INFO rally.task.runner [-] Task bc9a01e2-6045-43c5-95ae-387a4b8423f7 | ITER: 16 START
2019-12-23 02:10:55.349 184 RALLYDEBUG rally.task.runner [-] Starting a worker. concurrency: 1 args: {} times: 100 method_name: run timeout: 0 duration: None cls:
2019-12-23 02:10:55.351 181 INFO rally.task.runner [-] Task bc9a01e2-6045-43c5-95ae-387a4b8423f7 | ITER: 17 START
2019-12-23 02:10:55.351 187 RALLYDEBUG rally.task.runner [-] Starting a worker. concurrency: 1 args: {} times: 100 method_name: run timeout: 0 duration: None cls:
2019-12-23 02:10:55.353 190 RALLYDEBUG rally.task.runner [-] Starting a worker. concurrency: 1 args: {} times: 100 method_name: run timeout: 0 duration: None cls:
2019-12-23 02:10:55.354 184 INFO rally.task.runner [-] Task bc9a01e2-6045-43c5-95ae-387a4b8423f7 | ITER: 18 START
2019-12-23 02:10:55.356 187 INFO rally.task.runner [-] Task bc9a01e2-6045-43c5-95ae-387a4b8423f7 | ITER: 19 START
2019-12-23 02:10:55.358 190 INFO rally.task.runner [-] Task bc9a01e2-6045-43c5-95ae-387a4b8423f7 | ITER: 20 START
2019-12-23 02:10:56.413 139 INFO rally.task.runner [-] Task bc9a01e2-6045-43c5-95ae-387a4b8423f7 | ITER: 1 END: OK
2019-12-23 02:10:56.417 139 INFO rally.task.runner [-] Task bc9a01e2-6045-43c5-95ae-387a4b8423f7 | ITER: 21 START
2019-12-23 02:10:56.420 141 INFO rally.task.runner [-] Task bc9a01e2-6045-43c5-95ae-387a4b8423f7 | ITER: 3 END: OK
2019-12-23 02:10:56.424 141 INFO rally.task.runner [-] Task bc9a01e2-6045-43c5-95ae-387a4b8423f7 | ITER: 22 START
2019-12-23 02:10:56.508 140 INFO rally.task.runner [-] Task bc9a01e2-6045-43c5-95ae-387a4b8423f7 | ITER: 2 END: OK
2019-12-23 02:10:56.512 140 INFO rally.task.runner [-] Task bc9a01e2-6045-43c5-95ae-387a4b8423f7 | ITER: 23 START
2019-12-23 02:10:57.891 143 INFO rally.task.runner [-] Task bc9a01e2-6045-43c5-95ae-387a4b8423f7 | ITER: 5 END: OK
2019-12-23 02:10:57.896 143 INFO rally.task.runner [-] Task bc9a01e2-6045-43c5-95ae-387a4b8423f7 | ITER: 24 START
2019-12-23 02:10:57.967 150 INFO rally.task.runner [-] Task bc9a01e2-6045-43c5-95ae-387a4b8423f7 | ITER: 7 END: OK
2019-12-23 02:10:57.971 150 INFO rally.task.runner [-] Task bc9a01e2-6045-43c5-95ae-387a4b8423f7 | ITER: 25 START
2019-12-23 02:10:57.994 147 INFO rally.task.runner [-] Task bc9a01e2-6045-43c5-95ae-387a4b8423f7 | ITER: 6 END: OK
2019-12-23 02:10:57.998 147 INFO rally.task.runner [-] Task bc9a01e2-6045-43c5-95ae-387a4b8423f7 | ITER: 26 START
2019-12-23 02:10:58.022 156 INFO rally.task.runner [-] Task bc9a01e2-6045-43c5-95ae-387a4b8423f7 | ITER: 9 END: OK
2019-12-23 02:10:58.026 156 INFO rally.task.runner [-] Task bc9a01e2-6045-43c5-95ae-387a4b8423f7 | ITER: 27 START
2019-12-23 02:10:58.152 142 INFO rally.task.runner [-] Task bc9a01e2-6045-43c5-95ae-387a4b8423f7 | ITER: 4 END: OK
2019-12-23 02:10:58.156 142 INFO rally.task.runner [-] Task bc9a01e2-6045-43c5-95ae-387a4b8423f7 | ITER: 28 START
2019-12-23 02:10:58.301 169 INFO rally.task.runner [-] Task bc9a01e2-6045-43c5-95ae-387a4b8423f7 | ITER: 13 END: OK
2019-12-23 02:10:58.305 169 INFO rally.task.runner [-] Task bc9a01e2-6045-43c5-95ae-387a4b8423f7 | ITER: 29 START
2019-12-23 02:10:58.430 178 INFO rally.task.runner [-] Task bc9a01e2-6045-43c5-95ae-387a4b8423f7 | ITER: 16 END: OK
2019-12-23 02:10:58.434 178 INFO rally.task.runner [-] Task bc9a01e2-6045-43c5-95ae-387a4b8423f7 | ITER: 30 START
2019-12-23 02:10:58.546 163 INFO rally.task.runner [-] Task bc9a01e2-6045-43c5-95ae-387a4b8423f7 | ITER: 11 END: OK
2019-12-23 02:10:58.551 163 INFO rally.task.runner [-] Task bc9a01e2-6045-43c5-95ae-387a4b8423f7 | ITER: 31 START
2019-12-23 02:10:58.554 172 INFO rally.task.runner [-] Task bc9a01e2-6045-43c5-95ae-387a4b8423f7 | ITER: 14 END: OK
2019-12-23 02:10:58.558 172 INFO rally.task.runner [-] Task bc9a01e2-6045-43c5-95ae-387a4b8423f7 | ITER: 32 START
2019-12-23 02:10:58.620 181 INFO rally.task.runner [-] Task bc9a01e2-6045-43c5-95ae-387a4b8423f7 | ITER: 17 END: OK
2019-12-23 02:10:58.624 181 INFO rally.task.runner [-] Task bc9a01e2-6045-43c5-95ae-387a4b8423f7 | ITER: 33 START
2019-12-23 02:10:58.632 187 INFO rally.task.runner [-] Task bc9a01e2-6045-43c5-95ae-387a4b8423f7 | ITER: 19 END: OK
2019-12-23 02:10:58.635 187 INFO rally.task.runner [-] Task bc9a01e2-6045-43c5-95ae-387a4b8423f7 | ITER: 34 START
2019-12-23 02:10:58.688 154 INFO rally.task.runner [-] Task bc9a01e2-6045-43c5-95ae-387a4b8423f7 | ITER: 8 END: OK
2019-12-23 02:10:58.690 154 INFO rally.task.runner [-] Task bc9a01e2-6045-43c5-95ae-387a4b8423f7 | ITER: 35 START
2019-12-23 02:10:58.970 175 INFO rally.task.runner [-] Task bc9a01e2-6045-43c5-95ae-387a4b8423f7 | ITER: 15 END: OK
2019-12-23 02:10:58.974 175 INFO rally.task.runner [-] Task bc9a01e2-6045-43c5-95ae-387a4b8423f7 | ITER: 36 START
2019-12-23 02:10:59.037 143 INFO rally.task.runner [-] Task bc9a01e2-6045-43c5-95ae-387a4b8423f7 | ITER: 24 END: OK
2019-12-23 02:10:59.040 143 INFO rally.task.runner [-] Task bc9a01e2-6045-43c5-95ae-387a4b8423f7 | ITER: 37 START
2019-12-23 02:10:59.052 139 INFO rally.task.runner [-] Task bc9a01e2-6045-43c5-95ae-387a4b8423f7 | ITER: 21 END: OK
2019-12-23 02:10:59.056 139 INFO rally.task.runner [-] Task bc9a01e2-6045-43c5-95ae-387a4b8423f7 | ITER: 38 START
2019-12-23 02:10:59.056 190 INFO rally.task.runner [-] Task bc9a01e2-6045-43c5-95ae-387a4b8423f7 | ITER: 20 END: OK
2019-12-23 02:10:59.060 190 INFO rally.task.runner [-] Task bc9a01e2-6045-43c5-95ae-387a4b8423f7 | ITER: 39 START
2019-12-23 02:10:59.100 140 INFO rally.task.runner [-] Task bc9a01e2-6045-43c5-95ae-387a4b8423f7 | ITER: 23 END: OK
2019-12-23 02:10:59.104 140 INFO rally.task.runner [-] Task bc9a01e2-6045-43c5-95ae-387a4b8423f7 | ITER: 40 START
2019-12-23 02:10:59.128 141 INFO rally.task.runner [-] Task bc9a01e2-6045-43c5-95ae-387a4b8423f7 | ITER: 22 END: OK
2019-12-23 02:10:59.131 141 INFO rally.task.runner [-] Task bc9a01e2-6045-43c5-95ae-387a4b8423f7 | ITER: 41 START
2019-12-23 02:10:59.220 147 INFO rally.task.runner [-] Task bc9a01e2-6045-43c5-95ae-387a4b8423f7 | ITER: 26 END: OK
2019-12-23 02:10:59.224 147 INFO rally.task.runner [-] Task bc9a01e2-6045-43c5-95ae-387a4b8423f7 | ITER: 42 START
2019-12-23 02:10:59.336 160 INFO rally.task.runner [-] Task bc9a01e2-6045-43c5-95ae-387a4b8423f7 | ITER: 10 END: OK
2019-12-23 02:10:59.340 160 INFO rally.task.runner [-] Task bc9a01e2-6045-43c5-95ae-387a4b8423f7 | ITER: 43 START
2019-12-23 02:10:59.344 166 INFO rally.task.runner [-] Task bc9a01e2-6045-43c5-95ae-387a4b8423f7 | ITER: 12 END: OK
2019-12-23 02:10:59.347 166 INFO rally.task.runner [-] Task bc9a01e2-6045-43c5-95ae-387a4b8423f7 | ITER: 44 START
2019-12-23 02:10:59.435 156 INFO rally.task.runner [-] Task bc9a01e2-6045-43c5-95ae-387a4b8423f7 | ITER: 27 END: OK
2019-12-23 02:10:59.439 156 INFO rally.task.runner [-] Task bc9a01e2-6045-43c5-95ae-387a4b8423f7 | ITER: 45 START
2019-12-23 02:10:59.491 142 INFO rally.task.runner [-] Task bc9a01e2-6045-43c5-95ae-387a4b8423f7 | ITER: 28 END: OK
2019-12-23 02:10:59.494 142 INFO rally.task.runner [-] Task bc9a01e2-6045-43c5-95ae-387a4b8423f7 | ITER: 46 START
2019-12-23 02:10:59.498 169 INFO rally.task.runner [-] Task bc9a01e2-6045-43c5-95ae-387a4b8423f7 | ITER: 29 END: OK
2019-12-23 02:10:59.501 169 INFO rally.task.runner [-] Task bc9a01e2-6045-43c5-95ae-387a4b8423f7 | ITER: 47 START
2019-12-23 02:10:59.538 184 INFO rally.task.runner [-] Task bc9a01e2-6045-43c5-95ae-387a4b8423f7 | ITER: 18 END: OK
2019-12-23 02:10:59.541 184 INFO rally.task.runner [-] Task bc9a01e2-6045-43c5-95ae-387a4b8423f7 | ITER: 48 START
2019-12-23 02:10:59.678 178 INFO rally.task.runner [-] Task bc9a01e2-6045-43c5-95ae-387a4b8423f7 | ITER: 30 END: OK
2019-12-23 02:10:59.682 178 INFO rally.task.runner [-] Task bc9a01e2-6045-43c5-95ae-387a4b8423f7 | ITER: 49 START
2019-12-23 02:10:59.837 150 INFO rally.task.runner [-] Task bc9a01e2-6045-43c5-95ae-387a4b8423f7 | ITER: 25 END: OK
2019-12-23 02:10:59.841 150 INFO rally.task.runner [-] Task bc9a01e2-6045-43c5-95ae-387a4b8423f7 | ITER: 50 START
2019-12-23 02:10:59.950 163 INFO rally.task.runner [-] Task bc9a01e2-6045-43c5-95ae-387a4b8423f7 | ITER: 31 END: OK
2019-12-23 02:10:59.953 163 INFO rally.task.runner [-] Task bc9a01e2-6045-43c5-95ae-387a4b8423f7 | ITER: 51 START
2019-12-23 02:11:00.057 143 INFO rally.task.runner [-] Task bc9a01e2-6045-43c5-95ae-387a4b8423f7 | ITER: 37 END: OK
2019-12-23 02:11:00.061 143 INFO rally.task.runner [-] Task bc9a01e2-6045-43c5-95ae-387a4b8423f7 | ITER: 52 START
2019-12-23 02:11:00.066 187 INFO rally.task.runner [-] Task bc9a01e2-6045-43c5-95ae-387a4b8423f7 | ITER: 34 END: OK
2019-12-23 02:11:00.070 187 INFO rally.task.runner [-] Task bc9a01e2-6045-43c5-95ae-387a4b8423f7 | ITER: 53 START
2019-12-23 02:11:00.106 190 INFO rally.task.runner [-] Task bc9a01e2-6045-43c5-95ae-387a4b8423f7 | ITER: 39 END: OK
2019-12-23 02:11:00.110 190 INFO rally.task.runner [-] Task bc9a01e2-6045-43c5-95ae-387a4b8423f7 | ITER: 54 START
2019-12-23 02:11:00.159 175 INFO rally.task.runner [-] Task bc9a01e2-6045-43c5-95ae-387a4b8423f7 | ITER: 36 END: OK
2019-12-23 02:11:00.163 175 INFO rally.task.runner [-] Task bc9a01e2-6045-43c5-95ae-387a4b8423f7 | ITER: 55 START
2019-12-23 02:11:00.323 172 INFO rally.task.runner [-] Task bc9a01e2-6045-43c5-95ae-387a4b8423f7 | ITER: 32 END: OK
2019-12-23 02:11:00.327 172 INFO rally.task.runner [-] Task bc9a01e2-6045-43c5-95ae-387a4b8423f7 | ITER: 56 START
2019-12-23 02:11:00.363 139 INFO rally.task.runner [-] Task bc9a01e2-6045-43c5-95ae-387a4b8423f7 | ITER: 38 END: OK
2019-12-23 02:11:00.366 139 INFO rally.task.runner [-] Task bc9a01e2-6045-43c5-95ae-387a4b8423f7 | ITER: 57 START
2019-12-23 02:11:00.387 154 INFO rally.task.runner [-] Task bc9a01e2-6045-43c5-95ae-387a4b8423f7 | ITER: 35 END: OK
2019-12-23 02:11:00.391 154 INFO rally.task.runner [-] Task bc9a01e2-6045-43c5-95ae-387a4b8423f7 | ITER: 58 START
2019-12-23 02:11:00.584 140 INFO rally.task.runner [-] Task bc9a01e2-6045-43c5-95ae-387a4b8423f7 | ITER: 40 END: OK
2019-12-23 02:11:00.588 140 INFO rally.task.runner [-] Task bc9a01e2-6045-43c5-95ae-387a4b8423f7 | ITER: 59 START
2019-12-23 02:11:00.824 160 INFO rally.task.runner [-] Task bc9a01e2-6045-43c5-95ae-387a4b8423f7 | ITER: 43 END: OK
2019-12-23 02:11:00.828 160 INFO rally.task.runner [-] Task bc9a01e2-6045-43c5-95ae-387a4b8423f7 | ITER: 60 START
2019-12-23 02:11:01.049 141 INFO rally.task.runner [-] Task bc9a01e2-6045-43c5-95ae-387a4b8423f7 | ITER: 41 END: OK
2019-12-23 02:11:01.053 141 INFO rally.task.runner [-] Task bc9a01e2-6045-43c5-95ae-387a4b8423f7 | ITER: 61 START
2019-12-23 02:11:01.106 184 INFO rally.task.runner [-] Task bc9a01e2-6045-43c5-95ae-387a4b8423f7 | ITER: 48 END: OK
2019-12-23 02:11:01.109 184 INFO rally.task.runner [-] Task bc9a01e2-6045-43c5-95ae-387a4b8423f7 | ITER: 62 START
2019-12-23 02:11:01.125 181 INFO rally.task.runner [-] Task bc9a01e2-6045-43c5-95ae-387a4b8423f7 | ITER: 33 END: OK
2019-12-23 02:11:01.128 181 INFO rally.task.runner [-] Task bc9a01e2-6045-43c5-95ae-387a4b8423f7 | ITER: 63 START
2019-12-23 02:11:01.190 156 INFO rally.task.runner [-] Task bc9a01e2-6045-43c5-95ae-387a4b8423f7 | ITER: 45 END: OK
2019-12-23 02:11:01.194 156 INFO rally.task.runner [-] Task bc9a01e2-6045-43c5-95ae-387a4b8423f7 | ITER: 64 START
2019-12-23 02:11:01.213 147 INFO rally.task.runner [-] Task bc9a01e2-6045-43c5-95ae-387a4b8423f7 | ITER: 42 END: OK
2019-12-23 02:11:01.217 147 INFO rally.task.runner [-] Task bc9a01e2-6045-43c5-95ae-387a4b8423f7 | ITER: 65 START
2019-12-23 02:11:01.322 166 INFO rally.task.runner [-] Task bc9a01e2-6045-43c5-95ae-387a4b8423f7 | ITER: 44 END: OK
2019-12-23 02:11:01.326 166 INFO rally.task.runner [-] Task bc9a01e2-6045-43c5-95ae-387a4b8423f7 | ITER: 66 START
2019-12-23 02:11:01.402 178 INFO rally.task.runner [-] Task bc9a01e2-6045-43c5-95ae-387a4b8423f7 | ITER: 49 END: OK
2019-12-23 02:11:01.406 178 INFO rally.task.runner [-] Task bc9a01e2-6045-43c5-95ae-387a4b8423f7 | ITER: 67 START
2019-12-23 02:11:01.644 142 INFO rally.task.runner [-] Task bc9a01e2-6045-43c5-95ae-387a4b8423f7 | ITER: 46 END: OK
2019-12-23 02:11:01.648 142 INFO rally.task.runner [-] Task bc9a01e2-6045-43c5-95ae-387a4b8423f7 | ITER: 68 START
2019-12-23 02:11:01.780 187 INFO rally.task.runner [-] Task bc9a01e2-6045-43c5-95ae-387a4b8423f7 | ITER: 53 END: OK
2019-12-23 02:11:01.783 187 INFO rally.task.runner [-] Task bc9a01e2-6045-43c5-95ae-387a4b8423f7 | ITER: 69 START
2019-12-23 02:11:01.796 169 INFO rally.task.runner [-] Task bc9a01e2-6045-43c5-95ae-387a4b8423f7 | ITER: 47 END: OK
2019-12-23 02:11:01.798 143 INFO rally.task.runner [-] Task bc9a01e2-6045-43c5-95ae-387a4b8423f7 | ITER: 52 END: OK
2019-12-23 02:11:01.800 169 INFO rally.task.runner [-] Task bc9a01e2-6045-43c5-95ae-387a4b8423f7 | ITER: 70 START
2019-12-23 02:11:01.802 143 INFO rally.task.runner [-] Task bc9a01e2-6045-43c5-95ae-387a4b8423f7 | ITER: 71 START
2019-12-23 02:11:01.943 150 INFO rally.task.runner [-] Task bc9a01e2-6045-43c5-95ae-387a4b8423f7 | ITER: 50 END: OK
2019-12-23 02:11:01.947 150 INFO rally.task.runner [-] Task bc9a01e2-6045-43c5-95ae-387a4b8423f7 | ITER: 72 START
2019-12-23 02:11:02.178 163 INFO rally.task.runner [-] Task bc9a01e2-6045-43c5-95ae-387a4b8423f7 | ITER: 51 END: OK
2019-12-23 02:11:02.182 163 INFO rally.task.runner [-] Task bc9a01e2-6045-43c5-95ae-387a4b8423f7 | ITER: 73 START
2019-12-23 02:11:02.194 190 INFO rally.task.runner [-] Task bc9a01e2-6045-43c5-95ae-387a4b8423f7 | ITER: 54 END: OK
2019-12-23 02:11:02.198 190 INFO rally.task.runner [-] Task bc9a01e2-6045-43c5-95ae-387a4b8423f7 | ITER: 74 START
2019-12-23 02:11:02.382 139 INFO rally.task.runner [-] Task bc9a01e2-6045-43c5-95ae-387a4b8423f7 | ITER: 57 END: OK
2019-12-23 02:11:02.386 139 INFO rally.task.runner [-] Task bc9a01e2-6045-43c5-95ae-387a4b8423f7 | ITER: 75 START
2019-12-23 02:11:02.572 175 INFO rally.task.runner [-] Task bc9a01e2-6045-43c5-95ae-387a4b8423f7 | ITER: 55 END: OK
2019-12-23 02:11:02.576 175 INFO rally.task.runner [-] Task bc9a01e2-6045-43c5-95ae-387a4b8423f7 | ITER: 76 START
2019-12-23 02:11:02.589 160 INFO rally.task.runner [-] Task bc9a01e2-6045-43c5-95ae-387a4b8423f7 | ITER: 60 END: OK
2019-12-23 02:11:02.593 160 INFO rally.task.runner [-] Task bc9a01e2-6045-43c5-95ae-387a4b8423f7 | ITER: 77 START
2019-12-23 02:11:02.727 140 INFO rally.task.runner [-] Task bc9a01e2-6045-43c5-95ae-387a4b8423f7 | ITER: 59 END: OK
2019-12-23 02:11:02.731 140 INFO rally.task.runner [-] Task bc9a01e2-6045-43c5-95ae-387a4b8423f7 | ITER: 78 START
2019-12-23 02:11:02.739 172 INFO rally.task.runner [-] Task bc9a01e2-6045-43c5-95ae-387a4b8423f7 | ITER: 56 END: OK
2019-12-23 02:11:02.743 172 INFO rally.task.runner [-] Task bc9a01e2-6045-43c5-95ae-387a4b8423f7 | ITER: 79 START
2019-12-23 02:11:02.842 141 INFO rally.task.runner [-] Task bc9a01e2-6045-43c5-95ae-387a4b8423f7 | ITER: 61 END: OK
2019-12-23 02:11:02.843 156 INFO rally.task.runner [-] Task bc9a01e2-6045-43c5-95ae-387a4b8423f7 | ITER: 64 END: OK
2019-12-23 02:11:02.846 141 INFO rally.task.runner [-] Task bc9a01e2-6045-43c5-95ae-387a4b8423f7 | ITER: 80 START
2019-12-23 02:11:02.846 156 INFO rally.task.runner [-] Task bc9a01e2-6045-43c5-95ae-387a4b8423f7 | ITER: 81 START
2019-12-23 02:11:02.893 154 INFO rally.task.runner [-] Task bc9a01e2-6045-43c5-95ae-387a4b8423f7 | ITER: 58 END: OK
2019-12-23 02:11:02.897 154 INFO rally.task.runner [-] Task bc9a01e2-6045-43c5-95ae-387a4b8423f7 | ITER: 82 START
2019-12-23 02:11:03.116 181 INFO rally.task.runner [-] Task bc9a01e2-6045-43c5-95ae-387a4b8423f7 | ITER: 63 END: OK
2019-12-23 02:11:03.120 181 INFO rally.task.runner [-] Task bc9a01e2-6045-43c5-95ae-387a4b8423f7 | ITER: 83 START
2019-12-23 02:11:03.605 166 INFO rally.task.runner [-] Task bc9a01e2-6045-43c5-95ae-387a4b8423f7 | ITER: 66 END: OK
2019-12-23 02:11:03.609 166 INFO rally.task.runner [-] Task bc9a01e2-6045-43c5-95ae-387a4b8423f7 | ITER: 84 START
2019-12-23 02:11:03.619 163 INFO rally.task.runner [-] Task bc9a01e2-6045-43c5-95ae-387a4b8423f7 | ITER: 73 END: OK
2019-12-23 02:11:03.623 163 INFO rally.task.runner [-] Task bc9a01e2-6045-43c5-95ae-387a4b8423f7 | ITER: 85 START
2019-12-23 02:11:03.881 178 INFO rally.task.runner [-] Task bc9a01e2-6045-43c5-95ae-387a4b8423f7 | ITER: 67 END: OK
2019-12-23 02:11:03.884 178 INFO rally.task.runner [-] Task bc9a01e2-6045-43c5-95ae-387a4b8423f7 | ITER: 86 START
2019-12-23 02:11:03.885 142 INFO rally.task.runner [-] Task bc9a01e2-6045-43c5-95ae-387a4b8423f7 | ITER: 68 END: OK
2019-12-23 02:11:03.888 142 INFO rally.task.runner [-] Task bc9a01e2-6045-43c5-95ae-387a4b8423f7 | ITER: 87 START
2019-12-23 02:11:04.081 184 INFO rally.task.runner [-] Task bc9a01e2-6045-43c5-95ae-387a4b8423f7 | ITER: 62 END: OK
2019-12-23 02:11:04.085 184 INFO rally.task.runner [-] Task bc9a01e2-6045-43c5-95ae-387a4b8423f7 | ITER: 88 START
2019-12-23 02:11:04.117 190 INFO rally.task.runner [-] Task bc9a01e2-6045-43c5-95ae-387a4b8423f7 | ITER: 74 END: OK
2019-12-23 02:11:04.121 190 INFO rally.task.runner [-] Task bc9a01e2-6045-43c5-95ae-387a4b8423f7 | ITER: 89 START
2019-12-23 02:11:04.134 147 INFO rally.task.runner [-] Task bc9a01e2-6045-43c5-95ae-387a4b8423f7 | ITER: 65 END: OK
2019-12-23 02:11:04.138 147 INFO rally.task.runner [-] Task bc9a01e2-6045-43c5-95ae-387a4b8423f7 | ITER: 90 START
2019-12-23 02:11:04.200 187 INFO rally.task.runner [-] Task bc9a01e2-6045-43c5-95ae-387a4b8423f7 | ITER: 69 END: OK
2019-12-23 02:11:04.204 187 INFO rally.task.runner [-] Task bc9a01e2-6045-43c5-95ae-387a4b8423f7 | ITER: 91 START
2019-12-23 02:11:04.279 143 INFO rally.task.runner [-] Task bc9a01e2-6045-43c5-95ae-387a4b8423f7 | ITER: 71 END: OK
2019-12-23 02:11:04.283 143 INFO rally.task.runner [-] Task bc9a01e2-6045-43c5-95ae-387a4b8423f7 | ITER: 92 START
2019-12-23 02:11:04.429 150 INFO rally.task.runner [-] Task bc9a01e2-6045-43c5-95ae-387a4b8423f7 | ITER: 72 END: OK
2019-12-23 02:11:04.433 150 INFO rally.task.runner [-] Task bc9a01e2-6045-43c5-95ae-387a4b8423f7 | ITER: 93 START
2019-12-23 02:11:04.488 169 INFO rally.task.runner [-] Task bc9a01e2-6045-43c5-95ae-387a4b8423f7 | ITER: 70 END: OK
2019-12-23 02:11:04.491 169 INFO rally.task.runner [-] Task bc9a01e2-6045-43c5-95ae-387a4b8423f7 | ITER: 94 START
2019-12-23 02:11:04.718 160 INFO rally.task.runner [-] Task bc9a01e2-6045-43c5-95ae-387a4b8423f7 | ITER: 77 END: OK
2019-12-23 02:11:04.721 160 INFO rally.task.runner [-] Task bc9a01e2-6045-43c5-95ae-387a4b8423f7 | ITER: 95 START
2019-12-23 02:11:04.817 181 INFO rally.task.runner [-] Task bc9a01e2-6045-43c5-95ae-387a4b8423f7 | ITER: 83 END: OK
2019-12-23 02:11:04.820 181 INFO rally.task.runner [-] Task bc9a01e2-6045-43c5-95ae-387a4b8423f7 | ITER: 96 START
2019-12-23 02:11:04.871 140 INFO rally.task.runner [-] Task bc9a01e2-6045-43c5-95ae-387a4b8423f7 | ITER: 78 END: OK
2019-12-23 02:11:04.875 140 INFO rally.task.runner [-] Task bc9a01e2-6045-43c5-95ae-387a4b8423f7 | ITER: 97 START
2019-12-23 02:11:04.906 139 INFO rally.task.runner [-] Task bc9a01e2-6045-43c5-95ae-387a4b8423f7 | ITER: 75 END: OK
2019-12-23 02:11:04.910 139 INFO rally.task.runner [-] Task bc9a01e2-6045-43c5-95ae-387a4b8423f7 | ITER: 98 START
2019-12-23 02:11:05.026 154 INFO rally.task.runner [-] Task bc9a01e2-6045-43c5-95ae-387a4b8423f7 | ITER: 82 END: OK
2019-12-23 02:11:05.030 154 INFO rally.task.runner [-] Task bc9a01e2-6045-43c5-95ae-387a4b8423f7 | ITER: 99 START
2019-12-23 02:11:05.195 172 INFO rally.task.runner [-] Task bc9a01e2-6045-43c5-95ae-387a4b8423f7 | ITER: 79 END: OK
2019-12-23 02:11:05.199 172 INFO rally.task.runner [-] Task bc9a01e2-6045-43c5-95ae-387a4b8423f7 | ITER: 100 START
2019-12-23 02:11:05.289 156 INFO rally.task.runner [-] Task bc9a01e2-6045-43c5-95ae-387a4b8423f7 | ITER: 81 END: OK
2019-12-23 02:11:05.641 166 INFO rally.task.runner [-] Task bc9a01e2-6045-43c5-95ae-387a4b8423f7 | ITER: 84 END: OK
2019-12-23 02:11:05.660 141 INFO rally.task.runner [-] Task bc9a01e2-6045-43c5-95ae-387a4b8423f7 | ITER: 80 END: OK
2019-12-23 02:11:05.726 175 INFO rally.task.runner [-] Task bc9a01e2-6045-43c5-95ae-387a4b8423f7 | ITER: 76 END: OK
2019-12-23 02:11:06.150 187 INFO rally.task.runner [-] Task bc9a01e2-6045-43c5-95ae-387a4b8423f7 | ITER: 91 END: OK
2019-12-23 02:11:06.153 147 INFO rally.task.runner [-] Task bc9a01e2-6045-43c5-95ae-387a4b8423f7 | ITER: 90 END: OK
2019-12-23 02:11:06.224 163 INFO rally.task.runner [-] Task bc9a01e2-6045-43c5-95ae-387a4b8423f7 | ITER: 85 END: OK
2019-12-23 02:11:06.283 169 INFO rally.task.runner [-] Task bc9a01e2-6045-43c5-95ae-387a4b8423f7 | ITER: 94 END: OK
2019-12-23 02:11:06.394 142 INFO rally.task.runner [-] Task bc9a01e2-6045-43c5-95ae-387a4b8423f7 | ITER: 87 END: OK
2019-12-23 02:11:06.394 172 INFO rally.task.runner [-] Task bc9a01e2-6045-43c5-95ae-387a4b8423f7 | ITER: 100 END: OK
2019-12-23 02:11:06.482 184 INFO rally.task.runner [-] Task bc9a01e2-6045-43c5-95ae-387a4b8423f7 | ITER: 88 END: OK
2019-12-23 02:11:06.603 181 INFO rally.task.runner [-] Task bc9a01e2-6045-43c5-95ae-387a4b8423f7 | ITER: 96 END: OK
2019-12-23 02:11:06.611 190 INFO rally.task.runner [-] Task bc9a01e2-6045-43c5-95ae-387a4b8423f7 | ITER: 89 END: OK
2019-12-23 02:11:06.612 178 INFO rally.task.runner [-] Task bc9a01e2-6045-43c5-95ae-387a4b8423f7 | ITER: 86 END: OK
2019-12-23 02:11:06.788 150 INFO rally.task.runner [-] Task bc9a01e2-6045-43c5-95ae-387a4b8423f7 | ITER: 93 END: OK
2019-12-23 02:11:06.900 140 INFO rally.task.runner [-] Task bc9a01e2-6045-43c5-95ae-387a4b8423f7 | ITER: 97 END: OK
2019-12-23 02:11:07.000 143 INFO rally.task.runner [-] Task bc9a01e2-6045-43c5-95ae-387a4b8423f7 | ITER: 92 END: OK
2019-12-23 02:11:07.210 160 INFO rally.task.runner [-] Task bc9a01e2-6045-43c5-95ae-387a4b8423f7 | ITER: 95 END: OK
2019-12-23 02:11:07.720 154 INFO rally.task.runner [-] Task bc9a01e2-6045-43c5-95ae-387a4b8423f7 | ITER: 99 END: OK
2019-12-23 02:11:07.918 139 INFO rally.task.runner [-] Task bc9a01e2-6045-43c5-95ae-387a4b8423f7 | ITER: 98 END: OK
2019-12-23 02:11:07.947 15 INFO rally.task.context [-] Task bc9a01e2-6045-43c5-95ae-387a4b8423f7 | Context cleanup@openstack cleanup() started
2019-12-23 02:11:07.951 15 RALLYDEBUG rally_openstack.cleanup.manager [-] Cleaning up neutron vip objects
2019-12-23 02:11:08.121 15 RALLYDEBUG rally_openstack.cleanup.manager [-] Cleaning up neutron health_monitor objects
2019-12-23 02:11:08.293 15 RALLYDEBUG rally_openstack.cleanup.manager [-] Cleaning up neutron pool objects
2019-12-23 02:11:08.473 15 RALLYDEBUG rally_openstack.cleanup.manager [-] Cleaning up neutron loadbalancer objects
2019-12-23 02:11:08.634 15 RALLYDEBUG rally_openstack.cleanup.manager [-] Cleaning up neutron floatingip objects
2019-12-23 02:11:08.852 15 RALLYDEBUG rally_openstack.cleanup.manager [-] Cleaning up neutron trunk objects
2019-12-23 02:11:09.020 15 DEBUG neutronclient.v2_0.client [-] Error message: {"message": "The resource could not be found.

\n\n\n", "code": "404 Not Found", "title": "Not Found"} _handle_fault_response /usr/lib/python2.7/site-packages/neutronclient/v2_0/client.py:259
2019-12-23 02:11:09.031 15 RALLYDEBUG rally_openstack.cleanup.manager [-] Cleaning up neutron port objects
2019-12-23 02:11:09.242 15 RALLYDEBUG rally_openstack.cleanup.manager [-] Cleaning up neutron subnet objects
2019-12-23 02:11:09.458 15 RALLYDEBUG rally_openstack.cleanup.manager [-] Cleaning up neutron network objects
2019-12-23 02:11:10.128 15 RALLYDEBUG rally_openstack.cleanup.manager [-] Deleting neutron.network object s_rally_b816a1b5_wkB1Ueyp (01583292-d8e4-4864-94b6-3780c79b2b59)
2019-12-23 02:11:10.130 15 RALLYDEBUG rally_openstack.cleanup.manager [-] Deleting neutron.network object s_rally_b816a1b5_0nBoAwyL (0a1b15af-78c5-463c-bffc-e487a6ffa97f)
2019-12-23 02:11:10.146 15 RALLYDEBUG rally_openstack.cleanup.manager [-] Deleting neutron.network object s_rally_b816a1b5_aWGY5glo (033a31c5-9e8e-4130-a13b-176b714e90e8)
2019-12-23 02:11:10.148 15 RALLYDEBUG rally_openstack.cleanup.manager [-] Deleting neutron.network object s_rally_b816a1b5_OQ1OpqxL (040b95a0-fdfa-4c71-be29-b09cb176a345)
2019-12-23 02:11:10.159 15 RALLYDEBUG rally_openstack.cleanup.manager [-] Deleting neutron.network object s_rally_b816a1b5_eyFy6FG4 (0c7e3338-dc85-4b98-81b2-df99c0ed139b)
2019-12-23 02:11:10.161 15 RALLYDEBUG rally_openstack.cleanup.manager [-] Deleting neutron.network object s_rally_b816a1b5_P0tqDubL (0b66855c-9aa8-4802-ba13-227a5bd5a011)
2019-12-23 02:11:10.175 15 RALLYDEBUG rally_openstack.cleanup.manager [-] Deleting neutron.network object s_rally_b816a1b5_FMVmjz3N (17a7a30b-1941-43b6-9c98-b5b55146d19d)
2019-12-23 02:11:10.169 15 RALLYDEBUG rally_openstack.cleanup.manager [-] Deleting neutron.network object s_rally_b816a1b5_Rq3sKf4Q (09ccf512-f610-4a34-b9d0-af66244aac6d)
2019-12-23 02:11:10.191 15 RALLYDEBUG rally_openstack.cleanup.manager [-] Deleting neutron.network object s_rally_b816a1b5_H4bYDC7M (0dc275c8-3a09-4a81-83e9-ca0b8d696ef1)
2019-12-23 02:11:10.196 15 RALLYDEBUG rally_openstack.cleanup.manager [-] Deleting neutron.network object s_rally_b816a1b5_MpGzdzhv (0ed49604-2bcf-4511-b0bb-8b0eb6a11649)
2019-12-23 02:11:10.200 15 RALLYDEBUG rally_openstack.cleanup.manager [-] Deleting neutron.network object s_rally_b816a1b5_p2LT7His (10a4df28-b82f-4324-9f5a-00d85845ec8b)
2019-12-23 02:11:10.206 15 RALLYDEBUG rally_openstack.cleanup.manager [-] Deleting neutron.network object s_rally_b816a1b5_KmVpXQO9 (1acdb4ed-51e2-4524-9d30-b36bf599a3ed)
2019-12-23 02:11:10.204 15 RALLYDEBUG rally_openstack.cleanup.manager [-] Deleting neutron.network object s_rally_b816a1b5_ebKd8rM8 (13690481-ea19-446d-85ce-13afecd721f6)
2019-12-23 02:11:10.192 15 RALLYDEBUG rally_openstack.cleanup.manager [-] Deleting neutron.network object s_rally_b816a1b5_EGaDzMYn (1801be7e-2f53-4c9b-8747-22e95ac8f27e)
2019-12-23 02:11:10.219 15 RALLYDEBUG rally_openstack.cleanup.manager [-] Deleting neutron.network object s_rally_b816a1b5_EmDHT7Fv (105e2679-eefa-4ab4-8fff-24f4ca9ffbe5)
2019-12-23 02:11:10.215 15 RALLYDEBUG rally_openstack.cleanup.manager [-] Deleting neutron.network object s_rally_b816a1b5_lFogpBSt (1c34df7a-9f46-40c3-b983-f6f1b8766a63)
2019-12-23 02:11:10.243 15 RALLYDEBUG rally_openstack.cleanup.manager [-] Deleting neutron.network object s_rally_b816a1b5_TKFcflCF (1f73596b-ecb4-4f28-b34f-3666e5d4b54d)
2019-12-23 02:11:10.250 15 RALLYDEBUG rally_openstack.cleanup.manager [-] Deleting neutron.network object s_rally_b816a1b5_OOux1u0G (20470861-5a9a-4a41-89db-dc432e881a32)
2019-12-23 02:11:10.277 15 RALLYDEBUG rally_openstack.cleanup.manager [-] Deleting neutron.network object s_rally_b816a1b5_bu0xbbGb (1af4711d-14b1-4759-bb87-09b646fd1bff)
2019-12-23 02:11:10.324 15 RALLYDEBUG rally_openstack.cleanup.manager [-] Deleting neutron.network object s_rally_b816a1b5_RyX3HpFp (26e80bf6-5675-4a57-878a-67053394c42a)
2019-12-23 02:11:13.127 15 RALLYDEBUG rally_openstack.cleanup.manager [-] Deleting neutron.network object s_rally_b816a1b5_0kAhcMDJ (28a8308d-1d67-4e07-92f5-0433f4a7405a)
2019-12-23 02:11:13.201 15 RALLYDEBUG rally_openstack.cleanup.manager [-] Deleting neutron.network object s_rally_b816a1b5_utoGc36Y (2bc8c540-93a6-4a02-920d-2a018402494e)
2019-12-23 02:11:13.455 15 RALLYDEBUG rally_openstack.cleanup.manager [-] Deleting neutron.network object s_rally_b816a1b5_VOrVS2yC (2c729509-04ad-47c5-9640-6fe8e346ca8c)
2019-12-23 02:11:13.689 15 RALLYDEBUG rally_openstack.cleanup.manager [-] Deleting neutron.network object s_rally_b816a1b5_99xBLd3Q (2ce0336b-a111-4bac-a5ef-b94cb6f89ea5)
2019-12-23 02:11:13.740 15 RALLYDEBUG rally_openstack.cleanup.manager [-] Deleting neutron.network object s_rally_b816a1b5_zJmIBfOO (2eba50c6-dd0f-47b9-a3ea-1e042d17be42)
2019-12-23 02:11:13.944 15 RALLYDEBUG rally_openstack.cleanup.manager [-] Deleting neutron.network object s_rally_b816a1b5_GCwuHFoW (31e83102-79d4-45d2-9aa8-2980d71aeb9c)
2019-12-23 02:11:13.997 15 RALLYDEBUG rally_openstack.cleanup.manager [-] Deleting neutron.network object s_rally_b816a1b5_6zhEpLpw (341dd828-0310-4795-af25-cce3b839830e)
2019-12-23 02:11:14.101 15 RALLYDEBUG rally_openstack.cleanup.manager [-] Deleting neutron.network object s_rally_b816a1b5_9pJLKaZO (357ecb33-1ece-49c0-9da1-f3f14294f999)
2019-12-23 02:11:14.106 15 RALLYDEBUG rally_openstack.cleanup.manager [-] Deleting neutron.network object s_rally_b816a1b5_bXo2Ky8C (361cc4b1-64ff-4104-92f6-a6f29b3d6e46)
2019-12-23 02:11:14.262 15 RALLYDEBUG rally_openstack.cleanup.manager [-] Deleting neutron.network object s_rally_b816a1b5_yQY3ZW5V (36e904ba-deb9-4e06-8b3f-8f66169332d0)
2019-12-23 02:11:14.379 15 RALLYDEBUG rally_openstack.cleanup.manager [-] Deleting neutron.network object s_rally_b816a1b5_YKmfYDN3 (39629435-fd31-47d9-9e52-dda0fcb59be8)
2019-12-23 02:11:14.398 15 RALLYDEBUG rally_openstack.cleanup.manager [-] Deleting neutron.network object s_rally_b816a1b5_pS1k1zcB (39eeccb0-9232-4700-b92f-7fc96be12a0f)
2019-12-23 02:11:14.441 15 RALLYDEBUG rally_openstack.cleanup.manager [-] Deleting neutron.network object s_rally_b816a1b5_D9drotLY (3fc1125b-28ce-4ea1-bbb0-bbdb1cad5d7b)
2019-12-23 02:11:14.654 15 RALLYDEBUG rally_openstack.cleanup.manager [-] Deleting neutron.network object s_rally_b816a1b5_3UYD5CK2 (43b9751e-2f6d-4433-8223-30c557cf951e)
2019-12-23 02:11:14.716 15 RALLYDEBUG rally_openstack.cleanup.manager [-] Deleting neutron.network object s_rally_b816a1b5_MEPY0AtG (443cbadb-6d58-49b4-98ca-a481911f8daf)
2019-12-23 02:11:14.891 15 RALLYDEBUG rally_openstack.cleanup.manager [-] Deleting neutron.network object s_rally_b816a1b5_F2psngmX (474ed07b-dbd7-408b-8d60-ace04ef5d424)
2019-12-23 02:11:15.153 15 RALLYDEBUG rally_openstack.cleanup.manager [-] Deleting neutron.network object s_rally_b816a1b5_O5B0Fbyi (48045ef3-6acc-48ba-9376-202a147210d2)
2019-12-23 02:11:15.255 15 RALLYDEBUG rally_openstack.cleanup.manager [-] Deleting neutron.network object s_rally_b816a1b5_EajTx13K (5235584e-18d9-4a2e-9064-23ff518ae189)
2019-12-23 02:11:15.467 15 RALLYDEBUG rally_openstack.cleanup.manager [-] Deleting neutron.network object s_rally_b816a1b5_Q0bQaBp5 (5d225597-7d16-4b4f-9874-39266b1c8ae8)
2019-12-23 02:11:15.478 15 RALLYDEBUG rally_openstack.cleanup.manager [-] Deleting neutron.network object s_rally_b816a1b5_gk2p561e (63123a2b-778e-40d4-a758-ada9e27790e5)
2019-12-23 02:11:15.686 15 RALLYDEBUG rally_openstack.cleanup.manager [-] Deleting neutron.network object s_rally_b816a1b5_m2XxMoLO (637ec78a-7b46-4fac-b641-293306d54869)
2019-12-23 02:11:15.711 15 RALLYDEBUG rally_openstack.cleanup.manager [-] Deleting neutron.network object s_rally_b816a1b5_BQUNmau4 (6607a9ee-1434-41dd-bb9e-ff31f254c8cc)
2019-12-23 02:11:16.054 15 RALLYDEBUG rally_openstack.cleanup.manager [-] Deleting neutron.network object s_rally_b816a1b5_4iscEyZU (6760d7b5-ec86-4fd3-ae21-e7c8407d7600)
2019-12-23 02:11:16.109 15 RALLYDEBUG rally_openstack.cleanup.manager [-] Deleting neutron.network object s_rally_b816a1b5_Kq1sEQGh (67a45c73-ed06-48a7-a100-c8b63685d688)
2019-12-23 02:11:16.205 15 RALLYDEBUG rally_openstack.cleanup.manager [-] Deleting neutron.network object s_rally_b816a1b5_PzvBrDim (684618d3-d137-47f9-a9c8-cfb72bb8a4e4)
2019-12-23 02:11:16.402 15 RALLYDEBUG rally_openstack.cleanup.manager [-] Deleting neutron.network object s_rally_b816a1b5_Cj3wqdqe (6ae1efbe-422f-487c-b9f8-93b870b8d832)
2019-12-23 02:11:16.594 15 RALLYDEBUG rally_openstack.cleanup.manager [-] Deleting neutron.network object s_rally_b816a1b5_qnxNrYaC (6b426b46-f6ef-42c8-8bb2-cc02cc77f3da)
2019-12-23 02:11:17.055 15 RALLYDEBUG rally_openstack.cleanup.manager [-] Deleting neutron.network object s_rally_b816a1b5_zhoADfn1 (6b85d593-0dff-4491-ab01-6b25e981e775)
2019-12-23 02:11:17.130 15 RALLYDEBUG rally_openstack.cleanup.manager [-] Deleting neutron.network object s_rally_b816a1b5_1tEtk2de (6e594662-a26d-43d0-9795-2b7e5dbb0d3e)
2019-12-23 02:11:17.176 15 RALLYDEBUG rally_openstack.cleanup.manager [-] Deleting neutron.network object s_rally_b816a1b5_HnzTxabP (7184feed-eadf-4b15-8372-a39ce93aa33b)
2019-12-23 02:11:17.935 15 RALLYDEBUG rally_openstack.cleanup.manager [-] Deleting neutron.network object s_rally_b816a1b5_r5tFSTXi (720e4594-0146-4558-957f-4532dd9a2e28)
2019-12-23 02:11:18.106 15 RALLYDEBUG rally_openstack.cleanup.manager [-] Deleting neutron.network object s_rally_b816a1b5_RnT0tQ1T (7502a8c1-9923-4cff-a858-734e787d22c8)
2019-12-23 02:11:18.195 15 RALLYDEBUG rally_openstack.cleanup.manager [-] Deleting neutron.network object s_rally_b816a1b5_pQcrNBS8 (77808aa5-915b-4636-b02f-04c9ae5fc49c)
2019-12-23 02:11:25.510 15 RALLYDEBUG rally_openstack.cleanup.manager [-] Deleting neutron.network object s_rally_b816a1b5_jzB6iPlq (7aa7d00a-c3c6-4a08-a879-f801f3756dc4)
2019-12-23 02:11:41.950 15 ERROR rally_openstack.osclients [-] Unable to authenticate for user c_rally_b816a1b5_Xbtd9LfS in project c_rally_b816a1b5_UIcY4PA4: ServiceUnavailable: Service Unavailable (HTTP 503)
2019-12-23 02:11:41.950 15 ERROR rally_openstack.osclients
Traceback (most recent call last):
2019-12-23 02:11:41.950 15 ERROR rally_openstack.osclients
File "/usr/lib/python2.7/site-packages/rally_openstack/osclients.py", line 273, in auth_ref
2019-12-23 02:11:41.950 15 ERROR rally_openstack.osclients self.cache["keystone_auth_ref"] = plugin.get_access(sess)
2019-12-23 02:11:41.950 15 ERROR rally_openstack.osclients
File "/usr/lib/python2.7/site-packages/keystoneauth1/identity/base.py", line 134, in get_access
2019-12-23 02:11:41.950 15 ERROR rally_openstack.osclients self.auth_ref = self.get_auth_ref(session)
2019-12-23 02:11:41.950 15 ERROR rally_openstack.osclients
File "/usr/lib/python2.7/site-packages/keystoneauth1/identity/generic/base.py", line 208, in get_auth_ref
2019-12-23 02:11:41.950 15 ERROR rally_openstack.osclients return self._plugin.get_auth_ref(session, **kwargs)
2019-12-23 02:11:41.950 15 ERROR rally_openstack.osclients
File "/usr/lib/python2.7/site-packages/keystoneauth1/identity/v3/base.py", line 178, in get_auth_ref
2019-12-23 02:11:41.950 15 ERROR rally_openstack.osclients authenticated=False, log=False, **rkwargs)
2019-12-23 02:11:41.950 15 ERROR rally_openstack.osclients
File "/usr/lib/python2.7/site-packages/keystoneauth1/session.py", line 1019, in post
2019-12-23 02:11:41.950 15 ERROR rally_openstack.osclients return self.request(url, 'POST', **kwargs)
2019-12-23 02:11:41.950 15 ERROR rally_openstack.osclients
File "/usr/lib/python2.7/site-packages/keystoneauth1/session.py", line 869, in request
2019-12-23 02:11:41.950 15 ERROR rally_openstack.osclients raise exceptions.from_response(resp, method, url)
2019-12-23 02:11:41.950 15 ERROR rally_openstack.osclients ServiceUnavailable: Service Unavailable (HTTP 503)
2019-12-23 02:11:41.950 15 ERROR rally_openstack.osclients
2019-12-23 02:11:41.958 15 ERROR rally_openstack.osclients [-] Unable to authenticate for user c_rally_b816a1b5_Xbtd9LfS in project c_rally_b816a1b5_UIcY4PA4: ServiceUnavailable: Service Unavailable (HTTP 503)
2019-12-23 02:11:41.958 15 ERROR rally_openstack.osclients
Traceback (most recent call last):
2019-12-23 02:11:41.958 15 ERROR rally_openstack.osclients
File "/usr/lib/python2.7/site-packages/rally_openstack/osclients.py", line 273, in auth_ref
2019-12-23 02:11:41.958 15 ERROR rally_openstack.osclients self.cache["keystone_auth_ref"] = plugin.get_access(sess)
2019-12-23 02:11:41.958 15 ERROR rally_openstack.osclients
File "/usr/lib/python2.7/site-packages/keystoneauth1/identity/base.py", line 134, in get_access
2019-12-23 02:11:41.958 15 ERROR rally_openstack.osclients self.auth_ref = self.get_auth_ref(session)
2019-12-23 02:11:41.958 15 ERROR rally_openstack.osclients
File "/usr/lib/python2.7/site-packages/keystoneauth1/identity/generic/base.py", line 208, in get_auth_ref
2019-12-23 02:11:41.958 15 ERROR rally_openstack.osclients return self._plugin.get_auth_ref(session, **kwargs)
2019-12-23 02:11:41.958 15 ERROR rally_openstack.osclients
File "/usr/lib/python2.7/site-packages/keystoneauth1/identity/v3/base.py", line 178, in get_auth_ref
2019-12-23 02:11:41.958 15 ERROR rally_openstack.osclients authenticated=False, log=False, **rkwargs)
2019-12-23 02:11:41.958 15 ERROR rally_openstack.osclients
File "/usr/lib/python2.7/site-packages/keystoneauth1/session.py", line 1019, in post
2019-12-23 02:11:41.958 15 ERROR rally_openstack.osclients return self.request(url, 'POST', **kwargs)
2019-12-23 02:11:41.958 15 ERROR rally_openstack.osclients
File "/usr/lib/python2.7/site-packages/keystoneauth1/session.py", line 869, in request
2019-12-23 02:11:41.958 15 ERROR rally_openstack.osclients raise exceptions.from_response(resp, method, url)
2019-12-23 02:11:41.958 15 ERROR rally_openstack.osclients ServiceUnavailable: Service Unavailable (HTTP 503)
2019-12-23 02:11:41.958 15 ERROR rally_openstack.osclients
2019-12-23 02:11:41.961 15 ERROR rally_openstack.osclients [-] Unable to authenticate for user c_rally_b816a1b5_Xbtd9LfS in project c_rally_b816a1b5_UIcY4PA4: ServiceUnavailable: Service Unavailable (HTTP 503)
2019-12-23 02:11:41.961 15 ERROR rally_openstack.osclients
Traceback (most recent call last):
2019-12-23 02:11:41.961 15 ERROR rally_openstack.osclients
File "/usr/lib/python2.7/site-packages/rally_openstack/osclients.py", line 273, in auth_ref
