2019-12-23 01:51:35.001 683 RALLYDEBUG rally.api [-] INFO logs from urllib3 and requests module are hide.
2019-12-23 01:51:35.001 683 RALLYDEBUG rally.api [-] urllib3 insecure warnings are hidden.
2019-12-23 01:51:35.002 683 RALLYDEBUG rally.api [-] ERROR log from boto module is hide.
2019-12-23 01:51:36.406 683 INFO rally.task.engine [-] Task 8bb9e01a-fbdb-454f-9ca4-de8fbe5c0789 | Starting: Task validation.
2019-12-23 01:51:36.419 683 INFO rally.task.engine [-] Task 8bb9e01a-fbdb-454f-9ca4-de8fbe5c0789 | Starting: Task validation of syntax.
2019-12-23 01:51:36.495 683 INFO rally.task.engine [-] Task 8bb9e01a-fbdb-454f-9ca4-de8fbe5c0789 | Completed: Task validation of syntax.
2019-12-23 01:51:36.495 683 INFO rally.task.engine [-] Task 8bb9e01a-fbdb-454f-9ca4-de8fbe5c0789 | Starting: Task validation of required platforms.
2019-12-23 01:51:36.537 683 INFO rally.task.engine [-] Task 8bb9e01a-fbdb-454f-9ca4-de8fbe5c0789 | Completed: Task validation of required platforms.
2019-12-23 01:51:36.537 683 INFO rally.task.engine [-] Task 8bb9e01a-fbdb-454f-9ca4-de8fbe5c0789 | Starting: Task validation of semantic.
2019-12-23 01:51:36.537 683 INFO rally.task.engine [-] Check health of the environment 'a88a36d7-a5c0-403d-80be-0ccb98b3e70e'.
2019-12-23 01:51:36.999 683 INFO rally.task.engine [-] Platform existing@openstack (available: True): OK!
2019-12-23 01:51:37.014 683 RALLYDEBUG rally_openstack.contexts.keystone.users [-] Creating 1 tenants using 20 threads
2019-12-23 01:51:37.294 683 RALLYDEBUG rally_openstack.contexts.keystone.users [-] Creating 1 users using 20 threads
2019-12-23 01:51:37.725 683 INFO rally.task.context [-] Task 8bb9e01a-fbdb-454f-9ca4-de8fbe5c0789 | Context users@openstack setup() finished in 0.71 sec
2019-12-23 01:51:38.414 683 DEBUG novaclient.v2.client [-] REQ: curl -g -i -X GET http://compute-airship.intel-pod17.opnfv.org/v2.1/flavors/detail -H "Accept: application/json" -H "User-Agent: python-novaclient" -H "X-Auth-Token: {SHA1}9a1c1983560bffea9f0b57a6d7209e4266f4934e" _http_log_request /usr/lib/python2.7/site-packages/keystoneauth1/session.py:448
2019-12-23 01:51:38.616 683 DEBUG novaclient.v2.client [-] RESP: [200] Connection: keep-alive Content-Encoding: gzip Content-Type: application/json Date: Mon, 23 Dec 2019 01:51:38 GMT Openstack-Api-Version: compute 2.1 Transfer-Encoding: chunked Vary: Accept-Encoding, OpenStack-API-Version, X-OpenStack-Nova-API-Version X-Compute-Request-Id: req-13f98146-b3b6-4490-9360-a434187b5355 X-Openstack-Nova-Api-Version: 2.1 _http_log_response /usr/lib/python2.7/site-packages/keystoneauth1/session.py:479
2019-12-23 01:51:38.617 683 DEBUG novaclient.v2.client [-] RESP BODY: {"flavors": [{"links": [{"href": "http://compute-airship.intel-pod17.opnfv.org/v2.1/flavors/0234894f-c16d-4996-b3bc-e0931e4cd962", "rel": "self"}, {"href": "http://compute-airship.intel-pod17.opnfv.org/flavors/0234894f-c16d-4996-b3bc-e0931e4cd962", "rel": "bookmark"}], "ram": 512, "OS-FLV-DISABLED:disabled": false, "os-flavor-access:is_public": true, "rxtx_factor": 1.0, "disk": 1, "id": "0234894f-c16d-4996-b3bc-e0931e4cd962", "name": "m1.tiny", "vcpus": 1, "swap": "", "OS-FLV-EXT-DATA:ephemeral": 0}, {"links": [{"href": "http://compute-airship.intel-pod17.opnfv.org/v2.1/flavors/16abd0bb-9920-4bc6-9cee-0bcd91cd5da6", "rel": "self"}, {"href": "http://compute-airship.intel-pod17.opnfv.org/flavors/16abd0bb-9920-4bc6-9cee-0bcd91cd5da6", "rel": "bookmark"}], "ram": 16384, "OS-FLV-DISABLED:disabled": false, "os-flavor-access:is_public": true, "rxtx_factor": 1.0, "disk": 160, "id": "16abd0bb-9920-4bc6-9cee-0bcd91cd5da6", "name": "m1.xlarge", "vcpus": 8, "swap": "", "OS-FLV-EXT-DATA:ephemeral": 0}, {"links": [{"href": "http://compute-airship.intel-pod17.opnfv.org/v2.1/flavors/17e7268c-7a97-4ee1-b32a-d01c7625be9a", "rel": "self"}, {"href": "http://compute-airship.intel-pod17.opnfv.org/flavors/17e7268c-7a97-4ee1-b32a-d01c7625be9a", "rel": "bookmark"}], "ram": 64, "OS-FLV-DISABLED:disabled": false, "os-flavor-access:is_public": true, "rxtx_factor": 1.0, "disk": 0, "id": "17e7268c-7a97-4ee1-b32a-d01c7625be9a", "name": "rally_verify_8c57b61f_6i9YX28j", "vcpus": 1, "swap": "", "OS-FLV-EXT-DATA:ephemeral": 0}, {"links": [{"href": "http://compute-airship.intel-pod17.opnfv.org/v2.1/flavors/346f4300-4abf-45a5-b8e2-161508eee1c7", "rel": "self"}, {"href": "http://compute-airship.intel-pod17.opnfv.org/flavors/346f4300-4abf-45a5-b8e2-161508eee1c7", "rel": "bookmark"}], "ram": 1024, "OS-FLV-DISABLED:disabled": false, "os-flavor-access:is_public": true, "rxtx_factor": 1.0, "disk": 1, "id": "346f4300-4abf-45a5-b8e2-161508eee1c7", "name": "rally_full-flavor_alt_d6ab70d7-28d0-450b-b4ce-7a9d67f94b48", "vcpus": 1, "swap": "", "OS-FLV-EXT-DATA:ephemeral": 0}, {"links": [{"href": "http://compute-airship.intel-pod17.opnfv.org/v2.1/flavors/4ef6136b-1902-4f30-b242-189523720075", "rel": "self"}, {"href": "http://compute-airship.intel-pod17.opnfv.org/flavors/4ef6136b-1902-4f30-b242-189523720075", "rel": "bookmark"}], "ram": 2048, "OS-FLV-DISABLED:disabled": false, "os-flavor-access:is_public": true, "rxtx_factor": 1.0, "disk": 20, "id": "4ef6136b-1902-4f30-b242-189523720075", "name": "m1.small", "vcpus": 1, "swap": "", "OS-FLV-EXT-DATA:ephemeral": 0}, {"links": [{"href": "http://compute-airship.intel-pod17.opnfv.org/v2.1/flavors/892330e7-3485-44a0-964c-f12a71c565f0", "rel": "self"}, {"href": "http://compute-airship.intel-pod17.opnfv.org/flavors/892330e7-3485-44a0-964c-f12a71c565f0", "rel": "bookmark"}], "ram": 4096, "OS-FLV-DISABLED:disabled": false, "os-flavor-access:is_public": true, "rxtx_factor": 1.0, "disk": 40, "id": "892330e7-3485-44a0-964c-f12a71c565f0", "name": "m1.medium", "vcpus": 2, "swap": "", "OS-FLV-EXT-DATA:ephemeral": 0}, {"links": [{"href": "http://compute-airship.intel-pod17.opnfv.org/v2.1/flavors/a4f975fb-5998-44fd-8f67-a1f483470a29", "rel": "self"}, {"href": "http://compute-airship.intel-pod17.opnfv.org/flavors/a4f975fb-5998-44fd-8f67-a1f483470a29", "rel": "bookmark"}], "ram": 8192, "OS-FLV-DISABLED:disabled": false, "os-flavor-access:is_public": true, "rxtx_factor": 1.0, "disk": 80, "id": "a4f975fb-5998-44fd-8f67-a1f483470a29", "name": "m1.large", "vcpus": 4, "swap": "", "OS-FLV-EXT-DATA:ephemeral": 0}, {"links": [{"href": "http://compute-airship.intel-pod17.opnfv.org/v2.1/flavors/f611268a-b82c-4c6c-9c38-eeb0ba4c725f", "rel": "self"}, {"href": "http://compute-airship.intel-pod17.opnfv.org/flavors/f611268a-b82c-4c6c-9c38-eeb0ba4c725f", "rel": "bookmark"}], "ram": 512, "OS-FLV-DISABLED:disabled": false, "os-flavor-access:is_public": true, "rxtx_factor": 1.0, "disk": 1, "id": "f611268a-b82c-4c6c-9c38-eeb0ba4c725f", "name": "rally_full-flavor_d6ab70d7-28d0-450b-b4ce-7a9d67f94b48", "vcpus": 1, "swap": "", "OS-FLV-EXT-DATA:ephemeral": 0}]} _http_log_response /usr/lib/python2.7/site-packages/keystoneauth1/session.py:511
2019-12-23 01:51:38.618 683 DEBUG novaclient.v2.client [-] GET call to compute for http://compute-airship.intel-pod17.opnfv.org/v2.1/flavors/detail used request id req-13f98146-b3b6-4490-9360-a434187b5355 request /usr/lib/python2.7/site-packages/keystoneauth1/session.py:844
2019-12-23 01:51:38.714 683 DEBUG novaclient.v2.client [-] REQ: curl -g -i -X GET http://compute-airship.intel-pod17.opnfv.org/v2.1/flavors/f611268a-b82c-4c6c-9c38-eeb0ba4c725f -H "Accept: application/json" -H "User-Agent: python-novaclient" -H "X-Auth-Token: {SHA1}3e976a36aa68b99813e0b49ca4c6ee6dd79d4b1d" _http_log_request /usr/lib/python2.7/site-packages/keystoneauth1/session.py:448
2019-12-23 01:51:38.835 683 DEBUG novaclient.v2.client [-] RESP: [200] Connection: keep-alive Content-Encoding: gzip Content-Type: application/json Date: Mon, 23 Dec 2019 01:51:38 GMT Openstack-Api-Version: compute 2.1 Transfer-Encoding: chunked Vary: Accept-Encoding, OpenStack-API-Version, X-OpenStack-Nova-API-Version X-Compute-Request-Id: req-7d084859-05b8-4550-99da-4f93845ac4d6 X-Openstack-Nova-Api-Version: 2.1 _http_log_response /usr/lib/python2.7/site-packages/keystoneauth1/session.py:479
2019-12-23 01:51:38.835 683 DEBUG novaclient.v2.client [-] RESP BODY: {"flavor": {"links": [{"href": "http://compute-airship.intel-pod17.opnfv.org/v2.1/flavors/f611268a-b82c-4c6c-9c38-eeb0ba4c725f", "rel": "self"}, {"href": "http://compute-airship.intel-pod17.opnfv.org/flavors/f611268a-b82c-4c6c-9c38-eeb0ba4c725f", "rel": "bookmark"}], "ram": 512, "OS-FLV-DISABLED:disabled": false, "os-flavor-access:is_public": true, "rxtx_factor": 1.0, "disk": 1, "id": "f611268a-b82c-4c6c-9c38-eeb0ba4c725f", "name": "rally_full-flavor_d6ab70d7-28d0-450b-b4ce-7a9d67f94b48", "vcpus": 1, "swap": "", "OS-FLV-EXT-DATA:ephemeral": 0}} _http_log_response /usr/lib/python2.7/site-packages/keystoneauth1/session.py:511
2019-12-23 01:51:38.836 683 DEBUG novaclient.v2.client [-] GET call to compute for http://compute-airship.intel-pod17.opnfv.org/v2.1/flavors/f611268a-b82c-4c6c-9c38-eeb0ba4c725f used request id req-7d084859-05b8-4550-99da-4f93845ac4d6 request /usr/lib/python2.7/site-packages/keystoneauth1/session.py:844
2019-12-23 01:51:39.254 683 INFO rally.task.context [-] Task 8bb9e01a-fbdb-454f-9ca4-de8fbe5c0789 | Context users@openstack cleanup() started
2019-12-23 01:51:40.677 683 INFO rally.task.context [-] Task 8bb9e01a-fbdb-454f-9ca4-de8fbe5c0789 | Context users@openstack cleanup() finished in 1.42 sec
2019-12-23 01:51:40.677 683 INFO rally.task.engine [-] Task 8bb9e01a-fbdb-454f-9ca4-de8fbe5c0789 | Completed: Task validation of semantic.
2019-12-23 01:51:40.677 683 INFO rally.task.engine [-] Task 8bb9e01a-fbdb-454f-9ca4-de8fbe5c0789 | Completed: Task validation.
2019-12-23 01:51:40.678 683 INFO rally.api [-] Task 8bb9e01a-fbdb-454f-9ca4-de8fbe5c0789 input file is valid.
2019-12-23 01:51:40.678 683 INFO rally.api [-] Run Task 8bb9e01a-fbdb-454f-9ca4-de8fbe5c0789 against Deployment a88a36d7-a5c0-403d-80be-0ccb98b3e70e
2019-12-23 01:51:40.678 683 INFO rally.task.engine [-] Task 8bb9e01a-fbdb-454f-9ca4-de8fbe5c0789 | Starting: Running task.
2019-12-23 01:51:40.727 683 INFO rally.task.engine [-] Running workload: position = 0 config = { "version": 2, "title": "A cropped version of a bigger task.", "description": "Auto-generated task from a single workload (uuid=d4c8ae7a-6064-4552-97aa-e173d33f81e9)", "subtasks": [ { "title": "GlanceImages.create_and_delete_image", "description": "Create and then delete an image.", "scenario": { "GlanceImages.create_and_delete_image": { "container_format": "bare", "disk_format": "qcow2", "image_location": "/home/opnfv/functest/images/cirros-0.4.0-x86_64-disk.img" } }, "contexts": { "users": { "tenants": 3, "users_per_tenant": 2 } }, "runner": { "constant": { "concurrency": 4, "times": 10 } }, "hooks": [], "sla": { "failure_rate": { "max": 0 } } } ] }
2019-12-23 01:51:40.744 683 RALLYDEBUG rally_openstack.contexts.keystone.users [-] Creating 3 tenants using 20 threads
2019-12-23 01:51:41.246 683 RALLYDEBUG rally_openstack.contexts.keystone.users [-] Creating 6 users using 20 threads
2019-12-23 01:51:42.269 683 INFO rally.task.context [-] Task 8bb9e01a-fbdb-454f-9ca4-de8fbe5c0789 | Context users@openstack setup() finished in 1.53 sec
2019-12-23 01:51:42.270 683 INFO rally.task.context [-] Task 8bb9e01a-fbdb-454f-9ca4-de8fbe5c0789 | Context cleanup@openstack setup() finished in 0.01 msec
2019-12-23 01:51:42.280 683 RALLYDEBUG rally.task.runner [-] Starting the constant runner (task UUID: 8bb9e01a-fbdb-454f-9ca4-de8fbe5c0789). timeout: 0 concurrency: 4 concurrency_per_worker: 1 times: 10 concurrency_overhead: 0 processes_to_start: 4 max_cpu_used: 88
2019-12-23 01:51:42.294 807 RALLYDEBUG rally.task.runner [-] Starting a worker. concurrency: 1 args: {"container_format": "bare", "disk_format": "qcow2", "image_location": "/home/opnfv/functest/images/cirros-0.4.0-x86_64-disk.img"} times: 10 method_name: run timeout: 0 duration: None cls:
2019-12-23 01:51:42.296 808 RALLYDEBUG rally.task.runner [-] Starting a worker. concurrency: 1 args: {"container_format": "bare", "disk_format": "qcow2", "image_location": "/home/opnfv/functest/images/cirros-0.4.0-x86_64-disk.img"} times: 10 method_name: run timeout: 0 duration: None cls:
2019-12-23 01:51:42.298 809 RALLYDEBUG rally.task.runner [-] Starting a worker. concurrency: 1 args: {"container_format": "bare", "disk_format": "qcow2", "image_location": "/home/opnfv/functest/images/cirros-0.4.0-x86_64-disk.img"} times: 10 method_name: run timeout: 0 duration: None cls:
2019-12-23 01:51:42.301 807 INFO rally.task.runner [-] Task 8bb9e01a-fbdb-454f-9ca4-de8fbe5c0789 | ITER: 1 START
2019-12-23 01:51:42.301 810 RALLYDEBUG rally.task.runner [-] Starting a worker. concurrency: 1 args: {"container_format": "bare", "disk_format": "qcow2", "image_location": "/home/opnfv/functest/images/cirros-0.4.0-x86_64-disk.img"} times: 10 method_name: run timeout: 0 duration: None cls:
2019-12-23 01:51:42.303 808 INFO rally.task.runner [-] Task 8bb9e01a-fbdb-454f-9ca4-de8fbe5c0789 | ITER: 2 START
2019-12-23 01:51:42.303 809 INFO rally.task.runner [-] Task 8bb9e01a-fbdb-454f-9ca4-de8fbe5c0789 | ITER: 3 START
2019-12-23 01:51:42.308 810 INFO rally.task.runner [-] Task 8bb9e01a-fbdb-454f-9ca4-de8fbe5c0789 | ITER: 4 START
2019-12-23 01:51:45.056 807 RALLYDEBUG rally.task.utils [-] Waiting for resource u'f7edb78a-0b74-4c97-b390-aded8970bf77'. Status changed: NONE => QUEUED in 0.0824339389801
2019-12-23 01:51:45.148 809 RALLYDEBUG rally.task.utils [-] Waiting for resource u'a4ba5d8d-8c87-43c8-a938-e4d980508183'. Status changed: NONE => QUEUED in 0.0925941467285
2019-12-23 01:51:45.179 810 RALLYDEBUG rally.task.utils [-] Waiting for resource u'ec3a7f74-7212-406b-b806-f8119d157d75'. Status changed: NONE => QUEUED in 0.0864040851593
2019-12-23 01:51:45.189 808 RALLYDEBUG rally.task.utils [-] Waiting for resource u'73f7543d-496e-4179-82b8-9c2f2fad1ade'. Status changed: NONE => QUEUED in 0.0840921401978
2019-12-23 01:51:46.066 807 RALLYDEBUG rally.task.utils [-] Waiting for resource s_rally_d4c8ae7a_H1tOj6Wt. Status changed: QUEUED => ACTIVE in 0.0490031242371
2019-12-23 01:51:46.518 807 INFO rally.task.runner [-] Task 8bb9e01a-fbdb-454f-9ca4-de8fbe5c0789 | ITER: 1 END: OK
2019-12-23 01:51:46.523 807 INFO rally.task.runner [-] Task 8bb9e01a-fbdb-454f-9ca4-de8fbe5c0789 | ITER: 5 START
2019-12-23 01:51:46.923 810 RALLYDEBUG rally.task.utils [-] Waiting for resource s_rally_d4c8ae7a_uEoqKDun. Status changed: QUEUED => ACTIVE in 0.0786581039429
2019-12-23 01:51:46.936 809 RALLYDEBUG rally.task.utils [-] Waiting for resource s_rally_d4c8ae7a_ghNHkbcc. Status changed: QUEUED => ACTIVE in 0.0763142108917
2019-12-23 01:51:46.950 808 RALLYDEBUG rally.task.utils [-] Waiting for resource s_rally_d4c8ae7a_ZWqx40vU. Status changed: QUEUED => ACTIVE in 0.0859930515289
2019-12-23 01:51:47.686 808 INFO rally.task.runner [-] Task 8bb9e01a-fbdb-454f-9ca4-de8fbe5c0789 | ITER: 2 END: OK
2019-12-23 01:51:47.690 808 INFO rally.task.runner [-] Task 8bb9e01a-fbdb-454f-9ca4-de8fbe5c0789 | ITER: 6 START
2019-12-23 01:51:47.701 810 INFO rally.task.runner [-] Task 8bb9e01a-fbdb-454f-9ca4-de8fbe5c0789 | ITER: 4 END: OK
2019-12-23 01:51:47.706 809 INFO rally.task.runner [-] Task 8bb9e01a-fbdb-454f-9ca4-de8fbe5c0789 | ITER: 3 END: OK
2019-12-23 01:51:47.706 810 INFO rally.task.runner [-] Task 8bb9e01a-fbdb-454f-9ca4-de8fbe5c0789 | ITER: 7 START
2019-12-23 01:51:47.711 809 INFO rally.task.runner [-] Task 8bb9e01a-fbdb-454f-9ca4-de8fbe5c0789 | ITER: 8 START
2019-12-23 01:51:49.135 807 RALLYDEBUG rally.task.utils [-] Waiting for resource u'ed43a238-44ca-470b-8a7b-4c1a39321e01'. Status changed: NONE => QUEUED in 0.0764849185944
2019-12-23 01:51:50.195 810 RALLYDEBUG rally.task.utils [-] Waiting for resource u'072f8214-798f-40e6-bacb-c0f42b1fdb8a'. Status changed: NONE => QUEUED in 0.0977239608765
2019-12-23 01:51:50.215 807 RALLYDEBUG rally.task.utils [-] Waiting for resource s_rally_d4c8ae7a_cz1A80Qt. Status changed: QUEUED => ACTIVE in 0.0450160503387
2019-12-23 01:51:50.298 808 RALLYDEBUG rally.task.utils [-] Waiting for resource u'5bafa5b2-6f96-44ed-b8d5-7864391db4cf'. Status changed: NONE => QUEUED in 0.132405996323
2019-12-23 01:51:50.298 809 RALLYDEBUG rally.task.utils [-] Waiting for resource u'0bb1f909-a823-4127-bf42-6e0577dcb7e6'. Status changed: NONE => QUEUED in 0.116100072861
2019-12-23 01:51:50.837 807 INFO rally.task.runner [-] Task 8bb9e01a-fbdb-454f-9ca4-de8fbe5c0789 | ITER: 5 END: OK
2019-12-23 01:51:50.841 807 INFO rally.task.runner [-] Task 8bb9e01a-fbdb-454f-9ca4-de8fbe5c0789 | ITER: 9 START
2019-12-23 01:51:51.298 810 RALLYDEBUG rally.task.utils [-] Waiting for resource s_rally_d4c8ae7a_8S7hg2xD. Status changed: QUEUED => ACTIVE in 0.0524930953979
2019-12-23 01:51:51.540 809 RALLYDEBUG rally.task.utils [-] Waiting for resource s_rally_d4c8ae7a_REVaPF8C. Status changed: QUEUED => ACTIVE in 0.0465099811554
2019-12-23 01:51:51.816 810 INFO rally.task.runner [-] Task 8bb9e01a-fbdb-454f-9ca4-de8fbe5c0789 | ITER: 7 END: OK
2019-12-23 01:51:51.821 810 INFO rally.task.runner [-] Task 8bb9e01a-fbdb-454f-9ca4-de8fbe5c0789 | ITER: 10 START
2019-12-23 01:51:51.848 808 RALLYDEBUG rally.task.utils [-] Waiting for resource s_rally_d4c8ae7a_TyN6Cp52. Status changed: QUEUED => ACTIVE in 0.0406198501587
2019-12-23 01:51:52.064 809 INFO rally.task.runner [-] Task 8bb9e01a-fbdb-454f-9ca4-de8fbe5c0789 | ITER: 8 END: OK
2019-12-23 01:51:52.341 808 INFO rally.task.runner [-] Task 8bb9e01a-fbdb-454f-9ca4-de8fbe5c0789 | ITER: 6 END: OK
2019-12-23 01:51:53.562 807 RALLYDEBUG rally.task.utils [-] Waiting for resource u'd6c8f92e-52ed-4239-8e57-8c5f207b2c26'. Status changed: NONE => QUEUED in 0.0744919776917
2019-12-23 01:51:54.300 810 RALLYDEBUG rally.task.utils [-] Waiting for resource u'7c966142-a8f8-423a-aa05-7c8fd91b7209'. Status changed: NONE => QUEUED in 0.0686089992523
2019-12-23 01:51:54.540 807 RALLYDEBUG rally.task.utils [-] Waiting for resource s_rally_d4c8ae7a_7zjhbGL9. Status changed: QUEUED => ACTIVE in 0.0671300888062
2019-12-23 01:51:55.116 807 INFO rally.task.runner [-] Task 8bb9e01a-fbdb-454f-9ca4-de8fbe5c0789 | ITER: 9 END: OK
2019-12-23 01:51:55.349 810 RALLYDEBUG rally.task.utils [-] Waiting for resource s_rally_d4c8ae7a_NyIwFntj. Status changed: QUEUED => ACTIVE in 0.0407049655914
2019-12-23 01:51:55.867 810 INFO rally.task.runner [-] Task 8bb9e01a-fbdb-454f-9ca4-de8fbe5c0789 | ITER: 10 END: OK
2019-12-23 01:51:55.897 683 INFO rally.task.context [-] Task 8bb9e01a-fbdb-454f-9ca4-de8fbe5c0789 | Context cleanup@openstack cleanup() started
2019-12-23 01:51:55.900 683 RALLYDEBUG rally_openstack.cleanup.manager [-] Cleaning up glance images objects
2019-12-23 01:51:56.802 683 INFO rally.task.context [-] Task 8bb9e01a-fbdb-454f-9ca4-de8fbe5c0789 | Context cleanup@openstack cleanup() finished in 0.90 sec
2019-12-23 01:51:56.802 683 INFO rally.task.context [-] Task 8bb9e01a-fbdb-454f-9ca4-de8fbe5c0789 | Context users@openstack cleanup() started
2019-12-23 01:52:00.232 683 INFO rally.task.context [-] Task 8bb9e01a-fbdb-454f-9ca4-de8fbe5c0789 | Context users@openstack cleanup() finished in 3.43 sec
2019-12-23 01:52:00.845 683 INFO rally.task.engine [-] Load duration is: 13.170929
2019-12-23 01:52:00.846 683 INFO rally.task.engine [-] Full runner duration is: 13.617815
2019-12-23 01:52:00.846 683 INFO rally.task.engine [-] Full duration is: 19.489326
2019-12-23 01:52:00.937 683 INFO rally.task.engine [-] Running workload: position = 0 config = { "version": 2, "title": "A cropped version of a bigger task.", "description": "Auto-generated task from a single workload (uuid=35b06714-bfd6-4e5f-b77d-140faef44992)", "subtasks": [ { "title": "GlanceImages.create_and_list_image", "description": "Create an image and then list all images.", "scenario": { "GlanceImages.create_and_list_image": { "container_format": "bare", "disk_format": "qcow2", "image_location": "/home/opnfv/functest/images/cirros-0.4.0-x86_64-disk.img" } }, "contexts": { "users": { "tenants": 3, "users_per_tenant": 2 } }, "runner": { "constant": { "concurrency": 4, "times": 10 } }, "hooks": [], "sla": { "failure_rate": { "max": 0 } } } ] }
2019-12-23 01:52:00.949 683 RALLYDEBUG rally_openstack.contexts.keystone.users [-] Creating 3 tenants using 20 threads
2019-12-23 01:52:01.461 683 RALLYDEBUG rally_openstack.contexts.keystone.users [-] Creating 6 users using 20 threads
2019-12-23 01:52:02.451 683 INFO rally.task.context [-] Task 8bb9e01a-fbdb-454f-9ca4-de8fbe5c0789 | Context users@openstack setup() finished in 1.50 sec
2019-12-23 01:52:02.451 683 INFO rally.task.context [-] Task 8bb9e01a-fbdb-454f-9ca4-de8fbe5c0789 | Context cleanup@openstack setup() finished in 0.01 msec
2019-12-23 01:52:02.463 683 RALLYDEBUG rally.task.runner [-] Starting the constant runner (task UUID: 8bb9e01a-fbdb-454f-9ca4-de8fbe5c0789). timeout: 0 concurrency: 4 concurrency_per_worker: 1 times: 10 concurrency_overhead: 0 processes_to_start: 4 max_cpu_used: 88
2019-12-23 01:52:02.474 931 RALLYDEBUG rally.task.runner [-] Starting a worker. concurrency: 1 args: {"container_format": "bare", "disk_format": "qcow2", "image_location": "/home/opnfv/functest/images/cirros-0.4.0-x86_64-disk.img"} times: 10 method_name: run timeout: 0 duration: None cls:
2019-12-23 01:52:02.477 932 RALLYDEBUG rally.task.runner [-] Starting a worker. concurrency: 1 args: {"container_format": "bare", "disk_format": "qcow2", "image_location": "/home/opnfv/functest/images/cirros-0.4.0-x86_64-disk.img"} times: 10 method_name: run timeout: 0 duration: None cls:
2019-12-23 01:52:02.479 933 RALLYDEBUG rally.task.runner [-] Starting a worker. concurrency: 1 args: {"container_format": "bare", "disk_format": "qcow2", "image_location": "/home/opnfv/functest/images/cirros-0.4.0-x86_64-disk.img"} times: 10 method_name: run timeout: 0 duration: None cls:
2019-12-23 01:52:02.481 931 INFO rally.task.runner [-] Task 8bb9e01a-fbdb-454f-9ca4-de8fbe5c0789 | ITER: 1 START
2019-12-23 01:52:02.482 934 RALLYDEBUG rally.task.runner [-] Starting a worker. concurrency: 1 args: {"container_format": "bare", "disk_format": "qcow2", "image_location": "/home/opnfv/functest/images/cirros-0.4.0-x86_64-disk.img"} times: 10 method_name: run timeout: 0 duration: None cls:
2019-12-23 01:52:02.484 932 INFO rally.task.runner [-] Task 8bb9e01a-fbdb-454f-9ca4-de8fbe5c0789 | ITER: 2 START
2019-12-23 01:52:02.486 933 INFO rally.task.runner [-] Task 8bb9e01a-fbdb-454f-9ca4-de8fbe5c0789 | ITER: 3 START
2019-12-23 01:52:02.489 934 INFO rally.task.runner [-] Task 8bb9e01a-fbdb-454f-9ca4-de8fbe5c0789 | ITER: 4 START
2019-12-23 01:52:05.214 934 RALLYDEBUG rally.task.utils [-] Waiting for resource u'84b0598b-4871-4e70-ad55-10b29661a464'. Status changed: NONE => QUEUED in 0.0750598907471
2019-12-23 01:52:05.254 932 RALLYDEBUG rally.task.utils [-] Waiting for resource u'967ebbe8-3ae7-44cf-838e-a47b67445451'. Status changed: NONE => QUEUED in 0.100065946579
2019-12-23 01:52:05.263 931 RALLYDEBUG rally.task.utils [-] Waiting for resource u'92825fb2-113d-4143-b9c8-3e3784e1bc1f'. Status changed: NONE => QUEUED in 0.0803258419037
2019-12-23 01:52:05.354 933 RALLYDEBUG rally.task.utils [-] Waiting for resource u'c009fb78-26fb-49e6-9b3e-7f1885654399'. Status changed: NONE => QUEUED in 0.0672459602356
2019-12-23 01:52:06.476 933 RALLYDEBUG rally.task.utils [-] Waiting for resource s_rally_35b06714_PdMim8X8. Status changed: QUEUED => ACTIVE in 0.0415289402008
2019-12-23 01:52:06.534 933 INFO rally.task.runner [-] Task 8bb9e01a-fbdb-454f-9ca4-de8fbe5c0789 | ITER: 3 END: OK
2019-12-23 01:52:06.539 933 INFO rally.task.runner [-] Task 8bb9e01a-fbdb-454f-9ca4-de8fbe5c0789 | ITER: 5 START
2019-12-23 01:52:06.640 934 RALLYDEBUG rally.task.utils [-] Waiting for resource s_rally_35b06714_FkcDI4Dp. Status changed: QUEUED => ACTIVE in 0.0415859222412
2019-12-23 01:52:06.735 934 INFO rally.task.runner [-] Task 8bb9e01a-fbdb-454f-9ca4-de8fbe5c0789 | ITER: 4 END: OK
2019-12-23 01:52:06.740 934 INFO rally.task.runner [-] Task 8bb9e01a-fbdb-454f-9ca4-de8fbe5c0789 | ITER: 6 START
2019-12-23 01:52:06.885 932 RALLYDEBUG rally.task.utils [-] Waiting for resource s_rally_35b06714_Pb1i7Ct2. Status changed: QUEUED => ACTIVE in 0.075856924057
2019-12-23 01:52:06.916 931 RALLYDEBUG rally.task.utils [-] Waiting for resource s_rally_35b06714_WqEPl5mo. Status changed: QUEUED => ACTIVE in 0.105080842972
2019-12-23 01:52:07.019 932 INFO rally.task.runner [-] Task 8bb9e01a-fbdb-454f-9ca4-de8fbe5c0789 | ITER: 2 END: OK
2019-12-23 01:52:07.022 931 INFO rally.task.runner [-] Task 8bb9e01a-fbdb-454f-9ca4-de8fbe5c0789 | ITER: 1 END: OK
2019-12-23 01:52:07.024 932 INFO rally.task.runner [-] Task 8bb9e01a-fbdb-454f-9ca4-de8fbe5c0789 | ITER: 7 START
2019-12-23 01:52:07.026 931 INFO rally.task.runner [-] Task 8bb9e01a-fbdb-454f-9ca4-de8fbe5c0789 | ITER: 8 START
2019-12-23 01:52:09.143 933 RALLYDEBUG rally.task.utils [-] Waiting for resource u'08964816-bf70-4c2b-bd54-98e47d23a8ec'. Status changed: NONE => QUEUED in 0.0787329673767
2019-12-23 01:52:09.407 934 RALLYDEBUG rally.task.utils [-] Waiting for resource u'1566e7df-839e-4cbe-b68b-bd47fc0e8eea'. Status changed: NONE => QUEUED in 0.084223985672
2019-12-23 01:52:09.512 931 RALLYDEBUG rally.task.utils [-] Waiting for resource u'f2a210f8-7ed4-4583-89c8-6cfe35ae48ce'. Status changed: NONE => QUEUED in 0.0839340686798
2019-12-23 01:52:09.667 932 RALLYDEBUG rally.task.utils [-] Waiting for resource u'03c2a84a-a5c4-462b-a2c7-00a4cb80fc83'. Status changed: NONE => QUEUED in 0.0684599876404
2019-12-23 01:52:10.075 933 RALLYDEBUG rally.task.utils [-] Waiting for resource s_rally_35b06714_aOqV2RQa. Status changed: QUEUED => ACTIVE in 0.0398721694946
2019-12-23 01:52:10.162 933 INFO rally.task.runner [-] Task 8bb9e01a-fbdb-454f-9ca4-de8fbe5c0789 | ITER: 5 END: OK
2019-12-23 01:52:10.166 933 INFO rally.task.runner [-] Task 8bb9e01a-fbdb-454f-9ca4-de8fbe5c0789 | ITER: 9 START
2019-12-23 01:52:10.547 934 RALLYDEBUG rally.task.utils [-] Waiting for resource s_rally_35b06714_qSvsN6QN. Status changed: QUEUED => ACTIVE in 0.0466349124908
2019-12-23 01:52:10.624 934 INFO rally.task.runner [-] Task 8bb9e01a-fbdb-454f-9ca4-de8fbe5c0789 | ITER: 6 END: OK
2019-12-23 01:52:10.628 934 INFO rally.task.runner [-] Task 8bb9e01a-fbdb-454f-9ca4-de8fbe5c0789 | ITER: 10 START
2019-12-23 01:52:10.915 931 RALLYDEBUG rally.task.utils [-] Waiting for resource s_rally_35b06714_h0CwFN3P. Status changed: QUEUED => ACTIVE in 0.0633418560028
2019-12-23 01:52:10.991 931 INFO rally.task.runner [-] Task 8bb9e01a-fbdb-454f-9ca4-de8fbe5c0789 | ITER: 8 END: OK
2019-12-23 01:52:10.996 932 RALLYDEBUG rally.task.utils [-] Waiting for resource s_rally_35b06714_vLKsAtIN. Status changed: QUEUED => ACTIVE in 0.0567281246185
2019-12-23 01:52:11.059 932 INFO rally.task.runner [-] Task 8bb9e01a-fbdb-454f-9ca4-de8fbe5c0789 | ITER: 7 END: OK
2019-12-23 01:52:12.744 933 RALLYDEBUG rally.task.utils [-] Waiting for resource u'dab00a9b-475b-4277-8ee1-dd4dd8208c88'. Status changed: NONE => QUEUED in 0.0780260562897
2019-12-23 01:52:13.235 934 RALLYDEBUG rally.task.utils [-] Waiting for resource u'230ef620-9f2d-4a17-b659-86ab187e448b'. Status changed: NONE => QUEUED in 0.0618557929993
2019-12-23 01:52:13.715 933 RALLYDEBUG rally.task.utils [-] Waiting for resource s_rally_35b06714_lG02wYB2. Status changed: QUEUED => ACTIVE in 0.043478012085
2019-12-23 01:52:13.775 933 INFO rally.task.runner [-] Task 8bb9e01a-fbdb-454f-9ca4-de8fbe5c0789 | ITER: 9 END: OK
2019-12-23 01:52:14.145 934 RALLYDEBUG rally.task.utils [-] Waiting for resource s_rally_35b06714_OJ9RXFLF. Status changed: QUEUED => ACTIVE in 0.0388259887695
2019-12-23 01:52:14.209 934 INFO rally.task.runner [-] Task 8bb9e01a-fbdb-454f-9ca4-de8fbe5c0789 | ITER: 10 END: OK
2019-12-23 01:52:14.236 683 INFO rally.task.context [-] Task 8bb9e01a-fbdb-454f-9ca4-de8fbe5c0789 | Context cleanup@openstack cleanup() started
2019-12-23 01:52:14.239 683 RALLYDEBUG rally_openstack.cleanup.manager [-] Cleaning up glance images objects
2019-12-23 01:52:15.427 683 RALLYDEBUG rally_openstack.cleanup.manager [-] Deleting glance.images object s_rally_35b06714_PdMim8X8 (c009fb78-26fb-49e6-9b3e-7f1885654399)
2019-12-23 01:52:15.433 683 RALLYDEBUG rally_openstack.cleanup.manager [-] Deleting glance.images object s_rally_35b06714_aOqV2RQa (08964816-bf70-4c2b-bd54-98e47d23a8ec)
2019-12-23 01:52:15.439 683 RALLYDEBUG rally_openstack.cleanup.manager [-] Deleting glance.images object s_rally_35b06714_Pb1i7Ct2 (967ebbe8-3ae7-44cf-838e-a47b67445451)
2019-12-23 01:52:15.448 683 RALLYDEBUG rally_openstack.cleanup.manager [-] Deleting glance.images object s_rally_35b06714_WqEPl5mo (92825fb2-113d-4143-b9c8-3e3784e1bc1f)
2019-12-23 01:52:15.456 683 RALLYDEBUG rally_openstack.cleanup.manager [-] Deleting glance.images object s_rally_35b06714_lG02wYB2 (dab00a9b-475b-4277-8ee1-dd4dd8208c88)
2019-12-23 01:52:15.460 683 RALLYDEBUG rally_openstack.cleanup.manager [-] Deleting glance.images object s_rally_35b06714_FkcDI4Dp (84b0598b-4871-4e70-ad55-10b29661a464)
2019-12-23 01:52:15.463 683 RALLYDEBUG rally_openstack.cleanup.manager [-] Deleting glance.images object s_rally_35b06714_h0CwFN3P (f2a210f8-7ed4-4583-89c8-6cfe35ae48ce)
2019-12-23 01:52:15.511 683 RALLYDEBUG rally_openstack.cleanup.manager [-] Deleting glance.images object s_rally_35b06714_vLKsAtIN (03c2a84a-a5c4-462b-a2c7-00a4cb80fc83)
2019-12-23 01:52:15.535 683 RALLYDEBUG rally_openstack.cleanup.manager [-] Deleting glance.images object s_rally_35b06714_qSvsN6QN (1566e7df-839e-4cbe-b68b-bd47fc0e8eea)
2019-12-23 01:52:15.540 683 RALLYDEBUG rally_openstack.cleanup.manager [-] Deleting glance.images object s_rally_35b06714_OJ9RXFLF (230ef620-9f2d-4a17-b659-86ab187e448b)
2019-12-23 01:52:16.398 683 DEBUG glanceclient.common.http [-] Request returned failure status 404. _handle_response /usr/lib/python2.7/site-packages/glanceclient/common/http.py:125
2019-12-23 01:52:16.457 683 DEBUG glanceclient.common.http [-] Request returned failure status 404. _handle_response /usr/lib/python2.7/site-packages/glanceclient/common/http.py:125
2019-12-23 01:52:16.503 683 DEBUG glanceclient.common.http [-] Request returned failure status 404. _handle_response /usr/lib/python2.7/site-packages/glanceclient/common/http.py:125
2019-12-23 01:52:16.548 683 DEBUG glanceclient.common.http [-] Request returned failure status 404. _handle_response /usr/lib/python2.7/site-packages/glanceclient/common/http.py:125
2019-12-23 01:52:16.683 683 DEBUG glanceclient.common.http [-] Request returned failure status 404. _handle_response /usr/lib/python2.7/site-packages/glanceclient/common/http.py:125
2019-12-23 01:52:16.752 683 DEBUG glanceclient.common.http [-] Request returned failure status 404. _handle_response /usr/lib/python2.7/site-packages/glanceclient/common/http.py:125
2019-12-23 01:52:16.754 683 DEBUG glanceclient.common.http [-] Request returned failure status 404. _handle_response /usr/lib/python2.7/site-packages/glanceclient/common/http.py:125
2019-12-23 01:52:16.829 683 DEBUG glanceclient.common.http [-] Request returned failure status 404. _handle_response /usr/lib/python2.7/site-packages/glanceclient/common/http.py:125
2019-12-23 01:52:16.859 683 DEBUG glanceclient.common.http [-] Request returned failure status 404. _handle_response /usr/lib/python2.7/site-packages/glanceclient/common/http.py:125
2019-12-23 01:52:16.901 683 DEBUG glanceclient.common.http [-] Request returned failure status 404. _handle_response /usr/lib/python2.7/site-packages/glanceclient/common/http.py:125
2019-12-23 01:52:17.097 683 DEBUG glanceclient.common.http [-] Request returned failure status 404. _handle_response /usr/lib/python2.7/site-packages/glanceclient/common/http.py:125
2019-12-23 01:52:17.121 683 DEBUG glanceclient.common.http [-] Request returned failure status 404. _handle_response /usr/lib/python2.7/site-packages/glanceclient/common/http.py:125
2019-12-23 01:52:17.204 683 DEBUG glanceclient.common.http [-] Request returned failure status 404. _handle_response /usr/lib/python2.7/site-packages/glanceclient/common/http.py:125
2019-12-23 01:52:17.249 683 DEBUG glanceclient.common.http [-] Request returned failure status 404. _handle_response /usr/lib/python2.7/site-packages/glanceclient/common/http.py:125
2019-12-23 01:52:17.252 683 DEBUG glanceclient.common.http [-] Request returned failure status 404. _handle_response /usr/lib/python2.7/site-packages/glanceclient/common/http.py:125
2019-12-23 01:52:17.260 683 DEBUG glanceclient.common.http [-] Request returned failure status 404. _handle_response /usr/lib/python2.7/site-packages/glanceclient/common/http.py:125
2019-12-23 01:52:17.279 683 DEBUG glanceclient.common.http [-] Request returned failure status 404. _handle_response /usr/lib/python2.7/site-packages/glanceclient/common/http.py:125
2019-12-23 01:52:17.320 683 DEBUG glanceclient.common.http [-] Request returned failure status 404. _handle_response /usr/lib/python2.7/site-packages/glanceclient/common/http.py:125
2019-12-23 01:52:17.322 683 DEBUG glanceclient.common.http [-] Request returned failure status 404. _handle_response /usr/lib/python2.7/site-packages/glanceclient/common/http.py:125
2019-12-23 01:52:17.324 683 DEBUG glanceclient.common.http [-] Request returned failure status 404. _handle_response /usr/lib/python2.7/site-packages/glanceclient/common/http.py:125
2019-12-23 01:52:18.327 683 INFO rally.task.context [-] Task 8bb9e01a-fbdb-454f-9ca4-de8fbe5c0789 | Context cleanup@openstack cleanup() finished in 4.09 sec
2019-12-23 01:52:18.328 683 INFO rally.task.context [-] Task 8bb9e01a-fbdb-454f-9ca4-de8fbe5c0789 | Context users@openstack cleanup() started
2019-12-23 01:52:21.991 683 INFO rally.task.context [-] Task 8bb9e01a-fbdb-454f-9ca4-de8fbe5c0789 | Context users@openstack cleanup() finished in 3.66 sec
2019-12-23 01:52:23.059 683 INFO rally.task.engine [-] Load duration is: 11.347737
2019-12-23 01:52:23.059 683 INFO rally.task.engine [-] Full runner duration is: 11.773594
2019-12-23 01:52:23.059 683 INFO rally.task.engine [-] Full duration is: 21.04488
2019-12-23 01:52:23.145 683 INFO rally.task.engine [-] Running workload: position = 0 config = { "version": 2, "title": "A cropped version of a bigger task.", "description": "Auto-generated task from a single workload (uuid=a573fbb5-97d7-4b96-a1fc-9a089d83a3b5)", "subtasks": [ { "title": "GlanceImages.list_images", "description": "List all images.", "scenario": { "GlanceImages.list_images": {} }, "contexts": { "users": { "tenants": 3, "users_per_tenant": 2 } }, "runner": { "constant": { "concurrency": 4, "times": 10 } }, "hooks": [], "sla": { "failure_rate": { "max": 0 } } } ] }
2019-12-23 01:52:23.156 683 RALLYDEBUG rally_openstack.contexts.keystone.users [-] Creating 3 tenants using 20 threads
2019-12-23 01:52:23.678 683 RALLYDEBUG rally_openstack.contexts.keystone.users [-] Creating 6 users using 20 threads
2019-12-23 01:52:24.553 683 INFO rally.task.context [-] Task 8bb9e01a-fbdb-454f-9ca4-de8fbe5c0789 | Context users@openstack setup() finished in 1.40 sec
2019-12-23 01:52:24.562 683 RALLYDEBUG rally.task.runner [-] Starting the constant runner (task UUID: 8bb9e01a-fbdb-454f-9ca4-de8fbe5c0789). timeout: 0 concurrency: 4 concurrency_per_worker: 1 times: 10 concurrency_overhead: 0 processes_to_start: 4 max_cpu_used: 88
2019-12-23 01:52:24.575 1055 RALLYDEBUG rally.task.runner [-] Starting a worker. concurrency: 1 args: {} times: 10 method_name: run timeout: 0 duration: None cls:
2019-12-23 01:52:24.577 1056 RALLYDEBUG rally.task.runner [-] Starting a worker. concurrency: 1 args: {} times: 10 method_name: run timeout: 0 duration: None cls:
2019-12-23 01:52:24.580 1057 RALLYDEBUG rally.task.runner [-] Starting a worker. concurrency: 1 args: {} times: 10 method_name: run timeout: 0 duration: None cls:
2019-12-23 01:52:24.582 1055 INFO rally.task.runner [-] Task 8bb9e01a-fbdb-454f-9ca4-de8fbe5c0789 | ITER: 1 START
2019-12-23 01:52:24.582 1058 RALLYDEBUG rally.task.runner [-] Starting a worker. concurrency: 1 args: {} times: 10 method_name: run timeout: 0 duration: None cls:
2019-12-23 01:52:24.584 1056 INFO rally.task.runner [-] Task 8bb9e01a-fbdb-454f-9ca4-de8fbe5c0789 | ITER: 2 START
2019-12-23 01:52:24.587 1057 INFO rally.task.runner [-] Task 8bb9e01a-fbdb-454f-9ca4-de8fbe5c0789 | ITER: 3 START
2019-12-23 01:52:24.589 1058 INFO rally.task.runner [-] Task 8bb9e01a-fbdb-454f-9ca4-de8fbe5c0789 | ITER: 4 START
2019-12-23 01:52:25.341 1058 INFO rally.task.runner [-] Task 8bb9e01a-fbdb-454f-9ca4-de8fbe5c0789 | ITER: 4 END: OK
2019-12-23 01:52:25.345 1058 INFO rally.task.runner [-] Task 8bb9e01a-fbdb-454f-9ca4-de8fbe5c0789 | ITER: 5 START
2019-12-23 01:52:25.442 1055 INFO rally.task.runner [-] Task 8bb9e01a-fbdb-454f-9ca4-de8fbe5c0789 | ITER: 1 END: OK
2019-12-23 01:52:25.447 1055 INFO rally.task.runner [-] Task 8bb9e01a-fbdb-454f-9ca4-de8fbe5c0789 | ITER: 6 START
2019-12-23 01:52:25.521 1057 INFO rally.task.runner [-] Task 8bb9e01a-fbdb-454f-9ca4-de8fbe5c0789 | ITER: 3 END: OK
2019-12-23 01:52:25.525 1057 INFO rally.task.runner [-] Task 8bb9e01a-fbdb-454f-9ca4-de8fbe5c0789 | ITER: 7 START
2019-12-23 01:52:25.534 1056 INFO rally.task.runner [-] Task 8bb9e01a-fbdb-454f-9ca4-de8fbe5c0789 | ITER: 2 END: OK
2019-12-23 01:52:25.539 1056 INFO rally.task.runner [-] Task 8bb9e01a-fbdb-454f-9ca4-de8fbe5c0789 | ITER: 8 START
2019-12-23 01:52:25.689 1058 INFO rally.task.runner [-] Task 8bb9e01a-fbdb-454f-9ca4-de8fbe5c0789 | ITER: 5 END: OK
2019-12-23 01:52:25.694 1058 INFO rally.task.runner [-] Task 8bb9e01a-fbdb-454f-9ca4-de8fbe5c0789 | ITER: 9 START
2019-12-23 01:52:26.088 1055 INFO rally.task.runner [-] Task 8bb9e01a-fbdb-454f-9ca4-de8fbe5c0789 | ITER: 6 END: OK
2019-12-23 01:52:26.092 1055 INFO rally.task.runner [-] Task 8bb9e01a-fbdb-454f-9ca4-de8fbe5c0789 | ITER: 10 START
2019-12-23 01:52:26.105 1056 INFO rally.task.runner [-] Task 8bb9e01a-fbdb-454f-9ca4-de8fbe5c0789 | ITER: 8 END: OK
2019-12-23 01:52:26.130 1057 INFO rally.task.runner [-] Task 8bb9e01a-fbdb-454f-9ca4-de8fbe5c0789 | ITER: 7 END: OK
2019-12-23 01:52:26.478 1058 INFO rally.task.runner [-] Task 8bb9e01a-fbdb-454f-9ca4-de8fbe5c0789 | ITER: 9 END: OK
2019-12-23 01:52:26.633 1055 INFO rally.task.runner [-] Task 8bb9e01a-fbdb-454f-9ca4-de8fbe5c0789 | ITER: 10 END: OK
2019-12-23 01:52:26.654 683 INFO rally.task.context [-] Task 8bb9e01a-fbdb-454f-9ca4-de8fbe5c0789 | Context users@openstack cleanup() started
2019-12-23 01:52:29.952 683 INFO rally.task.context [-] Task 8bb9e01a-fbdb-454f-9ca4-de8fbe5c0789 | Context users@openstack cleanup() finished in 3.30 sec
2019-12-23 01:52:31.214 683 INFO rally.task.engine [-] Load duration is: 1.537789
2019-12-23 01:52:31.214 683 INFO rally.task.engine [-] Full runner duration is: 2.091885
2019-12-23 01:52:31.215 683 INFO rally.task.engine [-] Full duration is: 6.797061
2019-12-23 01:52:31.295 683 INFO rally.task.engine [-] Running workload: position = 0 config = { "version": 2, "title": "A cropped version of a bigger task.", "description": "Auto-generated task from a single workload (uuid=b4a3df00-b9f3-4b7f-9fae-83eb0837de1b)", "subtasks": [ { "title": "GlanceImages.create_image_and_boot_instances", "description": "Create an image and boot several instances from it.", "scenario": { "GlanceImages.create_image_and_boot_instances": { "container_format": "bare", "disk_format": "qcow2", "image_location": "/home/opnfv/functest/images/cirros-0.4.0-x86_64-disk.img", "flavor": { "name": "rally_full-flavor_d6ab70d7-28d0-450b-b4ce-7a9d67f94b48" }, "number_instances": 2, "nics": [ { "net-id": "62a6f9bc-3b6e-4ebc-a386-1f59c1d6a7bf" } ] } }, "contexts": { "users": { "tenants": 3, "users_per_tenant": 2 }, "quotas": { "nova": { "cores": -1, "floating_ips": -1, "instances": -1, "ram": -1, "security_group_rules": -1, "security_groups": -1 } } }, "runner": { "constant": { "concurrency": 4, "times": 10 } }, "hooks": [], "sla": { "failure_rate": { "max": 0 } } } ] }
2019-12-23 01:52:31.308 683 RALLYDEBUG rally_openstack.contexts.keystone.users [-] Creating 3 tenants using 20 threads
2019-12-23 01:52:31.772 683 RALLYDEBUG rally_openstack.contexts.keystone.users [-] Creating 6 users using 20 threads
2019-12-23 01:52:32.632 683 INFO rally.task.context [-] Task 8bb9e01a-fbdb-454f-9ca4-de8fbe5c0789 | Context users@openstack setup() finished in 1.32 sec
2019-12-23 01:52:32.790 683 DEBUG novaclient.v2.client [-] REQ: curl -g -i -X PUT http://compute-airship.intel-pod17.opnfv.org/v2.1/os-quota-sets/d12693fcdeb54a5c8ed0c801ee11a894 -H "Accept: application/json" -H "Content-Type: application/json" -H "User-Agent: python-novaclient" -H "X-Auth-Token: {SHA1}c8b397c4be72b641847d232ed116b8eff322016a" -d '{"quota_set": {"ram": -1, "floating_ips": -1, "security_group_rules": -1, "instances": -1, "cores": -1, "security_groups": -1}}' _http_log_request /usr/lib/python2.7/site-packages/keystoneauth1/session.py:448
2019-12-23 01:52:33.043 683 DEBUG novaclient.v2.client [-] RESP: [200] Connection: keep-alive Content-Encoding: gzip Content-Type: application/json Date: Mon, 23 Dec 2019 01:52:33 GMT Openstack-Api-Version: compute 2.1 Transfer-Encoding: chunked Vary: Accept-Encoding, OpenStack-API-Version, X-OpenStack-Nova-API-Version X-Compute-Request-Id: req-829e2a62-1809-455f-9663-9697d7ffe2d9 X-Openstack-Nova-Api-Version: 2.1 _http_log_response /usr/lib/python2.7/site-packages/keystoneauth1/session.py:479
2019-12-23 01:52:33.044 683 DEBUG novaclient.v2.client [-] RESP BODY: {"quota_set": {"injected_file_content_bytes": 10240, "metadata_items": 128, "server_group_members": 10, "server_groups": 10, "ram": -1, "floating_ips": -1, "key_pairs": 100, "instances": -1, "security_group_rules": -1, "injected_files": 5, "cores": -1, "fixed_ips": -1, "injected_file_path_bytes": 255, "security_groups": -1}} _http_log_response /usr/lib/python2.7/site-packages/keystoneauth1/session.py:511
2019-12-23 01:52:33.044 683 DEBUG novaclient.v2.client [-] PUT call to compute for http://compute-airship.intel-pod17.opnfv.org/v2.1/os-quota-sets/d12693fcdeb54a5c8ed0c801ee11a894 used request id req-829e2a62-1809-455f-9663-9697d7ffe2d9 request /usr/lib/python2.7/site-packages/keystoneauth1/session.py:844
2019-12-23 01:52:33.046 683 DEBUG novaclient.v2.client [-] REQ: curl -g -i -X PUT http://compute-airship.intel-pod17.opnfv.org/v2.1/os-quota-sets/5ca02f8c0cc64eaaa098fe465eba1e99 -H "Accept: application/json" -H "Content-Type: application/json" -H "User-Agent: python-novaclient" -H "X-Auth-Token: {SHA1}c8b397c4be72b641847d232ed116b8eff322016a" -d '{"quota_set": {"ram": -1, "floating_ips": -1, "security_group_rules": -1, "instances": -1, "cores": -1, "security_groups": -1}}' _http_log_request /usr/lib/python2.7/site-packages/keystoneauth1/session.py:448
2019-12-23 01:52:33.185 683 DEBUG novaclient.v2.client [-] RESP: [200] Connection: keep-alive Content-Encoding: gzip Content-Type: application/json Date: Mon, 23 Dec 2019 01:52:33 GMT Openstack-Api-Version: compute 2.1 Transfer-Encoding: chunked Vary: Accept-Encoding, OpenStack-API-Version, X-OpenStack-Nova-API-Version X-Compute-Request-Id: req-938e95b1-e890-49fa-aba0-4926b2f9ad63 X-Openstack-Nova-Api-Version: 2.1 _http_log_response /usr/lib/python2.7/site-packages/keystoneauth1/session.py:479
2019-12-23 01:52:33.185 683 DEBUG novaclient.v2.client [-] RESP BODY: {"quota_set": {"injected_file_content_bytes": 10240, "metadata_items": 128, "server_group_members": 10, "server_groups": 10, "ram": -1, "floating_ips": -1, "key_pairs": 100, "instances": -1, "security_group_rules": -1, "injected_files": 5, "cores": -1, "fixed_ips": -1, "injected_file_path_bytes": 255, "security_groups": -1}} _http_log_response /usr/lib/python2.7/site-packages/keystoneauth1/session.py:511
2019-12-23 01:52:33.186 683 DEBUG novaclient.v2.client [-] PUT call to compute for http://compute-airship.intel-pod17.opnfv.org/v2.1/os-quota-sets/5ca02f8c0cc64eaaa098fe465eba1e99 used request id req-938e95b1-e890-49fa-aba0-4926b2f9ad63 request /usr/lib/python2.7/site-packages/keystoneauth1/session.py:844
2019-12-23 01:52:33.187 683 DEBUG novaclient.v2.client [-] REQ: curl -g -i -X PUT http://compute-airship.intel-pod17.opnfv.org/v2.1/os-quota-sets/7ac84bd3875b46f8abfaffa22ed119f0 -H "Accept: application/json" -H "Content-Type: application/json" -H "User-Agent: python-novaclient" -H "X-Auth-Token: {SHA1}c8b397c4be72b641847d232ed116b8eff322016a" -d '{"quota_set": {"ram": -1, "floating_ips": -1, "security_group_rules": -1, "instances": -1, "cores": -1, "security_groups": -1}}' _http_log_request /usr/lib/python2.7/site-packages/keystoneauth1/session.py:448
2019-12-23 01:52:33.297 683 DEBUG novaclient.v2.client [-] RESP: [200] Connection: keep-alive Content-Encoding: gzip Content-Type: application/json Date: Mon, 23 Dec 2019 01:52:33 GMT Openstack-Api-Version: compute 2.1 Transfer-Encoding: chunked Vary: Accept-Encoding, OpenStack-API-Version, X-OpenStack-Nova-API-Version X-Compute-Request-Id: req-fd4548c8-1924-47ab-b2d1-8e1bfcbde805 X-Openstack-Nova-Api-Version: 2.1 _http_log_response /usr/lib/python2.7/site-packages/keystoneauth1/session.py:479
2019-12-23 01:52:33.298 683 DEBUG novaclient.v2.client [-] RESP BODY: {"quota_set": {"injected_file_content_bytes": 10240, "metadata_items": 128, "server_group_members": 10, "server_groups": 10, "ram": -1, "floating_ips": -1, "key_pairs": 100, "instances": -1, "security_group_rules": -1, "injected_files": 5, "cores": -1, "fixed_ips": -1, "injected_file_path_bytes": 255, "security_groups": -1}} _http_log_response /usr/lib/python2.7/site-packages/keystoneauth1/session.py:511
2019-12-23 01:52:33.298 683 DEBUG novaclient.v2.client [-] PUT call to compute for http://compute-airship.intel-pod17.opnfv.org/v2.1/os-quota-sets/7ac84bd3875b46f8abfaffa22ed119f0 used request id req-fd4548c8-1924-47ab-b2d1-8e1bfcbde805 request /usr/lib/python2.7/site-packages/keystoneauth1/session.py:844
2019-12-23 01:52:33.299 683 INFO rally.task.context [-] Task 8bb9e01a-fbdb-454f-9ca4-de8fbe5c0789 | Context quotas@openstack setup() finished in 0.67 sec
2019-12-23 01:52:33.299 683 INFO rally.task.context [-] Task 8bb9e01a-fbdb-454f-9ca4-de8fbe5c0789 | Context cleanup@openstack setup() finished in 0.02 msec
2019-12-23 01:52:33.401 683 DEBUG novaclient.v2.client [-] REQ: curl -g -i -X GET http://compute-airship.intel-pod17.opnfv.org/v2.1/flavors/detail -H "Accept: application/json" -H "User-Agent: python-novaclient" -H "X-Auth-Token: {SHA1}0a9c3bfebde8728bcd0871356b03fcebe712d833" _http_log_request /usr/lib/python2.7/site-packages/keystoneauth1/session.py:448
2019-12-23 01:52:33.544 683 DEBUG novaclient.v2.client [-] RESP: [200] Connection: keep-alive Content-Encoding: gzip Content-Type: application/json Date: Mon, 23 Dec 2019 01:52:33 GMT Openstack-Api-Version: compute 2.1 Transfer-Encoding: chunked Vary: Accept-Encoding, OpenStack-API-Version, X-OpenStack-Nova-API-Version X-Compute-Request-Id: req-1f6952f8-b9e3-478b-bdfe-68c65bfa6310 X-Openstack-Nova-Api-Version: 2.1 _http_log_response /usr/lib/python2.7/site-packages/keystoneauth1/session.py:479
