2019-12-23 01:47:44.540 6 RALLYDEBUG rally.api [-] INFO logs from urllib3 and requests module are hide.
2019-12-23 01:47:44.540 6 RALLYDEBUG rally.api [-] urllib3 insecure warnings are hidden.
2019-12-23 01:47:44.540 6 RALLYDEBUG rally.api [-] ERROR log from boto module is hide.
2019-12-23 01:47:45.922 6 ERROR rally.cli.cliutils [-] Unexpected exception in CLI: DBRecordNotFound: Record for uuid or name is opnfv-rally not found in table envs
2019-12-23 01:47:45.922 6 ERROR rally.cli.cliutils
Traceback (most recent call last):
2019-12-23 01:47:45.922 6 ERROR rally.cli.cliutils
File "/usr/lib/python2.7/site-packages/rally/cli/cliutils.py", line 674, in run
2019-12-23 01:47:45.922 6 ERROR rally.cli.cliutils ret = fn(*fn_args, **fn_kwargs)
2019-12-23 01:47:45.922 6 ERROR rally.cli.cliutils File "", line 2, in destroy
2019-12-23 01:47:45.922 6 ERROR rally.cli.cliutils
File "/usr/lib/python2.7/site-packages/rally/cli/envutils.py", line 68, in default_from_global
2019-12-23 01:47:45.922 6 ERROR rally.cli.cliutils return f(*args, **kwargs)
2019-12-23 01:47:45.922 6 ERROR rally.cli.cliutils File "", line 2, in destroy
2019-12-23 01:47:45.922 6 ERROR rally.cli.cliutils
File "/usr/lib/python2.7/site-packages/rally/plugins/__init__.py", line 51, in ensure_plugins_are_loaded
2019-12-23 01:47:45.922 6 ERROR rally.cli.cliutils return f(*args, **kwargs)
2019-12-23 01:47:45.922 6 ERROR rally.cli.cliutils
File "/usr/lib/python2.7/site-packages/rally/cli/commands/deployment.py", line 157, in destroy
2019-12-23 01:47:45.922 6 ERROR rally.cli.cliutils api.deployment.destroy(deployment=deployment)
2019-12-23 01:47:45.922 6 ERROR rally.cli.cliutils
File "/usr/lib/python2.7/site-packages/rally/api.py", line 115, in destroy
2019-12-23 01:47:45.922 6 ERROR rally.cli.cliutils deploy = objects.Deployment.get(deployment)
2019-12-23 01:47:45.922 6 ERROR rally.cli.cliutils
File "/usr/lib/python2.7/site-packages/rally/common/objects/deploy.py", line 124, in get
2019-12-23 01:47:45.922 6 ERROR rally.cli.cliutils return Deployment(env_mgr.EnvManager.get(deploy))
2019-12-23 01:47:45.922 6 ERROR rally.cli.cliutils
File "/usr/lib/python2.7/site-packages/rally/env/env_mgr.py", line 212, in get
2019-12-23 01:47:45.922 6 ERROR rally.cli.cliutils return cls(db.env_get(uuid_or_name))
2019-12-23 01:47:45.922 6 ERROR rally.cli.cliutils
File "/usr/lib/python2.7/site-packages/rally/common/db/api.py", line 135, in wrapper
2019-12-23 01:47:45.922 6 ERROR rally.cli.cliutils result = f(session, *args, **kwargs)
2019-12-23 01:47:45.922 6 ERROR rally.cli.cliutils
File "/usr/lib/python2.7/site-packages/rally/common/db/api.py", line 521, in env_get
2019-12-23 01:47:45.922 6 ERROR rally.cli.cliutils criteria="uuid or name is %s" % uuid_or_name, table="envs")
2019-12-23 01:47:45.922 6 ERROR rally.cli.cliutils DBRecordNotFound: Record for uuid or name is opnfv-rally not found in table envs
2019-12-23 01:47:45.922 6 ERROR rally.cli.cliutils
2019-12-23 01:47:46.723 8 RALLYDEBUG rally.api [-] INFO logs from urllib3 and requests module are hide.
2019-12-23 01:47:46.723 8 RALLYDEBUG rally.api [-] urllib3 insecure warnings are hidden.
2019-12-23 01:47:46.723 8 RALLYDEBUG rally.api [-] ERROR log from boto module is hide.
2019-12-23 01:47:48.911 10 RALLYDEBUG rally.api [-] INFO logs from urllib3 and requests module are hide.
2019-12-23 01:47:48.911 10 RALLYDEBUG rally.api [-] urllib3 insecure warnings are hidden.
2019-12-23 01:47:48.911 10 RALLYDEBUG rally.api [-] ERROR log from boto module is hide.
2019-12-23 01:47:51.488 13 RALLYDEBUG rally.api [-] INFO logs from urllib3 and requests module are hide.
2019-12-23 01:47:51.488 13 RALLYDEBUG rally.api [-] urllib3 insecure warnings are hidden.
2019-12-23 01:47:51.488 13 RALLYDEBUG rally.api [-] ERROR log from boto module is hide.
2019-12-23 01:47:52.558 15 RALLYDEBUG rally.api [-] INFO logs from urllib3 and requests module are hide.
2019-12-23 01:47:52.558 15 RALLYDEBUG rally.api [-] urllib3 insecure warnings are hidden.
2019-12-23 01:47:52.558 15 RALLYDEBUG rally.api [-] ERROR log from boto module is hide.
2019-12-23 01:47:53.987 15 INFO rally.task.engine [-] Task 0fa6f1e6-45c9-4d73-bff8-3db4497cff06 | Starting: Task validation.
2019-12-23 01:47:54.000 15 INFO rally.task.engine [-] Task 0fa6f1e6-45c9-4d73-bff8-3db4497cff06 | Starting: Task validation of syntax.
2019-12-23 01:47:54.046 15 INFO rally.task.engine [-] Task 0fa6f1e6-45c9-4d73-bff8-3db4497cff06 | Completed: Task validation of syntax.
2019-12-23 01:47:54.046 15 INFO rally.task.engine [-] Task 0fa6f1e6-45c9-4d73-bff8-3db4497cff06 | Starting: Task validation of required platforms.
2019-12-23 01:47:54.075 15 INFO rally.task.engine [-] Task 0fa6f1e6-45c9-4d73-bff8-3db4497cff06 | Completed: Task validation of required platforms.
2019-12-23 01:47:54.075 15 INFO rally.task.engine [-] Task 0fa6f1e6-45c9-4d73-bff8-3db4497cff06 | Starting: Task validation of semantic.
2019-12-23 01:47:54.075 15 INFO rally.task.engine [-] Check health of the environment 'a88a36d7-a5c0-403d-80be-0ccb98b3e70e'.
2019-12-23 01:47:54.475 15 INFO rally.task.engine [-] Platform existing@openstack (available: True): OK!
2019-12-23 01:47:54.484 15 RALLYDEBUG rally_openstack.contexts.keystone.users [-] Creating 1 tenants using 20 threads
2019-12-23 01:47:54.775 15 RALLYDEBUG rally_openstack.contexts.keystone.users [-] Creating 1 users using 20 threads
2019-12-23 01:47:55.219 15 INFO rally.task.context [-] Task 0fa6f1e6-45c9-4d73-bff8-3db4497cff06 | Context users@openstack setup() finished in 0.73 sec
2019-12-23 01:47:55.259 15 INFO rally.task.context [-] Task 0fa6f1e6-45c9-4d73-bff8-3db4497cff06 | Context users@openstack cleanup() started
2019-12-23 01:47:56.772 15 INFO rally.task.context [-] Task 0fa6f1e6-45c9-4d73-bff8-3db4497cff06 | Context users@openstack cleanup() finished in 1.51 sec
2019-12-23 01:47:56.773 15 INFO rally.task.engine [-] Task 0fa6f1e6-45c9-4d73-bff8-3db4497cff06 | Completed: Task validation of semantic.
2019-12-23 01:47:56.773 15 INFO rally.task.engine [-] Task 0fa6f1e6-45c9-4d73-bff8-3db4497cff06 | Completed: Task validation.
2019-12-23 01:47:56.774 15 INFO rally.api [-] Task 0fa6f1e6-45c9-4d73-bff8-3db4497cff06 input file is valid.
2019-12-23 01:47:56.774 15 INFO rally.api [-] Run Task 0fa6f1e6-45c9-4d73-bff8-3db4497cff06 against Deployment a88a36d7-a5c0-403d-80be-0ccb98b3e70e
2019-12-23 01:47:56.774 15 INFO rally.task.engine [-] Task 0fa6f1e6-45c9-4d73-bff8-3db4497cff06 | Starting: Running task.
2019-12-23 01:47:56.822 15 INFO rally.task.engine [-] Running workload: position = 0 config = { "version": 2, "title": "A cropped version of a bigger task.", "description": "Auto-generated task from a single workload (uuid=849f3273-1ced-40e2-a59a-fe6396b782e5)", "subtasks": [ { "title": "Authenticate.keystone", "description": "Check Keystone Client.", "scenario": { "Authenticate.keystone": {} }, "contexts": { "users": { "tenants": 3, "users_per_tenant": 2 } }, "runner": { "constant": { "concurrency": 4, "times": 10 } }, "hooks": [], "sla": { "failure_rate": { "max": 0 } } } ] }
2019-12-23 01:47:56.834 15 RALLYDEBUG rally_openstack.contexts.keystone.users [-] Creating 3 tenants using 20 threads
2019-12-23 01:47:57.222 15 RALLYDEBUG rally_openstack.contexts.keystone.users [-] Creating 6 users using 20 threads
2019-12-23 01:47:58.046 15 INFO rally.task.context [-] Task 0fa6f1e6-45c9-4d73-bff8-3db4497cff06 | Context users@openstack setup() finished in 1.21 sec
2019-12-23 01:47:58.057 15 RALLYDEBUG rally.task.runner [-] Starting the constant runner (task UUID: 0fa6f1e6-45c9-4d73-bff8-3db4497cff06). timeout: 0 concurrency: 4 concurrency_per_worker: 1 times: 10 concurrency_overhead: 0 processes_to_start: 4 max_cpu_used: 88
2019-12-23 01:47:58.072 139 RALLYDEBUG rally.task.runner [-] Starting a worker. concurrency: 1 args: {} times: 10 method_name: run timeout: 0 duration: None cls:
2019-12-23 01:47:58.075 140 RALLYDEBUG rally.task.runner [-] Starting a worker. concurrency: 1 args: {} times: 10 method_name: run timeout: 0 duration: None cls:
2019-12-23 01:47:58.078 141 RALLYDEBUG rally.task.runner [-] Starting a worker. concurrency: 1 args: {} times: 10 method_name: run timeout: 0 duration: None cls:
2019-12-23 01:47:58.079 139 INFO rally.task.runner [-] Task 0fa6f1e6-45c9-4d73-bff8-3db4497cff06 | ITER: 1 START
2019-12-23 01:47:58.081 142 RALLYDEBUG rally.task.runner [-] Starting a worker. concurrency: 1 args: {} times: 10 method_name: run timeout: 0 duration: None cls:
2019-12-23 01:47:58.082 140 INFO rally.task.runner [-] Task 0fa6f1e6-45c9-4d73-bff8-3db4497cff06 | ITER: 2 START
2019-12-23 01:47:58.084 141 INFO rally.task.runner [-] Task 0fa6f1e6-45c9-4d73-bff8-3db4497cff06 | ITER: 3 START
2019-12-23 01:47:58.087 142 INFO rally.task.runner [-] Task 0fa6f1e6-45c9-4d73-bff8-3db4497cff06 | ITER: 4 START
2019-12-23 01:47:58.508 140 INFO rally.task.runner [-] Task 0fa6f1e6-45c9-4d73-bff8-3db4497cff06 | ITER: 2 END: OK
2019-12-23 01:47:58.514 142 INFO rally.task.runner [-] Task 0fa6f1e6-45c9-4d73-bff8-3db4497cff06 | ITER: 4 END: OK
2019-12-23 01:47:58.514 140 INFO rally.task.runner [-] Task 0fa6f1e6-45c9-4d73-bff8-3db4497cff06 | ITER: 5 START
2019-12-23 01:47:58.520 142 INFO rally.task.runner [-] Task 0fa6f1e6-45c9-4d73-bff8-3db4497cff06 | ITER: 6 START
2019-12-23 01:47:58.604 139 INFO rally.task.runner [-] Task 0fa6f1e6-45c9-4d73-bff8-3db4497cff06 | ITER: 1 END: OK
2019-12-23 01:47:58.608 139 INFO rally.task.runner [-] Task 0fa6f1e6-45c9-4d73-bff8-3db4497cff06 | ITER: 7 START
2019-12-23 01:47:58.611 141 INFO rally.task.runner [-] Task 0fa6f1e6-45c9-4d73-bff8-3db4497cff06 | ITER: 3 END: OK
2019-12-23 01:47:58.616 141 INFO rally.task.runner [-] Task 0fa6f1e6-45c9-4d73-bff8-3db4497cff06 | ITER: 8 START
2019-12-23 01:47:58.715 142 INFO rally.task.runner [-] Task 0fa6f1e6-45c9-4d73-bff8-3db4497cff06 | ITER: 6 END: OK
2019-12-23 01:47:58.719 142 INFO rally.task.runner [-] Task 0fa6f1e6-45c9-4d73-bff8-3db4497cff06 | ITER: 9 START
2019-12-23 01:47:58.818 140 INFO rally.task.runner [-] Task 0fa6f1e6-45c9-4d73-bff8-3db4497cff06 | ITER: 5 END: OK
2019-12-23 01:47:58.822 140 INFO rally.task.runner [-] Task 0fa6f1e6-45c9-4d73-bff8-3db4497cff06 | ITER: 10 START
2019-12-23 01:47:58.879 141 INFO rally.task.runner [-] Task 0fa6f1e6-45c9-4d73-bff8-3db4497cff06 | ITER: 8 END: OK
2019-12-23 01:47:58.894 139 INFO rally.task.runner [-] Task 0fa6f1e6-45c9-4d73-bff8-3db4497cff06 | ITER: 7 END: OK
2019-12-23 01:47:58.993 142 INFO rally.task.runner [-] Task 0fa6f1e6-45c9-4d73-bff8-3db4497cff06 | ITER: 9 END: OK
2019-12-23 01:47:59.079 140 INFO rally.task.runner [-] Task 0fa6f1e6-45c9-4d73-bff8-3db4497cff06 | ITER: 10 END: OK
2019-12-23 01:47:59.105 15 INFO rally.task.context [-] Task 0fa6f1e6-45c9-4d73-bff8-3db4497cff06 | Context users@openstack cleanup() started
2019-12-23 01:48:02.216 15 INFO rally.task.context [-] Task 0fa6f1e6-45c9-4d73-bff8-3db4497cff06 | Context users@openstack cleanup() finished in 3.11 sec
2019-12-23 01:48:02.879 15 INFO rally.task.engine [-] Load duration is: 0.999345
2019-12-23 01:48:02.879 15 INFO rally.task.engine [-] Full runner duration is: 1.048297
2019-12-23 01:48:02.880 15 INFO rally.task.engine [-] Full duration is: 5.383436
2019-12-23 01:48:02.954 15 INFO rally.task.engine [-] Running workload: position = 0 config = { "version": 2, "title": "A cropped version of a bigger task.", "description": "Auto-generated task from a single workload (uuid=6121c653-7667-4fc6-a63b-23e19bb4ca7c)", "subtasks": [ { "title": "Authenticate.validate_cinder", "description": "Check Cinder Client to ensure validation of token.", "scenario": { "Authenticate.validate_cinder": { "repetitions": 2 } }, "contexts": { "users": { "tenants": 3, "users_per_tenant": 2 } }, "runner": { "constant": { "concurrency": 4, "times": 10 } }, "hooks": [], "sla": { "failure_rate": { "max": 0 } } } ] }
2019-12-23 01:48:02.966 15 RALLYDEBUG rally_openstack.contexts.keystone.users [-] Creating 3 tenants using 20 threads
2019-12-23 01:48:03.450 15 RALLYDEBUG rally_openstack.contexts.keystone.users [-] Creating 6 users using 20 threads
2019-12-23 01:48:04.102 15 INFO rally.task.context [-] Task 0fa6f1e6-45c9-4d73-bff8-3db4497cff06 | Context users@openstack setup() finished in 1.14 sec
2019-12-23 01:48:04.111 15 RALLYDEBUG rally.task.runner [-] Starting the constant runner (task UUID: 0fa6f1e6-45c9-4d73-bff8-3db4497cff06). timeout: 0 concurrency: 4 concurrency_per_worker: 1 times: 10 concurrency_overhead: 0 processes_to_start: 4 max_cpu_used: 88
2019-12-23 01:48:04.123 243 RALLYDEBUG rally.task.runner [-] Starting a worker. concurrency: 1 args: {"repetitions": 2} times: 10 method_name: run timeout: 0 duration: None cls:
2019-12-23 01:48:04.125 244 RALLYDEBUG rally.task.runner [-] Starting a worker. concurrency: 1 args: {"repetitions": 2} times: 10 method_name: run timeout: 0 duration: None cls:
2019-12-23 01:48:04.128 245 RALLYDEBUG rally.task.runner [-] Starting a worker. concurrency: 1 args: {"repetitions": 2} times: 10 method_name: run timeout: 0 duration: None cls:
2019-12-23 01:48:04.130 243 INFO rally.task.runner [-] Task 0fa6f1e6-45c9-4d73-bff8-3db4497cff06 | ITER: 1 START
2019-12-23 01:48:04.130 246 RALLYDEBUG rally.task.runner [-] Starting a worker. concurrency: 1 args: {"repetitions": 2} times: 10 method_name: run timeout: 0 duration: None cls:
2019-12-23 01:48:04.132 244 INFO rally.task.runner [-] Task 0fa6f1e6-45c9-4d73-bff8-3db4497cff06 | ITER: 2 START
2019-12-23 01:48:04.134 245 INFO rally.task.runner [-] Task 0fa6f1e6-45c9-4d73-bff8-3db4497cff06 | ITER: 3 START
2019-12-23 01:48:04.137 246 INFO rally.task.runner [-] Task 0fa6f1e6-45c9-4d73-bff8-3db4497cff06 | ITER: 4 START
2019-12-23 01:48:04.660 244 INFO rally.task.runner [-] Task 0fa6f1e6-45c9-4d73-bff8-3db4497cff06 | ITER: 2 END: OK
2019-12-23 01:48:04.665 244 INFO rally.task.runner [-] Task 0fa6f1e6-45c9-4d73-bff8-3db4497cff06 | ITER: 5 START
2019-12-23 01:48:04.744 243 INFO rally.task.runner [-] Task 0fa6f1e6-45c9-4d73-bff8-3db4497cff06 | ITER: 1 END: OK
2019-12-23 01:48:04.749 243 INFO rally.task.runner [-] Task 0fa6f1e6-45c9-4d73-bff8-3db4497cff06 | ITER: 6 START
2019-12-23 01:48:04.754 246 INFO rally.task.runner [-] Task 0fa6f1e6-45c9-4d73-bff8-3db4497cff06 | ITER: 4 END: OK
2019-12-23 01:48:04.759 246 INFO rally.task.runner [-] Task 0fa6f1e6-45c9-4d73-bff8-3db4497cff06 | ITER: 7 START
2019-12-23 01:48:04.925 245 INFO rally.task.runner [-] Task 0fa6f1e6-45c9-4d73-bff8-3db4497cff06 | ITER: 3 END: OK
2019-12-23 01:48:04.930 245 INFO rally.task.runner [-] Task 0fa6f1e6-45c9-4d73-bff8-3db4497cff06 | ITER: 8 START
2019-12-23 01:48:05.015 244 INFO rally.task.runner [-] Task 0fa6f1e6-45c9-4d73-bff8-3db4497cff06 | ITER: 5 END: OK
2019-12-23 01:48:05.019 244 INFO rally.task.runner [-] Task 0fa6f1e6-45c9-4d73-bff8-3db4497cff06 | ITER: 9 START
2019-12-23 01:48:05.076 243 INFO rally.task.runner [-] Task 0fa6f1e6-45c9-4d73-bff8-3db4497cff06 | ITER: 6 END: OK
2019-12-23 01:48:05.080 243 INFO rally.task.runner [-] Task 0fa6f1e6-45c9-4d73-bff8-3db4497cff06 | ITER: 10 START
2019-12-23 01:48:05.164 246 INFO rally.task.runner [-] Task 0fa6f1e6-45c9-4d73-bff8-3db4497cff06 | ITER: 7 END: OK
2019-12-23 01:48:05.190 245 INFO rally.task.runner [-] Task 0fa6f1e6-45c9-4d73-bff8-3db4497cff06 | ITER: 8 END: OK
2019-12-23 01:48:05.320 244 INFO rally.task.runner [-] Task 0fa6f1e6-45c9-4d73-bff8-3db4497cff06 | ITER: 9 END: OK
2019-12-23 01:48:08.354 243 INFO rally.task.runner [-] Task 0fa6f1e6-45c9-4d73-bff8-3db4497cff06 | ITER: 10 END: OK
2019-12-23 01:48:08.375 15 INFO rally.task.context [-] Task 0fa6f1e6-45c9-4d73-bff8-3db4497cff06 | Context users@openstack cleanup() started
2019-12-23 01:48:56.884 15 INFO rally.task.context [-] Task 0fa6f1e6-45c9-4d73-bff8-3db4497cff06 | Context users@openstack cleanup() finished in 48.51 sec
2019-12-23 01:48:57.183 15 INFO rally.task.engine [-] Load duration is: 4.223208
2019-12-23 01:48:57.183 15 INFO rally.task.engine [-] Full runner duration is: 4.264475
2019-12-23 01:48:57.184 15 INFO rally.task.engine [-] Full duration is: 53.918943
2019-12-23 01:48:57.262 15 INFO rally.task.engine [-] Running workload: position = 0 config = { "version": 2, "title": "A cropped version of a bigger task.", "description": "Auto-generated task from a single workload (uuid=f064e551-547c-447f-b849-c68da0182f65)", "subtasks": [ { "title": "Authenticate.validate_glance", "description": "Check Glance Client to ensure validation of token.", "scenario": { "Authenticate.validate_glance": { "repetitions": 2 } }, "contexts": { "users": { "tenants": 3, "users_per_tenant": 2 } }, "runner": { "constant": { "concurrency": 4, "times": 10 } }, "hooks": [], "sla": { "failure_rate": { "max": 0 } } } ] }
2019-12-23 01:48:57.282 15 RALLYDEBUG rally_openstack.contexts.keystone.users [-] Creating 3 tenants using 20 threads
2019-12-23 01:48:57.901 15 RALLYDEBUG rally_openstack.contexts.keystone.users [-] Creating 6 users using 20 threads
2019-12-23 01:48:58.940 15 INFO rally.task.context [-] Task 0fa6f1e6-45c9-4d73-bff8-3db4497cff06 | Context users@openstack setup() finished in 1.66 sec
2019-12-23 01:48:58.949 15 RALLYDEBUG rally.task.runner [-] Starting the constant runner (task UUID: 0fa6f1e6-45c9-4d73-bff8-3db4497cff06). timeout: 0 concurrency: 4 concurrency_per_worker: 1 times: 10 concurrency_overhead: 0 processes_to_start: 4 max_cpu_used: 88
2019-12-23 01:48:58.960 347 RALLYDEBUG rally.task.runner [-] Starting a worker. concurrency: 1 args: {"repetitions": 2} times: 10 method_name: run timeout: 0 duration: None cls:
2019-12-23 01:48:58.962 348 RALLYDEBUG rally.task.runner [-] Starting a worker. concurrency: 1 args: {"repetitions": 2} times: 10 method_name: run timeout: 0 duration: None cls:
2019-12-23 01:48:58.964 349 RALLYDEBUG rally.task.runner [-] Starting a worker. concurrency: 1 args: {"repetitions": 2} times: 10 method_name: run timeout: 0 duration: None cls:
2019-12-23 01:48:58.967 347 INFO rally.task.runner [-] Task 0fa6f1e6-45c9-4d73-bff8-3db4497cff06 | ITER: 1 START
2019-12-23 01:48:58.967 350 RALLYDEBUG rally.task.runner [-] Starting a worker. concurrency: 1 args: {"repetitions": 2} times: 10 method_name: run timeout: 0 duration: None cls:
2019-12-23 01:48:58.969 348 INFO rally.task.runner [-] Task 0fa6f1e6-45c9-4d73-bff8-3db4497cff06 | ITER: 2 START
2019-12-23 01:48:58.970 349 INFO rally.task.runner [-] Task 0fa6f1e6-45c9-4d73-bff8-3db4497cff06 | ITER: 3 START
2019-12-23 01:48:58.974 350 INFO rally.task.runner [-] Task 0fa6f1e6-45c9-4d73-bff8-3db4497cff06 | ITER: 4 START
2019-12-23 01:48:59.563 348 INFO rally.task.runner [-] Task 0fa6f1e6-45c9-4d73-bff8-3db4497cff06 | ITER: 2 END: OK
2019-12-23 01:48:59.568 348 INFO rally.task.runner [-] Task 0fa6f1e6-45c9-4d73-bff8-3db4497cff06 | ITER: 5 START
2019-12-23 01:48:59.587 347 INFO rally.task.runner [-] Task 0fa6f1e6-45c9-4d73-bff8-3db4497cff06 | ITER: 1 END: OK
2019-12-23 01:48:59.592 347 INFO rally.task.runner [-] Task 0fa6f1e6-45c9-4d73-bff8-3db4497cff06 | ITER: 6 START
2019-12-23 01:48:59.606 349 INFO rally.task.runner [-] Task 0fa6f1e6-45c9-4d73-bff8-3db4497cff06 | ITER: 3 END: OK
2019-12-23 01:48:59.611 349 INFO rally.task.runner [-] Task 0fa6f1e6-45c9-4d73-bff8-3db4497cff06 | ITER: 7 START
2019-12-23 01:49:00.096 349 INFO rally.task.runner [-] Task 0fa6f1e6-45c9-4d73-bff8-3db4497cff06 | ITER: 7 END: OK
2019-12-23 01:49:00.101 349 INFO rally.task.runner [-] Task 0fa6f1e6-45c9-4d73-bff8-3db4497cff06 | ITER: 8 START
2019-12-23 01:49:02.670 350 INFO rally.task.runner [-] Task 0fa6f1e6-45c9-4d73-bff8-3db4497cff06 | ITER: 4 END: OK
2019-12-23 01:49:02.675 350 INFO rally.task.runner [-] Task 0fa6f1e6-45c9-4d73-bff8-3db4497cff06 | ITER: 9 START
2019-12-23 01:49:05.838 348 INFO rally.task.runner [-] Task 0fa6f1e6-45c9-4d73-bff8-3db4497cff06 | ITER: 5 END: OK
2019-12-23 01:49:05.842 348 INFO rally.task.runner [-] Task 0fa6f1e6-45c9-4d73-bff8-3db4497cff06 | ITER: 10 START
2019-12-23 01:49:06.160 348 INFO rally.task.runner [-] Task 0fa6f1e6-45c9-4d73-bff8-3db4497cff06 | ITER: 10 END: OK
2019-12-23 01:49:08.852 347 INFO rally.task.runner [-] Task 0fa6f1e6-45c9-4d73-bff8-3db4497cff06 | ITER: 6 END: OK
2019-12-23 01:49:12.980 349 INFO rally.task.runner [-] Task 0fa6f1e6-45c9-4d73-bff8-3db4497cff06 | ITER: 8 END: OK
2019-12-23 01:49:13.456 350 INFO rally.task.runner [-] Task 0fa6f1e6-45c9-4d73-bff8-3db4497cff06 | ITER: 9 END: OK
2019-12-23 01:49:13.479 15 INFO rally.task.context [-] Task 0fa6f1e6-45c9-4d73-bff8-3db4497cff06 | Context users@openstack cleanup() started
2019-12-23 01:49:22.963 15 INFO rally.task.context [-] Task 0fa6f1e6-45c9-4d73-bff8-3db4497cff06 | Context users@openstack cleanup() finished in 9.48 sec
2019-12-23 01:49:23.531 15 INFO rally.task.engine [-] Load duration is: 14.488341
2019-12-23 01:49:23.531 15 INFO rally.task.engine [-] Full runner duration is: 14.530016
2019-12-23 01:49:23.531 15 INFO rally.task.engine [-] Full duration is: 25.683136
2019-12-23 01:49:23.612 15 INFO rally.task.engine [-] Running workload: position = 0 config = { "version": 2, "title": "A cropped version of a bigger task.", "description": "Auto-generated task from a single workload (uuid=0da9941c-1f40-473f-bf69-5261b3aa0b29)", "subtasks": [ { "title": "Authenticate.validate_heat", "description": "Check Heat Client to ensure validation of token.", "scenario": { "Authenticate.validate_heat": { "repetitions": 2 } }, "contexts": { "users": { "tenants": 3, "users_per_tenant": 2 } }, "runner": { "constant": { "concurrency": 4, "times": 10 } }, "hooks": [], "sla": { "failure_rate": { "max": 0 } } } ] }
2019-12-23 01:49:23.624 15 RALLYDEBUG rally_openstack.contexts.keystone.users [-] Creating 3 tenants using 20 threads
2019-12-23 01:50:04.562 15 ERROR rally.common.broker [-] Failed to consume a task from the queue: BadGateway: Bad Gateway (HTTP 502)
2019-12-23 01:50:04.562 15 ERROR rally.common.broker
Traceback (most recent call last):
2019-12-23 01:50:04.562 15 ERROR rally.common.broker
File "/usr/lib/python2.7/site-packages/rally/common/broker.py", line 42, in _consumer
2019-12-23 01:50:04.562 15 ERROR rally.common.broker consume(cache, args)
2019-12-23 01:50:04.562 15 ERROR rally.common.broker
File "/usr/lib/python2.7/site-packages/rally_openstack/contexts/keystone/users.py", line 179, in consume
2019-12-23 01:50:04.562 15 ERROR rally.common.broker clients, name_generator=self.generate_random_name)
2019-12-23 01:50:04.562 15 ERROR rally.common.broker
File "/usr/lib/python2.7/site-packages/rally/task/service.py", line 284, in __init__
2019-12-23 01:50:04.562 15 ERROR rally.common.broker impl_cls, _all_impls = self.discover_impl()
2019-12-23 01:50:04.562 15 ERROR rally.common.broker
File "/usr/lib/python2.7/site-packages/rally/task/service.py", line 116, in wrapper
2019-12-23 01:50:04.562 15 ERROR rally.common.broker return func(instance, *args, **kwargs)
2019-12-23 01:50:04.562 15 ERROR rally.common.broker
File "/usr/lib/python2.7/site-packages/rally/task/service.py", line 325, in discover_impl
2019-12-23 01:50:04.562 15 ERROR rally.common.broker if cls.is_applicable(self._clients):
2019-12-23 01:50:04.562 15 ERROR rally.common.broker
File "/usr/lib/python2.7/site-packages/rally_openstack/services/identity/identity.py", line 28, in is_applicable
2019-12-23 01:50:04.562 15 ERROR rally.common.broker cloud_version = clients.keystone().version.split(".")[0][1:]
2019-12-23 01:50:04.562 15 ERROR rally.common.broker
File "/usr/lib/python2.7/site-packages/rally_openstack/osclients.py", line 244, in __call__
2019-12-23 01:50:04.562 15 ERROR rally.common.broker self.cache[key] = self.create_client(*args, **kwargs)
2019-12-23 01:50:04.562 15 ERROR rally.common.broker
File "/usr/lib/python2.7/site-packages/rally_openstack/osclients.py", line 395, in create_client
2019-12-23 01:50:04.562 15 ERROR rally.common.broker return client.Client(**kw)
2019-12-23 01:50:04.562 15 ERROR rally.common.broker
File "/usr/lib/python2.7/site-packages/keystoneclient/client.py", line 62, in Client
2019-12-23 01:50:04.562 15 ERROR rally.common.broker d = discover.Discover(session=session, **kwargs)
2019-12-23 01:50:04.562 15 ERROR rally.common.broker
File "/usr/lib/python2.7/site-packages/keystoneclient/discover.py", line 178, in __init__
2019-12-23 01:50:04.562 15 ERROR rally.common.broker authenticated=authenticated)
2019-12-23 01:50:04.562 15 ERROR rally.common.broker
File "/usr/lib/python2.7/site-packages/keystoneclient/_discover.py", line 143, in __init__
2019-12-23 01:50:04.562 15 ERROR rally.common.broker authenticated=authenticated)
2019-12-23 01:50:04.562 15 ERROR rally.common.broker
File "/usr/lib/python2.7/site-packages/keystoneclient/_discover.py", line 38, in get_version_data
2019-12-23 01:50:04.562 15 ERROR rally.common.broker resp = session.get(url, headers=headers, authenticated=authenticated)
2019-12-23 01:50:04.562 15 ERROR rally.common.broker
File "/usr/lib/python2.7/site-packages/keystoneauth1/session.py", line 1011, in get
2019-12-23 01:50:04.562 15 ERROR rally.common.broker return self.request(url, 'GET', **kwargs)
2019-12-23 01:50:04.562 15 ERROR rally.common.broker
File "/usr/lib/python2.7/site-packages/keystoneauth1/session.py", line 684, in request
2019-12-23 01:50:04.562 15 ERROR rally.common.broker auth_headers = self.get_auth_headers(auth)
2019-12-23 01:50:04.562 15 ERROR rally.common.broker
File "/usr/lib/python2.7/site-packages/keystoneauth1/session.py", line 1071, in get_auth_headers
2019-12-23 01:50:04.562 15 ERROR rally.common.broker return auth.get_headers(self, **kwargs)
2019-12-23 01:50:04.562 15 ERROR rally.common.broker
File "/usr/lib/python2.7/site-packages/keystoneauth1/plugin.py", line 95, in get_headers
2019-12-23 01:50:04.562 15 ERROR rally.common.broker token = self.get_token(session)
2019-12-23 01:50:04.562 15 ERROR rally.common.broker
File "/usr/lib/python2.7/site-packages/keystoneauth1/identity/base.py", line 88, in get_token
2019-12-23 01:50:04.562 15 ERROR rally.common.broker return self.get_access(session).auth_token
2019-12-23 01:50:04.562 15 ERROR rally.common.broker
File "/usr/lib/python2.7/site-packages/keystoneauth1/identity/base.py", line 134, in get_access
2019-12-23 01:50:04.562 15 ERROR rally.common.broker self.auth_ref = self.get_auth_ref(session)
2019-12-23 01:50:04.562 15 ERROR rally.common.broker
File "/usr/lib/python2.7/site-packages/keystoneauth1/identity/generic/base.py", line 208, in get_auth_ref
2019-12-23 01:50:04.562 15 ERROR rally.common.broker return self._plugin.get_auth_ref(session, **kwargs)
2019-12-23 01:50:04.562 15 ERROR rally.common.broker
File "/usr/lib/python2.7/site-packages/keystoneauth1/identity/v3/base.py", line 178, in get_auth_ref
2019-12-23 01:50:04.562 15 ERROR rally.common.broker authenticated=False, log=False, **rkwargs)
2019-12-23 01:50:04.562 15 ERROR rally.common.broker
File "/usr/lib/python2.7/site-packages/keystoneauth1/session.py", line 1019, in post
2019-12-23 01:50:04.562 15 ERROR rally.common.broker return self.request(url, 'POST', **kwargs)
2019-12-23 01:50:04.562 15 ERROR rally.common.broker
File "/usr/lib/python2.7/site-packages/keystoneauth1/session.py", line 869, in request
2019-12-23 01:50:04.562 15 ERROR rally.common.broker raise exceptions.from_response(resp, method, url)
2019-12-23 01:50:04.562 15 ERROR rally.common.broker BadGateway: Bad Gateway (HTTP 502)
2019-12-23 01:50:04.562 15 ERROR rally.common.broker
2019-12-23 01:50:04.569 15 INFO rally.task.context [-] Task 0fa6f1e6-45c9-4d73-bff8-3db4497cff06 | Context users@openstack cleanup() started
2019-12-23 01:50:05.267 15 INFO rally.task.context [-] Task 0fa6f1e6-45c9-4d73-bff8-3db4497cff06 | Context users@openstack cleanup() finished in 0.70 sec
2019-12-23 01:50:05.795 15 INFO rally.task.engine [-] Load duration is: 0.0
2019-12-23 01:50:05.795 15 INFO rally.task.engine [-] Full runner duration is: 0.0
2019-12-23 01:50:05.796 15 INFO rally.task.engine [-] Full duration is: 41.644397
2019-12-23 01:50:05.817 15 ERROR rally.task.engine [-] Unexpected exception during the workload execution: ContextSetupFailure: Unable to setup context 'users': 'Failed to create the requested number of tenants.'
2019-12-23 01:50:05.817 15 ERROR rally.task.engine
Traceback (most recent call last):
2019-12-23 01:50:05.817 15 ERROR rally.task.engine
File "/usr/lib/python2.7/site-packages/rally/task/engine.py", line 513, in _run_workload
2019-12-23 01:50:05.817 15 ERROR rally.task.engine with ctx_manager:
2019-12-23 01:50:05.817 15 ERROR rally.task.engine
File "/usr/lib/python2.7/site-packages/rally/task/context.py", line 311, in __enter__
2019-12-23 01:50:05.817 15 ERROR rally.task.engine self.setup()
2019-12-23 01:50:05.817 15 ERROR rally.task.engine
File "/usr/lib/python2.7/site-packages/rally/task/context.py", line 256, in setup
2019-12-23 01:50:05.817 15 ERROR rally.task.engine ctx.setup()
2019-12-23 01:50:05.817 15 ERROR rally.task.engine
File "/usr/lib/python2.7/site-packages/rally_openstack/contexts/keystone/users.py", line 334, in setup
2019-12-23 01:50:05.817 15 ERROR rally.task.engine self.create_users()
2019-12-23 01:50:05.817 15 ERROR rally.task.engine
File "/usr/lib/python2.7/site-packages/rally_openstack/contexts/keystone/users.py", line 286, in create_users
2019-12-23 01:50:05.817 15 ERROR rally.task.engine msg="Failed to create the requested number of tenants.")
2019-12-23 01:50:05.817 15 ERROR rally.task.engine ContextSetupFailure: Unable to setup context 'users': 'Failed to create the requested number of tenants.'
2019-12-23 01:50:05.817 15 ERROR rally.task.engine
2019-12-23 01:50:05.862 15 INFO rally.task.engine [-] Running workload: position = 0 config = { "version": 2, "title": "A cropped version of a bigger task.", "description": "Auto-generated task from a single workload (uuid=0d61fa31-12a7-4816-b3b0-6ed228a4507e)", "subtasks": [ { "title": "Authenticate.validate_neutron", "description": "Check Neutron Client to ensure validation of token.", "scenario": { "Authenticate.validate_neutron": { "repetitions": 2 } }, "contexts": { "users": { "tenants": 3, "users_per_tenant": 2 } }, "runner": { "constant": { "concurrency": 4, "times": 10 } }, "hooks": [], "sla": { "failure_rate": { "max": 0 } } } ] }
2019-12-23 01:50:05.871 15 RALLYDEBUG rally_openstack.contexts.keystone.users [-] Creating 3 tenants using 20 threads
2019-12-23 01:50:06.421 15 RALLYDEBUG rally_openstack.contexts.keystone.users [-] Creating 6 users using 20 threads
2019-12-23 01:50:11.513 15 INFO rally.task.context [-] Task 0fa6f1e6-45c9-4d73-bff8-3db4497cff06 | Context users@openstack setup() finished in 5.64 sec
2019-12-23 01:50:11.522 15 RALLYDEBUG rally.task.runner [-] Starting the constant runner (task UUID: 0fa6f1e6-45c9-4d73-bff8-3db4497cff06). timeout: 0 concurrency: 4 concurrency_per_worker: 1 times: 10 concurrency_overhead: 0 processes_to_start: 4 max_cpu_used: 88
2019-12-23 01:50:11.536 513 RALLYDEBUG rally.task.runner [-] Starting a worker. concurrency: 1 args: {"repetitions": 2} times: 10 method_name: run timeout: 0 duration: None cls:
2019-12-23 01:50:11.537 514 RALLYDEBUG rally.task.runner [-] Starting a worker. concurrency: 1 args: {"repetitions": 2} times: 10 method_name: run timeout: 0 duration: None cls:
2019-12-23 01:50:11.541 515 RALLYDEBUG rally.task.runner [-] Starting a worker. concurrency: 1 args: {"repetitions": 2} times: 10 method_name: run timeout: 0 duration: None cls:
2019-12-23 01:50:11.543 513 INFO rally.task.runner [-] Task 0fa6f1e6-45c9-4d73-bff8-3db4497cff06 | ITER: 1 START
2019-12-23 01:50:11.543 514 INFO rally.task.runner [-] Task 0fa6f1e6-45c9-4d73-bff8-3db4497cff06 | ITER: 2 START
2019-12-23 01:50:11.544 516 RALLYDEBUG rally.task.runner [-] Starting a worker. concurrency: 1 args: {"repetitions": 2} times: 10 method_name: run timeout: 0 duration: None cls:
2019-12-23 01:50:11.547 515 INFO rally.task.runner [-] Task 0fa6f1e6-45c9-4d73-bff8-3db4497cff06 | ITER: 3 START
2019-12-23 01:50:11.550 516 INFO rally.task.runner [-] Task 0fa6f1e6-45c9-4d73-bff8-3db4497cff06 | ITER: 4 START
2019-12-23 01:50:12.523 513 INFO rally.task.runner [-] Task 0fa6f1e6-45c9-4d73-bff8-3db4497cff06 | ITER: 1 END: OK
2019-12-23 01:50:12.529 513 INFO rally.task.runner [-] Task 0fa6f1e6-45c9-4d73-bff8-3db4497cff06 | ITER: 5 START
2019-12-23 01:50:12.611 514 INFO rally.task.runner [-] Task 0fa6f1e6-45c9-4d73-bff8-3db4497cff06 | ITER: 2 END: OK
2019-12-23 01:50:12.616 514 INFO rally.task.runner [-] Task 0fa6f1e6-45c9-4d73-bff8-3db4497cff06 | ITER: 6 START
2019-12-23 01:50:12.704 516 INFO rally.task.runner [-] Task 0fa6f1e6-45c9-4d73-bff8-3db4497cff06 | ITER: 4 END: OK
2019-12-23 01:50:12.709 516 INFO rally.task.runner [-] Task 0fa6f1e6-45c9-4d73-bff8-3db4497cff06 | ITER: 7 START
2019-12-23 01:50:12.905 515 INFO rally.task.runner [-] Task 0fa6f1e6-45c9-4d73-bff8-3db4497cff06 | ITER: 3 END: OK
2019-12-23 01:50:12.910 515 INFO rally.task.runner [-] Task 0fa6f1e6-45c9-4d73-bff8-3db4497cff06 | ITER: 8 START
2019-12-23 01:50:13.248 513 INFO rally.task.runner [-] Task 0fa6f1e6-45c9-4d73-bff8-3db4497cff06 | ITER: 5 END: OK
2019-12-23 01:50:13.253 513 INFO rally.task.runner [-] Task 0fa6f1e6-45c9-4d73-bff8-3db4497cff06 | ITER: 9 START
2019-12-23 01:50:13.418 515 INFO rally.task.runner [-] Task 0fa6f1e6-45c9-4d73-bff8-3db4497cff06 | ITER: 8 END: OK
2019-12-23 01:50:13.423 515 INFO rally.task.runner [-] Task 0fa6f1e6-45c9-4d73-bff8-3db4497cff06 | ITER: 10 START
2019-12-23 01:50:13.453 514 INFO rally.task.runner [-] Task 0fa6f1e6-45c9-4d73-bff8-3db4497cff06 | ITER: 6 END: OK
2019-12-23 01:50:13.478 516 INFO rally.task.runner [-] Task 0fa6f1e6-45c9-4d73-bff8-3db4497cff06 | ITER: 7 END: OK
2019-12-23 01:50:13.796 513 INFO rally.task.runner [-] Task 0fa6f1e6-45c9-4d73-bff8-3db4497cff06 | ITER: 9 END: OK
2019-12-23 01:50:14.078 515 INFO rally.task.runner [-] Task 0fa6f1e6-45c9-4d73-bff8-3db4497cff06 | ITER: 10 END: OK
2019-12-23 01:50:14.103 15 INFO rally.task.context [-] Task 0fa6f1e6-45c9-4d73-bff8-3db4497cff06 | Context users@openstack cleanup() started
2019-12-23 01:50:17.992 15 INFO rally.task.context [-] Task 0fa6f1e6-45c9-4d73-bff8-3db4497cff06 | Context users@openstack cleanup() finished in 3.89 sec
2019-12-23 01:50:19.951 15 INFO rally.task.engine [-] Load duration is: 2.534366
2019-12-23 01:50:19.952 15 INFO rally.task.engine [-] Full runner duration is: 2.580376
2019-12-23 01:50:19.952 15 INFO rally.task.engine [-] Full duration is: 12.121765
2019-12-23 01:50:20.036 15 INFO rally.task.engine [-] Running workload: position = 0 config = { "version": 2, "title": "A cropped version of a bigger task.", "description": "Auto-generated task from a single workload (uuid=087e3c88-d27d-49ce-9063-ae1ca8f7e956)", "subtasks": [ { "title": "Authenticate.validate_nova", "description": "Check Nova Client to ensure validation of token.", "scenario": { "Authenticate.validate_nova": { "repetitions": 2 } }, "contexts": { "users": { "tenants": 3, "users_per_tenant": 2 } }, "runner": { "constant": { "concurrency": 4, "times": 10 } }, "hooks": [], "sla": { "failure_rate": { "max": 0 } } } ] }
2019-12-23 01:50:20.050 15 RALLYDEBUG rally_openstack.contexts.keystone.users [-] Creating 3 tenants using 20 threads
2019-12-23 01:50:29.462 15 RALLYDEBUG rally_openstack.contexts.keystone.users [-] Creating 6 users using 20 threads
2019-12-23 01:51:14.810 15 INFO rally.task.context [-] Task 0fa6f1e6-45c9-4d73-bff8-3db4497cff06 | Context users@openstack setup() finished in 54.76 sec
2019-12-23 01:51:14.820 15 RALLYDEBUG rally.task.runner [-] Starting the constant runner (task UUID: 0fa6f1e6-45c9-4d73-bff8-3db4497cff06). timeout: 0 concurrency: 4 concurrency_per_worker: 1 times: 10 concurrency_overhead: 0 processes_to_start: 4 max_cpu_used: 88
2019-12-23 01:51:14.834 617 RALLYDEBUG rally.task.runner [-] Starting a worker. concurrency: 1 args: {"repetitions": 2} times: 10 method_name: run timeout: 0 duration: None cls:
2019-12-23 01:51:14.836 618 RALLYDEBUG rally.task.runner [-] Starting a worker. concurrency: 1 args: {"repetitions": 2} times: 10 method_name: run timeout: 0 duration: None cls:
2019-12-23 01:51:14.838 619 RALLYDEBUG rally.task.runner [-] Starting a worker. concurrency: 1 args: {"repetitions": 2} times: 10 method_name: run timeout: 0 duration: None cls:
2019-12-23 01:51:14.841 617 INFO rally.task.runner [-] Task 0fa6f1e6-45c9-4d73-bff8-3db4497cff06 | ITER: 1 START
2019-12-23 01:51:14.842 620 RALLYDEBUG rally.task.runner [-] Starting a worker. concurrency: 1 args: {"repetitions": 2} times: 10 method_name: run timeout: 0 duration: None cls:
2019-12-23 01:51:14.843 618 INFO rally.task.runner [-] Task 0fa6f1e6-45c9-4d73-bff8-3db4497cff06 | ITER: 2 START
2019-12-23 01:51:14.845 619 INFO rally.task.runner [-] Task 0fa6f1e6-45c9-4d73-bff8-3db4497cff06 | ITER: 3 START
2019-12-23 01:51:14.848 620 INFO rally.task.runner [-] Task 0fa6f1e6-45c9-4d73-bff8-3db4497cff06 | ITER: 4 START
2019-12-23 01:51:15.130 617 DEBUG novaclient.v2.client [-] REQ: curl -g -i -X GET http://compute-airship.intel-pod17.opnfv.org/v2.1/flavors/detail -H "Accept: application/json" -H "User-Agent: python-novaclient" -H "X-Auth-Token: {SHA1}82a4dba2f702771a6afdce4a50cfec96c375c354" _http_log_request /usr/lib/python2.7/site-packages/keystoneauth1/session.py:448
2019-12-23 01:51:15.199 618 DEBUG novaclient.v2.client [-] REQ: curl -g -i -X GET http://compute-airship.intel-pod17.opnfv.org/v2.1/flavors/detail -H "Accept: application/json" -H "User-Agent: python-novaclient" -H "X-Auth-Token: {SHA1}55694445d14a1273ad097a7e4236dbe1c1059555" _http_log_request /usr/lib/python2.7/site-packages/keystoneauth1/session.py:448
2019-12-23 01:51:15.381 617 DEBUG novaclient.v2.client [-] RESP: [200] Connection: keep-alive Content-Encoding: gzip Content-Type: application/json Date: Mon, 23 Dec 2019 01:51:15 GMT Openstack-Api-Version: compute 2.1 Transfer-Encoding: chunked Vary: Accept-Encoding, OpenStack-API-Version, X-OpenStack-Nova-API-Version X-Compute-Request-Id: req-34947b5a-9a31-4a70-9625-39f70e9fe26f X-Openstack-Nova-Api-Version: 2.1 _http_log_response /usr/lib/python2.7/site-packages/keystoneauth1/session.py:479
2019-12-23 01:51:15.382 617 DEBUG novaclient.v2.client [-] RESP BODY: {"flavors": [{"links": [{"href": "http://compute-airship.intel-pod17.opnfv.org/v2.1/flavors/0234894f-c16d-4996-b3bc-e0931e4cd962", "rel": "self"}, {"href": "http://compute-airship.intel-pod17.opnfv.org/flavors/0234894f-c16d-4996-b3bc-e0931e4cd962", "rel": "bookmark"}], "ram": 512, "OS-FLV-DISABLED:disabled": false, "os-flavor-access:is_public": true, "rxtx_factor": 1.0, "disk": 1, "id": "0234894f-c16d-4996-b3bc-e0931e4cd962", "name": "m1.tiny", "vcpus": 1, "swap": "", "OS-FLV-EXT-DATA:ephemeral": 0}, {"links": [{"href": "http://compute-airship.intel-pod17.opnfv.org/v2.1/flavors/16abd0bb-9920-4bc6-9cee-0bcd91cd5da6", "rel": "self"}, {"href": "http://compute-airship.intel-pod17.opnfv.org/flavors/16abd0bb-9920-4bc6-9cee-0bcd91cd5da6", "rel": "bookmark"}], "ram": 16384, "OS-FLV-DISABLED:disabled": false, "os-flavor-access:is_public": true, "rxtx_factor": 1.0, "disk": 160, "id": "16abd0bb-9920-4bc6-9cee-0bcd91cd5da6", "name": "m1.xlarge", "vcpus": 8, "swap": "", "OS-FLV-EXT-DATA:ephemeral": 0}, {"links": [{"href": "http://compute-airship.intel-pod17.opnfv.org/v2.1/flavors/17e7268c-7a97-4ee1-b32a-d01c7625be9a", "rel": "self"}, {"href": "http://compute-airship.intel-pod17.opnfv.org/flavors/17e7268c-7a97-4ee1-b32a-d01c7625be9a", "rel": "bookmark"}], "ram": 64, "OS-FLV-DISABLED:disabled": false, "os-flavor-access:is_public": true, "rxtx_factor": 1.0, "disk": 0, "id": "17e7268c-7a97-4ee1-b32a-d01c7625be9a", "name": "rally_verify_8c57b61f_6i9YX28j", "vcpus": 1, "swap": "", "OS-FLV-EXT-DATA:ephemeral": 0}, {"links": [{"href": "http://compute-airship.intel-pod17.opnfv.org/v2.1/flavors/346f4300-4abf-45a5-b8e2-161508eee1c7", "rel": "self"}, {"href": "http://compute-airship.intel-pod17.opnfv.org/flavors/346f4300-4abf-45a5-b8e2-161508eee1c7", "rel": "bookmark"}], "ram": 1024, "OS-FLV-DISABLED:disabled": false, "os-flavor-access:is_public": true, "rxtx_factor": 1.0, "disk": 1, "id": "346f4300-4abf-45a5-b8e2-161508eee1c7", "name": "rally_full-flavor_alt_d6ab70d7-28d0-450b-b4ce-7a9d67f94b48", "vcpus": 1, "swap": "", "OS-FLV-EXT-DATA:ephemeral": 0}, {"links": [{"href": "http://compute-airship.intel-pod17.opnfv.org/v2.1/flavors/4ef6136b-1902-4f30-b242-189523720075", "rel": "self"}, {"href": "http://compute-airship.intel-pod17.opnfv.org/flavors/4ef6136b-1902-4f30-b242-189523720075", "rel": "bookmark"}], "ram": 2048, "OS-FLV-DISABLED:disabled": false, "os-flavor-access:is_public": true, "rxtx_factor": 1.0, "disk": 20, "id": "4ef6136b-1902-4f30-b242-189523720075", "name": "m1.small", "vcpus": 1, "swap": "", "OS-FLV-EXT-DATA:ephemeral": 0}, {"links": [{"href": "http://compute-airship.intel-pod17.opnfv.org/v2.1/flavors/892330e7-3485-44a0-964c-f12a71c565f0", "rel": "self"}, {"href": "http://compute-airship.intel-pod17.opnfv.org/flavors/892330e7-3485-44a0-964c-f12a71c565f0", "rel": "bookmark"}], "ram": 4096, "OS-FLV-DISABLED:disabled": false, "os-flavor-access:is_public": true, "rxtx_factor": 1.0, "disk": 40, "id": "892330e7-3485-44a0-964c-f12a71c565f0", "name": "m1.medium", "vcpus": 2, "swap": "", "OS-FLV-EXT-DATA:ephemeral": 0}, {"links": [{"href": "http://compute-airship.intel-pod17.opnfv.org/v2.1/flavors/a4f975fb-5998-44fd-8f67-a1f483470a29", "rel": "self"}, {"href": "http://compute-airship.intel-pod17.opnfv.org/flavors/a4f975fb-5998-44fd-8f67-a1f483470a29", "rel": "bookmark"}], "ram": 8192, "OS-FLV-DISABLED:disabled": false, "os-flavor-access:is_public": true, "rxtx_factor": 1.0, "disk": 80, "id": "a4f975fb-5998-44fd-8f67-a1f483470a29", "name": "m1.large", "vcpus": 4, "swap": "", "OS-FLV-EXT-DATA:ephemeral": 0}, {"links": [{"href": "http://compute-airship.intel-pod17.opnfv.org/v2.1/flavors/f611268a-b82c-4c6c-9c38-eeb0ba4c725f", "rel": "self"}, {"href": "http://compute-airship.intel-pod17.opnfv.org/flavors/f611268a-b82c-4c6c-9c38-eeb0ba4c725f", "rel": "bookmark"}], "ram": 512, "OS-FLV-DISABLED:disabled": false, "os-flavor-access:is_public": true, "rxtx_factor": 1.0, "disk": 1, "id": "f611268a-b82c-4c6c-9c38-eeb0ba4c725f", "name": "rally_full-flavor_d6ab70d7-28d0-450b-b4ce-7a9d67f94b48", "vcpus": 1, "swap": "", "OS-FLV-EXT-DATA:ephemeral": 0}]} _http_log_response /usr/lib/python2.7/site-packages/keystoneauth1/session.py:511
2019-12-23 01:51:15.383 617 DEBUG novaclient.v2.client [-] GET call to compute for http://compute-airship.intel-pod17.opnfv.org/v2.1/flavors/detail used request id req-34947b5a-9a31-4a70-9625-39f70e9fe26f request /usr/lib/python2.7/site-packages/keystoneauth1/session.py:844
2019-12-23 01:51:15.385 617 DEBUG novaclient.v2.client [-] REQ: curl -g -i -X GET http://compute-airship.intel-pod17.opnfv.org/v2.1/flavors/detail -H "Accept: application/json" -H "User-Agent: python-novaclient" -H "X-Auth-Token: {SHA1}82a4dba2f702771a6afdce4a50cfec96c375c354" _http_log_request /usr/lib/python2.7/site-packages/keystoneauth1/session.py:448
2019-12-23 01:51:15.395 619 DEBUG novaclient.v2.client [-] REQ: curl -g -i -X GET http://compute-airship.intel-pod17.opnfv.org/v2.1/flavors/detail -H "Accept: application/json" -H "User-Agent: python-novaclient" -H "X-Auth-Token: {SHA1}3da02632bdf174b9f5b2f2e557e68c4df8313900" _http_log_request /usr/lib/python2.7/site-packages/keystoneauth1/session.py:448
2019-12-23 01:51:15.406 618 DEBUG novaclient.v2.client [-] RESP: [200] Connection: keep-alive Content-Encoding: gzip Content-Type: application/json Date: Mon, 23 Dec 2019 01:51:15 GMT Openstack-Api-Version: compute 2.1 Transfer-Encoding: chunked Vary: Accept-Encoding, OpenStack-API-Version, X-OpenStack-Nova-API-Version X-Compute-Request-Id: req-a700b7e8-9276-41e4-a7eb-f25ca06bf2d2 X-Openstack-Nova-Api-Version: 2.1 _http_log_response /usr/lib/python2.7/site-packages/keystoneauth1/session.py:479
2019-12-23 01:51:15.407 618 DEBUG novaclient.v2.client [-] RESP BODY: {"flavors": [{"links": [{"href": "http://compute-airship.intel-pod17.opnfv.org/v2.1/flavors/0234894f-c16d-4996-b3bc-e0931e4cd962", "rel": "self"}, {"href": "http://compute-airship.intel-pod17.opnfv.org/flavors/0234894f-c16d-4996-b3bc-e0931e4cd962", "rel": "bookmark"}], "ram": 512, "OS-FLV-DISABLED:disabled": false, "os-flavor-access:is_public": true, "rxtx_factor": 1.0, "disk": 1, "id": "0234894f-c16d-4996-b3bc-e0931e4cd962", "name": "m1.tiny", "vcpus": 1, "swap": "", "OS-FLV-EXT-DATA:ephemeral": 0}, {"links": [{"href": "http://compute-airship.intel-pod17.opnfv.org/v2.1/flavors/16abd0bb-9920-4bc6-9cee-0bcd91cd5da6", "rel": "self"}, {"href": "http://compute-airship.intel-pod17.opnfv.org/flavors/16abd0bb-9920-4bc6-9cee-0bcd91cd5da6", "rel": "bookmark"}], "ram": 16384, "OS-FLV-DISABLED:disabled": false, "os-flavor-access:is_public": true, "rxtx_factor": 1.0, "disk": 160, "id": "16abd0bb-9920-4bc6-9cee-0bcd91cd5da6", "name": "m1.xlarge", "vcpus": 8, "swap": "", "OS-FLV-EXT-DATA:ephemeral": 0}, {"links": [{"href": "http://compute-airship.intel-pod17.opnfv.org/v2.1/flavors/17e7268c-7a97-4ee1-b32a-d01c7625be9a", "rel": "self"}, {"href": "http://compute-airship.intel-pod17.opnfv.org/flavors/17e7268c-7a97-4ee1-b32a-d01c7625be9a", "rel": "bookmark"}], "ram": 64, "OS-FLV-DISABLED:disabled": false, "os-flavor-access:is_public": true, "rxtx_factor": 1.0, "disk": 0, "id": "17e7268c-7a97-4ee1-b32a-d01c7625be9a", "name": "rally_verify_8c57b61f_6i9YX28j", "vcpus": 1, "swap": "", "OS-FLV-EXT-DATA:ephemeral": 0}, {"links": [{"href": "http://compute-airship.intel-pod17.opnfv.org/v2.1/flavors/346f4300-4abf-45a5-b8e2-161508eee1c7", "rel": "self"}, {"href": "http://compute-airship.intel-pod17.opnfv.org/flavors/346f4300-4abf-45a5-b8e2-161508eee1c7", "rel": "bookmark"}], "ram": 1024, "OS-FLV-DISABLED:disabled": false, "os-flavor-access:is_public": true, "rxtx_factor": 1.0, "disk": 1, "id": "346f4300-4abf-45a5-b8e2-161508eee1c7", "name": "rally_full-flavor_alt_d6ab70d7-28d0-450b-b4ce-7a9d67f94b48", "vcpus": 1, "swap": "", "OS-FLV-EXT-DATA:ephemeral": 0}, {"links": [{"href": "http://compute-airship.intel-pod17.opnfv.org/v2.1/flavors/4ef6136b-1902-4f30-b242-189523720075", "rel": "self"}, {"href": "http://compute-airship.intel-pod17.opnfv.org/flavors/4ef6136b-1902-4f30-b242-189523720075", "rel": "bookmark"}], "ram": 2048, "OS-FLV-DISABLED:disabled": false, "os-flavor-access:is_public": true, "rxtx_factor": 1.0, "disk": 20, "id": "4ef6136b-1902-4f30-b242-189523720075", "name": "m1.small", "vcpus": 1, "swap": "", "OS-FLV-EXT-DATA:ephemeral": 0}, {"links": [{"href": "http://compute-airship.intel-pod17.opnfv.org/v2.1/flavors/892330e7-3485-44a0-964c-f12a71c565f0", "rel": "self"}, {"href": "http://compute-airship.intel-pod17.opnfv.org/flavors/892330e7-3485-44a0-964c-f12a71c565f0", "rel": "bookmark"}], "ram": 4096, "OS-FLV-DISABLED:disabled": false, "os-flavor-access:is_public": true, "rxtx_factor": 1.0, "disk": 40, "id": "892330e7-3485-44a0-964c-f12a71c565f0", "name": "m1.medium", "vcpus": 2, "swap": "", "OS-FLV-EXT-DATA:ephemeral": 0}, {"links": [{"href": "http://compute-airship.intel-pod17.opnfv.org/v2.1/flavors/a4f975fb-5998-44fd-8f67-a1f483470a29", "rel": "self"}, {"href": "http://compute-airship.intel-pod17.opnfv.org/flavors/a4f975fb-5998-44fd-8f67-a1f483470a29", "rel": "bookmark"}], "ram": 8192, "OS-FLV-DISABLED:disabled": false, "os-flavor-access:is_public": true, "rxtx_factor": 1.0, "disk": 80, "id": "a4f975fb-5998-44fd-8f67-a1f483470a29", "name": "m1.large", "vcpus": 4, "swap": "", "OS-FLV-EXT-DATA:ephemeral": 0}, {"links": [{"href": "http://compute-airship.intel-pod17.opnfv.org/v2.1/flavors/f611268a-b82c-4c6c-9c38-eeb0ba4c725f", "rel": "self"}, {"href": "http://compute-airship.intel-pod17.opnfv.org/flavors/f611268a-b82c-4c6c-9c38-eeb0ba4c725f", "rel": "bookmark"}], "ram": 512, "OS-FLV-DISABLED:disabled": false, "os-flavor-access:is_public": true, "rxtx_factor": 1.0, "disk": 1, "id": "f611268a-b82c-4c6c-9c38-eeb0ba4c725f", "name": "rally_full-flavor_d6ab70d7-28d0-450b-b4ce-7a9d67f94b48", "vcpus": 1, "swap": "", "OS-FLV-EXT-DATA:ephemeral": 0}]} _http_log_response /usr/lib/python2.7/site-packages/keystoneauth1/session.py:511
2019-12-23 01:51:15.408 618 DEBUG novaclient.v2.client [-] GET call to compute for http://compute-airship.intel-pod17.opnfv.org/v2.1/flavors/detail used request id req-a700b7e8-9276-41e4-a7eb-f25ca06bf2d2 request /usr/lib/python2.7/site-packages/keystoneauth1/session.py:844
2019-12-23 01:51:15.410 618 DEBUG novaclient.v2.client [-] REQ: curl -g -i -X GET http://compute-airship.intel-pod17.opnfv.org/v2.1/flavors/detail -H "Accept: application/json" -H "User-Agent: python-novaclient" -H "X-Auth-Token: {SHA1}55694445d14a1273ad097a7e4236dbe1c1059555" _http_log_request /usr/lib/python2.7/site-packages/keystoneauth1/session.py:448
2019-12-23 01:51:15.458 620 DEBUG novaclient.v2.client [-] REQ: curl -g -i -X GET http://compute-airship.intel-pod17.opnfv.org/v2.1/flavors/detail -H "Accept: application/json" -H "User-Agent: python-novaclient" -H "X-Auth-Token: {SHA1}458df3be48ebb589d999ab43e24b74776f997d96" _http_log_request /usr/lib/python2.7/site-packages/keystoneauth1/session.py:448
2019-12-23 01:51:15.491 617 DEBUG novaclient.v2.client [-] RESP: [200] Connection: keep-alive Content-Encoding: gzip Content-Type: application/json Date: Mon, 23 Dec 2019 01:51:15 GMT Openstack-Api-Version: compute 2.1 Transfer-Encoding: chunked Vary: Accept-Encoding, OpenStack-API-Version, X-OpenStack-Nova-API-Version X-Compute-Request-Id: req-76114477-96fd-4e79-a415-cf88d68e50a2 X-Openstack-Nova-Api-Version: 2.1 _http_log_response /usr/lib/python2.7/site-packages/keystoneauth1/session.py:479
