2020-05-21 15:51:15.854 1016 INFO rally.task.runner [-] Task ff86f3ea-2290-483a-a246-69553bf24441 | ITER: 8 END: OK
2020-05-21 15:51:15.859 1016 INFO rally.task.runner [-] Task ff86f3ea-2290-483a-a246-69553bf24441 | ITER: 35 START
2020-05-21 15:51:15.927 1052 INFO rally.task.runner [-] Task ff86f3ea-2290-483a-a246-69553bf24441 | ITER: 20 END: OK
2020-05-21 15:51:15.931 1052 INFO rally.task.runner [-] Task ff86f3ea-2290-483a-a246-69553bf24441 | ITER: 36 START
2020-05-21 15:51:15.940 1007 INFO rally.task.runner [-] Task ff86f3ea-2290-483a-a246-69553bf24441 | ITER: 5 END: OK
2020-05-21 15:51:15.945 1007 INFO rally.task.runner [-] Task ff86f3ea-2290-483a-a246-69553bf24441 | ITER: 37 START
2020-05-21 15:51:15.946 1010 INFO rally.task.runner [-] Task ff86f3ea-2290-483a-a246-69553bf24441 | ITER: 6 END: OK
2020-05-21 15:51:15.952 1010 INFO rally.task.runner [-] Task ff86f3ea-2290-483a-a246-69553bf24441 | ITER: 38 START
2020-05-21 15:51:15.981 1037 INFO rally.task.runner [-] Task ff86f3ea-2290-483a-a246-69553bf24441 | ITER: 28 END: OK
2020-05-21 15:51:15.985 1037 INFO rally.task.runner [-] Task ff86f3ea-2290-483a-a246-69553bf24441 | ITER: 39 START
2020-05-21 15:51:16.219 1042 INFO rally.task.runner [-] Task ff86f3ea-2290-483a-a246-69553bf24441 | ITER: 17 END: OK
2020-05-21 15:51:16.224 1042 INFO rally.task.runner [-] Task ff86f3ea-2290-483a-a246-69553bf24441 | ITER: 40 START
2020-05-21 15:51:16.282 1048 INFO rally.task.runner [-] Task ff86f3ea-2290-483a-a246-69553bf24441 | ITER: 18 END: OK
2020-05-21 15:51:16.299 1026 INFO rally.task.runner [-] Task ff86f3ea-2290-483a-a246-69553bf24441 | ITER: 11 END: OK
2020-05-21 15:51:16.775 1019 INFO rally.task.runner [-] Task ff86f3ea-2290-483a-a246-69553bf24441 | ITER: 24 END: OK
2020-05-21 15:51:16.881 1006 INFO rally.task.runner [-] Task ff86f3ea-2290-483a-a246-69553bf24441 | ITER: 23 END: OK
2020-05-21 15:51:16.962 1005 INFO rally.task.runner [-] Task ff86f3ea-2290-483a-a246-69553bf24441 | ITER: 25 END: OK
2020-05-21 15:51:17.034 1031 INFO rally.task.runner [-] Task ff86f3ea-2290-483a-a246-69553bf24441 | ITER: 32 END: OK
2020-05-21 15:51:17.128 1003 INFO rally.task.runner [-] Task ff86f3ea-2290-483a-a246-69553bf24441 | ITER: 21 END: OK
2020-05-21 15:51:17.262 1028 INFO rally.task.runner [-] Task ff86f3ea-2290-483a-a246-69553bf24441 | ITER: 30 END: OK
2020-05-21 15:51:17.409 1052 INFO rally.task.runner [-] Task ff86f3ea-2290-483a-a246-69553bf24441 | ITER: 36 END: OK
2020-05-21 15:51:17.800 1037 INFO rally.task.runner [-] Task ff86f3ea-2290-483a-a246-69553bf24441 | ITER: 39 END: OK
2020-05-21 15:51:17.875 1022 INFO rally.task.runner [-] Task ff86f3ea-2290-483a-a246-69553bf24441 | ITER: 29 END: OK
2020-05-21 15:51:17.901 1040 INFO rally.task.runner [-] Task ff86f3ea-2290-483a-a246-69553bf24441 | ITER: 31 END: OK
2020-05-21 15:51:18.029 1007 INFO rally.task.runner [-] Task ff86f3ea-2290-483a-a246-69553bf24441 | ITER: 37 END: OK
2020-05-21 15:51:18.085 1042 INFO rally.task.runner [-] Task ff86f3ea-2290-483a-a246-69553bf24441 | ITER: 40 END: OK
2020-05-21 15:51:18.180 1039 INFO rally.task.runner [-] Task ff86f3ea-2290-483a-a246-69553bf24441 | ITER: 27 END: OK
2020-05-21 15:51:18.631 1004 INFO rally.task.runner [-] Task ff86f3ea-2290-483a-a246-69553bf24441 | ITER: 26 END: OK
2020-05-21 15:51:18.705 1016 INFO rally.task.runner [-] Task ff86f3ea-2290-483a-a246-69553bf24441 | ITER: 35 END: OK
2020-05-21 15:51:19.751 1010 INFO rally.task.runner [-] Task ff86f3ea-2290-483a-a246-69553bf24441 | ITER: 38 END: OK
2020-05-21 15:51:19.803 1050 INFO rally.task.runner [-] Task ff86f3ea-2290-483a-a246-69553bf24441 | ITER: 33 END: OK
2020-05-21 15:51:19.808 1013 INFO rally.task.runner [-] Task ff86f3ea-2290-483a-a246-69553bf24441 | ITER: 34 END: OK
2020-05-21 15:51:19.838 15 INFO rally.task.context [-] Task ff86f3ea-2290-483a-a246-69553bf24441 | Context cleanup@openstack cleanup() started
2020-05-21 15:51:19.841 15 RALLYDEBUG rally_openstack.cleanup.manager [-] Cleaning up neutron vip objects
2020-05-21 15:51:20.042 15 RALLYDEBUG rally_openstack.cleanup.manager [-] Cleaning up neutron health_monitor objects
2020-05-21 15:51:20.241 15 RALLYDEBUG rally_openstack.cleanup.manager [-] Cleaning up neutron pool objects
2020-05-21 15:51:20.436 15 RALLYDEBUG rally_openstack.cleanup.manager [-] Cleaning up neutron loadbalancer objects
2020-05-21 15:51:20.622 15 RALLYDEBUG rally_openstack.cleanup.manager [-] Cleaning up neutron floatingip objects
2020-05-21 15:51:20.827 15 RALLYDEBUG rally_openstack.cleanup.manager [-] Cleaning up neutron trunk objects
2020-05-21 15:51:21.013 15 DEBUG neutronclient.v2_0.client [-] Error message: {"NeutronError": {"message": "Invalid input for operation: 'tenant_id' is not supported for filtering.", "type": "InvalidInput", "detail": ""}} _handle_fault_response /usr/lib/python2.7/site-packages/neutronclient/v2_0/client.py:259
2020-05-21 15:51:21.047 15 DEBUG neutronclient.v2_0.client [-] Error message: {"NeutronError": {"message": "Invalid input for operation: 'tenant_id' is not supported for filtering.", "type": "InvalidInput", "detail": ""}} _handle_fault_response /usr/lib/python2.7/site-packages/neutronclient/v2_0/client.py:259
2020-05-21 15:51:21.081 15 DEBUG neutronclient.v2_0.client [-] Error message: {"NeutronError": {"message": "Invalid input for operation: 'tenant_id' is not supported for filtering.", "type": "InvalidInput", "detail": ""}} _handle_fault_response /usr/lib/python2.7/site-packages/neutronclient/v2_0/client.py:259
2020-05-21 15:51:21.082 15 ERROR rally_openstack.cleanup.manager [-] Seems like rally_openstack.cleanup.resources.NeutronTrunk.list(self) method is broken. It shouldn't raise any exceptions.: BadRequest: Invalid input for operation: 'tenant_id' is not supported for filtering. Neutron server returns request_ids: ['req-9fc1b8a2-49f3-45f6-b736-da3a1398f890']
2020-05-21 15:51:21.082 15 ERROR rally_openstack.cleanup.manager
Traceback (most recent call last):
2020-05-21 15:51:21.082 15 ERROR rally_openstack.cleanup.manager
File "/usr/lib/python2.7/site-packages/rally_openstack/cleanup/manager.py", line 133, in _publish
2020-05-21 15:51:21.082 15 ERROR rally_openstack.cleanup.manager for raw_resource in rutils.retry(3, manager.list):
2020-05-21 15:51:21.082 15 ERROR rally_openstack.cleanup.manager
File "/usr/lib/python2.7/site-packages/rally/common/utils.py", line 230, in retry
2020-05-21 15:51:21.082 15 ERROR rally_openstack.cleanup.manager return func(*args, **kwargs)
2020-05-21 15:51:21.082 15 ERROR rally_openstack.cleanup.manager
File "/usr/lib/python2.7/site-packages/rally_openstack/cleanup/resources.py", line 396, in list
2020-05-21 15:51:21.082 15 ERROR rally_openstack.cleanup.manager return super(NeutronTrunk, self).list()
2020-05-21 15:51:21.082 15 ERROR rally_openstack.cleanup.manager
File "/usr/lib/python2.7/site-packages/rally_openstack/cleanup/resources.py", line 273, in list
2020-05-21 15:51:21.082 15 ERROR rally_openstack.cleanup.manager result = list_method(tenant_id=self.tenant_uuid)[resources]
2020-05-21 15:51:21.082 15 ERROR rally_openstack.cleanup.manager
File "/usr/lib/python2.7/site-packages/neutronclient/v2_0/client.py", line 2105, in list_trunks
2020-05-21 15:51:21.082 15 ERROR rally_openstack.cleanup.manager **_params)
2020-05-21 15:51:21.082 15 ERROR rally_openstack.cleanup.manager
File "/usr/lib/python2.7/site-packages/neutronclient/v2_0/client.py", line 369, in list
2020-05-21 15:51:21.082 15 ERROR rally_openstack.cleanup.manager for r in self._pagination(collection, path, **params):
2020-05-21 15:51:21.082 15 ERROR rally_openstack.cleanup.manager
File "/usr/lib/python2.7/site-packages/neutronclient/v2_0/client.py", line 384, in _pagination
2020-05-21 15:51:21.082 15 ERROR rally_openstack.cleanup.manager res = self.get(path, params=params)
2020-05-21 15:51:21.082 15 ERROR rally_openstack.cleanup.manager
File "/usr/lib/python2.7/site-packages/neutronclient/v2_0/client.py", line 354, in get
2020-05-21 15:51:21.082 15 ERROR rally_openstack.cleanup.manager headers=headers, params=params)
2020-05-21 15:51:21.082 15 ERROR rally_openstack.cleanup.manager
File "/usr/lib/python2.7/site-packages/neutronclient/v2_0/client.py", line 331, in retry_request
2020-05-21 15:51:21.082 15 ERROR rally_openstack.cleanup.manager headers=headers, params=params)
2020-05-21 15:51:21.082 15 ERROR rally_openstack.cleanup.manager
File "/usr/lib/python2.7/site-packages/neutronclient/v2_0/client.py", line 294, in do_request
2020-05-21 15:51:21.082 15 ERROR rally_openstack.cleanup.manager self._handle_fault_response(status_code, replybody, resp)
2020-05-21 15:51:21.082 15 ERROR rally_openstack.cleanup.manager
File "/usr/lib/python2.7/site-packages/neutronclient/v2_0/client.py", line 269, in _handle_fault_response
2020-05-21 15:51:21.082 15 ERROR rally_openstack.cleanup.manager exception_handler_v20(status_code, error_body)
2020-05-21 15:51:21.082 15 ERROR rally_openstack.cleanup.manager
File "/usr/lib/python2.7/site-packages/neutronclient/v2_0/client.py", line 93, in exception_handler_v20
2020-05-21 15:51:21.082 15 ERROR rally_openstack.cleanup.manager request_ids=request_ids)
2020-05-21 15:51:21.082 15 ERROR rally_openstack.cleanup.manager BadRequest: Invalid input for operation: 'tenant_id' is not supported for filtering.
2020-05-21 15:51:21.082 15 ERROR rally_openstack.cleanup.manager Neutron server returns request_ids: ['req-9fc1b8a2-49f3-45f6-b736-da3a1398f890']
2020-05-21 15:51:21.082 15 ERROR rally_openstack.cleanup.manager
2020-05-21 15:51:21.096 15 RALLYDEBUG rally_openstack.cleanup.manager [-] Cleaning up neutron port objects
2020-05-21 15:51:21.343 15 RALLYDEBUG rally_openstack.cleanup.manager [-] Cleaning up neutron subnet objects
2020-05-21 15:51:21.584 15 RALLYDEBUG rally_openstack.cleanup.manager [-] Cleaning up neutron network objects
2020-05-21 15:51:21.828 15 RALLYDEBUG rally_openstack.cleanup.manager [-] Cleaning up neutron router objects
2020-05-21 15:51:22.094 15 RALLYDEBUG rally_openstack.cleanup.manager [-] Cleaning up neutron security_group objects
2020-05-21 15:51:28.391 15 INFO rally.task.context [-] Task ff86f3ea-2290-483a-a246-69553bf24441 | Context cleanup@openstack cleanup() finished in 8.55 sec
2020-05-21 15:51:28.391 15 INFO rally.task.context [-] Task ff86f3ea-2290-483a-a246-69553bf24441 | Context quotas@openstack cleanup() started
2020-05-21 15:51:28.431 15 INFO rally.task.context [-] Task ff86f3ea-2290-483a-a246-69553bf24441 | Context quotas@openstack cleanup() finished in 40.00 msec
2020-05-21 15:51:28.432 15 INFO rally.task.context [-] Task ff86f3ea-2290-483a-a246-69553bf24441 | Context users@openstack cleanup() started
2020-05-21 15:51:49.971 15 INFO rally.task.context [-] Task ff86f3ea-2290-483a-a246-69553bf24441 | Context users@openstack cleanup() finished in 21.54 sec
2020-05-21 15:51:51.207 15 INFO rally.task.engine [-] Load duration is: 7.60079
2020-05-21 15:51:51.208 15 INFO rally.task.engine [-] Full runner duration is: 7.655573
2020-05-21 15:51:51.208 15 INFO rally.task.engine [-] Full duration is: 38.938662
2020-05-21 15:51:51.303 15 INFO rally.task.engine [-] Running workload: position = 0 config = { "version": 2, "title": "A cropped version of a bigger task.", "description": "Auto-generated task from a single workload (uuid=f18a37fc-3914-4c55-b267-b02890b920d1)", "subtasks": [ { "title": "NeutronNetworks.create_and_list_subnets", "description": "Create and a given number of subnets and list all subnets.", "scenario": { "NeutronNetworks.create_and_list_subnets": { "subnets_per_network": 2 } }, "contexts": { "users": { "tenants": 1, "users_per_tenant": 1 }, "quotas": { "neutron": { "subnet": -1, "network": -1 } } }, "runner": { "constant": { "times": 40, "concurrency": 20 } }, "hooks": [], "sla": { "failure_rate": { "max": 0 } } } ] }
2020-05-21 15:51:51.315 15 RALLYDEBUG rally_openstack.contexts.keystone.users [-] Creating 1 tenants using 20 threads
2020-05-21 15:51:51.673 15 RALLYDEBUG rally_openstack.contexts.keystone.users [-] Creating 1 users using 20 threads
2020-05-21 15:51:52.108 15 INFO rally.task.context [-] Task ff86f3ea-2290-483a-a246-69553bf24441 | Context users@openstack setup() finished in 0.79 sec
2020-05-21 15:51:52.446 15 INFO rally.task.context [-] Task ff86f3ea-2290-483a-a246-69553bf24441 | Context quotas@openstack setup() finished in 0.34 sec
2020-05-21 15:51:52.446 15 INFO rally.task.context [-] Task ff86f3ea-2290-483a-a246-69553bf24441 | Context cleanup@openstack setup() finished in 0.01 msec
2020-05-21 15:51:52.456 15 RALLYDEBUG rally.task.runner [-] Starting the constant runner (task UUID: ff86f3ea-2290-483a-a246-69553bf24441). timeout: 0 concurrency: 20 concurrency_per_worker: 1 times: 40 concurrency_overhead: 0 processes_to_start: 20 max_cpu_used: 88
2020-05-21 15:51:52.469 1405 RALLYDEBUG rally.task.runner [-] Starting a worker. concurrency: 1 args: {"subnets_per_network": 2} times: 40 method_name: run timeout: 0 duration: None cls:
2020-05-21 15:51:52.472 1406 RALLYDEBUG rally.task.runner [-] Starting a worker. concurrency: 1 args: {"subnets_per_network": 2} times: 40 method_name: run timeout: 0 duration: None cls:
2020-05-21 15:51:52.474 1407 RALLYDEBUG rally.task.runner [-] Starting a worker. concurrency: 1 args: {"subnets_per_network": 2} times: 40 method_name: run timeout: 0 duration: None cls:
2020-05-21 15:51:52.475 1405 INFO rally.task.runner [-] Task ff86f3ea-2290-483a-a246-69553bf24441 | ITER: 1 START
2020-05-21 15:51:52.477 1408 RALLYDEBUG rally.task.runner [-] Starting a worker. concurrency: 1 args: {"subnets_per_network": 2} times: 40 method_name: run timeout: 0 duration: None cls:
2020-05-21 15:51:52.478 1406 INFO rally.task.runner [-] Task ff86f3ea-2290-483a-a246-69553bf24441 | ITER: 2 START
2020-05-21 15:51:52.480 1407 INFO rally.task.runner [-] Task ff86f3ea-2290-483a-a246-69553bf24441 | ITER: 3 START
2020-05-21 15:51:52.480 1409 RALLYDEBUG rally.task.runner [-] Starting a worker. concurrency: 1 args: {"subnets_per_network": 2} times: 40 method_name: run timeout: 0 duration: None cls:
2020-05-21 15:51:52.483 1408 INFO rally.task.runner [-] Task ff86f3ea-2290-483a-a246-69553bf24441 | ITER: 4 START
2020-05-21 15:51:52.482 1412 RALLYDEBUG rally.task.runner [-] Starting a worker. concurrency: 1 args: {"subnets_per_network": 2} times: 40 method_name: run timeout: 0 duration: None cls:
2020-05-21 15:51:52.485 1409 INFO rally.task.runner [-] Task ff86f3ea-2290-483a-a246-69553bf24441 | ITER: 5 START
2020-05-21 15:51:52.485 1416 RALLYDEBUG rally.task.runner [-] Starting a worker. concurrency: 1 args: {"subnets_per_network": 2} times: 40 method_name: run timeout: 0 duration: None cls:
2020-05-21 15:51:52.488 1412 INFO rally.task.runner [-] Task ff86f3ea-2290-483a-a246-69553bf24441 | ITER: 6 START
2020-05-21 15:51:52.488 1418 RALLYDEBUG rally.task.runner [-] Starting a worker. concurrency: 1 args: {"subnets_per_network": 2} times: 40 method_name: run timeout: 0 duration: None cls:
2020-05-21 15:51:52.491 1416 INFO rally.task.runner [-] Task ff86f3ea-2290-483a-a246-69553bf24441 | ITER: 7 START
2020-05-21 15:51:52.491 1422 RALLYDEBUG rally.task.runner [-] Starting a worker. concurrency: 1 args: {"subnets_per_network": 2} times: 40 method_name: run timeout: 0 duration: None cls:
2020-05-21 15:51:52.494 1418 INFO rally.task.runner [-] Task ff86f3ea-2290-483a-a246-69553bf24441 | ITER: 8 START
2020-05-21 15:51:52.493 1425 RALLYDEBUG rally.task.runner [-] Starting a worker. concurrency: 1 args: {"subnets_per_network": 2} times: 40 method_name: run timeout: 0 duration: None cls:
2020-05-21 15:51:52.497 1422 INFO rally.task.runner [-] Task ff86f3ea-2290-483a-a246-69553bf24441 | ITER: 9 START
2020-05-21 15:51:52.496 1428 RALLYDEBUG rally.task.runner [-] Starting a worker. concurrency: 1 args: {"subnets_per_network": 2} times: 40 method_name: run timeout: 0 duration: None cls:
2020-05-21 15:51:52.500 1425 INFO rally.task.runner [-] Task ff86f3ea-2290-483a-a246-69553bf24441 | ITER: 10 START
2020-05-21 15:51:52.499 1430 RALLYDEBUG rally.task.runner [-] Starting a worker. concurrency: 1 args: {"subnets_per_network": 2} times: 40 method_name: run timeout: 0 duration: None cls:
2020-05-21 15:51:52.502 1428 INFO rally.task.runner [-] Task ff86f3ea-2290-483a-a246-69553bf24441 | ITER: 11 START
2020-05-21 15:51:52.502 1434 RALLYDEBUG rally.task.runner [-] Starting a worker. concurrency: 1 args: {"subnets_per_network": 2} times: 40 method_name: run timeout: 0 duration: None cls:
2020-05-21 15:51:52.505 1430 INFO rally.task.runner [-] Task ff86f3ea-2290-483a-a246-69553bf24441 | ITER: 12 START
2020-05-21 15:51:52.505 1437 RALLYDEBUG rally.task.runner [-] Starting a worker. concurrency: 1 args: {"subnets_per_network": 2} times: 40 method_name: run timeout: 0 duration: None cls:
2020-05-21 15:51:52.508 1440 RALLYDEBUG rally.task.runner [-] Starting a worker. concurrency: 1 args: {"subnets_per_network": 2} times: 40 method_name: run timeout: 0 duration: None cls:
2020-05-21 15:51:52.509 1434 INFO rally.task.runner [-] Task ff86f3ea-2290-483a-a246-69553bf24441 | ITER: 13 START
2020-05-21 15:51:52.511 1437 INFO rally.task.runner [-] Task ff86f3ea-2290-483a-a246-69553bf24441 | ITER: 14 START
2020-05-21 15:51:52.511 1443 RALLYDEBUG rally.task.runner [-] Starting a worker. concurrency: 1 args: {"subnets_per_network": 2} times: 40 method_name: run timeout: 0 duration: None cls:
2020-05-21 15:51:52.513 1440 INFO rally.task.runner [-] Task ff86f3ea-2290-483a-a246-69553bf24441 | ITER: 15 START
2020-05-21 15:51:52.514 1446 RALLYDEBUG rally.task.runner [-] Starting a worker. concurrency: 1 args: {"subnets_per_network": 2} times: 40 method_name: run timeout: 0 duration: None cls:
2020-05-21 15:51:52.517 1443 INFO rally.task.runner [-] Task ff86f3ea-2290-483a-a246-69553bf24441 | ITER: 16 START
2020-05-21 15:51:52.517 1449 RALLYDEBUG rally.task.runner [-] Starting a worker. concurrency: 1 args: {"subnets_per_network": 2} times: 40 method_name: run timeout: 0 duration: None cls:
2020-05-21 15:51:52.520 1446 INFO rally.task.runner [-] Task ff86f3ea-2290-483a-a246-69553bf24441 | ITER: 17 START
2020-05-21 15:51:52.519 1453 RALLYDEBUG rally.task.runner [-] Starting a worker. concurrency: 1 args: {"subnets_per_network": 2} times: 40 method_name: run timeout: 0 duration: None cls:
2020-05-21 15:51:52.523 1449 INFO rally.task.runner [-] Task ff86f3ea-2290-483a-a246-69553bf24441 | ITER: 18 START
2020-05-21 15:51:52.523 1456 RALLYDEBUG rally.task.runner [-] Starting a worker. concurrency: 1 args: {"subnets_per_network": 2} times: 40 method_name: run timeout: 0 duration: None cls:
2020-05-21 15:51:52.525 1453 INFO rally.task.runner [-] Task ff86f3ea-2290-483a-a246-69553bf24441 | ITER: 19 START
2020-05-21 15:51:52.529 1456 INFO rally.task.runner [-] Task ff86f3ea-2290-483a-a246-69553bf24441 | ITER: 20 START
2020-05-21 15:51:53.161 1405 RALLYDEBUG rally_openstack.wrappers.network [-] CIDR generated: 10.2.0.0/24
2020-05-21 15:51:53.200 1406 RALLYDEBUG rally_openstack.wrappers.network [-] CIDR generated: 10.2.1.0/24
2020-05-21 15:51:53.491 1407 RALLYDEBUG rally_openstack.wrappers.network [-] CIDR generated: 10.2.2.0/24
2020-05-21 15:51:53.569 1409 RALLYDEBUG rally_openstack.wrappers.network [-] CIDR generated: 10.2.3.0/24
2020-05-21 15:51:53.677 1412 RALLYDEBUG rally_openstack.wrappers.network [-] CIDR generated: 10.2.4.0/24
2020-05-21 15:51:53.749 1408 RALLYDEBUG rally_openstack.wrappers.network [-] CIDR generated: 10.2.5.0/24
2020-05-21 15:51:53.821 1418 RALLYDEBUG rally_openstack.wrappers.network [-] CIDR generated: 10.2.6.0/24
2020-05-21 15:51:53.871 1406 RALLYDEBUG rally_openstack.wrappers.network [-] CIDR generated: 10.2.7.0/24
2020-05-21 15:51:54.254 1428 RALLYDEBUG rally_openstack.wrappers.network [-] CIDR generated: 10.2.8.0/24
2020-05-21 15:51:54.401 1405 RALLYDEBUG rally_openstack.wrappers.network [-] CIDR generated: 10.2.9.0/24
2020-05-21 15:51:54.530 1407 RALLYDEBUG rally_openstack.wrappers.network [-] CIDR generated: 10.2.10.0/24
2020-05-21 15:51:54.557 1412 RALLYDEBUG rally_openstack.wrappers.network [-] CIDR generated: 10.2.11.0/24
2020-05-21 15:51:54.624 1443 RALLYDEBUG rally_openstack.wrappers.network [-] CIDR generated: 10.2.12.0/24
2020-05-21 15:51:54.655 1446 RALLYDEBUG rally_openstack.wrappers.network [-] CIDR generated: 10.2.13.0/24
2020-05-21 15:51:54.678 1409 RALLYDEBUG rally_openstack.wrappers.network [-] CIDR generated: 10.2.14.0/24
2020-05-21 15:51:54.756 1425 RALLYDEBUG rally_openstack.wrappers.network [-] CIDR generated: 10.2.15.0/24
2020-05-21 15:51:54.766 1453 RALLYDEBUG rally_openstack.wrappers.network [-] CIDR generated: 10.2.16.0/24
2020-05-21 15:51:54.894 1440 RALLYDEBUG rally_openstack.wrappers.network [-] CIDR generated: 10.2.17.0/24
2020-05-21 15:51:54.908 1434 RALLYDEBUG rally_openstack.wrappers.network [-] CIDR generated: 10.2.18.0/24
2020-05-21 15:51:54.979 1416 RALLYDEBUG rally_openstack.wrappers.network [-] CIDR generated: 10.2.19.0/24
2020-05-21 15:51:54.981 1430 RALLYDEBUG rally_openstack.wrappers.network [-] CIDR generated: 10.2.20.0/24
2020-05-21 15:51:55.092 1418 RALLYDEBUG rally_openstack.wrappers.network [-] CIDR generated: 10.2.21.0/24
2020-05-21 15:51:55.102 1437 RALLYDEBUG rally_openstack.wrappers.network [-] CIDR generated: 10.2.22.0/24
2020-05-21 15:51:55.309 1443 RALLYDEBUG rally_openstack.wrappers.network [-] CIDR generated: 10.2.23.0/24
2020-05-21 15:51:55.550 1406 INFO rally.task.runner [-] Task ff86f3ea-2290-483a-a246-69553bf24441 | ITER: 2 END: OK
2020-05-21 15:51:55.555 1406 INFO rally.task.runner [-] Task ff86f3ea-2290-483a-a246-69553bf24441 | ITER: 21 START
2020-05-21 15:51:55.694 1456 RALLYDEBUG rally_openstack.wrappers.network [-] CIDR generated: 10.2.24.0/24
2020-05-21 15:51:55.921 1434 RALLYDEBUG rally_openstack.wrappers.network [-] CIDR generated: 10.2.25.0/24
2020-05-21 15:51:56.024 1412 INFO rally.task.runner [-] Task ff86f3ea-2290-483a-a246-69553bf24441 | ITER: 6 END: OK
2020-05-21 15:51:56.029 1412 INFO rally.task.runner [-] Task ff86f3ea-2290-483a-a246-69553bf24441 | ITER: 22 START
2020-05-21 15:51:56.148 1406 RALLYDEBUG rally_openstack.wrappers.network [-] CIDR generated: 10.2.26.0/24
2020-05-21 15:51:56.175 1428 RALLYDEBUG rally_openstack.wrappers.network [-] CIDR generated: 10.2.27.0/24
2020-05-21 15:51:56.207 1449 RALLYDEBUG rally_openstack.wrappers.network [-] CIDR generated: 10.2.28.0/24
2020-05-21 15:51:56.250 1453 RALLYDEBUG rally_openstack.wrappers.network [-] CIDR generated: 10.2.29.0/24
2020-05-21 15:51:56.261 1425 RALLYDEBUG rally_openstack.wrappers.network [-] CIDR generated: 10.2.30.0/24
2020-05-21 15:51:56.544 1446 RALLYDEBUG rally_openstack.wrappers.network [-] CIDR generated: 10.2.31.0/24
2020-05-21 15:51:56.679 1412 RALLYDEBUG rally_openstack.wrappers.network [-] CIDR generated: 10.2.32.0/24
2020-05-21 15:51:56.813 1440 RALLYDEBUG rally_openstack.wrappers.network [-] CIDR generated: 10.2.33.0/24
2020-05-21 15:51:57.003 1434 INFO rally.task.runner [-] Task ff86f3ea-2290-483a-a246-69553bf24441 | ITER: 13 END: OK
2020-05-21 15:51:57.008 1434 INFO rally.task.runner [-] Task ff86f3ea-2290-483a-a246-69553bf24441 | ITER: 23 START
2020-05-21 15:51:57.043 1422 RALLYDEBUG rally_openstack.wrappers.network [-] CIDR generated: 10.2.34.0/24
2020-05-21 15:51:57.124 1406 RALLYDEBUG rally_openstack.wrappers.network [-] CIDR generated: 10.2.35.0/24
2020-05-21 15:51:57.158 1407 INFO rally.task.runner [-] Task ff86f3ea-2290-483a-a246-69553bf24441 | ITER: 3 END: OK
2020-05-21 15:51:57.163 1407 INFO rally.task.runner [-] Task ff86f3ea-2290-483a-a246-69553bf24441 | ITER: 24 START
2020-05-21 15:51:57.192 1443 INFO rally.task.runner [-] Task ff86f3ea-2290-483a-a246-69553bf24441 | ITER: 16 END: OK
2020-05-21 15:51:57.197 1443 INFO rally.task.runner [-] Task ff86f3ea-2290-483a-a246-69553bf24441 | ITER: 25 START
2020-05-21 15:51:57.277 1408 RALLYDEBUG rally_openstack.wrappers.network [-] CIDR generated: 10.2.36.0/24
2020-05-21 15:51:57.351 1430 RALLYDEBUG rally_openstack.wrappers.network [-] CIDR generated: 10.2.37.0/24
2020-05-21 15:51:57.359 1428 INFO rally.task.runner [-] Task ff86f3ea-2290-483a-a246-69553bf24441 | ITER: 11 END: OK
2020-05-21 15:51:57.364 1428 INFO rally.task.runner [-] Task ff86f3ea-2290-483a-a246-69553bf24441 | ITER: 26 START
2020-05-21 15:51:57.626 1418 INFO rally.task.runner [-] Task ff86f3ea-2290-483a-a246-69553bf24441 | ITER: 8 END: OK
2020-05-21 15:51:57.630 1418 INFO rally.task.runner [-] Task ff86f3ea-2290-483a-a246-69553bf24441 | ITER: 27 START
2020-05-21 15:51:57.742 1425 INFO rally.task.runner [-] Task ff86f3ea-2290-483a-a246-69553bf24441 | ITER: 10 END: OK
2020-05-21 15:51:57.746 1453 INFO rally.task.runner [-] Task ff86f3ea-2290-483a-a246-69553bf24441 | ITER: 19 END: OK
2020-05-21 15:51:57.746 1425 INFO rally.task.runner [-] Task ff86f3ea-2290-483a-a246-69553bf24441 | ITER: 28 START
2020-05-21 15:51:57.751 1453 INFO rally.task.runner [-] Task ff86f3ea-2290-483a-a246-69553bf24441 | ITER: 29 START
2020-05-21 15:51:58.042 1434 RALLYDEBUG rally_openstack.wrappers.network [-] CIDR generated: 10.2.38.0/24
2020-05-21 15:51:58.119 1418 RALLYDEBUG rally_openstack.wrappers.network [-] CIDR generated: 10.2.39.0/24
2020-05-21 15:51:58.162 1456 RALLYDEBUG rally_openstack.wrappers.network [-] CIDR generated: 10.2.40.0/24
2020-05-21 15:51:58.217 1416 RALLYDEBUG rally_openstack.wrappers.network [-] CIDR generated: 10.2.41.0/24
2020-05-21 15:51:58.239 1437 RALLYDEBUG rally_openstack.wrappers.network [-] CIDR generated: 10.2.42.0/24
2020-05-21 15:51:58.247 1407 RALLYDEBUG rally_openstack.wrappers.network [-] CIDR generated: 10.2.43.0/24
2020-05-21 15:51:58.310 1405 INFO rally.task.runner [-] Task ff86f3ea-2290-483a-a246-69553bf24441 | ITER: 1 END: OK
2020-05-21 15:51:58.310 1412 RALLYDEBUG rally_openstack.wrappers.network [-] CIDR generated: 10.2.44.0/24
2020-05-21 15:51:58.315 1405 INFO rally.task.runner [-] Task ff86f3ea-2290-483a-a246-69553bf24441 | ITER: 30 START
2020-05-21 15:51:58.352 1446 INFO rally.task.runner [-] Task ff86f3ea-2290-483a-a246-69553bf24441 | ITER: 17 END: OK
2020-05-21 15:51:58.357 1446 INFO rally.task.runner [-] Task ff86f3ea-2290-483a-a246-69553bf24441 | ITER: 31 START
2020-05-21 15:51:58.442 1449 RALLYDEBUG rally_openstack.wrappers.network [-] CIDR generated: 10.2.45.0/24
2020-05-21 15:51:58.652 1443 RALLYDEBUG rally_openstack.wrappers.network [-] CIDR generated: 10.2.46.0/24
2020-05-21 15:51:58.700 1428 RALLYDEBUG rally_openstack.wrappers.network [-] CIDR generated: 10.2.47.0/24
2020-05-21 15:51:58.731 1453 RALLYDEBUG rally_openstack.wrappers.network [-] CIDR generated: 10.2.48.0/24
2020-05-21 15:51:58.779 1418 RALLYDEBUG rally_openstack.wrappers.network [-] CIDR generated: 10.2.49.0/24
2020-05-21 15:51:58.847 1440 INFO rally.task.runner [-] Task ff86f3ea-2290-483a-a246-69553bf24441 | ITER: 15 END: OK
2020-05-21 15:51:58.852 1440 INFO rally.task.runner [-] Task ff86f3ea-2290-483a-a246-69553bf24441 | ITER: 32 START
2020-05-21 15:51:58.945 1409 INFO rally.task.runner [-] Task ff86f3ea-2290-483a-a246-69553bf24441 | ITER: 5 END: OK
2020-05-21 15:51:58.950 1409 INFO rally.task.runner [-] Task ff86f3ea-2290-483a-a246-69553bf24441 | ITER: 33 START
2020-05-21 15:51:59.137 1406 INFO rally.task.runner [-] Task ff86f3ea-2290-483a-a246-69553bf24441 | ITER: 21 END: OK
2020-05-21 15:51:59.141 1406 INFO rally.task.runner [-] Task ff86f3ea-2290-483a-a246-69553bf24441 | ITER: 34 START
2020-05-21 15:51:59.364 1422 RALLYDEBUG rally_openstack.wrappers.network [-] CIDR generated: 10.2.50.0/24
2020-05-21 15:51:59.520 1449 INFO rally.task.runner [-] Task ff86f3ea-2290-483a-a246-69553bf24441 | ITER: 18 END: OK
2020-05-21 15:51:59.525 1449 INFO rally.task.runner [-] Task ff86f3ea-2290-483a-a246-69553bf24441 | ITER: 35 START
2020-05-21 15:51:59.699 1453 RALLYDEBUG rally_openstack.wrappers.network [-] CIDR generated: 10.2.51.0/24
2020-05-21 15:51:59.796 1425 RALLYDEBUG rally_openstack.wrappers.network [-] CIDR generated: 10.2.52.0/24
2020-05-21 15:51:59.968 1418 INFO rally.task.runner [-] Task ff86f3ea-2290-483a-a246-69553bf24441 | ITER: 27 END: OK
2020-05-21 15:51:59.972 1418 INFO rally.task.runner [-] Task ff86f3ea-2290-483a-a246-69553bf24441 | ITER: 36 START
2020-05-21 15:52:00.153 1430 INFO rally.task.runner [-] Task ff86f3ea-2290-483a-a246-69553bf24441 | ITER: 12 END: OK
2020-05-21 15:52:00.158 1430 INFO rally.task.runner [-] Task ff86f3ea-2290-483a-a246-69553bf24441 | ITER: 37 START
2020-05-21 15:52:00.211 1408 INFO rally.task.runner [-] Task ff86f3ea-2290-483a-a246-69553bf24441 | ITER: 4 END: OK
2020-05-21 15:52:00.216 1408 INFO rally.task.runner [-] Task ff86f3ea-2290-483a-a246-69553bf24441 | ITER: 38 START
2020-05-21 15:52:00.618 1453 INFO rally.task.runner [-] Task ff86f3ea-2290-483a-a246-69553bf24441 | ITER: 29 END: OK
2020-05-21 15:52:00.622 1453 INFO rally.task.runner [-] Task ff86f3ea-2290-483a-a246-69553bf24441 | ITER: 39 START
2020-05-21 15:52:00.762 1416 INFO rally.task.runner [-] Task ff86f3ea-2290-483a-a246-69553bf24441 | ITER: 7 END: OK
2020-05-21 15:52:00.766 1416 INFO rally.task.runner [-] Task ff86f3ea-2290-483a-a246-69553bf24441 | ITER: 40 START
2020-05-21 15:52:00.816 1434 RALLYDEBUG rally_openstack.wrappers.network [-] CIDR generated: 10.2.53.0/24
2020-05-21 15:52:00.885 1412 INFO rally.task.runner [-] Task ff86f3ea-2290-483a-a246-69553bf24441 | ITER: 22 END: OK
2020-05-21 15:52:00.981 1407 RALLYDEBUG rally_openstack.wrappers.network [-] CIDR generated: 10.2.54.0/24
2020-05-21 15:52:00.997 1443 RALLYDEBUG rally_openstack.wrappers.network [-] CIDR generated: 10.2.55.0/24
2020-05-21 15:52:01.001 1428 RALLYDEBUG rally_openstack.wrappers.network [-] CIDR generated: 10.2.56.0/24
2020-05-21 15:52:01.264 1437 INFO rally.task.runner [-] Task ff86f3ea-2290-483a-a246-69553bf24441 | ITER: 14 END: OK
2020-05-21 15:52:01.355 1456 INFO rally.task.runner [-] Task ff86f3ea-2290-483a-a246-69553bf24441 | ITER: 20 END: OK
2020-05-21 15:52:01.387 1425 RALLYDEBUG rally_openstack.wrappers.network [-] CIDR generated: 10.2.57.0/24
2020-05-21 15:52:01.781 1434 INFO rally.task.runner [-] Task ff86f3ea-2290-483a-a246-69553bf24441 | ITER: 23 END: OK
2020-05-21 15:52:02.242 1422 INFO rally.task.runner [-] Task ff86f3ea-2290-483a-a246-69553bf24441 | ITER: 9 END: OK
2020-05-21 15:52:03.461 1443 INFO rally.task.runner [-] Task ff86f3ea-2290-483a-a246-69553bf24441 | ITER: 25 END: OK
2020-05-21 15:52:03.620 1428 INFO rally.task.runner [-] Task ff86f3ea-2290-483a-a246-69553bf24441 | ITER: 26 END: OK
2020-05-21 15:52:03.767 1407 INFO rally.task.runner [-] Task ff86f3ea-2290-483a-a246-69553bf24441 | ITER: 24 END: OK
2020-05-21 15:52:03.939 1425 INFO rally.task.runner [-] Task ff86f3ea-2290-483a-a246-69553bf24441 | ITER: 28 END: OK
2020-05-21 15:52:10.611 1440 RALLYDEBUG rally_openstack.wrappers.network [-] CIDR generated: 10.2.58.0/24
2020-05-21 15:52:11.263 1440 RALLYDEBUG rally_openstack.wrappers.network [-] CIDR generated: 10.2.59.0/24
2020-05-21 15:52:12.251 1440 INFO rally.task.runner [-] Task ff86f3ea-2290-483a-a246-69553bf24441 | ITER: 32 END: OK
2020-05-21 15:52:16.591 1406 RALLYDEBUG rally_openstack.wrappers.network [-] CIDR generated: 10.2.60.0/24
2020-05-21 15:52:17.493 1406 RALLYDEBUG rally_openstack.wrappers.network [-] CIDR generated: 10.2.61.0/24
2020-05-21 15:52:18.755 1406 INFO rally.task.runner [-] Task ff86f3ea-2290-483a-a246-69553bf24441 | ITER: 34 END: OK
2020-05-21 15:52:25.610 1430 RALLYDEBUG rally_openstack.wrappers.network [-] CIDR generated: 10.2.62.0/24
2020-05-21 15:52:26.301 1430 RALLYDEBUG rally_openstack.wrappers.network [-] CIDR generated: 10.2.63.0/24
2020-05-21 15:52:27.347 1430 INFO rally.task.runner [-] Task ff86f3ea-2290-483a-a246-69553bf24441 | ITER: 37 END: OK
2020-05-21 15:52:28.563 1408 RALLYDEBUG rally_openstack.wrappers.network [-] CIDR generated: 10.2.64.0/24
2020-05-21 15:52:29.476 1408 RALLYDEBUG rally_openstack.wrappers.network [-] CIDR generated: 10.2.65.0/24
2020-05-21 15:52:30.481 1408 INFO rally.task.runner [-] Task ff86f3ea-2290-483a-a246-69553bf24441 | ITER: 38 END: OK
2020-05-21 15:52:31.690 1453 RALLYDEBUG rally_openstack.wrappers.network [-] CIDR generated: 10.2.66.0/24
2020-05-21 15:52:32.517 1453 RALLYDEBUG rally_openstack.wrappers.network [-] CIDR generated: 10.2.67.0/24
2020-05-21 15:52:33.482 1453 INFO rally.task.runner [-] Task ff86f3ea-2290-483a-a246-69553bf24441 | ITER: 39 END: OK
2020-05-21 15:52:34.974 1416 RALLYDEBUG rally_openstack.wrappers.network [-] CIDR generated: 10.2.68.0/24
2020-05-21 15:52:35.690 1416 RALLYDEBUG rally_openstack.wrappers.network [-] CIDR generated: 10.2.69.0/24
2020-05-21 15:52:36.812 1416 INFO rally.task.runner [-] Task ff86f3ea-2290-483a-a246-69553bf24441 | ITER: 40 END: OK
2020-05-21 15:52:40.617 1405 RALLYDEBUG rally_openstack.wrappers.network [-] CIDR generated: 10.2.70.0/24
2020-05-21 15:52:41.470 1405 RALLYDEBUG rally_openstack.wrappers.network [-] CIDR generated: 10.2.71.0/24
2020-05-21 15:52:42.434 1405 INFO rally.task.runner [-] Task ff86f3ea-2290-483a-a246-69553bf24441 | ITER: 30 END: OK
2020-05-21 15:52:43.626 1446 RALLYDEBUG rally_openstack.wrappers.network [-] CIDR generated: 10.2.72.0/24
2020-05-21 15:52:44.446 1446 RALLYDEBUG rally_openstack.wrappers.network [-] CIDR generated: 10.2.73.0/24
2020-05-21 15:52:45.560 1446 INFO rally.task.runner [-] Task ff86f3ea-2290-483a-a246-69553bf24441 | ITER: 31 END: OK
2020-05-21 15:52:49.765 1409 RALLYDEBUG rally_openstack.wrappers.network [-] CIDR generated: 10.2.74.0/24
2020-05-21 15:52:50.411 1409 RALLYDEBUG rally_openstack.wrappers.network [-] CIDR generated: 10.2.75.0/24
2020-05-21 15:52:51.445 1409 INFO rally.task.runner [-] Task ff86f3ea-2290-483a-a246-69553bf24441 | ITER: 33 END: OK
2020-05-21 15:52:55.794 1449 RALLYDEBUG rally_openstack.wrappers.network [-] CIDR generated: 10.2.76.0/24
2020-05-21 15:52:56.382 1449 RALLYDEBUG rally_openstack.wrappers.network [-] CIDR generated: 10.2.77.0/24
2020-05-21 15:52:57.392 1449 INFO rally.task.runner [-] Task ff86f3ea-2290-483a-a246-69553bf24441 | ITER: 35 END: OK
2020-05-21 15:53:02.016 1418 RALLYDEBUG rally_openstack.wrappers.network [-] CIDR generated: 10.2.78.0/24
2020-05-21 15:53:02.699 1418 RALLYDEBUG rally_openstack.wrappers.network [-] CIDR generated: 10.2.79.0/24
2020-05-21 15:53:03.978 1418 INFO rally.task.runner [-] Task ff86f3ea-2290-483a-a246-69553bf24441 | ITER: 36 END: OK
2020-05-21 15:53:04.004 15 INFO rally.task.context [-] Task ff86f3ea-2290-483a-a246-69553bf24441 | Context cleanup@openstack cleanup() started
2020-05-21 15:53:04.010 15 RALLYDEBUG rally_openstack.cleanup.manager [-] Cleaning up neutron vip objects
2020-05-21 15:53:04.223 15 RALLYDEBUG rally_openstack.cleanup.manager [-] Cleaning up neutron health_monitor objects
2020-05-21 15:53:04.408 15 RALLYDEBUG rally_openstack.cleanup.manager [-] Cleaning up neutron pool objects
2020-05-21 15:53:04.643 15 RALLYDEBUG rally_openstack.cleanup.manager [-] Cleaning up neutron loadbalancer objects
2020-05-21 15:53:04.827 15 RALLYDEBUG rally_openstack.cleanup.manager [-] Cleaning up neutron floatingip objects
2020-05-21 15:53:05.024 15 RALLYDEBUG rally_openstack.cleanup.manager [-] Cleaning up neutron trunk objects
2020-05-21 15:53:05.209 15 DEBUG neutronclient.v2_0.client [-] Error message: {"NeutronError": {"message": "Invalid input for operation: 'tenant_id' is not supported for filtering.", "type": "InvalidInput", "detail": ""}} _handle_fault_response /usr/lib/python2.7/site-packages/neutronclient/v2_0/client.py:259
2020-05-21 15:53:05.242 15 DEBUG neutronclient.v2_0.client [-] Error message: {"NeutronError": {"message": "Invalid input for operation: 'tenant_id' is not supported for filtering.", "type": "InvalidInput", "detail": ""}} _handle_fault_response /usr/lib/python2.7/site-packages/neutronclient/v2_0/client.py:259
2020-05-21 15:53:05.271 15 DEBUG neutronclient.v2_0.client [-] Error message: {"NeutronError": {"message": "Invalid input for operation: 'tenant_id' is not supported for filtering.", "type": "InvalidInput", "detail": ""}} _handle_fault_response /usr/lib/python2.7/site-packages/neutronclient/v2_0/client.py:259
2020-05-21 15:53:05.272 15 ERROR rally_openstack.cleanup.manager [-] Seems like rally_openstack.cleanup.resources.NeutronTrunk.list(self) method is broken. It shouldn't raise any exceptions.: BadRequest: Invalid input for operation: 'tenant_id' is not supported for filtering. Neutron server returns request_ids: ['req-860bfa26-b371-48b4-b80c-2d7cc61db10b']
2020-05-21 15:53:05.272 15 ERROR rally_openstack.cleanup.manager
Traceback (most recent call last):
2020-05-21 15:53:05.272 15 ERROR rally_openstack.cleanup.manager
File "/usr/lib/python2.7/site-packages/rally_openstack/cleanup/manager.py", line 133, in _publish
2020-05-21 15:53:05.272 15 ERROR rally_openstack.cleanup.manager for raw_resource in rutils.retry(3, manager.list):
2020-05-21 15:53:05.272 15 ERROR rally_openstack.cleanup.manager
File "/usr/lib/python2.7/site-packages/rally/common/utils.py", line 230, in retry
2020-05-21 15:53:05.272 15 ERROR rally_openstack.cleanup.manager return func(*args, **kwargs)
2020-05-21 15:53:05.272 15 ERROR rally_openstack.cleanup.manager
File "/usr/lib/python2.7/site-packages/rally_openstack/cleanup/resources.py", line 396, in list
2020-05-21 15:53:05.272 15 ERROR rally_openstack.cleanup.manager return super(NeutronTrunk, self).list()
2020-05-21 15:53:05.272 15 ERROR rally_openstack.cleanup.manager
File "/usr/lib/python2.7/site-packages/rally_openstack/cleanup/resources.py", line 273, in list
2020-05-21 15:53:05.272 15 ERROR rally_openstack.cleanup.manager result = list_method(tenant_id=self.tenant_uuid)[resources]
2020-05-21 15:53:05.272 15 ERROR rally_openstack.cleanup.manager
File "/usr/lib/python2.7/site-packages/neutronclient/v2_0/client.py", line 2105, in list_trunks
2020-05-21 15:53:05.272 15 ERROR rally_openstack.cleanup.manager **_params)
2020-05-21 15:53:05.272 15 ERROR rally_openstack.cleanup.manager
File "/usr/lib/python2.7/site-packages/neutronclient/v2_0/client.py", line 369, in list
2020-05-21 15:53:05.272 15 ERROR rally_openstack.cleanup.manager for r in self._pagination(collection, path, **params):
2020-05-21 15:53:05.272 15 ERROR rally_openstack.cleanup.manager
File "/usr/lib/python2.7/site-packages/neutronclient/v2_0/client.py", line 384, in _pagination
2020-05-21 15:53:05.272 15 ERROR rally_openstack.cleanup.manager res = self.get(path, params=params)
2020-05-21 15:53:05.272 15 ERROR rally_openstack.cleanup.manager
File "/usr/lib/python2.7/site-packages/neutronclient/v2_0/client.py", line 354, in get
2020-05-21 15:53:05.272 15 ERROR rally_openstack.cleanup.manager headers=headers, params=params)
2020-05-21 15:53:05.272 15 ERROR rally_openstack.cleanup.manager
File "/usr/lib/python2.7/site-packages/neutronclient/v2_0/client.py", line 331, in retry_request
2020-05-21 15:53:05.272 15 ERROR rally_openstack.cleanup.manager headers=headers, params=params)
2020-05-21 15:53:05.272 15 ERROR rally_openstack.cleanup.manager
File "/usr/lib/python2.7/site-packages/neutronclient/v2_0/client.py", line 294, in do_request
2020-05-21 15:53:05.272 15 ERROR rally_openstack.cleanup.manager self._handle_fault_response(status_code, replybody, resp)
2020-05-21 15:53:05.272 15 ERROR rally_openstack.cleanup.manager
File "/usr/lib/python2.7/site-packages/neutronclient/v2_0/client.py", line 269, in _handle_fault_response
2020-05-21 15:53:05.272 15 ERROR rally_openstack.cleanup.manager exception_handler_v20(status_code, error_body)
2020-05-21 15:53:05.272 15 ERROR rally_openstack.cleanup.manager
File "/usr/lib/python2.7/site-packages/neutronclient/v2_0/client.py", line 93, in exception_handler_v20
2020-05-21 15:53:05.272 15 ERROR rally_openstack.cleanup.manager request_ids=request_ids)
2020-05-21 15:53:05.272 15 ERROR rally_openstack.cleanup.manager BadRequest: Invalid input for operation: 'tenant_id' is not supported for filtering.
2020-05-21 15:53:05.272 15 ERROR rally_openstack.cleanup.manager Neutron server returns request_ids: ['req-860bfa26-b371-48b4-b80c-2d7cc61db10b']
2020-05-21 15:53:05.272 15 ERROR rally_openstack.cleanup.manager
2020-05-21 15:53:05.281 15 RALLYDEBUG rally_openstack.cleanup.manager [-] Cleaning up neutron port objects
2020-05-21 15:53:05.898 15 RALLYDEBUG rally_openstack.cleanup.manager [-] Cleaning up neutron subnet objects
2020-05-21 15:53:06.388 15 RALLYDEBUG rally_openstack.cleanup.manager [-] Deleting neutron.subnet object s_rally_f18a37fc_7KJVChM5 (03729ea0-9c84-4cf1-9fdd-04e4d531c49e)
2020-05-21 15:53:06.393 15 RALLYDEBUG rally_openstack.cleanup.manager [-] Deleting neutron.subnet object s_rally_f18a37fc_bNH128jF (0395d618-38dc-4ba1-8795-8d36f8aeda2a)
2020-05-21 15:53:06.406 15 RALLYDEBUG rally_openstack.cleanup.manager [-] Deleting neutron.subnet object s_rally_f18a37fc_kr7VWtp9 (06b722cf-42c6-4c89-8440-163a9f5d051c)
2020-05-21 15:53:06.413 15 RALLYDEBUG rally_openstack.cleanup.manager [-] Deleting neutron.subnet object s_rally_f18a37fc_6ByXvXfk (0b7ff2c6-0607-4a42-a6b0-21417db91bbd)
2020-05-21 15:53:06.422 15 RALLYDEBUG rally_openstack.cleanup.manager [-] Deleting neutron.subnet object s_rally_f18a37fc_zPMluy1o (0c394e9d-a5c4-4656-877d-2fafd87dafc6)
2020-05-21 15:53:06.433 15 RALLYDEBUG rally_openstack.cleanup.manager [-] Deleting neutron.subnet object s_rally_f18a37fc_HFqv6aXG (0ccd05e6-c74f-4e50-9e20-1e50989a11d0)
2020-05-21 15:53:06.446 15 RALLYDEBUG rally_openstack.cleanup.manager [-] Deleting neutron.subnet object s_rally_f18a37fc_uFV0NLN5 (10dfcfda-6985-4c0a-9a0d-114128a10747)
2020-05-21 15:53:06.473 15 RALLYDEBUG rally_openstack.cleanup.manager [-] Deleting neutron.subnet object s_rally_f18a37fc_2PcBwS37 (12102455-8182-4d99-aa63-2140d4f584ef)
2020-05-21 15:53:06.513 15 RALLYDEBUG rally_openstack.cleanup.manager [-] Deleting neutron.subnet object s_rally_f18a37fc_lf6sn8bD (18ef058d-6867-43ca-99bd-bd802b2e5508)
2020-05-21 15:53:06.521 15 RALLYDEBUG rally_openstack.cleanup.manager [-] Deleting neutron.subnet object s_rally_f18a37fc_ZHc21E4f (13570981-1bb0-4062-9ca7-221fabeba564)
2020-05-21 15:53:06.535 15 RALLYDEBUG rally_openstack.cleanup.manager [-] Deleting neutron.subnet object s_rally_f18a37fc_CEVCvNwQ (272e98db-2720-4d11-bd89-55bde868c6b7)
2020-05-21 15:53:06.541 15 RALLYDEBUG rally_openstack.cleanup.manager [-] Deleting neutron.subnet object s_rally_f18a37fc_PpKVK5ay (1aa05745-0f17-4c8e-8011-2638c4c53297)
2020-05-21 15:53:06.538 15 RALLYDEBUG rally_openstack.cleanup.manager [-] Deleting neutron.subnet object s_rally_f18a37fc_KfslUml5 (29380ecc-ed08-4348-8e3f-5673118edd69)
2020-05-21 15:53:06.554 15 RALLYDEBUG rally_openstack.cleanup.manager [-] Deleting neutron.subnet object s_rally_f18a37fc_iOnNBpNc (2d995a9a-b626-4ae8-bcf3-701ac00e11fa)
2020-05-21 15:53:06.569 15 RALLYDEBUG rally_openstack.cleanup.manager [-] Deleting neutron.subnet object s_rally_f18a37fc_5aEmrvSB (1fe5e576-7328-4c7b-8ac7-0ead3f65eebf)
2020-05-21 15:53:06.573 15 RALLYDEBUG rally_openstack.cleanup.manager [-] Deleting neutron.subnet object s_rally_f18a37fc_IOayjQJU (2ffe919d-a68e-480b-8601-14ba34716842)
2020-05-21 15:53:06.569 15 RALLYDEBUG rally_openstack.cleanup.manager [-] Deleting neutron.subnet object s_rally_f18a37fc_2BlhCmQ3 (32c439c5-71ab-44e7-929c-1465b7fde139)
2020-05-21 15:53:06.587 15 RALLYDEBUG rally_openstack.cleanup.manager [-] Deleting neutron.subnet object s_rally_f18a37fc_z8jklRKe (373eb30c-a022-4cfb-a54d-56050ecee6ed)
2020-05-21 15:53:06.601 15 RALLYDEBUG rally_openstack.cleanup.manager [-] Deleting neutron.subnet object s_rally_f18a37fc_DqVBgRm4 (387d835a-adee-41a2-a0a0-dbe38b304733)
2020-05-21 15:53:06.630 15 RALLYDEBUG rally_openstack.cleanup.manager [-] Deleting neutron.subnet object s_rally_f18a37fc_gp4nKqux (3380a17a-bb52-41ad-be4e-44eedd303cad)
2020-05-21 15:53:08.908 15 RALLYDEBUG rally_openstack.cleanup.manager [-] Deleting neutron.subnet object s_rally_f18a37fc_VbqV61Xp (39109161-3e0c-49cb-a6e9-4299a8b521bc)
2020-05-21 15:53:08.915 15 RALLYDEBUG rally_openstack.cleanup.manager [-] Deleting neutron.subnet object s_rally_f18a37fc_LaYEOWI4 (39f8746e-428a-4723-a5e7-16b07352c95e)
2020-05-21 15:53:09.049 15 RALLYDEBUG rally_openstack.cleanup.manager [-] Deleting neutron.subnet object s_rally_f18a37fc_vaTb9ocA (41d700bf-e0f3-42a7-8ca9-8200acfcd633)
2020-05-21 15:53:09.138 15 RALLYDEBUG rally_openstack.cleanup.manager [-] Deleting neutron.subnet object s_rally_f18a37fc_jX69Gity (41e673c1-2d16-4434-aa4f-ff4a6666a5c7)
2020-05-21 15:53:09.541 15 RALLYDEBUG rally_openstack.cleanup.manager [-] Deleting neutron.subnet object s_rally_f18a37fc_vHL9JN8J (492fc634-8c31-4de3-803b-ef2b8fdd0036)
2020-05-21 15:53:09.593 15 RALLYDEBUG rally_openstack.cleanup.manager [-] Deleting neutron.subnet object s_rally_f18a37fc_sXjM6EnO (4a608d74-496b-4d00-8e9a-6023d0df493f)
2020-05-21 15:53:09.615 15 RALLYDEBUG rally_openstack.cleanup.manager [-] Deleting neutron.subnet object s_rally_f18a37fc_ofGH928A (4d1fabb9-f01d-4b3a-be29-a93765c30754)
2020-05-21 15:53:09.658 15 RALLYDEBUG rally_openstack.cleanup.manager [-] Deleting neutron.subnet object s_rally_f18a37fc_3atLDna6 (4ebb627c-3b04-489d-9dcb-e143eb8e2683)
2020-05-21 15:53:09.781 15 RALLYDEBUG rally_openstack.cleanup.manager [-] Deleting neutron.subnet object s_rally_f18a37fc_dTaUaU3b (52351e6a-3dd2-4979-b867-44943896effe)
2020-05-21 15:53:10.163 15 RALLYDEBUG rally_openstack.cleanup.manager [-] Deleting neutron.subnet object s_rally_f18a37fc_Bjk8zIaV (55479d6d-20ca-4f91-bc87-cbaf0a73ed49)
2020-05-21 15:53:10.257 15 RALLYDEBUG rally_openstack.cleanup.manager [-] Deleting neutron.subnet object s_rally_f18a37fc_oyQvUemQ (57a0f67c-ecbe-4548-adb0-313e151ccf78)
2020-05-21 15:53:10.312 15 RALLYDEBUG rally_openstack.cleanup.manager [-] Deleting neutron.subnet object s_rally_f18a37fc_ulTiOnKv (5c2e047d-6650-4d9a-ba6b-3679784c7603)
2020-05-21 15:53:10.344 15 RALLYDEBUG rally_openstack.cleanup.manager [-] Deleting neutron.subnet object s_rally_f18a37fc_Gk9QXZs2 (5dd6b0b2-16b0-4f4f-acd2-fb100dec2c78)
2020-05-21 15:53:11.340 15 RALLYDEBUG rally_openstack.cleanup.manager [-] Deleting neutron.subnet object s_rally_f18a37fc_2ybf3xrd (6032f1f3-e763-4cbe-8834-97b5acd6ae0e)
2020-05-21 15:53:11.366 15 RALLYDEBUG rally_openstack.cleanup.manager [-] Deleting neutron.subnet object s_rally_f18a37fc_imWDnTnY (611a6924-e0f4-4813-bbbc-4af99aba396a)
2020-05-21 15:53:11.552 15 RALLYDEBUG rally_openstack.cleanup.manager [-] Deleting neutron.subnet object s_rally_f18a37fc_WwUaXpTr (66bc8b05-1816-45f7-bc4a-5095b8b6c95a)
2020-05-21 15:53:11.912 15 RALLYDEBUG rally_openstack.cleanup.manager [-] Deleting neutron.subnet object s_rally_f18a37fc_2mTNuUKb (6956b021-0d3c-4479-95d2-efd2d9093374)
2020-05-21 15:53:12.171 15 RALLYDEBUG rally_openstack.cleanup.manager [-] Deleting neutron.subnet object s_rally_f18a37fc_ZhxWvcQb (6b022f5f-f22b-457a-950f-6a14b3b6d585)
2020-05-21 15:53:12.311 15 RALLYDEBUG rally_openstack.cleanup.manager [-] Deleting neutron.subnet object s_rally_f18a37fc_CesUPSo8 (6d47a0ec-0fda-416c-9dd8-99a2a7db4b28)
2020-05-21 15:53:12.387 15 RALLYDEBUG rally_openstack.cleanup.manager [-] Deleting neutron.subnet object s_rally_f18a37fc_yrc20fCG (6f9cc61e-d0cd-48d0-8ec2-20245cf17dcd)
2020-05-21 15:53:12.438 15 RALLYDEBUG rally_openstack.cleanup.manager [-] Deleting neutron.subnet object s_rally_f18a37fc_yPsLF5aG (7213cf5b-d1a1-4a51-b359-810e04918971)
2020-05-21 15:53:12.760 15 RALLYDEBUG rally_openstack.cleanup.manager [-] Deleting neutron.subnet object s_rally_f18a37fc_ad3eQfCI (7403703b-d31c-4db7-aa50-0334959ad4c3)
2020-05-21 15:53:12.877 15 RALLYDEBUG rally_openstack.cleanup.manager [-] Deleting neutron.subnet object s_rally_f18a37fc_cZTCeElg (741a4f03-aaea-45a3-bde0-7e5b0314ff90)
2020-05-21 15:53:12.892 15 RALLYDEBUG rally_openstack.cleanup.manager [-] Deleting neutron.subnet object s_rally_f18a37fc_7E5kLpkw (7478a98c-c851-4167-b12b-25f25a703e9a)
2020-05-21 15:53:13.096 15 RALLYDEBUG rally_openstack.cleanup.manager [-] Deleting neutron.subnet object s_rally_f18a37fc_5FgztOD2 (7b8d798f-7ac3-4986-bfbe-22e40b011f6b)
2020-05-21 15:53:13.228 15 RALLYDEBUG rally_openstack.cleanup.manager [-] Deleting neutron.subnet object s_rally_f18a37fc_5FWv2FkM (7c144140-a4d5-4d48-b23d-e09f0af4549a)
2020-05-21 15:53:13.278 15 RALLYDEBUG rally_openstack.cleanup.manager [-] Deleting neutron.subnet object s_rally_f18a37fc_ZHITwY9v (7fe3e0fc-a0ee-422a-a2fa-e85cbc857f66)
2020-05-21 15:53:13.331 15 RALLYDEBUG rally_openstack.cleanup.manager [-] Deleting neutron.subnet object s_rally_f18a37fc_xI2ONjET (807fa6fd-e969-4581-83ef-92a1db8431c7)
2020-05-21 15:53:13.770 15 RALLYDEBUG rally_openstack.cleanup.manager [-] Deleting neutron.subnet object s_rally_f18a37fc_ej9zLJOv (84b960c5-fb99-41cb-a72a-401103479763)
2020-05-21 15:53:14.184 15 RALLYDEBUG rally_openstack.cleanup.manager [-] Deleting neutron.subnet object s_rally_f18a37fc_E7GkWtBx (86ff0c42-bab6-44f8-8d9a-60b6a5b4c167)
2020-05-21 15:53:14.189 15 RALLYDEBUG rally_openstack.cleanup.manager [-] Deleting neutron.subnet object s_rally_f18a37fc_s77szb97 (89d2ad56-29af-4d90-be2f-8cfdad0984bf)
2020-05-21 15:53:14.872 15 RALLYDEBUG rally_openstack.cleanup.manager [-] Deleting neutron.subnet object s_rally_f18a37fc_PZ0ZOk0Z (8d109bf7-16fa-4fa6-aa19-83393f62a0d3)
2020-05-21 15:53:14.960 15 RALLYDEBUG rally_openstack.cleanup.manager [-] Deleting neutron.subnet object s_rally_f18a37fc_GnHJhIAe (8d728aed-123b-4289-96a2-0e965521d59a)
2020-05-21 15:53:15.303 15 RALLYDEBUG rally_openstack.cleanup.manager [-] Deleting neutron.subnet object s_rally_f18a37fc_YOFBPvbF (8d83cc43-abad-4a90-bda7-f791d5ea9cc0)
2020-05-21 15:53:15.958 15 RALLYDEBUG rally_openstack.cleanup.manager [-] Deleting neutron.subnet object s_rally_f18a37fc_AGycx60V (8e85be2d-4e82-476f-acc3-001b96ba97ff)
2020-05-21 15:53:16.108 15 RALLYDEBUG rally_openstack.cleanup.manager [-] Deleting neutron.subnet object s_rally_f18a37fc_fXYORjH8 (9022b13e-0bef-468e-980e-2f568e2b87b5)
2020-05-21 15:53:16.364 15 RALLYDEBUG rally_openstack.cleanup.manager [-] Deleting neutron.subnet object s_rally_f18a37fc_ngP2l2Ni (9d1f36c9-b7ae-4b88-8da2-f922de9a3b08)
