2020-05-21 15:49:59.866 6 RALLYDEBUG rally.api [-] INFO logs from urllib3 and requests module are hide.
2020-05-21 15:49:59.866 6 RALLYDEBUG rally.api [-] urllib3 insecure warnings are hidden.
2020-05-21 15:49:59.866 6 RALLYDEBUG rally.api [-] ERROR log from boto module is hide.
2020-05-21 15:50:01.237 6 ERROR rally.cli.cliutils [-] Unexpected exception in CLI: DBRecordNotFound: Record for uuid or name is opnfv-rally not found in table envs
2020-05-21 15:50:01.237 6 ERROR rally.cli.cliutils
Traceback (most recent call last):
2020-05-21 15:50:01.237 6 ERROR rally.cli.cliutils
File "/usr/lib/python2.7/site-packages/rally/cli/cliutils.py", line 674, in run
2020-05-21 15:50:01.237 6 ERROR rally.cli.cliutils ret = fn(*fn_args, **fn_kwargs)
2020-05-21 15:50:01.237 6 ERROR rally.cli.cliutils File "", line 2, in destroy
2020-05-21 15:50:01.237 6 ERROR rally.cli.cliutils
File "/usr/lib/python2.7/site-packages/rally/cli/envutils.py", line 68, in default_from_global
2020-05-21 15:50:01.237 6 ERROR rally.cli.cliutils return f(*args, **kwargs)
2020-05-21 15:50:01.237 6 ERROR rally.cli.cliutils File "", line 2, in destroy
2020-05-21 15:50:01.237 6 ERROR rally.cli.cliutils
File "/usr/lib/python2.7/site-packages/rally/plugins/__init__.py", line 51, in ensure_plugins_are_loaded
2020-05-21 15:50:01.237 6 ERROR rally.cli.cliutils return f(*args, **kwargs)
2020-05-21 15:50:01.237 6 ERROR rally.cli.cliutils
File "/usr/lib/python2.7/site-packages/rally/cli/commands/deployment.py", line 157, in destroy
2020-05-21 15:50:01.237 6 ERROR rally.cli.cliutils api.deployment.destroy(deployment=deployment)
2020-05-21 15:50:01.237 6 ERROR rally.cli.cliutils
File "/usr/lib/python2.7/site-packages/rally/api.py", line 115, in destroy
2020-05-21 15:50:01.237 6 ERROR rally.cli.cliutils deploy = objects.Deployment.get(deployment)
2020-05-21 15:50:01.237 6 ERROR rally.cli.cliutils
File "/usr/lib/python2.7/site-packages/rally/common/objects/deploy.py", line 124, in get
2020-05-21 15:50:01.237 6 ERROR rally.cli.cliutils return Deployment(env_mgr.EnvManager.get(deploy))
2020-05-21 15:50:01.237 6 ERROR rally.cli.cliutils
File "/usr/lib/python2.7/site-packages/rally/env/env_mgr.py", line 212, in get
2020-05-21 15:50:01.237 6 ERROR rally.cli.cliutils return cls(db.env_get(uuid_or_name))
2020-05-21 15:50:01.237 6 ERROR rally.cli.cliutils
File "/usr/lib/python2.7/site-packages/rally/common/db/api.py", line 135, in wrapper
2020-05-21 15:50:01.237 6 ERROR rally.cli.cliutils result = f(session, *args, **kwargs)
2020-05-21 15:50:01.237 6 ERROR rally.cli.cliutils
File "/usr/lib/python2.7/site-packages/rally/common/db/api.py", line 521, in env_get
2020-05-21 15:50:01.237 6 ERROR rally.cli.cliutils criteria="uuid or name is %s" % uuid_or_name, table="envs")
2020-05-21 15:50:01.237 6 ERROR rally.cli.cliutils DBRecordNotFound: Record for uuid or name is opnfv-rally not found in table envs
2020-05-21 15:50:01.237 6 ERROR rally.cli.cliutils
2020-05-21 15:50:02.033 8 RALLYDEBUG rally.api [-] INFO logs from urllib3 and requests module are hide.
2020-05-21 15:50:02.033 8 RALLYDEBUG rally.api [-] urllib3 insecure warnings are hidden.
2020-05-21 15:50:02.033 8 RALLYDEBUG rally.api [-] ERROR log from boto module is hide.
2020-05-21 15:50:04.139 10 RALLYDEBUG rally.api [-] INFO logs from urllib3 and requests module are hide.
2020-05-21 15:50:04.139 10 RALLYDEBUG rally.api [-] urllib3 insecure warnings are hidden.
2020-05-21 15:50:04.139 10 RALLYDEBUG rally.api [-] ERROR log from boto module is hide.
2020-05-21 15:50:06.839 13 RALLYDEBUG rally.api [-] INFO logs from urllib3 and requests module are hide.
2020-05-21 15:50:06.840 13 RALLYDEBUG rally.api [-] urllib3 insecure warnings are hidden.
2020-05-21 15:50:06.840 13 RALLYDEBUG rally.api [-] ERROR log from boto module is hide.
2020-05-21 15:50:08.187 15 RALLYDEBUG rally.api [-] INFO logs from urllib3 and requests module are hide.
2020-05-21 15:50:08.188 15 RALLYDEBUG rally.api [-] urllib3 insecure warnings are hidden.
2020-05-21 15:50:08.188 15 RALLYDEBUG rally.api [-] ERROR log from boto module is hide.
2020-05-21 15:50:09.450 15 INFO rally.common.plugin.discover [-] Loading plugins from directories /root/.rally/plugins/*
2020-05-21 15:50:09.451 15 INFO rally.common.plugin.discover [-] Loaded module with plugins: /root/.rally/plugins/__init__.py
2020-05-21 15:50:09.453 15 INFO rally.common.plugin.discover [-] Loaded module with plugins: /root/.rally/plugins/trunk_scenario.py
2020-05-21 15:50:09.632 15 INFO rally.task.engine [-] Task ff86f3ea-2290-483a-a246-69553bf24441 | Starting: Task validation.
2020-05-21 15:50:09.644 15 INFO rally.task.engine [-] Task ff86f3ea-2290-483a-a246-69553bf24441 | Starting: Task validation of syntax.
2020-05-21 15:50:09.813 15 INFO rally.task.engine [-] Task ff86f3ea-2290-483a-a246-69553bf24441 | Completed: Task validation of syntax.
2020-05-21 15:50:09.813 15 INFO rally.task.engine [-] Task ff86f3ea-2290-483a-a246-69553bf24441 | Starting: Task validation of required platforms.
2020-05-21 15:50:09.885 15 INFO rally.task.engine [-] Task ff86f3ea-2290-483a-a246-69553bf24441 | Completed: Task validation of required platforms.
2020-05-21 15:50:09.886 15 INFO rally.task.engine [-] Task ff86f3ea-2290-483a-a246-69553bf24441 | Starting: Task validation of semantic.
2020-05-21 15:50:09.886 15 INFO rally.task.engine [-] Check health of the environment '59718b30-31e9-4e2c-818d-1f415e04d3f7'.
2020-05-21 15:50:10.340 15 INFO rally.task.engine [-] Platform existing@openstack (available: True): OK!
2020-05-21 15:50:10.349 15 RALLYDEBUG rally_openstack.contexts.keystone.users [-] Creating 1 tenants using 20 threads
2020-05-21 15:50:10.627 15 RALLYDEBUG rally_openstack.contexts.keystone.users [-] Creating 1 users using 20 threads
2020-05-21 15:50:11.063 15 INFO rally.task.context [-] Task ff86f3ea-2290-483a-a246-69553bf24441 | Context users@openstack setup() finished in 0.71 sec
2020-05-21 15:50:12.711 15 INFO rally.task.context [-] Task ff86f3ea-2290-483a-a246-69553bf24441 | Context users@openstack cleanup() started
2020-05-21 15:50:14.369 15 INFO rally.task.context [-] Task ff86f3ea-2290-483a-a246-69553bf24441 | Context users@openstack cleanup() finished in 1.66 sec
2020-05-21 15:50:14.369 15 INFO rally.task.engine [-] Task ff86f3ea-2290-483a-a246-69553bf24441 | Completed: Task validation of semantic.
2020-05-21 15:50:14.370 15 INFO rally.task.engine [-] Task ff86f3ea-2290-483a-a246-69553bf24441 | Completed: Task validation.
2020-05-21 15:50:14.370 15 INFO rally.api [-] Task ff86f3ea-2290-483a-a246-69553bf24441 input file is valid.
2020-05-21 15:50:14.371 15 INFO rally.api [-] Run Task ff86f3ea-2290-483a-a246-69553bf24441 against Deployment 59718b30-31e9-4e2c-818d-1f415e04d3f7
2020-05-21 15:50:14.371 15 INFO rally.task.engine [-] Task ff86f3ea-2290-483a-a246-69553bf24441 | Starting: Running task.
2020-05-21 15:50:14.418 15 INFO rally.task.engine [-] Running workload: position = 0 config = { "version": 2, "title": "A cropped version of a bigger task.", "description": "Auto-generated task from a single workload (uuid=e2a4723c-2a1a-4f93-b281-41ed10f3b227)", "subtasks": [ { "title": "NeutronNetworks.create_and_list_networks", "description": "Check performance of list_networks action and ensure > network quotas are not exceeded", "scenario": { "NeutronNetworks.create_and_list_networks": {} }, "contexts": { "users": { "tenants": 1, "users_per_tenant": 1 }, "quotas": { "neutron": { "network": 119 } } }, "runner": { "constant": { "times": 100, "concurrency": 20 } }, "hooks": [], "sla": { "max_avg_duration_per_atomic": { "neutron.list_networks": 15 }, "failure_rate": { "max": 0 } } } ] }
2020-05-21 15:50:14.432 15 RALLYDEBUG rally_openstack.contexts.keystone.users [-] Creating 1 tenants using 20 threads
2020-05-21 15:50:14.757 15 RALLYDEBUG rally_openstack.contexts.keystone.users [-] Creating 1 users using 20 threads
2020-05-21 15:50:15.167 15 INFO rally.task.context [-] Task ff86f3ea-2290-483a-a246-69553bf24441 | Context users@openstack setup() finished in 0.74 sec
2020-05-21 15:50:15.480 15 INFO rally.task.context [-] Task ff86f3ea-2290-483a-a246-69553bf24441 | Context quotas@openstack setup() finished in 0.31 sec
2020-05-21 15:50:15.481 15 INFO rally.task.context [-] Task ff86f3ea-2290-483a-a246-69553bf24441 | Context cleanup@openstack setup() finished in 0.00 msec
2020-05-21 15:50:15.490 15 RALLYDEBUG rally.task.runner [-] Starting the constant runner (task UUID: ff86f3ea-2290-483a-a246-69553bf24441). timeout: 0 concurrency: 20 concurrency_per_worker: 1 times: 100 concurrency_overhead: 0 processes_to_start: 20 max_cpu_used: 88
2020-05-21 15:50:15.502 139 RALLYDEBUG rally.task.runner [-] Starting a worker. concurrency: 1 args: {} times: 100 method_name: run timeout: 0 duration: None cls:
2020-05-21 15:50:15.505 140 RALLYDEBUG rally.task.runner [-] Starting a worker. concurrency: 1 args: {} times: 100 method_name: run timeout: 0 duration: None cls:
2020-05-21 15:50:15.507 141 RALLYDEBUG rally.task.runner [-] Starting a worker. concurrency: 1 args: {} times: 100 method_name: run timeout: 0 duration: None cls:
2020-05-21 15:50:15.508 139 INFO rally.task.runner [-] Task ff86f3ea-2290-483a-a246-69553bf24441 | ITER: 1 START
2020-05-21 15:50:15.511 140 INFO rally.task.runner [-] Task ff86f3ea-2290-483a-a246-69553bf24441 | ITER: 2 START
2020-05-21 15:50:15.510 142 RALLYDEBUG rally.task.runner [-] Starting a worker. concurrency: 1 args: {} times: 100 method_name: run timeout: 0 duration: None cls:
2020-05-21 15:50:15.512 144 RALLYDEBUG rally.task.runner [-] Starting a worker. concurrency: 1 args: {} times: 100 method_name: run timeout: 0 duration: None cls:
2020-05-21 15:50:15.513 141 INFO rally.task.runner [-] Task ff86f3ea-2290-483a-a246-69553bf24441 | ITER: 3 START
2020-05-21 15:50:15.516 142 INFO rally.task.runner [-] Task ff86f3ea-2290-483a-a246-69553bf24441 | ITER: 4 START
2020-05-21 15:50:15.515 147 RALLYDEBUG rally.task.runner [-] Starting a worker. concurrency: 1 args: {} times: 100 method_name: run timeout: 0 duration: None cls:
2020-05-21 15:50:15.518 144 INFO rally.task.runner [-] Task ff86f3ea-2290-483a-a246-69553bf24441 | ITER: 5 START
2020-05-21 15:50:15.518 151 RALLYDEBUG rally.task.runner [-] Starting a worker. concurrency: 1 args: {} times: 100 method_name: run timeout: 0 duration: None cls:
2020-05-21 15:50:15.520 154 RALLYDEBUG rally.task.runner [-] Starting a worker. concurrency: 1 args: {} times: 100 method_name: run timeout: 0 duration: None cls:
2020-05-21 15:50:15.521 147 INFO rally.task.runner [-] Task ff86f3ea-2290-483a-a246-69553bf24441 | ITER: 6 START
2020-05-21 15:50:15.523 151 INFO rally.task.runner [-] Task ff86f3ea-2290-483a-a246-69553bf24441 | ITER: 7 START
2020-05-21 15:50:15.523 157 RALLYDEBUG rally.task.runner [-] Starting a worker. concurrency: 1 args: {} times: 100 method_name: run timeout: 0 duration: None cls:
2020-05-21 15:50:15.526 154 INFO rally.task.runner [-] Task ff86f3ea-2290-483a-a246-69553bf24441 | ITER: 8 START
2020-05-21 15:50:15.525 160 RALLYDEBUG rally.task.runner [-] Starting a worker. concurrency: 1 args: {} times: 100 method_name: run timeout: 0 duration: None cls:
2020-05-21 15:50:15.529 157 INFO rally.task.runner [-] Task ff86f3ea-2290-483a-a246-69553bf24441 | ITER: 9 START
2020-05-21 15:50:15.528 163 RALLYDEBUG rally.task.runner [-] Starting a worker. concurrency: 1 args: {} times: 100 method_name: run timeout: 0 duration: None cls:
2020-05-21 15:50:15.531 160 INFO rally.task.runner [-] Task ff86f3ea-2290-483a-a246-69553bf24441 | ITER: 10 START
2020-05-21 15:50:15.531 166 RALLYDEBUG rally.task.runner [-] Starting a worker. concurrency: 1 args: {} times: 100 method_name: run timeout: 0 duration: None cls:
2020-05-21 15:50:15.532 169 RALLYDEBUG rally.task.runner [-] Starting a worker. concurrency: 1 args: {} times: 100 method_name: run timeout: 0 duration: None cls:
2020-05-21 15:50:15.533 163 INFO rally.task.runner [-] Task ff86f3ea-2290-483a-a246-69553bf24441 | ITER: 11 START
2020-05-21 15:50:15.536 172 RALLYDEBUG rally.task.runner [-] Starting a worker. concurrency: 1 args: {} times: 100 method_name: run timeout: 0 duration: None cls:
2020-05-21 15:50:15.537 166 INFO rally.task.runner [-] Task ff86f3ea-2290-483a-a246-69553bf24441 | ITER: 12 START
2020-05-21 15:50:15.536 169 INFO rally.task.runner [-] Task ff86f3ea-2290-483a-a246-69553bf24441 | ITER: 13 START
2020-05-21 15:50:15.538 175 RALLYDEBUG rally.task.runner [-] Starting a worker. concurrency: 1 args: {} times: 100 method_name: run timeout: 0 duration: None cls:
2020-05-21 15:50:15.541 180 RALLYDEBUG rally.task.runner [-] Starting a worker. concurrency: 1 args: {} times: 100 method_name: run timeout: 0 duration: None cls:
2020-05-21 15:50:15.544 172 INFO rally.task.runner [-] Task ff86f3ea-2290-483a-a246-69553bf24441 | ITER: 14 START
2020-05-21 15:50:15.544 181 RALLYDEBUG rally.task.runner [-] Starting a worker. concurrency: 1 args: {} times: 100 method_name: run timeout: 0 duration: None cls:
2020-05-21 15:50:15.545 175 INFO rally.task.runner [-] Task ff86f3ea-2290-483a-a246-69553bf24441 | ITER: 15 START
2020-05-21 15:50:15.547 184 RALLYDEBUG rally.task.runner [-] Starting a worker. concurrency: 1 args: {} times: 100 method_name: run timeout: 0 duration: None cls:
2020-05-21 15:50:15.548 180 INFO rally.task.runner [-] Task ff86f3ea-2290-483a-a246-69553bf24441 | ITER: 16 START
2020-05-21 15:50:15.549 187 RALLYDEBUG rally.task.runner [-] Starting a worker. concurrency: 1 args: {} times: 100 method_name: run timeout: 0 duration: None cls:
2020-05-21 15:50:15.552 181 INFO rally.task.runner [-] Task ff86f3ea-2290-483a-a246-69553bf24441 | ITER: 17 START
2020-05-21 15:50:15.552 190 RALLYDEBUG rally.task.runner [-] Starting a worker. concurrency: 1 args: {} times: 100 method_name: run timeout: 0 duration: None cls:
2020-05-21 15:50:15.553 184 INFO rally.task.runner [-] Task ff86f3ea-2290-483a-a246-69553bf24441 | ITER: 18 START
2020-05-21 15:50:15.557 187 INFO rally.task.runner [-] Task ff86f3ea-2290-483a-a246-69553bf24441 | ITER: 19 START
2020-05-21 15:50:15.558 190 INFO rally.task.runner [-] Task ff86f3ea-2290-483a-a246-69553bf24441 | ITER: 20 START
2020-05-21 15:50:16.549 141 INFO rally.task.runner [-] Task ff86f3ea-2290-483a-a246-69553bf24441 | ITER: 3 END: OK
2020-05-21 15:50:16.554 141 INFO rally.task.runner [-] Task ff86f3ea-2290-483a-a246-69553bf24441 | ITER: 21 START
2020-05-21 15:50:16.582 154 INFO rally.task.runner [-] Task ff86f3ea-2290-483a-a246-69553bf24441 | ITER: 8 END: OK
2020-05-21 15:50:16.587 154 INFO rally.task.runner [-] Task ff86f3ea-2290-483a-a246-69553bf24441 | ITER: 22 START
2020-05-21 15:50:16.937 172 INFO rally.task.runner [-] Task ff86f3ea-2290-483a-a246-69553bf24441 | ITER: 14 END: OK
2020-05-21 15:50:16.942 172 INFO rally.task.runner [-] Task ff86f3ea-2290-483a-a246-69553bf24441 | ITER: 23 START
2020-05-21 15:50:17.052 140 INFO rally.task.runner [-] Task ff86f3ea-2290-483a-a246-69553bf24441 | ITER: 2 END: OK
2020-05-21 15:50:17.057 140 INFO rally.task.runner [-] Task ff86f3ea-2290-483a-a246-69553bf24441 | ITER: 24 START
2020-05-21 15:50:17.385 175 INFO rally.task.runner [-] Task ff86f3ea-2290-483a-a246-69553bf24441 | ITER: 15 END: OK
2020-05-21 15:50:17.389 175 INFO rally.task.runner [-] Task ff86f3ea-2290-483a-a246-69553bf24441 | ITER: 25 START
2020-05-21 15:50:17.561 144 INFO rally.task.runner [-] Task ff86f3ea-2290-483a-a246-69553bf24441 | ITER: 5 END: OK
2020-05-21 15:50:17.566 144 INFO rally.task.runner [-] Task ff86f3ea-2290-483a-a246-69553bf24441 | ITER: 26 START
2020-05-21 15:50:17.615 169 INFO rally.task.runner [-] Task ff86f3ea-2290-483a-a246-69553bf24441 | ITER: 13 END: OK
2020-05-21 15:50:17.620 169 INFO rally.task.runner [-] Task ff86f3ea-2290-483a-a246-69553bf24441 | ITER: 27 START
2020-05-21 15:50:17.676 147 INFO rally.task.runner [-] Task ff86f3ea-2290-483a-a246-69553bf24441 | ITER: 6 END: OK
2020-05-21 15:50:17.681 147 INFO rally.task.runner [-] Task ff86f3ea-2290-483a-a246-69553bf24441 | ITER: 28 START
2020-05-21 15:50:17.692 142 INFO rally.task.runner [-] Task ff86f3ea-2290-483a-a246-69553bf24441 | ITER: 4 END: OK
2020-05-21 15:50:17.697 142 INFO rally.task.runner [-] Task ff86f3ea-2290-483a-a246-69553bf24441 | ITER: 29 START
2020-05-21 15:50:17.713 190 INFO rally.task.runner [-] Task ff86f3ea-2290-483a-a246-69553bf24441 | ITER: 20 END: OK
2020-05-21 15:50:17.717 190 INFO rally.task.runner [-] Task ff86f3ea-2290-483a-a246-69553bf24441 | ITER: 30 START
2020-05-21 15:50:17.769 151 INFO rally.task.runner [-] Task ff86f3ea-2290-483a-a246-69553bf24441 | ITER: 7 END: OK
2020-05-21 15:50:17.773 157 INFO rally.task.runner [-] Task ff86f3ea-2290-483a-a246-69553bf24441 | ITER: 9 END: OK
2020-05-21 15:50:17.774 151 INFO rally.task.runner [-] Task ff86f3ea-2290-483a-a246-69553bf24441 | ITER: 31 START
2020-05-21 15:50:17.778 157 INFO rally.task.runner [-] Task ff86f3ea-2290-483a-a246-69553bf24441 | ITER: 32 START
2020-05-21 15:50:17.824 163 INFO rally.task.runner [-] Task ff86f3ea-2290-483a-a246-69553bf24441 | ITER: 11 END: OK
2020-05-21 15:50:17.829 163 INFO rally.task.runner [-] Task ff86f3ea-2290-483a-a246-69553bf24441 | ITER: 33 START
2020-05-21 15:50:18.381 187 INFO rally.task.runner [-] Task ff86f3ea-2290-483a-a246-69553bf24441 | ITER: 19 END: OK
2020-05-21 15:50:18.385 187 INFO rally.task.runner [-] Task ff86f3ea-2290-483a-a246-69553bf24441 | ITER: 34 START
2020-05-21 15:50:18.520 166 INFO rally.task.runner [-] Task ff86f3ea-2290-483a-a246-69553bf24441 | ITER: 12 END: OK
2020-05-21 15:50:18.525 166 INFO rally.task.runner [-] Task ff86f3ea-2290-483a-a246-69553bf24441 | ITER: 35 START
2020-05-21 15:50:18.606 139 INFO rally.task.runner [-] Task ff86f3ea-2290-483a-a246-69553bf24441 | ITER: 1 END: OK
2020-05-21 15:50:18.610 139 INFO rally.task.runner [-] Task ff86f3ea-2290-483a-a246-69553bf24441 | ITER: 36 START
2020-05-21 15:50:18.978 184 INFO rally.task.runner [-] Task ff86f3ea-2290-483a-a246-69553bf24441 | ITER: 18 END: OK
2020-05-21 15:50:18.983 184 INFO rally.task.runner [-] Task ff86f3ea-2290-483a-a246-69553bf24441 | ITER: 37 START
2020-05-21 15:50:19.002 160 INFO rally.task.runner [-] Task ff86f3ea-2290-483a-a246-69553bf24441 | ITER: 10 END: OK
2020-05-21 15:50:19.006 160 INFO rally.task.runner [-] Task ff86f3ea-2290-483a-a246-69553bf24441 | ITER: 38 START
2020-05-21 15:50:19.012 154 INFO rally.task.runner [-] Task ff86f3ea-2290-483a-a246-69553bf24441 | ITER: 22 END: OK
2020-05-21 15:50:19.014 180 INFO rally.task.runner [-] Task ff86f3ea-2290-483a-a246-69553bf24441 | ITER: 16 END: OK
2020-05-21 15:50:19.016 181 INFO rally.task.runner [-] Task ff86f3ea-2290-483a-a246-69553bf24441 | ITER: 17 END: OK
2020-05-21 15:50:19.016 154 INFO rally.task.runner [-] Task ff86f3ea-2290-483a-a246-69553bf24441 | ITER: 39 START
2020-05-21 15:50:19.019 180 INFO rally.task.runner [-] Task ff86f3ea-2290-483a-a246-69553bf24441 | ITER: 40 START
2020-05-21 15:50:19.019 181 INFO rally.task.runner [-] Task ff86f3ea-2290-483a-a246-69553bf24441 | ITER: 41 START
2020-05-21 15:50:19.152 175 INFO rally.task.runner [-] Task ff86f3ea-2290-483a-a246-69553bf24441 | ITER: 25 END: OK
2020-05-21 15:50:19.156 175 INFO rally.task.runner [-] Task ff86f3ea-2290-483a-a246-69553bf24441 | ITER: 42 START
2020-05-21 15:50:19.289 140 INFO rally.task.runner [-] Task ff86f3ea-2290-483a-a246-69553bf24441 | ITER: 24 END: OK
2020-05-21 15:50:19.292 140 INFO rally.task.runner [-] Task ff86f3ea-2290-483a-a246-69553bf24441 | ITER: 43 START
2020-05-21 15:50:19.351 147 INFO rally.task.runner [-] Task ff86f3ea-2290-483a-a246-69553bf24441 | ITER: 28 END: OK
2020-05-21 15:50:19.355 147 INFO rally.task.runner [-] Task ff86f3ea-2290-483a-a246-69553bf24441 | ITER: 44 START
2020-05-21 15:50:19.376 142 INFO rally.task.runner [-] Task ff86f3ea-2290-483a-a246-69553bf24441 | ITER: 29 END: OK
2020-05-21 15:50:19.380 142 INFO rally.task.runner [-] Task ff86f3ea-2290-483a-a246-69553bf24441 | ITER: 45 START
2020-05-21 15:50:19.511 187 INFO rally.task.runner [-] Task ff86f3ea-2290-483a-a246-69553bf24441 | ITER: 34 END: OK
2020-05-21 15:50:19.515 187 INFO rally.task.runner [-] Task ff86f3ea-2290-483a-a246-69553bf24441 | ITER: 46 START
2020-05-21 15:50:19.605 166 INFO rally.task.runner [-] Task ff86f3ea-2290-483a-a246-69553bf24441 | ITER: 35 END: OK
2020-05-21 15:50:19.609 166 INFO rally.task.runner [-] Task ff86f3ea-2290-483a-a246-69553bf24441 | ITER: 47 START
2020-05-21 15:50:20.285 175 INFO rally.task.runner [-] Task ff86f3ea-2290-483a-a246-69553bf24441 | ITER: 42 END: OK
2020-05-21 15:50:20.289 175 INFO rally.task.runner [-] Task ff86f3ea-2290-483a-a246-69553bf24441 | ITER: 48 START
2020-05-21 15:50:20.316 184 INFO rally.task.runner [-] Task ff86f3ea-2290-483a-a246-69553bf24441 | ITER: 37 END: OK
2020-05-21 15:50:20.320 184 INFO rally.task.runner [-] Task ff86f3ea-2290-483a-a246-69553bf24441 | ITER: 49 START
2020-05-21 15:50:20.401 144 INFO rally.task.runner [-] Task ff86f3ea-2290-483a-a246-69553bf24441 | ITER: 26 END: OK
2020-05-21 15:50:20.405 144 INFO rally.task.runner [-] Task ff86f3ea-2290-483a-a246-69553bf24441 | ITER: 50 START
2020-05-21 15:50:20.420 181 INFO rally.task.runner [-] Task ff86f3ea-2290-483a-a246-69553bf24441 | ITER: 41 END: OK
2020-05-21 15:50:20.423 181 INFO rally.task.runner [-] Task ff86f3ea-2290-483a-a246-69553bf24441 | ITER: 51 START
2020-05-21 15:50:20.821 142 INFO rally.task.runner [-] Task ff86f3ea-2290-483a-a246-69553bf24441 | ITER: 45 END: OK
2020-05-21 15:50:20.825 142 INFO rally.task.runner [-] Task ff86f3ea-2290-483a-a246-69553bf24441 | ITER: 52 START
2020-05-21 15:50:20.884 141 INFO rally.task.runner [-] Task ff86f3ea-2290-483a-a246-69553bf24441 | ITER: 21 END: OK
2020-05-21 15:50:20.887 141 INFO rally.task.runner [-] Task ff86f3ea-2290-483a-a246-69553bf24441 | ITER: 53 START
2020-05-21 15:50:21.007 151 INFO rally.task.runner [-] Task ff86f3ea-2290-483a-a246-69553bf24441 | ITER: 31 END: OK
2020-05-21 15:50:21.010 151 INFO rally.task.runner [-] Task ff86f3ea-2290-483a-a246-69553bf24441 | ITER: 54 START
2020-05-21 15:50:21.060 169 INFO rally.task.runner [-] Task ff86f3ea-2290-483a-a246-69553bf24441 | ITER: 27 END: OK
2020-05-21 15:50:21.064 169 INFO rally.task.runner [-] Task ff86f3ea-2290-483a-a246-69553bf24441 | ITER: 55 START
2020-05-21 15:50:21.087 172 INFO rally.task.runner [-] Task ff86f3ea-2290-483a-a246-69553bf24441 | ITER: 23 END: OK
2020-05-21 15:50:21.091 172 INFO rally.task.runner [-] Task ff86f3ea-2290-483a-a246-69553bf24441 | ITER: 56 START
2020-05-21 15:50:21.150 140 INFO rally.task.runner [-] Task ff86f3ea-2290-483a-a246-69553bf24441 | ITER: 43 END: OK
2020-05-21 15:50:21.154 140 INFO rally.task.runner [-] Task ff86f3ea-2290-483a-a246-69553bf24441 | ITER: 57 START
2020-05-21 15:50:21.155 154 INFO rally.task.runner [-] Task ff86f3ea-2290-483a-a246-69553bf24441 | ITER: 39 END: OK
2020-05-21 15:50:21.159 154 INFO rally.task.runner [-] Task ff86f3ea-2290-483a-a246-69553bf24441 | ITER: 58 START
2020-05-21 15:50:21.178 166 INFO rally.task.runner [-] Task ff86f3ea-2290-483a-a246-69553bf24441 | ITER: 47 END: OK
2020-05-21 15:50:21.182 166 INFO rally.task.runner [-] Task ff86f3ea-2290-483a-a246-69553bf24441 | ITER: 59 START
2020-05-21 15:50:21.191 147 INFO rally.task.runner [-] Task ff86f3ea-2290-483a-a246-69553bf24441 | ITER: 44 END: OK
2020-05-21 15:50:21.195 147 INFO rally.task.runner [-] Task ff86f3ea-2290-483a-a246-69553bf24441 | ITER: 60 START
2020-05-21 15:50:21.286 190 INFO rally.task.runner [-] Task ff86f3ea-2290-483a-a246-69553bf24441 | ITER: 30 END: OK
2020-05-21 15:50:21.290 190 INFO rally.task.runner [-] Task ff86f3ea-2290-483a-a246-69553bf24441 | ITER: 61 START
2020-05-21 15:50:21.447 144 INFO rally.task.runner [-] Task ff86f3ea-2290-483a-a246-69553bf24441 | ITER: 50 END: OK
2020-05-21 15:50:21.451 144 INFO rally.task.runner [-] Task ff86f3ea-2290-483a-a246-69553bf24441 | ITER: 62 START
2020-05-21 15:50:21.471 163 INFO rally.task.runner [-] Task ff86f3ea-2290-483a-a246-69553bf24441 | ITER: 33 END: OK
2020-05-21 15:50:21.474 163 INFO rally.task.runner [-] Task ff86f3ea-2290-483a-a246-69553bf24441 | ITER: 63 START
2020-05-21 15:50:21.558 181 INFO rally.task.runner [-] Task ff86f3ea-2290-483a-a246-69553bf24441 | ITER: 51 END: OK
2020-05-21 15:50:21.562 181 INFO rally.task.runner [-] Task ff86f3ea-2290-483a-a246-69553bf24441 | ITER: 64 START
2020-05-21 15:50:21.622 187 INFO rally.task.runner [-] Task ff86f3ea-2290-483a-a246-69553bf24441 | ITER: 46 END: OK
2020-05-21 15:50:21.626 187 INFO rally.task.runner [-] Task ff86f3ea-2290-483a-a246-69553bf24441 | ITER: 65 START
2020-05-21 15:50:21.797 175 INFO rally.task.runner [-] Task ff86f3ea-2290-483a-a246-69553bf24441 | ITER: 48 END: OK
2020-05-21 15:50:21.801 175 INFO rally.task.runner [-] Task ff86f3ea-2290-483a-a246-69553bf24441 | ITER: 66 START
2020-05-21 15:50:21.837 184 INFO rally.task.runner [-] Task ff86f3ea-2290-483a-a246-69553bf24441 | ITER: 49 END: OK
2020-05-21 15:50:21.841 184 INFO rally.task.runner [-] Task ff86f3ea-2290-483a-a246-69553bf24441 | ITER: 67 START
2020-05-21 15:50:22.097 157 INFO rally.task.runner [-] Task ff86f3ea-2290-483a-a246-69553bf24441 | ITER: 32 END: OK
2020-05-21 15:50:22.101 157 INFO rally.task.runner [-] Task ff86f3ea-2290-483a-a246-69553bf24441 | ITER: 68 START
2020-05-21 15:50:22.386 172 INFO rally.task.runner [-] Task ff86f3ea-2290-483a-a246-69553bf24441 | ITER: 56 END: OK
2020-05-21 15:50:22.390 172 INFO rally.task.runner [-] Task ff86f3ea-2290-483a-a246-69553bf24441 | ITER: 69 START
2020-05-21 15:50:22.441 160 INFO rally.task.runner [-] Task ff86f3ea-2290-483a-a246-69553bf24441 | ITER: 38 END: OK
2020-05-21 15:50:22.444 160 INFO rally.task.runner [-] Task ff86f3ea-2290-483a-a246-69553bf24441 | ITER: 70 START
2020-05-21 15:50:22.528 139 INFO rally.task.runner [-] Task ff86f3ea-2290-483a-a246-69553bf24441 | ITER: 36 END: OK
2020-05-21 15:50:22.532 139 INFO rally.task.runner [-] Task ff86f3ea-2290-483a-a246-69553bf24441 | ITER: 71 START
2020-05-21 15:50:22.830 141 INFO rally.task.runner [-] Task ff86f3ea-2290-483a-a246-69553bf24441 | ITER: 53 END: OK
2020-05-21 15:50:22.834 141 INFO rally.task.runner [-] Task ff86f3ea-2290-483a-a246-69553bf24441 | ITER: 72 START
2020-05-21 15:50:22.897 147 INFO rally.task.runner [-] Task ff86f3ea-2290-483a-a246-69553bf24441 | ITER: 60 END: OK
2020-05-21 15:50:22.901 147 INFO rally.task.runner [-] Task ff86f3ea-2290-483a-a246-69553bf24441 | ITER: 73 START
2020-05-21 15:50:22.927 190 INFO rally.task.runner [-] Task ff86f3ea-2290-483a-a246-69553bf24441 | ITER: 61 END: OK
2020-05-21 15:50:22.931 190 INFO rally.task.runner [-] Task ff86f3ea-2290-483a-a246-69553bf24441 | ITER: 74 START
2020-05-21 15:50:22.931 180 INFO rally.task.runner [-] Task ff86f3ea-2290-483a-a246-69553bf24441 | ITER: 40 END: OK
2020-05-21 15:50:22.935 180 INFO rally.task.runner [-] Task ff86f3ea-2290-483a-a246-69553bf24441 | ITER: 75 START
2020-05-21 15:50:22.963 175 INFO rally.task.runner [-] Task ff86f3ea-2290-483a-a246-69553bf24441 | ITER: 66 END: OK
2020-05-21 15:50:22.967 175 INFO rally.task.runner [-] Task ff86f3ea-2290-483a-a246-69553bf24441 | ITER: 76 START
2020-05-21 15:50:22.978 166 INFO rally.task.runner [-] Task ff86f3ea-2290-483a-a246-69553bf24441 | ITER: 59 END: OK
2020-05-21 15:50:22.981 166 INFO rally.task.runner [-] Task ff86f3ea-2290-483a-a246-69553bf24441 | ITER: 77 START
2020-05-21 15:50:22.982 142 INFO rally.task.runner [-] Task ff86f3ea-2290-483a-a246-69553bf24441 | ITER: 52 END: OK
2020-05-21 15:50:22.986 142 INFO rally.task.runner [-] Task ff86f3ea-2290-483a-a246-69553bf24441 | ITER: 78 START
2020-05-21 15:50:23.117 144 INFO rally.task.runner [-] Task ff86f3ea-2290-483a-a246-69553bf24441 | ITER: 62 END: OK
2020-05-21 15:50:23.120 144 INFO rally.task.runner [-] Task ff86f3ea-2290-483a-a246-69553bf24441 | ITER: 79 START
2020-05-21 15:50:23.184 169 INFO rally.task.runner [-] Task ff86f3ea-2290-483a-a246-69553bf24441 | ITER: 55 END: OK
2020-05-21 15:50:23.187 169 INFO rally.task.runner [-] Task ff86f3ea-2290-483a-a246-69553bf24441 | ITER: 80 START
2020-05-21 15:50:23.188 154 INFO rally.task.runner [-] Task ff86f3ea-2290-483a-a246-69553bf24441 | ITER: 58 END: OK
2020-05-21 15:50:23.192 154 INFO rally.task.runner [-] Task ff86f3ea-2290-483a-a246-69553bf24441 | ITER: 81 START
2020-05-21 15:50:23.290 151 INFO rally.task.runner [-] Task ff86f3ea-2290-483a-a246-69553bf24441 | ITER: 54 END: OK
2020-05-21 15:50:23.294 151 INFO rally.task.runner [-] Task ff86f3ea-2290-483a-a246-69553bf24441 | ITER: 82 START
2020-05-21 15:50:23.392 140 INFO rally.task.runner [-] Task ff86f3ea-2290-483a-a246-69553bf24441 | ITER: 57 END: OK
2020-05-21 15:50:23.396 140 INFO rally.task.runner [-] Task ff86f3ea-2290-483a-a246-69553bf24441 | ITER: 83 START
2020-05-21 15:50:23.415 181 INFO rally.task.runner [-] Task ff86f3ea-2290-483a-a246-69553bf24441 | ITER: 64 END: OK
2020-05-21 15:50:23.419 181 INFO rally.task.runner [-] Task ff86f3ea-2290-483a-a246-69553bf24441 | ITER: 84 START
2020-05-21 15:50:23.546 163 INFO rally.task.runner [-] Task ff86f3ea-2290-483a-a246-69553bf24441 | ITER: 63 END: OK
2020-05-21 15:50:23.549 163 INFO rally.task.runner [-] Task ff86f3ea-2290-483a-a246-69553bf24441 | ITER: 85 START
2020-05-21 15:50:23.668 187 INFO rally.task.runner [-] Task ff86f3ea-2290-483a-a246-69553bf24441 | ITER: 65 END: OK
2020-05-21 15:50:23.672 187 INFO rally.task.runner [-] Task ff86f3ea-2290-483a-a246-69553bf24441 | ITER: 86 START
2020-05-21 15:50:23.687 184 INFO rally.task.runner [-] Task ff86f3ea-2290-483a-a246-69553bf24441 | ITER: 67 END: OK
2020-05-21 15:50:23.691 184 INFO rally.task.runner [-] Task ff86f3ea-2290-483a-a246-69553bf24441 | ITER: 87 START
2020-05-21 15:50:23.891 160 INFO rally.task.runner [-] Task ff86f3ea-2290-483a-a246-69553bf24441 | ITER: 70 END: OK
2020-05-21 15:50:23.895 160 INFO rally.task.runner [-] Task ff86f3ea-2290-483a-a246-69553bf24441 | ITER: 88 START
2020-05-21 15:50:24.029 172 INFO rally.task.runner [-] Task ff86f3ea-2290-483a-a246-69553bf24441 | ITER: 69 END: OK
2020-05-21 15:50:24.033 172 INFO rally.task.runner [-] Task ff86f3ea-2290-483a-a246-69553bf24441 | ITER: 89 START
2020-05-21 15:50:24.283 139 INFO rally.task.runner [-] Task ff86f3ea-2290-483a-a246-69553bf24441 | ITER: 71 END: OK
2020-05-21 15:50:24.287 139 INFO rally.task.runner [-] Task ff86f3ea-2290-483a-a246-69553bf24441 | ITER: 90 START
2020-05-21 15:50:24.310 141 INFO rally.task.runner [-] Task ff86f3ea-2290-483a-a246-69553bf24441 | ITER: 72 END: OK
2020-05-21 15:50:24.314 141 INFO rally.task.runner [-] Task ff86f3ea-2290-483a-a246-69553bf24441 | ITER: 91 START
2020-05-21 15:50:24.626 142 INFO rally.task.runner [-] Task ff86f3ea-2290-483a-a246-69553bf24441 | ITER: 78 END: OK
2020-05-21 15:50:24.629 142 INFO rally.task.runner [-] Task ff86f3ea-2290-483a-a246-69553bf24441 | ITER: 92 START
2020-05-21 15:50:24.875 157 INFO rally.task.runner [-] Task ff86f3ea-2290-483a-a246-69553bf24441 | ITER: 68 END: OK
2020-05-21 15:50:24.878 157 INFO rally.task.runner [-] Task ff86f3ea-2290-483a-a246-69553bf24441 | ITER: 93 START
2020-05-21 15:50:25.103 151 INFO rally.task.runner [-] Task ff86f3ea-2290-483a-a246-69553bf24441 | ITER: 82 END: OK
2020-05-21 15:50:25.107 151 INFO rally.task.runner [-] Task ff86f3ea-2290-483a-a246-69553bf24441 | ITER: 94 START
2020-05-21 15:50:25.132 166 INFO rally.task.runner [-] Task ff86f3ea-2290-483a-a246-69553bf24441 | ITER: 77 END: OK
2020-05-21 15:50:25.136 166 INFO rally.task.runner [-] Task ff86f3ea-2290-483a-a246-69553bf24441 | ITER: 95 START
2020-05-21 15:50:25.336 147 INFO rally.task.runner [-] Task ff86f3ea-2290-483a-a246-69553bf24441 | ITER: 73 END: OK
2020-05-21 15:50:25.340 147 INFO rally.task.runner [-] Task ff86f3ea-2290-483a-a246-69553bf24441 | ITER: 96 START
2020-05-21 15:50:25.362 180 INFO rally.task.runner [-] Task ff86f3ea-2290-483a-a246-69553bf24441 | ITER: 75 END: OK
2020-05-21 15:50:25.366 180 INFO rally.task.runner [-] Task ff86f3ea-2290-483a-a246-69553bf24441 | ITER: 97 START
2020-05-21 15:50:25.381 172 INFO rally.task.runner [-] Task ff86f3ea-2290-483a-a246-69553bf24441 | ITER: 89 END: OK
2020-05-21 15:50:25.385 172 INFO rally.task.runner [-] Task ff86f3ea-2290-483a-a246-69553bf24441 | ITER: 98 START
2020-05-21 15:50:25.542 144 INFO rally.task.runner [-] Task ff86f3ea-2290-483a-a246-69553bf24441 | ITER: 79 END: OK
2020-05-21 15:50:25.545 144 INFO rally.task.runner [-] Task ff86f3ea-2290-483a-a246-69553bf24441 | ITER: 99 START
2020-05-21 15:50:25.594 140 INFO rally.task.runner [-] Task ff86f3ea-2290-483a-a246-69553bf24441 | ITER: 83 END: OK
2020-05-21 15:50:25.598 140 INFO rally.task.runner [-] Task ff86f3ea-2290-483a-a246-69553bf24441 | ITER: 100 START
2020-05-21 15:50:25.600 190 INFO rally.task.runner [-] Task ff86f3ea-2290-483a-a246-69553bf24441 | ITER: 74 END: OK
2020-05-21 15:50:25.600 163 INFO rally.task.runner [-] Task ff86f3ea-2290-483a-a246-69553bf24441 | ITER: 85 END: OK
2020-05-21 15:50:25.642 175 INFO rally.task.runner [-] Task ff86f3ea-2290-483a-a246-69553bf24441 | ITER: 76 END: OK
2020-05-21 15:50:25.976 157 INFO rally.task.runner [-] Task ff86f3ea-2290-483a-a246-69553bf24441 | ITER: 93 END: OK
2020-05-21 15:50:26.004 184 INFO rally.task.runner [-] Task ff86f3ea-2290-483a-a246-69553bf24441 | ITER: 87 END: OK
2020-05-21 15:50:26.064 187 INFO rally.task.runner [-] Task ff86f3ea-2290-483a-a246-69553bf24441 | ITER: 86 END: OK
2020-05-21 15:50:26.076 169 INFO rally.task.runner [-] Task ff86f3ea-2290-483a-a246-69553bf24441 | ITER: 80 END: OK
2020-05-21 15:50:26.092 154 INFO rally.task.runner [-] Task ff86f3ea-2290-483a-a246-69553bf24441 | ITER: 81 END: OK
2020-05-21 15:50:26.264 181 INFO rally.task.runner [-] Task ff86f3ea-2290-483a-a246-69553bf24441 | ITER: 84 END: OK
2020-05-21 15:50:26.549 160 INFO rally.task.runner [-] Task ff86f3ea-2290-483a-a246-69553bf24441 | ITER: 88 END: OK
2020-05-21 15:50:26.676 147 INFO rally.task.runner [-] Task ff86f3ea-2290-483a-a246-69553bf24441 | ITER: 96 END: OK
2020-05-21 15:50:26.679 140 INFO rally.task.runner [-] Task ff86f3ea-2290-483a-a246-69553bf24441 | ITER: 100 END: OK
2020-05-21 15:50:26.955 144 INFO rally.task.runner [-] Task ff86f3ea-2290-483a-a246-69553bf24441 | ITER: 99 END: OK
2020-05-21 15:50:27.014 139 INFO rally.task.runner [-] Task ff86f3ea-2290-483a-a246-69553bf24441 | ITER: 90 END: OK
2020-05-21 15:50:27.101 180 INFO rally.task.runner [-] Task ff86f3ea-2290-483a-a246-69553bf24441 | ITER: 97 END: OK
2020-05-21 15:50:27.358 166 INFO rally.task.runner [-] Task ff86f3ea-2290-483a-a246-69553bf24441 | ITER: 95 END: OK
2020-05-21 15:50:27.441 141 INFO rally.task.runner [-] Task ff86f3ea-2290-483a-a246-69553bf24441 | ITER: 91 END: OK
2020-05-21 15:50:27.620 142 INFO rally.task.runner [-] Task ff86f3ea-2290-483a-a246-69553bf24441 | ITER: 92 END: OK
2020-05-21 15:50:27.944 151 INFO rally.task.runner [-] Task ff86f3ea-2290-483a-a246-69553bf24441 | ITER: 94 END: OK
2020-05-21 15:50:28.618 172 INFO rally.task.runner [-] Task ff86f3ea-2290-483a-a246-69553bf24441 | ITER: 98 END: OK
2020-05-21 15:50:28.637 15 INFO rally.task.context [-] Task ff86f3ea-2290-483a-a246-69553bf24441 | Context cleanup@openstack cleanup() started
2020-05-21 15:50:28.646 15 RALLYDEBUG rally_openstack.cleanup.manager [-] Cleaning up neutron vip objects
2020-05-21 15:50:28.856 15 RALLYDEBUG rally_openstack.cleanup.manager [-] Cleaning up neutron health_monitor objects
2020-05-21 15:50:29.072 15 RALLYDEBUG rally_openstack.cleanup.manager [-] Cleaning up neutron pool objects
2020-05-21 15:50:29.296 15 RALLYDEBUG rally_openstack.cleanup.manager [-] Cleaning up neutron loadbalancer objects
2020-05-21 15:50:29.571 15 RALLYDEBUG rally_openstack.cleanup.manager [-] Cleaning up neutron floatingip objects
2020-05-21 15:50:29.785 15 RALLYDEBUG rally_openstack.cleanup.manager [-] Cleaning up neutron trunk objects
2020-05-21 15:50:29.975 15 DEBUG neutronclient.v2_0.client [-] Error message: {"NeutronError": {"message": "Invalid input for operation: 'tenant_id' is not supported for filtering.", "type": "InvalidInput", "detail": ""}} _handle_fault_response /usr/lib/python2.7/site-packages/neutronclient/v2_0/client.py:259
2020-05-21 15:50:30.009 15 DEBUG neutronclient.v2_0.client [-] Error message: {"NeutronError": {"message": "Invalid input for operation: 'tenant_id' is not supported for filtering.", "type": "InvalidInput", "detail": ""}} _handle_fault_response /usr/lib/python2.7/site-packages/neutronclient/v2_0/client.py:259
2020-05-21 15:50:30.038 15 DEBUG neutronclient.v2_0.client [-] Error message: {"NeutronError": {"message": "Invalid input for operation: 'tenant_id' is not supported for filtering.", "type": "InvalidInput", "detail": ""}} _handle_fault_response /usr/lib/python2.7/site-packages/neutronclient/v2_0/client.py:259
2020-05-21 15:50:30.038 15 ERROR rally_openstack.cleanup.manager [-] Seems like rally_openstack.cleanup.resources.NeutronTrunk.list(self) method is broken. It shouldn't raise any exceptions.: BadRequest: Invalid input for operation: 'tenant_id' is not supported for filtering. Neutron server returns request_ids: ['req-e4cf2bf2-fc2a-4e93-a86e-36a7c591daad']
2020-05-21 15:50:30.038 15 ERROR rally_openstack.cleanup.manager
Traceback (most recent call last):
2020-05-21 15:50:30.038 15 ERROR rally_openstack.cleanup.manager
File "/usr/lib/python2.7/site-packages/rally_openstack/cleanup/manager.py", line 133, in _publish
2020-05-21 15:50:30.038 15 ERROR rally_openstack.cleanup.manager for raw_resource in rutils.retry(3, manager.list):
2020-05-21 15:50:30.038 15 ERROR rally_openstack.cleanup.manager
File "/usr/lib/python2.7/site-packages/rally/common/utils.py", line 230, in retry
2020-05-21 15:50:30.038 15 ERROR rally_openstack.cleanup.manager return func(*args, **kwargs)
2020-05-21 15:50:30.038 15 ERROR rally_openstack.cleanup.manager
File "/usr/lib/python2.7/site-packages/rally_openstack/cleanup/resources.py", line 396, in list
2020-05-21 15:50:30.038 15 ERROR rally_openstack.cleanup.manager return super(NeutronTrunk, self).list()
2020-05-21 15:50:30.038 15 ERROR rally_openstack.cleanup.manager
File "/usr/lib/python2.7/site-packages/rally_openstack/cleanup/resources.py", line 273, in list
2020-05-21 15:50:30.038 15 ERROR rally_openstack.cleanup.manager result = list_method(tenant_id=self.tenant_uuid)[resources]
2020-05-21 15:50:30.038 15 ERROR rally_openstack.cleanup.manager
File "/usr/lib/python2.7/site-packages/neutronclient/v2_0/client.py", line 2105, in list_trunks
2020-05-21 15:50:30.038 15 ERROR rally_openstack.cleanup.manager **_params)
2020-05-21 15:50:30.038 15 ERROR rally_openstack.cleanup.manager
File "/usr/lib/python2.7/site-packages/neutronclient/v2_0/client.py", line 369, in list
2020-05-21 15:50:30.038 15 ERROR rally_openstack.cleanup.manager for r in self._pagination(collection, path, **params):
2020-05-21 15:50:30.038 15 ERROR rally_openstack.cleanup.manager
File "/usr/lib/python2.7/site-packages/neutronclient/v2_0/client.py", line 384, in _pagination
2020-05-21 15:50:30.038 15 ERROR rally_openstack.cleanup.manager res = self.get(path, params=params)
2020-05-21 15:50:30.038 15 ERROR rally_openstack.cleanup.manager
File "/usr/lib/python2.7/site-packages/neutronclient/v2_0/client.py", line 354, in get
2020-05-21 15:50:30.038 15 ERROR rally_openstack.cleanup.manager headers=headers, params=params)
2020-05-21 15:50:30.038 15 ERROR rally_openstack.cleanup.manager
File "/usr/lib/python2.7/site-packages/neutronclient/v2_0/client.py", line 331, in retry_request
2020-05-21 15:50:30.038 15 ERROR rally_openstack.cleanup.manager headers=headers, params=params)
2020-05-21 15:50:30.038 15 ERROR rally_openstack.cleanup.manager
File "/usr/lib/python2.7/site-packages/neutronclient/v2_0/client.py", line 294, in do_request
2020-05-21 15:50:30.038 15 ERROR rally_openstack.cleanup.manager self._handle_fault_response(status_code, replybody, resp)
2020-05-21 15:50:30.038 15 ERROR rally_openstack.cleanup.manager
File "/usr/lib/python2.7/site-packages/neutronclient/v2_0/client.py", line 269, in _handle_fault_response
2020-05-21 15:50:30.038 15 ERROR rally_openstack.cleanup.manager exception_handler_v20(status_code, error_body)
2020-05-21 15:50:30.038 15 ERROR rally_openstack.cleanup.manager
File "/usr/lib/python2.7/site-packages/neutronclient/v2_0/client.py", line 93, in exception_handler_v20
2020-05-21 15:50:30.038 15 ERROR rally_openstack.cleanup.manager request_ids=request_ids)
2020-05-21 15:50:30.038 15 ERROR rally_openstack.cleanup.manager BadRequest: Invalid input for operation: 'tenant_id' is not supported for filtering.
2020-05-21 15:50:30.038 15 ERROR rally_openstack.cleanup.manager Neutron server returns request_ids: ['req-e4cf2bf2-fc2a-4e93-a86e-36a7c591daad']
2020-05-21 15:50:30.038 15 ERROR rally_openstack.cleanup.manager
2020-05-21 15:50:30.050 15 RALLYDEBUG rally_openstack.cleanup.manager [-] Cleaning up neutron port objects
2020-05-21 15:50:30.293 15 RALLYDEBUG rally_openstack.cleanup.manager [-] Cleaning up neutron subnet objects
2020-05-21 15:50:30.540 15 RALLYDEBUG rally_openstack.cleanup.manager [-] Cleaning up neutron network objects
2020-05-21 15:50:31.166 15 RALLYDEBUG rally_openstack.cleanup.manager [-] Deleting neutron.network object s_rally_e2a4723c_oxkzh0cF (00de1290-c857-4f58-ae69-083825dcd514)
2020-05-21 15:50:31.166 15 RALLYDEBUG rally_openstack.cleanup.manager [-] Deleting neutron.network object s_rally_e2a4723c_bASOVHeE (037dbada-8c6d-4a00-9abe-049fd14cf3db)
2020-05-21 15:50:31.177 15 RALLYDEBUG rally_openstack.cleanup.manager [-] Deleting neutron.network object s_rally_e2a4723c_LFjUOYed (02d0138f-b5e2-4285-a258-9fdb37e01024)
2020-05-21 15:50:31.177 15 RALLYDEBUG rally_openstack.cleanup.manager [-] Deleting neutron.network object s_rally_e2a4723c_trgqYAIF (0a9f028f-a490-49b0-a21f-3734e513c2b2)
2020-05-21 15:50:31.188 15 RALLYDEBUG rally_openstack.cleanup.manager [-] Deleting neutron.network object s_rally_e2a4723c_Dv5LyXqy (0b2bde04-72eb-4215-8bbd-397660cfceca)
2020-05-21 15:50:31.192 15 RALLYDEBUG rally_openstack.cleanup.manager [-] Deleting neutron.network object s_rally_e2a4723c_QlvaMAOq (03acfc46-cab1-4833-bd9f-15fbaa21e013)
2020-05-21 15:50:31.194 15 RALLYDEBUG rally_openstack.cleanup.manager [-] Deleting neutron.network object s_rally_e2a4723c_DYwDjVkT (0012c45a-3244-407e-82b0-7dd9eded00b3)
2020-05-21 15:50:31.242 15 RALLYDEBUG rally_openstack.cleanup.manager [-] Deleting neutron.network object s_rally_e2a4723c_DPh5Ia8O (11a38a7b-4524-49b4-becf-b1b380ca4041)
2020-05-21 15:50:31.245 15 RALLYDEBUG rally_openstack.cleanup.manager [-] Deleting neutron.network object s_rally_e2a4723c_Ykw8Jb90 (1357c718-47b8-4ddf-9e88-9f5a9fbb19a4)
2020-05-21 15:50:31.270 15 RALLYDEBUG rally_openstack.cleanup.manager [-] Deleting neutron.network object s_rally_e2a4723c_7q6keq5s (138486c4-b987-45f9-b0e3-2aa8d7917b82)
2020-05-21 15:50:31.276 15 RALLYDEBUG rally_openstack.cleanup.manager [-] Deleting neutron.network object s_rally_e2a4723c_B21dRWpg (14755f35-42e7-4ff0-ac11-f0dd300318da)
2020-05-21 15:50:31.300 15 RALLYDEBUG rally_openstack.cleanup.manager [-] Deleting neutron.network object s_rally_e2a4723c_9hBNRDyV (19a87e24-31cd-4bb0-b8d7-ed1228eb9fe2)
2020-05-21 15:50:31.301 15 RALLYDEBUG rally_openstack.cleanup.manager [-] Deleting neutron.network object s_rally_e2a4723c_0rA98HMd (1744fada-d8fa-49d8-818b-9428306d96bc)
2020-05-21 15:50:31.303 15 RALLYDEBUG rally_openstack.cleanup.manager [-] Deleting neutron.network object s_rally_e2a4723c_dTrZkRyz (1a955130-40e7-4962-9d95-7dada9713f19)
2020-05-21 15:50:31.321 15 RALLYDEBUG rally_openstack.cleanup.manager [-] Deleting neutron.network object s_rally_e2a4723c_OmIMgMfe (1a7fffe6-4cec-405b-b13b-58150f59a8a4)
2020-05-21 15:50:31.322 15 RALLYDEBUG rally_openstack.cleanup.manager [-] Deleting neutron.network object s_rally_e2a4723c_AA23srKW (1d5c363b-553b-495d-b017-a6f72bc48a9e)
2020-05-21 15:50:31.333 15 RALLYDEBUG rally_openstack.cleanup.manager [-] Deleting neutron.network object s_rally_e2a4723c_pSqjFgMo (1c205f2f-437d-423a-8b7d-c8f8adaf49dd)
2020-05-21 15:50:31.342 15 RALLYDEBUG rally_openstack.cleanup.manager [-] Deleting neutron.network object s_rally_e2a4723c_QCP4JzPt (20003d4b-6114-4476-b3ac-b28ea5db010a)
2020-05-21 15:50:31.366 15 RALLYDEBUG rally_openstack.cleanup.manager [-] Deleting neutron.network object s_rally_e2a4723c_bCWECIdN (202b23da-8e12-4d7d-8887-3c987a9709b0)
2020-05-21 15:50:31.403 15 RALLYDEBUG rally_openstack.cleanup.manager [-] Deleting neutron.network object s_rally_e2a4723c_KkGQVDyE (20641f6a-c0b1-43de-9be2-c98e9844ad74)
2020-05-21 15:50:33.853 15 RALLYDEBUG rally_openstack.cleanup.manager [-] Deleting neutron.network object s_rally_e2a4723c_iJdtjvjH (2308f9c3-6fa9-4866-acd5-37ec1558f907)
2020-05-21 15:50:34.105 15 RALLYDEBUG rally_openstack.cleanup.manager [-] Deleting neutron.network object s_rally_e2a4723c_P5tS5p7P (27974197-eae8-442f-85f4-1332ebbb9cf8)
2020-05-21 15:50:34.211 15 RALLYDEBUG rally_openstack.cleanup.manager [-] Deleting neutron.network object s_rally_e2a4723c_V3X8Mmnw (29f10393-bd9a-4759-b47a-ef2d88167057)
2020-05-21 15:50:34.256 15 RALLYDEBUG rally_openstack.cleanup.manager [-] Deleting neutron.network object s_rally_e2a4723c_QAcXuKLv (2a9e88c9-c4ab-4a6c-9468-a64d4a06f77c)
2020-05-21 15:50:34.283 15 RALLYDEBUG rally_openstack.cleanup.manager [-] Deleting neutron.network object s_rally_e2a4723c_7kknlqZ0 (2aff3a1f-ee67-4e8e-b5ba-3b4d41af4b65)
2020-05-21 15:50:34.321 15 RALLYDEBUG rally_openstack.cleanup.manager [-] Deleting neutron.network object s_rally_e2a4723c_4Oelch3Z (2edd8f78-6c3d-42db-91e6-10fb3f7bb0ec)
2020-05-21 15:50:34.325 15 RALLYDEBUG rally_openstack.cleanup.manager [-] Deleting neutron.network object s_rally_e2a4723c_BxoevdKO (362c31d6-449b-40cf-8493-5c934a72881a)
2020-05-21 15:50:34.333 15 RALLYDEBUG rally_openstack.cleanup.manager [-] Deleting neutron.network object s_rally_e2a4723c_2IxGI2i3 (3afc5da4-6a38-4e62-b98b-ce1d36ce4013)
2020-05-21 15:50:34.384 15 RALLYDEBUG rally_openstack.cleanup.manager [-] Deleting neutron.network object s_rally_e2a4723c_dCVmn7Aq (3eb02352-2ba1-46f4-beb8-044c8ab180df)
2020-05-21 15:50:34.391 15 RALLYDEBUG rally_openstack.cleanup.manager [-] Deleting neutron.network object s_rally_e2a4723c_8Co5fYWv (43f87563-dfc7-4f83-82d1-8868f42db83c)
2020-05-21 15:50:34.410 15 RALLYDEBUG rally_openstack.cleanup.manager [-] Deleting neutron.network object s_rally_e2a4723c_UHoW9qnM (46f619cf-6b74-407b-b99a-76084329dc18)
2020-05-21 15:50:34.497 15 RALLYDEBUG rally_openstack.cleanup.manager [-] Deleting neutron.network object s_rally_e2a4723c_B1FvVCmi (49989910-afec-4b81-abe5-36695d50decb)
2020-05-21 15:50:34.516 15 RALLYDEBUG rally_openstack.cleanup.manager [-] Deleting neutron.network object s_rally_e2a4723c_pkHbTmov (49d90fc7-4ac9-4f13-9555-951e1f4d0fd8)
2020-05-21 15:50:34.521 15 RALLYDEBUG rally_openstack.cleanup.manager [-] Deleting neutron.network object s_rally_e2a4723c_wvpSdRYN (4ea63694-cf97-43c7-b6a2-5082af5c093b)
2020-05-21 15:50:34.689 15 RALLYDEBUG rally_openstack.cleanup.manager [-] Deleting neutron.network object s_rally_e2a4723c_hkO0WnaC (583eeb28-e71a-477c-89bb-7a2db3f290a7)
2020-05-21 15:50:34.712 15 RALLYDEBUG rally_openstack.cleanup.manager [-] Deleting neutron.network object s_rally_e2a4723c_qBFzUESt (5b0de741-2653-47fd-8f8c-b0f37ea1c704)
2020-05-21 15:50:35.426 15 RALLYDEBUG rally_openstack.cleanup.manager [-] Deleting neutron.network object s_rally_e2a4723c_8nZdtwte (62fddcc1-e787-4aea-bf1c-77fa56443d62)
2020-05-21 15:50:35.621 15 RALLYDEBUG rally_openstack.cleanup.manager [-] Deleting neutron.network object s_rally_e2a4723c_zbd1peoM (646c7b77-a7ba-4a36-9a4a-6320bfe7ec33)
2020-05-21 15:50:35.738 15 RALLYDEBUG rally_openstack.cleanup.manager [-] Deleting neutron.network object s_rally_e2a4723c_oun6ipON (6a015ba4-dd32-4295-81a2-c36d466a8a89)
2020-05-21 15:50:35.739 15 RALLYDEBUG rally_openstack.cleanup.manager [-] Deleting neutron.network object s_rally_e2a4723c_l2RC94BI (67007b9a-cc85-43d1-b1be-d38e24f39786)
2020-05-21 15:50:35.904 15 RALLYDEBUG rally_openstack.cleanup.manager [-] Deleting neutron.network object s_rally_e2a4723c_4t5gUlcs (6adf96dc-cbbd-4820-bee8-335f4a88e7c9)
2020-05-21 15:50:36.008 15 RALLYDEBUG rally_openstack.cleanup.manager [-] Deleting neutron.network object s_rally_e2a4723c_BYei5Y8N (6cbafe85-059b-4b4d-9eac-2082184e60b9)
2020-05-21 15:50:36.421 15 RALLYDEBUG rally_openstack.cleanup.manager [-] Deleting neutron.network object s_rally_e2a4723c_UTT5mwwS (6f46fbf4-99b3-4d3a-b770-f8f9ec67335e)
2020-05-21 15:50:36.469 15 RALLYDEBUG rally_openstack.cleanup.manager [-] Deleting neutron.network object s_rally_e2a4723c_mfEVJgSH (779d3207-db48-45f9-9848-aaa87e88ee9d)
2020-05-21 15:50:36.492 15 RALLYDEBUG rally_openstack.cleanup.manager [-] Deleting neutron.network object s_rally_e2a4723c_EqQ0uOAP (792ae9c6-2c24-403d-af3d-485618213119)
2020-05-21 15:50:36.640 15 RALLYDEBUG rally_openstack.cleanup.manager [-] Deleting neutron.network object s_rally_e2a4723c_uKCJcclj (7a206153-399d-4df9-adb2-ae2b54e61172)
2020-05-21 15:50:36.668 15 RALLYDEBUG rally_openstack.cleanup.manager [-] Deleting neutron.network object s_rally_e2a4723c_vEwLIKLn (7a437ff9-7217-45cb-954b-5160355ab24d)
2020-05-21 15:50:36.678 15 RALLYDEBUG rally_openstack.cleanup.manager [-] Deleting neutron.network object s_rally_e2a4723c_CwjjsjZy (7b779fea-132d-417d-a611-b7a8aff68a55)
2020-05-21 15:50:36.858 15 RALLYDEBUG rally_openstack.cleanup.manager [-] Deleting neutron.network object s_rally_e2a4723c_83rDn3ys (7cfde7ed-c4b4-4d08-bf9e-c6968ab7fc54)
2020-05-21 15:50:36.874 15 RALLYDEBUG rally_openstack.cleanup.manager [-] Deleting neutron.network object s_rally_e2a4723c_PgRiPFKV (80579541-ab6d-43a1-9aae-daba2a1fb2bb)
2020-05-21 15:50:36.957 15 RALLYDEBUG rally_openstack.cleanup.manager [-] Deleting neutron.network object s_rally_e2a4723c_5maw11wF (810b9155-26af-46aa-8c7f-25b2f2a971de)
2020-05-21 15:50:37.154 15 RALLYDEBUG rally_openstack.cleanup.manager [-] Deleting neutron.network object s_rally_e2a4723c_aVagoJ88 (82febfa1-05c4-43cb-9f28-0bc10a916781)
2020-05-21 15:50:37.215 15 RALLYDEBUG rally_openstack.cleanup.manager [-] Deleting neutron.network object s_rally_e2a4723c_fylTjRNF (83d28709-d7eb-4156-ae57-8e929221c20d)
