2020-05-21 16:05:58.114 15 RALLYDEBUG rally_openstack.cleanup.manager [-] Deleting neutron.network object s_rally_d763ce30_aD2y5bVW (1d6d66c2-5ba9-4390-a55f-7e0f8ea0d8c2)
2020-05-21 16:05:58.128 15 RALLYDEBUG rally_openstack.cleanup.manager [-] Deleting neutron.network object s_rally_d763ce30_2wqL1o2T (27749933-6ad2-4000-a109-4f2eefa20b58)
2020-05-21 16:05:58.145 15 RALLYDEBUG rally_openstack.cleanup.manager [-] Deleting neutron.network object s_rally_d763ce30_xsv0ztZl (3db8db40-18d6-4844-b641-2d5131542f93)
2020-05-21 16:05:58.153 15 RALLYDEBUG rally_openstack.cleanup.manager [-] Deleting neutron.network object s_rally_d763ce30_d9VcYkic (298f27c6-71db-4003-ac79-2cd5d090dba0)
2020-05-21 16:05:58.153 15 RALLYDEBUG rally_openstack.cleanup.manager [-] Deleting neutron.network object s_rally_d763ce30_V5J7RO3C (319594e9-2c94-43fc-aa6c-85f844dc330b)
2020-05-21 16:05:58.160 15 RALLYDEBUG rally_openstack.cleanup.manager [-] Deleting neutron.network object s_rally_d763ce30_xOTA6QY8 (318e3085-af12-46b7-9379-33208586d16f)
2020-05-21 16:05:58.171 15 RALLYDEBUG rally_openstack.cleanup.manager [-] Deleting neutron.network object s_rally_d763ce30_t6Ccqu8n (208ff4d6-3aae-449c-b15e-487386af3934)
2020-05-21 16:05:58.181 15 RALLYDEBUG rally_openstack.cleanup.manager [-] Deleting neutron.network object s_rally_d763ce30_sJsYeYUX (4a5e1634-d937-4a45-9fb4-3a58bc2d72a3)
2020-05-21 16:05:58.188 15 RALLYDEBUG rally_openstack.cleanup.manager [-] Deleting neutron.network object s_rally_d763ce30_nZrPOokX (4aebe267-deca-44e9-875e-544ac09905f3)
2020-05-21 16:05:58.208 15 RALLYDEBUG rally_openstack.cleanup.manager [-] Deleting neutron.network object s_rally_d763ce30_NZg7TrPF (55162f6b-8d85-4c4a-a2ac-8728069cdbd0)
2020-05-21 16:05:58.226 15 RALLYDEBUG rally_openstack.cleanup.manager [-] Deleting neutron.network object s_rally_d763ce30_iHdFGpoR (4ada6720-63a3-44c9-ac43-a36201cecab0)
2020-05-21 16:05:58.239 15 RALLYDEBUG rally_openstack.cleanup.manager [-] Deleting neutron.network object s_rally_d763ce30_cxToGZJv (51043807-f9ee-4d48-af21-11667ade9ed5)
2020-05-21 16:06:00.881 15 RALLYDEBUG rally_openstack.cleanup.manager [-] Deleting neutron.network object s_rally_d763ce30_HYmAVz9p (559ed0d7-4a75-47b1-8bb8-a72455c481b6)
2020-05-21 16:06:00.978 15 RALLYDEBUG rally_openstack.cleanup.manager [-] Deleting neutron.network object s_rally_d763ce30_7R2NmRXe (761c1f5b-8661-4fd2-a6c6-fa06aed2f5ba)
2020-05-21 16:06:01.018 15 RALLYDEBUG rally_openstack.cleanup.manager [-] Deleting neutron.network object s_rally_d763ce30_C81PSq95 (7fa8d976-7fa6-4874-898f-9f2f56834db6)
2020-05-21 16:06:01.733 15 RALLYDEBUG rally_openstack.cleanup.manager [-] Deleting neutron.network object s_rally_d763ce30_PV1YX2mh (8954f71c-38d9-41b4-ac40-f7a7cae0f232)
2020-05-21 16:06:01.741 15 RALLYDEBUG rally_openstack.cleanup.manager [-] Deleting neutron.network object s_rally_d763ce30_aKCpuGdz (8b0648bc-1e37-456b-b048-c9f0a89bc40c)
2020-05-21 16:06:01.770 15 RALLYDEBUG rally_openstack.cleanup.manager [-] Deleting neutron.network object s_rally_d763ce30_ZEcMSWvE (9204b4e5-503f-4b9c-9db6-4f96aa54fd99)
2020-05-21 16:06:02.012 15 RALLYDEBUG rally_openstack.cleanup.manager [-] Deleting neutron.network object s_rally_d763ce30_GataVjnN (94f81083-f802-4ec4-9d58-4ae3a46c7e2a)
2020-05-21 16:06:02.032 15 RALLYDEBUG rally_openstack.cleanup.manager [-] Deleting neutron.network object s_rally_d763ce30_RuijzQZ9 (957a9683-0dde-4ef6-bd33-700ef975ddc5)
2020-05-21 16:06:02.145 15 RALLYDEBUG rally_openstack.cleanup.manager [-] Deleting neutron.network object s_rally_d763ce30_KsC2Vj7d (99895b3a-5c7c-4612-8e40-ff5db2371701)
2020-05-21 16:06:02.608 15 RALLYDEBUG rally_openstack.cleanup.manager [-] Deleting neutron.network object s_rally_d763ce30_smiEyowh (99c92861-38ec-455c-b65b-769ccc382b06)
2020-05-21 16:06:02.626 15 RALLYDEBUG rally_openstack.cleanup.manager [-] Deleting neutron.network object s_rally_d763ce30_RcRSViTF (9beb9a73-0d5b-4b81-bc1f-e711c8c26a60)
2020-05-21 16:06:04.110 15 RALLYDEBUG rally_openstack.cleanup.manager [-] Deleting neutron.network object s_rally_d763ce30_iAa8EP9C (9e32def3-49dd-4333-8f0e-5ba818ddfc8b)
2020-05-21 16:06:04.133 15 RALLYDEBUG rally_openstack.cleanup.manager [-] Deleting neutron.network object s_rally_d763ce30_RxPrCO5H (a64977d3-65d0-435d-97c2-feb9e2da17d3)
2020-05-21 16:06:04.156 15 RALLYDEBUG rally_openstack.cleanup.manager [-] Deleting neutron.network object s_rally_d763ce30_mTyx5OlY (b9c77844-b352-4d91-b655-dc19d0cc34b9)
2020-05-21 16:06:04.313 15 RALLYDEBUG rally_openstack.cleanup.manager [-] Deleting neutron.network object s_rally_d763ce30_LmUCFkQB (c653214c-ea39-4e77-a4d5-bdb91f8f1cef)
2020-05-21 16:06:04.455 15 RALLYDEBUG rally_openstack.cleanup.manager [-] Deleting neutron.network object s_rally_d763ce30_p8UK5Xv0 (d8e34ef5-feb7-4c4b-8d8d-ea7353aa9bef)
2020-05-21 16:06:04.752 15 RALLYDEBUG rally_openstack.cleanup.manager [-] Deleting neutron.network object s_rally_d763ce30_vuogSkXL (dfd5c90e-194e-4807-aa66-8a9c2cf46253)
2020-05-21 16:06:04.790 15 RALLYDEBUG rally_openstack.cleanup.manager [-] Deleting neutron.network object s_rally_d763ce30_PCMx1d2v (e0736e6b-c4f2-446a-b4e5-c81e7e6b6907)
2020-05-21 16:06:04.873 15 RALLYDEBUG rally_openstack.cleanup.manager [-] Deleting neutron.network object s_rally_d763ce30_ntDGUc73 (f95b3c2f-784a-437d-b0de-f8400c3b96e2)
2020-05-21 16:06:04.880 15 RALLYDEBUG rally_openstack.cleanup.manager [-] Deleting neutron.network object s_rally_d763ce30_hP5u0DLZ (fcc3a194-157f-4942-a7bc-99a63987564f)
2020-05-21 16:06:08.951 15 RALLYDEBUG rally_openstack.cleanup.manager [-] Cleaning up neutron router objects
2020-05-21 16:06:09.481 15 RALLYDEBUG rally_openstack.cleanup.manager [-] Deleting neutron.router object s_rally_d763ce30_ALHD1OTY (0068b77a-eeb8-43f5-a9dc-03d7b5851b07)
2020-05-21 16:06:09.490 15 RALLYDEBUG rally_openstack.cleanup.manager [-] Deleting neutron.router object s_rally_d763ce30_VGUD26Dg (00d3ec1b-d90a-4d9e-b589-d758979df5e3)
2020-05-21 16:06:09.499 15 RALLYDEBUG rally_openstack.cleanup.manager [-] Deleting neutron.router object s_rally_d763ce30_hpyDYmwC (01ca0d61-ff84-4270-9cec-f9be040d082a)
2020-05-21 16:06:09.503 15 RALLYDEBUG rally_openstack.cleanup.manager [-] Deleting neutron.router object s_rally_d763ce30_NvHAFVHH (02c20797-fe53-4f64-821e-d62665566cc2)
2020-05-21 16:06:09.520 15 RALLYDEBUG rally_openstack.cleanup.manager [-] Deleting neutron.router object s_rally_d763ce30_aEiAJJRf (0a112fb1-1bc4-4bab-94bc-8be71ad8c411)
2020-05-21 16:06:09.523 15 RALLYDEBUG rally_openstack.cleanup.manager [-] Deleting neutron.router object s_rally_d763ce30_dQ5vSLgN (0a457a2e-37b6-43c9-bdea-918f725190c6)
2020-05-21 16:06:09.576 15 RALLYDEBUG rally_openstack.cleanup.manager [-] Deleting neutron.router object s_rally_d763ce30_IKb8H5me (0a58297a-8fb2-400c-aa0b-0b7c8b3ec740)
2020-05-21 16:06:09.591 15 RALLYDEBUG rally_openstack.cleanup.manager [-] Deleting neutron.router object s_rally_d763ce30_GFEgYELG (0e2fcfd0-eb62-4553-90fa-8cf604a4b5c7)
2020-05-21 16:06:09.600 15 RALLYDEBUG rally_openstack.cleanup.manager [-] Deleting neutron.router object s_rally_d763ce30_zC8Y43a9 (2f076dfc-9def-4940-b6f6-ced3ba5c1135)
2020-05-21 16:06:09.632 15 RALLYDEBUG rally_openstack.cleanup.manager [-] Deleting neutron.router object s_rally_d763ce30_OULMmSPN (0ce15b5d-e6fb-48f6-822b-f8491d36af94)
2020-05-21 16:06:09.646 15 RALLYDEBUG rally_openstack.cleanup.manager [-] Deleting neutron.router object s_rally_d763ce30_eaVIpuUg (0c115e35-b745-41d7-a8da-9f80f5ec0945)
2020-05-21 16:06:09.648 15 RALLYDEBUG rally_openstack.cleanup.manager [-] Deleting neutron.router object s_rally_d763ce30_6cmr0hwv (3060c77f-1169-4927-ab12-e2c71b517d72)
2020-05-21 16:06:09.653 15 RALLYDEBUG rally_openstack.cleanup.manager [-] Deleting neutron.router object s_rally_d763ce30_28fpJ2LJ (28d72b5a-2bdc-4203-8512-2878c7ccdd13)
2020-05-21 16:06:09.654 15 RALLYDEBUG rally_openstack.cleanup.manager [-] Deleting neutron.router object s_rally_d763ce30_S54KSFTV (2d262d99-8cc0-44ac-9b78-a1faf7faa1f4)
2020-05-21 16:06:09.662 15 RALLYDEBUG rally_openstack.cleanup.manager [-] Deleting neutron.router object s_rally_d763ce30_gpr3v3wI (30ae66ca-5416-4b95-8784-b8b488dc2252)
2020-05-21 16:06:09.664 15 RALLYDEBUG rally_openstack.cleanup.manager [-] Deleting neutron.router object s_rally_d763ce30_xscr3oZo (308ba942-2b25-418c-b7ea-85241bad82f7)
2020-05-21 16:06:09.693 15 RALLYDEBUG rally_openstack.cleanup.manager [-] Deleting neutron.router object s_rally_d763ce30_0HMUZwd1 (31f43312-80ec-435d-9c83-7536a3571a9c)
2020-05-21 16:06:09.697 15 RALLYDEBUG rally_openstack.cleanup.manager [-] Deleting neutron.router object s_rally_d763ce30_o5diLoku (372f3fcb-d9c3-46bb-8202-cf6dac0b6bd3)
2020-05-21 16:06:09.696 15 RALLYDEBUG rally_openstack.cleanup.manager [-] Deleting neutron.router object s_rally_d763ce30_Fy1YubVE (3762e55f-0597-4e33-98a1-62f0499fce67)
2020-05-21 16:06:09.733 15 RALLYDEBUG rally_openstack.cleanup.manager [-] Deleting neutron.router object s_rally_d763ce30_KBtfo4Co (35397c9a-c5cc-429b-bba1-767bc01c59ec)
2020-05-21 16:06:13.586 15 RALLYDEBUG rally_openstack.cleanup.manager [-] Deleting neutron.router object s_rally_d763ce30_d3lsqnx2 (3c05e1de-8442-4678-8bf5-e97f966e7a35)
2020-05-21 16:06:14.870 15 RALLYDEBUG rally_openstack.cleanup.manager [-] Deleting neutron.router object s_rally_d763ce30_fvs8WucJ (3d46fea8-5532-4492-a606-56ff395b4158)
2020-05-21 16:06:14.974 15 RALLYDEBUG rally_openstack.cleanup.manager [-] Deleting neutron.router object s_rally_d763ce30_iSqMm5c0 (3de1a3ae-f12c-4520-bf54-af0edf690fe4)
2020-05-21 16:06:15.123 15 RALLYDEBUG rally_openstack.cleanup.manager [-] Deleting neutron.router object s_rally_d763ce30_2SVU3WrA (470e4601-ee95-40cf-8e60-8d27d3f666b0)
2020-05-21 16:06:15.128 15 RALLYDEBUG rally_openstack.cleanup.manager [-] Deleting neutron.router object s_rally_d763ce30_9xdrkDoK (4843edd8-00a2-46a7-8b52-db4888a5f596)
2020-05-21 16:06:15.370 15 RALLYDEBUG rally_openstack.cleanup.manager [-] Deleting neutron.router object s_rally_d763ce30_jWP3xOQ8 (4df39b63-c860-41c3-9650-e0ff1e42e45c)
2020-05-21 16:06:15.384 15 RALLYDEBUG rally_openstack.cleanup.manager [-] Deleting neutron.router object s_rally_d763ce30_TKng0QQ7 (5078cb11-8b47-45d7-beb1-b304ab005c7f)
2020-05-21 16:06:15.389 15 RALLYDEBUG rally_openstack.cleanup.manager [-] Deleting neutron.router object s_rally_d763ce30_tTBWhSFx (52dbc835-dd4b-4536-977f-f54e3ed8c407)
2020-05-21 16:06:15.458 15 RALLYDEBUG rally_openstack.cleanup.manager [-] Deleting neutron.router object s_rally_d763ce30_k6Lm9dHn (5967aa2e-854f-478f-a952-f0251ffc43c6)
2020-05-21 16:06:17.271 15 RALLYDEBUG rally_openstack.cleanup.manager [-] Deleting neutron.router object s_rally_d763ce30_IhxEV9lD (5c14435a-2ed9-4422-a1b5-33cf062b75a0)
2020-05-21 16:06:17.539 15 RALLYDEBUG rally_openstack.cleanup.manager [-] Deleting neutron.router object s_rally_d763ce30_9sjqUYM1 (68e94e68-03f7-4a7c-92cd-c98944128581)
2020-05-21 16:06:17.546 15 RALLYDEBUG rally_openstack.cleanup.manager [-] Deleting neutron.router object s_rally_d763ce30_6qg0Ws40 (6ebddb39-2aec-4b75-8100-15b42963aa9e)
2020-05-21 16:06:17.582 15 RALLYDEBUG rally_openstack.cleanup.manager [-] Deleting neutron.router object s_rally_d763ce30_1WXNgHZm (71bb966a-fe3a-4f22-a834-f2b88fe40a4f)
2020-05-21 16:06:17.754 15 RALLYDEBUG rally_openstack.cleanup.manager [-] Deleting neutron.router object s_rally_d763ce30_SEbD4lIJ (7344fa83-2a8e-4472-ad91-5f233b6512a8)
2020-05-21 16:06:17.983 15 RALLYDEBUG rally_openstack.cleanup.manager [-] Deleting neutron.router object s_rally_d763ce30_bMtYlzh6 (735187c0-e83c-4de3-abda-1a62793fee63)
2020-05-21 16:06:18.083 15 RALLYDEBUG rally_openstack.cleanup.manager [-] Deleting neutron.router object s_rally_d763ce30_qzVqLEUj (739b692b-2efe-477c-ab0c-0060634b796d)
2020-05-21 16:06:19.015 15 RALLYDEBUG rally_openstack.cleanup.manager [-] Deleting neutron.router object s_rally_d763ce30_TYOxmWSw (7779cd1d-f217-47f5-9a34-c6ee91a3ac52)
2020-05-21 16:06:19.067 15 RALLYDEBUG rally_openstack.cleanup.manager [-] Deleting neutron.router object s_rally_d763ce30_logtTnvc (7803f73c-ec55-44f5-8b4c-62ab0b58f55a)
2020-05-21 16:06:19.072 15 RALLYDEBUG rally_openstack.cleanup.manager [-] Deleting neutron.router object s_rally_d763ce30_lFwdzGsu (79dcd351-1853-4198-bbcd-9dcad7d97701)
2020-05-21 16:06:19.227 15 RALLYDEBUG rally_openstack.cleanup.manager [-] Deleting neutron.router object s_rally_d763ce30_qbJHjR0s (834bfb2a-70f2-41ce-bed0-d7f2d167c497)
2020-05-21 16:06:19.474 15 RALLYDEBUG rally_openstack.cleanup.manager [-] Deleting neutron.router object s_rally_d763ce30_gPHCdilz (857244d7-f873-4457-962b-547ff287acd4)
2020-05-21 16:06:19.563 15 RALLYDEBUG rally_openstack.cleanup.manager [-] Deleting neutron.router object s_rally_d763ce30_SrxWB4x0 (87a69036-91f6-4fd8-8279-70b313ffe171)
2020-05-21 16:06:19.883 15 RALLYDEBUG rally_openstack.cleanup.manager [-] Deleting neutron.router object s_rally_d763ce30_3iWwgfyd (88be1d55-5e97-4e5c-b542-3d0248c2d410)
2020-05-21 16:06:19.888 15 RALLYDEBUG rally_openstack.cleanup.manager [-] Deleting neutron.router object s_rally_d763ce30_lK0z5WIT (8a61a0e8-196c-4d7d-884c-4c0fb727ff47)
2020-05-21 16:06:21.373 15 RALLYDEBUG rally_openstack.cleanup.manager [-] Deleting neutron.router object s_rally_d763ce30_QAWeFSrA (92f8a6cd-534e-498d-a1fc-02776876e1a8)
2020-05-21 16:06:21.449 15 RALLYDEBUG rally_openstack.cleanup.manager [-] Deleting neutron.router object s_rally_d763ce30_voQkEwPM (93a75c17-3332-45d4-8abd-11a43e34a8fd)
2020-05-21 16:06:21.739 15 RALLYDEBUG rally_openstack.cleanup.manager [-] Deleting neutron.router object s_rally_d763ce30_1xJjk4Kj (93b563af-5fe5-45e0-8b6e-f64c00a8d517)
2020-05-21 16:06:22.095 15 RALLYDEBUG rally_openstack.cleanup.manager [-] Deleting neutron.router object s_rally_d763ce30_Vb0Zy88W (97c850b7-129a-405e-86ba-812a8a3344f5)
2020-05-21 16:06:22.578 15 RALLYDEBUG rally_openstack.cleanup.manager [-] Deleting neutron.router object s_rally_d763ce30_pxEsDclc (993325c9-ec36-47c4-949b-9ece6c9dad09)
2020-05-21 16:06:22.853 15 RALLYDEBUG rally_openstack.cleanup.manager [-] Deleting neutron.router object s_rally_d763ce30_vzl9eJA3 (9a1a38ea-38b6-49d6-bf9f-6621da519a21)
2020-05-21 16:06:23.579 15 RALLYDEBUG rally_openstack.cleanup.manager [-] Deleting neutron.router object s_rally_d763ce30_C9jrRJmy (9d74d82d-a0eb-4290-a98e-8523410e32c9)
2020-05-21 16:06:24.557 15 RALLYDEBUG rally_openstack.cleanup.manager [-] Deleting neutron.router object s_rally_d763ce30_0KJFESRn (9d9ca97d-ded2-4668-8f75-4fcf18728aa3)
2020-05-21 16:06:24.621 15 RALLYDEBUG rally_openstack.cleanup.manager [-] Deleting neutron.router object s_rally_d763ce30_a3q7SLS8 (9f6d31bf-2f7b-4051-86dc-63965d120d90)
2020-05-21 16:06:24.729 15 RALLYDEBUG rally_openstack.cleanup.manager [-] Deleting neutron.router object s_rally_d763ce30_82TmHktE (a167e2ed-ffb1-424b-9d64-9ef50d705cbc)
2020-05-21 16:06:25.810 15 RALLYDEBUG rally_openstack.cleanup.manager [-] Deleting neutron.router object s_rally_d763ce30_7Tee0Y4x (a1b8e040-3b46-4a61-a5fa-de7ef0fe7cfc)
2020-05-21 16:06:26.100 15 RALLYDEBUG rally_openstack.cleanup.manager [-] Deleting neutron.router object s_rally_d763ce30_ZOeo9d20 (a44c54f8-6bb9-405a-987f-93f57510d34f)
2020-05-21 16:06:26.417 15 RALLYDEBUG rally_openstack.cleanup.manager [-] Deleting neutron.router object s_rally_d763ce30_KBkvNLQ6 (a51d1cd5-1d1f-4f04-8bb3-f0124d4f0fd8)
2020-05-21 16:06:26.761 15 RALLYDEBUG rally_openstack.cleanup.manager [-] Deleting neutron.router object s_rally_d763ce30_8dFf1XIQ (a57469b1-1492-4396-a1cb-46be65791641)
2020-05-21 16:06:26.898 15 RALLYDEBUG rally_openstack.cleanup.manager [-] Deleting neutron.router object s_rally_d763ce30_ikPY6Jvp (a5d2719a-2d33-4a7e-a13f-ebbbcc45355d)
2020-05-21 16:06:26.929 15 RALLYDEBUG rally_openstack.cleanup.manager [-] Deleting neutron.router object s_rally_d763ce30_LQsOTios (a67cf433-d53f-4b04-a06b-2d7155feac0b)
2020-05-21 16:06:27.010 15 RALLYDEBUG rally_openstack.cleanup.manager [-] Deleting neutron.router object s_rally_d763ce30_1W9xKULw (a7d40921-7bb1-4487-b1eb-b1c6636180cd)
2020-05-21 16:06:27.038 15 RALLYDEBUG rally_openstack.cleanup.manager [-] Deleting neutron.router object s_rally_d763ce30_T64j2DDr (abb9298c-0592-4da6-86b1-71566baa1a60)
2020-05-21 16:06:27.045 15 RALLYDEBUG rally_openstack.cleanup.manager [-] Deleting neutron.router object s_rally_d763ce30_fbZB4R4i (ad2b018b-14e3-453f-b5e5-942de1d88f85)
2020-05-21 16:06:27.194 15 RALLYDEBUG rally_openstack.cleanup.manager [-] Deleting neutron.router object s_rally_d763ce30_TrtwFxoX (ad88d108-b316-4279-941d-7dd30833bf4a)
2020-05-21 16:06:27.751 15 RALLYDEBUG rally_openstack.cleanup.manager [-] Deleting neutron.router object s_rally_d763ce30_VXp7UtLu (b13006fc-42ca-485b-a2e0-2541460f84d2)
2020-05-21 16:06:27.787 15 RALLYDEBUG rally_openstack.cleanup.manager [-] Deleting neutron.router object s_rally_d763ce30_omf34FSl (b623a9da-3f94-47e1-a035-07467b1c495f)
2020-05-21 16:06:28.015 15 RALLYDEBUG rally_openstack.cleanup.manager [-] Deleting neutron.router object s_rally_d763ce30_7XlssmeZ (c060eba0-f6ab-4407-af98-11d28d0a7e18)
2020-05-21 16:06:28.015 15 RALLYDEBUG rally_openstack.cleanup.manager [-] Deleting neutron.router object s_rally_d763ce30_IuSi1JR2 (bfb93d01-b7ca-4a70-8927-0441a731973b)
2020-05-21 16:06:28.080 15 RALLYDEBUG rally_openstack.cleanup.manager [-] Deleting neutron.router object s_rally_d763ce30_xfmBDmpl (d0010d9b-aee2-46b0-8cff-a41a683db46c)
2020-05-21 16:06:28.441 15 RALLYDEBUG rally_openstack.cleanup.manager [-] Deleting neutron.router object s_rally_d763ce30_7yrTlFTf (d3c1b52a-1611-452f-b757-38da869c5c54)
2020-05-21 16:06:28.750 15 RALLYDEBUG rally_openstack.cleanup.manager [-] Deleting neutron.router object s_rally_d763ce30_nPcTpvwn (d554ad1b-1f63-4c44-8c31-dea1f60bed95)
2020-05-21 16:06:28.791 15 RALLYDEBUG rally_openstack.cleanup.manager [-] Deleting neutron.router object s_rally_d763ce30_QSu30hDE (d64bea25-b4a5-4c4f-8f76-dc7445802ac5)
2020-05-21 16:06:29.559 15 RALLYDEBUG rally_openstack.cleanup.manager [-] Deleting neutron.router object s_rally_d763ce30_Q55k1cb8 (dd20735f-edab-4494-83f7-fe44ddf9a02e)
2020-05-21 16:06:30.540 15 RALLYDEBUG rally_openstack.cleanup.manager [-] Deleting neutron.router object s_rally_d763ce30_hqEAtNS7 (ddceb515-f4ca-4f74-9182-ac26f6870df1)
2020-05-21 16:06:30.847 15 RALLYDEBUG rally_openstack.cleanup.manager [-] Deleting neutron.router object s_rally_d763ce30_iat0Ozdw (e28989cd-1be2-47e9-8e23-9665b1c1d1d2)
2020-05-21 16:06:31.223 15 RALLYDEBUG rally_openstack.cleanup.manager [-] Deleting neutron.router object s_rally_d763ce30_pQt21vnO (e6d2f13a-cb7f-4d0a-a931-aef7eab0c6bd)
2020-05-21 16:06:31.383 15 RALLYDEBUG rally_openstack.cleanup.manager [-] Deleting neutron.router object s_rally_d763ce30_kqxaFhyn (e79e13bb-cb88-47c6-bfa9-a38b0d8f6b0a)
2020-05-21 16:06:31.632 15 RALLYDEBUG rally_openstack.cleanup.manager [-] Deleting neutron.router object s_rally_d763ce30_DZO6RJdz (e9828c42-b3fa-416a-bbe5-f1ec6334d4cc)
2020-05-21 16:06:31.753 15 RALLYDEBUG rally_openstack.cleanup.manager [-] Deleting neutron.router object s_rally_d763ce30_OcX6qp2i (eaaa5a6a-b09c-41ff-8f0b-b1293f532dc1)
2020-05-21 16:06:32.028 15 RALLYDEBUG rally_openstack.cleanup.manager [-] Deleting neutron.router object s_rally_d763ce30_tigqua9C (fd786c4e-5fa2-4bf4-babd-e891b8717ab9)
2020-05-21 16:06:45.653 15 RALLYDEBUG rally_openstack.cleanup.manager [-] Cleaning up neutron security_group objects
2020-05-21 16:06:45.918 15 INFO rally.task.context [-] Task ff86f3ea-2290-483a-a246-69553bf24441 | Context cleanup@openstack cleanup() finished in 1.56 min
2020-05-21 16:06:45.918 15 INFO rally.task.context [-] Task ff86f3ea-2290-483a-a246-69553bf24441 | Context quotas@openstack cleanup() started
2020-05-21 16:06:45.967 15 INFO rally.task.context [-] Task ff86f3ea-2290-483a-a246-69553bf24441 | Context quotas@openstack cleanup() finished in 48.58 msec
2020-05-21 16:06:45.967 15 INFO rally.task.context [-] Task ff86f3ea-2290-483a-a246-69553bf24441 | Context users@openstack cleanup() started
2020-05-21 16:06:47.352 15 INFO rally.task.context [-] Task ff86f3ea-2290-483a-a246-69553bf24441 | Context users@openstack cleanup() finished in 1.38 sec
2020-05-21 16:06:47.772 15 INFO rally.task.engine [-] Load duration is: 89.80406
2020-05-21 16:06:47.772 15 INFO rally.task.engine [-] Full runner duration is: 89.853761
2020-05-21 16:06:47.772 15 INFO rally.task.engine [-] Full duration is: 206.576391
2020-05-21 16:06:47.866 15 INFO rally.task.engine [-] Running workload: position = 2 config = { "version": 2, "title": "A cropped version of a bigger task.", "description": "Auto-generated task from a single workload (uuid=5b63b78a-da9a-4f94-9b6e-2a354a5778c9)", "subtasks": [ { "title": "NeutronNetworks.create_and_delete_routers", "description": "Create and delete a given number of routers.", "scenario": { "NeutronNetworks.create_and_delete_routers": { "network_create_args": {}, "subnet_create_args": {}, "subnet_cidr_start": "1.1.0.0/30", "subnets_per_network": 2, "router_create_args": {} } }, "contexts": { "users": { "tenants": 1, "users_per_tenant": 1 }, "quotas": { "neutron": { "network": -1, "subnet": -1, "router": -1 } } }, "runner": { "constant": { "times": 40, "concurrency": 20 } }, "hooks": [], "sla": { "failure_rate": { "max": 0 } } } ] }
2020-05-21 16:06:47.891 15 RALLYDEBUG rally_openstack.contexts.keystone.users [-] Creating 1 tenants using 20 threads
2020-05-21 16:06:48.259 15 RALLYDEBUG rally_openstack.contexts.keystone.users [-] Creating 1 users using 20 threads
2020-05-21 16:06:48.726 15 INFO rally.task.context [-] Task ff86f3ea-2290-483a-a246-69553bf24441 | Context users@openstack setup() finished in 0.83 sec
2020-05-21 16:06:49.078 15 INFO rally.task.context [-] Task ff86f3ea-2290-483a-a246-69553bf24441 | Context quotas@openstack setup() finished in 0.35 sec
2020-05-21 16:06:49.079 15 INFO rally.task.context [-] Task ff86f3ea-2290-483a-a246-69553bf24441 | Context cleanup@openstack setup() finished in 0.01 msec
2020-05-21 16:06:49.089 15 RALLYDEBUG rally.task.runner [-] Starting the constant runner (task UUID: ff86f3ea-2290-483a-a246-69553bf24441). timeout: 0 concurrency: 20 concurrency_per_worker: 1 times: 40 concurrency_overhead: 0 processes_to_start: 20 max_cpu_used: 88
2020-05-21 16:06:49.101 3475 RALLYDEBUG rally.task.runner [-] Starting a worker. concurrency: 1 args: {"network_create_args": {}, "subnet_create_args": {}, "subnet_cidr_start": "1.1.0.0/30", "subnets_per_network": 2, "router_create_args": {}} times: 40 method_name: run timeout: 0 duration: None cls:
2020-05-21 16:06:49.104 3476 RALLYDEBUG rally.task.runner [-] Starting a worker. concurrency: 1 args: {"network_create_args": {}, "subnet_create_args": {}, "subnet_cidr_start": "1.1.0.0/30", "subnets_per_network": 2, "router_create_args": {}} times: 40 method_name: run timeout: 0 duration: None cls:
2020-05-21 16:06:49.106 3477 RALLYDEBUG rally.task.runner [-] Starting a worker. concurrency: 1 args: {"network_create_args": {}, "subnet_create_args": {}, "subnet_cidr_start": "1.1.0.0/30", "subnets_per_network": 2, "router_create_args": {}} times: 40 method_name: run timeout: 0 duration: None cls:
2020-05-21 16:06:49.108 3475 INFO rally.task.runner [-] Task ff86f3ea-2290-483a-a246-69553bf24441 | ITER: 1 START
2020-05-21 16:06:49.108 3478 RALLYDEBUG rally.task.runner [-] Starting a worker. concurrency: 1 args: {"network_create_args": {}, "subnet_create_args": {}, "subnet_cidr_start": "1.1.0.0/30", "subnets_per_network": 2, "router_create_args": {}} times: 40 method_name: run timeout: 0 duration: None cls:
2020-05-21 16:06:49.111 3476 INFO rally.task.runner [-] Task ff86f3ea-2290-483a-a246-69553bf24441 | ITER: 2 START
2020-05-21 16:06:49.111 3479 RALLYDEBUG rally.task.runner [-] Starting a worker. concurrency: 1 args: {"network_create_args": {}, "subnet_create_args": {}, "subnet_cidr_start": "1.1.0.0/30", "subnets_per_network": 2, "router_create_args": {}} times: 40 method_name: run timeout: 0 duration: None cls:
2020-05-21 16:06:49.113 3477 INFO rally.task.runner [-] Task ff86f3ea-2290-483a-a246-69553bf24441 | ITER: 3 START
2020-05-21 16:06:49.114 3482 RALLYDEBUG rally.task.runner [-] Starting a worker. concurrency: 1 args: {"network_create_args": {}, "subnet_create_args": {}, "subnet_cidr_start": "1.1.0.0/30", "subnets_per_network": 2, "router_create_args": {}} times: 40 method_name: run timeout: 0 duration: None cls:
2020-05-21 16:06:49.115 3478 INFO rally.task.runner [-] Task ff86f3ea-2290-483a-a246-69553bf24441 | ITER: 4 START
2020-05-21 16:06:49.117 3485 RALLYDEBUG rally.task.runner [-] Starting a worker. concurrency: 1 args: {"network_create_args": {}, "subnet_create_args": {}, "subnet_cidr_start": "1.1.0.0/30", "subnets_per_network": 2, "router_create_args": {}} times: 40 method_name: run timeout: 0 duration: None cls:
2020-05-21 16:06:49.118 3479 INFO rally.task.runner [-] Task ff86f3ea-2290-483a-a246-69553bf24441 | ITER: 5 START
2020-05-21 16:06:49.120 3488 RALLYDEBUG rally.task.runner [-] Starting a worker. concurrency: 1 args: {"network_create_args": {}, "subnet_create_args": {}, "subnet_cidr_start": "1.1.0.0/30", "subnets_per_network": 2, "router_create_args": {}} times: 40 method_name: run timeout: 0 duration: None cls:
2020-05-21 16:06:49.121 3482 INFO rally.task.runner [-] Task ff86f3ea-2290-483a-a246-69553bf24441 | ITER: 6 START
2020-05-21 16:06:49.123 3491 RALLYDEBUG rally.task.runner [-] Starting a worker. concurrency: 1 args: {"network_create_args": {}, "subnet_create_args": {}, "subnet_cidr_start": "1.1.0.0/30", "subnets_per_network": 2, "router_create_args": {}} times: 40 method_name: run timeout: 0 duration: None cls:
2020-05-21 16:06:49.123 3485 INFO rally.task.runner [-] Task ff86f3ea-2290-483a-a246-69553bf24441 | ITER: 7 START
2020-05-21 16:06:49.127 3488 INFO rally.task.runner [-] Task ff86f3ea-2290-483a-a246-69553bf24441 | ITER: 8 START
2020-05-21 16:06:49.126 3494 RALLYDEBUG rally.task.runner [-] Starting a worker. concurrency: 1 args: {"network_create_args": {}, "subnet_create_args": {}, "subnet_cidr_start": "1.1.0.0/30", "subnets_per_network": 2, "router_create_args": {}} times: 40 method_name: run timeout: 0 duration: None cls:
2020-05-21 16:06:49.129 3491 INFO rally.task.runner [-] Task ff86f3ea-2290-483a-a246-69553bf24441 | ITER: 9 START
2020-05-21 16:06:49.129 3497 RALLYDEBUG rally.task.runner [-] Starting a worker. concurrency: 1 args: {"network_create_args": {}, "subnet_create_args": {}, "subnet_cidr_start": "1.1.0.0/30", "subnets_per_network": 2, "router_create_args": {}} times: 40 method_name: run timeout: 0 duration: None cls:
2020-05-21 16:06:49.132 3500 RALLYDEBUG rally.task.runner [-] Starting a worker. concurrency: 1 args: {"network_create_args": {}, "subnet_create_args": {}, "subnet_cidr_start": "1.1.0.0/30", "subnets_per_network": 2, "router_create_args": {}} times: 40 method_name: run timeout: 0 duration: None cls:
2020-05-21 16:06:49.133 3494 INFO rally.task.runner [-] Task ff86f3ea-2290-483a-a246-69553bf24441 | ITER: 10 START
2020-05-21 16:06:49.135 3504 RALLYDEBUG rally.task.runner [-] Starting a worker. concurrency: 1 args: {"network_create_args": {}, "subnet_create_args": {}, "subnet_cidr_start": "1.1.0.0/30", "subnets_per_network": 2, "router_create_args": {}} times: 40 method_name: run timeout: 0 duration: None cls:
2020-05-21 16:06:49.136 3497 INFO rally.task.runner [-] Task ff86f3ea-2290-483a-a246-69553bf24441 | ITER: 11 START
2020-05-21 16:06:49.138 3500 INFO rally.task.runner [-] Task ff86f3ea-2290-483a-a246-69553bf24441 | ITER: 12 START
2020-05-21 16:06:49.138 3506 RALLYDEBUG rally.task.runner [-] Starting a worker. concurrency: 1 args: {"network_create_args": {}, "subnet_create_args": {}, "subnet_cidr_start": "1.1.0.0/30", "subnets_per_network": 2, "router_create_args": {}} times: 40 method_name: run timeout: 0 duration: None cls:
2020-05-21 16:06:49.140 3509 RALLYDEBUG rally.task.runner [-] Starting a worker. concurrency: 1 args: {"network_create_args": {}, "subnet_create_args": {}, "subnet_cidr_start": "1.1.0.0/30", "subnets_per_network": 2, "router_create_args": {}} times: 40 method_name: run timeout: 0 duration: None cls:
2020-05-21 16:06:49.142 3504 INFO rally.task.runner [-] Task ff86f3ea-2290-483a-a246-69553bf24441 | ITER: 13 START
2020-05-21 16:06:49.142 3513 RALLYDEBUG rally.task.runner [-] Starting a worker. concurrency: 1 args: {"network_create_args": {}, "subnet_create_args": {}, "subnet_cidr_start": "1.1.0.0/30", "subnets_per_network": 2, "router_create_args": {}} times: 40 method_name: run timeout: 0 duration: None cls:
2020-05-21 16:06:49.144 3506 INFO rally.task.runner [-] Task ff86f3ea-2290-483a-a246-69553bf24441 | ITER: 14 START
2020-05-21 16:06:49.146 3509 INFO rally.task.runner [-] Task ff86f3ea-2290-483a-a246-69553bf24441 | ITER: 15 START
2020-05-21 16:06:49.146 3515 RALLYDEBUG rally.task.runner [-] Starting a worker. concurrency: 1 args: {"network_create_args": {}, "subnet_create_args": {}, "subnet_cidr_start": "1.1.0.0/30", "subnets_per_network": 2, "router_create_args": {}} times: 40 method_name: run timeout: 0 duration: None cls:
2020-05-21 16:06:49.147 3513 INFO rally.task.runner [-] Task ff86f3ea-2290-483a-a246-69553bf24441 | ITER: 16 START
2020-05-21 16:06:49.150 3519 RALLYDEBUG rally.task.runner [-] Starting a worker. concurrency: 1 args: {"network_create_args": {}, "subnet_create_args": {}, "subnet_cidr_start": "1.1.0.0/30", "subnets_per_network": 2, "router_create_args": {}} times: 40 method_name: run timeout: 0 duration: None cls:
2020-05-21 16:06:49.152 3515 INFO rally.task.runner [-] Task ff86f3ea-2290-483a-a246-69553bf24441 | ITER: 17 START
2020-05-21 16:06:49.152 3523 RALLYDEBUG rally.task.runner [-] Starting a worker. concurrency: 1 args: {"network_create_args": {}, "subnet_create_args": {}, "subnet_cidr_start": "1.1.0.0/30", "subnets_per_network": 2, "router_create_args": {}} times: 40 method_name: run timeout: 0 duration: None cls:
2020-05-21 16:06:49.154 3526 RALLYDEBUG rally.task.runner [-] Starting a worker. concurrency: 1 args: {"network_create_args": {}, "subnet_create_args": {}, "subnet_cidr_start": "1.1.0.0/30", "subnets_per_network": 2, "router_create_args": {}} times: 40 method_name: run timeout: 0 duration: None cls:
2020-05-21 16:06:49.156 3519 INFO rally.task.runner [-] Task ff86f3ea-2290-483a-a246-69553bf24441 | ITER: 18 START
2020-05-21 16:06:49.158 3523 INFO rally.task.runner [-] Task ff86f3ea-2290-483a-a246-69553bf24441 | ITER: 19 START
2020-05-21 16:06:49.160 3526 INFO rally.task.runner [-] Task ff86f3ea-2290-483a-a246-69553bf24441 | ITER: 20 START
2020-05-21 16:06:49.861 3491 RALLYDEBUG rally_openstack.wrappers.network [-] CIDR generated: 1.1.7.224/30
2020-05-21 16:06:49.896 3485 RALLYDEBUG rally_openstack.wrappers.network [-] CIDR generated: 1.1.7.228/30
2020-05-21 16:06:49.963 3526 RALLYDEBUG rally_openstack.wrappers.network [-] CIDR generated: 1.1.7.232/30
2020-05-21 16:06:50.097 3479 RALLYDEBUG rally_openstack.wrappers.network [-] CIDR generated: 1.1.7.236/30
2020-05-21 16:06:50.129 3497 RALLYDEBUG rally_openstack.wrappers.network [-] CIDR generated: 1.1.7.240/30
2020-05-21 16:06:50.150 3477 RALLYDEBUG rally_openstack.wrappers.network [-] CIDR generated: 1.1.7.244/30
2020-05-21 16:06:50.167 3504 RALLYDEBUG rally_openstack.wrappers.network [-] CIDR generated: 1.1.7.248/30
2020-05-21 16:06:50.182 3476 RALLYDEBUG rally_openstack.wrappers.network [-] CIDR generated: 1.1.7.252/30
2020-05-21 16:06:50.197 3475 RALLYDEBUG rally_openstack.wrappers.network [-] CIDR generated: 1.1.8.0/30
2020-05-21 16:06:50.213 3519 RALLYDEBUG rally_openstack.wrappers.network [-] CIDR generated: 1.1.8.4/30
2020-05-21 16:06:50.232 3488 RALLYDEBUG rally_openstack.wrappers.network [-] CIDR generated: 1.1.8.8/30
2020-05-21 16:06:50.376 3523 RALLYDEBUG rally_openstack.wrappers.network [-] CIDR generated: 1.1.8.12/30
2020-05-21 16:06:50.445 3509 RALLYDEBUG rally_openstack.wrappers.network [-] CIDR generated: 1.1.8.16/30
2020-05-21 16:06:50.492 3482 RALLYDEBUG rally_openstack.wrappers.network [-] CIDR generated: 1.1.8.20/30
2020-05-21 16:06:50.550 3494 RALLYDEBUG rally_openstack.wrappers.network [-] CIDR generated: 1.1.8.24/30
2020-05-21 16:06:50.745 3500 RALLYDEBUG rally_openstack.wrappers.network [-] CIDR generated: 1.1.8.28/30
2020-05-21 16:06:50.752 3478 RALLYDEBUG rally_openstack.wrappers.network [-] CIDR generated: 1.1.8.32/30
2020-05-21 16:06:50.761 3506 RALLYDEBUG rally_openstack.wrappers.network [-] CIDR generated: 1.1.8.36/30
2020-05-21 16:06:50.876 3476 RALLYDEBUG rally_openstack.wrappers.network [-] CIDR generated: 1.1.8.40/30
2020-05-21 16:06:51.308 3515 RALLYDEBUG rally_openstack.wrappers.network [-] CIDR generated: 1.1.8.44/30
2020-05-21 16:06:51.347 3519 RALLYDEBUG rally_openstack.wrappers.network [-] CIDR generated: 1.1.8.48/30
2020-05-21 16:06:51.427 3513 RALLYDEBUG rally_openstack.wrappers.network [-] CIDR generated: 1.1.8.52/30
2020-05-21 16:06:51.778 3485 RALLYDEBUG rally_openstack.wrappers.network [-] CIDR generated: 1.1.8.56/30
2020-05-21 16:06:51.800 3526 RALLYDEBUG rally_openstack.wrappers.network [-] CIDR generated: 1.1.8.60/30
2020-05-21 16:06:51.839 3482 RALLYDEBUG rally_openstack.wrappers.network [-] CIDR generated: 1.1.8.64/30
2020-05-21 16:06:51.852 3479 RALLYDEBUG rally_openstack.wrappers.network [-] CIDR generated: 1.1.8.68/30
2020-05-21 16:06:51.858 3497 RALLYDEBUG rally_openstack.wrappers.network [-] CIDR generated: 1.1.8.72/30
2020-05-21 16:06:51.948 3475 RALLYDEBUG rally_openstack.wrappers.network [-] CIDR generated: 1.1.8.76/30
2020-05-21 16:06:51.954 3494 RALLYDEBUG rally_openstack.wrappers.network [-] CIDR generated: 1.1.8.80/30
2020-05-21 16:06:51.960 3488 RALLYDEBUG rally_openstack.wrappers.network [-] CIDR generated: 1.1.8.84/30
2020-05-21 16:06:52.031 3478 RALLYDEBUG rally_openstack.wrappers.network [-] CIDR generated: 1.1.8.88/30
2020-05-21 16:06:52.058 3504 RALLYDEBUG rally_openstack.wrappers.network [-] CIDR generated: 1.1.8.92/30
2020-05-21 16:06:52.079 3523 RALLYDEBUG rally_openstack.wrappers.network [-] CIDR generated: 1.1.8.96/30
2020-05-21 16:06:52.360 3509 RALLYDEBUG rally_openstack.wrappers.network [-] CIDR generated: 1.1.8.100/30
2020-05-21 16:06:52.440 3491 RALLYDEBUG rally_openstack.wrappers.network [-] CIDR generated: 1.1.8.104/30
2020-05-21 16:06:52.472 3477 RALLYDEBUG rally_openstack.wrappers.network [-] CIDR generated: 1.1.8.108/30
2020-05-21 16:06:52.550 3515 RALLYDEBUG rally_openstack.wrappers.network [-] CIDR generated: 1.1.8.112/30
2020-05-21 16:06:52.800 3506 RALLYDEBUG rally_openstack.wrappers.network [-] CIDR generated: 1.1.8.116/30
2020-05-21 16:06:52.812 3500 RALLYDEBUG rally_openstack.wrappers.network [-] CIDR generated: 1.1.8.120/30
2020-05-21 16:06:53.052 3513 RALLYDEBUG rally_openstack.wrappers.network [-] CIDR generated: 1.1.8.124/30
2020-05-21 16:07:28.686 3475 INFO rally.task.runner [-] Task ff86f3ea-2290-483a-a246-69553bf24441 | ITER: 1 END: OK
2020-05-21 16:07:28.696 3475 INFO rally.task.runner [-] Task ff86f3ea-2290-483a-a246-69553bf24441 | ITER: 21 START
2020-05-21 16:07:31.587 3475 RALLYDEBUG rally_openstack.wrappers.network [-] CIDR generated: 1.1.8.128/30
2020-05-21 16:07:34.996 3476 INFO rally.task.runner [-] Task ff86f3ea-2290-483a-a246-69553bf24441 | ITER: 2 END: OK
2020-05-21 16:07:35.005 3476 INFO rally.task.runner [-] Task ff86f3ea-2290-483a-a246-69553bf24441 | ITER: 22 START
2020-05-21 16:07:35.201 3475 RALLYDEBUG rally_openstack.wrappers.network [-] CIDR generated: 1.1.8.132/30
2020-05-21 16:07:36.423 3476 RALLYDEBUG rally_openstack.wrappers.network [-] CIDR generated: 1.1.8.136/30
2020-05-21 16:07:37.895 3476 RALLYDEBUG rally_openstack.wrappers.network [-] CIDR generated: 1.1.8.140/30
2020-05-21 16:07:40.297 3497 INFO rally.task.runner [-] Task ff86f3ea-2290-483a-a246-69553bf24441 | ITER: 11 END: OK
2020-05-21 16:07:40.306 3497 INFO rally.task.runner [-] Task ff86f3ea-2290-483a-a246-69553bf24441 | ITER: 23 START
2020-05-21 16:07:40.342 3485 INFO rally.task.runner [-] Task ff86f3ea-2290-483a-a246-69553bf24441 | ITER: 7 END: OK
2020-05-21 16:07:40.348 3485 INFO rally.task.runner [-] Task ff86f3ea-2290-483a-a246-69553bf24441 | ITER: 24 START
2020-05-21 16:07:41.419 3485 RALLYDEBUG rally_openstack.wrappers.network [-] CIDR generated: 1.1.8.144/30
2020-05-21 16:07:42.110 3519 INFO rally.task.runner [-] Task ff86f3ea-2290-483a-a246-69553bf24441 | ITER: 18 END: OK
2020-05-21 16:07:42.118 3519 INFO rally.task.runner [-] Task ff86f3ea-2290-483a-a246-69553bf24441 | ITER: 25 START
2020-05-21 16:07:42.553 3497 RALLYDEBUG rally_openstack.wrappers.network [-] CIDR generated: 1.1.8.148/30
2020-05-21 16:07:42.605 3519 RALLYDEBUG rally_openstack.wrappers.network [-] CIDR generated: 1.1.8.152/30
2020-05-21 16:07:43.237 3519 RALLYDEBUG rally_openstack.wrappers.network [-] CIDR generated: 1.1.8.156/30
2020-05-21 16:07:43.309 3515 INFO rally.task.runner [-] Task ff86f3ea-2290-483a-a246-69553bf24441 | ITER: 17 END: OK
2020-05-21 16:07:43.315 3504 INFO rally.task.runner [-] Task ff86f3ea-2290-483a-a246-69553bf24441 | ITER: 13 END: OK
2020-05-21 16:07:43.317 3515 INFO rally.task.runner [-] Task ff86f3ea-2290-483a-a246-69553bf24441 | ITER: 26 START
2020-05-21 16:07:43.323 3504 INFO rally.task.runner [-] Task ff86f3ea-2290-483a-a246-69553bf24441 | ITER: 27 START
2020-05-21 16:07:43.816 3497 RALLYDEBUG rally_openstack.wrappers.network [-] CIDR generated: 1.1.8.160/30
2020-05-21 16:07:43.911 3515 RALLYDEBUG rally_openstack.wrappers.network [-] CIDR generated: 1.1.8.164/30
2020-05-21 16:07:44.332 3504 RALLYDEBUG rally_openstack.wrappers.network [-] CIDR generated: 1.1.8.168/30
2020-05-21 16:07:44.965 3504 RALLYDEBUG rally_openstack.wrappers.network [-] CIDR generated: 1.1.8.172/30
2020-05-21 16:07:45.528 3485 RALLYDEBUG rally_openstack.wrappers.network [-] CIDR generated: 1.1.8.176/30
2020-05-21 16:07:45.659 3515 RALLYDEBUG rally_openstack.wrappers.network [-] CIDR generated: 1.1.8.180/30
2020-05-21 16:07:46.604 3491 INFO rally.task.runner [-] Task ff86f3ea-2290-483a-a246-69553bf24441 | ITER: 9 END: OK
2020-05-21 16:07:46.610 3491 INFO rally.task.runner [-] Task ff86f3ea-2290-483a-a246-69553bf24441 | ITER: 28 START
2020-05-21 16:07:47.317 3491 RALLYDEBUG rally_openstack.wrappers.network [-] CIDR generated: 1.1.8.184/30
2020-05-21 16:07:48.027 3477 INFO rally.task.runner [-] Task ff86f3ea-2290-483a-a246-69553bf24441 | ITER: 3 END: OK
2020-05-21 16:07:48.035 3477 INFO rally.task.runner [-] Task ff86f3ea-2290-483a-a246-69553bf24441 | ITER: 29 START
2020-05-21 16:07:48.525 3477 RALLYDEBUG rally_openstack.wrappers.network [-] CIDR generated: 1.1.8.188/30
2020-05-21 16:07:49.351 3506 INFO rally.task.runner [-] Task ff86f3ea-2290-483a-a246-69553bf24441 | ITER: 14 END: OK
2020-05-21 16:07:49.358 3506 INFO rally.task.runner [-] Task ff86f3ea-2290-483a-a246-69553bf24441 | ITER: 30 START
2020-05-21 16:07:50.225 3491 RALLYDEBUG rally_openstack.wrappers.network [-] CIDR generated: 1.1.8.192/30
2020-05-21 16:07:50.522 3506 RALLYDEBUG rally_openstack.wrappers.network [-] CIDR generated: 1.1.8.196/30
2020-05-21 16:07:51.491 3477 RALLYDEBUG rally_openstack.wrappers.network [-] CIDR generated: 1.1.8.200/30
2020-05-21 16:07:51.569 3523 INFO rally.task.runner [-] Task ff86f3ea-2290-483a-a246-69553bf24441 | ITER: 19 END: OK
2020-05-21 16:07:51.575 3523 INFO rally.task.runner [-] Task ff86f3ea-2290-483a-a246-69553bf24441 | ITER: 31 START
2020-05-21 16:07:51.756 3506 RALLYDEBUG rally_openstack.wrappers.network [-] CIDR generated: 1.1.8.204/30
2020-05-21 16:07:52.215 3482 INFO rally.task.runner [-] Task ff86f3ea-2290-483a-a246-69553bf24441 | ITER: 6 END: OK
2020-05-21 16:07:52.223 3482 INFO rally.task.runner [-] Task ff86f3ea-2290-483a-a246-69553bf24441 | ITER: 32 START
2020-05-21 16:07:52.233 3526 INFO rally.task.runner [-] Task ff86f3ea-2290-483a-a246-69553bf24441 | ITER: 20 END: OK
2020-05-21 16:07:52.239 3526 INFO rally.task.runner [-] Task ff86f3ea-2290-483a-a246-69553bf24441 | ITER: 33 START
2020-05-21 16:07:52.932 3526 RALLYDEBUG rally_openstack.wrappers.network [-] CIDR generated: 1.1.8.208/30
2020-05-21 16:07:52.972 3523 RALLYDEBUG rally_openstack.wrappers.network [-] CIDR generated: 1.1.8.212/30
2020-05-21 16:07:53.565 3509 INFO rally.task.runner [-] Task ff86f3ea-2290-483a-a246-69553bf24441 | ITER: 15 END: OK
2020-05-21 16:07:53.572 3509 INFO rally.task.runner [-] Task ff86f3ea-2290-483a-a246-69553bf24441 | ITER: 34 START
2020-05-21 16:07:53.909 3482 RALLYDEBUG rally_openstack.wrappers.network [-] CIDR generated: 1.1.8.216/30
2020-05-21 16:07:54.029 3509 RALLYDEBUG rally_openstack.wrappers.network [-] CIDR generated: 1.1.8.220/30
2020-05-21 16:07:54.146 3526 RALLYDEBUG rally_openstack.wrappers.network [-] CIDR generated: 1.1.8.224/30
2020-05-21 16:07:54.301 3500 INFO rally.task.runner [-] Task ff86f3ea-2290-483a-a246-69553bf24441 | ITER: 12 END: OK
2020-05-21 16:07:54.308 3500 INFO rally.task.runner [-] Task ff86f3ea-2290-483a-a246-69553bf24441 | ITER: 35 START
2020-05-21 16:07:54.387 3513 INFO rally.task.runner [-] Task ff86f3ea-2290-483a-a246-69553bf24441 | ITER: 16 END: OK
2020-05-21 16:07:54.394 3513 INFO rally.task.runner [-] Task ff86f3ea-2290-483a-a246-69553bf24441 | ITER: 36 START
2020-05-21 16:07:54.631 3509 RALLYDEBUG rally_openstack.wrappers.network [-] CIDR generated: 1.1.8.228/30
2020-05-21 16:07:55.242 3500 RALLYDEBUG rally_openstack.wrappers.network [-] CIDR generated: 1.1.8.232/30
2020-05-21 16:07:55.716 3482 RALLYDEBUG rally_openstack.wrappers.network [-] CIDR generated: 1.1.8.236/30
2020-05-21 16:07:55.724 3513 RALLYDEBUG rally_openstack.wrappers.network [-] CIDR generated: 1.1.8.240/30
2020-05-21 16:07:56.425 3500 RALLYDEBUG rally_openstack.wrappers.network [-] CIDR generated: 1.1.8.244/30
2020-05-21 16:07:56.998 3478 INFO rally.task.runner [-] Task ff86f3ea-2290-483a-a246-69553bf24441 | ITER: 4 END: OK
2020-05-21 16:07:56.999 3523 RALLYDEBUG rally_openstack.wrappers.network [-] CIDR generated: 1.1.8.248/30
2020-05-21 16:07:57.005 3478 INFO rally.task.runner [-] Task ff86f3ea-2290-483a-a246-69553bf24441 | ITER: 37 START
2020-05-21 16:07:57.456 3478 RALLYDEBUG rally_openstack.wrappers.network [-] CIDR generated: 1.1.8.252/30
2020-05-21 16:07:58.108 3479 INFO rally.task.runner [-] Task ff86f3ea-2290-483a-a246-69553bf24441 | ITER: 5 END: OK
2020-05-21 16:07:58.115 3479 INFO rally.task.runner [-] Task ff86f3ea-2290-483a-a246-69553bf24441 | ITER: 38 START
2020-05-21 16:07:58.818 3478 RALLYDEBUG rally_openstack.wrappers.network [-] CIDR generated: 1.1.9.0/30
2020-05-21 16:07:58.950 3479 RALLYDEBUG rally_openstack.wrappers.network [-] CIDR generated: 1.1.9.4/30
2020-05-21 16:07:59.469 3513 RALLYDEBUG rally_openstack.wrappers.network [-] CIDR generated: 1.1.9.8/30
2020-05-21 16:08:00.434 3479 RALLYDEBUG rally_openstack.wrappers.network [-] CIDR generated: 1.1.9.12/30
2020-05-21 16:08:02.986 3494 INFO rally.task.runner [-] Task ff86f3ea-2290-483a-a246-69553bf24441 | ITER: 10 END: OK
2020-05-21 16:08:02.996 3494 INFO rally.task.runner [-] Task ff86f3ea-2290-483a-a246-69553bf24441 | ITER: 39 START
2020-05-21 16:08:04.257 3494 RALLYDEBUG rally_openstack.wrappers.network [-] CIDR generated: 1.1.9.16/30
2020-05-21 16:08:06.153 3494 RALLYDEBUG rally_openstack.wrappers.network [-] CIDR generated: 1.1.9.20/30
2020-05-21 16:08:09.821 3488 INFO rally.task.runner [-] Task ff86f3ea-2290-483a-a246-69553bf24441 | ITER: 8 END: OK
2020-05-21 16:08:09.828 3488 INFO rally.task.runner [-] Task ff86f3ea-2290-483a-a246-69553bf24441 | ITER: 40 START
2020-05-21 16:08:10.450 3488 RALLYDEBUG rally_openstack.wrappers.network [-] CIDR generated: 1.1.9.24/30
2020-05-21 16:08:11.740 3488 RALLYDEBUG rally_openstack.wrappers.network [-] CIDR generated: 1.1.9.28/30
2020-05-21 16:08:19.279 3476 INFO rally.task.runner [-] Task ff86f3ea-2290-483a-a246-69553bf24441 | ITER: 22 END: OK
2020-05-21 16:08:25.698 3475 INFO rally.task.runner [-] Task ff86f3ea-2290-483a-a246-69553bf24441 | ITER: 21 END: OK
2020-05-21 16:08:27.888 3504 INFO rally.task.runner [-] Task ff86f3ea-2290-483a-a246-69553bf24441 | ITER: 27 END: OK
2020-05-21 16:08:28.279 3515 INFO rally.task.runner [-] Task ff86f3ea-2290-483a-a246-69553bf24441 | ITER: 26 END: OK
2020-05-21 16:08:30.159 3482 INFO rally.task.runner [-] Task ff86f3ea-2290-483a-a246-69553bf24441 | ITER: 32 END: OK
2020-05-21 16:08:30.187 3497 INFO rally.task.runner [-] Task ff86f3ea-2290-483a-a246-69553bf24441 | ITER: 23 END: OK
2020-05-21 16:08:32.566 3523 INFO rally.task.runner [-] Task ff86f3ea-2290-483a-a246-69553bf24441 | ITER: 31 END: OK
2020-05-21 16:08:33.006 3485 INFO rally.task.runner [-] Task ff86f3ea-2290-483a-a246-69553bf24441 | ITER: 24 END: OK
2020-05-21 16:08:35.290 3509 INFO rally.task.runner [-] Task ff86f3ea-2290-483a-a246-69553bf24441 | ITER: 34 END: OK
2020-05-21 16:08:39.574 3513 INFO rally.task.runner [-] Task ff86f3ea-2290-483a-a246-69553bf24441 | ITER: 36 END: OK
2020-05-21 16:08:41.134 3477 INFO rally.task.runner [-] Task ff86f3ea-2290-483a-a246-69553bf24441 | ITER: 29 END: OK
2020-05-21 16:08:47.369 3479 INFO rally.task.runner [-] Task ff86f3ea-2290-483a-a246-69553bf24441 | ITER: 38 END: OK
2020-05-21 16:08:47.632 3526 INFO rally.task.runner [-] Task ff86f3ea-2290-483a-a246-69553bf24441 | ITER: 33 END: OK
2020-05-21 16:08:48.770 3494 INFO rally.task.runner [-] Task ff86f3ea-2290-483a-a246-69553bf24441 | ITER: 39 END: OK
2020-05-21 16:08:48.869 3506 INFO rally.task.runner [-] Task ff86f3ea-2290-483a-a246-69553bf24441 | ITER: 30 END: OK
2020-05-21 16:08:49.486 3488 INFO rally.task.runner [-] Task ff86f3ea-2290-483a-a246-69553bf24441 | ITER: 40 END: OK
2020-05-21 16:08:50.576 3491 INFO rally.task.runner [-] Task ff86f3ea-2290-483a-a246-69553bf24441 | ITER: 28 END: OK
2020-05-21 16:08:53.200 3478 INFO rally.task.runner [-] Task ff86f3ea-2290-483a-a246-69553bf24441 | ITER: 37 END: OK
2020-05-21 16:08:55.829 3519 INFO rally.task.runner [-] Task ff86f3ea-2290-483a-a246-69553bf24441 | ITER: 25 END: OK
2020-05-21 16:08:58.520 3500 INFO rally.task.runner [-] Task ff86f3ea-2290-483a-a246-69553bf24441 | ITER: 35 END: OK
2020-05-21 16:08:58.544 15 INFO rally.task.context [-] Task ff86f3ea-2290-483a-a246-69553bf24441 | Context cleanup@openstack cleanup() started
2020-05-21 16:08:58.547 15 RALLYDEBUG rally_openstack.cleanup.manager [-] Cleaning up neutron vip objects
2020-05-21 16:08:58.743 15 RALLYDEBUG rally_openstack.cleanup.manager [-] Cleaning up neutron health_monitor objects
2020-05-21 16:08:58.929 15 RALLYDEBUG rally_openstack.cleanup.manager [-] Cleaning up neutron pool objects
2020-05-21 16:08:59.118 15 RALLYDEBUG rally_openstack.cleanup.manager [-] Cleaning up neutron loadbalancer objects
2020-05-21 16:08:59.315 15 RALLYDEBUG rally_openstack.cleanup.manager [-] Cleaning up neutron floatingip objects
2020-05-21 16:08:59.516 15 RALLYDEBUG rally_openstack.cleanup.manager [-] Cleaning up neutron trunk objects
2020-05-21 16:08:59.720 15 DEBUG neutronclient.v2_0.client [-] Error message: {"NeutronError": {"message": "Invalid input for operation: 'tenant_id' is not supported for filtering.", "type": "InvalidInput", "detail": ""}} _handle_fault_response /usr/lib/python2.7/site-packages/neutronclient/v2_0/client.py:259
2020-05-21 16:08:59.748 15 DEBUG neutronclient.v2_0.client [-] Error message: {"NeutronError": {"message": "Invalid input for operation: 'tenant_id' is not supported for filtering.", "type": "InvalidInput", "detail": ""}} _handle_fault_response /usr/lib/python2.7/site-packages/neutronclient/v2_0/client.py:259
2020-05-21 16:08:59.781 15 DEBUG neutronclient.v2_0.client [-] Error message: {"NeutronError": {"message": "Invalid input for operation: 'tenant_id' is not supported for filtering.", "type": "InvalidInput", "detail": ""}} _handle_fault_response /usr/lib/python2.7/site-packages/neutronclient/v2_0/client.py:259
2020-05-21 16:08:59.782 15 ERROR rally_openstack.cleanup.manager [-] Seems like rally_openstack.cleanup.resources.NeutronTrunk.list(self) method is broken. It shouldn't raise any exceptions.: BadRequest: Invalid input for operation: 'tenant_id' is not supported for filtering. Neutron server returns request_ids: ['req-c70d4530-7ed4-4618-99fd-a2eca25c316e']
2020-05-21 16:08:59.782 15 ERROR rally_openstack.cleanup.manager
Traceback (most recent call last):
2020-05-21 16:08:59.782 15 ERROR rally_openstack.cleanup.manager
File "/usr/lib/python2.7/site-packages/rally_openstack/cleanup/manager.py", line 133, in _publish
2020-05-21 16:08:59.782 15 ERROR rally_openstack.cleanup.manager for raw_resource in rutils.retry(3, manager.list):
2020-05-21 16:08:59.782 15 ERROR rally_openstack.cleanup.manager
File "/usr/lib/python2.7/site-packages/rally/common/utils.py", line 230, in retry
2020-05-21 16:08:59.782 15 ERROR rally_openstack.cleanup.manager return func(*args, **kwargs)
2020-05-21 16:08:59.782 15 ERROR rally_openstack.cleanup.manager
File "/usr/lib/python2.7/site-packages/rally_openstack/cleanup/resources.py", line 396, in list
2020-05-21 16:08:59.782 15 ERROR rally_openstack.cleanup.manager return super(NeutronTrunk, self).list()
2020-05-21 16:08:59.782 15 ERROR rally_openstack.cleanup.manager
File "/usr/lib/python2.7/site-packages/rally_openstack/cleanup/resources.py", line 273, in list
2020-05-21 16:08:59.782 15 ERROR rally_openstack.cleanup.manager result = list_method(tenant_id=self.tenant_uuid)[resources]
2020-05-21 16:08:59.782 15 ERROR rally_openstack.cleanup.manager
File "/usr/lib/python2.7/site-packages/neutronclient/v2_0/client.py", line 2105, in list_trunks
2020-05-21 16:08:59.782 15 ERROR rally_openstack.cleanup.manager **_params)
2020-05-21 16:08:59.782 15 ERROR rally_openstack.cleanup.manager
File "/usr/lib/python2.7/site-packages/neutronclient/v2_0/client.py", line 369, in list
2020-05-21 16:08:59.782 15 ERROR rally_openstack.cleanup.manager for r in self._pagination(collection, path, **params):
2020-05-21 16:08:59.782 15 ERROR rally_openstack.cleanup.manager
File "/usr/lib/python2.7/site-packages/neutronclient/v2_0/client.py", line 384, in _pagination
2020-05-21 16:08:59.782 15 ERROR rally_openstack.cleanup.manager res = self.get(path, params=params)
2020-05-21 16:08:59.782 15 ERROR rally_openstack.cleanup.manager
