2020-05-21 15:59:26.484 2306 WARNING rally_openstack.scenarios.neutron.utils [-] Running this scenario without either the 'network' or 'existing_network' context is deprecated
2020-05-21 15:59:26.636 2313 RALLYDEBUG rally_openstack.wrappers.network [-] CIDR generated: 1.1.5.40/30
2020-05-21 15:59:26.811 2285 RALLYDEBUG rally_openstack.wrappers.network [-] CIDR generated: 1.1.5.44/30
2020-05-21 15:59:26.943 2288 INFO rally.task.runner [-] Task ff86f3ea-2290-483a-a246-69553bf24441 | ITER: 10 END: OK
2020-05-21 15:59:26.948 2288 INFO rally.task.runner [-] Task ff86f3ea-2290-483a-a246-69553bf24441 | ITER: 33 START
2020-05-21 15:59:26.948 2288 WARNING rally_openstack.scenarios.neutron.utils [-] Running this scenario without either the 'network' or 'existing_network' context is deprecated
2020-05-21 15:59:26.962 2300 INFO rally.task.runner [-] Task ff86f3ea-2290-483a-a246-69553bf24441 | ITER: 14 END: OK
2020-05-21 15:59:26.967 2300 INFO rally.task.runner [-] Task ff86f3ea-2290-483a-a246-69553bf24441 | ITER: 34 START
2020-05-21 15:59:26.968 2300 WARNING rally_openstack.scenarios.neutron.utils [-] Running this scenario without either the 'network' or 'existing_network' context is deprecated
2020-05-21 15:59:27.027 2272 RALLYDEBUG rally_openstack.wrappers.network [-] CIDR generated: 1.1.5.48/30
2020-05-21 15:59:27.083 2292 RALLYDEBUG rally_openstack.wrappers.network [-] CIDR generated: 1.1.5.52/30
2020-05-21 15:59:27.322 2309 INFO rally.task.runner [-] Task ff86f3ea-2290-483a-a246-69553bf24441 | ITER: 17 END: OK
2020-05-21 15:59:27.327 2309 INFO rally.task.runner [-] Task ff86f3ea-2290-483a-a246-69553bf24441 | ITER: 35 START
2020-05-21 15:59:27.327 2309 WARNING rally_openstack.scenarios.neutron.utils [-] Running this scenario without either the 'network' or 'existing_network' context is deprecated
2020-05-21 15:59:27.340 2320 RALLYDEBUG rally_openstack.wrappers.network [-] CIDR generated: 1.1.5.56/30
2020-05-21 15:59:27.464 2276 RALLYDEBUG rally_openstack.wrappers.network [-] CIDR generated: 1.1.5.60/30
2020-05-21 15:59:27.532 2300 RALLYDEBUG rally_openstack.wrappers.network [-] CIDR generated: 1.1.5.64/30
2020-05-21 15:59:27.565 2304 INFO rally.task.runner [-] Task ff86f3ea-2290-483a-a246-69553bf24441 | ITER: 16 END: OK
2020-05-21 15:59:27.570 2304 INFO rally.task.runner [-] Task ff86f3ea-2290-483a-a246-69553bf24441 | ITER: 36 START
2020-05-21 15:59:27.571 2304 WARNING rally_openstack.scenarios.neutron.utils [-] Running this scenario without either the 'network' or 'existing_network' context is deprecated
2020-05-21 15:59:28.014 2297 INFO rally.task.runner [-] Task ff86f3ea-2290-483a-a246-69553bf24441 | ITER: 13 END: OK
2020-05-21 15:59:28.019 2297 INFO rally.task.runner [-] Task ff86f3ea-2290-483a-a246-69553bf24441 | ITER: 37 START
2020-05-21 15:59:28.020 2297 WARNING rally_openstack.scenarios.neutron.utils [-] Running this scenario without either the 'network' or 'existing_network' context is deprecated
2020-05-21 15:59:28.027 2304 RALLYDEBUG rally_openstack.wrappers.network [-] CIDR generated: 1.1.5.68/30
2020-05-21 15:59:28.080 2306 RALLYDEBUG rally_openstack.wrappers.network [-] CIDR generated: 1.1.5.72/30
2020-05-21 15:59:28.083 2282 RALLYDEBUG rally_openstack.wrappers.network [-] CIDR generated: 1.1.5.76/30
2020-05-21 15:59:28.221 2313 RALLYDEBUG rally_openstack.wrappers.network [-] CIDR generated: 1.1.5.80/30
2020-05-21 15:59:28.343 2309 RALLYDEBUG rally_openstack.wrappers.network [-] CIDR generated: 1.1.5.84/30
2020-05-21 15:59:28.405 2292 RALLYDEBUG rally_openstack.wrappers.network [-] CIDR generated: 1.1.5.88/30
2020-05-21 15:59:28.496 2288 RALLYDEBUG rally_openstack.wrappers.network [-] CIDR generated: 1.1.5.92/30
2020-05-21 15:59:28.657 2273 INFO rally.task.runner [-] Task ff86f3ea-2290-483a-a246-69553bf24441 | ITER: 5 END: OK
2020-05-21 15:59:28.662 2273 INFO rally.task.runner [-] Task ff86f3ea-2290-483a-a246-69553bf24441 | ITER: 38 START
2020-05-21 15:59:28.662 2279 INFO rally.task.runner [-] Task ff86f3ea-2290-483a-a246-69553bf24441 | ITER: 22 END: OK
2020-05-21 15:59:28.663 2273 WARNING rally_openstack.scenarios.neutron.utils [-] Running this scenario without either the 'network' or 'existing_network' context is deprecated
2020-05-21 15:59:28.666 2279 INFO rally.task.runner [-] Task ff86f3ea-2290-483a-a246-69553bf24441 | ITER: 39 START
2020-05-21 15:59:28.667 2279 WARNING rally_openstack.scenarios.neutron.utils [-] Running this scenario without either the 'network' or 'existing_network' context is deprecated
2020-05-21 15:59:28.990 2295 INFO rally.task.runner [-] Task ff86f3ea-2290-483a-a246-69553bf24441 | ITER: 12 END: OK
2020-05-21 15:59:28.996 2295 INFO rally.task.runner [-] Task ff86f3ea-2290-483a-a246-69553bf24441 | ITER: 40 START
2020-05-21 15:59:28.996 2295 WARNING rally_openstack.scenarios.neutron.utils [-] Running this scenario without either the 'network' or 'existing_network' context is deprecated
2020-05-21 15:59:29.160 2304 RALLYDEBUG rally_openstack.wrappers.network [-] CIDR generated: 1.1.5.96/30
2020-05-21 15:59:29.222 2300 RALLYDEBUG rally_openstack.wrappers.network [-] CIDR generated: 1.1.5.100/30
2020-05-21 15:59:29.253 2297 RALLYDEBUG rally_openstack.wrappers.network [-] CIDR generated: 1.1.5.104/30
2020-05-21 15:59:29.433 2271 INFO rally.task.runner [-] Task ff86f3ea-2290-483a-a246-69553bf24441 | ITER: 21 END: OK
2020-05-21 15:59:29.524 2295 RALLYDEBUG rally_openstack.wrappers.network [-] CIDR generated: 1.1.5.108/30
2020-05-21 15:59:29.628 2288 RALLYDEBUG rally_openstack.wrappers.network [-] CIDR generated: 1.1.5.112/30
2020-05-21 15:59:29.662 2316 INFO rally.task.runner [-] Task ff86f3ea-2290-483a-a246-69553bf24441 | ITER: 19 END: OK
2020-05-21 15:59:29.677 2306 RALLYDEBUG rally_openstack.wrappers.network [-] CIDR generated: 1.1.5.116/30
2020-05-21 15:59:29.978 2273 RALLYDEBUG rally_openstack.wrappers.network [-] CIDR generated: 1.1.5.120/30
2020-05-21 15:59:30.054 2285 RALLYDEBUG rally_openstack.wrappers.network [-] CIDR generated: 1.1.5.124/30
2020-05-21 15:59:30.359 2295 RALLYDEBUG rally_openstack.wrappers.network [-] CIDR generated: 1.1.5.128/30
2020-05-21 15:59:30.452 2320 RALLYDEBUG rally_openstack.wrappers.network [-] CIDR generated: 1.1.5.132/30
2020-05-21 15:59:30.454 2279 RALLYDEBUG rally_openstack.wrappers.network [-] CIDR generated: 1.1.5.136/30
2020-05-21 15:59:30.470 2276 RALLYDEBUG rally_openstack.wrappers.network [-] CIDR generated: 1.1.5.140/30
2020-05-21 15:59:30.567 2269 INFO rally.task.runner [-] Task ff86f3ea-2290-483a-a246-69553bf24441 | ITER: 23 END: OK
2020-05-21 15:59:30.672 2270 INFO rally.task.runner [-] Task ff86f3ea-2290-483a-a246-69553bf24441 | ITER: 24 END: OK
2020-05-21 15:59:30.992 2309 RALLYDEBUG rally_openstack.wrappers.network [-] CIDR generated: 1.1.5.144/30
2020-05-21 15:59:31.223 2273 RALLYDEBUG rally_openstack.wrappers.network [-] CIDR generated: 1.1.5.148/30
2020-05-21 15:59:31.331 2297 RALLYDEBUG rally_openstack.wrappers.network [-] CIDR generated: 1.1.5.152/30
2020-05-21 15:59:31.989 2292 INFO rally.task.runner [-] Task ff86f3ea-2290-483a-a246-69553bf24441 | ITER: 31 END: OK
2020-05-21 15:59:32.310 2313 INFO rally.task.runner [-] Task ff86f3ea-2290-483a-a246-69553bf24441 | ITER: 26 END: OK
2020-05-21 15:59:32.316 2272 INFO rally.task.runner [-] Task ff86f3ea-2290-483a-a246-69553bf24441 | ITER: 25 END: OK
2020-05-21 15:59:32.481 2288 INFO rally.task.runner [-] Task ff86f3ea-2290-483a-a246-69553bf24441 | ITER: 33 END: OK
2020-05-21 15:59:33.013 2282 INFO rally.task.runner [-] Task ff86f3ea-2290-483a-a246-69553bf24441 | ITER: 28 END: OK
2020-05-21 15:59:33.202 2304 INFO rally.task.runner [-] Task ff86f3ea-2290-483a-a246-69553bf24441 | ITER: 36 END: OK
2020-05-21 15:59:33.398 2300 INFO rally.task.runner [-] Task ff86f3ea-2290-483a-a246-69553bf24441 | ITER: 34 END: OK
2020-05-21 15:59:33.530 2309 INFO rally.task.runner [-] Task ff86f3ea-2290-483a-a246-69553bf24441 | ITER: 35 END: OK
2020-05-21 15:59:33.574 2279 RALLYDEBUG rally_openstack.wrappers.network [-] CIDR generated: 1.1.5.156/30
2020-05-21 15:59:35.386 2285 INFO rally.task.runner [-] Task ff86f3ea-2290-483a-a246-69553bf24441 | ITER: 27 END: OK
2020-05-21 15:59:35.726 2295 INFO rally.task.runner [-] Task ff86f3ea-2290-483a-a246-69553bf24441 | ITER: 40 END: OK
2020-05-21 15:59:37.122 2306 INFO rally.task.runner [-] Task ff86f3ea-2290-483a-a246-69553bf24441 | ITER: 32 END: OK
2020-05-21 15:59:37.207 2273 INFO rally.task.runner [-] Task ff86f3ea-2290-483a-a246-69553bf24441 | ITER: 38 END: OK
2020-05-21 15:59:37.906 2279 INFO rally.task.runner [-] Task ff86f3ea-2290-483a-a246-69553bf24441 | ITER: 39 END: OK
2020-05-21 15:59:38.021 2276 INFO rally.task.runner [-] Task ff86f3ea-2290-483a-a246-69553bf24441 | ITER: 30 END: OK
2020-05-21 15:59:38.061 2320 INFO rally.task.runner [-] Task ff86f3ea-2290-483a-a246-69553bf24441 | ITER: 29 END: OK
2020-05-21 15:59:38.276 2297 INFO rally.task.runner [-] Task ff86f3ea-2290-483a-a246-69553bf24441 | ITER: 37 END: OK
2020-05-21 15:59:38.303 15 INFO rally.task.context [-] Task ff86f3ea-2290-483a-a246-69553bf24441 | Context cleanup@openstack cleanup() started
2020-05-21 15:59:38.306 15 RALLYDEBUG rally_openstack.cleanup.manager [-] Cleaning up neutron vip objects
2020-05-21 15:59:38.574 15 RALLYDEBUG rally_openstack.cleanup.manager [-] Cleaning up neutron health_monitor objects
2020-05-21 15:59:38.770 15 RALLYDEBUG rally_openstack.cleanup.manager [-] Cleaning up neutron pool objects
2020-05-21 15:59:38.973 15 RALLYDEBUG rally_openstack.cleanup.manager [-] Cleaning up neutron loadbalancer objects
2020-05-21 15:59:39.181 15 RALLYDEBUG rally_openstack.cleanup.manager [-] Cleaning up neutron floatingip objects
2020-05-21 15:59:39.396 15 RALLYDEBUG rally_openstack.cleanup.manager [-] Cleaning up neutron trunk objects
2020-05-21 15:59:39.590 15 DEBUG neutronclient.v2_0.client [-] Error message: {"NeutronError": {"message": "Invalid input for operation: 'tenant_id' is not supported for filtering.", "type": "InvalidInput", "detail": ""}} _handle_fault_response /usr/lib/python2.7/site-packages/neutronclient/v2_0/client.py:259
2020-05-21 15:59:39.621 15 DEBUG neutronclient.v2_0.client [-] Error message: {"NeutronError": {"message": "Invalid input for operation: 'tenant_id' is not supported for filtering.", "type": "InvalidInput", "detail": ""}} _handle_fault_response /usr/lib/python2.7/site-packages/neutronclient/v2_0/client.py:259
2020-05-21 15:59:39.655 15 DEBUG neutronclient.v2_0.client [-] Error message: {"NeutronError": {"message": "Invalid input for operation: 'tenant_id' is not supported for filtering.", "type": "InvalidInput", "detail": ""}} _handle_fault_response /usr/lib/python2.7/site-packages/neutronclient/v2_0/client.py:259
2020-05-21 15:59:39.656 15 ERROR rally_openstack.cleanup.manager [-] Seems like rally_openstack.cleanup.resources.NeutronTrunk.list(self) method is broken. It shouldn't raise any exceptions.: BadRequest: Invalid input for operation: 'tenant_id' is not supported for filtering. Neutron server returns request_ids: ['req-b067706a-8ddc-420f-bd79-8993ff0ad645']
2020-05-21 15:59:39.656 15 ERROR rally_openstack.cleanup.manager
Traceback (most recent call last):
2020-05-21 15:59:39.656 15 ERROR rally_openstack.cleanup.manager
File "/usr/lib/python2.7/site-packages/rally_openstack/cleanup/manager.py", line 133, in _publish
2020-05-21 15:59:39.656 15 ERROR rally_openstack.cleanup.manager for raw_resource in rutils.retry(3, manager.list):
2020-05-21 15:59:39.656 15 ERROR rally_openstack.cleanup.manager
File "/usr/lib/python2.7/site-packages/rally/common/utils.py", line 230, in retry
2020-05-21 15:59:39.656 15 ERROR rally_openstack.cleanup.manager return func(*args, **kwargs)
2020-05-21 15:59:39.656 15 ERROR rally_openstack.cleanup.manager
File "/usr/lib/python2.7/site-packages/rally_openstack/cleanup/resources.py", line 396, in list
2020-05-21 15:59:39.656 15 ERROR rally_openstack.cleanup.manager return super(NeutronTrunk, self).list()
2020-05-21 15:59:39.656 15 ERROR rally_openstack.cleanup.manager
File "/usr/lib/python2.7/site-packages/rally_openstack/cleanup/resources.py", line 273, in list
2020-05-21 15:59:39.656 15 ERROR rally_openstack.cleanup.manager result = list_method(tenant_id=self.tenant_uuid)[resources]
2020-05-21 15:59:39.656 15 ERROR rally_openstack.cleanup.manager
File "/usr/lib/python2.7/site-packages/neutronclient/v2_0/client.py", line 2105, in list_trunks
2020-05-21 15:59:39.656 15 ERROR rally_openstack.cleanup.manager **_params)
2020-05-21 15:59:39.656 15 ERROR rally_openstack.cleanup.manager
File "/usr/lib/python2.7/site-packages/neutronclient/v2_0/client.py", line 369, in list
2020-05-21 15:59:39.656 15 ERROR rally_openstack.cleanup.manager for r in self._pagination(collection, path, **params):
2020-05-21 15:59:39.656 15 ERROR rally_openstack.cleanup.manager
File "/usr/lib/python2.7/site-packages/neutronclient/v2_0/client.py", line 384, in _pagination
2020-05-21 15:59:39.656 15 ERROR rally_openstack.cleanup.manager res = self.get(path, params=params)
2020-05-21 15:59:39.656 15 ERROR rally_openstack.cleanup.manager
File "/usr/lib/python2.7/site-packages/neutronclient/v2_0/client.py", line 354, in get
2020-05-21 15:59:39.656 15 ERROR rally_openstack.cleanup.manager headers=headers, params=params)
2020-05-21 15:59:39.656 15 ERROR rally_openstack.cleanup.manager
File "/usr/lib/python2.7/site-packages/neutronclient/v2_0/client.py", line 331, in retry_request
2020-05-21 15:59:39.656 15 ERROR rally_openstack.cleanup.manager headers=headers, params=params)
2020-05-21 15:59:39.656 15 ERROR rally_openstack.cleanup.manager
File "/usr/lib/python2.7/site-packages/neutronclient/v2_0/client.py", line 294, in do_request
2020-05-21 15:59:39.656 15 ERROR rally_openstack.cleanup.manager self._handle_fault_response(status_code, replybody, resp)
2020-05-21 15:59:39.656 15 ERROR rally_openstack.cleanup.manager
File "/usr/lib/python2.7/site-packages/neutronclient/v2_0/client.py", line 269, in _handle_fault_response
2020-05-21 15:59:39.656 15 ERROR rally_openstack.cleanup.manager exception_handler_v20(status_code, error_body)
2020-05-21 15:59:39.656 15 ERROR rally_openstack.cleanup.manager
File "/usr/lib/python2.7/site-packages/neutronclient/v2_0/client.py", line 93, in exception_handler_v20
2020-05-21 15:59:39.656 15 ERROR rally_openstack.cleanup.manager request_ids=request_ids)
2020-05-21 15:59:39.656 15 ERROR rally_openstack.cleanup.manager BadRequest: Invalid input for operation: 'tenant_id' is not supported for filtering.
2020-05-21 15:59:39.656 15 ERROR rally_openstack.cleanup.manager Neutron server returns request_ids: ['req-b067706a-8ddc-420f-bd79-8993ff0ad645']
2020-05-21 15:59:39.656 15 ERROR rally_openstack.cleanup.manager
2020-05-21 15:59:39.665 15 RALLYDEBUG rally_openstack.cleanup.manager [-] Cleaning up neutron port objects
2020-05-21 15:59:39.895 15 RALLYDEBUG rally_openstack.cleanup.manager [-] Cleaning up neutron subnet objects
2020-05-21 15:59:40.145 15 RALLYDEBUG rally_openstack.cleanup.manager [-] Cleaning up neutron network objects
2020-05-21 15:59:40.635 15 RALLYDEBUG rally_openstack.cleanup.manager [-] Deleting neutron.network object s_rally_2353edbd_ShY08eVN (23fd6284-9008-43f8-b105-c78c566cbbc6)
2020-05-21 15:59:40.646 15 RALLYDEBUG rally_openstack.cleanup.manager [-] Deleting neutron.network object s_rally_2353edbd_jklA2YCr (0c3ceead-6bdf-4325-bd10-1f97c1e6a4d6)
2020-05-21 15:59:40.649 15 RALLYDEBUG rally_openstack.cleanup.manager [-] Deleting neutron.network object s_rally_2353edbd_KnMALHgr (0de7a4d3-650c-4b48-ac4e-c30ce2852593)
2020-05-21 15:59:40.655 15 RALLYDEBUG rally_openstack.cleanup.manager [-] Deleting neutron.network object s_rally_2353edbd_jVvtKyka (26ef04b9-3815-423d-9906-0738037f832e)
2020-05-21 15:59:40.670 15 RALLYDEBUG rally_openstack.cleanup.manager [-] Deleting neutron.network object s_rally_2353edbd_WSpraWpp (306746ce-5868-48d5-93c6-579ff3c9bd51)
2020-05-21 15:59:40.672 15 RALLYDEBUG rally_openstack.cleanup.manager [-] Deleting neutron.network object s_rally_2353edbd_XkxSQamB (2ff84f4a-a24d-449a-a536-ec3767c5d41e)
2020-05-21 15:59:40.674 15 RALLYDEBUG rally_openstack.cleanup.manager [-] Deleting neutron.network object s_rally_2353edbd_dK03xqWr (11a3f8e3-3ffc-433a-a353-31d2a1ed8961)
2020-05-21 15:59:40.702 15 RALLYDEBUG rally_openstack.cleanup.manager [-] Deleting neutron.network object s_rally_2353edbd_Y1B0Lwu2 (5a7ce837-8236-4d77-a5c4-62160580bc38)
2020-05-21 15:59:40.706 15 RALLYDEBUG rally_openstack.cleanup.manager [-] Deleting neutron.network object s_rally_2353edbd_kqLHTkyc (3bc3ae76-6b51-4c1e-957e-abbb6ac2b123)
2020-05-21 15:59:40.721 15 RALLYDEBUG rally_openstack.cleanup.manager [-] Deleting neutron.network object s_rally_2353edbd_LRlJ2uoK (5b82f132-b2b9-418c-b76e-ff88c5a507fe)
2020-05-21 15:59:40.724 15 RALLYDEBUG rally_openstack.cleanup.manager [-] Deleting neutron.network object s_rally_2353edbd_MuEhu1Ty (581f2a58-9116-4557-a66e-03378e16c342)
2020-05-21 15:59:40.731 15 RALLYDEBUG rally_openstack.cleanup.manager [-] Deleting neutron.network object s_rally_2353edbd_QO4ApAcf (6eaed8c8-54a5-49a0-9aaa-0d523a193e4e)
2020-05-21 15:59:40.735 15 RALLYDEBUG rally_openstack.cleanup.manager [-] Deleting neutron.network object s_rally_2353edbd_i0Dm76BF (7879fb9f-7fce-485f-83fa-0865cb46c0ba)
2020-05-21 15:59:40.746 15 RALLYDEBUG rally_openstack.cleanup.manager [-] Deleting neutron.network object s_rally_2353edbd_v4Z7PqN3 (7045c6d1-cca7-4077-9136-b2be5b64b443)
2020-05-21 15:59:40.752 15 RALLYDEBUG rally_openstack.cleanup.manager [-] Deleting neutron.network object s_rally_2353edbd_dDzDIKFe (7468c46e-90f1-4cb7-90cb-b618a07bc984)
2020-05-21 15:59:40.758 15 RALLYDEBUG rally_openstack.cleanup.manager [-] Deleting neutron.network object s_rally_2353edbd_F9PMLGYS (7e40247a-c780-4bd8-be4b-aeae5210729c)
2020-05-21 15:59:40.757 15 RALLYDEBUG rally_openstack.cleanup.manager [-] Deleting neutron.network object s_rally_2353edbd_GlbbBiqi (822c284f-3ae8-430f-89ff-393024dc0332)
2020-05-21 15:59:40.776 15 RALLYDEBUG rally_openstack.cleanup.manager [-] Deleting neutron.network object s_rally_2353edbd_IityiUOs (84979bef-30ba-4fe9-8d2f-5948bcb9130a)
2020-05-21 15:59:40.792 15 RALLYDEBUG rally_openstack.cleanup.manager [-] Deleting neutron.network object s_rally_2353edbd_ef39NSLg (872313e8-d63c-434e-bdf9-cafb1f300c49)
2020-05-21 15:59:40.788 15 RALLYDEBUG rally_openstack.cleanup.manager [-] Deleting neutron.network object s_rally_2353edbd_brLptGht (796c9825-f555-4b34-acac-32a7d5b0d8d7)
2020-05-21 15:59:43.561 15 RALLYDEBUG rally_openstack.cleanup.manager [-] Deleting neutron.network object s_rally_2353edbd_9xB27lxn (88e86032-0201-49c9-9373-5c98d9d77ea3)
2020-05-21 15:59:43.814 15 RALLYDEBUG rally_openstack.cleanup.manager [-] Deleting neutron.network object s_rally_2353edbd_e1U89V5o (8fe37b84-edd8-4a66-a203-9fb265bf0599)
2020-05-21 15:59:43.856 15 RALLYDEBUG rally_openstack.cleanup.manager [-] Deleting neutron.network object s_rally_2353edbd_PGRfo0h6 (91d93b0a-fab8-4f77-b286-3ae239bc35fd)
2020-05-21 15:59:44.325 15 RALLYDEBUG rally_openstack.cleanup.manager [-] Deleting neutron.network object s_rally_2353edbd_FAIQjk9g (9bd23fec-479e-4403-88d4-e912f354b05e)
2020-05-21 15:59:44.334 15 RALLYDEBUG rally_openstack.cleanup.manager [-] Deleting neutron.network object s_rally_2353edbd_KohAaVsP (a7532c0c-8f45-49a7-8b56-f59d62dbea1c)
2020-05-21 15:59:44.510 15 RALLYDEBUG rally_openstack.cleanup.manager [-] Deleting neutron.network object s_rally_2353edbd_SjXdHQ1Q (ac859b68-4336-4402-9950-b7030a4db077)
2020-05-21 15:59:44.681 15 RALLYDEBUG rally_openstack.cleanup.manager [-] Deleting neutron.network object s_rally_2353edbd_57pZstAu (b62f8f46-35be-4a1a-abfa-88c761ffd88c)
2020-05-21 15:59:44.755 15 RALLYDEBUG rally_openstack.cleanup.manager [-] Deleting neutron.network object s_rally_2353edbd_YeEkLgcG (c0278757-5d43-49fc-9ce7-ee128c27b9d9)
2020-05-21 15:59:44.815 15 RALLYDEBUG rally_openstack.cleanup.manager [-] Deleting neutron.network object s_rally_2353edbd_smalJt5S (c2c97396-d297-4481-8f71-ddc71bcd5b21)
2020-05-21 15:59:44.868 15 RALLYDEBUG rally_openstack.cleanup.manager [-] Deleting neutron.network object s_rally_2353edbd_9HMI2Zj4 (c6cf4a09-c551-4e5c-913c-fd1633203558)
2020-05-21 15:59:44.927 15 RALLYDEBUG rally_openstack.cleanup.manager [-] Deleting neutron.network object s_rally_2353edbd_VR4tWknF (c99034dc-b244-4a0e-a53d-9cbc146f7b5c)
2020-05-21 15:59:44.943 15 RALLYDEBUG rally_openstack.cleanup.manager [-] Deleting neutron.network object s_rally_2353edbd_Ld09crBy (d06aa419-3d65-42ed-aeba-d12b84415cda)
2020-05-21 15:59:45.278 15 RALLYDEBUG rally_openstack.cleanup.manager [-] Deleting neutron.network object s_rally_2353edbd_Zkdf2KWi (d5a67d94-fb6e-4c87-bc8f-a05b332217d1)
2020-05-21 15:59:45.536 15 RALLYDEBUG rally_openstack.cleanup.manager [-] Deleting neutron.network object s_rally_2353edbd_thuU9Ymu (de04d563-1198-44a3-8c53-2c6d4a0debb7)
2020-05-21 15:59:45.588 15 RALLYDEBUG rally_openstack.cleanup.manager [-] Deleting neutron.network object s_rally_2353edbd_qbBBOUGd (deb7eb9d-a0b9-4454-aca7-7236fd9d6a79)
2020-05-21 15:59:45.633 15 RALLYDEBUG rally_openstack.cleanup.manager [-] Deleting neutron.network object s_rally_2353edbd_KF6y5ylC (e6e89105-02ad-4689-ab1d-796abb22f228)
2020-05-21 15:59:45.771 15 RALLYDEBUG rally_openstack.cleanup.manager [-] Deleting neutron.network object s_rally_2353edbd_VLLsm22i (e843767c-1d45-4a8a-9146-d073040f40b4)
2020-05-21 15:59:46.095 15 RALLYDEBUG rally_openstack.cleanup.manager [-] Deleting neutron.network object s_rally_2353edbd_9sElja5Q (f584b761-8348-4ca9-bca7-a2c82ae810d1)
2020-05-21 15:59:46.375 15 RALLYDEBUG rally_openstack.cleanup.manager [-] Deleting neutron.network object s_rally_2353edbd_B2wRsHdP (f9a5fe4d-77db-4855-b35e-f81c430bad4b)
2020-05-21 15:59:46.406 15 RALLYDEBUG rally_openstack.cleanup.manager [-] Deleting neutron.network object s_rally_2353edbd_4kMLvvO2 (feaa5427-e46f-4c72-bcc0-35128bfca9cf)
2020-05-21 15:59:49.217 15 RALLYDEBUG rally_openstack.cleanup.manager [-] Cleaning up neutron router objects
2020-05-21 15:59:49.591 15 RALLYDEBUG rally_openstack.cleanup.manager [-] Cleaning up neutron security_group objects
2020-05-21 15:59:49.881 15 INFO rally.task.context [-] Task ff86f3ea-2290-483a-a246-69553bf24441 | Context cleanup@openstack cleanup() finished in 11.58 sec
2020-05-21 15:59:49.881 15 INFO rally.task.context [-] Task ff86f3ea-2290-483a-a246-69553bf24441 | Context quotas@openstack cleanup() started
2020-05-21 15:59:49.925 15 INFO rally.task.context [-] Task ff86f3ea-2290-483a-a246-69553bf24441 | Context quotas@openstack cleanup() finished in 43.97 msec
2020-05-21 15:59:49.926 15 INFO rally.task.context [-] Task ff86f3ea-2290-483a-a246-69553bf24441 | Context users@openstack cleanup() started
2020-05-21 15:59:51.495 15 INFO rally.task.context [-] Task ff86f3ea-2290-483a-a246-69553bf24441 | Context users@openstack cleanup() finished in 1.57 sec
2020-05-21 15:59:51.590 15 INFO rally.task.engine [-] Load duration is: 21.716184
2020-05-21 15:59:51.590 15 INFO rally.task.engine [-] Full runner duration is: 21.766091
2020-05-21 15:59:51.591 15 INFO rally.task.engine [-] Full duration is: 36.097105
2020-05-21 15:59:51.692 15 INFO rally.task.engine [-] Running workload: position = 0 config = { "version": 2, "title": "A cropped version of a bigger task.", "description": "Auto-generated task from a single workload (uuid=3dc691dc-e3c7-4213-85e9-e2a7191f4e7b)", "subtasks": [ { "title": "NeutronNetworks.create_and_list_routers", "description": "Create and a given number of routers and list all routers.", "scenario": { "NeutronNetworks.create_and_list_routers": { "network_create_args": null, "subnet_create_args": null, "subnet_cidr_start": "1.1.0.0/30", "subnets_per_network": 2, "router_create_args": null } }, "contexts": { "users": { "tenants": 1, "users_per_tenant": 1 }, "quotas": { "neutron": { "network": -1, "subnet": -1, "router": -1 } } }, "runner": { "constant": { "times": 40, "concurrency": 20 } }, "hooks": [], "sla": { "failure_rate": { "max": 0 } } } ] }
2020-05-21 15:59:51.705 15 RALLYDEBUG rally_openstack.contexts.keystone.users [-] Creating 1 tenants using 20 threads
2020-05-21 15:59:52.059 15 RALLYDEBUG rally_openstack.contexts.keystone.users [-] Creating 1 users using 20 threads
2020-05-21 15:59:52.512 15 INFO rally.task.context [-] Task ff86f3ea-2290-483a-a246-69553bf24441 | Context users@openstack setup() finished in 0.81 sec
2020-05-21 15:59:52.870 15 INFO rally.task.context [-] Task ff86f3ea-2290-483a-a246-69553bf24441 | Context quotas@openstack setup() finished in 0.36 sec
2020-05-21 15:59:52.871 15 INFO rally.task.context [-] Task ff86f3ea-2290-483a-a246-69553bf24441 | Context cleanup@openstack setup() finished in 0.01 msec
2020-05-21 15:59:52.880 15 RALLYDEBUG rally.task.runner [-] Starting the constant runner (task UUID: ff86f3ea-2290-483a-a246-69553bf24441). timeout: 0 concurrency: 20 concurrency_per_worker: 1 times: 40 concurrency_overhead: 0 processes_to_start: 20 max_cpu_used: 88
2020-05-21 15:59:52.892 2671 RALLYDEBUG rally.task.runner [-] Starting a worker. concurrency: 1 args: {"network_create_args": null, "subnet_create_args": null, "subnet_cidr_start": "1.1.0.0/30", "subnets_per_network": 2, "router_create_args": null} times: 40 method_name: run timeout: 0 duration: None cls:
2020-05-21 15:59:52.895 2672 RALLYDEBUG rally.task.runner [-] Starting a worker. concurrency: 1 args: {"network_create_args": null, "subnet_create_args": null, "subnet_cidr_start": "1.1.0.0/30", "subnets_per_network": 2, "router_create_args": null} times: 40 method_name: run timeout: 0 duration: None cls:
2020-05-21 15:59:52.897 2673 RALLYDEBUG rally.task.runner [-] Starting a worker. concurrency: 1 args: {"network_create_args": null, "subnet_create_args": null, "subnet_cidr_start": "1.1.0.0/30", "subnets_per_network": 2, "router_create_args": null} times: 40 method_name: run timeout: 0 duration: None cls:
2020-05-21 15:59:52.899 2671 INFO rally.task.runner [-] Task ff86f3ea-2290-483a-a246-69553bf24441 | ITER: 1 START
2020-05-21 15:59:52.900 2674 RALLYDEBUG rally.task.runner [-] Starting a worker. concurrency: 1 args: {"network_create_args": null, "subnet_create_args": null, "subnet_cidr_start": "1.1.0.0/30", "subnets_per_network": 2, "router_create_args": null} times: 40 method_name: run timeout: 0 duration: None cls:
2020-05-21 15:59:52.901 2672 INFO rally.task.runner [-] Task ff86f3ea-2290-483a-a246-69553bf24441 | ITER: 2 START
2020-05-21 15:59:52.904 2673 INFO rally.task.runner [-] Task ff86f3ea-2290-483a-a246-69553bf24441 | ITER: 3 START
2020-05-21 15:59:52.903 2675 RALLYDEBUG rally.task.runner [-] Starting a worker. concurrency: 1 args: {"network_create_args": null, "subnet_create_args": null, "subnet_cidr_start": "1.1.0.0/30", "subnets_per_network": 2, "router_create_args": null} times: 40 method_name: run timeout: 0 duration: None cls:
2020-05-21 15:59:52.906 2674 INFO rally.task.runner [-] Task ff86f3ea-2290-483a-a246-69553bf24441 | ITER: 4 START
2020-05-21 15:59:52.906 2678 RALLYDEBUG rally.task.runner [-] Starting a worker. concurrency: 1 args: {"network_create_args": null, "subnet_create_args": null, "subnet_cidr_start": "1.1.0.0/30", "subnets_per_network": 2, "router_create_args": null} times: 40 method_name: run timeout: 0 duration: None cls:
2020-05-21 15:59:52.909 2681 RALLYDEBUG rally.task.runner [-] Starting a worker. concurrency: 1 args: {"network_create_args": null, "subnet_create_args": null, "subnet_cidr_start": "1.1.0.0/30", "subnets_per_network": 2, "router_create_args": null} times: 40 method_name: run timeout: 0 duration: None cls:
2020-05-21 15:59:52.910 2675 INFO rally.task.runner [-] Task ff86f3ea-2290-483a-a246-69553bf24441 | ITER: 5 START
2020-05-21 15:59:52.912 2678 INFO rally.task.runner [-] Task ff86f3ea-2290-483a-a246-69553bf24441 | ITER: 6 START
2020-05-21 15:59:52.912 2684 RALLYDEBUG rally.task.runner [-] Starting a worker. concurrency: 1 args: {"network_create_args": null, "subnet_create_args": null, "subnet_cidr_start": "1.1.0.0/30", "subnets_per_network": 2, "router_create_args": null} times: 40 method_name: run timeout: 0 duration: None cls:
2020-05-21 15:59:52.915 2681 INFO rally.task.runner [-] Task ff86f3ea-2290-483a-a246-69553bf24441 | ITER: 7 START
2020-05-21 15:59:52.915 2687 RALLYDEBUG rally.task.runner [-] Starting a worker. concurrency: 1 args: {"network_create_args": null, "subnet_create_args": null, "subnet_cidr_start": "1.1.0.0/30", "subnets_per_network": 2, "router_create_args": null} times: 40 method_name: run timeout: 0 duration: None cls:
2020-05-21 15:59:52.917 2684 INFO rally.task.runner [-] Task ff86f3ea-2290-483a-a246-69553bf24441 | ITER: 8 START
2020-05-21 15:59:52.918 2691 RALLYDEBUG rally.task.runner [-] Starting a worker. concurrency: 1 args: {"network_create_args": null, "subnet_create_args": null, "subnet_cidr_start": "1.1.0.0/30", "subnets_per_network": 2, "router_create_args": null} times: 40 method_name: run timeout: 0 duration: None cls:
2020-05-21 15:59:52.921 2694 RALLYDEBUG rally.task.runner [-] Starting a worker. concurrency: 1 args: {"network_create_args": null, "subnet_create_args": null, "subnet_cidr_start": "1.1.0.0/30", "subnets_per_network": 2, "router_create_args": null} times: 40 method_name: run timeout: 0 duration: None cls:
2020-05-21 15:59:52.921 2687 INFO rally.task.runner [-] Task ff86f3ea-2290-483a-a246-69553bf24441 | ITER: 9 START
2020-05-21 15:59:52.924 2691 INFO rally.task.runner [-] Task ff86f3ea-2290-483a-a246-69553bf24441 | ITER: 10 START
2020-05-21 15:59:52.924 2698 RALLYDEBUG rally.task.runner [-] Starting a worker. concurrency: 1 args: {"network_create_args": null, "subnet_create_args": null, "subnet_cidr_start": "1.1.0.0/30", "subnets_per_network": 2, "router_create_args": null} times: 40 method_name: run timeout: 0 duration: None cls:
2020-05-21 15:59:52.927 2694 INFO rally.task.runner [-] Task ff86f3ea-2290-483a-a246-69553bf24441 | ITER: 11 START
2020-05-21 15:59:52.927 2699 RALLYDEBUG rally.task.runner [-] Starting a worker. concurrency: 1 args: {"network_create_args": null, "subnet_create_args": null, "subnet_cidr_start": "1.1.0.0/30", "subnets_per_network": 2, "router_create_args": null} times: 40 method_name: run timeout: 0 duration: None cls:
2020-05-21 15:59:52.930 2703 RALLYDEBUG rally.task.runner [-] Starting a worker. concurrency: 1 args: {"network_create_args": null, "subnet_create_args": null, "subnet_cidr_start": "1.1.0.0/30", "subnets_per_network": 2, "router_create_args": null} times: 40 method_name: run timeout: 0 duration: None cls:
2020-05-21 15:59:52.930 2698 INFO rally.task.runner [-] Task ff86f3ea-2290-483a-a246-69553bf24441 | ITER: 12 START
2020-05-21 15:59:52.933 2708 RALLYDEBUG rally.task.runner [-] Starting a worker. concurrency: 1 args: {"network_create_args": null, "subnet_create_args": null, "subnet_cidr_start": "1.1.0.0/30", "subnets_per_network": 2, "router_create_args": null} times: 40 method_name: run timeout: 0 duration: None cls:
2020-05-21 15:59:52.932 2706 RALLYDEBUG rally.task.runner [-] Starting a worker. concurrency: 1 args: {"network_create_args": null, "subnet_create_args": null, "subnet_cidr_start": "1.1.0.0/30", "subnets_per_network": 2, "router_create_args": null} times: 40 method_name: run timeout: 0 duration: None cls:
2020-05-21 15:59:52.933 2699 INFO rally.task.runner [-] Task ff86f3ea-2290-483a-a246-69553bf24441 | ITER: 13 START
2020-05-21 15:59:52.936 2703 INFO rally.task.runner [-] Task ff86f3ea-2290-483a-a246-69553bf24441 | ITER: 14 START
2020-05-21 15:59:52.937 2708 INFO rally.task.runner [-] Task ff86f3ea-2290-483a-a246-69553bf24441 | ITER: 15 START
2020-05-21 15:59:52.937 2711 RALLYDEBUG rally.task.runner [-] Starting a worker. concurrency: 1 args: {"network_create_args": null, "subnet_create_args": null, "subnet_cidr_start": "1.1.0.0/30", "subnets_per_network": 2, "router_create_args": null} times: 40 method_name: run timeout: 0 duration: None cls:
2020-05-21 15:59:52.939 2706 INFO rally.task.runner [-] Task ff86f3ea-2290-483a-a246-69553bf24441 | ITER: 16 START
2020-05-21 15:59:52.941 2715 RALLYDEBUG rally.task.runner [-] Starting a worker. concurrency: 1 args: {"network_create_args": null, "subnet_create_args": null, "subnet_cidr_start": "1.1.0.0/30", "subnets_per_network": 2, "router_create_args": null} times: 40 method_name: run timeout: 0 duration: None cls:
2020-05-21 15:59:52.943 2711 INFO rally.task.runner [-] Task ff86f3ea-2290-483a-a246-69553bf24441 | ITER: 17 START
2020-05-21 15:59:52.944 2720 RALLYDEBUG rally.task.runner [-] Starting a worker. concurrency: 1 args: {"network_create_args": null, "subnet_create_args": null, "subnet_cidr_start": "1.1.0.0/30", "subnets_per_network": 2, "router_create_args": null} times: 40 method_name: run timeout: 0 duration: None cls:
2020-05-21 15:59:52.945 2722 RALLYDEBUG rally.task.runner [-] Starting a worker. concurrency: 1 args: {"network_create_args": null, "subnet_create_args": null, "subnet_cidr_start": "1.1.0.0/30", "subnets_per_network": 2, "router_create_args": null} times: 40 method_name: run timeout: 0 duration: None cls:
2020-05-21 15:59:52.947 2715 INFO rally.task.runner [-] Task ff86f3ea-2290-483a-a246-69553bf24441 | ITER: 18 START
2020-05-21 15:59:52.950 2722 INFO rally.task.runner [-] Task ff86f3ea-2290-483a-a246-69553bf24441 | ITER: 20 START
2020-05-21 15:59:52.950 2720 INFO rally.task.runner [-] Task ff86f3ea-2290-483a-a246-69553bf24441 | ITER: 19 START
2020-05-21 15:59:54.000 2672 RALLYDEBUG rally_openstack.wrappers.network [-] CIDR generated: 1.1.5.160/30
2020-05-21 15:59:54.092 2671 RALLYDEBUG rally_openstack.wrappers.network [-] CIDR generated: 1.1.5.164/30
2020-05-21 15:59:54.134 2673 RALLYDEBUG rally_openstack.wrappers.network [-] CIDR generated: 1.1.5.168/30
2020-05-21 15:59:54.778 2671 RALLYDEBUG rally_openstack.wrappers.network [-] CIDR generated: 1.1.5.172/30
2020-05-21 15:59:54.804 2672 RALLYDEBUG rally_openstack.wrappers.network [-] CIDR generated: 1.1.5.176/30
2020-05-21 15:59:55.007 2674 RALLYDEBUG rally_openstack.wrappers.network [-] CIDR generated: 1.1.5.180/30
2020-05-21 15:59:55.143 2673 RALLYDEBUG rally_openstack.wrappers.network [-] CIDR generated: 1.1.5.184/30
2020-05-21 15:59:55.151 2681 RALLYDEBUG rally_openstack.wrappers.network [-] CIDR generated: 1.1.5.188/30
2020-05-21 15:59:55.412 2684 RALLYDEBUG rally_openstack.wrappers.network [-] CIDR generated: 1.1.5.192/30
2020-05-21 15:59:55.422 2715 RALLYDEBUG rally_openstack.wrappers.network [-] CIDR generated: 1.1.5.196/30
2020-05-21 15:59:55.471 2711 RALLYDEBUG rally_openstack.wrappers.network [-] CIDR generated: 1.1.5.200/30
2020-05-21 15:59:55.552 2699 RALLYDEBUG rally_openstack.wrappers.network [-] CIDR generated: 1.1.5.204/30
2020-05-21 15:59:55.769 2675 RALLYDEBUG rally_openstack.wrappers.network [-] CIDR generated: 1.1.5.208/30
2020-05-21 15:59:55.890 2698 RALLYDEBUG rally_openstack.wrappers.network [-] CIDR generated: 1.1.5.212/30
2020-05-21 15:59:55.900 2722 RALLYDEBUG rally_openstack.wrappers.network [-] CIDR generated: 1.1.5.216/30
2020-05-21 15:59:55.925 2720 RALLYDEBUG rally_openstack.wrappers.network [-] CIDR generated: 1.1.5.220/30
2020-05-21 15:59:55.928 2678 RALLYDEBUG rally_openstack.wrappers.network [-] CIDR generated: 1.1.5.224/30
2020-05-21 15:59:55.990 2691 RALLYDEBUG rally_openstack.wrappers.network [-] CIDR generated: 1.1.5.228/30
2020-05-21 15:59:56.034 2694 RALLYDEBUG rally_openstack.wrappers.network [-] CIDR generated: 1.1.5.232/30
2020-05-21 15:59:56.110 2708 RALLYDEBUG rally_openstack.wrappers.network [-] CIDR generated: 1.1.5.236/30
2020-05-21 15:59:56.171 2674 RALLYDEBUG rally_openstack.wrappers.network [-] CIDR generated: 1.1.5.240/30
2020-05-21 15:59:56.341 2699 RALLYDEBUG rally_openstack.wrappers.network [-] CIDR generated: 1.1.5.244/30
2020-05-21 15:59:56.485 2706 RALLYDEBUG rally_openstack.wrappers.network [-] CIDR generated: 1.1.5.248/30
2020-05-21 15:59:56.672 2715 RALLYDEBUG rally_openstack.wrappers.network [-] CIDR generated: 1.1.5.252/30
2020-05-21 15:59:56.817 2684 RALLYDEBUG rally_openstack.wrappers.network [-] CIDR generated: 1.1.6.0/30
2020-05-21 15:59:56.859 2687 RALLYDEBUG rally_openstack.wrappers.network [-] CIDR generated: 1.1.6.4/30
2020-05-21 15:59:56.956 2675 RALLYDEBUG rally_openstack.wrappers.network [-] CIDR generated: 1.1.6.8/30
2020-05-21 15:59:56.993 2678 RALLYDEBUG rally_openstack.wrappers.network [-] CIDR generated: 1.1.6.12/30
2020-05-21 15:59:57.046 2720 RALLYDEBUG rally_openstack.wrappers.network [-] CIDR generated: 1.1.6.16/30
2020-05-21 15:59:57.458 2694 RALLYDEBUG rally_openstack.wrappers.network [-] CIDR generated: 1.1.6.20/30
2020-05-21 15:59:57.602 2703 RALLYDEBUG rally_openstack.wrappers.network [-] CIDR generated: 1.1.6.24/30
2020-05-21 15:59:58.161 2687 RALLYDEBUG rally_openstack.wrappers.network [-] CIDR generated: 1.1.6.28/30
2020-05-21 15:59:58.266 2703 RALLYDEBUG rally_openstack.wrappers.network [-] CIDR generated: 1.1.6.32/30
2020-05-21 15:59:58.302 2698 RALLYDEBUG rally_openstack.wrappers.network [-] CIDR generated: 1.1.6.36/30
2020-05-21 15:59:58.309 2722 RALLYDEBUG rally_openstack.wrappers.network [-] CIDR generated: 1.1.6.40/30
2020-05-21 15:59:58.424 2706 RALLYDEBUG rally_openstack.wrappers.network [-] CIDR generated: 1.1.6.44/30
2020-05-21 15:59:58.887 2681 RALLYDEBUG rally_openstack.wrappers.network [-] CIDR generated: 1.1.6.48/30
2020-05-21 15:59:59.090 2711 RALLYDEBUG rally_openstack.wrappers.network [-] CIDR generated: 1.1.6.52/30
2020-05-21 15:59:59.358 2691 RALLYDEBUG rally_openstack.wrappers.network [-] CIDR generated: 1.1.6.56/30
2020-05-21 15:59:59.375 2708 RALLYDEBUG rally_openstack.wrappers.network [-] CIDR generated: 1.1.6.60/30
2020-05-21 16:00:20.033 2722 INFO rally.task.runner [-] Task ff86f3ea-2290-483a-a246-69553bf24441 | ITER: 20 END: OK
2020-05-21 16:00:20.040 2722 INFO rally.task.runner [-] Task ff86f3ea-2290-483a-a246-69553bf24441 | ITER: 21 START
2020-05-21 16:00:20.902 2715 INFO rally.task.runner [-] Task ff86f3ea-2290-483a-a246-69553bf24441 | ITER: 18 END: OK
2020-05-21 16:00:20.908 2715 INFO rally.task.runner [-] Task ff86f3ea-2290-483a-a246-69553bf24441 | ITER: 22 START
2020-05-21 16:00:21.482 2694 INFO rally.task.runner [-] Task ff86f3ea-2290-483a-a246-69553bf24441 | ITER: 11 END: OK
2020-05-21 16:00:21.487 2694 INFO rally.task.runner [-] Task ff86f3ea-2290-483a-a246-69553bf24441 | ITER: 23 START
2020-05-21 16:00:21.930 2720 INFO rally.task.runner [-] Task ff86f3ea-2290-483a-a246-69553bf24441 | ITER: 19 END: OK
2020-05-21 16:00:21.939 2720 INFO rally.task.runner [-] Task ff86f3ea-2290-483a-a246-69553bf24441 | ITER: 24 START
2020-05-21 16:00:22.142 2672 INFO rally.task.runner [-] Task ff86f3ea-2290-483a-a246-69553bf24441 | ITER: 2 END: OK
2020-05-21 16:00:22.150 2672 INFO rally.task.runner [-] Task ff86f3ea-2290-483a-a246-69553bf24441 | ITER: 25 START
2020-05-21 16:00:23.149 2671 INFO rally.task.runner [-] Task ff86f3ea-2290-483a-a246-69553bf24441 | ITER: 1 END: OK
2020-05-21 16:00:23.157 2671 INFO rally.task.runner [-] Task ff86f3ea-2290-483a-a246-69553bf24441 | ITER: 26 START
2020-05-21 16:00:23.893 2674 INFO rally.task.runner [-] Task ff86f3ea-2290-483a-a246-69553bf24441 | ITER: 4 END: OK
2020-05-21 16:00:23.900 2674 INFO rally.task.runner [-] Task ff86f3ea-2290-483a-a246-69553bf24441 | ITER: 27 START
2020-05-21 16:00:24.641 2706 INFO rally.task.runner [-] Task ff86f3ea-2290-483a-a246-69553bf24441 | ITER: 16 END: OK
2020-05-21 16:00:24.647 2706 INFO rally.task.runner [-] Task ff86f3ea-2290-483a-a246-69553bf24441 | ITER: 28 START
2020-05-21 16:00:25.485 2684 INFO rally.task.runner [-] Task ff86f3ea-2290-483a-a246-69553bf24441 | ITER: 8 END: OK
2020-05-21 16:00:25.494 2684 INFO rally.task.runner [-] Task ff86f3ea-2290-483a-a246-69553bf24441 | ITER: 29 START
2020-05-21 16:00:26.089 2678 INFO rally.task.runner [-] Task ff86f3ea-2290-483a-a246-69553bf24441 | ITER: 6 END: OK
2020-05-21 16:00:26.099 2678 INFO rally.task.runner [-] Task ff86f3ea-2290-483a-a246-69553bf24441 | ITER: 30 START
2020-05-21 16:00:27.355 2708 INFO rally.task.runner [-] Task ff86f3ea-2290-483a-a246-69553bf24441 | ITER: 15 END: OK
2020-05-21 16:00:27.364 2708 INFO rally.task.runner [-] Task ff86f3ea-2290-483a-a246-69553bf24441 | ITER: 31 START
2020-05-21 16:00:27.579 2687 INFO rally.task.runner [-] Task ff86f3ea-2290-483a-a246-69553bf24441 | ITER: 9 END: OK
2020-05-21 16:00:27.586 2687 INFO rally.task.runner [-] Task ff86f3ea-2290-483a-a246-69553bf24441 | ITER: 32 START
2020-05-21 16:00:28.821 2699 INFO rally.task.runner [-] Task ff86f3ea-2290-483a-a246-69553bf24441 | ITER: 13 END: OK
2020-05-21 16:00:28.827 2699 INFO rally.task.runner [-] Task ff86f3ea-2290-483a-a246-69553bf24441 | ITER: 33 START
2020-05-21 16:00:29.757 2681 INFO rally.task.runner [-] Task ff86f3ea-2290-483a-a246-69553bf24441 | ITER: 7 END: OK
2020-05-21 16:00:29.766 2681 INFO rally.task.runner [-] Task ff86f3ea-2290-483a-a246-69553bf24441 | ITER: 34 START
2020-05-21 16:00:30.549 2675 INFO rally.task.runner [-] Task ff86f3ea-2290-483a-a246-69553bf24441 | ITER: 5 END: OK
2020-05-21 16:00:30.557 2675 INFO rally.task.runner [-] Task ff86f3ea-2290-483a-a246-69553bf24441 | ITER: 35 START
2020-05-21 16:00:30.862 2711 INFO rally.task.runner [-] Task ff86f3ea-2290-483a-a246-69553bf24441 | ITER: 17 END: OK
2020-05-21 16:00:30.870 2711 INFO rally.task.runner [-] Task ff86f3ea-2290-483a-a246-69553bf24441 | ITER: 36 START
2020-05-21 16:00:30.976 2691 INFO rally.task.runner [-] Task ff86f3ea-2290-483a-a246-69553bf24441 | ITER: 10 END: OK
2020-05-21 16:00:30.983 2691 INFO rally.task.runner [-] Task ff86f3ea-2290-483a-a246-69553bf24441 | ITER: 37 START
2020-05-21 16:00:32.210 2698 INFO rally.task.runner [-] Task ff86f3ea-2290-483a-a246-69553bf24441 | ITER: 12 END: OK
2020-05-21 16:00:32.219 2698 INFO rally.task.runner [-] Task ff86f3ea-2290-483a-a246-69553bf24441 | ITER: 38 START
2020-05-21 16:00:32.331 2673 INFO rally.task.runner [-] Task ff86f3ea-2290-483a-a246-69553bf24441 | ITER: 3 END: OK
2020-05-21 16:00:32.340 2673 INFO rally.task.runner [-] Task ff86f3ea-2290-483a-a246-69553bf24441 | ITER: 39 START
2020-05-21 16:00:32.667 2703 INFO rally.task.runner [-] Task ff86f3ea-2290-483a-a246-69553bf24441 | ITER: 14 END: OK
2020-05-21 16:00:32.675 2703 INFO rally.task.runner [-] Task ff86f3ea-2290-483a-a246-69553bf24441 | ITER: 40 START
2020-05-21 16:00:50.191 2674 ERROR rally_openstack.osclients [-] Unable to authenticate for user c_rally_3dc691dc_lXi7F7ZT in project c_rally_3dc691dc_R55IWqeg: ServiceUnavailable: Service Unavailable (HTTP 503)
2020-05-21 16:00:50.191 2674 ERROR rally_openstack.osclients
Traceback (most recent call last):
2020-05-21 16:00:50.191 2674 ERROR rally_openstack.osclients
File "/usr/lib/python2.7/site-packages/rally_openstack/osclients.py", line 273, in auth_ref
2020-05-21 16:00:50.191 2674 ERROR rally_openstack.osclients self.cache["keystone_auth_ref"] = plugin.get_access(sess)
2020-05-21 16:00:50.191 2674 ERROR rally_openstack.osclients
File "/usr/lib/python2.7/site-packages/keystoneauth1/identity/base.py", line 134, in get_access
2020-05-21 16:00:50.191 2674 ERROR rally_openstack.osclients self.auth_ref = self.get_auth_ref(session)
2020-05-21 16:00:50.191 2674 ERROR rally_openstack.osclients
File "/usr/lib/python2.7/site-packages/keystoneauth1/identity/generic/base.py", line 208, in get_auth_ref
2020-05-21 16:00:50.191 2674 ERROR rally_openstack.osclients return self._plugin.get_auth_ref(session, **kwargs)
2020-05-21 16:00:50.191 2674 ERROR rally_openstack.osclients
File "/usr/lib/python2.7/site-packages/keystoneauth1/identity/v3/base.py", line 178, in get_auth_ref
2020-05-21 16:00:50.191 2674 ERROR rally_openstack.osclients authenticated=False, log=False, **rkwargs)
2020-05-21 16:00:50.191 2674 ERROR rally_openstack.osclients
File "/usr/lib/python2.7/site-packages/keystoneauth1/session.py", line 1019, in post
2020-05-21 16:00:50.191 2674 ERROR rally_openstack.osclients return self.request(url, 'POST', **kwargs)
2020-05-21 16:00:50.191 2674 ERROR rally_openstack.osclients
File "/usr/lib/python2.7/site-packages/keystoneauth1/session.py", line 869, in request
2020-05-21 16:00:50.191 2674 ERROR rally_openstack.osclients raise exceptions.from_response(resp, method, url)
2020-05-21 16:00:50.191 2674 ERROR rally_openstack.osclients ServiceUnavailable: Service Unavailable (HTTP 503)
2020-05-21 16:00:50.191 2674 ERROR rally_openstack.osclients
2020-05-21 16:00:50.195 2674 ERROR rally.task.runner [-] Iteration 27 raised Exception: AuthenticationFailed: Failed to authenticate to http://identity-airship.intel-pod17.opnfv.org:80/v3 for user 'c_rally_3dc691dc_lXi7F7ZT' in project 'c_rally_3dc691dc_R55IWqeg': [ServiceUnavailable] Service Unavailable (HTTP 503)
2020-05-21 16:00:50.195 2674 ERROR rally.task.runner
Traceback (most recent call last):
2020-05-21 16:00:50.195 2674 ERROR rally.task.runner
File "/usr/lib/python2.7/site-packages/rally/task/runner.py", line 71, in _run_scenario_once
2020-05-21 16:00:50.195 2674 ERROR rally.task.runner getattr(scenario_inst, method_name)(**scenario_kwargs)
2020-05-21 16:00:50.195 2674 ERROR rally.task.runner
File "/usr/lib/python2.7/site-packages/rally_openstack/scenarios/neutron/network.py", line 261, in run
2020-05-21 16:00:50.195 2674 ERROR rally.task.runner router_create_args)
2020-05-21 16:00:50.195 2674 ERROR rally.task.runner
File "/usr/lib/python2.7/site-packages/rally_openstack/scenarios/neutron/utils.py", line 378, in _create_network_structure
2020-05-21 16:00:50.195 2674 ERROR rally.task.runner network = self._create_network(network_create_args or {})
2020-05-21 16:00:50.195 2674 ERROR rally.task.runner
File "/usr/lib/python2.7/site-packages/rally/task/atomic.py", line 91, in func_atomic_actions
2020-05-21 16:00:50.195 2674 ERROR rally.task.runner f = func(self, *args, **kwargs)
2020-05-21 16:00:50.195 2674 ERROR rally.task.runner
File "/usr/lib/python2.7/site-packages/rally_openstack/scenarios/neutron/utils.py", line 79, in _create_network
2020-05-21 16:00:50.195 2674 ERROR rally.task.runner return self.clients("neutron").create_network(
2020-05-21 16:00:50.195 2674 ERROR rally.task.runner
File "/usr/lib/python2.7/site-packages/rally_openstack/scenario.py", line 96, in clients
2020-05-21 16:00:50.195 2674 ERROR rally.task.runner return client(version) if version is not None else client()
2020-05-21 16:00:50.195 2674 ERROR rally.task.runner
File "/usr/lib/python2.7/site-packages/rally_openstack/osclients.py", line 244, in __call__
2020-05-21 16:00:50.195 2674 ERROR rally.task.runner self.cache[key] = self.create_client(*args, **kwargs)
2020-05-21 16:00:50.195 2674 ERROR rally.task.runner
File "/usr/lib/python2.7/site-packages/rally_openstack/osclients.py", line 442, in create_client
2020-05-21 16:00:50.195 2674 ERROR rally.task.runner endpoint_override=self._get_endpoint(service_type),
2020-05-21 16:00:50.195 2674 ERROR rally.task.runner
File "/usr/lib/python2.7/site-packages/rally_openstack/osclients.py", line 199, in _get_endpoint
2020-05-21 16:00:50.195 2674 ERROR rally.task.runner api_url = self.keystone.service_catalog.url_for(**kw)
2020-05-21 16:00:50.195 2674 ERROR rally.task.runner
File "/usr/lib/python2.7/site-packages/rally_openstack/osclients.py", line 266, in service_catalog
2020-05-21 16:00:50.195 2674 ERROR rally.task.runner return self.auth_ref.service_catalog
2020-05-21 16:00:50.195 2674 ERROR rally.task.runner
File "/usr/lib/python2.7/site-packages/rally_openstack/osclients.py", line 288, in auth_ref
2020-05-21 16:00:50.195 2674 ERROR rally.task.runner raise e
2020-05-21 16:00:50.195 2674 ERROR rally.task.runner AuthenticationFailed: Failed to authenticate to http://identity-airship.intel-pod17.opnfv.org:80/v3 for user 'c_rally_3dc691dc_lXi7F7ZT' in project 'c_rally_3dc691dc_R55IWqeg': [ServiceUnavailable] Service Unavailable (HTTP 503)
2020-05-21 16:00:50.195 2674 ERROR rally.task.runner
2020-05-21 16:00:50.196 2674 INFO rally.task.runner [-] Task ff86f3ea-2290-483a-a246-69553bf24441 | ITER: 27 END: Error AuthenticationFailed: Failed to authenticate to http://identity-airship.intel-pod17.opnfv.org:80/v3 for user 'c_rally_3dc691dc_lXi7F7ZT' in project 'c_rally_3dc691dc_R55IWqeg': [ServiceUnavailable] Service Unavailable (HTTP 503)
2020-05-21 16:00:53.198 2706 ERROR rally_openstack.osclients [-] Unable to authenticate for user c_rally_3dc691dc_lXi7F7ZT in project c_rally_3dc691dc_R55IWqeg: ServiceUnavailable: Service Unavailable (HTTP 503)
2020-05-21 16:00:53.198 2706 ERROR rally_openstack.osclients
Traceback (most recent call last):
2020-05-21 16:00:53.198 2706 ERROR rally_openstack.osclients
File "/usr/lib/python2.7/site-packages/rally_openstack/osclients.py", line 273, in auth_ref
2020-05-21 16:00:53.198 2706 ERROR rally_openstack.osclients self.cache["keystone_auth_ref"] = plugin.get_access(sess)
2020-05-21 16:00:53.198 2706 ERROR rally_openstack.osclients
File "/usr/lib/python2.7/site-packages/keystoneauth1/identity/base.py", line 134, in get_access
2020-05-21 16:00:53.198 2706 ERROR rally_openstack.osclients self.auth_ref = self.get_auth_ref(session)
2020-05-21 16:00:53.198 2706 ERROR rally_openstack.osclients
File "/usr/lib/python2.7/site-packages/keystoneauth1/identity/generic/base.py", line 208, in get_auth_ref
2020-05-21 16:00:53.198 2706 ERROR rally_openstack.osclients return self._plugin.get_auth_ref(session, **kwargs)
2020-05-21 16:00:53.198 2706 ERROR rally_openstack.osclients
File "/usr/lib/python2.7/site-packages/keystoneauth1/identity/v3/base.py", line 178, in get_auth_ref
2020-05-21 16:00:53.198 2706 ERROR rally_openstack.osclients authenticated=False, log=False, **rkwargs)
2020-05-21 16:00:53.198 2706 ERROR rally_openstack.osclients
File "/usr/lib/python2.7/site-packages/keystoneauth1/session.py", line 1019, in post
2020-05-21 16:00:53.198 2706 ERROR rally_openstack.osclients return self.request(url, 'POST', **kwargs)
2020-05-21 16:00:53.198 2706 ERROR rally_openstack.osclients
File "/usr/lib/python2.7/site-packages/keystoneauth1/session.py", line 869, in request
2020-05-21 16:00:53.198 2706 ERROR rally_openstack.osclients raise exceptions.from_response(resp, method, url)
