2020-05-21 15:50:37.677 15 RALLYDEBUG rally_openstack.cleanup.manager [-] Deleting neutron.network object s_rally_e2a4723c_LmSVwptA (8694fdf9-ae8b-42d7-89a6-9783bfd00cb9)
2020-05-21 15:50:37.688 15 RALLYDEBUG rally_openstack.cleanup.manager [-] Deleting neutron.network object s_rally_e2a4723c_DtuLu9TU (8c384dd3-534f-4a38-9539-aa2b96d0ddd8)
2020-05-21 15:50:37.816 15 RALLYDEBUG rally_openstack.cleanup.manager [-] Deleting neutron.network object s_rally_e2a4723c_TVQ0hYis (93943313-813b-478a-a756-3583f9efe4f3)
2020-05-21 15:50:37.933 15 RALLYDEBUG rally_openstack.cleanup.manager [-] Deleting neutron.network object s_rally_e2a4723c_qdDPwn1u (96aedfff-62a2-48d6-be4a-181baaa26abe)
2020-05-21 15:50:38.388 15 RALLYDEBUG rally_openstack.cleanup.manager [-] Deleting neutron.network object s_rally_e2a4723c_BaCRgXPs (9881c354-eab8-4343-9c55-ff417abb2788)
2020-05-21 15:50:38.586 15 RALLYDEBUG rally_openstack.cleanup.manager [-] Deleting neutron.network object s_rally_e2a4723c_QPZJdhiy (996f9717-d183-432f-9e18-a9e36da13c80)
2020-05-21 15:50:38.784 15 RALLYDEBUG rally_openstack.cleanup.manager [-] Deleting neutron.network object s_rally_e2a4723c_QtN8YHX9 (9a189aa8-677f-4435-8fec-d71870e402f9)
2020-05-21 15:50:38.900 15 RALLYDEBUG rally_openstack.cleanup.manager [-] Deleting neutron.network object s_rally_e2a4723c_tTXGQTJc (9b035c61-a1b3-4a77-9b80-6027b403e3e0)
2020-05-21 15:50:39.030 15 RALLYDEBUG rally_openstack.cleanup.manager [-] Deleting neutron.network object s_rally_e2a4723c_2jFbIDNG (9b3c8811-f886-462c-aef9-3b127f26961e)
2020-05-21 15:50:39.056 15 RALLYDEBUG rally_openstack.cleanup.manager [-] Deleting neutron.network object s_rally_e2a4723c_qVcWD0pa (9b7ce537-6010-46cb-9cc0-5550ef8a6348)
2020-05-21 15:50:39.075 15 RALLYDEBUG rally_openstack.cleanup.manager [-] Deleting neutron.network object s_rally_e2a4723c_fij1bD9a (9d29abe8-2714-437c-9150-a0c00e5c9533)
2020-05-21 15:50:39.147 15 RALLYDEBUG rally_openstack.cleanup.manager [-] Deleting neutron.network object s_rally_e2a4723c_gCmU5YC7 (9d6f576d-f285-415f-8737-11f1624554a8)
2020-05-21 15:50:39.189 15 RALLYDEBUG rally_openstack.cleanup.manager [-] Deleting neutron.network object s_rally_e2a4723c_HMJzSMaJ (a2f40b40-c24f-454e-be0f-314f26e6bf40)
2020-05-21 15:50:40.085 15 RALLYDEBUG rally_openstack.cleanup.manager [-] Deleting neutron.network object s_rally_e2a4723c_o3ZTHhsK (a42ba6ec-8d72-42ab-a000-a179c8156a9a)
2020-05-21 15:50:40.221 15 RALLYDEBUG rally_openstack.cleanup.manager [-] Deleting neutron.network object s_rally_e2a4723c_zKhkvrJ9 (a74228c5-ee8a-47f3-adb5-ce45305c9bbb)
2020-05-21 15:50:40.609 15 RALLYDEBUG rally_openstack.cleanup.manager [-] Deleting neutron.network object s_rally_e2a4723c_aLvFVt8K (a90a8b04-286a-4f4a-90a1-0893d9d148b9)
2020-05-21 15:50:40.624 15 RALLYDEBUG rally_openstack.cleanup.manager [-] Deleting neutron.network object s_rally_e2a4723c_q2a3aKcz (ab51ead2-6be4-4ee3-92ef-198714c98230)
2020-05-21 15:50:40.720 15 RALLYDEBUG rally_openstack.cleanup.manager [-] Deleting neutron.network object s_rally_e2a4723c_gJmwBrmc (abea90a8-09d0-4872-8f77-b947b9eaae53)
2020-05-21 15:50:40.785 15 RALLYDEBUG rally_openstack.cleanup.manager [-] Deleting neutron.network object s_rally_e2a4723c_wVTMvqBh (b05e3a55-a54b-4fb6-ac22-5c0e3d5f42e5)
2020-05-21 15:50:40.791 15 RALLYDEBUG rally_openstack.cleanup.manager [-] Deleting neutron.network object s_rally_e2a4723c_1baTS9PB (b2c3d700-7f2b-4f1e-830e-2c97d456e14d)
2020-05-21 15:50:40.805 15 RALLYDEBUG rally_openstack.cleanup.manager [-] Deleting neutron.network object s_rally_e2a4723c_WThjsOHX (b418d20d-bf09-4101-8c77-2122ba0b3173)
2020-05-21 15:50:41.136 15 RALLYDEBUG rally_openstack.cleanup.manager [-] Deleting neutron.network object s_rally_e2a4723c_nW5gMVdp (bec34ef3-5be2-472b-888f-69df07b153bb)
2020-05-21 15:50:41.400 15 RALLYDEBUG rally_openstack.cleanup.manager [-] Deleting neutron.network object s_rally_e2a4723c_xIQtqDSj (c3753adc-489a-484c-803a-79ee795974b9)
2020-05-21 15:50:41.462 15 RALLYDEBUG rally_openstack.cleanup.manager [-] Deleting neutron.network object s_rally_e2a4723c_wXLpwNg6 (c3c21a25-db31-4e1e-a732-04ae442492b9)
2020-05-21 15:50:41.521 15 RALLYDEBUG rally_openstack.cleanup.manager [-] Deleting neutron.network object s_rally_e2a4723c_EWSU35WT (c7c1cf60-05f2-465f-85c6-cc3b4de6fa7b)
2020-05-21 15:50:41.926 15 RALLYDEBUG rally_openstack.cleanup.manager [-] Deleting neutron.network object s_rally_e2a4723c_gzrwDNc5 (cb80e9ed-a9d7-4502-9c6b-e53d27acaef2)
2020-05-21 15:50:42.285 15 RALLYDEBUG rally_openstack.cleanup.manager [-] Deleting neutron.network object s_rally_e2a4723c_hP7brT2b (cebf7d9c-e4d2-45fd-b706-b4c5764ff246)
2020-05-21 15:50:42.300 15 RALLYDEBUG rally_openstack.cleanup.manager [-] Deleting neutron.network object s_rally_e2a4723c_NAiqqJUY (d0e43cc2-1e9d-4376-b233-6f9dfba60634)
2020-05-21 15:50:42.707 15 RALLYDEBUG rally_openstack.cleanup.manager [-] Deleting neutron.network object s_rally_e2a4723c_ya2jam8p (d50fd69c-c70f-4320-a858-148a3d013afc)
2020-05-21 15:50:42.790 15 RALLYDEBUG rally_openstack.cleanup.manager [-] Deleting neutron.network object s_rally_e2a4723c_Jgmt99kJ (d62920ea-0747-4d96-915e-d295f8389f3c)
2020-05-21 15:50:42.840 15 RALLYDEBUG rally_openstack.cleanup.manager [-] Deleting neutron.network object s_rally_e2a4723c_Y26vVF6m (d760eecf-2223-4fc1-b472-1ca3f48b7cea)
2020-05-21 15:50:42.848 15 RALLYDEBUG rally_openstack.cleanup.manager [-] Deleting neutron.network object s_rally_e2a4723c_bkkfwxdU (d89caeaf-1194-4f30-80fa-bcb630f77bde)
2020-05-21 15:50:42.957 15 RALLYDEBUG rally_openstack.cleanup.manager [-] Deleting neutron.network object s_rally_e2a4723c_v8CQW4Cc (dd148eb0-7e8f-4072-871e-57dec110753a)
2020-05-21 15:50:43.021 15 RALLYDEBUG rally_openstack.cleanup.manager [-] Deleting neutron.network object s_rally_e2a4723c_vkhYpPJo (dfd0de0d-e229-47d6-9b92-1805b1585e1a)
2020-05-21 15:50:43.176 15 RALLYDEBUG rally_openstack.cleanup.manager [-] Deleting neutron.network object s_rally_e2a4723c_9wApr6oU (e1f66a0e-f35e-4c16-ad54-3d22a4ced9a9)
2020-05-21 15:50:43.371 15 RALLYDEBUG rally_openstack.cleanup.manager [-] Deleting neutron.network object s_rally_e2a4723c_R8IvRFwA (e6d62bee-8314-40cc-8333-99bbd45bc62c)
2020-05-21 15:50:43.384 15 RALLYDEBUG rally_openstack.cleanup.manager [-] Deleting neutron.network object s_rally_e2a4723c_4s4KqQ2n (e74ea44a-436e-4d0f-bc99-40d6ec73db71)
2020-05-21 15:50:43.468 15 RALLYDEBUG rally_openstack.cleanup.manager [-] Deleting neutron.network object s_rally_e2a4723c_3iClRANh (e8b8bcc6-562a-4176-b35f-976197aa1cd9)
2020-05-21 15:50:43.486 15 RALLYDEBUG rally_openstack.cleanup.manager [-] Deleting neutron.network object s_rally_e2a4723c_7VUCMOX1 (e9af7c01-32bb-426f-947e-a642c0dd2250)
2020-05-21 15:50:43.492 15 RALLYDEBUG rally_openstack.cleanup.manager [-] Deleting neutron.network object s_rally_e2a4723c_5pppn6au (ec84592a-2bac-4774-b1c6-331e77f65159)
2020-05-21 15:50:43.785 15 RALLYDEBUG rally_openstack.cleanup.manager [-] Deleting neutron.network object s_rally_e2a4723c_h2QjYPuQ (ee8fa64f-e9c1-4b21-95f8-b8a797918975)
2020-05-21 15:50:44.014 15 RALLYDEBUG rally_openstack.cleanup.manager [-] Deleting neutron.network object s_rally_e2a4723c_mNPgk1wZ (f2fd7c10-188d-4004-9381-3259434424a9)
2020-05-21 15:50:44.297 15 RALLYDEBUG rally_openstack.cleanup.manager [-] Deleting neutron.network object s_rally_e2a4723c_YBpz4XHT (f39de9e4-cbfc-411b-bb81-0225a9a7b677)
2020-05-21 15:50:44.369 15 RALLYDEBUG rally_openstack.cleanup.manager [-] Deleting neutron.network object s_rally_e2a4723c_paW7YYmL (f53f3bd3-db5b-4a88-a6e4-b8dbdbadd29f)
2020-05-21 15:50:44.403 15 RALLYDEBUG rally_openstack.cleanup.manager [-] Deleting neutron.network object s_rally_e2a4723c_tkP6dZiX (f901bfcf-6a8d-4b32-a065-55c675a8e264)
2020-05-21 15:50:44.664 15 RALLYDEBUG rally_openstack.cleanup.manager [-] Deleting neutron.network object s_rally_e2a4723c_pwBwR1Ne (fccf6de4-d2fc-4929-90c0-7f77e736b9dd)
2020-05-21 15:50:44.895 15 RALLYDEBUG rally_openstack.cleanup.manager [-] Deleting neutron.network object s_rally_e2a4723c_su7mC7xM (ff5fe4eb-a719-44ae-8279-4b75a45353d6)
2020-05-21 15:50:47.615 15 RALLYDEBUG rally_openstack.cleanup.manager [-] Cleaning up neutron router objects
2020-05-21 15:50:47.897 15 RALLYDEBUG rally_openstack.cleanup.manager [-] Cleaning up neutron security_group objects
2020-05-21 15:50:48.196 15 INFO rally.task.context [-] Task ff86f3ea-2290-483a-a246-69553bf24441 | Context cleanup@openstack cleanup() finished in 19.56 sec
2020-05-21 15:50:48.196 15 INFO rally.task.context [-] Task ff86f3ea-2290-483a-a246-69553bf24441 | Context quotas@openstack cleanup() started
2020-05-21 15:50:48.242 15 INFO rally.task.context [-] Task ff86f3ea-2290-483a-a246-69553bf24441 | Context quotas@openstack cleanup() finished in 45.31 msec
2020-05-21 15:50:48.242 15 INFO rally.task.context [-] Task ff86f3ea-2290-483a-a246-69553bf24441 | Context users@openstack cleanup() started
2020-05-21 15:50:49.840 15 INFO rally.task.context [-] Task ff86f3ea-2290-483a-a246-69553bf24441 | Context users@openstack cleanup() finished in 1.60 sec
2020-05-21 15:50:50.599 15 INFO rally.task.engine [-] Load duration is: 13.108702
2020-05-21 15:50:50.600 15 INFO rally.task.engine [-] Full runner duration is: 13.147918
2020-05-21 15:50:50.600 15 INFO rally.task.engine [-] Full duration is: 35.410628
2020-05-21 15:50:50.789 15 INFO rally.task.engine [-] Running workload: position = 1 config = { "version": 2, "title": "A cropped version of a bigger task.", "description": "Auto-generated task from a single workload (uuid=ee8e4954-9a90-480a-b18c-d6a82b6c06a6)", "subtasks": [ { "title": "NeutronNetworks.create_and_update_networks", "description": "Check network update action", "scenario": { "NeutronNetworks.create_and_update_networks": { "network_create_args": {}, "network_update_args": { "admin_state_up": false, "name": "_updated" } } }, "contexts": { "users": { "tenants": 1, "users_per_tenant": 1 }, "quotas": { "neutron": { "network": -1 } } }, "runner": { "constant": { "times": 40, "concurrency": 20 } }, "hooks": [], "sla": { "failure_rate": { "max": 0 } } } ] }
2020-05-21 15:50:50.800 15 RALLYDEBUG rally_openstack.contexts.keystone.users [-] Creating 1 tenants using 20 threads
2020-05-21 15:50:51.134 15 RALLYDEBUG rally_openstack.contexts.keystone.users [-] Creating 1 users using 20 threads
2020-05-21 15:50:51.578 15 INFO rally.task.context [-] Task ff86f3ea-2290-483a-a246-69553bf24441 | Context users@openstack setup() finished in 0.78 sec
2020-05-21 15:50:51.917 15 INFO rally.task.context [-] Task ff86f3ea-2290-483a-a246-69553bf24441 | Context quotas@openstack setup() finished in 0.34 sec
2020-05-21 15:50:51.918 15 INFO rally.task.context [-] Task ff86f3ea-2290-483a-a246-69553bf24441 | Context cleanup@openstack setup() finished in 0.01 msec
2020-05-21 15:50:51.927 15 RALLYDEBUG rally.task.runner [-] Starting the constant runner (task UUID: ff86f3ea-2290-483a-a246-69553bf24441). timeout: 0 concurrency: 20 concurrency_per_worker: 1 times: 40 concurrency_overhead: 0 processes_to_start: 20 max_cpu_used: 88
2020-05-21 15:50:51.940 601 RALLYDEBUG rally.task.runner [-] Starting a worker. concurrency: 1 args: {"network_create_args": {}, "network_update_args": {"admin_state_up": false, "name": "_updated"}} times: 40 method_name: run timeout: 0 duration: None cls:
2020-05-21 15:50:51.943 602 RALLYDEBUG rally.task.runner [-] Starting a worker. concurrency: 1 args: {"network_create_args": {}, "network_update_args": {"admin_state_up": false, "name": "_updated"}} times: 40 method_name: run timeout: 0 duration: None cls:
2020-05-21 15:50:51.945 603 RALLYDEBUG rally.task.runner [-] Starting a worker. concurrency: 1 args: {"network_create_args": {}, "network_update_args": {"admin_state_up": false, "name": "_updated"}} times: 40 method_name: run timeout: 0 duration: None cls:
2020-05-21 15:50:51.946 601 INFO rally.task.runner [-] Task ff86f3ea-2290-483a-a246-69553bf24441 | ITER: 1 START
2020-05-21 15:50:51.948 604 RALLYDEBUG rally.task.runner [-] Starting a worker. concurrency: 1 args: {"network_create_args": {}, "network_update_args": {"admin_state_up": false, "name": "_updated"}} times: 40 method_name: run timeout: 0 duration: None cls:
2020-05-21 15:50:51.949 602 INFO rally.task.runner [-] Task ff86f3ea-2290-483a-a246-69553bf24441 | ITER: 2 START
2020-05-21 15:50:51.951 603 INFO rally.task.runner [-] Task ff86f3ea-2290-483a-a246-69553bf24441 | ITER: 3 START
2020-05-21 15:50:51.951 605 RALLYDEBUG rally.task.runner [-] Starting a worker. concurrency: 1 args: {"network_create_args": {}, "network_update_args": {"admin_state_up": false, "name": "_updated"}} times: 40 method_name: run timeout: 0 duration: None cls:
2020-05-21 15:50:51.954 608 RALLYDEBUG rally.task.runner [-] Starting a worker. concurrency: 1 args: {"network_create_args": {}, "network_update_args": {"admin_state_up": false, "name": "_updated"}} times: 40 method_name: run timeout: 0 duration: None cls:
2020-05-21 15:50:51.954 604 INFO rally.task.runner [-] Task ff86f3ea-2290-483a-a246-69553bf24441 | ITER: 4 START
2020-05-21 15:50:51.956 613 RALLYDEBUG rally.task.runner [-] Starting a worker. concurrency: 1 args: {"network_create_args": {}, "network_update_args": {"admin_state_up": false, "name": "_updated"}} times: 40 method_name: run timeout: 0 duration: None cls:
2020-05-21 15:50:51.958 605 INFO rally.task.runner [-] Task ff86f3ea-2290-483a-a246-69553bf24441 | ITER: 5 START
2020-05-21 15:50:51.959 608 INFO rally.task.runner [-] Task ff86f3ea-2290-483a-a246-69553bf24441 | ITER: 6 START
2020-05-21 15:50:51.959 615 RALLYDEBUG rally.task.runner [-] Starting a worker. concurrency: 1 args: {"network_create_args": {}, "network_update_args": {"admin_state_up": false, "name": "_updated"}} times: 40 method_name: run timeout: 0 duration: None cls:
2020-05-21 15:50:51.963 613 INFO rally.task.runner [-] Task ff86f3ea-2290-483a-a246-69553bf24441 | ITER: 7 START
2020-05-21 15:50:51.962 617 RALLYDEBUG rally.task.runner [-] Starting a worker. concurrency: 1 args: {"network_create_args": {}, "network_update_args": {"admin_state_up": false, "name": "_updated"}} times: 40 method_name: run timeout: 0 duration: None cls:
2020-05-21 15:50:51.965 615 INFO rally.task.runner [-] Task ff86f3ea-2290-483a-a246-69553bf24441 | ITER: 8 START
2020-05-21 15:50:51.965 621 RALLYDEBUG rally.task.runner [-] Starting a worker. concurrency: 1 args: {"network_create_args": {}, "network_update_args": {"admin_state_up": false, "name": "_updated"}} times: 40 method_name: run timeout: 0 duration: None cls:
2020-05-21 15:50:51.967 624 RALLYDEBUG rally.task.runner [-] Starting a worker. concurrency: 1 args: {"network_create_args": {}, "network_update_args": {"admin_state_up": false, "name": "_updated"}} times: 40 method_name: run timeout: 0 duration: None cls:
2020-05-21 15:50:51.968 617 INFO rally.task.runner [-] Task ff86f3ea-2290-483a-a246-69553bf24441 | ITER: 9 START
2020-05-21 15:50:51.971 627 RALLYDEBUG rally.task.runner [-] Starting a worker. concurrency: 1 args: {"network_create_args": {}, "network_update_args": {"admin_state_up": false, "name": "_updated"}} times: 40 method_name: run timeout: 0 duration: None cls:
2020-05-21 15:50:51.972 621 INFO rally.task.runner [-] Task ff86f3ea-2290-483a-a246-69553bf24441 | ITER: 10 START
2020-05-21 15:50:51.974 624 INFO rally.task.runner [-] Task ff86f3ea-2290-483a-a246-69553bf24441 | ITER: 11 START
2020-05-21 15:50:51.973 630 RALLYDEBUG rally.task.runner [-] Starting a worker. concurrency: 1 args: {"network_create_args": {}, "network_update_args": {"admin_state_up": false, "name": "_updated"}} times: 40 method_name: run timeout: 0 duration: None cls:
2020-05-21 15:50:51.976 632 RALLYDEBUG rally.task.runner [-] Starting a worker. concurrency: 1 args: {"network_create_args": {}, "network_update_args": {"admin_state_up": false, "name": "_updated"}} times: 40 method_name: run timeout: 0 duration: None cls:
2020-05-21 15:50:51.977 627 INFO rally.task.runner [-] Task ff86f3ea-2290-483a-a246-69553bf24441 | ITER: 12 START
2020-05-21 15:50:51.979 630 INFO rally.task.runner [-] Task ff86f3ea-2290-483a-a246-69553bf24441 | ITER: 13 START
2020-05-21 15:50:51.979 637 RALLYDEBUG rally.task.runner [-] Starting a worker. concurrency: 1 args: {"network_create_args": {}, "network_update_args": {"admin_state_up": false, "name": "_updated"}} times: 40 method_name: run timeout: 0 duration: None cls:
2020-05-21 15:50:51.981 639 RALLYDEBUG rally.task.runner [-] Starting a worker. concurrency: 1 args: {"network_create_args": {}, "network_update_args": {"admin_state_up": false, "name": "_updated"}} times: 40 method_name: run timeout: 0 duration: None cls:
2020-05-21 15:50:51.982 632 INFO rally.task.runner [-] Task ff86f3ea-2290-483a-a246-69553bf24441 | ITER: 14 START
2020-05-21 15:50:51.985 639 INFO rally.task.runner [-] Task ff86f3ea-2290-483a-a246-69553bf24441 | ITER: 16 START
2020-05-21 15:50:51.985 637 INFO rally.task.runner [-] Task ff86f3ea-2290-483a-a246-69553bf24441 | ITER: 15 START
2020-05-21 15:50:51.985 643 RALLYDEBUG rally.task.runner [-] Starting a worker. concurrency: 1 args: {"network_create_args": {}, "network_update_args": {"admin_state_up": false, "name": "_updated"}} times: 40 method_name: run timeout: 0 duration: None cls:
2020-05-21 15:50:51.987 646 RALLYDEBUG rally.task.runner [-] Starting a worker. concurrency: 1 args: {"network_create_args": {}, "network_update_args": {"admin_state_up": false, "name": "_updated"}} times: 40 method_name: run timeout: 0 duration: None cls:
2020-05-21 15:50:51.990 643 INFO rally.task.runner [-] Task ff86f3ea-2290-483a-a246-69553bf24441 | ITER: 17 START
2020-05-21 15:50:51.990 649 RALLYDEBUG rally.task.runner [-] Starting a worker. concurrency: 1 args: {"network_create_args": {}, "network_update_args": {"admin_state_up": false, "name": "_updated"}} times: 40 method_name: run timeout: 0 duration: None cls:
2020-05-21 15:50:51.993 646 INFO rally.task.runner [-] Task ff86f3ea-2290-483a-a246-69553bf24441 | ITER: 18 START
2020-05-21 15:50:51.993 652 RALLYDEBUG rally.task.runner [-] Starting a worker. concurrency: 1 args: {"network_create_args": {}, "network_update_args": {"admin_state_up": false, "name": "_updated"}} times: 40 method_name: run timeout: 0 duration: None cls:
2020-05-21 15:50:51.996 649 INFO rally.task.runner [-] Task ff86f3ea-2290-483a-a246-69553bf24441 | ITER: 19 START
2020-05-21 15:50:51.999 652 INFO rally.task.runner [-] Task ff86f3ea-2290-483a-a246-69553bf24441 | ITER: 20 START
2020-05-21 15:50:53.718 617 INFO rally.task.runner [-] Task ff86f3ea-2290-483a-a246-69553bf24441 | ITER: 9 END: OK
2020-05-21 15:50:53.723 617 INFO rally.task.runner [-] Task ff86f3ea-2290-483a-a246-69553bf24441 | ITER: 21 START
2020-05-21 15:50:53.969 624 INFO rally.task.runner [-] Task ff86f3ea-2290-483a-a246-69553bf24441 | ITER: 11 END: OK
2020-05-21 15:50:53.973 624 INFO rally.task.runner [-] Task ff86f3ea-2290-483a-a246-69553bf24441 | ITER: 22 START
2020-05-21 15:50:54.051 646 INFO rally.task.runner [-] Task ff86f3ea-2290-483a-a246-69553bf24441 | ITER: 18 END: OK
2020-05-21 15:50:54.056 646 INFO rally.task.runner [-] Task ff86f3ea-2290-483a-a246-69553bf24441 | ITER: 23 START
2020-05-21 15:50:54.066 603 INFO rally.task.runner [-] Task ff86f3ea-2290-483a-a246-69553bf24441 | ITER: 3 END: OK
2020-05-21 15:50:54.071 603 INFO rally.task.runner [-] Task ff86f3ea-2290-483a-a246-69553bf24441 | ITER: 24 START
2020-05-21 15:50:54.104 602 INFO rally.task.runner [-] Task ff86f3ea-2290-483a-a246-69553bf24441 | ITER: 2 END: OK
2020-05-21 15:50:54.110 602 INFO rally.task.runner [-] Task ff86f3ea-2290-483a-a246-69553bf24441 | ITER: 25 START
2020-05-21 15:50:54.140 652 INFO rally.task.runner [-] Task ff86f3ea-2290-483a-a246-69553bf24441 | ITER: 20 END: OK
2020-05-21 15:50:54.145 652 INFO rally.task.runner [-] Task ff86f3ea-2290-483a-a246-69553bf24441 | ITER: 26 START
2020-05-21 15:50:54.259 637 INFO rally.task.runner [-] Task ff86f3ea-2290-483a-a246-69553bf24441 | ITER: 15 END: OK
2020-05-21 15:50:54.264 637 INFO rally.task.runner [-] Task ff86f3ea-2290-483a-a246-69553bf24441 | ITER: 27 START
2020-05-21 15:50:54.280 601 INFO rally.task.runner [-] Task ff86f3ea-2290-483a-a246-69553bf24441 | ITER: 1 END: OK
2020-05-21 15:50:54.284 601 INFO rally.task.runner [-] Task ff86f3ea-2290-483a-a246-69553bf24441 | ITER: 28 START
2020-05-21 15:50:54.469 632 INFO rally.task.runner [-] Task ff86f3ea-2290-483a-a246-69553bf24441 | ITER: 14 END: OK
2020-05-21 15:50:54.473 632 INFO rally.task.runner [-] Task ff86f3ea-2290-483a-a246-69553bf24441 | ITER: 29 START
2020-05-21 15:50:54.617 608 INFO rally.task.runner [-] Task ff86f3ea-2290-483a-a246-69553bf24441 | ITER: 6 END: OK
2020-05-21 15:50:54.622 608 INFO rally.task.runner [-] Task ff86f3ea-2290-483a-a246-69553bf24441 | ITER: 30 START
2020-05-21 15:50:54.848 615 INFO rally.task.runner [-] Task ff86f3ea-2290-483a-a246-69553bf24441 | ITER: 8 END: OK
2020-05-21 15:50:54.853 615 INFO rally.task.runner [-] Task ff86f3ea-2290-483a-a246-69553bf24441 | ITER: 31 START
2020-05-21 15:50:55.139 627 INFO rally.task.runner [-] Task ff86f3ea-2290-483a-a246-69553bf24441 | ITER: 12 END: OK
2020-05-21 15:50:55.144 627 INFO rally.task.runner [-] Task ff86f3ea-2290-483a-a246-69553bf24441 | ITER: 32 START
2020-05-21 15:50:55.174 605 INFO rally.task.runner [-] Task ff86f3ea-2290-483a-a246-69553bf24441 | ITER: 5 END: OK
2020-05-21 15:50:55.179 605 INFO rally.task.runner [-] Task ff86f3ea-2290-483a-a246-69553bf24441 | ITER: 33 START
2020-05-21 15:50:55.529 604 INFO rally.task.runner [-] Task ff86f3ea-2290-483a-a246-69553bf24441 | ITER: 4 END: OK
2020-05-21 15:50:55.534 604 INFO rally.task.runner [-] Task ff86f3ea-2290-483a-a246-69553bf24441 | ITER: 34 START
2020-05-21 15:50:55.558 621 INFO rally.task.runner [-] Task ff86f3ea-2290-483a-a246-69553bf24441 | ITER: 10 END: OK
2020-05-21 15:50:55.563 621 INFO rally.task.runner [-] Task ff86f3ea-2290-483a-a246-69553bf24441 | ITER: 35 START
2020-05-21 15:50:55.854 613 INFO rally.task.runner [-] Task ff86f3ea-2290-483a-a246-69553bf24441 | ITER: 7 END: OK
2020-05-21 15:50:55.858 613 INFO rally.task.runner [-] Task ff86f3ea-2290-483a-a246-69553bf24441 | ITER: 36 START
2020-05-21 15:50:55.896 643 INFO rally.task.runner [-] Task ff86f3ea-2290-483a-a246-69553bf24441 | ITER: 17 END: OK
2020-05-21 15:50:55.901 643 INFO rally.task.runner [-] Task ff86f3ea-2290-483a-a246-69553bf24441 | ITER: 37 START
2020-05-21 15:50:55.906 603 INFO rally.task.runner [-] Task ff86f3ea-2290-483a-a246-69553bf24441 | ITER: 24 END: OK
2020-05-21 15:50:55.911 603 INFO rally.task.runner [-] Task ff86f3ea-2290-483a-a246-69553bf24441 | ITER: 38 START
2020-05-21 15:50:55.947 630 INFO rally.task.runner [-] Task ff86f3ea-2290-483a-a246-69553bf24441 | ITER: 13 END: OK
2020-05-21 15:50:55.951 630 INFO rally.task.runner [-] Task ff86f3ea-2290-483a-a246-69553bf24441 | ITER: 39 START
2020-05-21 15:50:56.086 624 INFO rally.task.runner [-] Task ff86f3ea-2290-483a-a246-69553bf24441 | ITER: 22 END: OK
2020-05-21 15:50:56.091 624 INFO rally.task.runner [-] Task ff86f3ea-2290-483a-a246-69553bf24441 | ITER: 40 START
2020-05-21 15:50:56.115 617 INFO rally.task.runner [-] Task ff86f3ea-2290-483a-a246-69553bf24441 | ITER: 21 END: OK
2020-05-21 15:50:56.173 646 INFO rally.task.runner [-] Task ff86f3ea-2290-483a-a246-69553bf24441 | ITER: 23 END: OK
2020-05-21 15:50:56.536 637 INFO rally.task.runner [-] Task ff86f3ea-2290-483a-a246-69553bf24441 | ITER: 27 END: OK
2020-05-21 15:50:56.719 639 INFO rally.task.runner [-] Task ff86f3ea-2290-483a-a246-69553bf24441 | ITER: 16 END: OK
2020-05-21 15:50:56.764 652 INFO rally.task.runner [-] Task ff86f3ea-2290-483a-a246-69553bf24441 | ITER: 26 END: OK
2020-05-21 15:50:56.917 649 INFO rally.task.runner [-] Task ff86f3ea-2290-483a-a246-69553bf24441 | ITER: 19 END: OK
2020-05-21 15:50:57.055 602 INFO rally.task.runner [-] Task ff86f3ea-2290-483a-a246-69553bf24441 | ITER: 25 END: OK
2020-05-21 15:50:57.116 605 INFO rally.task.runner [-] Task ff86f3ea-2290-483a-a246-69553bf24441 | ITER: 33 END: OK
2020-05-21 15:50:57.162 615 INFO rally.task.runner [-] Task ff86f3ea-2290-483a-a246-69553bf24441 | ITER: 31 END: OK
2020-05-21 15:50:57.377 624 INFO rally.task.runner [-] Task ff86f3ea-2290-483a-a246-69553bf24441 | ITER: 40 END: OK
2020-05-21 15:50:57.488 601 INFO rally.task.runner [-] Task ff86f3ea-2290-483a-a246-69553bf24441 | ITER: 28 END: OK
2020-05-21 15:50:57.502 632 INFO rally.task.runner [-] Task ff86f3ea-2290-483a-a246-69553bf24441 | ITER: 29 END: OK
2020-05-21 15:50:57.546 608 INFO rally.task.runner [-] Task ff86f3ea-2290-483a-a246-69553bf24441 | ITER: 30 END: OK
2020-05-21 15:50:57.739 627 INFO rally.task.runner [-] Task ff86f3ea-2290-483a-a246-69553bf24441 | ITER: 32 END: OK
2020-05-21 15:50:57.841 613 INFO rally.task.runner [-] Task ff86f3ea-2290-483a-a246-69553bf24441 | ITER: 36 END: OK
2020-05-21 15:50:57.905 603 INFO rally.task.runner [-] Task ff86f3ea-2290-483a-a246-69553bf24441 | ITER: 38 END: OK
2020-05-21 15:50:57.961 643 INFO rally.task.runner [-] Task ff86f3ea-2290-483a-a246-69553bf24441 | ITER: 37 END: OK
2020-05-21 15:50:58.198 621 INFO rally.task.runner [-] Task ff86f3ea-2290-483a-a246-69553bf24441 | ITER: 35 END: OK
2020-05-21 15:50:58.354 604 INFO rally.task.runner [-] Task ff86f3ea-2290-483a-a246-69553bf24441 | ITER: 34 END: OK
2020-05-21 15:50:58.415 630 INFO rally.task.runner [-] Task ff86f3ea-2290-483a-a246-69553bf24441 | ITER: 39 END: OK
2020-05-21 15:50:58.444 15 INFO rally.task.context [-] Task ff86f3ea-2290-483a-a246-69553bf24441 | Context cleanup@openstack cleanup() started
2020-05-21 15:50:58.448 15 RALLYDEBUG rally_openstack.cleanup.manager [-] Cleaning up neutron vip objects
2020-05-21 15:50:58.671 15 RALLYDEBUG rally_openstack.cleanup.manager [-] Cleaning up neutron health_monitor objects
2020-05-21 15:50:58.859 15 RALLYDEBUG rally_openstack.cleanup.manager [-] Cleaning up neutron pool objects
2020-05-21 15:50:59.060 15 RALLYDEBUG rally_openstack.cleanup.manager [-] Cleaning up neutron loadbalancer objects
2020-05-21 15:50:59.249 15 RALLYDEBUG rally_openstack.cleanup.manager [-] Cleaning up neutron floatingip objects
2020-05-21 15:50:59.475 15 RALLYDEBUG rally_openstack.cleanup.manager [-] Cleaning up neutron trunk objects
2020-05-21 15:50:59.658 15 DEBUG neutronclient.v2_0.client [-] Error message: {"NeutronError": {"message": "Invalid input for operation: 'tenant_id' is not supported for filtering.", "type": "InvalidInput", "detail": ""}} _handle_fault_response /usr/lib/python2.7/site-packages/neutronclient/v2_0/client.py:259
2020-05-21 15:50:59.692 15 DEBUG neutronclient.v2_0.client [-] Error message: {"NeutronError": {"message": "Invalid input for operation: 'tenant_id' is not supported for filtering.", "type": "InvalidInput", "detail": ""}} _handle_fault_response /usr/lib/python2.7/site-packages/neutronclient/v2_0/client.py:259
2020-05-21 15:50:59.722 15 DEBUG neutronclient.v2_0.client [-] Error message: {"NeutronError": {"message": "Invalid input for operation: 'tenant_id' is not supported for filtering.", "type": "InvalidInput", "detail": ""}} _handle_fault_response /usr/lib/python2.7/site-packages/neutronclient/v2_0/client.py:259
2020-05-21 15:50:59.723 15 ERROR rally_openstack.cleanup.manager [-] Seems like rally_openstack.cleanup.resources.NeutronTrunk.list(self) method is broken. It shouldn't raise any exceptions.: BadRequest: Invalid input for operation: 'tenant_id' is not supported for filtering. Neutron server returns request_ids: ['req-dafe228b-95cf-492e-899a-8dd848ab1531']
2020-05-21 15:50:59.723 15 ERROR rally_openstack.cleanup.manager
Traceback (most recent call last):
2020-05-21 15:50:59.723 15 ERROR rally_openstack.cleanup.manager
File "/usr/lib/python2.7/site-packages/rally_openstack/cleanup/manager.py", line 133, in _publish
2020-05-21 15:50:59.723 15 ERROR rally_openstack.cleanup.manager for raw_resource in rutils.retry(3, manager.list):
2020-05-21 15:50:59.723 15 ERROR rally_openstack.cleanup.manager
File "/usr/lib/python2.7/site-packages/rally/common/utils.py", line 230, in retry
2020-05-21 15:50:59.723 15 ERROR rally_openstack.cleanup.manager return func(*args, **kwargs)
2020-05-21 15:50:59.723 15 ERROR rally_openstack.cleanup.manager
File "/usr/lib/python2.7/site-packages/rally_openstack/cleanup/resources.py", line 396, in list
2020-05-21 15:50:59.723 15 ERROR rally_openstack.cleanup.manager return super(NeutronTrunk, self).list()
2020-05-21 15:50:59.723 15 ERROR rally_openstack.cleanup.manager
File "/usr/lib/python2.7/site-packages/rally_openstack/cleanup/resources.py", line 273, in list
2020-05-21 15:50:59.723 15 ERROR rally_openstack.cleanup.manager result = list_method(tenant_id=self.tenant_uuid)[resources]
2020-05-21 15:50:59.723 15 ERROR rally_openstack.cleanup.manager
File "/usr/lib/python2.7/site-packages/neutronclient/v2_0/client.py", line 2105, in list_trunks
2020-05-21 15:50:59.723 15 ERROR rally_openstack.cleanup.manager **_params)
2020-05-21 15:50:59.723 15 ERROR rally_openstack.cleanup.manager
File "/usr/lib/python2.7/site-packages/neutronclient/v2_0/client.py", line 369, in list
2020-05-21 15:50:59.723 15 ERROR rally_openstack.cleanup.manager for r in self._pagination(collection, path, **params):
2020-05-21 15:50:59.723 15 ERROR rally_openstack.cleanup.manager
File "/usr/lib/python2.7/site-packages/neutronclient/v2_0/client.py", line 384, in _pagination
2020-05-21 15:50:59.723 15 ERROR rally_openstack.cleanup.manager res = self.get(path, params=params)
2020-05-21 15:50:59.723 15 ERROR rally_openstack.cleanup.manager
File "/usr/lib/python2.7/site-packages/neutronclient/v2_0/client.py", line 354, in get
2020-05-21 15:50:59.723 15 ERROR rally_openstack.cleanup.manager headers=headers, params=params)
2020-05-21 15:50:59.723 15 ERROR rally_openstack.cleanup.manager
File "/usr/lib/python2.7/site-packages/neutronclient/v2_0/client.py", line 331, in retry_request
2020-05-21 15:50:59.723 15 ERROR rally_openstack.cleanup.manager headers=headers, params=params)
2020-05-21 15:50:59.723 15 ERROR rally_openstack.cleanup.manager
File "/usr/lib/python2.7/site-packages/neutronclient/v2_0/client.py", line 294, in do_request
2020-05-21 15:50:59.723 15 ERROR rally_openstack.cleanup.manager self._handle_fault_response(status_code, replybody, resp)
2020-05-21 15:50:59.723 15 ERROR rally_openstack.cleanup.manager
File "/usr/lib/python2.7/site-packages/neutronclient/v2_0/client.py", line 269, in _handle_fault_response
2020-05-21 15:50:59.723 15 ERROR rally_openstack.cleanup.manager exception_handler_v20(status_code, error_body)
2020-05-21 15:50:59.723 15 ERROR rally_openstack.cleanup.manager
File "/usr/lib/python2.7/site-packages/neutronclient/v2_0/client.py", line 93, in exception_handler_v20
2020-05-21 15:50:59.723 15 ERROR rally_openstack.cleanup.manager request_ids=request_ids)
2020-05-21 15:50:59.723 15 ERROR rally_openstack.cleanup.manager BadRequest: Invalid input for operation: 'tenant_id' is not supported for filtering.
2020-05-21 15:50:59.723 15 ERROR rally_openstack.cleanup.manager Neutron server returns request_ids: ['req-dafe228b-95cf-492e-899a-8dd848ab1531']
2020-05-21 15:50:59.723 15 ERROR rally_openstack.cleanup.manager
2020-05-21 15:50:59.732 15 RALLYDEBUG rally_openstack.cleanup.manager [-] Cleaning up neutron port objects
2020-05-21 15:50:59.971 15 RALLYDEBUG rally_openstack.cleanup.manager [-] Cleaning up neutron subnet objects
2020-05-21 15:51:00.189 15 RALLYDEBUG rally_openstack.cleanup.manager [-] Cleaning up neutron network objects
2020-05-21 15:51:00.641 15 RALLYDEBUG rally_openstack.cleanup.manager [-] Deleting neutron.network object s_rally_ee8e4954_CHYrJpq1 (1d0e9566-92c1-4b91-b98b-82315babd589)
2020-05-21 15:51:00.644 15 RALLYDEBUG rally_openstack.cleanup.manager [-] Deleting neutron.network object s_rally_ee8e4954_r3YKUo76 (2d778f59-6981-43b1-8b3a-3af13f545b21)
2020-05-21 15:51:00.644 15 RALLYDEBUG rally_openstack.cleanup.manager [-] Deleting neutron.network object s_rally_ee8e4954_XpXK1SCh (0bd8b908-455a-4b55-8dc2-d880639b5be0)
2020-05-21 15:51:00.649 15 RALLYDEBUG rally_openstack.cleanup.manager [-] Deleting neutron.network object s_rally_ee8e4954_xWcWxZLm (2f01b363-3134-4df3-b920-5e1cb01fd488)
2020-05-21 15:51:00.656 15 RALLYDEBUG rally_openstack.cleanup.manager [-] Deleting neutron.network object s_rally_ee8e4954_kBWxxzAF (23399420-9536-483a-a4aa-4e6fe51ce15f)
2020-05-21 15:51:00.666 15 RALLYDEBUG rally_openstack.cleanup.manager [-] Deleting neutron.network object s_rally_ee8e4954_OqVc6WSZ (19ef9a11-89d2-436e-af8d-d3466929050a)
2020-05-21 15:51:00.673 15 RALLYDEBUG rally_openstack.cleanup.manager [-] Deleting neutron.network object s_rally_ee8e4954_AsyAVDSd (1604492b-ccac-483b-8b4e-3a54cd9310a2)
2020-05-21 15:51:00.712 15 RALLYDEBUG rally_openstack.cleanup.manager [-] Deleting neutron.network object s_rally_ee8e4954_ZHSCV3fx (51e8e241-b539-4d3a-b5b8-dcb6249e9640)
2020-05-21 15:51:00.720 15 RALLYDEBUG rally_openstack.cleanup.manager [-] Deleting neutron.network object s_rally_ee8e4954_L24cQgAB (4bef75b3-16af-4811-ba27-5309b4cd325c)
2020-05-21 15:51:00.727 15 RALLYDEBUG rally_openstack.cleanup.manager [-] Deleting neutron.network object s_rally_ee8e4954_SjHLLA0r (5309c637-4f9d-4977-ae2b-dd4979bbf8e9)
2020-05-21 15:51:00.754 15 RALLYDEBUG rally_openstack.cleanup.manager [-] Deleting neutron.network object s_rally_ee8e4954_8MDIxPTq (56bcf879-0501-41b7-93b1-9450605cfd08)
2020-05-21 15:51:00.759 15 RALLYDEBUG rally_openstack.cleanup.manager [-] Deleting neutron.network object s_rally_ee8e4954_6qtzJO0p (56401d7f-4530-49ae-8344-fa2b5c6c6aee)
2020-05-21 15:51:00.760 15 RALLYDEBUG rally_openstack.cleanup.manager [-] Deleting neutron.network object s_rally_ee8e4954_0QOMbmx6 (587f9427-846e-4885-97df-5540379f35d6)
2020-05-21 15:51:00.825 15 RALLYDEBUG rally_openstack.cleanup.manager [-] Deleting neutron.network object s_rally_ee8e4954_pD5bgbdN (5d96cfce-a4d6-484e-9e71-91d019c65194)
2020-05-21 15:51:00.826 15 RALLYDEBUG rally_openstack.cleanup.manager [-] Deleting neutron.network object s_rally_ee8e4954_6P1sBCFB (61d742ef-70d9-472b-8410-5402f81481b5)
2020-05-21 15:51:00.830 15 RALLYDEBUG rally_openstack.cleanup.manager [-] Deleting neutron.network object s_rally_ee8e4954_hpZZ30Kd (6c5de1aa-6dbf-404d-b4a2-28429516ce7e)
2020-05-21 15:51:00.849 15 RALLYDEBUG rally_openstack.cleanup.manager [-] Deleting neutron.network object s_rally_ee8e4954_rkvAA6dd (795fefa4-6c90-4ff9-92eb-e43693c6cc5c)
2020-05-21 15:51:00.856 15 RALLYDEBUG rally_openstack.cleanup.manager [-] Deleting neutron.network object s_rally_ee8e4954_69mgmGAc (7b8d6599-5bfc-480f-b99e-3420c68e81e7)
2020-05-21 15:51:00.878 15 RALLYDEBUG rally_openstack.cleanup.manager [-] Deleting neutron.network object s_rally_ee8e4954_NQapVD6a (862b5028-8c8c-4f44-90eb-8a89c94ea9af)
2020-05-21 15:51:00.910 15 RALLYDEBUG rally_openstack.cleanup.manager [-] Deleting neutron.network object s_rally_ee8e4954_y5vBhLIV (869467b0-2897-4b64-9338-ceca65204df0)
2020-05-21 15:51:03.237 15 RALLYDEBUG rally_openstack.cleanup.manager [-] Deleting neutron.network object s_rally_ee8e4954_2We67Ii1 (9537e1e3-e3ad-4662-bfa1-967276c0d42f)
2020-05-21 15:51:03.500 15 RALLYDEBUG rally_openstack.cleanup.manager [-] Deleting neutron.network object s_rally_ee8e4954_iuTkxUTU (9a802771-eaba-4e70-81f7-2c85f0fa25ab)
2020-05-21 15:51:03.537 15 RALLYDEBUG rally_openstack.cleanup.manager [-] Deleting neutron.network object s_rally_ee8e4954_kbHTdH13 (9b868212-6af9-4ec3-9ff6-9f0f7a0f9ce0)
2020-05-21 15:51:03.693 15 RALLYDEBUG rally_openstack.cleanup.manager [-] Deleting neutron.network object s_rally_ee8e4954_SSoZQvEd (9f8e0e10-ce07-419a-a0a6-2704e7bf4de4)
2020-05-21 15:51:03.758 15 RALLYDEBUG rally_openstack.cleanup.manager [-] Deleting neutron.network object s_rally_ee8e4954_JApDNzSP (a8cb0bc2-6fba-46a9-b875-f31a15aba121)
2020-05-21 15:51:03.767 15 RALLYDEBUG rally_openstack.cleanup.manager [-] Deleting neutron.network object s_rally_ee8e4954_uSpqpF69 (ab9b8dc2-8710-4a4b-8d27-0cefb9e804c6)
2020-05-21 15:51:03.785 15 RALLYDEBUG rally_openstack.cleanup.manager [-] Deleting neutron.network object s_rally_ee8e4954_wR2D8kw8 (ac7fee02-7fee-4201-a532-145d2b499c5e)
2020-05-21 15:51:03.950 15 RALLYDEBUG rally_openstack.cleanup.manager [-] Deleting neutron.network object s_rally_ee8e4954_3tpCzfwC (adc090ef-c5f2-4fc3-8047-90578210c80a)
2020-05-21 15:51:03.972 15 RALLYDEBUG rally_openstack.cleanup.manager [-] Deleting neutron.network object s_rally_ee8e4954_HHcLjYov (b16beb33-02e8-417c-ba2b-b64a5359872a)
2020-05-21 15:51:04.037 15 RALLYDEBUG rally_openstack.cleanup.manager [-] Deleting neutron.network object s_rally_ee8e4954_R01sYa6V (c3acbc89-6943-4553-a107-7929e5a8fee7)
2020-05-21 15:51:04.058 15 RALLYDEBUG rally_openstack.cleanup.manager [-] Deleting neutron.network object s_rally_ee8e4954_AGIC0Zl3 (cdb0a9bc-c7bc-40da-9fb8-decbaad2a1d5)
2020-05-21 15:51:04.590 15 RALLYDEBUG rally_openstack.cleanup.manager [-] Deleting neutron.network object s_rally_ee8e4954_zPyUnTaG (cdb97bb0-4ce4-48a7-98b5-b92319cdfc76)
2020-05-21 15:51:04.995 15 RALLYDEBUG rally_openstack.cleanup.manager [-] Deleting neutron.network object s_rally_ee8e4954_AE1FuEa6 (d2583650-4ba0-4e70-8b60-9f0acc0f67be)
2020-05-21 15:51:05.232 15 RALLYDEBUG rally_openstack.cleanup.manager [-] Deleting neutron.network object s_rally_ee8e4954_n4fen9Ph (de0e036b-9c78-44a4-9f31-44dbf6471f32)
2020-05-21 15:51:05.263 15 RALLYDEBUG rally_openstack.cleanup.manager [-] Deleting neutron.network object s_rally_ee8e4954_BDyRaCCt (e4516181-8bd6-4cbd-bddd-74a2d3519d0a)
2020-05-21 15:51:05.279 15 RALLYDEBUG rally_openstack.cleanup.manager [-] Deleting neutron.network object s_rally_ee8e4954_VZtIaynT (e5692e3c-7960-4b85-8682-3be831f5a5e2)
2020-05-21 15:51:05.338 15 RALLYDEBUG rally_openstack.cleanup.manager [-] Deleting neutron.network object s_rally_ee8e4954_XfYqVsvb (e6984e2b-7042-4ef5-aa8c-a89af5800b9d)
2020-05-21 15:51:05.388 15 RALLYDEBUG rally_openstack.cleanup.manager [-] Deleting neutron.network object s_rally_ee8e4954_YoP7RCaX (eb072878-a3b5-4632-84bb-baca93d06323)
2020-05-21 15:51:05.467 15 RALLYDEBUG rally_openstack.cleanup.manager [-] Deleting neutron.network object s_rally_ee8e4954_FLb3cPIr (ed79f3fd-5177-4d0b-b947-28d01489a642)
2020-05-21 15:51:05.656 15 RALLYDEBUG rally_openstack.cleanup.manager [-] Deleting neutron.network object s_rally_ee8e4954_7fVSqMwJ (fcb4fe84-4b31-4ce7-9380-2b1a1a98523b)
2020-05-21 15:51:08.369 15 RALLYDEBUG rally_openstack.cleanup.manager [-] Cleaning up neutron router objects
2020-05-21 15:51:08.630 15 RALLYDEBUG rally_openstack.cleanup.manager [-] Cleaning up neutron security_group objects
2020-05-21 15:51:08.918 15 INFO rally.task.context [-] Task ff86f3ea-2290-483a-a246-69553bf24441 | Context cleanup@openstack cleanup() finished in 10.47 sec
2020-05-21 15:51:08.918 15 INFO rally.task.context [-] Task ff86f3ea-2290-483a-a246-69553bf24441 | Context quotas@openstack cleanup() started
2020-05-21 15:51:08.958 15 INFO rally.task.context [-] Task ff86f3ea-2290-483a-a246-69553bf24441 | Context quotas@openstack cleanup() finished in 39.89 msec
2020-05-21 15:51:08.959 15 INFO rally.task.context [-] Task ff86f3ea-2290-483a-a246-69553bf24441 | Context users@openstack cleanup() started
2020-05-21 15:51:10.346 15 INFO rally.task.context [-] Task ff86f3ea-2290-483a-a246-69553bf24441 | Context users@openstack cleanup() finished in 1.39 sec
2020-05-21 15:51:10.950 15 INFO rally.task.engine [-] Load duration is: 6.467746
2020-05-21 15:51:10.951 15 INFO rally.task.engine [-] Full runner duration is: 6.517473
2020-05-21 15:51:10.951 15 INFO rally.task.engine [-] Full duration is: 19.547224
2020-05-21 15:51:11.022 15 INFO rally.task.engine [-] Running workload: position = 2 config = { "version": 2, "title": "A cropped version of a bigger task.", "description": "Auto-generated task from a single workload (uuid=fb733734-e4ed-4adf-b886-0376eff89067)", "subtasks": [ { "title": "NeutronNetworks.create_and_delete_networks", "description": "Create and delete a network.", "scenario": { "NeutronNetworks.create_and_delete_networks": {} }, "contexts": { "users": { "tenants": 1, "users_per_tenant": 1 }, "quotas": { "neutron": { "network": -1, "subnet": -1 } } }, "runner": { "constant": { "times": 40, "concurrency": 20 } }, "hooks": [], "sla": { "failure_rate": { "max": 0 } } } ] }
2020-05-21 15:51:11.034 15 RALLYDEBUG rally_openstack.contexts.keystone.users [-] Creating 1 tenants using 20 threads
2020-05-21 15:51:11.366 15 RALLYDEBUG rally_openstack.contexts.keystone.users [-] Creating 1 users using 20 threads
2020-05-21 15:51:11.817 15 INFO rally.task.context [-] Task ff86f3ea-2290-483a-a246-69553bf24441 | Context users@openstack setup() finished in 0.78 sec
2020-05-21 15:51:12.173 15 INFO rally.task.context [-] Task ff86f3ea-2290-483a-a246-69553bf24441 | Context quotas@openstack setup() finished in 0.36 sec
2020-05-21 15:51:12.173 15 INFO rally.task.context [-] Task ff86f3ea-2290-483a-a246-69553bf24441 | Context cleanup@openstack setup() finished in 0.01 msec
2020-05-21 15:51:12.182 15 RALLYDEBUG rally.task.runner [-] Starting the constant runner (task UUID: ff86f3ea-2290-483a-a246-69553bf24441). timeout: 0 concurrency: 20 concurrency_per_worker: 1 times: 40 concurrency_overhead: 0 processes_to_start: 20 max_cpu_used: 88
2020-05-21 15:51:12.200 1003 RALLYDEBUG rally.task.runner [-] Starting a worker. concurrency: 1 args: {} times: 40 method_name: run timeout: 0 duration: None cls:
2020-05-21 15:51:12.202 1004 RALLYDEBUG rally.task.runner [-] Starting a worker. concurrency: 1 args: {} times: 40 method_name: run timeout: 0 duration: None cls:
2020-05-21 15:51:12.205 1005 RALLYDEBUG rally.task.runner [-] Starting a worker. concurrency: 1 args: {} times: 40 method_name: run timeout: 0 duration: None cls:
2020-05-21 15:51:12.206 1003 INFO rally.task.runner [-] Task ff86f3ea-2290-483a-a246-69553bf24441 | ITER: 1 START
2020-05-21 15:51:12.207 1006 RALLYDEBUG rally.task.runner [-] Starting a worker. concurrency: 1 args: {} times: 40 method_name: run timeout: 0 duration: None cls:
2020-05-21 15:51:12.208 1004 INFO rally.task.runner [-] Task ff86f3ea-2290-483a-a246-69553bf24441 | ITER: 2 START
2020-05-21 15:51:12.211 1005 INFO rally.task.runner [-] Task ff86f3ea-2290-483a-a246-69553bf24441 | ITER: 3 START
2020-05-21 15:51:12.210 1007 RALLYDEBUG rally.task.runner [-] Starting a worker. concurrency: 1 args: {} times: 40 method_name: run timeout: 0 duration: None cls:
2020-05-21 15:51:12.213 1006 INFO rally.task.runner [-] Task ff86f3ea-2290-483a-a246-69553bf24441 | ITER: 4 START
2020-05-21 15:51:12.213 1010 RALLYDEBUG rally.task.runner [-] Starting a worker. concurrency: 1 args: {} times: 40 method_name: run timeout: 0 duration: None cls:
2020-05-21 15:51:12.216 1007 INFO rally.task.runner [-] Task ff86f3ea-2290-483a-a246-69553bf24441 | ITER: 5 START
2020-05-21 15:51:12.215 1013 RALLYDEBUG rally.task.runner [-] Starting a worker. concurrency: 1 args: {} times: 40 method_name: run timeout: 0 duration: None cls:
2020-05-21 15:51:12.218 1010 INFO rally.task.runner [-] Task ff86f3ea-2290-483a-a246-69553bf24441 | ITER: 6 START
2020-05-21 15:51:12.218 1016 RALLYDEBUG rally.task.runner [-] Starting a worker. concurrency: 1 args: {} times: 40 method_name: run timeout: 0 duration: None cls:
2020-05-21 15:51:12.221 1013 INFO rally.task.runner [-] Task ff86f3ea-2290-483a-a246-69553bf24441 | ITER: 7 START
2020-05-21 15:51:12.221 1019 RALLYDEBUG rally.task.runner [-] Starting a worker. concurrency: 1 args: {} times: 40 method_name: run timeout: 0 duration: None cls:
2020-05-21 15:51:12.224 1022 RALLYDEBUG rally.task.runner [-] Starting a worker. concurrency: 1 args: {} times: 40 method_name: run timeout: 0 duration: None cls:
2020-05-21 15:51:12.224 1026 RALLYDEBUG rally.task.runner [-] Starting a worker. concurrency: 1 args: {} times: 40 method_name: run timeout: 0 duration: None cls:
2020-05-21 15:51:12.224 1016 INFO rally.task.runner [-] Task ff86f3ea-2290-483a-a246-69553bf24441 | ITER: 8 START
2020-05-21 15:51:12.227 1019 INFO rally.task.runner [-] Task ff86f3ea-2290-483a-a246-69553bf24441 | ITER: 9 START
2020-05-21 15:51:12.228 1026 INFO rally.task.runner [-] Task ff86f3ea-2290-483a-a246-69553bf24441 | ITER: 11 START
2020-05-21 15:51:12.229 1022 INFO rally.task.runner [-] Task ff86f3ea-2290-483a-a246-69553bf24441 | ITER: 10 START
2020-05-21 15:51:12.232 1031 RALLYDEBUG rally.task.runner [-] Starting a worker. concurrency: 1 args: {} times: 40 method_name: run timeout: 0 duration: None cls:
2020-05-21 15:51:12.232 1028 RALLYDEBUG rally.task.runner [-] Starting a worker. concurrency: 1 args: {} times: 40 method_name: run timeout: 0 duration: None cls:
2020-05-21 15:51:12.235 1037 RALLYDEBUG rally.task.runner [-] Starting a worker. concurrency: 1 args: {} times: 40 method_name: run timeout: 0 duration: None cls:
2020-05-21 15:51:12.238 1031 INFO rally.task.runner [-] Task ff86f3ea-2290-483a-a246-69553bf24441 | ITER: 12 START
2020-05-21 15:51:12.238 1039 RALLYDEBUG rally.task.runner [-] Starting a worker. concurrency: 1 args: {} times: 40 method_name: run timeout: 0 duration: None cls:
2020-05-21 15:51:12.239 1028 INFO rally.task.runner [-] Task ff86f3ea-2290-483a-a246-69553bf24441 | ITER: 13 START
2020-05-21 15:51:12.240 1037 INFO rally.task.runner [-] Task ff86f3ea-2290-483a-a246-69553bf24441 | ITER: 14 START
2020-05-21 15:51:12.241 1040 RALLYDEBUG rally.task.runner [-] Starting a worker. concurrency: 1 args: {} times: 40 method_name: run timeout: 0 duration: None cls:
2020-05-21 15:51:12.243 1042 RALLYDEBUG rally.task.runner [-] Starting a worker. concurrency: 1 args: {} times: 40 method_name: run timeout: 0 duration: None cls:
2020-05-21 15:51:12.244 1039 INFO rally.task.runner [-] Task ff86f3ea-2290-483a-a246-69553bf24441 | ITER: 15 START
2020-05-21 15:51:12.246 1048 RALLYDEBUG rally.task.runner [-] Starting a worker. concurrency: 1 args: {} times: 40 method_name: run timeout: 0 duration: None cls:
2020-05-21 15:51:12.247 1040 INFO rally.task.runner [-] Task ff86f3ea-2290-483a-a246-69553bf24441 | ITER: 16 START
2020-05-21 15:51:12.247 1042 INFO rally.task.runner [-] Task ff86f3ea-2290-483a-a246-69553bf24441 | ITER: 17 START
2020-05-21 15:51:12.248 1050 RALLYDEBUG rally.task.runner [-] Starting a worker. concurrency: 1 args: {} times: 40 method_name: run timeout: 0 duration: None cls:
2020-05-21 15:51:12.251 1048 INFO rally.task.runner [-] Task ff86f3ea-2290-483a-a246-69553bf24441 | ITER: 18 START
2020-05-21 15:51:12.252 1052 RALLYDEBUG rally.task.runner [-] Starting a worker. concurrency: 1 args: {} times: 40 method_name: run timeout: 0 duration: None cls:
2020-05-21 15:51:12.253 1050 INFO rally.task.runner [-] Task ff86f3ea-2290-483a-a246-69553bf24441 | ITER: 19 START
2020-05-21 15:51:12.257 1052 INFO rally.task.runner [-] Task ff86f3ea-2290-483a-a246-69553bf24441 | ITER: 20 START
2020-05-21 15:51:14.112 1003 INFO rally.task.runner [-] Task ff86f3ea-2290-483a-a246-69553bf24441 | ITER: 1 END: OK
2020-05-21 15:51:14.117 1003 INFO rally.task.runner [-] Task ff86f3ea-2290-483a-a246-69553bf24441 | ITER: 21 START
2020-05-21 15:51:14.123 1028 INFO rally.task.runner [-] Task ff86f3ea-2290-483a-a246-69553bf24441 | ITER: 13 END: OK
2020-05-21 15:51:14.127 1028 INFO rally.task.runner [-] Task ff86f3ea-2290-483a-a246-69553bf24441 | ITER: 22 START
2020-05-21 15:51:14.191 1006 INFO rally.task.runner [-] Task ff86f3ea-2290-483a-a246-69553bf24441 | ITER: 4 END: OK
2020-05-21 15:51:14.196 1006 INFO rally.task.runner [-] Task ff86f3ea-2290-483a-a246-69553bf24441 | ITER: 23 START
2020-05-21 15:51:14.249 1019 INFO rally.task.runner [-] Task ff86f3ea-2290-483a-a246-69553bf24441 | ITER: 9 END: OK
2020-05-21 15:51:14.253 1019 INFO rally.task.runner [-] Task ff86f3ea-2290-483a-a246-69553bf24441 | ITER: 24 START
2020-05-21 15:51:14.286 1005 INFO rally.task.runner [-] Task ff86f3ea-2290-483a-a246-69553bf24441 | ITER: 3 END: OK
2020-05-21 15:51:14.291 1005 INFO rally.task.runner [-] Task ff86f3ea-2290-483a-a246-69553bf24441 | ITER: 25 START
2020-05-21 15:51:14.405 1004 INFO rally.task.runner [-] Task ff86f3ea-2290-483a-a246-69553bf24441 | ITER: 2 END: OK
2020-05-21 15:51:14.410 1004 INFO rally.task.runner [-] Task ff86f3ea-2290-483a-a246-69553bf24441 | ITER: 26 START
2020-05-21 15:51:14.649 1039 INFO rally.task.runner [-] Task ff86f3ea-2290-483a-a246-69553bf24441 | ITER: 15 END: OK
2020-05-21 15:51:14.653 1039 INFO rally.task.runner [-] Task ff86f3ea-2290-483a-a246-69553bf24441 | ITER: 27 START
2020-05-21 15:51:14.779 1037 INFO rally.task.runner [-] Task ff86f3ea-2290-483a-a246-69553bf24441 | ITER: 14 END: OK
2020-05-21 15:51:14.784 1037 INFO rally.task.runner [-] Task ff86f3ea-2290-483a-a246-69553bf24441 | ITER: 28 START
2020-05-21 15:51:14.798 1022 INFO rally.task.runner [-] Task ff86f3ea-2290-483a-a246-69553bf24441 | ITER: 10 END: OK
2020-05-21 15:51:14.803 1022 INFO rally.task.runner [-] Task ff86f3ea-2290-483a-a246-69553bf24441 | ITER: 29 START
2020-05-21 15:51:15.216 1028 INFO rally.task.runner [-] Task ff86f3ea-2290-483a-a246-69553bf24441 | ITER: 22 END: OK
2020-05-21 15:51:15.220 1028 INFO rally.task.runner [-] Task ff86f3ea-2290-483a-a246-69553bf24441 | ITER: 30 START
2020-05-21 15:51:15.480 1040 INFO rally.task.runner [-] Task ff86f3ea-2290-483a-a246-69553bf24441 | ITER: 16 END: OK
2020-05-21 15:51:15.486 1040 INFO rally.task.runner [-] Task ff86f3ea-2290-483a-a246-69553bf24441 | ITER: 31 START
2020-05-21 15:51:15.700 1031 INFO rally.task.runner [-] Task ff86f3ea-2290-483a-a246-69553bf24441 | ITER: 12 END: OK
2020-05-21 15:51:15.705 1031 INFO rally.task.runner [-] Task ff86f3ea-2290-483a-a246-69553bf24441 | ITER: 32 START
2020-05-21 15:51:15.811 1050 INFO rally.task.runner [-] Task ff86f3ea-2290-483a-a246-69553bf24441 | ITER: 19 END: OK
2020-05-21 15:51:15.816 1050 INFO rally.task.runner [-] Task ff86f3ea-2290-483a-a246-69553bf24441 | ITER: 33 START
2020-05-21 15:51:15.831 1013 INFO rally.task.runner [-] Task ff86f3ea-2290-483a-a246-69553bf24441 | ITER: 7 END: OK
2020-05-21 15:51:15.836 1013 INFO rally.task.runner [-] Task ff86f3ea-2290-483a-a246-69553bf24441 | ITER: 34 START
