2020-01-16 15:53:51.309 15 RALLYDEBUG rally_openstack.cleanup.manager [-] Deleting neutron.network object s_rally_56106ebc_aUynznP4 (ecd54b11-6da1-4735-a00a-4d3cdc4633a2)
2020-01-16 15:53:54.163 15 RALLYDEBUG rally_openstack.cleanup.manager [-] Deleting neutron.network object s_rally_56106ebc_47BPLzZo (f40711c8-2f29-499f-8ada-8f45bb8e6ba7)
2020-01-16 15:53:57.888 15 RALLYDEBUG rally_openstack.cleanup.manager [-] Deleting neutron.network object s_rally_56106ebc_WyKD6WLS (f731f9a0-4d0c-41e9-9e07-a2728a59cd5a)
2020-01-16 15:54:00.343 15 RALLYDEBUG rally_openstack.cleanup.manager [-] Deleting neutron.network object s_rally_56106ebc_4TLgHlgN (fad8ccd1-46a6-4b83-90f6-217723004222)
2020-01-16 15:54:02.276 15 RALLYDEBUG rally_openstack.cleanup.manager [-] Deleting neutron.network object s_rally_56106ebc_g1NN9eFS (fe46e573-2721-4c31-910d-93430a010252)
2020-01-16 15:54:32.467 15 ERROR rally_openstack.osclients [-] Unable to authenticate for user c_rally_56106ebc_iERK409a in project c_rally_56106ebc_SxMBdDJX: BadGateway: Bad Gateway (HTTP 502)
2020-01-16 15:54:32.467 15 ERROR rally_openstack.osclients
Traceback (most recent call last):
2020-01-16 15:54:32.467 15 ERROR rally_openstack.osclients
File "/usr/lib/python2.7/site-packages/rally_openstack/osclients.py", line 273, in auth_ref
2020-01-16 15:54:32.467 15 ERROR rally_openstack.osclients self.cache["keystone_auth_ref"] = plugin.get_access(sess)
2020-01-16 15:54:32.467 15 ERROR rally_openstack.osclients
File "/usr/lib/python2.7/site-packages/keystoneauth1/identity/base.py", line 134, in get_access
2020-01-16 15:54:32.467 15 ERROR rally_openstack.osclients self.auth_ref = self.get_auth_ref(session)
2020-01-16 15:54:32.467 15 ERROR rally_openstack.osclients
File "/usr/lib/python2.7/site-packages/keystoneauth1/identity/generic/base.py", line 208, in get_auth_ref
2020-01-16 15:54:32.467 15 ERROR rally_openstack.osclients return self._plugin.get_auth_ref(session, **kwargs)
2020-01-16 15:54:32.467 15 ERROR rally_openstack.osclients
File "/usr/lib/python2.7/site-packages/keystoneauth1/identity/v3/base.py", line 178, in get_auth_ref
2020-01-16 15:54:32.467 15 ERROR rally_openstack.osclients authenticated=False, log=False, **rkwargs)
2020-01-16 15:54:32.467 15 ERROR rally_openstack.osclients
File "/usr/lib/python2.7/site-packages/keystoneauth1/session.py", line 1019, in post
2020-01-16 15:54:32.467 15 ERROR rally_openstack.osclients return self.request(url, 'POST', **kwargs)
2020-01-16 15:54:32.467 15 ERROR rally_openstack.osclients
File "/usr/lib/python2.7/site-packages/keystoneauth1/session.py", line 869, in request
2020-01-16 15:54:32.467 15 ERROR rally_openstack.osclients raise exceptions.from_response(resp, method, url)
2020-01-16 15:54:32.467 15 ERROR rally_openstack.osclients BadGateway: Bad Gateway (HTTP 502)
2020-01-16 15:54:32.467 15 ERROR rally_openstack.osclients
2020-01-16 15:54:32.467 15 ERROR rally_openstack.osclients [-] Unable to authenticate for user c_rally_56106ebc_iERK409a in project c_rally_56106ebc_SxMBdDJX: BadGateway: Bad Gateway (HTTP 502)
2020-01-16 15:54:32.467 15 ERROR rally_openstack.osclients
Traceback (most recent call last):
2020-01-16 15:54:32.467 15 ERROR rally_openstack.osclients
File "/usr/lib/python2.7/site-packages/rally_openstack/osclients.py", line 273, in auth_ref
2020-01-16 15:54:32.467 15 ERROR rally_openstack.osclients self.cache["keystone_auth_ref"] = plugin.get_access(sess)
2020-01-16 15:54:32.467 15 ERROR rally_openstack.osclients
File "/usr/lib/python2.7/site-packages/keystoneauth1/identity/base.py", line 134, in get_access
2020-01-16 15:54:32.467 15 ERROR rally_openstack.osclients self.auth_ref = self.get_auth_ref(session)
2020-01-16 15:54:32.467 15 ERROR rally_openstack.osclients
File "/usr/lib/python2.7/site-packages/keystoneauth1/identity/generic/base.py", line 208, in get_auth_ref
2020-01-16 15:54:32.467 15 ERROR rally_openstack.osclients return self._plugin.get_auth_ref(session, **kwargs)
2020-01-16 15:54:32.467 15 ERROR rally_openstack.osclients
File "/usr/lib/python2.7/site-packages/keystoneauth1/identity/v3/base.py", line 178, in get_auth_ref
2020-01-16 15:54:32.467 15 ERROR rally_openstack.osclients authenticated=False, log=False, **rkwargs)
2020-01-16 15:54:32.467 15 ERROR rally_openstack.osclients
File "/usr/lib/python2.7/site-packages/keystoneauth1/session.py", line 1019, in post
2020-01-16 15:54:32.467 15 ERROR rally_openstack.osclients return self.request(url, 'POST', **kwargs)
2020-01-16 15:54:32.467 15 ERROR rally_openstack.osclients
File "/usr/lib/python2.7/site-packages/keystoneauth1/session.py", line 869, in request
2020-01-16 15:54:32.467 15 ERROR rally_openstack.osclients raise exceptions.from_response(resp, method, url)
2020-01-16 15:54:32.467 15 ERROR rally_openstack.osclients BadGateway: Bad Gateway (HTTP 502)
2020-01-16 15:54:32.467 15 ERROR rally_openstack.osclients
2020-01-16 15:54:36.491 15 RALLYDEBUG rally_openstack.cleanup.manager [-] Cleaning up neutron router objects
2020-01-16 15:54:37.027 15 RALLYDEBUG rally_openstack.cleanup.manager [-] Deleting neutron.router object s_rally_56106ebc_TckSrw7e (00ca0772-e2e0-4469-8b98-ed8db6dbd4d0)
2020-01-16 15:54:37.032 15 RALLYDEBUG rally_openstack.cleanup.manager [-] Deleting neutron.router object s_rally_56106ebc_7jjW6DCa (0e5706a5-fdb1-42fb-a2a5-05e6720621bc)
2020-01-16 15:54:37.040 15 RALLYDEBUG rally_openstack.cleanup.manager [-] Deleting neutron.router object s_rally_56106ebc_pdPl5qUW (0fd50e49-0c2f-4aba-bd01-5f82e62b6843)
2020-01-16 15:54:37.049 15 RALLYDEBUG rally_openstack.cleanup.manager [-] Deleting neutron.router object s_rally_56106ebc_ypCPpo2V (13766af4-17ac-40be-bd3f-5c611d5b815a)
2020-01-16 15:54:37.067 15 RALLYDEBUG rally_openstack.cleanup.manager [-] Deleting neutron.router object s_rally_56106ebc_fucdYrIN (15365627-d4d4-424c-9645-e7a52ee988e0)
2020-01-16 15:54:37.069 15 RALLYDEBUG rally_openstack.cleanup.manager [-] Deleting neutron.router object s_rally_56106ebc_9IqJWDx0 (166a848f-ef36-4afd-9eaa-fd774c7dc2df)
2020-01-16 15:54:37.087 15 RALLYDEBUG rally_openstack.cleanup.manager [-] Deleting neutron.router object s_rally_56106ebc_IDV64djv (215ae7d8-d86f-47df-8c47-022cac8b5ff0)
2020-01-16 15:54:37.089 15 RALLYDEBUG rally_openstack.cleanup.manager [-] Deleting neutron.router object s_rally_56106ebc_AaF3D6Ag (18907376-89e2-4145-9c05-ee4f45e18a78)
2020-01-16 15:54:37.144 15 RALLYDEBUG rally_openstack.cleanup.manager [-] Deleting neutron.router object s_rally_56106ebc_4Jiu5dtc (21661c99-3b76-4109-a1b9-c69e24e5dd8e)
2020-01-16 15:54:37.170 15 RALLYDEBUG rally_openstack.cleanup.manager [-] Deleting neutron.router object s_rally_56106ebc_jtvBIreD (21fb2d69-5084-40c9-8cf8-c6ae3a242efe)
2020-01-16 15:54:37.172 15 RALLYDEBUG rally_openstack.cleanup.manager [-] Deleting neutron.router object s_rally_56106ebc_TGN73Eqo (2276357d-9dcb-49b7-8aaa-27c3e34e1f97)
2020-01-16 15:54:37.177 15 RALLYDEBUG rally_openstack.cleanup.manager [-] Deleting neutron.router object s_rally_56106ebc_Q7AcyWTT (2c501817-de42-4ef7-8a49-b70141c8ed83)
2020-01-16 15:54:37.186 15 RALLYDEBUG rally_openstack.cleanup.manager [-] Deleting neutron.router object s_rally_56106ebc_pldIoOIC (22b45d3a-f80c-42b3-9cad-aa300a34e224)
2020-01-16 15:54:37.215 15 RALLYDEBUG rally_openstack.cleanup.manager [-] Deleting neutron.router object s_rally_56106ebc_O4BZ4IIX (2ebf6def-5ef6-49df-8fee-de6edfde6408)
2020-01-16 15:54:37.227 15 RALLYDEBUG rally_openstack.cleanup.manager [-] Deleting neutron.router object s_rally_56106ebc_4vwlYah3 (35bd7f23-e309-4785-9b6a-ed669bd9ddc2)
2020-01-16 15:54:37.233 15 RALLYDEBUG rally_openstack.cleanup.manager [-] Deleting neutron.router object s_rally_56106ebc_BqR4Zo3l (3cbce04e-07b6-4a42-bbcc-ba16e72e9a73)
2020-01-16 15:54:37.232 15 RALLYDEBUG rally_openstack.cleanup.manager [-] Deleting neutron.router object s_rally_56106ebc_75EGkRlP (30f2740a-1ad9-4da6-8710-ca330afa62d9)
2020-01-16 15:54:37.243 15 RALLYDEBUG rally_openstack.cleanup.manager [-] Deleting neutron.router object s_rally_56106ebc_1G0pnaTP (2d60f88d-9216-4b13-af60-1473ca730f7f)
2020-01-16 15:54:37.249 15 RALLYDEBUG rally_openstack.cleanup.manager [-] Deleting neutron.router object s_rally_56106ebc_OY1CHXHB (3cc0f1b1-c735-4b84-8fb7-03686eb1c5da)
2020-01-16 15:54:37.283 15 RALLYDEBUG rally_openstack.cleanup.manager [-] Deleting neutron.router object s_rally_56106ebc_p3rWUYPK (391bcf2d-cd4b-4faf-8d30-fdaedb1be4d5)
2020-01-16 15:54:40.462 15 RALLYDEBUG rally_openstack.cleanup.manager [-] Deleting neutron.router object s_rally_56106ebc_cOuUCKKh (43dce95f-b14d-4eac-b27d-149739e8f39d)
2020-01-16 15:54:41.184 15 RALLYDEBUG rally_openstack.cleanup.manager [-] Deleting neutron.router object s_rally_56106ebc_uOHbSe2i (4605a281-fabf-44a9-87ca-c257ae900f91)
2020-01-16 15:54:41.469 15 RALLYDEBUG rally_openstack.cleanup.manager [-] Deleting neutron.router object s_rally_56106ebc_5vdSoFi3 (476ac0ff-a9b6-415b-9674-a7ac7296278c)
2020-01-16 15:54:41.474 15 RALLYDEBUG rally_openstack.cleanup.manager [-] Deleting neutron.router object s_rally_56106ebc_pqczjieI (509f9a37-923f-4385-8155-db17583bff2e)
2020-01-16 15:54:56.376 15 RALLYDEBUG rally_openstack.cleanup.manager [-] Deleting neutron.router object s_rally_56106ebc_QorID2Jt (51176a20-08cd-476d-9773-ef7268ee8f7b)
2020-01-16 15:54:56.591 15 RALLYDEBUG rally_openstack.cleanup.manager [-] Deleting neutron.router object s_rally_56106ebc_wzJ67iLG (53c9bb24-678d-4fec-91d2-4e418469d575)
2020-01-16 15:54:57.215 15 RALLYDEBUG rally_openstack.cleanup.manager [-] Deleting neutron.router object s_rally_56106ebc_b1hIiQRv (54c703f8-b737-4c7d-b504-5f48b9a44cf3)
2020-01-16 15:54:57.786 15 RALLYDEBUG rally_openstack.cleanup.manager [-] Deleting neutron.router object s_rally_56106ebc_diS6CRN7 (57d84cc0-6193-4e43-901d-0be32b93dd45)
2020-01-16 15:54:57.968 15 RALLYDEBUG rally_openstack.cleanup.manager [-] Deleting neutron.router object s_rally_56106ebc_RN0SYVAn (606a5bdb-4801-4bbc-af26-f3d52a412df4)
2020-01-16 15:54:58.003 15 RALLYDEBUG rally_openstack.cleanup.manager [-] Deleting neutron.router object s_rally_56106ebc_MvqspdoP (60d63dc5-542c-47b9-9cc4-2497130fd422)
2020-01-16 15:54:58.052 15 RALLYDEBUG rally_openstack.cleanup.manager [-] Deleting neutron.router object s_rally_56106ebc_Q0WHX11s (675de7a3-bce3-49e0-a257-b9f6d963ccff)
2020-01-16 15:54:58.156 15 RALLYDEBUG rally_openstack.cleanup.manager [-] Deleting neutron.router object s_rally_56106ebc_hCRmYDva (68370eec-a91e-4adf-b9a3-40c07be7fcc2)
2020-01-16 15:54:58.491 15 RALLYDEBUG rally_openstack.cleanup.manager [-] Deleting neutron.router object s_rally_56106ebc_SYPeZmUN (6e0aebb6-3408-4812-91d1-109de58f214c)
2020-01-16 15:54:58.688 15 RALLYDEBUG rally_openstack.cleanup.manager [-] Deleting neutron.router object s_rally_56106ebc_3GfmoO5D (6e61d588-d2da-44a8-8f1a-d0eb74f98578)
2020-01-16 15:54:58.796 15 RALLYDEBUG rally_openstack.cleanup.manager [-] Deleting neutron.router object s_rally_56106ebc_37mpYShK (6f2c13a9-5ced-4665-9d05-db48e63e04ad)
2020-01-16 15:54:58.857 15 RALLYDEBUG rally_openstack.cleanup.manager [-] Deleting neutron.router object s_rally_56106ebc_5DkwtBMu (6fe37a09-8840-40c7-9055-f0549a5bf088)
2020-01-16 15:54:59.133 15 RALLYDEBUG rally_openstack.cleanup.manager [-] Deleting neutron.router object s_rally_56106ebc_TUQAlHIn (71d9110e-696e-4ff6-88a0-cc64b2d67f0d)
2020-01-16 15:54:59.656 15 RALLYDEBUG rally_openstack.cleanup.manager [-] Deleting neutron.router object s_rally_56106ebc_1hgkXtad (75dc9c95-914d-4fc9-9023-1fe9daf833c1)
2020-01-16 15:54:59.747 15 RALLYDEBUG rally_openstack.cleanup.manager [-] Deleting neutron.router object s_rally_56106ebc_CEjVYruW (776ca6d2-adc3-43d7-864d-88e42fe8a6f3)
2020-01-16 15:54:59.749 15 RALLYDEBUG rally_openstack.cleanup.manager [-] Deleting neutron.router object s_rally_56106ebc_nHcRgDmI (774d6e9d-936f-4e2f-9b15-395ec698bf20)
2020-01-16 15:54:59.914 15 RALLYDEBUG rally_openstack.cleanup.manager [-] Deleting neutron.router object s_rally_56106ebc_rpxhxw48 (78798679-fd02-4063-983f-7014c9a5fcfe)
2020-01-16 15:55:00.462 15 RALLYDEBUG rally_openstack.cleanup.manager [-] Deleting neutron.router object s_rally_56106ebc_eCCUD6pu (79daa127-9469-4558-b377-1a4c86c9fd60)
2020-01-16 15:55:00.466 15 RALLYDEBUG rally_openstack.cleanup.manager [-] Deleting neutron.router object s_rally_56106ebc_zJ7G6Xfg (8447ef14-a68d-41e5-82a6-80815a02df65)
2020-01-16 15:55:00.955 15 RALLYDEBUG rally_openstack.cleanup.manager [-] Deleting neutron.router object s_rally_56106ebc_evN3qEL7 (84b5233c-7fe0-48aa-8863-6e1860e59429)
2020-01-16 15:55:01.304 15 RALLYDEBUG rally_openstack.cleanup.manager [-] Deleting neutron.router object s_rally_56106ebc_GAUQXCVD (86ebb4f0-dee4-46ce-9245-ed8a10d34f76)
2020-01-16 15:55:01.535 15 RALLYDEBUG rally_openstack.cleanup.manager [-] Deleting neutron.router object s_rally_56106ebc_hWB1Zvpf (86ed5b4c-9616-40b5-8fe6-c011e8cb783a)
2020-01-16 15:55:01.540 15 RALLYDEBUG rally_openstack.cleanup.manager [-] Deleting neutron.router object s_rally_56106ebc_1bt53SvU (87df87bf-3df3-4624-ace5-405837d17e20)
2020-01-16 15:55:01.590 15 RALLYDEBUG rally_openstack.cleanup.manager [-] Deleting neutron.router object s_rally_56106ebc_ZW4PPq6W (8856becc-f6b0-4809-9819-b2a17dc7e69a)
2020-01-16 15:55:01.695 15 RALLYDEBUG rally_openstack.cleanup.manager [-] Deleting neutron.router object s_rally_56106ebc_KIG1riei (8f16f946-33cb-4894-a519-177c2e1a9837)
2020-01-16 15:55:01.819 15 RALLYDEBUG rally_openstack.cleanup.manager [-] Deleting neutron.router object s_rally_56106ebc_WcYy1sFS (958c861c-eedc-4c7d-9ac2-3048d629c4be)
2020-01-16 15:55:02.385 15 RALLYDEBUG rally_openstack.cleanup.manager [-] Deleting neutron.router object s_rally_56106ebc_fXk8bAtP (96fa7ab2-0d45-4328-9fba-6b7c80fd0f20)
2020-01-16 15:55:02.389 15 RALLYDEBUG rally_openstack.cleanup.manager [-] Deleting neutron.router object s_rally_56106ebc_oDgJtls7 (9ac7c515-ec64-49fd-a417-285f4b941ac5)
2020-01-16 15:55:02.407 15 RALLYDEBUG rally_openstack.cleanup.manager [-] Deleting neutron.router object s_rally_56106ebc_1mdEaheu (9d06e49c-11fc-427a-b2d6-1c7108c870c0)
2020-01-16 15:55:02.635 15 RALLYDEBUG rally_openstack.cleanup.manager [-] Deleting neutron.router object s_rally_56106ebc_0t3Gx5sT (a0b22cec-2de4-4532-ba52-d46df7fbd5ce)
2020-01-16 15:55:02.734 15 RALLYDEBUG rally_openstack.cleanup.manager [-] Deleting neutron.router object s_rally_56106ebc_14HlvxwT (a558d506-82e3-4bfc-91bf-0ef90770e959)
2020-01-16 15:55:02.926 15 RALLYDEBUG rally_openstack.cleanup.manager [-] Deleting neutron.router object s_rally_56106ebc_aUs5DRr9 (aa8d65a9-a960-43fd-8121-5a3686ec68dc)
2020-01-16 15:55:03.001 15 RALLYDEBUG rally_openstack.cleanup.manager [-] Deleting neutron.router object s_rally_56106ebc_qL7eyt0i (b39187b6-eea7-439b-b5f1-f1d8c460a62d)
2020-01-16 15:55:03.694 15 RALLYDEBUG rally_openstack.cleanup.manager [-] Deleting neutron.router object s_rally_56106ebc_wtZCNnvI (b8d443d4-fa6b-4b5d-85c7-e30019e67da7)
2020-01-16 15:55:04.652 15 RALLYDEBUG rally_openstack.cleanup.manager [-] Deleting neutron.router object s_rally_56106ebc_DAUzgnns (b9f9eb2b-77ee-4e93-bb08-36bf305e4fad)
2020-01-16 15:55:04.862 15 RALLYDEBUG rally_openstack.cleanup.manager [-] Deleting neutron.router object s_rally_56106ebc_IENwWzbW (bd65eb25-d40a-4a70-aa47-b4bc6471bf3b)
2020-01-16 15:55:05.452 15 RALLYDEBUG rally_openstack.cleanup.manager [-] Deleting neutron.router object s_rally_56106ebc_Cz9eV4j9 (c0706562-2214-4e55-b14a-e965c79657fe)
2020-01-16 15:55:05.584 15 RALLYDEBUG rally_openstack.cleanup.manager [-] Deleting neutron.router object s_rally_56106ebc_UkP8Ti1O (c859a0b2-7498-4cd0-b71d-c061b6ba9cfe)
2020-01-16 15:55:05.870 15 RALLYDEBUG rally_openstack.cleanup.manager [-] Deleting neutron.router object s_rally_56106ebc_SCsiLXfI (c985903f-f025-47c8-a5de-18bd85ee7d46)
2020-01-16 15:55:05.932 15 RALLYDEBUG rally_openstack.cleanup.manager [-] Deleting neutron.router object s_rally_56106ebc_PUEUW67C (cdb8cd1b-98f5-4cc0-8df4-a368ce7d6c39)
2020-01-16 15:55:06.025 15 RALLYDEBUG rally_openstack.cleanup.manager [-] Deleting neutron.router object s_rally_56106ebc_MOCuYOUi (ce6729ac-b830-4521-a5ae-48507f0d1afc)
2020-01-16 15:55:06.125 15 RALLYDEBUG rally_openstack.cleanup.manager [-] Deleting neutron.router object s_rally_56106ebc_NtzPQGkZ (d286fbbc-facc-4140-9435-6287a6c16607)
2020-01-16 15:55:06.275 15 RALLYDEBUG rally_openstack.cleanup.manager [-] Deleting neutron.router object s_rally_56106ebc_Fhvq8SOR (d311910c-a504-4fd4-8e26-9c1adad91bc3)
2020-01-16 15:55:06.748 15 RALLYDEBUG rally_openstack.cleanup.manager [-] Deleting neutron.router object s_rally_56106ebc_ZGiprnJX (d6635d17-d757-444d-804e-624b4357add7)
2020-01-16 15:55:07.444 15 RALLYDEBUG rally_openstack.cleanup.manager [-] Deleting neutron.router object s_rally_56106ebc_euVpiv07 (d954e555-3cbf-45f9-ae7b-19267f19da5b)
2020-01-16 15:55:07.487 15 RALLYDEBUG rally_openstack.cleanup.manager [-] Deleting neutron.router object s_rally_56106ebc_nrI1dt2B (de4c4a1b-9d81-4641-a31e-7544e7f80040)
2020-01-16 15:55:07.791 15 RALLYDEBUG rally_openstack.cleanup.manager [-] Deleting neutron.router object s_rally_56106ebc_qELjIZpy (e459d27d-77ee-4d14-88bf-538c6732e512)
2020-01-16 15:55:08.004 15 RALLYDEBUG rally_openstack.cleanup.manager [-] Deleting neutron.router object s_rally_56106ebc_opmwR7Ts (e5428ed0-660a-4e07-a33b-508c273f0514)
2020-01-16 15:55:08.299 15 RALLYDEBUG rally_openstack.cleanup.manager [-] Deleting neutron.router object s_rally_56106ebc_PznmYHvf (e8967b4e-41b6-413b-9e49-30d4aff7c52b)
2020-01-16 15:55:08.411 15 RALLYDEBUG rally_openstack.cleanup.manager [-] Deleting neutron.router object s_rally_56106ebc_rK0e1iaX (e89c01d1-ac30-4c85-b2c1-8c5a35b7b0fb)
2020-01-16 15:55:08.625 15 RALLYDEBUG rally_openstack.cleanup.manager [-] Deleting neutron.router object s_rally_56106ebc_fbvIfMyG (f166237d-b744-4d3c-bbf2-771d87f677c7)
2020-01-16 15:55:08.784 15 RALLYDEBUG rally_openstack.cleanup.manager [-] Deleting neutron.router object s_rally_56106ebc_8jkPtzo3 (f2f30796-9dba-4794-8a24-c74869b40f61)
2020-01-16 15:55:08.920 15 RALLYDEBUG rally_openstack.cleanup.manager [-] Deleting neutron.router object s_rally_56106ebc_LH8f9nMD (f8949216-7690-4e48-9f9c-fee13ab6d73a)
2020-01-16 15:55:09.023 15 RALLYDEBUG rally_openstack.cleanup.manager [-] Deleting neutron.router object s_rally_56106ebc_bHwlXCTn (fdb546cc-4e65-47a5-b4e6-5547488f683c)
2020-01-16 15:55:09.170 15 RALLYDEBUG rally_openstack.cleanup.manager [-] Deleting neutron.router object s_rally_56106ebc_a6DJ975Q (fe2996a1-71c1-4465-990f-2f686e1d96f4)
2020-01-16 15:55:09.179 15 RALLYDEBUG rally_openstack.cleanup.manager [-] Deleting neutron.router object s_rally_56106ebc_dNhZxuG6 (ff663ad4-2298-4cec-91a1-78703e22c4b7)
2020-01-16 15:55:13.241 15 RALLYDEBUG rally_openstack.cleanup.manager [-] Cleaning up neutron security_group objects
2020-01-16 15:55:13.553 15 INFO rally.task.context [-] Task 37cf64c4-4c8f-4fb8-bd71-840b18da9cea | Context cleanup@openstack cleanup() finished in 3.29 min
2020-01-16 15:55:13.554 15 INFO rally.task.context [-] Task 37cf64c4-4c8f-4fb8-bd71-840b18da9cea | Context quotas@openstack cleanup() started
2020-01-16 15:55:13.599 15 INFO rally.task.context [-] Task 37cf64c4-4c8f-4fb8-bd71-840b18da9cea | Context quotas@openstack cleanup() finished in 45.17 msec
2020-01-16 15:55:13.599 15 INFO rally.task.context [-] Task 37cf64c4-4c8f-4fb8-bd71-840b18da9cea | Context users@openstack cleanup() started
2020-01-16 15:55:14.947 15 INFO rally.task.context [-] Task 37cf64c4-4c8f-4fb8-bd71-840b18da9cea | Context users@openstack cleanup() finished in 1.35 sec
2020-01-16 15:55:16.110 15 INFO rally.task.engine [-] Load duration is: 95.849352
2020-01-16 15:55:16.110 15 INFO rally.task.engine [-] Full runner duration is: 95.902138
2020-01-16 15:55:16.111 15 INFO rally.task.engine [-] Full duration is: 296.067458
2020-01-16 15:55:16.202 15 INFO rally.task.engine [-] Running workload: position = 2 config = { "version": 2, "title": "A cropped version of a bigger task.", "description": "Auto-generated task from a single workload (uuid=3255131a-73ae-426c-8a6d-cd5229b15737)", "subtasks": [ { "title": "NeutronNetworks.create_and_delete_routers", "description": "Create and delete a given number of routers.", "scenario": { "NeutronNetworks.create_and_delete_routers": { "network_create_args": {}, "subnet_create_args": {}, "subnet_cidr_start": "1.1.0.0/30", "subnets_per_network": 2, "router_create_args": {} } }, "contexts": { "users": { "tenants": 1, "users_per_tenant": 1 }, "quotas": { "neutron": { "network": -1, "subnet": -1, "router": -1 } } }, "runner": { "constant": { "times": 40, "concurrency": 20 } }, "hooks": [], "sla": { "failure_rate": { "max": 0 } } } ] }
2020-01-16 15:55:16.222 15 RALLYDEBUG rally_openstack.contexts.keystone.users [-] Creating 1 tenants using 20 threads
2020-01-16 15:55:16.544 15 RALLYDEBUG rally_openstack.contexts.keystone.users [-] Creating 1 users using 20 threads
2020-01-16 15:55:16.983 15 INFO rally.task.context [-] Task 37cf64c4-4c8f-4fb8-bd71-840b18da9cea | Context users@openstack setup() finished in 0.76 sec
2020-01-16 15:55:17.362 15 INFO rally.task.context [-] Task 37cf64c4-4c8f-4fb8-bd71-840b18da9cea | Context quotas@openstack setup() finished in 0.38 sec
2020-01-16 15:55:17.363 15 INFO rally.task.context [-] Task 37cf64c4-4c8f-4fb8-bd71-840b18da9cea | Context cleanup@openstack setup() finished in 0.01 msec
2020-01-16 15:55:17.372 15 RALLYDEBUG rally.task.runner [-] Starting the constant runner (task UUID: 37cf64c4-4c8f-4fb8-bd71-840b18da9cea). timeout: 0 concurrency: 20 concurrency_per_worker: 1 times: 40 concurrency_overhead: 0 processes_to_start: 20 max_cpu_used: 88
2020-01-16 15:55:17.386 3475 RALLYDEBUG rally.task.runner [-] Starting a worker. concurrency: 1 args: {"network_create_args": {}, "subnet_create_args": {}, "subnet_cidr_start": "1.1.0.0/30", "subnets_per_network": 2, "router_create_args": {}} times: 40 method_name: run timeout: 0 duration: None cls:
2020-01-16 15:55:17.389 3476 RALLYDEBUG rally.task.runner [-] Starting a worker. concurrency: 1 args: {"network_create_args": {}, "subnet_create_args": {}, "subnet_cidr_start": "1.1.0.0/30", "subnets_per_network": 2, "router_create_args": {}} times: 40 method_name: run timeout: 0 duration: None cls:
2020-01-16 15:55:17.391 3477 RALLYDEBUG rally.task.runner [-] Starting a worker. concurrency: 1 args: {"network_create_args": {}, "subnet_create_args": {}, "subnet_cidr_start": "1.1.0.0/30", "subnets_per_network": 2, "router_create_args": {}} times: 40 method_name: run timeout: 0 duration: None cls:
2020-01-16 15:55:17.393 3475 INFO rally.task.runner [-] Task 37cf64c4-4c8f-4fb8-bd71-840b18da9cea | ITER: 1 START
2020-01-16 15:55:17.394 3478 RALLYDEBUG rally.task.runner [-] Starting a worker. concurrency: 1 args: {"network_create_args": {}, "subnet_create_args": {}, "subnet_cidr_start": "1.1.0.0/30", "subnets_per_network": 2, "router_create_args": {}} times: 40 method_name: run timeout: 0 duration: None cls:
2020-01-16 15:55:17.396 3476 INFO rally.task.runner [-] Task 37cf64c4-4c8f-4fb8-bd71-840b18da9cea | ITER: 2 START
2020-01-16 15:55:17.397 3477 INFO rally.task.runner [-] Task 37cf64c4-4c8f-4fb8-bd71-840b18da9cea | ITER: 3 START
2020-01-16 15:55:17.397 3479 RALLYDEBUG rally.task.runner [-] Starting a worker. concurrency: 1 args: {"network_create_args": {}, "subnet_create_args": {}, "subnet_cidr_start": "1.1.0.0/30", "subnets_per_network": 2, "router_create_args": {}} times: 40 method_name: run timeout: 0 duration: None cls:
2020-01-16 15:55:17.399 3481 RALLYDEBUG rally.task.runner [-] Starting a worker. concurrency: 1 args: {"network_create_args": {}, "subnet_create_args": {}, "subnet_cidr_start": "1.1.0.0/30", "subnets_per_network": 2, "router_create_args": {}} times: 40 method_name: run timeout: 0 duration: None cls:
2020-01-16 15:55:17.401 3478 INFO rally.task.runner [-] Task 37cf64c4-4c8f-4fb8-bd71-840b18da9cea | ITER: 4 START
2020-01-16 15:55:17.402 3485 RALLYDEBUG rally.task.runner [-] Starting a worker. concurrency: 1 args: {"network_create_args": {}, "subnet_create_args": {}, "subnet_cidr_start": "1.1.0.0/30", "subnets_per_network": 2, "router_create_args": {}} times: 40 method_name: run timeout: 0 duration: None cls:
2020-01-16 15:55:17.403 3479 INFO rally.task.runner [-] Task 37cf64c4-4c8f-4fb8-bd71-840b18da9cea | ITER: 5 START
2020-01-16 15:55:17.405 3481 INFO rally.task.runner [-] Task 37cf64c4-4c8f-4fb8-bd71-840b18da9cea | ITER: 6 START
2020-01-16 15:55:17.405 3488 RALLYDEBUG rally.task.runner [-] Starting a worker. concurrency: 1 args: {"network_create_args": {}, "subnet_create_args": {}, "subnet_cidr_start": "1.1.0.0/30", "subnets_per_network": 2, "router_create_args": {}} times: 40 method_name: run timeout: 0 duration: None cls:
2020-01-16 15:55:17.407 3491 RALLYDEBUG rally.task.runner [-] Starting a worker. concurrency: 1 args: {"network_create_args": {}, "subnet_create_args": {}, "subnet_cidr_start": "1.1.0.0/30", "subnets_per_network": 2, "router_create_args": {}} times: 40 method_name: run timeout: 0 duration: None cls:
2020-01-16 15:55:17.408 3485 INFO rally.task.runner [-] Task 37cf64c4-4c8f-4fb8-bd71-840b18da9cea | ITER: 7 START
2020-01-16 15:55:17.410 3494 RALLYDEBUG rally.task.runner [-] Starting a worker. concurrency: 1 args: {"network_create_args": {}, "subnet_create_args": {}, "subnet_cidr_start": "1.1.0.0/30", "subnets_per_network": 2, "router_create_args": {}} times: 40 method_name: run timeout: 0 duration: None cls:
2020-01-16 15:55:17.412 3488 INFO rally.task.runner [-] Task 37cf64c4-4c8f-4fb8-bd71-840b18da9cea | ITER: 8 START
2020-01-16 15:55:17.413 3491 INFO rally.task.runner [-] Task 37cf64c4-4c8f-4fb8-bd71-840b18da9cea | ITER: 9 START
2020-01-16 15:55:17.413 3497 RALLYDEBUG rally.task.runner [-] Starting a worker. concurrency: 1 args: {"network_create_args": {}, "subnet_create_args": {}, "subnet_cidr_start": "1.1.0.0/30", "subnets_per_network": 2, "router_create_args": {}} times: 40 method_name: run timeout: 0 duration: None cls:
2020-01-16 15:55:17.416 3494 INFO rally.task.runner [-] Task 37cf64c4-4c8f-4fb8-bd71-840b18da9cea | ITER: 10 START
2020-01-16 15:55:17.415 3500 RALLYDEBUG rally.task.runner [-] Starting a worker. concurrency: 1 args: {"network_create_args": {}, "subnet_create_args": {}, "subnet_cidr_start": "1.1.0.0/30", "subnets_per_network": 2, "router_create_args": {}} times: 40 method_name: run timeout: 0 duration: None cls:
2020-01-16 15:55:17.418 3503 RALLYDEBUG rally.task.runner [-] Starting a worker. concurrency: 1 args: {"network_create_args": {}, "subnet_create_args": {}, "subnet_cidr_start": "1.1.0.0/30", "subnets_per_network": 2, "router_create_args": {}} times: 40 method_name: run timeout: 0 duration: None cls:
2020-01-16 15:55:17.420 3497 INFO rally.task.runner [-] Task 37cf64c4-4c8f-4fb8-bd71-840b18da9cea | ITER: 11 START
2020-01-16 15:55:17.421 3506 RALLYDEBUG rally.task.runner [-] Starting a worker. concurrency: 1 args: {"network_create_args": {}, "subnet_create_args": {}, "subnet_cidr_start": "1.1.0.0/30", "subnets_per_network": 2, "router_create_args": {}} times: 40 method_name: run timeout: 0 duration: None cls:
2020-01-16 15:55:17.422 3500 INFO rally.task.runner [-] Task 37cf64c4-4c8f-4fb8-bd71-840b18da9cea | ITER: 12 START
2020-01-16 15:55:17.425 3503 INFO rally.task.runner [-] Task 37cf64c4-4c8f-4fb8-bd71-840b18da9cea | ITER: 13 START
2020-01-16 15:55:17.424 3509 RALLYDEBUG rally.task.runner [-] Starting a worker. concurrency: 1 args: {"network_create_args": {}, "subnet_create_args": {}, "subnet_cidr_start": "1.1.0.0/30", "subnets_per_network": 2, "router_create_args": {}} times: 40 method_name: run timeout: 0 duration: None cls:
2020-01-16 15:55:17.427 3512 RALLYDEBUG rally.task.runner [-] Starting a worker. concurrency: 1 args: {"network_create_args": {}, "subnet_create_args": {}, "subnet_cidr_start": "1.1.0.0/30", "subnets_per_network": 2, "router_create_args": {}} times: 40 method_name: run timeout: 0 duration: None cls:
2020-01-16 15:55:17.427 3506 INFO rally.task.runner [-] Task 37cf64c4-4c8f-4fb8-bd71-840b18da9cea | ITER: 14 START
2020-01-16 15:55:17.429 3515 RALLYDEBUG rally.task.runner [-] Starting a worker. concurrency: 1 args: {"network_create_args": {}, "subnet_create_args": {}, "subnet_cidr_start": "1.1.0.0/30", "subnets_per_network": 2, "router_create_args": {}} times: 40 method_name: run timeout: 0 duration: None cls:
2020-01-16 15:55:17.431 3509 INFO rally.task.runner [-] Task 37cf64c4-4c8f-4fb8-bd71-840b18da9cea | ITER: 15 START
2020-01-16 15:55:17.432 3512 INFO rally.task.runner [-] Task 37cf64c4-4c8f-4fb8-bd71-840b18da9cea | ITER: 16 START
2020-01-16 15:55:17.432 3518 RALLYDEBUG rally.task.runner [-] Starting a worker. concurrency: 1 args: {"network_create_args": {}, "subnet_create_args": {}, "subnet_cidr_start": "1.1.0.0/30", "subnets_per_network": 2, "router_create_args": {}} times: 40 method_name: run timeout: 0 duration: None cls:
2020-01-16 15:55:17.434 3521 RALLYDEBUG rally.task.runner [-] Starting a worker. concurrency: 1 args: {"network_create_args": {}, "subnet_create_args": {}, "subnet_cidr_start": "1.1.0.0/30", "subnets_per_network": 2, "router_create_args": {}} times: 40 method_name: run timeout: 0 duration: None cls:
2020-01-16 15:55:17.434 3515 INFO rally.task.runner [-] Task 37cf64c4-4c8f-4fb8-bd71-840b18da9cea | ITER: 17 START
2020-01-16 15:55:17.437 3518 INFO rally.task.runner [-] Task 37cf64c4-4c8f-4fb8-bd71-840b18da9cea | ITER: 18 START
2020-01-16 15:55:17.437 3525 RALLYDEBUG rally.task.runner [-] Starting a worker. concurrency: 1 args: {"network_create_args": {}, "subnet_create_args": {}, "subnet_cidr_start": "1.1.0.0/30", "subnets_per_network": 2, "router_create_args": {}} times: 40 method_name: run timeout: 0 duration: None cls:
2020-01-16 15:55:17.439 3521 INFO rally.task.runner [-] Task 37cf64c4-4c8f-4fb8-bd71-840b18da9cea | ITER: 19 START
2020-01-16 15:55:17.442 3525 INFO rally.task.runner [-] Task 37cf64c4-4c8f-4fb8-bd71-840b18da9cea | ITER: 20 START
2020-01-16 15:55:18.444 3476 RALLYDEBUG rally_openstack.wrappers.network [-] CIDR generated: 1.1.8.32/30
2020-01-16 15:55:18.450 3475 RALLYDEBUG rally_openstack.wrappers.network [-] CIDR generated: 1.1.8.36/30
2020-01-16 15:55:18.749 3477 RALLYDEBUG rally_openstack.wrappers.network [-] CIDR generated: 1.1.8.40/30
2020-01-16 15:55:18.791 3479 RALLYDEBUG rally_openstack.wrappers.network [-] CIDR generated: 1.1.8.44/30
2020-01-16 15:55:19.267 3475 RALLYDEBUG rally_openstack.wrappers.network [-] CIDR generated: 1.1.8.48/30
2020-01-16 15:55:19.307 3476 RALLYDEBUG rally_openstack.wrappers.network [-] CIDR generated: 1.1.8.52/30
2020-01-16 15:55:19.527 3479 RALLYDEBUG rally_openstack.wrappers.network [-] CIDR generated: 1.1.8.56/30
2020-01-16 15:55:19.548 3481 RALLYDEBUG rally_openstack.wrappers.network [-] CIDR generated: 1.1.8.60/30
2020-01-16 15:55:19.594 3485 RALLYDEBUG rally_openstack.wrappers.network [-] CIDR generated: 1.1.8.64/30
2020-01-16 15:55:19.772 3488 RALLYDEBUG rally_openstack.wrappers.network [-] CIDR generated: 1.1.8.68/30
2020-01-16 15:55:19.962 3506 RALLYDEBUG rally_openstack.wrappers.network [-] CIDR generated: 1.1.8.72/30
2020-01-16 15:55:20.042 3497 RALLYDEBUG rally_openstack.wrappers.network [-] CIDR generated: 1.1.8.76/30
2020-01-16 15:55:20.059 3509 RALLYDEBUG rally_openstack.wrappers.network [-] CIDR generated: 1.1.8.80/30
2020-01-16 15:55:20.176 3477 RALLYDEBUG rally_openstack.wrappers.network [-] CIDR generated: 1.1.8.84/30
2020-01-16 15:55:20.188 3491 RALLYDEBUG rally_openstack.wrappers.network [-] CIDR generated: 1.1.8.88/30
2020-01-16 15:55:20.435 3485 RALLYDEBUG rally_openstack.wrappers.network [-] CIDR generated: 1.1.8.92/30
2020-01-16 15:55:20.458 3500 RALLYDEBUG rally_openstack.wrappers.network [-] CIDR generated: 1.1.8.96/30
2020-01-16 15:55:20.777 3525 RALLYDEBUG rally_openstack.wrappers.network [-] CIDR generated: 1.1.8.100/30
2020-01-16 15:55:20.952 3491 RALLYDEBUG rally_openstack.wrappers.network [-] CIDR generated: 1.1.8.104/30
2020-01-16 15:55:21.105 3488 RALLYDEBUG rally_openstack.wrappers.network [-] CIDR generated: 1.1.8.108/30
2020-01-16 15:55:21.111 3506 RALLYDEBUG rally_openstack.wrappers.network [-] CIDR generated: 1.1.8.112/30
2020-01-16 15:55:21.122 3512 RALLYDEBUG rally_openstack.wrappers.network [-] CIDR generated: 1.1.8.116/30
2020-01-16 15:55:21.147 3515 RALLYDEBUG rally_openstack.wrappers.network [-] CIDR generated: 1.1.8.120/30
2020-01-16 15:55:21.173 3497 RALLYDEBUG rally_openstack.wrappers.network [-] CIDR generated: 1.1.8.124/30
2020-01-16 15:55:21.604 3521 RALLYDEBUG rally_openstack.wrappers.network [-] CIDR generated: 1.1.8.128/30
2020-01-16 15:55:21.719 3509 RALLYDEBUG rally_openstack.wrappers.network [-] CIDR generated: 1.1.8.132/30
2020-01-16 15:55:21.737 3500 RALLYDEBUG rally_openstack.wrappers.network [-] CIDR generated: 1.1.8.136/30
2020-01-16 15:55:21.764 3481 RALLYDEBUG rally_openstack.wrappers.network [-] CIDR generated: 1.1.8.140/30
2020-01-16 15:55:22.298 3525 RALLYDEBUG rally_openstack.wrappers.network [-] CIDR generated: 1.1.8.144/30
2020-01-16 15:55:23.535 3512 RALLYDEBUG rally_openstack.wrappers.network [-] CIDR generated: 1.1.8.148/30
2020-01-16 15:55:23.551 3515 RALLYDEBUG rally_openstack.wrappers.network [-] CIDR generated: 1.1.8.152/30
2020-01-16 15:55:23.786 3521 RALLYDEBUG rally_openstack.wrappers.network [-] CIDR generated: 1.1.8.156/30
2020-01-16 15:55:31.024 3478 RALLYDEBUG rally_openstack.wrappers.network [-] CIDR generated: 1.1.8.160/30
2020-01-16 15:55:33.766 3494 RALLYDEBUG rally_openstack.wrappers.network [-] CIDR generated: 1.1.8.164/30
2020-01-16 15:55:34.104 3478 RALLYDEBUG rally_openstack.wrappers.network [-] CIDR generated: 1.1.8.168/30
2020-01-16 15:55:35.861 3494 RALLYDEBUG rally_openstack.wrappers.network [-] CIDR generated: 1.1.8.172/30
2020-01-16 15:55:37.350 3518 RALLYDEBUG rally_openstack.wrappers.network [-] CIDR generated: 1.1.8.176/30
2020-01-16 15:55:38.671 3518 RALLYDEBUG rally_openstack.wrappers.network [-] CIDR generated: 1.1.8.180/30
2020-01-16 15:55:53.684 3475 INFO rally.task.runner [-] Task 37cf64c4-4c8f-4fb8-bd71-840b18da9cea | ITER: 1 END: OK
2020-01-16 15:55:53.694 3475 INFO rally.task.runner [-] Task 37cf64c4-4c8f-4fb8-bd71-840b18da9cea | ITER: 21 START
2020-01-16 15:55:55.091 3475 RALLYDEBUG rally_openstack.wrappers.network [-] CIDR generated: 1.1.8.184/30
2020-01-16 15:55:56.554 3525 INFO rally.task.runner [-] Task 37cf64c4-4c8f-4fb8-bd71-840b18da9cea | ITER: 20 END: OK
2020-01-16 15:55:56.563 3525 INFO rally.task.runner [-] Task 37cf64c4-4c8f-4fb8-bd71-840b18da9cea | ITER: 22 START
2020-01-16 15:55:58.004 3475 RALLYDEBUG rally_openstack.wrappers.network [-] CIDR generated: 1.1.8.188/30
2020-01-16 15:55:58.466 3525 RALLYDEBUG rally_openstack.wrappers.network [-] CIDR generated: 1.1.8.192/30
2020-01-16 15:56:00.640 3525 RALLYDEBUG rally_openstack.wrappers.network [-] CIDR generated: 1.1.8.196/30
2020-01-16 15:56:01.587 3485 INFO rally.task.runner [-] Task 37cf64c4-4c8f-4fb8-bd71-840b18da9cea | ITER: 7 END: OK
2020-01-16 15:56:01.594 3485 INFO rally.task.runner [-] Task 37cf64c4-4c8f-4fb8-bd71-840b18da9cea | ITER: 23 START
2020-01-16 15:56:02.327 3485 RALLYDEBUG rally_openstack.wrappers.network [-] CIDR generated: 1.1.8.200/30
2020-01-16 15:56:03.003 3485 RALLYDEBUG rally_openstack.wrappers.network [-] CIDR generated: 1.1.8.204/30
2020-01-16 15:56:03.399 3509 INFO rally.task.runner [-] Task 37cf64c4-4c8f-4fb8-bd71-840b18da9cea | ITER: 15 END: OK
2020-01-16 15:56:03.405 3509 INFO rally.task.runner [-] Task 37cf64c4-4c8f-4fb8-bd71-840b18da9cea | ITER: 24 START
2020-01-16 15:56:04.898 3509 RALLYDEBUG rally_openstack.wrappers.network [-] CIDR generated: 1.1.8.208/30
2020-01-16 15:56:06.606 3491 INFO rally.task.runner [-] Task 37cf64c4-4c8f-4fb8-bd71-840b18da9cea | ITER: 9 END: OK
2020-01-16 15:56:06.613 3491 INFO rally.task.runner [-] Task 37cf64c4-4c8f-4fb8-bd71-840b18da9cea | ITER: 25 START
2020-01-16 15:56:07.133 3503 RALLYDEBUG rally_openstack.wrappers.network [-] CIDR generated: 1.1.8.212/30
2020-01-16 15:56:07.426 3491 RALLYDEBUG rally_openstack.wrappers.network [-] CIDR generated: 1.1.8.216/30
2020-01-16 15:56:08.053 3491 RALLYDEBUG rally_openstack.wrappers.network [-] CIDR generated: 1.1.8.220/30
2020-01-16 15:56:08.128 3497 INFO rally.task.runner [-] Task 37cf64c4-4c8f-4fb8-bd71-840b18da9cea | ITER: 11 END: OK
2020-01-16 15:56:08.136 3497 INFO rally.task.runner [-] Task 37cf64c4-4c8f-4fb8-bd71-840b18da9cea | ITER: 26 START
2020-01-16 15:56:08.418 3503 RALLYDEBUG rally_openstack.wrappers.network [-] CIDR generated: 1.1.8.224/30
2020-01-16 15:56:08.460 3476 INFO rally.task.runner [-] Task 37cf64c4-4c8f-4fb8-bd71-840b18da9cea | ITER: 2 END: OK
2020-01-16 15:56:08.466 3476 INFO rally.task.runner [-] Task 37cf64c4-4c8f-4fb8-bd71-840b18da9cea | ITER: 27 START
2020-01-16 15:56:08.522 3478 INFO rally.task.runner [-] Task 37cf64c4-4c8f-4fb8-bd71-840b18da9cea | ITER: 4 END: OK
2020-01-16 15:56:08.525 3506 INFO rally.task.runner [-] Task 37cf64c4-4c8f-4fb8-bd71-840b18da9cea | ITER: 14 END: OK
2020-01-16 15:56:08.529 3478 INFO rally.task.runner [-] Task 37cf64c4-4c8f-4fb8-bd71-840b18da9cea | ITER: 28 START
2020-01-16 15:56:08.532 3506 INFO rally.task.runner [-] Task 37cf64c4-4c8f-4fb8-bd71-840b18da9cea | ITER: 29 START
2020-01-16 15:56:08.601 3497 RALLYDEBUG rally_openstack.wrappers.network [-] CIDR generated: 1.1.8.228/30
2020-01-16 15:56:09.113 3506 RALLYDEBUG rally_openstack.wrappers.network [-] CIDR generated: 1.1.8.232/30
2020-01-16 15:56:09.243 3476 RALLYDEBUG rally_openstack.wrappers.network [-] CIDR generated: 1.1.8.236/30
2020-01-16 15:56:09.326 3478 RALLYDEBUG rally_openstack.wrappers.network [-] CIDR generated: 1.1.8.240/30
2020-01-16 15:56:09.637 3509 RALLYDEBUG rally_openstack.wrappers.network [-] CIDR generated: 1.1.8.244/30
2020-01-16 15:56:10.017 3497 RALLYDEBUG rally_openstack.wrappers.network [-] CIDR generated: 1.1.8.248/30
2020-01-16 15:56:10.073 3479 INFO rally.task.runner [-] Task 37cf64c4-4c8f-4fb8-bd71-840b18da9cea | ITER: 5 END: OK
2020-01-16 15:56:10.080 3479 INFO rally.task.runner [-] Task 37cf64c4-4c8f-4fb8-bd71-840b18da9cea | ITER: 30 START
2020-01-16 15:56:10.285 3476 RALLYDEBUG rally_openstack.wrappers.network [-] CIDR generated: 1.1.8.252/30
2020-01-16 15:56:10.378 3506 RALLYDEBUG rally_openstack.wrappers.network [-] CIDR generated: 1.1.9.0/30
2020-01-16 15:56:12.240 3479 RALLYDEBUG rally_openstack.wrappers.network [-] CIDR generated: 1.1.9.4/30
2020-01-16 15:56:12.413 3477 INFO rally.task.runner [-] Task 37cf64c4-4c8f-4fb8-bd71-840b18da9cea | ITER: 3 END: OK
2020-01-16 15:56:12.421 3477 INFO rally.task.runner [-] Task 37cf64c4-4c8f-4fb8-bd71-840b18da9cea | ITER: 31 START
2020-01-16 15:56:12.451 3478 RALLYDEBUG rally_openstack.wrappers.network [-] CIDR generated: 1.1.9.8/30
2020-01-16 15:56:13.112 3477 RALLYDEBUG rally_openstack.wrappers.network [-] CIDR generated: 1.1.9.12/30
2020-01-16 15:56:14.553 3479 RALLYDEBUG rally_openstack.wrappers.network [-] CIDR generated: 1.1.9.16/30
2020-01-16 15:56:15.528 3477 RALLYDEBUG rally_openstack.wrappers.network [-] CIDR generated: 1.1.9.20/30
2020-01-16 15:56:18.767 3481 INFO rally.task.runner [-] Task 37cf64c4-4c8f-4fb8-bd71-840b18da9cea | ITER: 6 END: OK
2020-01-16 15:56:18.775 3481 INFO rally.task.runner [-] Task 37cf64c4-4c8f-4fb8-bd71-840b18da9cea | ITER: 32 START
2020-01-16 15:56:19.574 3481 RALLYDEBUG rally_openstack.wrappers.network [-] CIDR generated: 1.1.9.24/30
2020-01-16 15:56:20.241 3481 RALLYDEBUG rally_openstack.wrappers.network [-] CIDR generated: 1.1.9.28/30
2020-01-16 15:56:21.597 3515 INFO rally.task.runner [-] Task 37cf64c4-4c8f-4fb8-bd71-840b18da9cea | ITER: 17 END: OK
2020-01-16 15:56:21.605 3515 INFO rally.task.runner [-] Task 37cf64c4-4c8f-4fb8-bd71-840b18da9cea | ITER: 33 START
2020-01-16 15:56:22.073 3515 RALLYDEBUG rally_openstack.wrappers.network [-] CIDR generated: 1.1.9.32/30
2020-01-16 15:56:22.997 3515 RALLYDEBUG rally_openstack.wrappers.network [-] CIDR generated: 1.1.9.36/30
2020-01-16 15:56:28.868 3488 INFO rally.task.runner [-] Task 37cf64c4-4c8f-4fb8-bd71-840b18da9cea | ITER: 8 END: OK
2020-01-16 15:56:28.876 3488 INFO rally.task.runner [-] Task 37cf64c4-4c8f-4fb8-bd71-840b18da9cea | ITER: 34 START
2020-01-16 15:56:29.609 3475 INFO rally.task.runner [-] Task 37cf64c4-4c8f-4fb8-bd71-840b18da9cea | ITER: 21 END: OK
2020-01-16 15:56:29.615 3475 INFO rally.task.runner [-] Task 37cf64c4-4c8f-4fb8-bd71-840b18da9cea | ITER: 35 START
2020-01-16 15:56:30.197 3488 RALLYDEBUG rally_openstack.wrappers.network [-] CIDR generated: 1.1.9.40/30
2020-01-16 15:56:30.479 3500 INFO rally.task.runner [-] Task 37cf64c4-4c8f-4fb8-bd71-840b18da9cea | ITER: 12 END: OK
2020-01-16 15:56:30.486 3500 INFO rally.task.runner [-] Task 37cf64c4-4c8f-4fb8-bd71-840b18da9cea | ITER: 36 START
2020-01-16 15:56:30.861 3488 RALLYDEBUG rally_openstack.wrappers.network [-] CIDR generated: 1.1.9.44/30
2020-01-16 15:56:30.897 3500 RALLYDEBUG rally_openstack.wrappers.network [-] CIDR generated: 1.1.9.48/30
2020-01-16 15:56:30.987 3475 RALLYDEBUG rally_openstack.wrappers.network [-] CIDR generated: 1.1.9.52/30
2020-01-16 15:56:31.659 3500 RALLYDEBUG rally_openstack.wrappers.network [-] CIDR generated: 1.1.9.56/30
2020-01-16 15:56:31.717 3475 RALLYDEBUG rally_openstack.wrappers.network [-] CIDR generated: 1.1.9.60/30
2020-01-16 15:56:36.866 3521 INFO rally.task.runner [-] Task 37cf64c4-4c8f-4fb8-bd71-840b18da9cea | ITER: 19 END: OK
2020-01-16 15:56:36.874 3521 INFO rally.task.runner [-] Task 37cf64c4-4c8f-4fb8-bd71-840b18da9cea | ITER: 37 START
2020-01-16 15:56:37.141 3512 INFO rally.task.runner [-] Task 37cf64c4-4c8f-4fb8-bd71-840b18da9cea | ITER: 16 END: OK
2020-01-16 15:56:37.147 3512 INFO rally.task.runner [-] Task 37cf64c4-4c8f-4fb8-bd71-840b18da9cea | ITER: 38 START
2020-01-16 15:56:37.857 3521 RALLYDEBUG rally_openstack.wrappers.network [-] CIDR generated: 1.1.9.64/30
2020-01-16 15:56:37.920 3512 RALLYDEBUG rally_openstack.wrappers.network [-] CIDR generated: 1.1.9.68/30
2020-01-16 15:56:38.607 3512 RALLYDEBUG rally_openstack.wrappers.network [-] CIDR generated: 1.1.9.72/30
2020-01-16 15:56:39.278 3494 INFO rally.task.runner [-] Task 37cf64c4-4c8f-4fb8-bd71-840b18da9cea | ITER: 10 END: OK
2020-01-16 15:56:39.285 3494 INFO rally.task.runner [-] Task 37cf64c4-4c8f-4fb8-bd71-840b18da9cea | ITER: 39 START
2020-01-16 15:56:40.007 3494 RALLYDEBUG rally_openstack.wrappers.network [-] CIDR generated: 1.1.9.76/30
2020-01-16 15:56:40.774 3494 RALLYDEBUG rally_openstack.wrappers.network [-] CIDR generated: 1.1.9.80/30
2020-01-16 15:56:43.220 3521 RALLYDEBUG rally_openstack.wrappers.network [-] CIDR generated: 1.1.9.84/30
2020-01-16 15:56:52.853 3518 INFO rally.task.runner [-] Task 37cf64c4-4c8f-4fb8-bd71-840b18da9cea | ITER: 18 END: OK
2020-01-16 15:56:52.862 3518 INFO rally.task.runner [-] Task 37cf64c4-4c8f-4fb8-bd71-840b18da9cea | ITER: 40 START
2020-01-16 15:56:53.362 3518 RALLYDEBUG rally_openstack.wrappers.network [-] CIDR generated: 1.1.9.88/30
2020-01-16 15:56:54.702 3518 RALLYDEBUG rally_openstack.wrappers.network [-] CIDR generated: 1.1.9.92/30
2020-01-16 15:56:57.197 3525 INFO rally.task.runner [-] Task 37cf64c4-4c8f-4fb8-bd71-840b18da9cea | ITER: 22 END: OK
2020-01-16 15:56:57.461 3485 INFO rally.task.runner [-] Task 37cf64c4-4c8f-4fb8-bd71-840b18da9cea | ITER: 23 END: OK
2020-01-16 15:56:59.094 3491 INFO rally.task.runner [-] Task 37cf64c4-4c8f-4fb8-bd71-840b18da9cea | ITER: 25 END: OK
2020-01-16 15:57:02.640 3503 INFO rally.task.runner [-] Task 37cf64c4-4c8f-4fb8-bd71-840b18da9cea | ITER: 13 END: OK
2020-01-16 15:57:08.707 3481 INFO rally.task.runner [-] Task 37cf64c4-4c8f-4fb8-bd71-840b18da9cea | ITER: 32 END: OK
2020-01-16 15:57:17.341 3478 INFO rally.task.runner [-] Task 37cf64c4-4c8f-4fb8-bd71-840b18da9cea | ITER: 28 END: OK
2020-01-16 15:57:17.670 3515 INFO rally.task.runner [-] Task 37cf64c4-4c8f-4fb8-bd71-840b18da9cea | ITER: 33 END: OK
2020-01-16 15:57:18.235 3506 INFO rally.task.runner [-] Task 37cf64c4-4c8f-4fb8-bd71-840b18da9cea | ITER: 29 END: OK
2020-01-16 15:57:18.352 3479 INFO rally.task.runner [-] Task 37cf64c4-4c8f-4fb8-bd71-840b18da9cea | ITER: 30 END: OK
2020-01-16 15:57:18.432 3497 INFO rally.task.runner [-] Task 37cf64c4-4c8f-4fb8-bd71-840b18da9cea | ITER: 26 END: OK
2020-01-16 15:57:18.623 3512 INFO rally.task.runner [-] Task 37cf64c4-4c8f-4fb8-bd71-840b18da9cea | ITER: 38 END: OK
2020-01-16 15:57:19.082 3476 INFO rally.task.runner [-] Task 37cf64c4-4c8f-4fb8-bd71-840b18da9cea | ITER: 27 END: OK
2020-01-16 15:57:19.590 3494 INFO rally.task.runner [-] Task 37cf64c4-4c8f-4fb8-bd71-840b18da9cea | ITER: 39 END: OK
2020-01-16 15:57:20.764 3509 INFO rally.task.runner [-] Task 37cf64c4-4c8f-4fb8-bd71-840b18da9cea | ITER: 24 END: OK
2020-01-16 15:57:22.145 3477 INFO rally.task.runner [-] Task 37cf64c4-4c8f-4fb8-bd71-840b18da9cea | ITER: 31 END: OK
2020-01-16 15:57:29.840 3488 INFO rally.task.runner [-] Task 37cf64c4-4c8f-4fb8-bd71-840b18da9cea | ITER: 34 END: OK
2020-01-16 15:57:31.181 3500 INFO rally.task.runner [-] Task 37cf64c4-4c8f-4fb8-bd71-840b18da9cea | ITER: 36 END: OK
2020-01-16 15:57:35.944 3521 INFO rally.task.runner [-] Task 37cf64c4-4c8f-4fb8-bd71-840b18da9cea | ITER: 37 END: OK
2020-01-16 15:57:36.190 3475 INFO rally.task.runner [-] Task 37cf64c4-4c8f-4fb8-bd71-840b18da9cea | ITER: 35 END: OK
2020-01-16 15:57:57.622 3518 INFO rally.task.runner [-] Task 37cf64c4-4c8f-4fb8-bd71-840b18da9cea | ITER: 40 END: OK
2020-01-16 15:57:57.648 15 INFO rally.task.context [-] Task 37cf64c4-4c8f-4fb8-bd71-840b18da9cea | Context cleanup@openstack cleanup() started
2020-01-16 15:57:57.652 15 RALLYDEBUG rally_openstack.cleanup.manager [-] Cleaning up neutron vip objects
2020-01-16 15:57:57.862 15 RALLYDEBUG rally_openstack.cleanup.manager [-] Cleaning up neutron health_monitor objects
2020-01-16 15:57:58.067 15 RALLYDEBUG rally_openstack.cleanup.manager [-] Cleaning up neutron pool objects
2020-01-16 15:57:58.276 15 RALLYDEBUG rally_openstack.cleanup.manager [-] Cleaning up neutron loadbalancer objects
2020-01-16 15:57:58.481 15 RALLYDEBUG rally_openstack.cleanup.manager [-] Cleaning up neutron floatingip objects
2020-01-16 15:57:58.704 15 RALLYDEBUG rally_openstack.cleanup.manager [-] Cleaning up neutron trunk objects
2020-01-16 15:57:58.890 15 DEBUG neutronclient.v2_0.client [-] Error message: {"message": "The resource could not be found.

\n\n\n", "code": "404 Not Found", "title": "Not Found"} _handle_fault_response /usr/lib/python2.7/site-packages/neutronclient/v2_0/client.py:259
2020-01-16 15:57:58.899 15 RALLYDEBUG rally_openstack.cleanup.manager [-] Cleaning up neutron port objects
2020-01-16 15:57:59.417 15 RALLYDEBUG rally_openstack.cleanup.manager [-] Cleaning up neutron subnet objects
2020-01-16 15:57:59.959 15 RALLYDEBUG rally_openstack.cleanup.manager [-] Deleting neutron.subnet object s_rally_3255131a_YfMLu3Hl (05594ccd-5258-401a-9be8-012938a01a6e)
2020-01-16 15:57:59.968 15 RALLYDEBUG rally_openstack.cleanup.manager [-] Deleting neutron.subnet object s_rally_3255131a_jiiLIxQH (068b4d7d-2d55-4da1-a007-81f30c6ea742)
2020-01-16 15:57:59.979 15 RALLYDEBUG rally_openstack.cleanup.manager [-] Deleting neutron.subnet object s_rally_3255131a_OOaBhPoU (0d432588-4933-4acc-826a-7e663c7d56ea)
2020-01-16 15:57:59.983 15 RALLYDEBUG rally_openstack.cleanup.manager [-] Deleting neutron.subnet object s_rally_3255131a_caAhUVjA (073db8d4-e85e-48c2-811b-50a37ab1a4a3)
2020-01-16 15:57:59.993 15 RALLYDEBUG rally_openstack.cleanup.manager [-] Deleting neutron.subnet object s_rally_3255131a_G24oqhKI (1156fc8e-a350-49a5-b510-07b7d7c4ffa8)
2020-01-16 15:58:00.010 15 RALLYDEBUG rally_openstack.cleanup.manager [-] Deleting neutron.subnet object s_rally_3255131a_BfDObQU0 (11dd27cc-c620-4626-986c-fd78e4bf13f3)
2020-01-16 15:58:00.011 15 RALLYDEBUG rally_openstack.cleanup.manager [-] Deleting neutron.subnet object s_rally_3255131a_ihNxp6S4 (15f06111-3cff-43a8-94af-f9da83c9f893)
2020-01-16 15:58:00.067 15 RALLYDEBUG rally_openstack.cleanup.manager [-] Deleting neutron.subnet object s_rally_3255131a_lRrvXZd1 (1cf4a925-74c4-4afe-a341-47459592c345)
2020-01-16 15:58:00.074 15 RALLYDEBUG rally_openstack.cleanup.manager [-] Deleting neutron.subnet object s_rally_3255131a_W5BOuWLI (1a46216e-7bbe-4392-95d0-8dac2d7ea8cf)
2020-01-16 15:58:00.097 15 RALLYDEBUG rally_openstack.cleanup.manager [-] Deleting neutron.subnet object s_rally_3255131a_hXgVUh5c (2944624b-ec7f-484c-ba71-82714183127a)
2020-01-16 15:58:00.115 15 RALLYDEBUG rally_openstack.cleanup.manager [-] Deleting neutron.subnet object s_rally_3255131a_KbNNI125 (269c6b54-228d-43d5-ad7e-d8e8290ab01b)
2020-01-16 15:58:00.127 15 RALLYDEBUG rally_openstack.cleanup.manager [-] Deleting neutron.subnet object s_rally_3255131a_CTtSx7nQ (341c2afa-101c-4c54-bad8-acd60c5013e1)
2020-01-16 15:58:00.141 15 RALLYDEBUG rally_openstack.cleanup.manager [-] Deleting neutron.subnet object s_rally_3255131a_1z4LXYrZ (2d2ca4aa-8c86-40b4-853f-1a8e8f4ecd6e)
2020-01-16 15:58:00.148 15 RALLYDEBUG rally_openstack.cleanup.manager [-] Deleting neutron.subnet object s_rally_3255131a_mS3zQLdT (3833d873-c69f-4976-a006-82c263b618e3)
2020-01-16 15:58:00.166 15 RALLYDEBUG rally_openstack.cleanup.manager [-] Deleting neutron.subnet object s_rally_3255131a_f2NftJAW (333547f3-85ac-4a7b-9d76-f553bc33d79b)
2020-01-16 15:58:00.170 15 RALLYDEBUG rally_openstack.cleanup.manager [-] Deleting neutron.subnet object s_rally_3255131a_Heiucg8p (2d596af0-098e-4ced-b41f-9b0b160e0af7)
2020-01-16 15:58:00.184 15 RALLYDEBUG rally_openstack.cleanup.manager [-] Deleting neutron.subnet object s_rally_3255131a_ZCEM3MSY (38c31ae7-3658-436a-92e8-eca42558be04)
2020-01-16 15:58:00.230 15 RALLYDEBUG rally_openstack.cleanup.manager [-] Deleting neutron.subnet object s_rally_3255131a_QHaBv09p (3c9a7246-6360-450c-9f50-c9718fa81d98)
2020-01-16 15:58:00.242 15 RALLYDEBUG rally_openstack.cleanup.manager [-] Deleting neutron.subnet object s_rally_3255131a_j9ycftyS (3ece4fd1-ebb4-48f5-af2a-2f58311056b4)
2020-01-16 15:58:00.242 15 RALLYDEBUG rally_openstack.cleanup.manager [-] Deleting neutron.subnet object s_rally_3255131a_pQLU5STE (3b9725a6-1104-4309-9e00-ebc1ed170666)
