2020-01-16 16:07:25.361 15 RALLYDEBUG rally_openstack.cleanup.manager [-] Deleting neutron.port object s_rally_cfc3548f_J3QaxEGx (66bc984f-d606-46c0-83bc-163bbf4ddd1f)
2020-01-16 16:07:25.763 15 RALLYDEBUG rally_openstack.cleanup.manager [-] Deleting neutron.port object s_rally_cfc3548f_Y9HgG5aF (66dc0505-c814-4dce-8be1-43060dd655ec)
2020-01-16 16:07:25.997 15 RALLYDEBUG rally_openstack.cleanup.manager [-] Deleting neutron.port object s_rally_cfc3548f_xe6habkr (67dbac12-5920-4bbf-8953-1d9bd78c5cdd)
2020-01-16 16:07:26.092 15 RALLYDEBUG rally_openstack.cleanup.manager [-] Deleting neutron.port object s_rally_cfc3548f_iiJ9vGtL (69879ff4-cae3-4471-b5d5-16b82a0226f6)
2020-01-16 16:07:26.093 15 RALLYDEBUG rally_openstack.cleanup.manager [-] Deleting neutron.port object s_rally_cfc3548f_W8eJKU8C (680e8655-dbd4-4be3-931d-bdb3e7d07a0d)
2020-01-16 16:07:26.249 15 RALLYDEBUG rally_openstack.cleanup.manager [-] Deleting neutron.port object s_rally_cfc3548f_xtPT8lyM (6af25e57-1621-4e4b-b193-f14467fda3b4)
2020-01-16 16:07:26.296 15 RALLYDEBUG rally_openstack.cleanup.manager [-] Deleting neutron.port object s_rally_cfc3548f_Eu6ADSvq (6b22bfdd-ac3f-4268-9389-e54a9f36604d)
2020-01-16 16:07:26.304 15 RALLYDEBUG rally_openstack.cleanup.manager [-] Deleting neutron.port object s_rally_cfc3548f_bI1340Ba (6c6aefde-cdf6-44b4-bbf0-83d4a68b417e)
2020-01-16 16:07:26.343 15 RALLYDEBUG rally_openstack.cleanup.manager [-] Deleting neutron.port object s_rally_cfc3548f_nw0AQB7U (6da8090a-cbfd-46b6-a13c-60efc3683812)
2020-01-16 16:07:26.362 15 RALLYDEBUG rally_openstack.cleanup.manager [-] Deleting neutron.port object s_rally_cfc3548f_gaSI7WaY (6e5c2840-447a-4327-bd74-a64559ab87f5)
2020-01-16 16:07:26.387 15 RALLYDEBUG rally_openstack.cleanup.manager [-] Deleting neutron.port object s_rally_cfc3548f_8EYRSLrl (737f990b-e1ab-4f20-90f1-252465951434)
2020-01-16 16:07:26.554 15 RALLYDEBUG rally_openstack.cleanup.manager [-] Deleting neutron.port object s_rally_cfc3548f_0uKEYHpG (74ce47ed-43a0-4f76-908a-df03e0e0263c)
2020-01-16 16:07:26.812 15 RALLYDEBUG rally_openstack.cleanup.manager [-] Deleting neutron.port object s_rally_cfc3548f_PlvfIM46 (76dd191e-7220-403b-be1f-368e0c98f945)
2020-01-16 16:07:26.816 15 RALLYDEBUG rally_openstack.cleanup.manager [-] Deleting neutron.port object s_rally_cfc3548f_PdHgRHII (772443f0-be56-4cfc-8d41-600855680623)
2020-01-16 16:07:27.014 15 RALLYDEBUG rally_openstack.cleanup.manager [-] Deleting neutron.port object s_rally_cfc3548f_3nl6az3l (78038cda-899f-471a-a9cc-c4cab181a917)
2020-01-16 16:07:27.027 15 RALLYDEBUG rally_openstack.cleanup.manager [-] Deleting neutron.port object s_rally_cfc3548f_w1y1WcSO (78b37302-8b64-492b-af51-7ed4b1d68d22)
2020-01-16 16:07:27.073 15 RALLYDEBUG rally_openstack.cleanup.manager [-] Deleting neutron.port object s_rally_cfc3548f_AaAWn3to (7987116c-5578-409c-ad11-fcc56dfd0070)
2020-01-16 16:07:27.189 15 RALLYDEBUG rally_openstack.cleanup.manager [-] Deleting neutron.port object s_rally_cfc3548f_uI6GT8AK (7a792663-9137-4ddd-81c0-56a49e5a5fa2)
2020-01-16 16:07:27.232 15 RALLYDEBUG rally_openstack.cleanup.manager [-] Deleting neutron.port object s_rally_cfc3548f_h3FaoGbv (7c2ef792-fc0d-4cda-a7d3-8c53af0a2ec1)
2020-01-16 16:07:27.238 15 RALLYDEBUG rally_openstack.cleanup.manager [-] Deleting neutron.port object s_rally_cfc3548f_c54s2gMq (7d05c5b7-ec00-42e0-9d01-833a36b42733)
2020-01-16 16:07:27.729 15 RALLYDEBUG rally_openstack.cleanup.manager [-] Deleting neutron.port object s_rally_cfc3548f_2AHlkHdH (7d6df990-24cb-4c35-aeda-f8c1acd10956)
2020-01-16 16:07:28.134 15 RALLYDEBUG rally_openstack.cleanup.manager [-] Deleting neutron.port object s_rally_cfc3548f_oEZ4IMEO (7edce14b-78ba-4d40-8ecf-fd3da97f8896)
2020-01-16 16:07:28.183 15 RALLYDEBUG rally_openstack.cleanup.manager [-] Deleting neutron.port object s_rally_cfc3548f_KpRJAFCW (7fc3b90a-69f2-4a97-b2a6-ae31ce9f89c8)
2020-01-16 16:07:28.202 15 RALLYDEBUG rally_openstack.cleanup.manager [-] Deleting neutron.port object s_rally_cfc3548f_k5RPAmsS (80b8124d-1513-4715-ad7b-dffbbfcaa57d)
2020-01-16 16:07:28.213 15 RALLYDEBUG rally_openstack.cleanup.manager [-] Deleting neutron.port object s_rally_cfc3548f_dum1gJuu (81ef9b3d-ada0-4f22-91a9-d1721c980594)
2020-01-16 16:07:28.242 15 RALLYDEBUG rally_openstack.cleanup.manager [-] Deleting neutron.port object s_rally_cfc3548f_kmEya8qI (82146705-bcf6-4149-9311-47cab22cc5a5)
2020-01-16 16:07:28.307 15 RALLYDEBUG rally_openstack.cleanup.manager [-] Deleting neutron.port object s_rally_cfc3548f_ug6GnSd2 (830c61c2-c692-46d9-ab7f-c2fafc567494)
2020-01-16 16:07:28.515 15 RALLYDEBUG rally_openstack.cleanup.manager [-] Deleting neutron.port object s_rally_cfc3548f_Qdd1TdPl (834023d8-66fc-47fc-810b-1c760ce3dd64)
2020-01-16 16:07:28.649 15 RALLYDEBUG rally_openstack.cleanup.manager [-] Deleting neutron.port object s_rally_cfc3548f_sjVxUsJW (83857307-f27b-44d0-89b0-3c1853282438)
2020-01-16 16:07:28.666 15 RALLYDEBUG rally_openstack.cleanup.manager [-] Deleting neutron.port object s_rally_cfc3548f_dm80r921 (85e7fc98-a114-4496-ad39-7039e5c8f1ec)
2020-01-16 16:07:28.697 15 RALLYDEBUG rally_openstack.cleanup.manager [-] Deleting neutron.port object s_rally_cfc3548f_vPjNGFn9 (8787bea4-639c-486c-a16f-ef7d66b1354e)
2020-01-16 16:07:28.777 15 RALLYDEBUG rally_openstack.cleanup.manager [-] Deleting neutron.port object s_rally_cfc3548f_sQUSywVT (8f7939f8-b128-47f6-b6b4-448c31506ce4)
2020-01-16 16:07:28.939 15 RALLYDEBUG rally_openstack.cleanup.manager [-] Deleting neutron.port object s_rally_cfc3548f_95JwsY8U (9291c1c4-a43e-43ea-ae7b-6431a9b6fc7f)
2020-01-16 16:07:29.016 15 RALLYDEBUG rally_openstack.cleanup.manager [-] Deleting neutron.port object s_rally_cfc3548f_rjV7e87a (92c467cc-4bf3-441e-9325-9005ffd07d1d)
2020-01-16 16:07:29.075 15 RALLYDEBUG rally_openstack.cleanup.manager [-] Deleting neutron.port object s_rally_cfc3548f_efpFsK0R (9415ae51-6564-4a2d-8a49-c24f87c81eb6)
2020-01-16 16:07:29.079 15 RALLYDEBUG rally_openstack.cleanup.manager [-] Deleting neutron.port object s_rally_cfc3548f_bcNzfcXI (95c344c8-7e9a-4c64-b243-aa0543e41b03)
2020-01-16 16:07:29.090 15 RALLYDEBUG rally_openstack.cleanup.manager [-] Deleting neutron.port object s_rally_cfc3548f_wuOiDO7M (96fd1492-bfbf-4c46-81e5-9d562036b3a5)
2020-01-16 16:07:29.125 15 RALLYDEBUG rally_openstack.cleanup.manager [-] Deleting neutron.port object s_rally_cfc3548f_o7C8YuTl (977c9758-9a3f-4644-b8da-b49bc7ecbc7b)
2020-01-16 16:07:29.184 15 RALLYDEBUG rally_openstack.cleanup.manager [-] Deleting neutron.port object s_rally_cfc3548f_s7cz6bBy (9a833e73-916b-4c51-a254-c8f28478af0d)
2020-01-16 16:07:29.626 15 RALLYDEBUG rally_openstack.cleanup.manager [-] Deleting neutron.port object s_rally_cfc3548f_agBvFZp4 (9bfb6335-2d06-4bfe-ae36-abdf81e263fb)
2020-01-16 16:07:29.688 15 RALLYDEBUG rally_openstack.cleanup.manager [-] Deleting neutron.port object s_rally_cfc3548f_jbCpY69v (9d7c442c-f975-41a7-9243-f7f4c0cb8cbb)
2020-01-16 16:07:30.367 15 RALLYDEBUG rally_openstack.cleanup.manager [-] Deleting neutron.port object s_rally_cfc3548f_O16GHzJJ (9e4e1ad6-7111-4111-96d4-7a8b80c18f33)
2020-01-16 16:07:30.509 15 RALLYDEBUG rally_openstack.cleanup.manager [-] Deleting neutron.port object s_rally_cfc3548f_91oBoNOU (9fc13d9a-9eab-4375-bddc-58f2cbffc16e)
2020-01-16 16:07:30.609 15 RALLYDEBUG rally_openstack.cleanup.manager [-] Deleting neutron.port object s_rally_cfc3548f_ByzZyQyq (a014bcb4-4906-485d-958d-518cee83263a)
2020-01-16 16:07:30.806 15 RALLYDEBUG rally_openstack.cleanup.manager [-] Deleting neutron.port object s_rally_cfc3548f_9fz8lzma (a1c4c0f1-addb-461b-a6f6-605898bc959d)
2020-01-16 16:07:30.821 15 RALLYDEBUG rally_openstack.cleanup.manager [-] Deleting neutron.port object s_rally_cfc3548f_bQbv53df (a3362988-1c39-42b0-ad88-a0be32d94d85)
2020-01-16 16:07:30.823 15 RALLYDEBUG rally_openstack.cleanup.manager [-] Deleting neutron.port object s_rally_cfc3548f_EAHhFr7r (a1deb0b9-61cc-491a-bd41-acc2984f418e)
2020-01-16 16:07:30.826 15 RALLYDEBUG rally_openstack.cleanup.manager [-] Deleting neutron.port object s_rally_cfc3548f_JZ4vwsrz (a3aab276-d59c-4033-917f-7efda6487ca6)
2020-01-16 16:07:30.877 15 RALLYDEBUG rally_openstack.cleanup.manager [-] Deleting neutron.port object s_rally_cfc3548f_Hv66PCqA (a3b5d5ee-e3f9-4272-a137-6f761ee37f73)
2020-01-16 16:07:30.927 15 RALLYDEBUG rally_openstack.cleanup.manager [-] Deleting neutron.port object s_rally_cfc3548f_yJez8wIT (a51e6c38-8f2b-4d3e-ac27-33529873cf2e)
2020-01-16 16:07:30.947 15 RALLYDEBUG rally_openstack.cleanup.manager [-] Deleting neutron.port object s_rally_cfc3548f_qDETB6Pq (a5f8dd4d-7dfb-4df0-9588-37cc2c127c15)
2020-01-16 16:07:30.960 15 RALLYDEBUG rally_openstack.cleanup.manager [-] Deleting neutron.port object s_rally_cfc3548f_lZ3ERhgo (a68c16fe-ac96-4b52-9934-6ddb76ab9833)
2020-01-16 16:07:30.979 15 RALLYDEBUG rally_openstack.cleanup.manager [-] Deleting neutron.port object s_rally_cfc3548f_GMPFnoy1 (a8155266-e492-4ff0-b902-23bb23b2338b)
2020-01-16 16:07:31.170 15 RALLYDEBUG rally_openstack.cleanup.manager [-] Deleting neutron.port object s_rally_cfc3548f_aDqpuEsF (a8fe9d6a-6bc7-45a9-9cf1-987e254e5d51)
2020-01-16 16:07:31.332 15 RALLYDEBUG rally_openstack.cleanup.manager [-] Deleting neutron.port object s_rally_cfc3548f_k2JJF1eH (ab1a0057-e626-4c18-89ff-5fd70a47390f)
2020-01-16 16:07:31.342 15 RALLYDEBUG rally_openstack.cleanup.manager [-] Deleting neutron.port object s_rally_cfc3548f_x9nfiCYA (ac2345ff-e235-4449-8b8c-cebf88be454e)
2020-01-16 16:07:31.358 15 RALLYDEBUG rally_openstack.cleanup.manager [-] Deleting neutron.port object s_rally_cfc3548f_oDY0YxBi (afbe69d1-f617-4acf-88b9-d28fc364a29f)
2020-01-16 16:07:31.455 15 RALLYDEBUG rally_openstack.cleanup.manager [-] Deleting neutron.port object s_rally_cfc3548f_nMHUzxYS (b14a86d4-af9c-43af-8a5c-c6b3c9bc06bd)
2020-01-16 16:07:31.584 15 RALLYDEBUG rally_openstack.cleanup.manager [-] Deleting neutron.port object s_rally_cfc3548f_vbcenZJ0 (b1d02670-d81e-4aa6-82a4-904b39c8d645)
2020-01-16 16:07:31.592 15 RALLYDEBUG rally_openstack.cleanup.manager [-] Deleting neutron.port object s_rally_cfc3548f_qek2Yrz1 (b259a66a-c211-4b2f-be1f-591764ce497e)
2020-01-16 16:07:31.765 15 RALLYDEBUG rally_openstack.cleanup.manager [-] Deleting neutron.port object s_rally_cfc3548f_39hQOCXU (b674e6bb-ae93-45d7-b3d0-61611e56eb20)
2020-01-16 16:07:32.415 15 RALLYDEBUG rally_openstack.cleanup.manager [-] Deleting neutron.port object s_rally_cfc3548f_HY64CXxw (b8007dbb-a939-4f75-9ad0-3cf631e8393c)
2020-01-16 16:07:32.740 15 RALLYDEBUG rally_openstack.cleanup.manager [-] Deleting neutron.port object s_rally_cfc3548f_fJPocZdM (b9e84728-3be6-4dda-808a-7140a0fd0470)
2020-01-16 16:07:33.060 15 RALLYDEBUG rally_openstack.cleanup.manager [-] Deleting neutron.port object s_rally_cfc3548f_unJl2ujs (baaee45b-b02f-4edd-a84e-a1130d391e3b)
2020-01-16 16:07:33.101 15 RALLYDEBUG rally_openstack.cleanup.manager [-] Deleting neutron.port object s_rally_cfc3548f_SG173A3Z (bbd0c904-0ac5-4452-a32d-5c1093a39a04)
2020-01-16 16:07:33.230 15 RALLYDEBUG rally_openstack.cleanup.manager [-] Deleting neutron.port object s_rally_cfc3548f_M0aPkCdT (c128bf06-dadd-49ad-9328-af60ab8f1d7b)
2020-01-16 16:07:33.425 15 RALLYDEBUG rally_openstack.cleanup.manager [-] Deleting neutron.port object s_rally_cfc3548f_Mb1V8r40 (c2da269e-bbdd-408a-9fab-193296740e86)
2020-01-16 16:07:33.501 15 RALLYDEBUG rally_openstack.cleanup.manager [-] Deleting neutron.port object s_rally_cfc3548f_XO18qtyC (c61e5bf8-3f23-4b7d-baff-f517da3888d3)
2020-01-16 16:07:33.694 15 RALLYDEBUG rally_openstack.cleanup.manager [-] Deleting neutron.port object s_rally_cfc3548f_jkeYdGRB (c719e2dd-53cc-40f2-b3da-c63c95793230)
2020-01-16 16:07:33.710 15 RALLYDEBUG rally_openstack.cleanup.manager [-] Deleting neutron.port object s_rally_cfc3548f_bVeufsO7 (c725debf-b9c1-4b15-90fc-0034e8f83206)
2020-01-16 16:07:33.712 15 RALLYDEBUG rally_openstack.cleanup.manager [-] Deleting neutron.port object s_rally_cfc3548f_oMlyEvvg (c7d1dad1-7610-4a1e-b21a-3cbe9cd07bc8)
2020-01-16 16:07:33.713 15 RALLYDEBUG rally_openstack.cleanup.manager [-] Deleting neutron.port object s_rally_cfc3548f_ui4B6nYC (c735e317-d7d0-4441-ad00-70f417fc7515)
2020-01-16 16:07:33.909 15 RALLYDEBUG rally_openstack.cleanup.manager [-] Deleting neutron.port object s_rally_cfc3548f_rcsvh1ww (cbcbe93c-5569-4f7a-b03d-b287dd24f287)
2020-01-16 16:07:34.031 15 RALLYDEBUG rally_openstack.cleanup.manager [-] Deleting neutron.port object s_rally_cfc3548f_644mE0hP (cf568d90-87b1-4f02-bef3-b8837d0c89d7)
2020-01-16 16:07:34.157 15 RALLYDEBUG rally_openstack.cleanup.manager [-] Deleting neutron.port object s_rally_cfc3548f_NGnCkriT (cf94c20d-191d-4601-979f-5843253e3690)
2020-01-16 16:07:34.319 15 RALLYDEBUG rally_openstack.cleanup.manager [-] Deleting neutron.port object s_rally_cfc3548f_uzVko5wS (d07f97a8-9f80-4360-8edf-a8b2677b5c0c)
2020-01-16 16:07:34.383 15 RALLYDEBUG rally_openstack.cleanup.manager [-] Deleting neutron.port object s_rally_cfc3548f_ZZGjKzY9 (d0bc307b-6ca5-4b7e-be8f-5e01e6520ce5)
2020-01-16 16:07:34.569 15 RALLYDEBUG rally_openstack.cleanup.manager [-] Deleting neutron.port object s_rally_cfc3548f_3rUFjr20 (d1337f4e-9b0c-44e5-b5cf-02070258e10c)
2020-01-16 16:07:34.595 15 RALLYDEBUG rally_openstack.cleanup.manager [-] Deleting neutron.port object s_rally_cfc3548f_3tquvGdy (d3c9b8ff-5539-4a9f-a9f0-c38a46e5d1d5)
2020-01-16 16:07:34.601 15 RALLYDEBUG rally_openstack.cleanup.manager [-] Deleting neutron.port object s_rally_cfc3548f_CnKrYSvG (d3460c81-cbdb-4248-a776-41d1cc2fb0df)
2020-01-16 16:07:34.601 15 RALLYDEBUG rally_openstack.cleanup.manager [-] Deleting neutron.port object s_rally_cfc3548f_9RTHUQAI (d3418036-e7dc-4122-8ae0-6b88733cd53a)
2020-01-16 16:07:34.649 15 RALLYDEBUG rally_openstack.cleanup.manager [-] Deleting neutron.port object s_rally_cfc3548f_WRPSE1bT (d43345da-bb54-40ca-ba54-2ec3b62effd4)
2020-01-16 16:07:34.688 15 RALLYDEBUG rally_openstack.cleanup.manager [-] Deleting neutron.port object s_rally_cfc3548f_4xl4kFtq (d48cffa1-212f-4b70-977d-9b7d28c2ca83)
2020-01-16 16:07:35.062 15 RALLYDEBUG rally_openstack.cleanup.manager [-] Deleting neutron.port object s_rally_cfc3548f_8ZY3qVFv (d4ea86ce-1d09-4043-86cc-3031b419cfaa)
2020-01-16 16:07:35.243 15 RALLYDEBUG rally_openstack.cleanup.manager [-] Deleting neutron.port object s_rally_cfc3548f_v9PZnxF6 (d7c364b9-4bce-47b6-87b1-cdb6e5f544d8)
2020-01-16 16:07:35.301 15 RALLYDEBUG rally_openstack.cleanup.manager [-] Deleting neutron.port object s_rally_cfc3548f_99GE6EXt (d7db2cf0-63fd-4c19-8544-be7bb7a86aef)
2020-01-16 16:07:35.337 15 RALLYDEBUG rally_openstack.cleanup.manager [-] Deleting neutron.port object s_rally_cfc3548f_rp2Nby7F (da5ee520-b592-47a5-a046-417f338f47f8)
2020-01-16 16:07:35.346 15 RALLYDEBUG rally_openstack.cleanup.manager [-] Deleting neutron.port object s_rally_cfc3548f_HMHW2N2J (da7ef989-ef34-494c-a57a-476fb1926c60)
2020-01-16 16:07:35.609 15 RALLYDEBUG rally_openstack.cleanup.manager [-] Deleting neutron.port object s_rally_cfc3548f_vVAAOOv7 (dbbfbe49-320a-4645-b022-cbb466f19a3c)
2020-01-16 16:07:35.858 15 RALLYDEBUG rally_openstack.cleanup.manager [-] Deleting neutron.port object s_rally_cfc3548f_dwtRTsw3 (dc007719-7062-4b19-8ca8-0d782159bc9c)
2020-01-16 16:07:36.120 15 RALLYDEBUG rally_openstack.cleanup.manager [-] Deleting neutron.port object s_rally_cfc3548f_C64WsTn6 (dd5e90a2-e338-4552-b68a-ad39d84d7571)
2020-01-16 16:07:36.319 15 RALLYDEBUG rally_openstack.cleanup.manager [-] Deleting neutron.port object s_rally_cfc3548f_pqaB5Zmu (e15f8970-2815-430e-9c9a-b1b57676b4f0)
2020-01-16 16:07:36.349 15 RALLYDEBUG rally_openstack.cleanup.manager [-] Deleting neutron.port object s_rally_cfc3548f_5h7lppr8 (e16e5368-22b8-4ebc-aa46-71beda217c3c)
2020-01-16 16:07:36.397 15 RALLYDEBUG rally_openstack.cleanup.manager [-] Deleting neutron.port object s_rally_cfc3548f_gUwgHSrD (e2556ccb-ad06-4b93-8679-98f6d2970643)
2020-01-16 16:07:36.513 15 RALLYDEBUG rally_openstack.cleanup.manager [-] Deleting neutron.port object s_rally_cfc3548f_J3kvqqzD (e6a0bf09-38e2-42a9-8b1b-c84689e0227c)
2020-01-16 16:07:36.525 15 RALLYDEBUG rally_openstack.cleanup.manager [-] Deleting neutron.port object s_rally_cfc3548f_1hXVh1f5 (e79171fc-54f0-48dc-abd1-266cd26bd178)
2020-01-16 16:07:36.833 15 RALLYDEBUG rally_openstack.cleanup.manager [-] Deleting neutron.port object s_rally_cfc3548f_yTFqXe87 (e8f4ff74-c320-4833-9808-1a333986f392)
2020-01-16 16:07:36.867 15 RALLYDEBUG rally_openstack.cleanup.manager [-] Deleting neutron.port object s_rally_cfc3548f_XqfecPT0 (e99c2db8-0373-41cd-a9df-cedac15d72b5)
2020-01-16 16:07:37.075 15 RALLYDEBUG rally_openstack.cleanup.manager [-] Deleting neutron.port object s_rally_cfc3548f_YNNw4KH9 (ec765053-54f6-4f7d-8ffd-400d06246ba3)
2020-01-16 16:07:37.175 15 RALLYDEBUG rally_openstack.cleanup.manager [-] Deleting neutron.port object s_rally_cfc3548f_UMBsUY55 (ef741c0e-80ce-4ab9-af54-acbdf2bcb668)
2020-01-16 16:07:37.186 15 RALLYDEBUG rally_openstack.cleanup.manager [-] Deleting neutron.port object s_rally_cfc3548f_PkLkDrh7 (f1383fee-ab4d-4cce-9f69-4fbce32ae4b2)
2020-01-16 16:07:37.192 15 RALLYDEBUG rally_openstack.cleanup.manager [-] Deleting neutron.port object s_rally_cfc3548f_EqDKtYYs (f166600a-5cb1-4b23-ae92-5124c4ced193)
2020-01-16 16:07:37.205 15 RALLYDEBUG rally_openstack.cleanup.manager [-] Deleting neutron.port object s_rally_cfc3548f_OaY073S9 (f28f16a8-9590-4bc8-9052-628f32cdae29)
2020-01-16 16:07:37.206 15 RALLYDEBUG rally_openstack.cleanup.manager [-] Deleting neutron.port object s_rally_cfc3548f_aQfCGu4f (f1e9d7c6-0add-4433-af3d-480de73569c5)
2020-01-16 16:07:37.237 15 RALLYDEBUG rally_openstack.cleanup.manager [-] Deleting neutron.port object s_rally_cfc3548f_ud2L5cml (f2ef1376-ff10-4dfa-b162-44594dc52687)
2020-01-16 16:07:37.371 15 RALLYDEBUG rally_openstack.cleanup.manager [-] Deleting neutron.port object s_rally_cfc3548f_utBix7oz (f32b9827-6fc9-4098-b024-62de27636d05)
2020-01-16 16:07:37.619 15 RALLYDEBUG rally_openstack.cleanup.manager [-] Deleting neutron.port object s_rally_cfc3548f_8Sy6zOfh (f38b2204-67ee-42a0-b94d-a4d13c294b4e)
2020-01-16 16:07:37.754 15 RALLYDEBUG rally_openstack.cleanup.manager [-] Deleting neutron.port object s_rally_cfc3548f_Olstr3lF (f486a658-365a-44f0-ba08-20bf41b39ae9)
2020-01-16 16:07:37.891 15 RALLYDEBUG rally_openstack.cleanup.manager [-] Deleting neutron.port object s_rally_cfc3548f_8q0MdTdW (f6100d9e-868e-4f5e-b92f-d3b3306b9fae)
2020-01-16 16:07:38.002 15 RALLYDEBUG rally_openstack.cleanup.manager [-] Deleting neutron.port object s_rally_cfc3548f_iVffuNsr (f66f78cc-1cb0-426e-b62c-1ca75854f81a)
2020-01-16 16:07:38.214 15 RALLYDEBUG rally_openstack.cleanup.manager [-] Deleting neutron.port object s_rally_cfc3548f_6pFrOyI6 (f874bb74-d88c-4c14-9079-1c5c0af40fc7)
2020-01-16 16:07:38.307 15 RALLYDEBUG rally_openstack.cleanup.manager [-] Deleting neutron.port object s_rally_cfc3548f_qpjH6M6X (f96d01ce-f220-4ca7-ad87-34e60e5059c8)
2020-01-16 16:07:38.329 15 RALLYDEBUG rally_openstack.cleanup.manager [-] Deleting neutron.port object s_rally_cfc3548f_kbw419z2 (fa2d1f76-077c-47a1-a7a1-ccc829c6938c)
2020-01-16 16:07:38.377 15 RALLYDEBUG rally_openstack.cleanup.manager [-] Deleting neutron.port object s_rally_cfc3548f_vqWTDdGX (fac2ce6c-c900-4db1-a564-af9c327804ba)
2020-01-16 16:07:38.609 15 RALLYDEBUG rally_openstack.cleanup.manager [-] Deleting neutron.port object s_rally_cfc3548f_JgCAgMuJ (fb96a4d5-2187-46b8-91a3-75e030d8f5c1)
2020-01-16 16:07:38.655 15 RALLYDEBUG rally_openstack.cleanup.manager [-] Deleting neutron.port object s_rally_cfc3548f_lZYPg5Os (fc84cb37-2000-46c9-9dce-52fc529409ec)
2020-01-16 16:07:40.815 15 RALLYDEBUG rally_openstack.cleanup.manager [-] Cleaning up neutron subnet objects
2020-01-16 16:07:41.049 15 RALLYDEBUG rally_openstack.cleanup.manager [-] Cleaning up neutron network objects
2020-01-16 16:07:41.522 15 RALLYDEBUG rally_openstack.cleanup.manager [-] Deleting neutron.network object s_rally_cfc3548f_VC64tx2q (07cdd675-28e5-4c72-b244-6f122fd06013)
2020-01-16 16:07:41.529 15 RALLYDEBUG rally_openstack.cleanup.manager [-] Deleting neutron.network object s_rally_cfc3548f_FBnP7E7s (08a999ad-cbbf-46e8-a651-5fc2de265fb4)
2020-01-16 16:07:41.537 15 RALLYDEBUG rally_openstack.cleanup.manager [-] Deleting neutron.network object s_rally_cfc3548f_ueOcyotK (1534aa05-2bea-4ba3-b697-00a529992f63)
2020-01-16 16:07:41.543 15 RALLYDEBUG rally_openstack.cleanup.manager [-] Deleting neutron.network object s_rally_cfc3548f_wA1HflIs (1fa4ccd0-07f6-41c7-8da1-fc9b86a8a7e1)
2020-01-16 16:07:41.555 15 RALLYDEBUG rally_openstack.cleanup.manager [-] Deleting neutron.network object s_rally_cfc3548f_DoOIQ5Nf (20072c9b-305a-40f7-985e-c80539bc839a)
2020-01-16 16:07:41.568 15 RALLYDEBUG rally_openstack.cleanup.manager [-] Deleting neutron.network object s_rally_cfc3548f_m5Yx112y (25b7a1c7-4f93-4504-80c1-adde73723bbc)
2020-01-16 16:07:41.577 15 RALLYDEBUG rally_openstack.cleanup.manager [-] Deleting neutron.network object s_rally_cfc3548f_MyYNbinA (29bb510f-798f-4b0f-b200-e7abbd8b8b5e)
2020-01-16 16:07:41.592 15 RALLYDEBUG rally_openstack.cleanup.manager [-] Deleting neutron.network object s_rally_cfc3548f_N5StpR38 (36fe7e2f-dfcd-4c1d-a750-265705108bc4)
2020-01-16 16:07:41.655 15 RALLYDEBUG rally_openstack.cleanup.manager [-] Deleting neutron.network object s_rally_cfc3548f_ftKC51Iz (3b6b247d-a68e-4260-a0ef-df9bf9195140)
2020-01-16 16:07:41.666 15 RALLYDEBUG rally_openstack.cleanup.manager [-] Deleting neutron.network object s_rally_cfc3548f_OBLEhFqC (55371b72-6ab2-4831-ab05-d633cd3efafd)
2020-01-16 16:07:41.679 15 RALLYDEBUG rally_openstack.cleanup.manager [-] Deleting neutron.network object s_rally_cfc3548f_22fFfE78 (3e478491-4165-4d68-802e-9ee77b16774d)
2020-01-16 16:07:41.704 15 RALLYDEBUG rally_openstack.cleanup.manager [-] Deleting neutron.network object s_rally_cfc3548f_2SxDmowF (533d960a-d116-4df0-bcad-d4307486c348)
2020-01-16 16:07:41.714 15 RALLYDEBUG rally_openstack.cleanup.manager [-] Deleting neutron.network object s_rally_cfc3548f_kjPhDjQM (61a93f02-a57e-42c2-ba6a-385179d4a5e3)
2020-01-16 16:07:41.716 15 RALLYDEBUG rally_openstack.cleanup.manager [-] Deleting neutron.network object s_rally_cfc3548f_0QyGV3VD (62631f46-b953-4f8b-9b32-9e248ffa9420)
2020-01-16 16:07:41.720 15 RALLYDEBUG rally_openstack.cleanup.manager [-] Deleting neutron.network object s_rally_cfc3548f_oRHFE3Lw (64b4464f-4164-4727-b599-671cab21ca02)
2020-01-16 16:07:41.710 15 RALLYDEBUG rally_openstack.cleanup.manager [-] Deleting neutron.network object s_rally_cfc3548f_undYhDh3 (59218439-5cc8-4cad-8e45-fe2516cc87c0)
2020-01-16 16:07:41.739 15 RALLYDEBUG rally_openstack.cleanup.manager [-] Deleting neutron.network object s_rally_cfc3548f_VLjXBKpm (76cfd90a-ac2a-470b-aeee-ad0da14c89a9)
2020-01-16 16:07:41.739 15 RALLYDEBUG rally_openstack.cleanup.manager [-] Deleting neutron.network object s_rally_cfc3548f_RwnSZcLy (6639db22-9147-408b-9afe-27b6565e773e)
2020-01-16 16:07:41.753 15 RALLYDEBUG rally_openstack.cleanup.manager [-] Deleting neutron.network object s_rally_cfc3548f_bhEheewF (67fe1b67-5629-4812-b253-438422671f70)
2020-01-16 16:07:41.803 15 RALLYDEBUG rally_openstack.cleanup.manager [-] Deleting neutron.network object s_rally_cfc3548f_8QMHtXlp (7cd85b85-951a-4152-837d-b0f9b9d8cf96)
2020-01-16 16:07:43.928 15 RALLYDEBUG rally_openstack.cleanup.manager [-] Deleting neutron.network object s_rally_cfc3548f_991Zc8KI (7d2772ec-e294-4f17-8b0a-3da949fce86b)
2020-01-16 16:07:44.008 15 RALLYDEBUG rally_openstack.cleanup.manager [-] Deleting neutron.network object s_rally_cfc3548f_X8sbgKGy (7fb6350e-dc69-4714-b7ab-c7c29bad2928)
2020-01-16 16:07:44.406 15 RALLYDEBUG rally_openstack.cleanup.manager [-] Deleting neutron.network object s_rally_cfc3548f_i2YyoyoL (822e437d-5aac-4093-8ac0-348ba017635c)
2020-01-16 16:07:44.575 15 RALLYDEBUG rally_openstack.cleanup.manager [-] Deleting neutron.network object s_rally_cfc3548f_V9VUoctJ (9104f419-82bc-4cd5-943f-36854cfd8713)
2020-01-16 16:07:44.581 15 RALLYDEBUG rally_openstack.cleanup.manager [-] Deleting neutron.network object s_rally_cfc3548f_fQ69ZFDM (a3a17703-ee9e-4c99-bd0c-7036796e0aef)
2020-01-16 16:07:44.608 15 RALLYDEBUG rally_openstack.cleanup.manager [-] Deleting neutron.network object s_rally_cfc3548f_zIr7YyvE (aafa451b-1670-4469-821d-bf63e9e746b8)
2020-01-16 16:07:44.712 15 RALLYDEBUG rally_openstack.cleanup.manager [-] Deleting neutron.network object s_rally_cfc3548f_HsMRQjBM (b323340c-9889-437c-a5a7-27d741a85415)
2020-01-16 16:07:44.731 15 RALLYDEBUG rally_openstack.cleanup.manager [-] Deleting neutron.network object s_rally_cfc3548f_zCfv8L5w (bddec0f8-98b4-4152-9805-986351e90008)
2020-01-16 16:07:44.736 15 RALLYDEBUG rally_openstack.cleanup.manager [-] Deleting neutron.network object s_rally_cfc3548f_DW4oamkl (c1927884-bc46-441d-bb82-e8054716cef8)
2020-01-16 16:07:44.775 15 RALLYDEBUG rally_openstack.cleanup.manager [-] Deleting neutron.network object s_rally_cfc3548f_g6edGqo8 (c570ee92-6a14-412a-abc1-56071c218a53)
2020-01-16 16:07:44.839 15 RALLYDEBUG rally_openstack.cleanup.manager [-] Deleting neutron.network object s_rally_cfc3548f_uAusvpQA (c617c109-41b4-4a3b-a4bc-40ab34835659)
2020-01-16 16:07:44.917 15 RALLYDEBUG rally_openstack.cleanup.manager [-] Deleting neutron.network object s_rally_cfc3548f_ICnulGLU (caf99264-a5f5-40b1-b9d9-a8aa2b1fd6af)
2020-01-16 16:07:44.942 15 RALLYDEBUG rally_openstack.cleanup.manager [-] Deleting neutron.network object s_rally_cfc3548f_mOKvcHbH (cf340e7c-dd48-4ee5-a6bf-e04787e86743)
2020-01-16 16:07:44.959 15 RALLYDEBUG rally_openstack.cleanup.manager [-] Deleting neutron.network object s_rally_cfc3548f_7b06HSpw (d6b0873b-8e67-4d80-bd6c-373ad2d4edda)
2020-01-16 16:07:44.966 15 RALLYDEBUG rally_openstack.cleanup.manager [-] Deleting neutron.network object s_rally_cfc3548f_RoMYRg9V (d6ec6a43-4fe5-4ba2-804c-ad848bd26ef3)
2020-01-16 16:07:45.287 15 RALLYDEBUG rally_openstack.cleanup.manager [-] Deleting neutron.network object s_rally_cfc3548f_UHRa1D7g (dcc44437-fc77-419d-a3e0-d601e1e70d9a)
2020-01-16 16:07:45.328 15 RALLYDEBUG rally_openstack.cleanup.manager [-] Deleting neutron.network object s_rally_cfc3548f_5YoeWYRi (e8374a42-df08-4915-841c-bb98c7c3c353)
2020-01-16 16:07:45.350 15 RALLYDEBUG rally_openstack.cleanup.manager [-] Deleting neutron.network object s_rally_cfc3548f_nU6bJhmh (ebf203b5-bb35-4832-bebd-9d981b94a201)
2020-01-16 16:07:45.407 15 RALLYDEBUG rally_openstack.cleanup.manager [-] Deleting neutron.network object s_rally_cfc3548f_iMc7vXkg (ed1f9139-e12f-4c3e-b108-c54de85032ff)
2020-01-16 16:07:45.552 15 RALLYDEBUG rally_openstack.cleanup.manager [-] Deleting neutron.network object s_rally_cfc3548f_IJjyBUhv (f48b83ef-b297-4aae-98a1-7c97856dbbc6)
2020-01-16 16:07:49.397 15 RALLYDEBUG rally_openstack.cleanup.manager [-] Cleaning up neutron router objects
2020-01-16 16:07:49.681 15 RALLYDEBUG rally_openstack.cleanup.manager [-] Cleaning up neutron security_group objects
2020-01-16 16:07:50.131 15 INFO rally.task.context [-] Task 37cf64c4-4c8f-4fb8-bd71-840b18da9cea | Context cleanup@openstack cleanup() finished in 34.86 sec
2020-01-16 16:07:50.131 15 INFO rally.task.context [-] Task 37cf64c4-4c8f-4fb8-bd71-840b18da9cea | Context quotas@openstack cleanup() started
2020-01-16 16:07:50.180 15 INFO rally.task.context [-] Task 37cf64c4-4c8f-4fb8-bd71-840b18da9cea | Context quotas@openstack cleanup() finished in 48.20 msec
2020-01-16 16:07:50.180 15 INFO rally.task.context [-] Task 37cf64c4-4c8f-4fb8-bd71-840b18da9cea | Context users@openstack cleanup() started
2020-01-16 16:07:51.612 15 INFO rally.task.context [-] Task 37cf64c4-4c8f-4fb8-bd71-840b18da9cea | Context users@openstack cleanup() finished in 1.43 sec
2020-01-16 16:07:53.376 15 INFO rally.task.engine [-] Load duration is: 143.401952
2020-01-16 16:07:53.376 15 INFO rally.task.engine [-] Full runner duration is: 143.453801
2020-01-16 16:07:53.377 15 INFO rally.task.engine [-] Full duration is: 180.939591
2020-01-16 16:07:53.473 15 INFO rally.task.engine [-] Running workload: position = 2 config = { "version": 2, "title": "A cropped version of a bigger task.", "description": "Auto-generated task from a single workload (uuid=7b1b226d-69b2-402c-9c29-bfaf616b667b)", "subtasks": [ { "title": "NeutronNetworks.create_and_delete_ports", "description": "Create and delete a port.", "scenario": { "NeutronNetworks.create_and_delete_ports": { "network_create_args": {}, "port_create_args": {}, "ports_per_network": 5 } }, "contexts": { "users": { "tenants": 1, "users_per_tenant": 1 }, "quotas": { "neutron": { "network": -1, "port": -1 } } }, "runner": { "constant": { "times": 40, "concurrency": 20 } }, "hooks": [], "sla": { "failure_rate": { "max": 0 } } } ] }
2020-01-16 16:07:53.497 15 RALLYDEBUG rally_openstack.contexts.keystone.users [-] Creating 1 tenants using 20 threads
2020-01-16 16:07:53.851 15 RALLYDEBUG rally_openstack.contexts.keystone.users [-] Creating 1 users using 20 threads
2020-01-16 16:07:54.308 15 INFO rally.task.context [-] Task 37cf64c4-4c8f-4fb8-bd71-840b18da9cea | Context users@openstack setup() finished in 0.81 sec
2020-01-16 16:07:54.682 15 INFO rally.task.context [-] Task 37cf64c4-4c8f-4fb8-bd71-840b18da9cea | Context quotas@openstack setup() finished in 0.37 sec
2020-01-16 16:07:54.683 15 INFO rally.task.context [-] Task 37cf64c4-4c8f-4fb8-bd71-840b18da9cea | Context cleanup@openstack setup() finished in 0.12 msec
2020-01-16 16:07:54.692 15 RALLYDEBUG rally.task.runner [-] Starting the constant runner (task UUID: 37cf64c4-4c8f-4fb8-bd71-840b18da9cea). timeout: 0 concurrency: 20 concurrency_per_worker: 1 times: 40 concurrency_overhead: 0 processes_to_start: 20 max_cpu_used: 88
2020-01-16 16:07:54.709 4601 RALLYDEBUG rally.task.runner [-] Starting a worker. concurrency: 1 args: {"network_create_args": {}, "port_create_args": {}, "ports_per_network": 5} times: 40 method_name: run timeout: 0 duration: None cls:
2020-01-16 16:07:54.712 4602 RALLYDEBUG rally.task.runner [-] Starting a worker. concurrency: 1 args: {"network_create_args": {}, "port_create_args": {}, "ports_per_network": 5} times: 40 method_name: run timeout: 0 duration: None cls:
2020-01-16 16:07:54.714 4603 RALLYDEBUG rally.task.runner [-] Starting a worker. concurrency: 1 args: {"network_create_args": {}, "port_create_args": {}, "ports_per_network": 5} times: 40 method_name: run timeout: 0 duration: None cls:
2020-01-16 16:07:54.716 4601 INFO rally.task.runner [-] Task 37cf64c4-4c8f-4fb8-bd71-840b18da9cea | ITER: 1 START
2020-01-16 16:07:54.717 4601 WARNING rally_openstack.scenarios.neutron.utils [-] Running this scenario without either the 'network' or 'existing_network' context is deprecated
2020-01-16 16:07:54.717 4604 RALLYDEBUG rally.task.runner [-] Starting a worker. concurrency: 1 args: {"network_create_args": {}, "port_create_args": {}, "ports_per_network": 5} times: 40 method_name: run timeout: 0 duration: None cls:
2020-01-16 16:07:54.718 4602 INFO rally.task.runner [-] Task 37cf64c4-4c8f-4fb8-bd71-840b18da9cea | ITER: 2 START
2020-01-16 16:07:54.719 4602 WARNING rally_openstack.scenarios.neutron.utils [-] Running this scenario without either the 'network' or 'existing_network' context is deprecated
2020-01-16 16:07:54.719 4605 RALLYDEBUG rally.task.runner [-] Starting a worker. concurrency: 1 args: {"network_create_args": {}, "port_create_args": {}, "ports_per_network": 5} times: 40 method_name: run timeout: 0 duration: None cls:
2020-01-16 16:07:54.720 4603 INFO rally.task.runner [-] Task 37cf64c4-4c8f-4fb8-bd71-840b18da9cea | ITER: 3 START
2020-01-16 16:07:54.722 4603 WARNING rally_openstack.scenarios.neutron.utils [-] Running this scenario without either the 'network' or 'existing_network' context is deprecated
2020-01-16 16:07:54.723 4604 INFO rally.task.runner [-] Task 37cf64c4-4c8f-4fb8-bd71-840b18da9cea | ITER: 4 START
2020-01-16 16:07:54.723 4608 RALLYDEBUG rally.task.runner [-] Starting a worker. concurrency: 1 args: {"network_create_args": {}, "port_create_args": {}, "ports_per_network": 5} times: 40 method_name: run timeout: 0 duration: None cls:
2020-01-16 16:07:54.724 4604 WARNING rally_openstack.scenarios.neutron.utils [-] Running this scenario without either the 'network' or 'existing_network' context is deprecated
2020-01-16 16:07:54.726 4605 INFO rally.task.runner [-] Task 37cf64c4-4c8f-4fb8-bd71-840b18da9cea | ITER: 5 START
2020-01-16 16:07:54.727 4605 WARNING rally_openstack.scenarios.neutron.utils [-] Running this scenario without either the 'network' or 'existing_network' context is deprecated
2020-01-16 16:07:54.726 4611 RALLYDEBUG rally.task.runner [-] Starting a worker. concurrency: 1 args: {"network_create_args": {}, "port_create_args": {}, "ports_per_network": 5} times: 40 method_name: run timeout: 0 duration: None cls:
2020-01-16 16:07:54.729 4608 INFO rally.task.runner [-] Task 37cf64c4-4c8f-4fb8-bd71-840b18da9cea | ITER: 6 START
2020-01-16 16:07:54.728 4614 RALLYDEBUG rally.task.runner [-] Starting a worker. concurrency: 1 args: {"network_create_args": {}, "port_create_args": {}, "ports_per_network": 5} times: 40 method_name: run timeout: 0 duration: None cls:
2020-01-16 16:07:54.730 4608 WARNING rally_openstack.scenarios.neutron.utils [-] Running this scenario without either the 'network' or 'existing_network' context is deprecated
2020-01-16 16:07:54.731 4618 RALLYDEBUG rally.task.runner [-] Starting a worker. concurrency: 1 args: {"network_create_args": {}, "port_create_args": {}, "ports_per_network": 5} times: 40 method_name: run timeout: 0 duration: None cls:
2020-01-16 16:07:54.733 4611 INFO rally.task.runner [-] Task 37cf64c4-4c8f-4fb8-bd71-840b18da9cea | ITER: 7 START
2020-01-16 16:07:54.734 4611 WARNING rally_openstack.scenarios.neutron.utils [-] Running this scenario without either the 'network' or 'existing_network' context is deprecated
2020-01-16 16:07:54.735 4614 INFO rally.task.runner [-] Task 37cf64c4-4c8f-4fb8-bd71-840b18da9cea | ITER: 8 START
2020-01-16 16:07:54.734 4620 RALLYDEBUG rally.task.runner [-] Starting a worker. concurrency: 1 args: {"network_create_args": {}, "port_create_args": {}, "ports_per_network": 5} times: 40 method_name: run timeout: 0 duration: None cls:
2020-01-16 16:07:54.736 4614 WARNING rally_openstack.scenarios.neutron.utils [-] Running this scenario without either the 'network' or 'existing_network' context is deprecated
2020-01-16 16:07:54.737 4618 INFO rally.task.runner [-] Task 37cf64c4-4c8f-4fb8-bd71-840b18da9cea | ITER: 9 START
2020-01-16 16:07:54.737 4623 RALLYDEBUG rally.task.runner [-] Starting a worker. concurrency: 1 args: {"network_create_args": {}, "port_create_args": {}, "ports_per_network": 5} times: 40 method_name: run timeout: 0 duration: None cls:
2020-01-16 16:07:54.738 4618 WARNING rally_openstack.scenarios.neutron.utils [-] Running this scenario without either the 'network' or 'existing_network' context is deprecated
2020-01-16 16:07:54.740 4620 INFO rally.task.runner [-] Task 37cf64c4-4c8f-4fb8-bd71-840b18da9cea | ITER: 10 START
2020-01-16 16:07:54.740 4626 RALLYDEBUG rally.task.runner [-] Starting a worker. concurrency: 1 args: {"network_create_args": {}, "port_create_args": {}, "ports_per_network": 5} times: 40 method_name: run timeout: 0 duration: None cls:
2020-01-16 16:07:54.741 4620 WARNING rally_openstack.scenarios.neutron.utils [-] Running this scenario without either the 'network' or 'existing_network' context is deprecated
2020-01-16 16:07:54.743 4623 INFO rally.task.runner [-] Task 37cf64c4-4c8f-4fb8-bd71-840b18da9cea | ITER: 11 START
2020-01-16 16:07:54.743 4629 RALLYDEBUG rally.task.runner [-] Starting a worker. concurrency: 1 args: {"network_create_args": {}, "port_create_args": {}, "ports_per_network": 5} times: 40 method_name: run timeout: 0 duration: None cls:
2020-01-16 16:07:54.744 4623 WARNING rally_openstack.scenarios.neutron.utils [-] Running this scenario without either the 'network' or 'existing_network' context is deprecated
2020-01-16 16:07:54.746 4626 INFO rally.task.runner [-] Task 37cf64c4-4c8f-4fb8-bd71-840b18da9cea | ITER: 12 START
2020-01-16 16:07:54.745 4632 RALLYDEBUG rally.task.runner [-] Starting a worker. concurrency: 1 args: {"network_create_args": {}, "port_create_args": {}, "ports_per_network": 5} times: 40 method_name: run timeout: 0 duration: None cls:
2020-01-16 16:07:54.747 4626 WARNING rally_openstack.scenarios.neutron.utils [-] Running this scenario without either the 'network' or 'existing_network' context is deprecated
2020-01-16 16:07:54.747 4635 RALLYDEBUG rally.task.runner [-] Starting a worker. concurrency: 1 args: {"network_create_args": {}, "port_create_args": {}, "ports_per_network": 5} times: 40 method_name: run timeout: 0 duration: None cls:
2020-01-16 16:07:54.749 4629 INFO rally.task.runner [-] Task 37cf64c4-4c8f-4fb8-bd71-840b18da9cea | ITER: 13 START
2020-01-16 16:07:54.750 4629 WARNING rally_openstack.scenarios.neutron.utils [-] Running this scenario without either the 'network' or 'existing_network' context is deprecated
2020-01-16 16:07:54.751 4632 INFO rally.task.runner [-] Task 37cf64c4-4c8f-4fb8-bd71-840b18da9cea | ITER: 14 START
2020-01-16 16:07:54.752 4632 WARNING rally_openstack.scenarios.neutron.utils [-] Running this scenario without either the 'network' or 'existing_network' context is deprecated
2020-01-16 16:07:54.751 4638 RALLYDEBUG rally.task.runner [-] Starting a worker. concurrency: 1 args: {"network_create_args": {}, "port_create_args": {}, "ports_per_network": 5} times: 40 method_name: run timeout: 0 duration: None cls:
2020-01-16 16:07:54.752 4635 INFO rally.task.runner [-] Task 37cf64c4-4c8f-4fb8-bd71-840b18da9cea | ITER: 15 START
2020-01-16 16:07:54.753 4635 WARNING rally_openstack.scenarios.neutron.utils [-] Running this scenario without either the 'network' or 'existing_network' context is deprecated
2020-01-16 16:07:54.754 4641 RALLYDEBUG rally.task.runner [-] Starting a worker. concurrency: 1 args: {"network_create_args": {}, "port_create_args": {}, "ports_per_network": 5} times: 40 method_name: run timeout: 0 duration: None cls:
2020-01-16 16:07:54.757 4644 RALLYDEBUG rally.task.runner [-] Starting a worker. concurrency: 1 args: {"network_create_args": {}, "port_create_args": {}, "ports_per_network": 5} times: 40 method_name: run timeout: 0 duration: None cls:
2020-01-16 16:07:54.758 4638 INFO rally.task.runner [-] Task 37cf64c4-4c8f-4fb8-bd71-840b18da9cea | ITER: 16 START
2020-01-16 16:07:54.758 4649 RALLYDEBUG rally.task.runner [-] Starting a worker. concurrency: 1 args: {"network_create_args": {}, "port_create_args": {}, "ports_per_network": 5} times: 40 method_name: run timeout: 0 duration: None cls:
2020-01-16 16:07:54.759 4638 WARNING rally_openstack.scenarios.neutron.utils [-] Running this scenario without either the 'network' or 'existing_network' context is deprecated
2020-01-16 16:07:54.760 4641 INFO rally.task.runner [-] Task 37cf64c4-4c8f-4fb8-bd71-840b18da9cea | ITER: 17 START
2020-01-16 16:07:54.760 4650 RALLYDEBUG rally.task.runner [-] Starting a worker. concurrency: 1 args: {"network_create_args": {}, "port_create_args": {}, "ports_per_network": 5} times: 40 method_name: run timeout: 0 duration: None cls:
2020-01-16 16:07:54.761 4641 WARNING rally_openstack.scenarios.neutron.utils [-] Running this scenario without either the 'network' or 'existing_network' context is deprecated
2020-01-16 16:07:54.762 4649 INFO rally.task.runner [-] Task 37cf64c4-4c8f-4fb8-bd71-840b18da9cea | ITER: 19 START
2020-01-16 16:07:54.762 4644 INFO rally.task.runner [-] Task 37cf64c4-4c8f-4fb8-bd71-840b18da9cea | ITER: 18 START
2020-01-16 16:07:54.763 4649 WARNING rally_openstack.scenarios.neutron.utils [-] Running this scenario without either the 'network' or 'existing_network' context is deprecated
2020-01-16 16:07:54.763 4644 WARNING rally_openstack.scenarios.neutron.utils [-] Running this scenario without either the 'network' or 'existing_network' context is deprecated
2020-01-16 16:07:54.764 4650 INFO rally.task.runner [-] Task 37cf64c4-4c8f-4fb8-bd71-840b18da9cea | ITER: 20 START
2020-01-16 16:07:54.765 4650 WARNING rally_openstack.scenarios.neutron.utils [-] Running this scenario without either the 'network' or 'existing_network' context is deprecated
2020-01-16 16:08:10.732 4635 INFO rally.task.runner [-] Task 37cf64c4-4c8f-4fb8-bd71-840b18da9cea | ITER: 15 END: OK
2020-01-16 16:08:10.737 4635 INFO rally.task.runner [-] Task 37cf64c4-4c8f-4fb8-bd71-840b18da9cea | ITER: 21 START
2020-01-16 16:08:10.738 4635 WARNING rally_openstack.scenarios.neutron.utils [-] Running this scenario without either the 'network' or 'existing_network' context is deprecated
2020-01-16 16:08:10.891 4614 INFO rally.task.runner [-] Task 37cf64c4-4c8f-4fb8-bd71-840b18da9cea | ITER: 8 END: OK
2020-01-16 16:08:10.896 4614 INFO rally.task.runner [-] Task 37cf64c4-4c8f-4fb8-bd71-840b18da9cea | ITER: 22 START
2020-01-16 16:08:10.897 4614 WARNING rally_openstack.scenarios.neutron.utils [-] Running this scenario without either the 'network' or 'existing_network' context is deprecated
2020-01-16 16:08:12.995 4618 INFO rally.task.runner [-] Task 37cf64c4-4c8f-4fb8-bd71-840b18da9cea | ITER: 9 END: OK
2020-01-16 16:08:13.000 4618 INFO rally.task.runner [-] Task 37cf64c4-4c8f-4fb8-bd71-840b18da9cea | ITER: 23 START
2020-01-16 16:08:13.000 4618 WARNING rally_openstack.scenarios.neutron.utils [-] Running this scenario without either the 'network' or 'existing_network' context is deprecated
2020-01-16 16:08:13.058 4641 INFO rally.task.runner [-] Task 37cf64c4-4c8f-4fb8-bd71-840b18da9cea | ITER: 17 END: OK
2020-01-16 16:08:13.063 4641 INFO rally.task.runner [-] Task 37cf64c4-4c8f-4fb8-bd71-840b18da9cea | ITER: 24 START
2020-01-16 16:08:13.064 4641 WARNING rally_openstack.scenarios.neutron.utils [-] Running this scenario without either the 'network' or 'existing_network' context is deprecated
2020-01-16 16:08:13.111 4623 INFO rally.task.runner [-] Task 37cf64c4-4c8f-4fb8-bd71-840b18da9cea | ITER: 11 END: OK
2020-01-16 16:08:13.117 4623 INFO rally.task.runner [-] Task 37cf64c4-4c8f-4fb8-bd71-840b18da9cea | ITER: 25 START
2020-01-16 16:08:13.117 4623 WARNING rally_openstack.scenarios.neutron.utils [-] Running this scenario without either the 'network' or 'existing_network' context is deprecated
2020-01-16 16:08:13.947 4644 INFO rally.task.runner [-] Task 37cf64c4-4c8f-4fb8-bd71-840b18da9cea | ITER: 18 END: OK
2020-01-16 16:08:13.952 4644 INFO rally.task.runner [-] Task 37cf64c4-4c8f-4fb8-bd71-840b18da9cea | ITER: 26 START
2020-01-16 16:08:13.952 4644 WARNING rally_openstack.scenarios.neutron.utils [-] Running this scenario without either the 'network' or 'existing_network' context is deprecated
2020-01-16 16:08:14.733 4608 INFO rally.task.runner [-] Task 37cf64c4-4c8f-4fb8-bd71-840b18da9cea | ITER: 6 END: OK
2020-01-16 16:08:14.739 4608 INFO rally.task.runner [-] Task 37cf64c4-4c8f-4fb8-bd71-840b18da9cea | ITER: 27 START
2020-01-16 16:08:14.740 4608 WARNING rally_openstack.scenarios.neutron.utils [-] Running this scenario without either the 'network' or 'existing_network' context is deprecated
2020-01-16 16:08:15.010 4603 INFO rally.task.runner [-] Task 37cf64c4-4c8f-4fb8-bd71-840b18da9cea | ITER: 3 END: OK
2020-01-16 16:08:15.015 4603 INFO rally.task.runner [-] Task 37cf64c4-4c8f-4fb8-bd71-840b18da9cea | ITER: 28 START
2020-01-16 16:08:15.015 4603 WARNING rally_openstack.scenarios.neutron.utils [-] Running this scenario without either the 'network' or 'existing_network' context is deprecated
2020-01-16 16:08:15.042 4638 INFO rally.task.runner [-] Task 37cf64c4-4c8f-4fb8-bd71-840b18da9cea | ITER: 16 END: OK
2020-01-16 16:08:15.047 4638 INFO rally.task.runner [-] Task 37cf64c4-4c8f-4fb8-bd71-840b18da9cea | ITER: 29 START
2020-01-16 16:08:15.048 4638 WARNING rally_openstack.scenarios.neutron.utils [-] Running this scenario without either the 'network' or 'existing_network' context is deprecated
2020-01-16 16:08:15.232 4602 INFO rally.task.runner [-] Task 37cf64c4-4c8f-4fb8-bd71-840b18da9cea | ITER: 2 END: OK
2020-01-16 16:08:15.236 4602 INFO rally.task.runner [-] Task 37cf64c4-4c8f-4fb8-bd71-840b18da9cea | ITER: 30 START
2020-01-16 16:08:15.237 4602 WARNING rally_openstack.scenarios.neutron.utils [-] Running this scenario without either the 'network' or 'existing_network' context is deprecated
2020-01-16 16:08:15.735 4620 INFO rally.task.runner [-] Task 37cf64c4-4c8f-4fb8-bd71-840b18da9cea | ITER: 10 END: OK
2020-01-16 16:08:15.741 4620 INFO rally.task.runner [-] Task 37cf64c4-4c8f-4fb8-bd71-840b18da9cea | ITER: 31 START
2020-01-16 16:08:15.741 4620 WARNING rally_openstack.scenarios.neutron.utils [-] Running this scenario without either the 'network' or 'existing_network' context is deprecated
2020-01-16 16:08:15.775 4626 INFO rally.task.runner [-] Task 37cf64c4-4c8f-4fb8-bd71-840b18da9cea | ITER: 12 END: OK
2020-01-16 16:08:15.780 4626 INFO rally.task.runner [-] Task 37cf64c4-4c8f-4fb8-bd71-840b18da9cea | ITER: 32 START
2020-01-16 16:08:15.781 4626 WARNING rally_openstack.scenarios.neutron.utils [-] Running this scenario without either the 'network' or 'existing_network' context is deprecated
2020-01-16 16:08:15.853 4632 INFO rally.task.runner [-] Task 37cf64c4-4c8f-4fb8-bd71-840b18da9cea | ITER: 14 END: OK
2020-01-16 16:08:15.857 4632 INFO rally.task.runner [-] Task 37cf64c4-4c8f-4fb8-bd71-840b18da9cea | ITER: 33 START
2020-01-16 16:08:15.858 4632 WARNING rally_openstack.scenarios.neutron.utils [-] Running this scenario without either the 'network' or 'existing_network' context is deprecated
2020-01-16 16:08:15.922 4601 INFO rally.task.runner [-] Task 37cf64c4-4c8f-4fb8-bd71-840b18da9cea | ITER: 1 END: OK
2020-01-16 16:08:15.927 4601 INFO rally.task.runner [-] Task 37cf64c4-4c8f-4fb8-bd71-840b18da9cea | ITER: 34 START
2020-01-16 16:08:15.928 4601 WARNING rally_openstack.scenarios.neutron.utils [-] Running this scenario without either the 'network' or 'existing_network' context is deprecated
2020-01-16 16:08:16.015 4605 INFO rally.task.runner [-] Task 37cf64c4-4c8f-4fb8-bd71-840b18da9cea | ITER: 5 END: OK
2020-01-16 16:08:16.019 4605 INFO rally.task.runner [-] Task 37cf64c4-4c8f-4fb8-bd71-840b18da9cea | ITER: 35 START
2020-01-16 16:08:16.020 4605 WARNING rally_openstack.scenarios.neutron.utils [-] Running this scenario without either the 'network' or 'existing_network' context is deprecated
2020-01-16 16:08:19.465 4611 INFO rally.task.runner [-] Task 37cf64c4-4c8f-4fb8-bd71-840b18da9cea | ITER: 7 END: OK
2020-01-16 16:08:19.469 4611 INFO rally.task.runner [-] Task 37cf64c4-4c8f-4fb8-bd71-840b18da9cea | ITER: 36 START
2020-01-16 16:08:19.470 4611 WARNING rally_openstack.scenarios.neutron.utils [-] Running this scenario without either the 'network' or 'existing_network' context is deprecated
2020-01-16 16:08:19.505 4650 INFO rally.task.runner [-] Task 37cf64c4-4c8f-4fb8-bd71-840b18da9cea | ITER: 20 END: OK
2020-01-16 16:08:19.510 4650 INFO rally.task.runner [-] Task 37cf64c4-4c8f-4fb8-bd71-840b18da9cea | ITER: 37 START
2020-01-16 16:08:19.511 4650 WARNING rally_openstack.scenarios.neutron.utils [-] Running this scenario without either the 'network' or 'existing_network' context is deprecated
2020-01-16 16:08:20.183 4649 INFO rally.task.runner [-] Task 37cf64c4-4c8f-4fb8-bd71-840b18da9cea | ITER: 19 END: OK
2020-01-16 16:08:20.188 4649 INFO rally.task.runner [-] Task 37cf64c4-4c8f-4fb8-bd71-840b18da9cea | ITER: 38 START
2020-01-16 16:08:20.189 4649 WARNING rally_openstack.scenarios.neutron.utils [-] Running this scenario without either the 'network' or 'existing_network' context is deprecated
2020-01-16 16:08:21.116 4629 INFO rally.task.runner [-] Task 37cf64c4-4c8f-4fb8-bd71-840b18da9cea | ITER: 13 END: OK
2020-01-16 16:08:21.125 4629 INFO rally.task.runner [-] Task 37cf64c4-4c8f-4fb8-bd71-840b18da9cea | ITER: 39 START
2020-01-16 16:08:21.127 4629 WARNING rally_openstack.scenarios.neutron.utils [-] Running this scenario without either the 'network' or 'existing_network' context is deprecated
2020-01-16 16:08:21.454 4604 INFO rally.task.runner [-] Task 37cf64c4-4c8f-4fb8-bd71-840b18da9cea | ITER: 4 END: OK
2020-01-16 16:08:21.464 4604 INFO rally.task.runner [-] Task 37cf64c4-4c8f-4fb8-bd71-840b18da9cea | ITER: 40 START
2020-01-16 16:08:21.465 4604 WARNING rally_openstack.scenarios.neutron.utils [-] Running this scenario without either the 'network' or 'existing_network' context is deprecated
2020-01-16 16:08:23.032 4635 INFO rally.task.runner [-] Task 37cf64c4-4c8f-4fb8-bd71-840b18da9cea | ITER: 21 END: OK
2020-01-16 16:08:25.113 4605 INFO rally.task.runner [-] Task 37cf64c4-4c8f-4fb8-bd71-840b18da9cea | ITER: 35 END: OK
2020-01-16 16:08:29.520 4644 INFO rally.task.runner [-] Task 37cf64c4-4c8f-4fb8-bd71-840b18da9cea | ITER: 26 END: OK
2020-01-16 16:08:32.007 4641 INFO rally.task.runner [-] Task 37cf64c4-4c8f-4fb8-bd71-840b18da9cea | ITER: 24 END: OK
2020-01-16 16:08:32.108 4623 INFO rally.task.runner [-] Task 37cf64c4-4c8f-4fb8-bd71-840b18da9cea | ITER: 25 END: OK
2020-01-16 16:08:32.884 4638 INFO rally.task.runner [-] Task 37cf64c4-4c8f-4fb8-bd71-840b18da9cea | ITER: 29 END: OK
2020-01-16 16:08:33.614 4614 INFO rally.task.runner [-] Task 37cf64c4-4c8f-4fb8-bd71-840b18da9cea | ITER: 22 END: OK
2020-01-16 16:08:34.323 4608 INFO rally.task.runner [-] Task 37cf64c4-4c8f-4fb8-bd71-840b18da9cea | ITER: 27 END: OK
2020-01-16 16:08:34.381 4603 INFO rally.task.runner [-] Task 37cf64c4-4c8f-4fb8-bd71-840b18da9cea | ITER: 28 END: OK
2020-01-16 16:08:34.387 4602 INFO rally.task.runner [-] Task 37cf64c4-4c8f-4fb8-bd71-840b18da9cea | ITER: 30 END: OK
2020-01-16 16:08:35.980 4650 INFO rally.task.runner [-] Task 37cf64c4-4c8f-4fb8-bd71-840b18da9cea | ITER: 37 END: OK
2020-01-16 16:08:37.398 4629 INFO rally.task.runner [-] Task 37cf64c4-4c8f-4fb8-bd71-840b18da9cea | ITER: 39 END: OK
2020-01-16 16:08:37.463 4618 INFO rally.task.runner [-] Task 37cf64c4-4c8f-4fb8-bd71-840b18da9cea | ITER: 23 END: OK
2020-01-16 16:08:37.528 4632 INFO rally.task.runner [-] Task 37cf64c4-4c8f-4fb8-bd71-840b18da9cea | ITER: 33 END: OK
2020-01-16 16:08:38.333 4611 INFO rally.task.runner [-] Task 37cf64c4-4c8f-4fb8-bd71-840b18da9cea | ITER: 36 END: OK
