2020-01-16 16:08:38.337 4649 INFO rally.task.runner [-] Task 37cf64c4-4c8f-4fb8-bd71-840b18da9cea | ITER: 38 END: OK
2020-01-16 16:08:38.585 4626 INFO rally.task.runner [-] Task 37cf64c4-4c8f-4fb8-bd71-840b18da9cea | ITER: 32 END: OK
2020-01-16 16:08:39.437 4601 INFO rally.task.runner [-] Task 37cf64c4-4c8f-4fb8-bd71-840b18da9cea | ITER: 34 END: OK
2020-01-16 16:08:39.684 4620 INFO rally.task.runner [-] Task 37cf64c4-4c8f-4fb8-bd71-840b18da9cea | ITER: 31 END: OK
2020-01-16 16:08:41.312 4604 INFO rally.task.runner [-] Task 37cf64c4-4c8f-4fb8-bd71-840b18da9cea | ITER: 40 END: OK
2020-01-16 16:08:41.343 15 INFO rally.task.context [-] Task 37cf64c4-4c8f-4fb8-bd71-840b18da9cea | Context cleanup@openstack cleanup() started
2020-01-16 16:08:41.347 15 RALLYDEBUG rally_openstack.cleanup.manager [-] Cleaning up neutron vip objects
2020-01-16 16:08:41.555 15 RALLYDEBUG rally_openstack.cleanup.manager [-] Cleaning up neutron health_monitor objects
2020-01-16 16:08:41.744 15 RALLYDEBUG rally_openstack.cleanup.manager [-] Cleaning up neutron pool objects
2020-01-16 16:08:41.927 15 RALLYDEBUG rally_openstack.cleanup.manager [-] Cleaning up neutron loadbalancer objects
2020-01-16 16:08:45.133 15 RALLYDEBUG rally_openstack.cleanup.manager [-] Cleaning up neutron floatingip objects
2020-01-16 16:08:45.342 15 RALLYDEBUG rally_openstack.cleanup.manager [-] Cleaning up neutron trunk objects
2020-01-16 16:08:45.524 15 DEBUG neutronclient.v2_0.client [-] Error message: {"message": "The resource could not be found.

\n\n\n", "code": "404 Not Found", "title": "Not Found"} _handle_fault_response /usr/lib/python2.7/site-packages/neutronclient/v2_0/client.py:259
2020-01-16 16:08:45.535 15 RALLYDEBUG rally_openstack.cleanup.manager [-] Cleaning up neutron port objects
2020-01-16 16:08:45.797 15 RALLYDEBUG rally_openstack.cleanup.manager [-] Cleaning up neutron subnet objects
2020-01-16 16:08:46.013 15 RALLYDEBUG rally_openstack.cleanup.manager [-] Cleaning up neutron network objects
2020-01-16 16:08:46.482 15 RALLYDEBUG rally_openstack.cleanup.manager [-] Deleting neutron.network object s_rally_7b1b226d_QOOQxOLM (0cc35aac-b40c-45b6-8f84-a67a84f90bc8)
2020-01-16 16:08:46.486 15 RALLYDEBUG rally_openstack.cleanup.manager [-] Deleting neutron.network object s_rally_7b1b226d_hgyy9kXS (0d67ee05-d3fe-44ff-b14c-f692a203d791)
2020-01-16 16:08:46.490 15 RALLYDEBUG rally_openstack.cleanup.manager [-] Deleting neutron.network object s_rally_7b1b226d_5s5cUxoK (102f87e2-9785-4a1a-a025-bc78afb1965a)
2020-01-16 16:08:46.495 15 RALLYDEBUG rally_openstack.cleanup.manager [-] Deleting neutron.network object s_rally_7b1b226d_zI3onxOr (16cde7e0-ecaa-43c3-915a-f80ba2417b06)
2020-01-16 16:08:46.507 15 RALLYDEBUG rally_openstack.cleanup.manager [-] Deleting neutron.network object s_rally_7b1b226d_DMIF0Euo (1919b1da-39bf-4fff-8d36-8a89fdd7e8e9)
2020-01-16 16:08:46.517 15 RALLYDEBUG rally_openstack.cleanup.manager [-] Deleting neutron.network object s_rally_7b1b226d_dmDePpfL (206c32d2-e756-476e-94bc-48c29b944d8f)
2020-01-16 16:08:46.530 15 RALLYDEBUG rally_openstack.cleanup.manager [-] Deleting neutron.network object s_rally_7b1b226d_Ynh3chXl (218e3a71-922f-45e2-adca-8d1806918201)
2020-01-16 16:08:46.537 15 RALLYDEBUG rally_openstack.cleanup.manager [-] Deleting neutron.network object s_rally_7b1b226d_dx4t2hjm (24bfe1c1-7c5e-4a92-a9ae-123a23d8b425)
2020-01-16 16:08:46.601 15 RALLYDEBUG rally_openstack.cleanup.manager [-] Deleting neutron.network object s_rally_7b1b226d_7s3VkBnC (2e2c8460-7029-4c09-86e5-59775dcc7493)
2020-01-16 16:08:46.605 15 RALLYDEBUG rally_openstack.cleanup.manager [-] Deleting neutron.network object s_rally_7b1b226d_Gt2nB82G (521f4cc6-fde6-4918-8d7b-03e44863573b)
2020-01-16 16:08:46.621 15 RALLYDEBUG rally_openstack.cleanup.manager [-] Deleting neutron.network object s_rally_7b1b226d_hJncE50T (4ecf9c54-fa09-49ea-ae80-34dd9cbe1206)
2020-01-16 16:08:46.631 15 RALLYDEBUG rally_openstack.cleanup.manager [-] Deleting neutron.network object s_rally_7b1b226d_SLmH3DLf (2e05f2dd-e0c9-4c3d-8d38-613b3623da05)
2020-01-16 16:08:46.659 15 RALLYDEBUG rally_openstack.cleanup.manager [-] Deleting neutron.network object s_rally_7b1b226d_AK70wJcA (5811fce3-8ba4-4186-bb41-62adb8994b45)
2020-01-16 16:08:46.664 15 RALLYDEBUG rally_openstack.cleanup.manager [-] Deleting neutron.network object s_rally_7b1b226d_YbUXFX28 (524a7663-ce3f-440b-883f-de66f92cb0bb)
2020-01-16 16:08:46.663 15 RALLYDEBUG rally_openstack.cleanup.manager [-] Deleting neutron.network object s_rally_7b1b226d_H4NFXm5Q (8656ca46-1522-44ef-a987-be7ae42ce0f6)
2020-01-16 16:08:46.672 15 RALLYDEBUG rally_openstack.cleanup.manager [-] Deleting neutron.network object s_rally_7b1b226d_Pw1XJQUa (87708d44-57c0-4fac-bb96-2aa9594f7dec)
2020-01-16 16:08:46.679 15 RALLYDEBUG rally_openstack.cleanup.manager [-] Deleting neutron.network object s_rally_7b1b226d_zfcipbmw (807fc3ef-7949-4984-bfd9-c16d72ff27df)
2020-01-16 16:08:46.687 15 RALLYDEBUG rally_openstack.cleanup.manager [-] Deleting neutron.network object s_rally_7b1b226d_yLkj4bFt (62f755b9-1b1c-49a1-91f3-3c9662acff97)
2020-01-16 16:08:46.722 15 RALLYDEBUG rally_openstack.cleanup.manager [-] Deleting neutron.network object s_rally_7b1b226d_imnMDFmI (93c3e0c5-5293-4eea-9177-fb27ac63fee4)
2020-01-16 16:08:46.771 15 RALLYDEBUG rally_openstack.cleanup.manager [-] Deleting neutron.network object s_rally_7b1b226d_HsVd3tCA (8bae4c33-3a07-4012-b034-1ce6059b7467)
2020-01-16 16:08:48.820 15 RALLYDEBUG rally_openstack.cleanup.manager [-] Deleting neutron.network object s_rally_7b1b226d_o61nTEAg (955a9de9-fea6-462f-91b2-af5794215f56)
2020-01-16 16:08:49.054 15 RALLYDEBUG rally_openstack.cleanup.manager [-] Deleting neutron.network object s_rally_7b1b226d_xBNAbr9h (a47f8067-d074-46cd-ac75-035efc8765d2)
2020-01-16 16:08:49.054 15 RALLYDEBUG rally_openstack.cleanup.manager [-] Deleting neutron.network object s_rally_7b1b226d_t1fMeaPX (aecfec61-96c5-463c-94df-7945af960834)
2020-01-16 16:08:49.065 15 RALLYDEBUG rally_openstack.cleanup.manager [-] Deleting neutron.network object s_rally_7b1b226d_EURganUB (b0ce6aa6-9f75-49e4-ad7c-ada43f455c19)
2020-01-16 16:08:49.243 15 RALLYDEBUG rally_openstack.cleanup.manager [-] Deleting neutron.network object s_rally_7b1b226d_v5H5Gp9B (bb711704-423c-43ef-acfe-aeabd141ea6f)
2020-01-16 16:08:49.264 15 RALLYDEBUG rally_openstack.cleanup.manager [-] Deleting neutron.network object s_rally_7b1b226d_nPeTP2jE (c158808d-25fc-4b0d-a6dc-4685df60809c)
2020-01-16 16:08:49.271 15 RALLYDEBUG rally_openstack.cleanup.manager [-] Deleting neutron.network object s_rally_7b1b226d_hOXVtrpH (c2bc8686-3664-441e-a301-c53f4f5af343)
2020-01-16 16:08:49.389 15 RALLYDEBUG rally_openstack.cleanup.manager [-] Deleting neutron.network object s_rally_7b1b226d_0IS3QSyY (ca378ab3-426f-40d4-9f7a-2ccfc605343c)
2020-01-16 16:08:49.433 15 RALLYDEBUG rally_openstack.cleanup.manager [-] Deleting neutron.network object s_rally_7b1b226d_U4tHRuI1 (cd86bbe6-1789-4244-872a-8cdb2ccdb206)
2020-01-16 16:08:49.486 15 RALLYDEBUG rally_openstack.cleanup.manager [-] Deleting neutron.network object s_rally_7b1b226d_GDU6Kz2c (cf4316a8-16e0-4a0a-820e-3406bdd02d1b)
2020-01-16 16:08:49.504 15 RALLYDEBUG rally_openstack.cleanup.manager [-] Deleting neutron.network object s_rally_7b1b226d_CXZUmDRY (d0c5565f-f2a6-4a5e-911a-1880e8aa159b)
2020-01-16 16:08:49.528 15 RALLYDEBUG rally_openstack.cleanup.manager [-] Deleting neutron.network object s_rally_7b1b226d_9Jkh1NEB (d54e56fa-0082-4fa0-a880-37d05a9e6185)
2020-01-16 16:08:49.540 15 RALLYDEBUG rally_openstack.cleanup.manager [-] Deleting neutron.network object s_rally_7b1b226d_qfyyaytT (daac4707-8752-413e-81fb-f9d408641071)
2020-01-16 16:08:49.794 15 RALLYDEBUG rally_openstack.cleanup.manager [-] Deleting neutron.network object s_rally_7b1b226d_KrCcnLAp (db41a481-aab9-448d-b0ba-3bd459a4aa58)
2020-01-16 16:08:49.832 15 RALLYDEBUG rally_openstack.cleanup.manager [-] Deleting neutron.network object s_rally_7b1b226d_j73gCprH (e080f8cd-5196-429e-820e-885252ab59b2)
2020-01-16 16:08:50.211 15 RALLYDEBUG rally_openstack.cleanup.manager [-] Deleting neutron.network object s_rally_7b1b226d_bgjDnQF0 (e4b721e0-1912-4dbc-91fd-6d363fab1313)
2020-01-16 16:08:50.611 15 RALLYDEBUG rally_openstack.cleanup.manager [-] Deleting neutron.network object s_rally_7b1b226d_bLLVFIiq (e80b169d-3086-4225-beef-3456796241b3)
2020-01-16 16:08:50.679 15 RALLYDEBUG rally_openstack.cleanup.manager [-] Deleting neutron.network object s_rally_7b1b226d_uhxuB7Q3 (ecc30285-b6d0-4943-bc9b-99870f6b45cf)
2020-01-16 16:08:50.966 15 RALLYDEBUG rally_openstack.cleanup.manager [-] Deleting neutron.network object s_rally_7b1b226d_nlu2YOqB (f134a46a-9bda-435a-9ba9-7abdfad2a4a9)
2020-01-16 16:08:51.041 15 RALLYDEBUG rally_openstack.cleanup.manager [-] Deleting neutron.network object s_rally_7b1b226d_5Six2gys (f1935612-7ea2-446c-aac8-3400d01e922d)
2020-01-16 16:08:54.098 15 RALLYDEBUG rally_openstack.cleanup.manager [-] Cleaning up neutron router objects
2020-01-16 16:08:54.368 15 RALLYDEBUG rally_openstack.cleanup.manager [-] Cleaning up neutron security_group objects
2020-01-16 16:08:54.636 15 INFO rally.task.context [-] Task 37cf64c4-4c8f-4fb8-bd71-840b18da9cea | Context cleanup@openstack cleanup() finished in 13.29 sec
2020-01-16 16:08:54.636 15 INFO rally.task.context [-] Task 37cf64c4-4c8f-4fb8-bd71-840b18da9cea | Context quotas@openstack cleanup() started
2020-01-16 16:08:54.676 15 INFO rally.task.context [-] Task 37cf64c4-4c8f-4fb8-bd71-840b18da9cea | Context quotas@openstack cleanup() finished in 39.48 msec
2020-01-16 16:08:54.676 15 INFO rally.task.context [-] Task 37cf64c4-4c8f-4fb8-bd71-840b18da9cea | Context users@openstack cleanup() started
2020-01-16 16:08:55.943 15 INFO rally.task.context [-] Task 37cf64c4-4c8f-4fb8-bd71-840b18da9cea | Context users@openstack cleanup() finished in 1.27 sec
2020-01-16 16:08:57.751 15 INFO rally.task.engine [-] Load duration is: 46.59539
2020-01-16 16:08:57.751 15 INFO rally.task.engine [-] Full runner duration is: 46.651141
2020-01-16 16:08:57.752 15 INFO rally.task.engine [-] Full duration is: 62.450357
2020-01-16 16:08:57.863 15 INFO rally.task.engine [-] Running workload: position = 0 config = { "version": 2, "title": "A cropped version of a bigger task.", "description": "Auto-generated task from a single workload (uuid=ff209c57-7e27-46d3-a8a9-f2f50416950f)", "subtasks": [ { "title": "Quotas.neutron_update", "description": "Update quotas for neutron.", "scenario": { "Quotas.neutron_update": { "max_quota": 1024 } }, "contexts": { "users": { "tenants": 20, "users_per_tenant": 1 } }, "runner": { "constant": { "times": 40, "concurrency": 20 } }, "hooks": [], "sla": { "failure_rate": { "max": 0 } } } ] }
2020-01-16 16:08:57.876 15 RALLYDEBUG rally_openstack.contexts.keystone.users [-] Creating 20 tenants using 20 threads
2020-01-16 16:08:59.466 15 RALLYDEBUG rally_openstack.contexts.keystone.users [-] Creating 20 users using 20 threads
2020-01-16 16:09:01.595 15 INFO rally.task.context [-] Task 37cf64c4-4c8f-4fb8-bd71-840b18da9cea | Context users@openstack setup() finished in 3.72 sec
2020-01-16 16:09:01.596 15 INFO rally.task.context [-] Task 37cf64c4-4c8f-4fb8-bd71-840b18da9cea | Context admin_cleanup@openstack setup() finished in 0.00 msec
2020-01-16 16:09:01.605 15 RALLYDEBUG rally.task.runner [-] Starting the constant runner (task UUID: 37cf64c4-4c8f-4fb8-bd71-840b18da9cea). timeout: 0 concurrency: 20 concurrency_per_worker: 1 times: 40 concurrency_overhead: 0 processes_to_start: 20 max_cpu_used: 88
2020-01-16 16:09:01.620 5003 RALLYDEBUG rally.task.runner [-] Starting a worker. concurrency: 1 args: {"max_quota": 1024} times: 40 method_name: run timeout: 0 duration: None cls:
2020-01-16 16:09:01.623 5004 RALLYDEBUG rally.task.runner [-] Starting a worker. concurrency: 1 args: {"max_quota": 1024} times: 40 method_name: run timeout: 0 duration: None cls:
2020-01-16 16:09:01.626 5005 RALLYDEBUG rally.task.runner [-] Starting a worker. concurrency: 1 args: {"max_quota": 1024} times: 40 method_name: run timeout: 0 duration: None cls:
2020-01-16 16:09:01.628 5006 RALLYDEBUG rally.task.runner [-] Starting a worker. concurrency: 1 args: {"max_quota": 1024} times: 40 method_name: run timeout: 0 duration: None cls:
2020-01-16 16:09:01.631 5003 INFO rally.task.runner [-] Task 37cf64c4-4c8f-4fb8-bd71-840b18da9cea | ITER: 1 START
2020-01-16 16:09:01.632 5004 INFO rally.task.runner [-] Task 37cf64c4-4c8f-4fb8-bd71-840b18da9cea | ITER: 2 START
2020-01-16 16:09:01.632 5007 RALLYDEBUG rally.task.runner [-] Starting a worker. concurrency: 1 args: {"max_quota": 1024} times: 40 method_name: run timeout: 0 duration: None cls:
2020-01-16 16:09:01.634 5008 RALLYDEBUG rally.task.runner [-] Starting a worker. concurrency: 1 args: {"max_quota": 1024} times: 40 method_name: run timeout: 0 duration: None cls:
2020-01-16 16:09:01.636 5005 INFO rally.task.runner [-] Task 37cf64c4-4c8f-4fb8-bd71-840b18da9cea | ITER: 3 START
2020-01-16 16:09:01.638 5006 INFO rally.task.runner [-] Task 37cf64c4-4c8f-4fb8-bd71-840b18da9cea | ITER: 4 START
2020-01-16 16:09:01.637 5009 RALLYDEBUG rally.task.runner [-] Starting a worker. concurrency: 1 args: {"max_quota": 1024} times: 40 method_name: run timeout: 0 duration: None cls:
2020-01-16 16:09:01.641 5014 RALLYDEBUG rally.task.runner [-] Starting a worker. concurrency: 1 args: {"max_quota": 1024} times: 40 method_name: run timeout: 0 duration: None cls:
2020-01-16 16:09:01.642 5007 INFO rally.task.runner [-] Task 37cf64c4-4c8f-4fb8-bd71-840b18da9cea | ITER: 5 START
2020-01-16 16:09:01.643 5008 INFO rally.task.runner [-] Task 37cf64c4-4c8f-4fb8-bd71-840b18da9cea | ITER: 6 START
2020-01-16 16:09:01.643 5017 RALLYDEBUG rally.task.runner [-] Starting a worker. concurrency: 1 args: {"max_quota": 1024} times: 40 method_name: run timeout: 0 duration: None cls:
2020-01-16 16:09:01.647 5009 INFO rally.task.runner [-] Task 37cf64c4-4c8f-4fb8-bd71-840b18da9cea | ITER: 7 START
2020-01-16 16:09:01.647 5020 RALLYDEBUG rally.task.runner [-] Starting a worker. concurrency: 1 args: {"max_quota": 1024} times: 40 method_name: run timeout: 0 duration: None cls:
2020-01-16 16:09:01.650 5023 RALLYDEBUG rally.task.runner [-] Starting a worker. concurrency: 1 args: {"max_quota": 1024} times: 40 method_name: run timeout: 0 duration: None cls:
2020-01-16 16:09:01.651 5014 INFO rally.task.runner [-] Task 37cf64c4-4c8f-4fb8-bd71-840b18da9cea | ITER: 8 START
2020-01-16 16:09:01.653 5029 RALLYDEBUG rally.task.runner [-] Starting a worker. concurrency: 1 args: {"max_quota": 1024} times: 40 method_name: run timeout: 0 duration: None cls:
2020-01-16 16:09:01.653 5026 RALLYDEBUG rally.task.runner [-] Starting a worker. concurrency: 1 args: {"max_quota": 1024} times: 40 method_name: run timeout: 0 duration: None cls:
2020-01-16 16:09:01.654 5017 INFO rally.task.runner [-] Task 37cf64c4-4c8f-4fb8-bd71-840b18da9cea | ITER: 9 START
2020-01-16 16:09:01.657 5020 INFO rally.task.runner [-] Task 37cf64c4-4c8f-4fb8-bd71-840b18da9cea | ITER: 10 START
2020-01-16 16:09:01.658 5032 RALLYDEBUG rally.task.runner [-] Starting a worker. concurrency: 1 args: {"max_quota": 1024} times: 40 method_name: run timeout: 0 duration: None cls:
2020-01-16 16:09:01.659 5023 INFO rally.task.runner [-] Task 37cf64c4-4c8f-4fb8-bd71-840b18da9cea | ITER: 11 START
2020-01-16 16:09:01.660 5029 INFO rally.task.runner [-] Task 37cf64c4-4c8f-4fb8-bd71-840b18da9cea | ITER: 12 START
2020-01-16 16:09:01.661 5037 RALLYDEBUG rally.task.runner [-] Starting a worker. concurrency: 1 args: {"max_quota": 1024} times: 40 method_name: run timeout: 0 duration: None cls:
2020-01-16 16:09:01.661 5035 RALLYDEBUG rally.task.runner [-] Starting a worker. concurrency: 1 args: {"max_quota": 1024} times: 40 method_name: run timeout: 0 duration: None cls:
2020-01-16 16:09:01.663 5026 INFO rally.task.runner [-] Task 37cf64c4-4c8f-4fb8-bd71-840b18da9cea | ITER: 13 START
2020-01-16 16:09:01.667 5032 INFO rally.task.runner [-] Task 37cf64c4-4c8f-4fb8-bd71-840b18da9cea | ITER: 14 START
2020-01-16 16:09:01.667 5041 RALLYDEBUG rally.task.runner [-] Starting a worker. concurrency: 1 args: {"max_quota": 1024} times: 40 method_name: run timeout: 0 duration: None cls:
2020-01-16 16:09:01.669 5037 INFO rally.task.runner [-] Task 37cf64c4-4c8f-4fb8-bd71-840b18da9cea | ITER: 15 START
2020-01-16 16:09:01.669 5045 RALLYDEBUG rally.task.runner [-] Starting a worker. concurrency: 1 args: {"max_quota": 1024} times: 40 method_name: run timeout: 0 duration: None cls:
2020-01-16 16:09:01.670 5035 INFO rally.task.runner [-] Task 37cf64c4-4c8f-4fb8-bd71-840b18da9cea | ITER: 16 START
2020-01-16 16:09:01.671 5047 RALLYDEBUG rally.task.runner [-] Starting a worker. concurrency: 1 args: {"max_quota": 1024} times: 40 method_name: run timeout: 0 duration: None cls:
2020-01-16 16:09:01.672 5050 RALLYDEBUG rally.task.runner [-] Starting a worker. concurrency: 1 args: {"max_quota": 1024} times: 40 method_name: run timeout: 0 duration: None cls:
2020-01-16 16:09:01.676 5041 INFO rally.task.runner [-] Task 37cf64c4-4c8f-4fb8-bd71-840b18da9cea | ITER: 17 START
2020-01-16 16:09:01.678 5045 INFO rally.task.runner [-] Task 37cf64c4-4c8f-4fb8-bd71-840b18da9cea | ITER: 18 START
2020-01-16 16:09:01.679 5050 INFO rally.task.runner [-] Task 37cf64c4-4c8f-4fb8-bd71-840b18da9cea | ITER: 20 START
2020-01-16 16:09:01.681 5047 INFO rally.task.runner [-] Task 37cf64c4-4c8f-4fb8-bd71-840b18da9cea | ITER: 19 START
2020-01-16 16:09:02.142 5008 INFO rally.task.runner [-] Task 37cf64c4-4c8f-4fb8-bd71-840b18da9cea | ITER: 6 END: OK
2020-01-16 16:09:02.146 5009 INFO rally.task.runner [-] Task 37cf64c4-4c8f-4fb8-bd71-840b18da9cea | ITER: 7 END: OK
2020-01-16 16:09:02.151 5008 INFO rally.task.runner [-] Task 37cf64c4-4c8f-4fb8-bd71-840b18da9cea | ITER: 21 START
2020-01-16 16:09:02.156 5009 INFO rally.task.runner [-] Task 37cf64c4-4c8f-4fb8-bd71-840b18da9cea | ITER: 22 START
2020-01-16 16:09:02.176 5003 INFO rally.task.runner [-] Task 37cf64c4-4c8f-4fb8-bd71-840b18da9cea | ITER: 1 END: OK
2020-01-16 16:09:02.181 5014 INFO rally.task.runner [-] Task 37cf64c4-4c8f-4fb8-bd71-840b18da9cea | ITER: 8 END: OK
2020-01-16 16:09:02.185 5003 INFO rally.task.runner [-] Task 37cf64c4-4c8f-4fb8-bd71-840b18da9cea | ITER: 23 START
2020-01-16 16:09:02.189 5014 INFO rally.task.runner [-] Task 37cf64c4-4c8f-4fb8-bd71-840b18da9cea | ITER: 24 START
2020-01-16 16:09:02.197 5006 INFO rally.task.runner [-] Task 37cf64c4-4c8f-4fb8-bd71-840b18da9cea | ITER: 4 END: OK
2020-01-16 16:09:02.206 5006 INFO rally.task.runner [-] Task 37cf64c4-4c8f-4fb8-bd71-840b18da9cea | ITER: 25 START
2020-01-16 16:09:02.275 5007 INFO rally.task.runner [-] Task 37cf64c4-4c8f-4fb8-bd71-840b18da9cea | ITER: 5 END: OK
2020-01-16 16:09:02.284 5007 INFO rally.task.runner [-] Task 37cf64c4-4c8f-4fb8-bd71-840b18da9cea | ITER: 26 START
2020-01-16 16:09:02.298 5029 INFO rally.task.runner [-] Task 37cf64c4-4c8f-4fb8-bd71-840b18da9cea | ITER: 12 END: OK
2020-01-16 16:09:02.305 5047 INFO rally.task.runner [-] Task 37cf64c4-4c8f-4fb8-bd71-840b18da9cea | ITER: 19 END: OK
2020-01-16 16:09:02.308 5029 INFO rally.task.runner [-] Task 37cf64c4-4c8f-4fb8-bd71-840b18da9cea | ITER: 27 START
2020-01-16 16:09:02.313 5047 INFO rally.task.runner [-] Task 37cf64c4-4c8f-4fb8-bd71-840b18da9cea | ITER: 28 START
2020-01-16 16:09:02.343 5017 INFO rally.task.runner [-] Task 37cf64c4-4c8f-4fb8-bd71-840b18da9cea | ITER: 9 END: OK
2020-01-16 16:09:02.352 5017 INFO rally.task.runner [-] Task 37cf64c4-4c8f-4fb8-bd71-840b18da9cea | ITER: 29 START
2020-01-16 16:09:02.359 5020 INFO rally.task.runner [-] Task 37cf64c4-4c8f-4fb8-bd71-840b18da9cea | ITER: 10 END: OK
2020-01-16 16:09:02.369 5020 INFO rally.task.runner [-] Task 37cf64c4-4c8f-4fb8-bd71-840b18da9cea | ITER: 30 START
2020-01-16 16:09:02.370 5037 INFO rally.task.runner [-] Task 37cf64c4-4c8f-4fb8-bd71-840b18da9cea | ITER: 15 END: OK
2020-01-16 16:09:02.379 5037 INFO rally.task.runner [-] Task 37cf64c4-4c8f-4fb8-bd71-840b18da9cea | ITER: 31 START
2020-01-16 16:09:02.380 5026 INFO rally.task.runner [-] Task 37cf64c4-4c8f-4fb8-bd71-840b18da9cea | ITER: 13 END: OK
2020-01-16 16:09:02.388 5026 INFO rally.task.runner [-] Task 37cf64c4-4c8f-4fb8-bd71-840b18da9cea | ITER: 32 START
2020-01-16 16:09:02.393 5004 INFO rally.task.runner [-] Task 37cf64c4-4c8f-4fb8-bd71-840b18da9cea | ITER: 2 END: OK
2020-01-16 16:09:02.402 5004 INFO rally.task.runner [-] Task 37cf64c4-4c8f-4fb8-bd71-840b18da9cea | ITER: 33 START
2020-01-16 16:09:02.480 5023 INFO rally.task.runner [-] Task 37cf64c4-4c8f-4fb8-bd71-840b18da9cea | ITER: 11 END: OK
2020-01-16 16:09:02.488 5023 INFO rally.task.runner [-] Task 37cf64c4-4c8f-4fb8-bd71-840b18da9cea | ITER: 34 START
2020-01-16 16:09:02.493 5005 INFO rally.task.runner [-] Task 37cf64c4-4c8f-4fb8-bd71-840b18da9cea | ITER: 3 END: OK
2020-01-16 16:09:02.501 5005 INFO rally.task.runner [-] Task 37cf64c4-4c8f-4fb8-bd71-840b18da9cea | ITER: 35 START
2020-01-16 16:09:02.505 5032 INFO rally.task.runner [-] Task 37cf64c4-4c8f-4fb8-bd71-840b18da9cea | ITER: 14 END: OK
2020-01-16 16:09:02.515 5032 INFO rally.task.runner [-] Task 37cf64c4-4c8f-4fb8-bd71-840b18da9cea | ITER: 36 START
2020-01-16 16:09:02.530 5035 INFO rally.task.runner [-] Task 37cf64c4-4c8f-4fb8-bd71-840b18da9cea | ITER: 16 END: OK
2020-01-16 16:09:02.534 5041 INFO rally.task.runner [-] Task 37cf64c4-4c8f-4fb8-bd71-840b18da9cea | ITER: 17 END: OK
2020-01-16 16:09:02.540 5035 INFO rally.task.runner [-] Task 37cf64c4-4c8f-4fb8-bd71-840b18da9cea | ITER: 37 START
2020-01-16 16:09:02.542 5041 INFO rally.task.runner [-] Task 37cf64c4-4c8f-4fb8-bd71-840b18da9cea | ITER: 38 START
2020-01-16 16:09:02.580 5045 INFO rally.task.runner [-] Task 37cf64c4-4c8f-4fb8-bd71-840b18da9cea | ITER: 18 END: OK
2020-01-16 16:09:02.589 5045 INFO rally.task.runner [-] Task 37cf64c4-4c8f-4fb8-bd71-840b18da9cea | ITER: 39 START
2020-01-16 16:09:02.617 5050 INFO rally.task.runner [-] Task 37cf64c4-4c8f-4fb8-bd71-840b18da9cea | ITER: 20 END: OK
2020-01-16 16:09:02.625 5050 INFO rally.task.runner [-] Task 37cf64c4-4c8f-4fb8-bd71-840b18da9cea | ITER: 40 START
2020-01-16 16:09:02.633 5014 INFO rally.task.runner [-] Task 37cf64c4-4c8f-4fb8-bd71-840b18da9cea | ITER: 24 END: OK
2020-01-16 16:09:02.676 5007 INFO rally.task.runner [-] Task 37cf64c4-4c8f-4fb8-bd71-840b18da9cea | ITER: 26 END: OK
2020-01-16 16:09:02.705 5006 INFO rally.task.runner [-] Task 37cf64c4-4c8f-4fb8-bd71-840b18da9cea | ITER: 25 END: OK
2020-01-16 16:09:02.721 5009 INFO rally.task.runner [-] Task 37cf64c4-4c8f-4fb8-bd71-840b18da9cea | ITER: 22 END: OK
2020-01-16 16:09:02.780 5017 INFO rally.task.runner [-] Task 37cf64c4-4c8f-4fb8-bd71-840b18da9cea | ITER: 29 END: OK
2020-01-16 16:09:02.820 5008 INFO rally.task.runner [-] Task 37cf64c4-4c8f-4fb8-bd71-840b18da9cea | ITER: 21 END: OK
2020-01-16 16:09:02.841 5047 INFO rally.task.runner [-] Task 37cf64c4-4c8f-4fb8-bd71-840b18da9cea | ITER: 28 END: OK
2020-01-16 16:09:02.917 5026 INFO rally.task.runner [-] Task 37cf64c4-4c8f-4fb8-bd71-840b18da9cea | ITER: 32 END: OK
2020-01-16 16:09:02.944 5029 INFO rally.task.runner [-] Task 37cf64c4-4c8f-4fb8-bd71-840b18da9cea | ITER: 27 END: OK
2020-01-16 16:09:02.956 5003 INFO rally.task.runner [-] Task 37cf64c4-4c8f-4fb8-bd71-840b18da9cea | ITER: 23 END: OK
2020-01-16 16:09:02.956 5041 INFO rally.task.runner [-] Task 37cf64c4-4c8f-4fb8-bd71-840b18da9cea | ITER: 38 END: OK
2020-01-16 16:09:03.021 5020 INFO rally.task.runner [-] Task 37cf64c4-4c8f-4fb8-bd71-840b18da9cea | ITER: 30 END: OK
2020-01-16 16:09:03.070 5005 INFO rally.task.runner [-] Task 37cf64c4-4c8f-4fb8-bd71-840b18da9cea | ITER: 35 END: OK
2020-01-16 16:09:03.093 5023 INFO rally.task.runner [-] Task 37cf64c4-4c8f-4fb8-bd71-840b18da9cea | ITER: 34 END: OK
2020-01-16 16:09:03.099 5032 INFO rally.task.runner [-] Task 37cf64c4-4c8f-4fb8-bd71-840b18da9cea | ITER: 36 END: OK
2020-01-16 16:09:03.108 5050 INFO rally.task.runner [-] Task 37cf64c4-4c8f-4fb8-bd71-840b18da9cea | ITER: 40 END: OK
2020-01-16 16:09:03.123 5004 INFO rally.task.runner [-] Task 37cf64c4-4c8f-4fb8-bd71-840b18da9cea | ITER: 33 END: OK
2020-01-16 16:09:03.141 5045 INFO rally.task.runner [-] Task 37cf64c4-4c8f-4fb8-bd71-840b18da9cea | ITER: 39 END: OK
2020-01-16 16:09:03.144 5037 INFO rally.task.runner [-] Task 37cf64c4-4c8f-4fb8-bd71-840b18da9cea | ITER: 31 END: OK
2020-01-16 16:09:03.176 5035 INFO rally.task.runner [-] Task 37cf64c4-4c8f-4fb8-bd71-840b18da9cea | ITER: 37 END: OK
2020-01-16 16:09:03.204 15 INFO rally.task.context [-] Task 37cf64c4-4c8f-4fb8-bd71-840b18da9cea | Context admin_cleanup@openstack cleanup() started
2020-01-16 16:09:03.208 15 RALLYDEBUG rally_openstack.cleanup.manager [-] Cleaning up neutron quota objects
2020-01-16 16:09:04.138 15 INFO rally.task.context [-] Task 37cf64c4-4c8f-4fb8-bd71-840b18da9cea | Context admin_cleanup@openstack cleanup() finished in 0.93 sec
2020-01-16 16:09:04.138 15 INFO rally.task.context [-] Task 37cf64c4-4c8f-4fb8-bd71-840b18da9cea | Context users@openstack cleanup() started
2020-01-16 16:09:41.886 15 INFO rally.task.context [-] Task 37cf64c4-4c8f-4fb8-bd71-840b18da9cea | Context users@openstack cleanup() finished in 37.75 sec
2020-01-16 16:09:42.087 15 INFO rally.task.engine [-] Load duration is: 1.544137
2020-01-16 16:09:42.088 15 INFO rally.task.engine [-] Full runner duration is: 1.599974
2020-01-16 16:09:42.088 15 INFO rally.task.engine [-] Full duration is: 44.012889
2020-01-16 16:09:42.174 15 INFO rally.task.engine [-] Task 37cf64c4-4c8f-4fb8-bd71-840b18da9cea | Completed: Running task.
2020-01-16 16:09:43.261 5163 RALLYDEBUG rally.api [-] INFO logs from urllib3 and requests module are hide.
2020-01-16 16:09:43.261 5163 RALLYDEBUG rally.api [-] urllib3 insecure warnings are hidden.
2020-01-16 16:09:43.261 5163 RALLYDEBUG rally.api [-] ERROR log from boto module is hide.
2020-01-16 16:09:44.051 5164 RALLYDEBUG rally.api [-] INFO logs from urllib3 and requests module are hide.
2020-01-16 16:09:44.051 5164 RALLYDEBUG rally.api [-] urllib3 insecure warnings are hidden.
2020-01-16 16:09:44.051 5164 RALLYDEBUG rally.api [-] ERROR log from boto module is hide.
2020-01-16 16:09:45.074 5165 RALLYDEBUG rally.api [-] INFO logs from urllib3 and requests module are hide.
2020-01-16 16:09:45.074 5165 RALLYDEBUG rally.api [-] urllib3 insecure warnings are hidden.
2020-01-16 16:09:45.075 5165 RALLYDEBUG rally.api [-] ERROR log from boto module is hide.
2020-01-16 16:09:46.337 5165 INFO rally.common.plugin.discover [-] Loading plugins from directories /root/.rally/plugins/*
2020-01-16 16:09:46.338 5165 INFO rally.common.plugin.discover [-] Loaded module with plugins: /root/.rally/plugins/__init__.py
2020-01-16 16:09:46.340 5165 INFO rally.common.plugin.discover [-] Loaded module with plugins: /root/.rally/plugins/trunk_scenario.py
2020-01-16 16:09:46.546 5165 INFO rally.api [-] Building 'json' report for the following task(s): '37cf64c4-4c8f-4fb8-bd71-840b18da9cea'.
2020-01-16 16:09:46.688 5165 INFO rally.api [-] The report has been successfully built.
2020-01-16 16:09:47.626 5167 RALLYDEBUG rally.api [-] INFO logs from urllib3 and requests module are hide.
2020-01-16 16:09:47.626 5167 RALLYDEBUG rally.api [-] urllib3 insecure warnings are hidden.
2020-01-16 16:09:47.626 5167 RALLYDEBUG rally.api [-] ERROR log from boto module is hide.
2020-01-16 16:09:48.868 5167 INFO rally.common.plugin.discover [-] Loading plugins from directories /root/.rally/plugins/*
2020-01-16 16:09:48.869 5167 INFO rally.common.plugin.discover [-] Loaded module with plugins: /root/.rally/plugins/__init__.py
2020-01-16 16:09:48.871 5167 INFO rally.common.plugin.discover [-] Loaded module with plugins: /root/.rally/plugins/trunk_scenario.py
2020-01-16 16:09:49.078 5167 INFO rally.api [-] Building 'html' report for the following task(s): '37cf64c4-4c8f-4fb8-bd71-840b18da9cea'.
2020-01-16 16:09:49.358 5167 INFO rally.api [-] The report has been successfully built.
2020-01-16 16:09:50.071 5169 RALLYDEBUG rally.api [-] INFO logs from urllib3 and requests module are hide.
2020-01-16 16:09:50.072 5169 RALLYDEBUG rally.api [-] urllib3 insecure warnings are hidden.
2020-01-16 16:09:50.072 5169 RALLYDEBUG rally.api [-] ERROR log from boto module is hide.
2020-01-16 16:09:51.347 5169 INFO rally.common.plugin.discover [-] Loading plugins from directories /root/.rally/plugins/*
2020-01-16 16:09:51.347 5169 INFO rally.common.plugin.discover [-] Loaded module with plugins: /root/.rally/plugins/__init__.py
2020-01-16 16:09:51.349 5169 INFO rally.common.plugin.discover [-] Loaded module with plugins: /root/.rally/plugins/trunk_scenario.py
2020-01-16 16:09:51.568 5169 INFO rally.api [-] Building 'junit-xml' report for the following task(s): '37cf64c4-4c8f-4fb8-bd71-840b18da9cea'.
2020-01-16 16:09:51.576 5169 INFO rally.api [-] The report has been successfully built.