2020-01-16 15:38:32.478 6 RALLYDEBUG rally.api [-] INFO logs from urllib3 and requests module are hide.
2020-01-16 15:38:32.479 6 RALLYDEBUG rally.api [-] urllib3 insecure warnings are hidden.
2020-01-16 15:38:32.479 6 RALLYDEBUG rally.api [-] ERROR log from boto module is hide.
2020-01-16 15:38:33.733 6 ERROR rally.cli.cliutils [-] Unexpected exception in CLI: DBRecordNotFound: Record for uuid or name is opnfv-rally not found in table envs
2020-01-16 15:38:33.733 6 ERROR rally.cli.cliutils
Traceback (most recent call last):
2020-01-16 15:38:33.733 6 ERROR rally.cli.cliutils
File "/usr/lib/python2.7/site-packages/rally/cli/cliutils.py", line 674, in run
2020-01-16 15:38:33.733 6 ERROR rally.cli.cliutils ret = fn(*fn_args, **fn_kwargs)
2020-01-16 15:38:33.733 6 ERROR rally.cli.cliutils File "", line 2, in destroy
2020-01-16 15:38:33.733 6 ERROR rally.cli.cliutils
File "/usr/lib/python2.7/site-packages/rally/cli/envutils.py", line 68, in default_from_global
2020-01-16 15:38:33.733 6 ERROR rally.cli.cliutils return f(*args, **kwargs)
2020-01-16 15:38:33.733 6 ERROR rally.cli.cliutils File "", line 2, in destroy
2020-01-16 15:38:33.733 6 ERROR rally.cli.cliutils
File "/usr/lib/python2.7/site-packages/rally/plugins/__init__.py", line 51, in ensure_plugins_are_loaded
2020-01-16 15:38:33.733 6 ERROR rally.cli.cliutils return f(*args, **kwargs)
2020-01-16 15:38:33.733 6 ERROR rally.cli.cliutils
File "/usr/lib/python2.7/site-packages/rally/cli/commands/deployment.py", line 157, in destroy
2020-01-16 15:38:33.733 6 ERROR rally.cli.cliutils api.deployment.destroy(deployment=deployment)
2020-01-16 15:38:33.733 6 ERROR rally.cli.cliutils
File "/usr/lib/python2.7/site-packages/rally/api.py", line 115, in destroy
2020-01-16 15:38:33.733 6 ERROR rally.cli.cliutils deploy = objects.Deployment.get(deployment)
2020-01-16 15:38:33.733 6 ERROR rally.cli.cliutils
File "/usr/lib/python2.7/site-packages/rally/common/objects/deploy.py", line 124, in get
2020-01-16 15:38:33.733 6 ERROR rally.cli.cliutils return Deployment(env_mgr.EnvManager.get(deploy))
2020-01-16 15:38:33.733 6 ERROR rally.cli.cliutils
File "/usr/lib/python2.7/site-packages/rally/env/env_mgr.py", line 212, in get
2020-01-16 15:38:33.733 6 ERROR rally.cli.cliutils return cls(db.env_get(uuid_or_name))
2020-01-16 15:38:33.733 6 ERROR rally.cli.cliutils
File "/usr/lib/python2.7/site-packages/rally/common/db/api.py", line 135, in wrapper
2020-01-16 15:38:33.733 6 ERROR rally.cli.cliutils result = f(session, *args, **kwargs)
2020-01-16 15:38:33.733 6 ERROR rally.cli.cliutils
File "/usr/lib/python2.7/site-packages/rally/common/db/api.py", line 521, in env_get
2020-01-16 15:38:33.733 6 ERROR rally.cli.cliutils criteria="uuid or name is %s" % uuid_or_name, table="envs")
2020-01-16 15:38:33.733 6 ERROR rally.cli.cliutils DBRecordNotFound: Record for uuid or name is opnfv-rally not found in table envs
2020-01-16 15:38:33.733 6 ERROR rally.cli.cliutils
2020-01-16 15:38:34.480 8 RALLYDEBUG rally.api [-] INFO logs from urllib3 and requests module are hide.
2020-01-16 15:38:34.480 8 RALLYDEBUG rally.api [-] urllib3 insecure warnings are hidden.
2020-01-16 15:38:34.480 8 RALLYDEBUG rally.api [-] ERROR log from boto module is hide.
2020-01-16 15:38:36.766 10 RALLYDEBUG rally.api [-] INFO logs from urllib3 and requests module are hide.
2020-01-16 15:38:36.767 10 RALLYDEBUG rally.api [-] urllib3 insecure warnings are hidden.
2020-01-16 15:38:36.767 10 RALLYDEBUG rally.api [-] ERROR log from boto module is hide.
2020-01-16 15:38:39.455 13 RALLYDEBUG rally.api [-] INFO logs from urllib3 and requests module are hide.
2020-01-16 15:38:39.455 13 RALLYDEBUG rally.api [-] urllib3 insecure warnings are hidden.
2020-01-16 15:38:39.455 13 RALLYDEBUG rally.api [-] ERROR log from boto module is hide.
2020-01-16 15:38:40.804 15 RALLYDEBUG rally.api [-] INFO logs from urllib3 and requests module are hide.
2020-01-16 15:38:40.804 15 RALLYDEBUG rally.api [-] urllib3 insecure warnings are hidden.
2020-01-16 15:38:40.805 15 RALLYDEBUG rally.api [-] ERROR log from boto module is hide.
2020-01-16 15:38:42.091 15 INFO rally.common.plugin.discover [-] Loading plugins from directories /root/.rally/plugins/*
2020-01-16 15:38:42.091 15 INFO rally.common.plugin.discover [-] Loaded module with plugins: /root/.rally/plugins/__init__.py
2020-01-16 15:38:42.093 15 INFO rally.common.plugin.discover [-] Loaded module with plugins: /root/.rally/plugins/trunk_scenario.py
2020-01-16 15:38:42.267 15 INFO rally.task.engine [-] Task 37cf64c4-4c8f-4fb8-bd71-840b18da9cea | Starting: Task validation.
2020-01-16 15:38:42.279 15 INFO rally.task.engine [-] Task 37cf64c4-4c8f-4fb8-bd71-840b18da9cea | Starting: Task validation of syntax.
2020-01-16 15:38:42.429 15 INFO rally.task.engine [-] Task 37cf64c4-4c8f-4fb8-bd71-840b18da9cea | Completed: Task validation of syntax.
2020-01-16 15:38:42.429 15 INFO rally.task.engine [-] Task 37cf64c4-4c8f-4fb8-bd71-840b18da9cea | Starting: Task validation of required platforms.
2020-01-16 15:38:42.497 15 INFO rally.task.engine [-] Task 37cf64c4-4c8f-4fb8-bd71-840b18da9cea | Completed: Task validation of required platforms.
2020-01-16 15:38:42.497 15 INFO rally.task.engine [-] Task 37cf64c4-4c8f-4fb8-bd71-840b18da9cea | Starting: Task validation of semantic.
2020-01-16 15:38:42.497 15 INFO rally.task.engine [-] Check health of the environment '292dd3df-d228-41cd-8410-6d69790d644a'.
2020-01-16 15:38:42.940 15 INFO rally.task.engine [-] Platform existing@openstack (available: True): OK!
2020-01-16 15:38:42.949 15 RALLYDEBUG rally_openstack.contexts.keystone.users [-] Creating 1 tenants using 20 threads
2020-01-16 15:38:43.218 15 RALLYDEBUG rally_openstack.contexts.keystone.users [-] Creating 1 users using 20 threads
2020-01-16 15:38:43.680 15 INFO rally.task.context [-] Task 37cf64c4-4c8f-4fb8-bd71-840b18da9cea | Context users@openstack setup() finished in 0.73 sec
2020-01-16 15:38:45.085 15 INFO rally.task.context [-] Task 37cf64c4-4c8f-4fb8-bd71-840b18da9cea | Context users@openstack cleanup() started
2020-01-16 15:38:46.804 15 INFO rally.task.context [-] Task 37cf64c4-4c8f-4fb8-bd71-840b18da9cea | Context users@openstack cleanup() finished in 1.72 sec
2020-01-16 15:38:46.805 15 INFO rally.task.engine [-] Task 37cf64c4-4c8f-4fb8-bd71-840b18da9cea | Completed: Task validation of semantic.
2020-01-16 15:38:46.805 15 INFO rally.task.engine [-] Task 37cf64c4-4c8f-4fb8-bd71-840b18da9cea | Completed: Task validation.
2020-01-16 15:38:46.805 15 INFO rally.api [-] Task 37cf64c4-4c8f-4fb8-bd71-840b18da9cea input file is valid.
2020-01-16 15:38:46.805 15 INFO rally.api [-] Run Task 37cf64c4-4c8f-4fb8-bd71-840b18da9cea against Deployment 292dd3df-d228-41cd-8410-6d69790d644a
2020-01-16 15:38:46.806 15 INFO rally.task.engine [-] Task 37cf64c4-4c8f-4fb8-bd71-840b18da9cea | Starting: Running task.
2020-01-16 15:38:46.851 15 INFO rally.task.engine [-] Running workload: position = 0 config = { "version": 2, "title": "A cropped version of a bigger task.", "description": "Auto-generated task from a single workload (uuid=a505ce61-5e8e-4af8-808f-4f097ef7bc1c)", "subtasks": [ { "title": "NeutronNetworks.create_and_list_networks", "description": "Check performance of list_networks action and ensure > network quotas are not exceeded", "scenario": { "NeutronNetworks.create_and_list_networks": {} }, "contexts": { "users": { "tenants": 1, "users_per_tenant": 1 }, "quotas": { "neutron": { "network": 119 } } }, "runner": { "constant": { "times": 100, "concurrency": 20 } }, "hooks": [], "sla": { "max_avg_duration_per_atomic": { "neutron.list_networks": 15 }, "failure_rate": { "max": 0 } } } ] }
2020-01-16 15:38:46.865 15 RALLYDEBUG rally_openstack.contexts.keystone.users [-] Creating 1 tenants using 20 threads
2020-01-16 15:38:47.218 15 RALLYDEBUG rally_openstack.contexts.keystone.users [-] Creating 1 users using 20 threads
2020-01-16 15:38:47.703 15 INFO rally.task.context [-] Task 37cf64c4-4c8f-4fb8-bd71-840b18da9cea | Context users@openstack setup() finished in 0.84 sec
2020-01-16 15:38:48.047 15 INFO rally.task.context [-] Task 37cf64c4-4c8f-4fb8-bd71-840b18da9cea | Context quotas@openstack setup() finished in 0.34 sec
2020-01-16 15:38:48.048 15 INFO rally.task.context [-] Task 37cf64c4-4c8f-4fb8-bd71-840b18da9cea | Context cleanup@openstack setup() finished in 0.01 msec
2020-01-16 15:38:48.058 15 RALLYDEBUG rally.task.runner [-] Starting the constant runner (task UUID: 37cf64c4-4c8f-4fb8-bd71-840b18da9cea). timeout: 0 concurrency: 20 concurrency_per_worker: 1 times: 100 concurrency_overhead: 0 processes_to_start: 20 max_cpu_used: 88
2020-01-16 15:38:48.070 139 RALLYDEBUG rally.task.runner [-] Starting a worker. concurrency: 1 args: {} times: 100 method_name: run timeout: 0 duration: None cls:
2020-01-16 15:38:48.072 140 RALLYDEBUG rally.task.runner [-] Starting a worker. concurrency: 1 args: {} times: 100 method_name: run timeout: 0 duration: None cls:
2020-01-16 15:38:48.076 139 INFO rally.task.runner [-] Task 37cf64c4-4c8f-4fb8-bd71-840b18da9cea | ITER: 1 START
2020-01-16 15:38:48.075 141 RALLYDEBUG rally.task.runner [-] Starting a worker. concurrency: 1 args: {} times: 100 method_name: run timeout: 0 duration: None cls:
2020-01-16 15:38:48.078 140 INFO rally.task.runner [-] Task 37cf64c4-4c8f-4fb8-bd71-840b18da9cea | ITER: 2 START
2020-01-16 15:38:48.077 142 RALLYDEBUG rally.task.runner [-] Starting a worker. concurrency: 1 args: {} times: 100 method_name: run timeout: 0 duration: None cls:
2020-01-16 15:38:48.080 141 INFO rally.task.runner [-] Task 37cf64c4-4c8f-4fb8-bd71-840b18da9cea | ITER: 3 START
2020-01-16 15:38:48.080 145 RALLYDEBUG rally.task.runner [-] Starting a worker. concurrency: 1 args: {} times: 100 method_name: run timeout: 0 duration: None cls:
2020-01-16 15:38:48.082 142 INFO rally.task.runner [-] Task 37cf64c4-4c8f-4fb8-bd71-840b18da9cea | ITER: 4 START
2020-01-16 15:38:48.083 148 RALLYDEBUG rally.task.runner [-] Starting a worker. concurrency: 1 args: {} times: 100 method_name: run timeout: 0 duration: None cls:
2020-01-16 15:38:48.086 145 INFO rally.task.runner [-] Task 37cf64c4-4c8f-4fb8-bd71-840b18da9cea | ITER: 5 START
2020-01-16 15:38:48.085 151 RALLYDEBUG rally.task.runner [-] Starting a worker. concurrency: 1 args: {} times: 100 method_name: run timeout: 0 duration: None cls:
2020-01-16 15:38:48.088 154 RALLYDEBUG rally.task.runner [-] Starting a worker. concurrency: 1 args: {} times: 100 method_name: run timeout: 0 duration: None cls:
2020-01-16 15:38:48.088 148 INFO rally.task.runner [-] Task 37cf64c4-4c8f-4fb8-bd71-840b18da9cea | ITER: 6 START
2020-01-16 15:38:48.091 151 INFO rally.task.runner [-] Task 37cf64c4-4c8f-4fb8-bd71-840b18da9cea | ITER: 7 START
2020-01-16 15:38:48.091 156 RALLYDEBUG rally.task.runner [-] Starting a worker. concurrency: 1 args: {} times: 100 method_name: run timeout: 0 duration: None cls:
2020-01-16 15:38:48.093 154 INFO rally.task.runner [-] Task 37cf64c4-4c8f-4fb8-bd71-840b18da9cea | ITER: 8 START
2020-01-16 15:38:48.093 160 RALLYDEBUG rally.task.runner [-] Starting a worker. concurrency: 1 args: {} times: 100 method_name: run timeout: 0 duration: None cls:
2020-01-16 15:38:48.095 163 RALLYDEBUG rally.task.runner [-] Starting a worker. concurrency: 1 args: {} times: 100 method_name: run timeout: 0 duration: None cls:
2020-01-16 15:38:48.096 156 INFO rally.task.runner [-] Task 37cf64c4-4c8f-4fb8-bd71-840b18da9cea | ITER: 9 START
2020-01-16 15:38:48.098 166 RALLYDEBUG rally.task.runner [-] Starting a worker. concurrency: 1 args: {} times: 100 method_name: run timeout: 0 duration: None cls:
2020-01-16 15:38:48.099 160 INFO rally.task.runner [-] Task 37cf64c4-4c8f-4fb8-bd71-840b18da9cea | ITER: 10 START
2020-01-16 15:38:48.099 169 RALLYDEBUG rally.task.runner [-] Starting a worker. concurrency: 1 args: {} times: 100 method_name: run timeout: 0 duration: None cls:
2020-01-16 15:38:48.101 163 INFO rally.task.runner [-] Task 37cf64c4-4c8f-4fb8-bd71-840b18da9cea | ITER: 11 START
2020-01-16 15:38:48.103 169 INFO rally.task.runner [-] Task 37cf64c4-4c8f-4fb8-bd71-840b18da9cea | ITER: 13 START
2020-01-16 15:38:48.104 166 INFO rally.task.runner [-] Task 37cf64c4-4c8f-4fb8-bd71-840b18da9cea | ITER: 12 START
2020-01-16 15:38:48.103 171 RALLYDEBUG rally.task.runner [-] Starting a worker. concurrency: 1 args: {} times: 100 method_name: run timeout: 0 duration: None cls:
2020-01-16 15:38:48.105 175 RALLYDEBUG rally.task.runner [-] Starting a worker. concurrency: 1 args: {} times: 100 method_name: run timeout: 0 duration: None cls:
2020-01-16 15:38:48.108 180 RALLYDEBUG rally.task.runner [-] Starting a worker. concurrency: 1 args: {} times: 100 method_name: run timeout: 0 duration: None cls:
2020-01-16 15:38:48.109 181 RALLYDEBUG rally.task.runner [-] Starting a worker. concurrency: 1 args: {} times: 100 method_name: run timeout: 0 duration: None cls:
2020-01-16 15:38:48.108 171 INFO rally.task.runner [-] Task 37cf64c4-4c8f-4fb8-bd71-840b18da9cea | ITER: 14 START
2020-01-16 15:38:48.109 175 INFO rally.task.runner [-] Task 37cf64c4-4c8f-4fb8-bd71-840b18da9cea | ITER: 15 START
2020-01-16 15:38:48.111 185 RALLYDEBUG rally.task.runner [-] Starting a worker. concurrency: 1 args: {} times: 100 method_name: run timeout: 0 duration: None cls:
2020-01-16 15:38:48.114 181 INFO rally.task.runner [-] Task 37cf64c4-4c8f-4fb8-bd71-840b18da9cea | ITER: 17 START
2020-01-16 15:38:48.115 180 INFO rally.task.runner [-] Task 37cf64c4-4c8f-4fb8-bd71-840b18da9cea | ITER: 16 START
2020-01-16 15:38:48.116 187 RALLYDEBUG rally.task.runner [-] Starting a worker. concurrency: 1 args: {} times: 100 method_name: run timeout: 0 duration: None cls:
2020-01-16 15:38:48.117 185 INFO rally.task.runner [-] Task 37cf64c4-4c8f-4fb8-bd71-840b18da9cea | ITER: 18 START
2020-01-16 15:38:48.118 192 RALLYDEBUG rally.task.runner [-] Starting a worker. concurrency: 1 args: {} times: 100 method_name: run timeout: 0 duration: None cls:
2020-01-16 15:38:48.122 187 INFO rally.task.runner [-] Task 37cf64c4-4c8f-4fb8-bd71-840b18da9cea | ITER: 19 START
2020-01-16 15:38:48.124 192 INFO rally.task.runner [-] Task 37cf64c4-4c8f-4fb8-bd71-840b18da9cea | ITER: 20 START
2020-01-16 15:38:49.187 187 INFO rally.task.runner [-] Task 37cf64c4-4c8f-4fb8-bd71-840b18da9cea | ITER: 19 END: OK
2020-01-16 15:38:49.191 187 INFO rally.task.runner [-] Task 37cf64c4-4c8f-4fb8-bd71-840b18da9cea | ITER: 21 START
2020-01-16 15:38:49.473 140 INFO rally.task.runner [-] Task 37cf64c4-4c8f-4fb8-bd71-840b18da9cea | ITER: 2 END: OK
2020-01-16 15:38:49.476 145 INFO rally.task.runner [-] Task 37cf64c4-4c8f-4fb8-bd71-840b18da9cea | ITER: 5 END: OK
2020-01-16 15:38:49.478 140 INFO rally.task.runner [-] Task 37cf64c4-4c8f-4fb8-bd71-840b18da9cea | ITER: 22 START
2020-01-16 15:38:49.481 145 INFO rally.task.runner [-] Task 37cf64c4-4c8f-4fb8-bd71-840b18da9cea | ITER: 23 START
2020-01-16 15:38:49.510 175 INFO rally.task.runner [-] Task 37cf64c4-4c8f-4fb8-bd71-840b18da9cea | ITER: 15 END: OK
2020-01-16 15:38:49.514 175 INFO rally.task.runner [-] Task 37cf64c4-4c8f-4fb8-bd71-840b18da9cea | ITER: 24 START
2020-01-16 15:38:49.515 169 INFO rally.task.runner [-] Task 37cf64c4-4c8f-4fb8-bd71-840b18da9cea | ITER: 13 END: OK
2020-01-16 15:38:49.520 169 INFO rally.task.runner [-] Task 37cf64c4-4c8f-4fb8-bd71-840b18da9cea | ITER: 25 START
2020-01-16 15:38:49.611 180 INFO rally.task.runner [-] Task 37cf64c4-4c8f-4fb8-bd71-840b18da9cea | ITER: 16 END: OK
2020-01-16 15:38:49.616 180 INFO rally.task.runner [-] Task 37cf64c4-4c8f-4fb8-bd71-840b18da9cea | ITER: 26 START
2020-01-16 15:38:49.780 139 INFO rally.task.runner [-] Task 37cf64c4-4c8f-4fb8-bd71-840b18da9cea | ITER: 1 END: OK
2020-01-16 15:38:49.784 139 INFO rally.task.runner [-] Task 37cf64c4-4c8f-4fb8-bd71-840b18da9cea | ITER: 27 START
2020-01-16 15:38:49.898 192 INFO rally.task.runner [-] Task 37cf64c4-4c8f-4fb8-bd71-840b18da9cea | ITER: 20 END: OK
2020-01-16 15:38:49.903 192 INFO rally.task.runner [-] Task 37cf64c4-4c8f-4fb8-bd71-840b18da9cea | ITER: 28 START
2020-01-16 15:38:50.177 148 INFO rally.task.runner [-] Task 37cf64c4-4c8f-4fb8-bd71-840b18da9cea | ITER: 6 END: OK
2020-01-16 15:38:50.177 141 INFO rally.task.runner [-] Task 37cf64c4-4c8f-4fb8-bd71-840b18da9cea | ITER: 3 END: OK
2020-01-16 15:38:50.181 141 INFO rally.task.runner [-] Task 37cf64c4-4c8f-4fb8-bd71-840b18da9cea | ITER: 29 START
2020-01-16 15:38:50.181 148 INFO rally.task.runner [-] Task 37cf64c4-4c8f-4fb8-bd71-840b18da9cea | ITER: 30 START
2020-01-16 15:38:50.185 160 INFO rally.task.runner [-] Task 37cf64c4-4c8f-4fb8-bd71-840b18da9cea | ITER: 10 END: OK
2020-01-16 15:38:50.189 160 INFO rally.task.runner [-] Task 37cf64c4-4c8f-4fb8-bd71-840b18da9cea | ITER: 31 START
2020-01-16 15:38:50.229 151 INFO rally.task.runner [-] Task 37cf64c4-4c8f-4fb8-bd71-840b18da9cea | ITER: 7 END: OK
2020-01-16 15:38:50.231 181 INFO rally.task.runner [-] Task 37cf64c4-4c8f-4fb8-bd71-840b18da9cea | ITER: 17 END: OK
2020-01-16 15:38:50.233 151 INFO rally.task.runner [-] Task 37cf64c4-4c8f-4fb8-bd71-840b18da9cea | ITER: 32 START
2020-01-16 15:38:50.236 181 INFO rally.task.runner [-] Task 37cf64c4-4c8f-4fb8-bd71-840b18da9cea | ITER: 33 START
2020-01-16 15:38:50.268 171 INFO rally.task.runner [-] Task 37cf64c4-4c8f-4fb8-bd71-840b18da9cea | ITER: 14 END: OK
2020-01-16 15:38:50.273 171 INFO rally.task.runner [-] Task 37cf64c4-4c8f-4fb8-bd71-840b18da9cea | ITER: 34 START
2020-01-16 15:38:50.281 154 INFO rally.task.runner [-] Task 37cf64c4-4c8f-4fb8-bd71-840b18da9cea | ITER: 8 END: OK
2020-01-16 15:38:50.284 154 INFO rally.task.runner [-] Task 37cf64c4-4c8f-4fb8-bd71-840b18da9cea | ITER: 35 START
2020-01-16 15:38:50.337 156 INFO rally.task.runner [-] Task 37cf64c4-4c8f-4fb8-bd71-840b18da9cea | ITER: 9 END: OK
2020-01-16 15:38:50.342 156 INFO rally.task.runner [-] Task 37cf64c4-4c8f-4fb8-bd71-840b18da9cea | ITER: 36 START
2020-01-16 15:38:50.479 187 INFO rally.task.runner [-] Task 37cf64c4-4c8f-4fb8-bd71-840b18da9cea | ITER: 21 END: OK
2020-01-16 15:38:50.483 187 INFO rally.task.runner [-] Task 37cf64c4-4c8f-4fb8-bd71-840b18da9cea | ITER: 37 START
2020-01-16 15:38:50.531 142 INFO rally.task.runner [-] Task 37cf64c4-4c8f-4fb8-bd71-840b18da9cea | ITER: 4 END: OK
2020-01-16 15:38:50.536 142 INFO rally.task.runner [-] Task 37cf64c4-4c8f-4fb8-bd71-840b18da9cea | ITER: 38 START
2020-01-16 15:38:50.702 175 INFO rally.task.runner [-] Task 37cf64c4-4c8f-4fb8-bd71-840b18da9cea | ITER: 24 END: OK
2020-01-16 15:38:50.705 175 INFO rally.task.runner [-] Task 37cf64c4-4c8f-4fb8-bd71-840b18da9cea | ITER: 39 START
2020-01-16 15:38:50.776 166 INFO rally.task.runner [-] Task 37cf64c4-4c8f-4fb8-bd71-840b18da9cea | ITER: 12 END: OK
2020-01-16 15:38:50.780 166 INFO rally.task.runner [-] Task 37cf64c4-4c8f-4fb8-bd71-840b18da9cea | ITER: 40 START
2020-01-16 15:38:50.854 185 INFO rally.task.runner [-] Task 37cf64c4-4c8f-4fb8-bd71-840b18da9cea | ITER: 18 END: OK
2020-01-16 15:38:50.859 185 INFO rally.task.runner [-] Task 37cf64c4-4c8f-4fb8-bd71-840b18da9cea | ITER: 41 START
2020-01-16 15:38:51.119 163 INFO rally.task.runner [-] Task 37cf64c4-4c8f-4fb8-bd71-840b18da9cea | ITER: 11 END: OK
2020-01-16 15:38:51.123 163 INFO rally.task.runner [-] Task 37cf64c4-4c8f-4fb8-bd71-840b18da9cea | ITER: 42 START
2020-01-16 15:38:51.320 145 INFO rally.task.runner [-] Task 37cf64c4-4c8f-4fb8-bd71-840b18da9cea | ITER: 23 END: OK
2020-01-16 15:38:51.324 145 INFO rally.task.runner [-] Task 37cf64c4-4c8f-4fb8-bd71-840b18da9cea | ITER: 43 START
2020-01-16 15:38:51.381 181 INFO rally.task.runner [-] Task 37cf64c4-4c8f-4fb8-bd71-840b18da9cea | ITER: 33 END: OK
2020-01-16 15:38:51.384 181 INFO rally.task.runner [-] Task 37cf64c4-4c8f-4fb8-bd71-840b18da9cea | ITER: 44 START
2020-01-16 15:38:51.518 139 INFO rally.task.runner [-] Task 37cf64c4-4c8f-4fb8-bd71-840b18da9cea | ITER: 27 END: OK
2020-01-16 15:38:51.522 139 INFO rally.task.runner [-] Task 37cf64c4-4c8f-4fb8-bd71-840b18da9cea | ITER: 45 START
2020-01-16 15:38:51.616 192 INFO rally.task.runner [-] Task 37cf64c4-4c8f-4fb8-bd71-840b18da9cea | ITER: 28 END: OK
2020-01-16 15:38:51.620 192 INFO rally.task.runner [-] Task 37cf64c4-4c8f-4fb8-bd71-840b18da9cea | ITER: 46 START
2020-01-16 15:38:51.626 180 INFO rally.task.runner [-] Task 37cf64c4-4c8f-4fb8-bd71-840b18da9cea | ITER: 26 END: OK
2020-01-16 15:38:51.629 180 INFO rally.task.runner [-] Task 37cf64c4-4c8f-4fb8-bd71-840b18da9cea | ITER: 47 START
2020-01-16 15:38:51.674 169 INFO rally.task.runner [-] Task 37cf64c4-4c8f-4fb8-bd71-840b18da9cea | ITER: 25 END: OK
2020-01-16 15:38:51.677 169 INFO rally.task.runner [-] Task 37cf64c4-4c8f-4fb8-bd71-840b18da9cea | ITER: 48 START
2020-01-16 15:38:52.033 154 INFO rally.task.runner [-] Task 37cf64c4-4c8f-4fb8-bd71-840b18da9cea | ITER: 35 END: OK
2020-01-16 15:38:52.037 154 INFO rally.task.runner [-] Task 37cf64c4-4c8f-4fb8-bd71-840b18da9cea | ITER: 49 START
2020-01-16 15:38:52.322 187 INFO rally.task.runner [-] Task 37cf64c4-4c8f-4fb8-bd71-840b18da9cea | ITER: 37 END: OK
2020-01-16 15:38:52.326 187 INFO rally.task.runner [-] Task 37cf64c4-4c8f-4fb8-bd71-840b18da9cea | ITER: 50 START
2020-01-16 15:38:52.586 140 INFO rally.task.runner [-] Task 37cf64c4-4c8f-4fb8-bd71-840b18da9cea | ITER: 22 END: OK
2020-01-16 15:38:52.590 140 INFO rally.task.runner [-] Task 37cf64c4-4c8f-4fb8-bd71-840b18da9cea | ITER: 51 START
2020-01-16 15:38:52.607 156 INFO rally.task.runner [-] Task 37cf64c4-4c8f-4fb8-bd71-840b18da9cea | ITER: 36 END: OK
2020-01-16 15:38:52.611 156 INFO rally.task.runner [-] Task 37cf64c4-4c8f-4fb8-bd71-840b18da9cea | ITER: 52 START
2020-01-16 15:38:52.708 141 INFO rally.task.runner [-] Task 37cf64c4-4c8f-4fb8-bd71-840b18da9cea | ITER: 29 END: OK
2020-01-16 15:38:52.711 141 INFO rally.task.runner [-] Task 37cf64c4-4c8f-4fb8-bd71-840b18da9cea | ITER: 53 START
2020-01-16 15:38:52.717 142 INFO rally.task.runner [-] Task 37cf64c4-4c8f-4fb8-bd71-840b18da9cea | ITER: 38 END: OK
2020-01-16 15:38:52.720 142 INFO rally.task.runner [-] Task 37cf64c4-4c8f-4fb8-bd71-840b18da9cea | ITER: 54 START
2020-01-16 15:38:52.828 148 INFO rally.task.runner [-] Task 37cf64c4-4c8f-4fb8-bd71-840b18da9cea | ITER: 30 END: OK
2020-01-16 15:38:52.831 148 INFO rally.task.runner [-] Task 37cf64c4-4c8f-4fb8-bd71-840b18da9cea | ITER: 55 START
2020-01-16 15:38:53.021 151 INFO rally.task.runner [-] Task 37cf64c4-4c8f-4fb8-bd71-840b18da9cea | ITER: 32 END: OK
2020-01-16 15:38:53.022 180 INFO rally.task.runner [-] Task 37cf64c4-4c8f-4fb8-bd71-840b18da9cea | ITER: 47 END: OK
2020-01-16 15:38:53.025 151 INFO rally.task.runner [-] Task 37cf64c4-4c8f-4fb8-bd71-840b18da9cea | ITER: 56 START
2020-01-16 15:38:53.026 180 INFO rally.task.runner [-] Task 37cf64c4-4c8f-4fb8-bd71-840b18da9cea | ITER: 57 START
2020-01-16 15:38:53.187 163 INFO rally.task.runner [-] Task 37cf64c4-4c8f-4fb8-bd71-840b18da9cea | ITER: 42 END: OK
2020-01-16 15:38:53.191 163 INFO rally.task.runner [-] Task 37cf64c4-4c8f-4fb8-bd71-840b18da9cea | ITER: 58 START
2020-01-16 15:38:53.193 175 INFO rally.task.runner [-] Task 37cf64c4-4c8f-4fb8-bd71-840b18da9cea | ITER: 39 END: OK
2020-01-16 15:38:53.196 175 INFO rally.task.runner [-] Task 37cf64c4-4c8f-4fb8-bd71-840b18da9cea | ITER: 59 START
2020-01-16 15:38:53.297 160 INFO rally.task.runner [-] Task 37cf64c4-4c8f-4fb8-bd71-840b18da9cea | ITER: 31 END: OK
2020-01-16 15:38:53.300 160 INFO rally.task.runner [-] Task 37cf64c4-4c8f-4fb8-bd71-840b18da9cea | ITER: 60 START
2020-01-16 15:38:53.351 185 INFO rally.task.runner [-] Task 37cf64c4-4c8f-4fb8-bd71-840b18da9cea | ITER: 41 END: OK
2020-01-16 15:38:53.355 185 INFO rally.task.runner [-] Task 37cf64c4-4c8f-4fb8-bd71-840b18da9cea | ITER: 61 START
2020-01-16 15:38:53.504 187 INFO rally.task.runner [-] Task 37cf64c4-4c8f-4fb8-bd71-840b18da9cea | ITER: 50 END: OK
2020-01-16 15:38:53.507 187 INFO rally.task.runner [-] Task 37cf64c4-4c8f-4fb8-bd71-840b18da9cea | ITER: 62 START
2020-01-16 15:38:53.792 181 INFO rally.task.runner [-] Task 37cf64c4-4c8f-4fb8-bd71-840b18da9cea | ITER: 44 END: OK
2020-01-16 15:38:53.795 181 INFO rally.task.runner [-] Task 37cf64c4-4c8f-4fb8-bd71-840b18da9cea | ITER: 63 START
2020-01-16 15:38:53.981 192 INFO rally.task.runner [-] Task 37cf64c4-4c8f-4fb8-bd71-840b18da9cea | ITER: 46 END: OK
2020-01-16 15:38:53.984 192 INFO rally.task.runner [-] Task 37cf64c4-4c8f-4fb8-bd71-840b18da9cea | ITER: 64 START
2020-01-16 15:38:54.010 139 INFO rally.task.runner [-] Task 37cf64c4-4c8f-4fb8-bd71-840b18da9cea | ITER: 45 END: OK
2020-01-16 15:38:54.014 139 INFO rally.task.runner [-] Task 37cf64c4-4c8f-4fb8-bd71-840b18da9cea | ITER: 65 START
2020-01-16 15:38:54.358 141 INFO rally.task.runner [-] Task 37cf64c4-4c8f-4fb8-bd71-840b18da9cea | ITER: 53 END: OK
2020-01-16 15:38:54.360 140 INFO rally.task.runner [-] Task 37cf64c4-4c8f-4fb8-bd71-840b18da9cea | ITER: 51 END: OK
2020-01-16 15:38:54.361 141 INFO rally.task.runner [-] Task 37cf64c4-4c8f-4fb8-bd71-840b18da9cea | ITER: 66 START
2020-01-16 15:38:54.364 140 INFO rally.task.runner [-] Task 37cf64c4-4c8f-4fb8-bd71-840b18da9cea | ITER: 67 START
2020-01-16 15:38:54.523 145 INFO rally.task.runner [-] Task 37cf64c4-4c8f-4fb8-bd71-840b18da9cea | ITER: 43 END: OK
2020-01-16 15:38:54.526 145 INFO rally.task.runner [-] Task 37cf64c4-4c8f-4fb8-bd71-840b18da9cea | ITER: 68 START
2020-01-16 15:38:54.559 171 INFO rally.task.runner [-] Task 37cf64c4-4c8f-4fb8-bd71-840b18da9cea | ITER: 34 END: OK
2020-01-16 15:38:54.561 154 INFO rally.task.runner [-] Task 37cf64c4-4c8f-4fb8-bd71-840b18da9cea | ITER: 49 END: OK
2020-01-16 15:38:54.563 171 INFO rally.task.runner [-] Task 37cf64c4-4c8f-4fb8-bd71-840b18da9cea | ITER: 69 START
2020-01-16 15:38:54.564 154 INFO rally.task.runner [-] Task 37cf64c4-4c8f-4fb8-bd71-840b18da9cea | ITER: 70 START
2020-01-16 15:38:54.571 166 INFO rally.task.runner [-] Task 37cf64c4-4c8f-4fb8-bd71-840b18da9cea | ITER: 40 END: OK
2020-01-16 15:38:54.575 166 INFO rally.task.runner [-] Task 37cf64c4-4c8f-4fb8-bd71-840b18da9cea | ITER: 71 START
2020-01-16 15:38:54.605 180 INFO rally.task.runner [-] Task 37cf64c4-4c8f-4fb8-bd71-840b18da9cea | ITER: 57 END: OK
2020-01-16 15:38:54.609 180 INFO rally.task.runner [-] Task 37cf64c4-4c8f-4fb8-bd71-840b18da9cea | ITER: 72 START
2020-01-16 15:38:54.649 169 INFO rally.task.runner [-] Task 37cf64c4-4c8f-4fb8-bd71-840b18da9cea | ITER: 48 END: OK
2020-01-16 15:38:54.653 169 INFO rally.task.runner [-] Task 37cf64c4-4c8f-4fb8-bd71-840b18da9cea | ITER: 73 START
2020-01-16 15:38:54.765 148 INFO rally.task.runner [-] Task 37cf64c4-4c8f-4fb8-bd71-840b18da9cea | ITER: 55 END: OK
2020-01-16 15:38:54.769 148 INFO rally.task.runner [-] Task 37cf64c4-4c8f-4fb8-bd71-840b18da9cea | ITER: 74 START
2020-01-16 15:38:54.807 160 INFO rally.task.runner [-] Task 37cf64c4-4c8f-4fb8-bd71-840b18da9cea | ITER: 60 END: OK
2020-01-16 15:38:54.808 163 INFO rally.task.runner [-] Task 37cf64c4-4c8f-4fb8-bd71-840b18da9cea | ITER: 58 END: OK
2020-01-16 15:38:54.810 160 INFO rally.task.runner [-] Task 37cf64c4-4c8f-4fb8-bd71-840b18da9cea | ITER: 75 START
2020-01-16 15:38:54.812 163 INFO rally.task.runner [-] Task 37cf64c4-4c8f-4fb8-bd71-840b18da9cea | ITER: 76 START
2020-01-16 15:38:55.038 142 INFO rally.task.runner [-] Task 37cf64c4-4c8f-4fb8-bd71-840b18da9cea | ITER: 54 END: OK
2020-01-16 15:38:55.042 142 INFO rally.task.runner [-] Task 37cf64c4-4c8f-4fb8-bd71-840b18da9cea | ITER: 77 START
2020-01-16 15:38:55.166 185 INFO rally.task.runner [-] Task 37cf64c4-4c8f-4fb8-bd71-840b18da9cea | ITER: 61 END: OK
2020-01-16 15:38:55.170 185 INFO rally.task.runner [-] Task 37cf64c4-4c8f-4fb8-bd71-840b18da9cea | ITER: 78 START
2020-01-16 15:38:55.171 192 INFO rally.task.runner [-] Task 37cf64c4-4c8f-4fb8-bd71-840b18da9cea | ITER: 64 END: OK
2020-01-16 15:38:55.174 192 INFO rally.task.runner [-] Task 37cf64c4-4c8f-4fb8-bd71-840b18da9cea | ITER: 79 START
2020-01-16 15:38:55.210 187 INFO rally.task.runner [-] Task 37cf64c4-4c8f-4fb8-bd71-840b18da9cea | ITER: 62 END: OK
2020-01-16 15:38:55.214 187 INFO rally.task.runner [-] Task 37cf64c4-4c8f-4fb8-bd71-840b18da9cea | ITER: 80 START
2020-01-16 15:38:55.433 151 INFO rally.task.runner [-] Task 37cf64c4-4c8f-4fb8-bd71-840b18da9cea | ITER: 56 END: OK
2020-01-16 15:38:55.437 175 INFO rally.task.runner [-] Task 37cf64c4-4c8f-4fb8-bd71-840b18da9cea | ITER: 59 END: OK
2020-01-16 15:38:55.437 151 INFO rally.task.runner [-] Task 37cf64c4-4c8f-4fb8-bd71-840b18da9cea | ITER: 81 START
2020-01-16 15:38:55.440 175 INFO rally.task.runner [-] Task 37cf64c4-4c8f-4fb8-bd71-840b18da9cea | ITER: 82 START
2020-01-16 15:38:55.483 140 INFO rally.task.runner [-] Task 37cf64c4-4c8f-4fb8-bd71-840b18da9cea | ITER: 67 END: OK
2020-01-16 15:38:55.487 140 INFO rally.task.runner [-] Task 37cf64c4-4c8f-4fb8-bd71-840b18da9cea | ITER: 83 START
2020-01-16 15:38:55.624 156 INFO rally.task.runner [-] Task 37cf64c4-4c8f-4fb8-bd71-840b18da9cea | ITER: 52 END: OK
2020-01-16 15:38:55.628 156 INFO rally.task.runner [-] Task 37cf64c4-4c8f-4fb8-bd71-840b18da9cea | ITER: 84 START
2020-01-16 15:38:55.966 141 INFO rally.task.runner [-] Task 37cf64c4-4c8f-4fb8-bd71-840b18da9cea | ITER: 66 END: OK
2020-01-16 15:38:55.969 141 INFO rally.task.runner [-] Task 37cf64c4-4c8f-4fb8-bd71-840b18da9cea | ITER: 85 START
2020-01-16 15:38:56.212 171 INFO rally.task.runner [-] Task 37cf64c4-4c8f-4fb8-bd71-840b18da9cea | ITER: 69 END: OK
2020-01-16 15:38:56.216 171 INFO rally.task.runner [-] Task 37cf64c4-4c8f-4fb8-bd71-840b18da9cea | ITER: 86 START
2020-01-16 15:38:56.264 169 INFO rally.task.runner [-] Task 37cf64c4-4c8f-4fb8-bd71-840b18da9cea | ITER: 73 END: OK
2020-01-16 15:38:56.268 169 INFO rally.task.runner [-] Task 37cf64c4-4c8f-4fb8-bd71-840b18da9cea | ITER: 87 START
2020-01-16 15:38:56.346 145 INFO rally.task.runner [-] Task 37cf64c4-4c8f-4fb8-bd71-840b18da9cea | ITER: 68 END: OK
2020-01-16 15:38:56.350 145 INFO rally.task.runner [-] Task 37cf64c4-4c8f-4fb8-bd71-840b18da9cea | ITER: 88 START
2020-01-16 15:38:56.454 148 INFO rally.task.runner [-] Task 37cf64c4-4c8f-4fb8-bd71-840b18da9cea | ITER: 74 END: OK
2020-01-16 15:38:56.457 148 INFO rally.task.runner [-] Task 37cf64c4-4c8f-4fb8-bd71-840b18da9cea | ITER: 89 START
2020-01-16 15:38:56.635 160 INFO rally.task.runner [-] Task 37cf64c4-4c8f-4fb8-bd71-840b18da9cea | ITER: 75 END: OK
2020-01-16 15:38:56.635 181 INFO rally.task.runner [-] Task 37cf64c4-4c8f-4fb8-bd71-840b18da9cea | ITER: 63 END: OK
2020-01-16 15:38:56.639 160 INFO rally.task.runner [-] Task 37cf64c4-4c8f-4fb8-bd71-840b18da9cea | ITER: 90 START
2020-01-16 15:38:56.639 181 INFO rally.task.runner [-] Task 37cf64c4-4c8f-4fb8-bd71-840b18da9cea | ITER: 91 START
2020-01-16 15:38:56.793 192 INFO rally.task.runner [-] Task 37cf64c4-4c8f-4fb8-bd71-840b18da9cea | ITER: 79 END: OK
2020-01-16 15:38:56.797 192 INFO rally.task.runner [-] Task 37cf64c4-4c8f-4fb8-bd71-840b18da9cea | ITER: 92 START
2020-01-16 15:38:56.940 139 INFO rally.task.runner [-] Task 37cf64c4-4c8f-4fb8-bd71-840b18da9cea | ITER: 65 END: OK
2020-01-16 15:38:56.944 139 INFO rally.task.runner [-] Task 37cf64c4-4c8f-4fb8-bd71-840b18da9cea | ITER: 93 START
2020-01-16 15:38:56.957 175 INFO rally.task.runner [-] Task 37cf64c4-4c8f-4fb8-bd71-840b18da9cea | ITER: 82 END: OK
2020-01-16 15:38:56.961 175 INFO rally.task.runner [-] Task 37cf64c4-4c8f-4fb8-bd71-840b18da9cea | ITER: 94 START
2020-01-16 15:38:57.197 180 INFO rally.task.runner [-] Task 37cf64c4-4c8f-4fb8-bd71-840b18da9cea | ITER: 72 END: OK
2020-01-16 15:38:57.200 180 INFO rally.task.runner [-] Task 37cf64c4-4c8f-4fb8-bd71-840b18da9cea | ITER: 95 START
2020-01-16 15:38:57.202 163 INFO rally.task.runner [-] Task 37cf64c4-4c8f-4fb8-bd71-840b18da9cea | ITER: 76 END: OK
2020-01-16 15:38:57.205 163 INFO rally.task.runner [-] Task 37cf64c4-4c8f-4fb8-bd71-840b18da9cea | ITER: 96 START
2020-01-16 15:38:57.379 145 INFO rally.task.runner [-] Task 37cf64c4-4c8f-4fb8-bd71-840b18da9cea | ITER: 88 END: OK
2020-01-16 15:38:57.382 145 INFO rally.task.runner [-] Task 37cf64c4-4c8f-4fb8-bd71-840b18da9cea | ITER: 97 START
2020-01-16 15:38:57.451 166 INFO rally.task.runner [-] Task 37cf64c4-4c8f-4fb8-bd71-840b18da9cea | ITER: 71 END: OK
2020-01-16 15:38:57.454 166 INFO rally.task.runner [-] Task 37cf64c4-4c8f-4fb8-bd71-840b18da9cea | ITER: 98 START
2020-01-16 15:38:57.597 171 INFO rally.task.runner [-] Task 37cf64c4-4c8f-4fb8-bd71-840b18da9cea | ITER: 86 END: OK
2020-01-16 15:38:57.601 171 INFO rally.task.runner [-] Task 37cf64c4-4c8f-4fb8-bd71-840b18da9cea | ITER: 99 START
2020-01-16 15:38:57.738 185 INFO rally.task.runner [-] Task 37cf64c4-4c8f-4fb8-bd71-840b18da9cea | ITER: 78 END: OK
2020-01-16 15:38:57.742 185 INFO rally.task.runner [-] Task 37cf64c4-4c8f-4fb8-bd71-840b18da9cea | ITER: 100 START
2020-01-16 15:38:57.922 151 INFO rally.task.runner [-] Task 37cf64c4-4c8f-4fb8-bd71-840b18da9cea | ITER: 81 END: OK
2020-01-16 15:38:58.144 141 INFO rally.task.runner [-] Task 37cf64c4-4c8f-4fb8-bd71-840b18da9cea | ITER: 85 END: OK
2020-01-16 15:38:58.316 187 INFO rally.task.runner [-] Task 37cf64c4-4c8f-4fb8-bd71-840b18da9cea | ITER: 80 END: OK
2020-01-16 15:38:58.446 154 INFO rally.task.runner [-] Task 37cf64c4-4c8f-4fb8-bd71-840b18da9cea | ITER: 70 END: OK
2020-01-16 15:38:58.452 156 INFO rally.task.runner [-] Task 37cf64c4-4c8f-4fb8-bd71-840b18da9cea | ITER: 84 END: OK
2020-01-16 15:38:58.467 148 INFO rally.task.runner [-] Task 37cf64c4-4c8f-4fb8-bd71-840b18da9cea | ITER: 89 END: OK
2020-01-16 15:38:58.507 181 INFO rally.task.runner [-] Task 37cf64c4-4c8f-4fb8-bd71-840b18da9cea | ITER: 91 END: OK
2020-01-16 15:38:58.921 142 INFO rally.task.runner [-] Task 37cf64c4-4c8f-4fb8-bd71-840b18da9cea | ITER: 77 END: OK
2020-01-16 15:38:58.949 192 INFO rally.task.runner [-] Task 37cf64c4-4c8f-4fb8-bd71-840b18da9cea | ITER: 92 END: OK
2020-01-16 15:38:59.029 140 INFO rally.task.runner [-] Task 37cf64c4-4c8f-4fb8-bd71-840b18da9cea | ITER: 83 END: OK
2020-01-16 15:38:59.157 139 INFO rally.task.runner [-] Task 37cf64c4-4c8f-4fb8-bd71-840b18da9cea | ITER: 93 END: OK
2020-01-16 15:38:59.301 166 INFO rally.task.runner [-] Task 37cf64c4-4c8f-4fb8-bd71-840b18da9cea | ITER: 98 END: OK
2020-01-16 15:38:59.315 160 INFO rally.task.runner [-] Task 37cf64c4-4c8f-4fb8-bd71-840b18da9cea | ITER: 90 END: OK
2020-01-16 15:38:59.322 175 INFO rally.task.runner [-] Task 37cf64c4-4c8f-4fb8-bd71-840b18da9cea | ITER: 94 END: OK
2020-01-16 15:38:59.528 185 INFO rally.task.runner [-] Task 37cf64c4-4c8f-4fb8-bd71-840b18da9cea | ITER: 100 END: OK
2020-01-16 15:38:59.689 145 INFO rally.task.runner [-] Task 37cf64c4-4c8f-4fb8-bd71-840b18da9cea | ITER: 97 END: OK
2020-01-16 15:38:59.918 171 INFO rally.task.runner [-] Task 37cf64c4-4c8f-4fb8-bd71-840b18da9cea | ITER: 99 END: OK
2020-01-16 15:39:00.001 169 INFO rally.task.runner [-] Task 37cf64c4-4c8f-4fb8-bd71-840b18da9cea | ITER: 87 END: OK
2020-01-16 15:39:00.085 163 INFO rally.task.runner [-] Task 37cf64c4-4c8f-4fb8-bd71-840b18da9cea | ITER: 96 END: OK
2020-01-16 15:39:00.211 180 INFO rally.task.runner [-] Task 37cf64c4-4c8f-4fb8-bd71-840b18da9cea | ITER: 95 END: OK
2020-01-16 15:39:00.235 15 INFO rally.task.context [-] Task 37cf64c4-4c8f-4fb8-bd71-840b18da9cea | Context cleanup@openstack cleanup() started
2020-01-16 15:39:00.239 15 RALLYDEBUG rally_openstack.cleanup.manager [-] Cleaning up neutron vip objects
2020-01-16 15:39:00.425 15 RALLYDEBUG rally_openstack.cleanup.manager [-] Cleaning up neutron health_monitor objects
2020-01-16 15:39:00.621 15 RALLYDEBUG rally_openstack.cleanup.manager [-] Cleaning up neutron pool objects
2020-01-16 15:39:00.819 15 RALLYDEBUG rally_openstack.cleanup.manager [-] Cleaning up neutron loadbalancer objects
2020-01-16 15:39:01.011 15 RALLYDEBUG rally_openstack.cleanup.manager [-] Cleaning up neutron floatingip objects
2020-01-16 15:39:01.227 15 RALLYDEBUG rally_openstack.cleanup.manager [-] Cleaning up neutron trunk objects
2020-01-16 15:39:01.418 15 DEBUG neutronclient.v2_0.client [-] Error message: {"message": "The resource could not be found.

\n\n\n", "code": "404 Not Found", "title": "Not Found"} _handle_fault_response /usr/lib/python2.7/site-packages/neutronclient/v2_0/client.py:259
2020-01-16 15:39:01.427 15 RALLYDEBUG rally_openstack.cleanup.manager [-] Cleaning up neutron port objects
2020-01-16 15:39:01.657 15 RALLYDEBUG rally_openstack.cleanup.manager [-] Cleaning up neutron subnet objects
2020-01-16 15:39:01.872 15 RALLYDEBUG rally_openstack.cleanup.manager [-] Cleaning up neutron network objects
2020-01-16 15:39:02.443 15 RALLYDEBUG rally_openstack.cleanup.manager [-] Deleting neutron.network object s_rally_a505ce61_ehUISRYg (05afd991-a707-4955-aa41-97a89873e7ba)
2020-01-16 15:39:02.447 15 RALLYDEBUG rally_openstack.cleanup.manager [-] Deleting neutron.network object s_rally_a505ce61_ZDzDpUxC (09c6e29f-1b77-4ea2-be99-ea72ab641e9b)
2020-01-16 15:39:02.452 15 RALLYDEBUG rally_openstack.cleanup.manager [-] Deleting neutron.network object s_rally_a505ce61_JIIQ00ch (133daade-8814-41d5-a219-f345bf0f066f)
2020-01-16 15:39:02.452 15 RALLYDEBUG rally_openstack.cleanup.manager [-] Deleting neutron.network object s_rally_a505ce61_CisxRH8A (08b23e13-f716-49eb-ba43-150b694746ba)
2020-01-16 15:39:02.453 15 RALLYDEBUG rally_openstack.cleanup.manager [-] Deleting neutron.network object s_rally_a505ce61_IxyT78Vz (08f991e1-c456-4cf5-bcdd-b62faf971042)
2020-01-16 15:39:02.459 15 RALLYDEBUG rally_openstack.cleanup.manager [-] Deleting neutron.network object s_rally_a505ce61_6UnKvHCY (15ef8b5e-4c04-4986-9e75-94c13987df8a)
2020-01-16 15:39:02.473 15 RALLYDEBUG rally_openstack.cleanup.manager [-] Deleting neutron.network object s_rally_a505ce61_hXV0HR7W (178c26ed-f164-42d0-add0-cdc57c95d783)
2020-01-16 15:39:02.514 15 RALLYDEBUG rally_openstack.cleanup.manager [-] Deleting neutron.network object s_rally_a505ce61_FP2FeRyJ (1ee63ad0-0c81-496d-b34c-910d473398d4)
2020-01-16 15:39:02.552 15 RALLYDEBUG rally_openstack.cleanup.manager [-] Deleting neutron.network object s_rally_a505ce61_R4FtWtRJ (28806bc8-2557-4957-b37a-1951af13211c)
2020-01-16 15:39:02.550 15 RALLYDEBUG rally_openstack.cleanup.manager [-] Deleting neutron.network object s_rally_a505ce61_1nPdyFHW (1b1fadf8-0d78-4f69-84de-6ad83a8a5030)
2020-01-16 15:39:02.555 15 RALLYDEBUG rally_openstack.cleanup.manager [-] Deleting neutron.network object s_rally_a505ce61_VRePZ0eS (22db9c60-f11f-4ce3-9afd-e9a4ce9700bd)
2020-01-16 15:39:02.579 15 RALLYDEBUG rally_openstack.cleanup.manager [-] Deleting neutron.network object s_rally_a505ce61_IvZmYeHP (2ac13fc3-0c23-44ef-939d-7e0ee58bce20)
2020-01-16 15:39:02.578 15 RALLYDEBUG rally_openstack.cleanup.manager [-] Deleting neutron.network object s_rally_a505ce61_yjsxh4XN (214a1965-7564-4e5f-b6b3-5e813cf954f3)
2020-01-16 15:39:02.600 15 RALLYDEBUG rally_openstack.cleanup.manager [-] Deleting neutron.network object s_rally_a505ce61_tb2IWPHF (3a62de44-0dcf-4ca7-a3a2-a6826709c97d)
2020-01-16 15:39:02.593 15 RALLYDEBUG rally_openstack.cleanup.manager [-] Deleting neutron.network object s_rally_a505ce61_JLQx6hib (29245c46-cb84-46e2-b899-4a2b3b97949f)
2020-01-16 15:39:02.615 15 RALLYDEBUG rally_openstack.cleanup.manager [-] Deleting neutron.network object s_rally_a505ce61_KJ5Sz7Wo (3b775ca7-ae8f-48d6-a031-ba71a376d82d)
2020-01-16 15:39:02.635 15 RALLYDEBUG rally_openstack.cleanup.manager [-] Deleting neutron.network object s_rally_a505ce61_4dh6A6Bw (3f71a436-1e39-4595-9faa-a80ae7a6cf7a)
2020-01-16 15:39:02.656 15 RALLYDEBUG rally_openstack.cleanup.manager [-] Deleting neutron.network object s_rally_a505ce61_j4X6eqYo (3f5cda91-b08a-4ea7-93b9-f60d09a0cc48)
2020-01-16 15:39:02.687 15 RALLYDEBUG rally_openstack.cleanup.manager [-] Deleting neutron.network object s_rally_a505ce61_NLAsL2dy (4375564e-4c65-4a28-abf4-7a991caab190)
2020-01-16 15:39:02.717 15 RALLYDEBUG rally_openstack.cleanup.manager [-] Deleting neutron.network object s_rally_a505ce61_Vg57AmeQ (40515b8e-a757-4225-bcd9-9138f4f3f484)
2020-01-16 15:39:05.027 15 RALLYDEBUG rally_openstack.cleanup.manager [-] Deleting neutron.network object s_rally_a505ce61_XNkPFT8F (4571f642-ef5d-4fac-b891-b5b059d3371f)
2020-01-16 15:39:05.051 15 RALLYDEBUG rally_openstack.cleanup.manager [-] Deleting neutron.network object s_rally_a505ce61_Le3SBC3p (49321c08-f078-491c-8cfa-e520a1b87fa5)
2020-01-16 15:39:05.068 15 RALLYDEBUG rally_openstack.cleanup.manager [-] Deleting neutron.network object s_rally_a505ce61_7wL1drqc (4945b946-8199-45b5-b4b5-f645da6c53e9)
2020-01-16 15:39:05.080 15 RALLYDEBUG rally_openstack.cleanup.manager [-] Deleting neutron.network object s_rally_a505ce61_3MOT0ulx (49860437-1358-454c-9e55-c6b25d2132ae)
2020-01-16 15:39:05.346 15 RALLYDEBUG rally_openstack.cleanup.manager [-] Deleting neutron.network object s_rally_a505ce61_N3alocBz (4b3e1d9a-03b9-4926-9404-c9f8583b3240)
2020-01-16 15:39:05.362 15 RALLYDEBUG rally_openstack.cleanup.manager [-] Deleting neutron.network object s_rally_a505ce61_kO7GnznB (4cc1ccff-f353-430d-bdc9-0ec2cd280aca)
2020-01-16 15:39:05.369 15 RALLYDEBUG rally_openstack.cleanup.manager [-] Deleting neutron.network object s_rally_a505ce61_XUJZ2JVn (4ea381df-c44a-42f4-a176-2cb03e8a243d)
2020-01-16 15:39:05.636 15 RALLYDEBUG rally_openstack.cleanup.manager [-] Deleting neutron.network object s_rally_a505ce61_H42xaIf4 (5095d8ad-4fc6-45a7-94ce-64f7e6874682)
2020-01-16 15:39:05.816 15 RALLYDEBUG rally_openstack.cleanup.manager [-] Deleting neutron.network object s_rally_a505ce61_aTekDuT4 (523ea7a7-e666-4293-be43-947124c4f331)
2020-01-16 15:39:05.827 15 RALLYDEBUG rally_openstack.cleanup.manager [-] Deleting neutron.network object s_rally_a505ce61_pZb0Nrrt (52760bb9-fdd1-4a8f-897b-22219aa1e1d1)
2020-01-16 15:39:06.043 15 RALLYDEBUG rally_openstack.cleanup.manager [-] Deleting neutron.network object s_rally_a505ce61_0MllFxpp (52a1c3fb-3453-4031-ad3b-7c63db090f21)
2020-01-16 15:39:06.097 15 RALLYDEBUG rally_openstack.cleanup.manager [-] Deleting neutron.network object s_rally_a505ce61_ormPGpmi (52fa2551-3067-4e5a-b04c-295611c2698d)
2020-01-16 15:39:06.137 15 RALLYDEBUG rally_openstack.cleanup.manager [-] Deleting neutron.network object s_rally_a505ce61_htgBFIND (53045549-a886-4397-9bd6-923ac2bad678)
2020-01-16 15:39:06.240 15 RALLYDEBUG rally_openstack.cleanup.manager [-] Deleting neutron.network object s_rally_a505ce61_IXOp5s8u (53a645fa-dffe-468c-98d0-8a48be84e6a5)
2020-01-16 15:39:06.776 15 RALLYDEBUG rally_openstack.cleanup.manager [-] Deleting neutron.network object s_rally_a505ce61_gZSHxKOe (54789311-8b59-492b-b689-a87df90c4636)
2020-01-16 15:39:06.866 15 RALLYDEBUG rally_openstack.cleanup.manager [-] Deleting neutron.network object s_rally_a505ce61_gIdYINxr (54e0a194-d2ac-4364-b10e-c428af1a3cdf)
2020-01-16 15:39:06.875 15 RALLYDEBUG rally_openstack.cleanup.manager [-] Deleting neutron.network object s_rally_a505ce61_H6gac8ce (5514c5ff-ab1a-4173-858a-36139a548836)
2020-01-16 15:39:06.890 15 RALLYDEBUG rally_openstack.cleanup.manager [-] Deleting neutron.network object s_rally_a505ce61_olJ58cqr (5deefaf3-a675-4a69-ac08-2e874618ee99)
2020-01-16 15:39:07.175 15 RALLYDEBUG rally_openstack.cleanup.manager [-] Deleting neutron.network object s_rally_a505ce61_EWiaIXqM (5f0e412d-a5dd-47c0-8e7e-7947baf27ad4)
2020-01-16 15:39:07.503 15 RALLYDEBUG rally_openstack.cleanup.manager [-] Deleting neutron.network object s_rally_a505ce61_pSmJBa6i (604c70e7-6928-4024-a88e-2302a6916409)
2020-01-16 15:39:07.593 15 RALLYDEBUG rally_openstack.cleanup.manager [-] Deleting neutron.network object s_rally_a505ce61_arDXKmzd (6119d5a4-0a7e-4eee-bd75-58e4a09a2a07)
2020-01-16 15:39:07.598 15 RALLYDEBUG rally_openstack.cleanup.manager [-] Deleting neutron.network object s_rally_a505ce61_FuHwPjJv (631fdb29-950a-4c5e-9381-c54113289d25)
2020-01-16 15:39:07.606 15 RALLYDEBUG rally_openstack.cleanup.manager [-] Deleting neutron.network object s_rally_a505ce61_iwti6J60 (64752469-dcc2-4239-8f98-4a134df7c9bd)
2020-01-16 15:39:07.733 15 RALLYDEBUG rally_openstack.cleanup.manager [-] Deleting neutron.network object s_rally_a505ce61_Q00UVSJT (65bc0dca-8e8f-418b-9392-1af8d94cace2)
2020-01-16 15:39:07.733 15 RALLYDEBUG rally_openstack.cleanup.manager [-] Deleting neutron.network object s_rally_a505ce61_BX3Dhgp5 (64ef99ac-74c8-47ae-8601-caa7aa2a349e)
2020-01-16 15:39:07.808 15 RALLYDEBUG rally_openstack.cleanup.manager [-] Deleting neutron.network object s_rally_a505ce61_HwnSr67Q (65e0ba5e-c4eb-4f22-8b05-025aa0b6e0a6)
2020-01-16 15:39:07.887 15 RALLYDEBUG rally_openstack.cleanup.manager [-] Deleting neutron.network object s_rally_a505ce61_9fRMUIVc (65e3f77c-df5c-4ea3-a326-e7ede5e8b0a1)
2020-01-16 15:39:07.947 15 RALLYDEBUG rally_openstack.cleanup.manager [-] Deleting neutron.network object s_rally_a505ce61_3uHJHTjg (66e0f3bd-7e3e-4d32-a4e1-d3374b06021d)
2020-01-16 15:39:07.999 15 RALLYDEBUG rally_openstack.cleanup.manager [-] Deleting neutron.network object s_rally_a505ce61_5S3JW7yz (67fdd19e-ca03-4293-b445-8d4dc3aa0f7c)
2020-01-16 15:39:08.053 15 RALLYDEBUG rally_openstack.cleanup.manager [-] Deleting neutron.network object s_rally_a505ce61_4k71uLoJ (70e3ec6f-cfbd-4d22-b4a2-55946f63221e)
2020-01-16 15:39:08.364 15 RALLYDEBUG rally_openstack.cleanup.manager [-] Deleting neutron.network object s_rally_a505ce61_SCqLU20C (7248f15a-0a09-491f-a475-b8112f3f4abe)
2020-01-16 15:39:08.592 15 RALLYDEBUG rally_openstack.cleanup.manager [-] Deleting neutron.network object s_rally_a505ce61_7DHo1roJ (72e95271-fffd-4a52-8d39-bd08e1eac7ce)
2020-01-16 15:39:08.705 15 RALLYDEBUG rally_openstack.cleanup.manager [-] Deleting neutron.network object s_rally_a505ce61_SNakvHbo (74556735-06b1-44eb-9ed3-a8f599d965da)
2020-01-16 15:39:08.882 15 RALLYDEBUG rally_openstack.cleanup.manager [-] Deleting neutron.network object s_rally_a505ce61_tQN8ve0y (7678754e-c558-4ff7-a1b7-cf184a7b5cfe)
2020-01-16 15:39:08.912 15 RALLYDEBUG rally_openstack.cleanup.manager [-] Deleting neutron.network object s_rally_a505ce61_fGwJehhQ (78198b51-57a3-4fea-b705-6deb290cc475)
2020-01-16 15:39:08.932 15 RALLYDEBUG rally_openstack.cleanup.manager [-] Deleting neutron.network object s_rally_a505ce61_0DR4uH18 (78eb2232-2580-4ba2-8bbd-abc5a4deb115)
2020-01-16 15:39:09.123 15 RALLYDEBUG rally_openstack.cleanup.manager [-] Deleting neutron.network object s_rally_a505ce61_HRm0xmYq (7c16cced-5e1d-4329-9836-52a68352d352)
2020-01-16 15:39:09.195 15 RALLYDEBUG rally_openstack.cleanup.manager [-] Deleting neutron.network object s_rally_a505ce61_a2vHA1v0 (7ccfd507-c28e-4c7f-bff4-07befcba4643)
2020-01-16 15:39:09.578 15 RALLYDEBUG rally_openstack.cleanup.manager [-] Deleting neutron.network object s_rally_a505ce61_vSvpSnzF (801aef43-65c0-4316-8026-d68324a3c43e)
2020-01-16 15:39:09.648 15 RALLYDEBUG rally_openstack.cleanup.manager [-] Deleting neutron.network object s_rally_a505ce61_tZeoRwjD (817abae2-9f32-4f7d-8e64-f66fdfd04197)
2020-01-16 15:39:09.719 15 RALLYDEBUG rally_openstack.cleanup.manager [-] Deleting neutron.network object s_rally_a505ce61_Ap16yGVO (8200de56-8620-4f30-9546-9a861bb598ec)
2020-01-16 15:39:09.745 15 RALLYDEBUG rally_openstack.cleanup.manager [-] Deleting neutron.network object s_rally_a505ce61_5RKsRLsg (84624077-f51f-4beb-aec8-f83e4a7bce6b)
2020-01-16 15:39:09.963 15 RALLYDEBUG rally_openstack.cleanup.manager [-] Deleting neutron.network object s_rally_a505ce61_IebKviQi (8bf83c35-473a-4305-b356-210fa054b888)
2020-01-16 15:39:09.989 15 RALLYDEBUG rally_openstack.cleanup.manager [-] Deleting neutron.network object s_rally_a505ce61_8giRbrGq (91653663-3c71-450e-afc4-c5ecbe382abd)
2020-01-16 15:39:09.997 15 RALLYDEBUG rally_openstack.cleanup.manager [-] Deleting neutron.network object s_rally_a505ce61_BzqZd0X3 (927c082f-db8f-4cd3-8e83-f5a6b2355b6d)
2020-01-16 15:39:10.308 15 RALLYDEBUG rally_openstack.cleanup.manager [-] Deleting neutron.network object s_rally_a505ce61_Yx5zKQVX (93242e5f-ab11-40b7-9bb3-4c3bc61163c9)
2020-01-16 15:39:10.474 15 RALLYDEBUG rally_openstack.cleanup.manager [-] Deleting neutron.network object s_rally_a505ce61_izcYb2J4 (95d78748-efd6-416d-ab79-228d834ff65d)
2020-01-16 15:39:10.712 15 RALLYDEBUG rally_openstack.cleanup.manager [-] Deleting neutron.network object s_rally_a505ce61_ZlSwrrTA (96e6fc95-38cb-4268-8023-fffcc9cfc152)
2020-01-16 15:39:10.727 15 RALLYDEBUG rally_openstack.cleanup.manager [-] Deleting neutron.network object s_rally_a505ce61_a6WMU9a9 (970468dd-64c6-43d0-b33c-f103726d7550)
2020-01-16 15:39:10.735 15 RALLYDEBUG rally_openstack.cleanup.manager [-] Deleting neutron.network object s_rally_a505ce61_26PgSy1P (98b44379-85cc-4201-9f0a-891d3c3b3ffc)
2020-01-16 15:39:10.914 15 RALLYDEBUG rally_openstack.cleanup.manager [-] Deleting neutron.network object s_rally_a505ce61_6hNGPuH0 (9e1b09d6-a090-400c-b62a-57ecab60157a)
2020-01-16 15:39:11.205 15 RALLYDEBUG rally_openstack.cleanup.manager [-] Deleting neutron.network object s_rally_a505ce61_pGQUpUvq (9fbdcea0-ca73-48c7-9a48-830c4c5adc95)
2020-01-16 15:39:11.399 15 RALLYDEBUG rally_openstack.cleanup.manager [-] Deleting neutron.network object s_rally_a505ce61_ruX8YiTO (a27cbfda-f472-43c2-b334-84a3fbf9895d)
2020-01-16 15:39:11.589 15 RALLYDEBUG rally_openstack.cleanup.manager [-] Deleting neutron.network object s_rally_a505ce61_ghOmGZW0 (a45f9b44-fbc4-4bed-850d-b89c806999de)
2020-01-16 15:39:11.749 15 RALLYDEBUG rally_openstack.cleanup.manager [-] Deleting neutron.network object s_rally_a505ce61_rFuSD1Sa (a850ec12-0a85-409e-a4f8-4481bedd7bb8)
2020-01-16 15:39:11.825 15 RALLYDEBUG rally_openstack.cleanup.manager [-] Deleting neutron.network object s_rally_a505ce61_5VjawlsE (a947b68f-3a08-4f0e-80cd-002ebdf7fbb5)
2020-01-16 15:39:11.875 15 RALLYDEBUG rally_openstack.cleanup.manager [-] Deleting neutron.network object s_rally_a505ce61_SOhqa7rI (ad0584fd-f1d0-407f-b3e8-53401e4c73c5)
2020-01-16 15:39:11.925 15 RALLYDEBUG rally_openstack.cleanup.manager [-] Deleting neutron.network object s_rally_a505ce61_cKVMypdl (aec6832f-bd59-4fe7-a4a7-b62e5db67120)
2020-01-16 15:39:11.935 15 RALLYDEBUG rally_openstack.cleanup.manager [-] Deleting neutron.network object s_rally_a505ce61_TCdntU7N (b0852749-4327-4641-ba52-161c5c4d9b3b)
2020-01-16 15:39:11.959 15 RALLYDEBUG rally_openstack.cleanup.manager [-] Deleting neutron.network object s_rally_a505ce61_KwYh4xGt (b33f790b-faeb-434f-92eb-4511d4b30d76)
