2020-01-16 15:44:24.337 2304 RALLYDEBUG rally.task.runner [-] Starting a worker. concurrency: 1 args: {"network_create_args": {}, "subnet_create_args": {}, "subnet_cidr_start": "1.1.0.0/30", "subnets_per_network": 2} times: 40 method_name: run timeout: 0 duration: None cls:
2020-01-16 15:44:24.338 2300 WARNING rally_openstack.scenarios.neutron.utils [-] Running this scenario without either the 'network' or 'existing_network' context is deprecated
2020-01-16 15:44:24.340 2307 RALLYDEBUG rally.task.runner [-] Starting a worker. concurrency: 1 args: {"network_create_args": {}, "subnet_create_args": {}, "subnet_cidr_start": "1.1.0.0/30", "subnets_per_network": 2} times: 40 method_name: run timeout: 0 duration: None cls:
2020-01-16 15:44:24.343 2304 INFO rally.task.runner [-] Task 37cf64c4-4c8f-4fb8-bd71-840b18da9cea | ITER: 15 START
2020-01-16 15:44:24.343 2312 RALLYDEBUG rally.task.runner [-] Starting a worker. concurrency: 1 args: {"network_create_args": {}, "subnet_create_args": {}, "subnet_cidr_start": "1.1.0.0/30", "subnets_per_network": 2} times: 40 method_name: run timeout: 0 duration: None cls:
2020-01-16 15:44:24.344 2304 WARNING rally_openstack.scenarios.neutron.utils [-] Running this scenario without either the 'network' or 'existing_network' context is deprecated
2020-01-16 15:44:24.346 2307 INFO rally.task.runner [-] Task 37cf64c4-4c8f-4fb8-bd71-840b18da9cea | ITER: 16 START
2020-01-16 15:44:24.345 2314 RALLYDEBUG rally.task.runner [-] Starting a worker. concurrency: 1 args: {"network_create_args": {}, "subnet_create_args": {}, "subnet_cidr_start": "1.1.0.0/30", "subnets_per_network": 2} times: 40 method_name: run timeout: 0 duration: None cls:
2020-01-16 15:44:24.346 2307 WARNING rally_openstack.scenarios.neutron.utils [-] Running this scenario without either the 'network' or 'existing_network' context is deprecated
2020-01-16 15:44:24.348 2315 RALLYDEBUG rally.task.runner [-] Starting a worker. concurrency: 1 args: {"network_create_args": {}, "subnet_create_args": {}, "subnet_cidr_start": "1.1.0.0/30", "subnets_per_network": 2} times: 40 method_name: run timeout: 0 duration: None cls:
2020-01-16 15:44:24.349 2312 INFO rally.task.runner [-] Task 37cf64c4-4c8f-4fb8-bd71-840b18da9cea | ITER: 17 START
2020-01-16 15:44:24.350 2314 INFO rally.task.runner [-] Task 37cf64c4-4c8f-4fb8-bd71-840b18da9cea | ITER: 18 START
2020-01-16 15:44:24.350 2312 WARNING rally_openstack.scenarios.neutron.utils [-] Running this scenario without either the 'network' or 'existing_network' context is deprecated
2020-01-16 15:44:24.351 2314 WARNING rally_openstack.scenarios.neutron.utils [-] Running this scenario without either the 'network' or 'existing_network' context is deprecated
2020-01-16 15:44:24.352 2318 RALLYDEBUG rally.task.runner [-] Starting a worker. concurrency: 1 args: {"network_create_args": {}, "subnet_create_args": {}, "subnet_cidr_start": "1.1.0.0/30", "subnets_per_network": 2} times: 40 method_name: run timeout: 0 duration: None cls:
2020-01-16 15:44:24.354 2315 INFO rally.task.runner [-] Task 37cf64c4-4c8f-4fb8-bd71-840b18da9cea | ITER: 19 START
2020-01-16 15:44:24.355 2315 WARNING rally_openstack.scenarios.neutron.utils [-] Running this scenario without either the 'network' or 'existing_network' context is deprecated
2020-01-16 15:44:24.357 2318 INFO rally.task.runner [-] Task 37cf64c4-4c8f-4fb8-bd71-840b18da9cea | ITER: 20 START
2020-01-16 15:44:24.358 2318 WARNING rally_openstack.scenarios.neutron.utils [-] Running this scenario without either the 'network' or 'existing_network' context is deprecated
2020-01-16 15:44:25.055 2271 RALLYDEBUG rally_openstack.wrappers.network [-] CIDR generated: 1.1.4.96/30
2020-01-16 15:44:25.257 2272 RALLYDEBUG rally_openstack.wrappers.network [-] CIDR generated: 1.1.4.100/30
2020-01-16 15:44:25.329 2288 RALLYDEBUG rally_openstack.wrappers.network [-] CIDR generated: 1.1.4.104/30
2020-01-16 15:44:25.338 2318 RALLYDEBUG rally_openstack.wrappers.network [-] CIDR generated: 1.1.4.108/30
2020-01-16 15:44:25.349 2277 RALLYDEBUG rally_openstack.wrappers.network [-] CIDR generated: 1.1.4.112/30
2020-01-16 15:44:25.367 2282 RALLYDEBUG rally_openstack.wrappers.network [-] CIDR generated: 1.1.4.116/30
2020-01-16 15:44:25.662 2298 RALLYDEBUG rally_openstack.wrappers.network [-] CIDR generated: 1.1.4.120/30
2020-01-16 15:44:25.704 2270 RALLYDEBUG rally_openstack.wrappers.network [-] CIDR generated: 1.1.4.124/30
2020-01-16 15:44:25.708 2286 RALLYDEBUG rally_openstack.wrappers.network [-] CIDR generated: 1.1.4.128/30
2020-01-16 15:44:25.749 2294 RALLYDEBUG rally_openstack.wrappers.network [-] CIDR generated: 1.1.4.132/30
2020-01-16 15:44:25.798 2314 RALLYDEBUG rally_openstack.wrappers.network [-] CIDR generated: 1.1.4.136/30
2020-01-16 15:44:25.817 2275 RALLYDEBUG rally_openstack.wrappers.network [-] CIDR generated: 1.1.4.140/30
2020-01-16 15:44:25.864 2312 RALLYDEBUG rally_openstack.wrappers.network [-] CIDR generated: 1.1.4.144/30
2020-01-16 15:44:26.009 2307 RALLYDEBUG rally_openstack.wrappers.network [-] CIDR generated: 1.1.4.148/30
2020-01-16 15:44:26.012 2292 RALLYDEBUG rally_openstack.wrappers.network [-] CIDR generated: 1.1.4.152/30
2020-01-16 15:44:26.038 2304 RALLYDEBUG rally_openstack.wrappers.network [-] CIDR generated: 1.1.4.156/30
2020-01-16 15:44:26.154 2269 RALLYDEBUG rally_openstack.wrappers.network [-] CIDR generated: 1.1.4.160/30
2020-01-16 15:44:26.157 2300 RALLYDEBUG rally_openstack.wrappers.network [-] CIDR generated: 1.1.4.164/30
2020-01-16 15:44:26.173 2271 RALLYDEBUG rally_openstack.wrappers.network [-] CIDR generated: 1.1.4.168/30
2020-01-16 15:44:26.237 2279 RALLYDEBUG rally_openstack.wrappers.network [-] CIDR generated: 1.1.4.172/30
2020-01-16 15:44:26.508 2315 RALLYDEBUG rally_openstack.wrappers.network [-] CIDR generated: 1.1.4.176/30
2020-01-16 15:44:26.601 2288 RALLYDEBUG rally_openstack.wrappers.network [-] CIDR generated: 1.1.4.180/30
2020-01-16 15:44:26.748 2294 RALLYDEBUG rally_openstack.wrappers.network [-] CIDR generated: 1.1.4.184/30
2020-01-16 15:44:27.118 2272 RALLYDEBUG rally_openstack.wrappers.network [-] CIDR generated: 1.1.4.188/30
2020-01-16 15:44:27.148 2286 RALLYDEBUG rally_openstack.wrappers.network [-] CIDR generated: 1.1.4.192/30
2020-01-16 15:44:27.161 2298 RALLYDEBUG rally_openstack.wrappers.network [-] CIDR generated: 1.1.4.196/30
2020-01-16 15:44:27.209 2304 RALLYDEBUG rally_openstack.wrappers.network [-] CIDR generated: 1.1.4.200/30
2020-01-16 15:44:27.236 2292 RALLYDEBUG rally_openstack.wrappers.network [-] CIDR generated: 1.1.4.204/30
2020-01-16 15:44:27.324 2307 RALLYDEBUG rally_openstack.wrappers.network [-] CIDR generated: 1.1.4.208/30
2020-01-16 15:44:27.356 2279 RALLYDEBUG rally_openstack.wrappers.network [-] CIDR generated: 1.1.4.212/30
2020-01-16 15:44:27.364 2269 RALLYDEBUG rally_openstack.wrappers.network [-] CIDR generated: 1.1.4.216/30
2020-01-16 15:44:27.456 2300 RALLYDEBUG rally_openstack.wrappers.network [-] CIDR generated: 1.1.4.220/30
2020-01-16 15:44:27.623 2314 RALLYDEBUG rally_openstack.wrappers.network [-] CIDR generated: 1.1.4.224/30
2020-01-16 15:44:27.645 2282 RALLYDEBUG rally_openstack.wrappers.network [-] CIDR generated: 1.1.4.228/30
2020-01-16 15:44:27.695 2275 RALLYDEBUG rally_openstack.wrappers.network [-] CIDR generated: 1.1.4.232/30
2020-01-16 15:44:28.395 2318 RALLYDEBUG rally_openstack.wrappers.network [-] CIDR generated: 1.1.4.236/30
2020-01-16 15:44:28.540 2277 RALLYDEBUG rally_openstack.wrappers.network [-] CIDR generated: 1.1.4.240/30
2020-01-16 15:44:28.578 2270 RALLYDEBUG rally_openstack.wrappers.network [-] CIDR generated: 1.1.4.244/30
2020-01-16 15:44:28.588 2315 RALLYDEBUG rally_openstack.wrappers.network [-] CIDR generated: 1.1.4.248/30
2020-01-16 15:44:28.696 2312 RALLYDEBUG rally_openstack.wrappers.network [-] CIDR generated: 1.1.4.252/30
2020-01-16 15:44:31.665 2288 INFO rally.task.runner [-] Task 37cf64c4-4c8f-4fb8-bd71-840b18da9cea | ITER: 10 END: OK
2020-01-16 15:44:31.670 2288 INFO rally.task.runner [-] Task 37cf64c4-4c8f-4fb8-bd71-840b18da9cea | ITER: 21 START
2020-01-16 15:44:31.671 2288 WARNING rally_openstack.scenarios.neutron.utils [-] Running this scenario without either the 'network' or 'existing_network' context is deprecated
2020-01-16 15:44:32.017 2271 INFO rally.task.runner [-] Task 37cf64c4-4c8f-4fb8-bd71-840b18da9cea | ITER: 3 END: OK
2020-01-16 15:44:32.022 2271 INFO rally.task.runner [-] Task 37cf64c4-4c8f-4fb8-bd71-840b18da9cea | ITER: 22 START
2020-01-16 15:44:32.023 2271 WARNING rally_openstack.scenarios.neutron.utils [-] Running this scenario without either the 'network' or 'existing_network' context is deprecated
2020-01-16 15:44:32.338 2288 RALLYDEBUG rally_openstack.wrappers.network [-] CIDR generated: 1.1.5.0/30
2020-01-16 15:44:33.308 2269 INFO rally.task.runner [-] Task 37cf64c4-4c8f-4fb8-bd71-840b18da9cea | ITER: 1 END: OK
2020-01-16 15:44:33.312 2269 INFO rally.task.runner [-] Task 37cf64c4-4c8f-4fb8-bd71-840b18da9cea | ITER: 23 START
2020-01-16 15:44:33.313 2269 WARNING rally_openstack.scenarios.neutron.utils [-] Running this scenario without either the 'network' or 'existing_network' context is deprecated
2020-01-16 15:44:33.349 2288 RALLYDEBUG rally_openstack.wrappers.network [-] CIDR generated: 1.1.5.4/30
2020-01-16 15:44:33.840 2318 INFO rally.task.runner [-] Task 37cf64c4-4c8f-4fb8-bd71-840b18da9cea | ITER: 20 END: OK
2020-01-16 15:44:33.845 2318 INFO rally.task.runner [-] Task 37cf64c4-4c8f-4fb8-bd71-840b18da9cea | ITER: 24 START
2020-01-16 15:44:33.846 2318 WARNING rally_openstack.scenarios.neutron.utils [-] Running this scenario without either the 'network' or 'existing_network' context is deprecated
2020-01-16 15:44:34.123 2279 INFO rally.task.runner [-] Task 37cf64c4-4c8f-4fb8-bd71-840b18da9cea | ITER: 7 END: OK
2020-01-16 15:44:34.124 2292 INFO rally.task.runner [-] Task 37cf64c4-4c8f-4fb8-bd71-840b18da9cea | ITER: 11 END: OK
2020-01-16 15:44:34.128 2279 INFO rally.task.runner [-] Task 37cf64c4-4c8f-4fb8-bd71-840b18da9cea | ITER: 25 START
2020-01-16 15:44:34.129 2279 WARNING rally_openstack.scenarios.neutron.utils [-] Running this scenario without either the 'network' or 'existing_network' context is deprecated
2020-01-16 15:44:34.129 2292 INFO rally.task.runner [-] Task 37cf64c4-4c8f-4fb8-bd71-840b18da9cea | ITER: 26 START
2020-01-16 15:44:34.129 2292 WARNING rally_openstack.scenarios.neutron.utils [-] Running this scenario without either the 'network' or 'existing_network' context is deprecated
2020-01-16 15:44:34.205 2271 RALLYDEBUG rally_openstack.wrappers.network [-] CIDR generated: 1.1.5.8/30
2020-01-16 15:44:34.291 2304 INFO rally.task.runner [-] Task 37cf64c4-4c8f-4fb8-bd71-840b18da9cea | ITER: 15 END: OK
2020-01-16 15:44:34.297 2304 INFO rally.task.runner [-] Task 37cf64c4-4c8f-4fb8-bd71-840b18da9cea | ITER: 27 START
2020-01-16 15:44:34.297 2304 WARNING rally_openstack.scenarios.neutron.utils [-] Running this scenario without either the 'network' or 'existing_network' context is deprecated
2020-01-16 15:44:34.395 2318 RALLYDEBUG rally_openstack.wrappers.network [-] CIDR generated: 1.1.5.12/30
2020-01-16 15:44:34.476 2315 INFO rally.task.runner [-] Task 37cf64c4-4c8f-4fb8-bd71-840b18da9cea | ITER: 19 END: OK
2020-01-16 15:44:34.482 2315 INFO rally.task.runner [-] Task 37cf64c4-4c8f-4fb8-bd71-840b18da9cea | ITER: 28 START
2020-01-16 15:44:34.482 2315 WARNING rally_openstack.scenarios.neutron.utils [-] Running this scenario without either the 'network' or 'existing_network' context is deprecated
2020-01-16 15:44:34.496 2314 INFO rally.task.runner [-] Task 37cf64c4-4c8f-4fb8-bd71-840b18da9cea | ITER: 18 END: OK
2020-01-16 15:44:34.501 2314 INFO rally.task.runner [-] Task 37cf64c4-4c8f-4fb8-bd71-840b18da9cea | ITER: 29 START
2020-01-16 15:44:34.502 2314 WARNING rally_openstack.scenarios.neutron.utils [-] Running this scenario without either the 'network' or 'existing_network' context is deprecated
2020-01-16 15:44:34.575 2292 RALLYDEBUG rally_openstack.wrappers.network [-] CIDR generated: 1.1.5.16/30
2020-01-16 15:44:34.749 2304 RALLYDEBUG rally_openstack.wrappers.network [-] CIDR generated: 1.1.5.20/30
2020-01-16 15:44:35.167 2300 INFO rally.task.runner [-] Task 37cf64c4-4c8f-4fb8-bd71-840b18da9cea | ITER: 14 END: OK
2020-01-16 15:44:35.172 2300 INFO rally.task.runner [-] Task 37cf64c4-4c8f-4fb8-bd71-840b18da9cea | ITER: 30 START
2020-01-16 15:44:35.173 2300 WARNING rally_openstack.scenarios.neutron.utils [-] Running this scenario without either the 'network' or 'existing_network' context is deprecated
2020-01-16 15:44:35.306 2282 INFO rally.task.runner [-] Task 37cf64c4-4c8f-4fb8-bd71-840b18da9cea | ITER: 8 END: OK
2020-01-16 15:44:35.310 2282 INFO rally.task.runner [-] Task 37cf64c4-4c8f-4fb8-bd71-840b18da9cea | ITER: 31 START
2020-01-16 15:44:35.311 2282 WARNING rally_openstack.scenarios.neutron.utils [-] Running this scenario without either the 'network' or 'existing_network' context is deprecated
2020-01-16 15:44:35.314 2269 RALLYDEBUG rally_openstack.wrappers.network [-] CIDR generated: 1.1.5.24/30
2020-01-16 15:44:35.339 2315 RALLYDEBUG rally_openstack.wrappers.network [-] CIDR generated: 1.1.5.28/30
2020-01-16 15:44:35.363 2275 INFO rally.task.runner [-] Task 37cf64c4-4c8f-4fb8-bd71-840b18da9cea | ITER: 5 END: OK
2020-01-16 15:44:35.368 2275 INFO rally.task.runner [-] Task 37cf64c4-4c8f-4fb8-bd71-840b18da9cea | ITER: 32 START
2020-01-16 15:44:35.369 2275 WARNING rally_openstack.scenarios.neutron.utils [-] Running this scenario without either the 'network' or 'existing_network' context is deprecated
2020-01-16 15:44:35.475 2314 RALLYDEBUG rally_openstack.wrappers.network [-] CIDR generated: 1.1.5.32/30
2020-01-16 15:44:35.527 2304 RALLYDEBUG rally_openstack.wrappers.network [-] CIDR generated: 1.1.5.36/30
2020-01-16 15:44:35.681 2292 RALLYDEBUG rally_openstack.wrappers.network [-] CIDR generated: 1.1.5.40/30
2020-01-16 15:44:35.937 2300 RALLYDEBUG rally_openstack.wrappers.network [-] CIDR generated: 1.1.5.44/30
2020-01-16 15:44:35.943 2279 RALLYDEBUG rally_openstack.wrappers.network [-] CIDR generated: 1.1.5.48/30
2020-01-16 15:44:35.974 2315 RALLYDEBUG rally_openstack.wrappers.network [-] CIDR generated: 1.1.5.52/30
2020-01-16 15:44:36.203 2272 INFO rally.task.runner [-] Task 37cf64c4-4c8f-4fb8-bd71-840b18da9cea | ITER: 4 END: OK
2020-01-16 15:44:36.208 2272 INFO rally.task.runner [-] Task 37cf64c4-4c8f-4fb8-bd71-840b18da9cea | ITER: 33 START
2020-01-16 15:44:36.209 2272 WARNING rally_openstack.scenarios.neutron.utils [-] Running this scenario without either the 'network' or 'existing_network' context is deprecated
2020-01-16 15:44:36.228 2275 RALLYDEBUG rally_openstack.wrappers.network [-] CIDR generated: 1.1.5.56/30
2020-01-16 15:44:36.408 2282 RALLYDEBUG rally_openstack.wrappers.network [-] CIDR generated: 1.1.5.60/30
2020-01-16 15:44:36.680 2272 RALLYDEBUG rally_openstack.wrappers.network [-] CIDR generated: 1.1.5.64/30
2020-01-16 15:44:36.747 2271 RALLYDEBUG rally_openstack.wrappers.network [-] CIDR generated: 1.1.5.68/30
2020-01-16 15:44:36.833 2294 INFO rally.task.runner [-] Task 37cf64c4-4c8f-4fb8-bd71-840b18da9cea | ITER: 12 END: OK
2020-01-16 15:44:36.838 2294 INFO rally.task.runner [-] Task 37cf64c4-4c8f-4fb8-bd71-840b18da9cea | ITER: 34 START
2020-01-16 15:44:36.839 2294 WARNING rally_openstack.scenarios.neutron.utils [-] Running this scenario without either the 'network' or 'existing_network' context is deprecated
2020-01-16 15:44:36.863 2318 RALLYDEBUG rally_openstack.wrappers.network [-] CIDR generated: 1.1.5.72/30
2020-01-16 15:44:37.120 2277 INFO rally.task.runner [-] Task 37cf64c4-4c8f-4fb8-bd71-840b18da9cea | ITER: 6 END: OK
2020-01-16 15:44:37.126 2277 INFO rally.task.runner [-] Task 37cf64c4-4c8f-4fb8-bd71-840b18da9cea | ITER: 35 START
2020-01-16 15:44:37.126 2277 WARNING rally_openstack.scenarios.neutron.utils [-] Running this scenario without either the 'network' or 'existing_network' context is deprecated
2020-01-16 15:44:37.191 2282 RALLYDEBUG rally_openstack.wrappers.network [-] CIDR generated: 1.1.5.76/30
2020-01-16 15:44:37.249 2286 INFO rally.task.runner [-] Task 37cf64c4-4c8f-4fb8-bd71-840b18da9cea | ITER: 9 END: OK
2020-01-16 15:44:37.254 2286 INFO rally.task.runner [-] Task 37cf64c4-4c8f-4fb8-bd71-840b18da9cea | ITER: 36 START
2020-01-16 15:44:37.254 2286 WARNING rally_openstack.scenarios.neutron.utils [-] Running this scenario without either the 'network' or 'existing_network' context is deprecated
2020-01-16 15:44:37.288 2294 RALLYDEBUG rally_openstack.wrappers.network [-] CIDR generated: 1.1.5.80/30
2020-01-16 15:44:37.822 2314 RALLYDEBUG rally_openstack.wrappers.network [-] CIDR generated: 1.1.5.84/30
2020-01-16 15:44:37.873 2279 RALLYDEBUG rally_openstack.wrappers.network [-] CIDR generated: 1.1.5.88/30
2020-01-16 15:44:37.915 2270 INFO rally.task.runner [-] Task 37cf64c4-4c8f-4fb8-bd71-840b18da9cea | ITER: 2 END: OK
2020-01-16 15:44:37.920 2270 INFO rally.task.runner [-] Task 37cf64c4-4c8f-4fb8-bd71-840b18da9cea | ITER: 37 START
2020-01-16 15:44:37.921 2270 WARNING rally_openstack.scenarios.neutron.utils [-] Running this scenario without either the 'network' or 'existing_network' context is deprecated
2020-01-16 15:44:38.044 2300 RALLYDEBUG rally_openstack.wrappers.network [-] CIDR generated: 1.1.5.92/30
2020-01-16 15:44:38.088 2277 RALLYDEBUG rally_openstack.wrappers.network [-] CIDR generated: 1.1.5.96/30
2020-01-16 15:44:38.097 2307 INFO rally.task.runner [-] Task 37cf64c4-4c8f-4fb8-bd71-840b18da9cea | ITER: 16 END: OK
2020-01-16 15:44:38.102 2307 INFO rally.task.runner [-] Task 37cf64c4-4c8f-4fb8-bd71-840b18da9cea | ITER: 38 START
2020-01-16 15:44:38.103 2307 WARNING rally_openstack.scenarios.neutron.utils [-] Running this scenario without either the 'network' or 'existing_network' context is deprecated
2020-01-16 15:44:38.134 2269 RALLYDEBUG rally_openstack.wrappers.network [-] CIDR generated: 1.1.5.100/30
2020-01-16 15:44:38.138 2275 RALLYDEBUG rally_openstack.wrappers.network [-] CIDR generated: 1.1.5.104/30
2020-01-16 15:44:38.145 2312 INFO rally.task.runner [-] Task 37cf64c4-4c8f-4fb8-bd71-840b18da9cea | ITER: 17 END: OK
2020-01-16 15:44:38.150 2312 INFO rally.task.runner [-] Task 37cf64c4-4c8f-4fb8-bd71-840b18da9cea | ITER: 39 START
2020-01-16 15:44:38.151 2312 WARNING rally_openstack.scenarios.neutron.utils [-] Running this scenario without either the 'network' or 'existing_network' context is deprecated
2020-01-16 15:44:38.248 2298 INFO rally.task.runner [-] Task 37cf64c4-4c8f-4fb8-bd71-840b18da9cea | ITER: 13 END: OK
2020-01-16 15:44:38.252 2298 INFO rally.task.runner [-] Task 37cf64c4-4c8f-4fb8-bd71-840b18da9cea | ITER: 40 START
2020-01-16 15:44:38.253 2298 WARNING rally_openstack.scenarios.neutron.utils [-] Running this scenario without either the 'network' or 'existing_network' context is deprecated
2020-01-16 15:44:38.259 2286 RALLYDEBUG rally_openstack.wrappers.network [-] CIDR generated: 1.1.5.108/30
2020-01-16 15:44:38.384 2294 RALLYDEBUG rally_openstack.wrappers.network [-] CIDR generated: 1.1.5.112/30
2020-01-16 15:44:38.482 2272 RALLYDEBUG rally_openstack.wrappers.network [-] CIDR generated: 1.1.5.116/30
2020-01-16 15:44:38.849 2312 RALLYDEBUG rally_openstack.wrappers.network [-] CIDR generated: 1.1.5.120/30
2020-01-16 15:44:38.851 2307 RALLYDEBUG rally_openstack.wrappers.network [-] CIDR generated: 1.1.5.124/30
2020-01-16 15:44:38.933 2298 RALLYDEBUG rally_openstack.wrappers.network [-] CIDR generated: 1.1.5.128/30
2020-01-16 15:44:39.955 2315 INFO rally.task.runner [-] Task 37cf64c4-4c8f-4fb8-bd71-840b18da9cea | ITER: 28 END: OK
2020-01-16 15:44:40.022 2307 RALLYDEBUG rally_openstack.wrappers.network [-] CIDR generated: 1.1.5.132/30
2020-01-16 15:44:40.038 2312 RALLYDEBUG rally_openstack.wrappers.network [-] CIDR generated: 1.1.5.136/30
2020-01-16 15:44:40.074 2298 RALLYDEBUG rally_openstack.wrappers.network [-] CIDR generated: 1.1.5.140/30
2020-01-16 15:44:40.268 2279 INFO rally.task.runner [-] Task 37cf64c4-4c8f-4fb8-bd71-840b18da9cea | ITER: 25 END: OK
2020-01-16 15:44:40.489 2270 RALLYDEBUG rally_openstack.wrappers.network [-] CIDR generated: 1.1.5.144/30
2020-01-16 15:44:41.183 2277 RALLYDEBUG rally_openstack.wrappers.network [-] CIDR generated: 1.1.5.148/30
2020-01-16 15:44:41.958 2286 RALLYDEBUG rally_openstack.wrappers.network [-] CIDR generated: 1.1.5.152/30
2020-01-16 15:44:42.036 2271 INFO rally.task.runner [-] Task 37cf64c4-4c8f-4fb8-bd71-840b18da9cea | ITER: 22 END: OK
2020-01-16 15:44:42.349 2269 INFO rally.task.runner [-] Task 37cf64c4-4c8f-4fb8-bd71-840b18da9cea | ITER: 23 END: OK
2020-01-16 15:44:43.322 2270 RALLYDEBUG rally_openstack.wrappers.network [-] CIDR generated: 1.1.5.156/30
2020-01-16 15:44:43.563 2288 INFO rally.task.runner [-] Task 37cf64c4-4c8f-4fb8-bd71-840b18da9cea | ITER: 21 END: OK
2020-01-16 15:44:43.787 2282 INFO rally.task.runner [-] Task 37cf64c4-4c8f-4fb8-bd71-840b18da9cea | ITER: 31 END: OK
2020-01-16 15:44:43.887 2298 INFO rally.task.runner [-] Task 37cf64c4-4c8f-4fb8-bd71-840b18da9cea | ITER: 40 END: OK
2020-01-16 15:44:43.890 2312 INFO rally.task.runner [-] Task 37cf64c4-4c8f-4fb8-bd71-840b18da9cea | ITER: 39 END: OK
2020-01-16 15:44:45.005 2318 INFO rally.task.runner [-] Task 37cf64c4-4c8f-4fb8-bd71-840b18da9cea | ITER: 24 END: OK
2020-01-16 15:44:45.094 2292 INFO rally.task.runner [-] Task 37cf64c4-4c8f-4fb8-bd71-840b18da9cea | ITER: 26 END: OK
2020-01-16 15:44:45.213 2300 INFO rally.task.runner [-] Task 37cf64c4-4c8f-4fb8-bd71-840b18da9cea | ITER: 30 END: OK
2020-01-16 15:44:45.213 2275 INFO rally.task.runner [-] Task 37cf64c4-4c8f-4fb8-bd71-840b18da9cea | ITER: 32 END: OK
2020-01-16 15:44:45.506 2304 INFO rally.task.runner [-] Task 37cf64c4-4c8f-4fb8-bd71-840b18da9cea | ITER: 27 END: OK
2020-01-16 15:44:46.140 2314 INFO rally.task.runner [-] Task 37cf64c4-4c8f-4fb8-bd71-840b18da9cea | ITER: 29 END: OK
2020-01-16 15:44:46.367 2294 INFO rally.task.runner [-] Task 37cf64c4-4c8f-4fb8-bd71-840b18da9cea | ITER: 34 END: OK
2020-01-16 15:44:46.551 2270 INFO rally.task.runner [-] Task 37cf64c4-4c8f-4fb8-bd71-840b18da9cea | ITER: 37 END: OK
2020-01-16 15:44:46.791 2286 INFO rally.task.runner [-] Task 37cf64c4-4c8f-4fb8-bd71-840b18da9cea | ITER: 36 END: OK
2020-01-16 15:44:47.059 2277 INFO rally.task.runner [-] Task 37cf64c4-4c8f-4fb8-bd71-840b18da9cea | ITER: 35 END: OK
2020-01-16 15:44:47.329 2307 INFO rally.task.runner [-] Task 37cf64c4-4c8f-4fb8-bd71-840b18da9cea | ITER: 38 END: OK
2020-01-16 15:44:47.883 2272 INFO rally.task.runner [-] Task 37cf64c4-4c8f-4fb8-bd71-840b18da9cea | ITER: 33 END: OK
2020-01-16 15:44:47.912 15 INFO rally.task.context [-] Task 37cf64c4-4c8f-4fb8-bd71-840b18da9cea | Context cleanup@openstack cleanup() started
2020-01-16 15:44:47.915 15 RALLYDEBUG rally_openstack.cleanup.manager [-] Cleaning up neutron vip objects
2020-01-16 15:44:48.107 15 RALLYDEBUG rally_openstack.cleanup.manager [-] Cleaning up neutron health_monitor objects
2020-01-16 15:44:48.300 15 RALLYDEBUG rally_openstack.cleanup.manager [-] Cleaning up neutron pool objects
2020-01-16 15:44:48.476 15 RALLYDEBUG rally_openstack.cleanup.manager [-] Cleaning up neutron loadbalancer objects
2020-01-16 15:44:48.666 15 RALLYDEBUG rally_openstack.cleanup.manager [-] Cleaning up neutron floatingip objects
2020-01-16 15:44:48.863 15 RALLYDEBUG rally_openstack.cleanup.manager [-] Cleaning up neutron trunk objects
2020-01-16 15:44:49.071 15 DEBUG neutronclient.v2_0.client [-] Error message: {"message": "The resource could not be found.

\n\n\n", "code": "404 Not Found", "title": "Not Found"} _handle_fault_response /usr/lib/python2.7/site-packages/neutronclient/v2_0/client.py:259
2020-01-16 15:44:49.080 15 RALLYDEBUG rally_openstack.cleanup.manager [-] Cleaning up neutron port objects
2020-01-16 15:44:49.669 15 RALLYDEBUG rally_openstack.cleanup.manager [-] Cleaning up neutron subnet objects
2020-01-16 15:44:49.918 15 RALLYDEBUG rally_openstack.cleanup.manager [-] Cleaning up neutron network objects
2020-01-16 15:44:50.369 15 RALLYDEBUG rally_openstack.cleanup.manager [-] Deleting neutron.network object s_rally_6033ae0b_uC6lGXUP (090147f4-d713-46c2-936f-2583108d5d3e)
2020-01-16 15:44:50.376 15 RALLYDEBUG rally_openstack.cleanup.manager [-] Deleting neutron.network object s_rally_6033ae0b_YwMyaqwm (0d803365-d907-4225-bf32-0332140a88c9)
2020-01-16 15:44:50.389 15 RALLYDEBUG rally_openstack.cleanup.manager [-] Deleting neutron.network object s_rally_6033ae0b_0U86ocN2 (15aa4a2d-cb7d-411a-b270-026f75a3a0c8)
2020-01-16 15:44:50.397 15 RALLYDEBUG rally_openstack.cleanup.manager [-] Deleting neutron.network object s_rally_6033ae0b_D1tvxslC (18e1fec7-ff09-4fd0-99ab-9876b6ee2d67)
2020-01-16 15:44:50.409 15 RALLYDEBUG rally_openstack.cleanup.manager [-] Deleting neutron.network object s_rally_6033ae0b_3YwWr5vF (1ebcc95b-f16f-4a69-b4a9-05ea1389b7f6)
2020-01-16 15:44:50.417 15 RALLYDEBUG rally_openstack.cleanup.manager [-] Deleting neutron.network object s_rally_6033ae0b_JtQ4T3nF (1f4a8fc3-ec55-4bfe-bae0-cc04d9f49795)
2020-01-16 15:44:50.432 15 RALLYDEBUG rally_openstack.cleanup.manager [-] Deleting neutron.network object s_rally_6033ae0b_PvzNZ40i (36c19382-3ae4-4435-9002-62139fe74d25)
2020-01-16 15:44:50.447 15 RALLYDEBUG rally_openstack.cleanup.manager [-] Deleting neutron.network object s_rally_6033ae0b_zcbdnw8O (250e5263-65d5-46a5-b40f-dd5e4b33da6e)
2020-01-16 15:44:50.462 15 RALLYDEBUG rally_openstack.cleanup.manager [-] Deleting neutron.network object s_rally_6033ae0b_CdZv4yQm (38525fd0-1df6-4968-afab-1dd7125b6f08)
2020-01-16 15:44:50.493 15 RALLYDEBUG rally_openstack.cleanup.manager [-] Deleting neutron.network object s_rally_6033ae0b_iDb4vC2F (43736336-14ef-4c9f-9fdb-51bc768f6a71)
2020-01-16 15:44:50.502 15 RALLYDEBUG rally_openstack.cleanup.manager [-] Deleting neutron.network object s_rally_6033ae0b_a1Mcx1H4 (3eea2888-3509-474e-8d61-56fa74ba0d65)
2020-01-16 15:44:50.510 15 RALLYDEBUG rally_openstack.cleanup.manager [-] Deleting neutron.network object s_rally_6033ae0b_2SABVcqC (4789a685-0a0d-465b-a919-65e44ea41128)
2020-01-16 15:44:50.518 15 RALLYDEBUG rally_openstack.cleanup.manager [-] Deleting neutron.network object s_rally_6033ae0b_nydEYMqj (389a9a41-4abc-4cde-b6cc-98a3c4dc3ba4)
2020-01-16 15:44:50.529 15 RALLYDEBUG rally_openstack.cleanup.manager [-] Deleting neutron.network object s_rally_6033ae0b_mICYXx2P (482f772e-a5c7-4a6f-be3a-3e6dfefb4d48)
2020-01-16 15:44:50.560 15 RALLYDEBUG rally_openstack.cleanup.manager [-] Deleting neutron.network object s_rally_6033ae0b_YHdZ3lmd (4d108e0c-704f-41c3-b7cd-4c97c1e491d3)
2020-01-16 15:44:50.574 15 RALLYDEBUG rally_openstack.cleanup.manager [-] Deleting neutron.network object s_rally_6033ae0b_BcgQBhYm (60d75366-60bb-41d4-8b02-b82732334502)
2020-01-16 15:44:50.580 15 RALLYDEBUG rally_openstack.cleanup.manager [-] Deleting neutron.network object s_rally_6033ae0b_ZdXshInf (5ebdf68c-c324-4562-829c-448661fafd29)
2020-01-16 15:44:50.598 15 RALLYDEBUG rally_openstack.cleanup.manager [-] Deleting neutron.network object s_rally_6033ae0b_NJbwKFkX (61484d0c-0fee-4980-bde1-c488d5d8cfb7)
2020-01-16 15:44:50.603 15 RALLYDEBUG rally_openstack.cleanup.manager [-] Deleting neutron.network object s_rally_6033ae0b_bR5dMuww (4dc5444b-475d-4976-836b-d827f274fa03)
2020-01-16 15:44:50.636 15 RALLYDEBUG rally_openstack.cleanup.manager [-] Deleting neutron.network object s_rally_6033ae0b_NO0NTf3P (677d6b50-1b1e-4157-9b73-7fab52d06c89)
2020-01-16 15:44:52.532 15 RALLYDEBUG rally_openstack.cleanup.manager [-] Deleting neutron.network object s_rally_6033ae0b_nHxX8Jtx (6b6bdac8-7259-4d94-8925-8d22fd2a0fbb)
2020-01-16 15:44:53.083 15 RALLYDEBUG rally_openstack.cleanup.manager [-] Deleting neutron.network object s_rally_6033ae0b_NTKUqe2a (74fb065e-f628-44a2-be78-947b26056191)
2020-01-16 15:44:53.383 15 RALLYDEBUG rally_openstack.cleanup.manager [-] Deleting neutron.network object s_rally_6033ae0b_fi1dhyKe (87b16dd1-22b6-49a6-b1a9-7d3e3a40064d)
2020-01-16 15:44:53.406 15 RALLYDEBUG rally_openstack.cleanup.manager [-] Deleting neutron.network object s_rally_6033ae0b_d2IfQsJp (89013bcf-ad16-4b1d-957a-f3ae7e7d8525)
2020-01-16 15:44:53.838 15 RALLYDEBUG rally_openstack.cleanup.manager [-] Deleting neutron.network object s_rally_6033ae0b_N4HnMnUw (8971f08e-ba2f-442e-8ab3-d3584cf5d9f7)
2020-01-16 15:44:53.942 15 RALLYDEBUG rally_openstack.cleanup.manager [-] Deleting neutron.network object s_rally_6033ae0b_592FUglp (8c4e621e-3e38-494d-9cc3-52c8fc1e450a)
2020-01-16 15:44:53.949 15 RALLYDEBUG rally_openstack.cleanup.manager [-] Deleting neutron.network object s_rally_6033ae0b_WpVa9qHO (937c58fc-96f9-4d64-b32b-7e2cf09bd48c)
2020-01-16 15:44:54.205 15 RALLYDEBUG rally_openstack.cleanup.manager [-] Deleting neutron.network object s_rally_6033ae0b_sWim4hRN (9a7b9e23-3d96-4869-b335-9537f0ddd8fe)
2020-01-16 15:44:54.226 15 RALLYDEBUG rally_openstack.cleanup.manager [-] Deleting neutron.network object s_rally_6033ae0b_mBfjPTQF (a589a325-f66e-4d91-ba86-9503b2f1f944)
2020-01-16 15:44:54.376 15 RALLYDEBUG rally_openstack.cleanup.manager [-] Deleting neutron.network object s_rally_6033ae0b_IhglZMPu (a815fc9c-02f5-46e0-b107-e0de7cb3e907)
2020-01-16 15:44:54.566 15 RALLYDEBUG rally_openstack.cleanup.manager [-] Deleting neutron.network object s_rally_6033ae0b_BLpo4KZh (a8708352-3629-42b3-baf8-586df22c803f)
2020-01-16 15:44:54.644 15 RALLYDEBUG rally_openstack.cleanup.manager [-] Deleting neutron.network object s_rally_6033ae0b_09dIdFRF (b47ff179-8f8f-4a35-bbff-3a378ae3b801)
2020-01-16 15:44:54.892 15 RALLYDEBUG rally_openstack.cleanup.manager [-] Deleting neutron.network object s_rally_6033ae0b_J1EZovdR (ba48e1cb-4191-432e-909c-921114638a70)
2020-01-16 15:44:54.998 15 RALLYDEBUG rally_openstack.cleanup.manager [-] Deleting neutron.network object s_rally_6033ae0b_wd7g6mu1 (d3e6b6c5-3bd3-4311-96f0-df1388ac92a2)
2020-01-16 15:44:55.173 15 RALLYDEBUG rally_openstack.cleanup.manager [-] Deleting neutron.network object s_rally_6033ae0b_cbkloQJb (d6fe2d01-22b8-4d5f-9e26-b7004ecae086)
2020-01-16 15:44:55.496 15 RALLYDEBUG rally_openstack.cleanup.manager [-] Deleting neutron.network object s_rally_6033ae0b_VOjNHble (d9102bfc-f630-47f8-a4d8-304b86775c22)
2020-01-16 15:44:55.588 15 RALLYDEBUG rally_openstack.cleanup.manager [-] Deleting neutron.network object s_rally_6033ae0b_rBv6Oj2z (e1ce8f50-19b6-43fe-91b5-fb424ecc375e)
2020-01-16 15:44:55.722 15 RALLYDEBUG rally_openstack.cleanup.manager [-] Deleting neutron.network object s_rally_6033ae0b_S6EG6itv (e4e4b9be-f7ca-43a4-b190-fe9aac48112f)
2020-01-16 15:44:56.188 15 RALLYDEBUG rally_openstack.cleanup.manager [-] Deleting neutron.network object s_rally_6033ae0b_UEkjzsRV (ecc61d0c-13a8-4fcc-b94c-1d0c0819dfbf)
2020-01-16 15:44:56.273 15 RALLYDEBUG rally_openstack.cleanup.manager [-] Deleting neutron.network object s_rally_6033ae0b_GvYlHH8J (fac88ee6-8db9-41de-8ee3-720ee1d26afc)
2020-01-16 15:45:43.870 15 ERROR rally_openstack.osclients [-] Unable to authenticate for user c_rally_6033ae0b_2boexIfe in project c_rally_6033ae0b_azNPaXzX: BadGateway: Bad Gateway (HTTP 502)
2020-01-16 15:45:43.870 15 ERROR rally_openstack.osclients
Traceback (most recent call last):
2020-01-16 15:45:43.870 15 ERROR rally_openstack.osclients
File "/usr/lib/python2.7/site-packages/rally_openstack/osclients.py", line 273, in auth_ref
2020-01-16 15:45:43.870 15 ERROR rally_openstack.osclients self.cache["keystone_auth_ref"] = plugin.get_access(sess)
2020-01-16 15:45:43.870 15 ERROR rally_openstack.osclients
File "/usr/lib/python2.7/site-packages/keystoneauth1/identity/base.py", line 134, in get_access
2020-01-16 15:45:43.870 15 ERROR rally_openstack.osclients self.auth_ref = self.get_auth_ref(session)
2020-01-16 15:45:43.870 15 ERROR rally_openstack.osclients
File "/usr/lib/python2.7/site-packages/keystoneauth1/identity/generic/base.py", line 208, in get_auth_ref
2020-01-16 15:45:43.870 15 ERROR rally_openstack.osclients return self._plugin.get_auth_ref(session, **kwargs)
2020-01-16 15:45:43.870 15 ERROR rally_openstack.osclients
File "/usr/lib/python2.7/site-packages/keystoneauth1/identity/v3/base.py", line 178, in get_auth_ref
2020-01-16 15:45:43.870 15 ERROR rally_openstack.osclients authenticated=False, log=False, **rkwargs)
2020-01-16 15:45:43.870 15 ERROR rally_openstack.osclients
File "/usr/lib/python2.7/site-packages/keystoneauth1/session.py", line 1019, in post
2020-01-16 15:45:43.870 15 ERROR rally_openstack.osclients return self.request(url, 'POST', **kwargs)
2020-01-16 15:45:43.870 15 ERROR rally_openstack.osclients
File "/usr/lib/python2.7/site-packages/keystoneauth1/session.py", line 869, in request
2020-01-16 15:45:43.870 15 ERROR rally_openstack.osclients raise exceptions.from_response(resp, method, url)
2020-01-16 15:45:43.870 15 ERROR rally_openstack.osclients BadGateway: Bad Gateway (HTTP 502)
2020-01-16 15:45:43.870 15 ERROR rally_openstack.osclients
2020-01-16 15:45:43.871 15 ERROR rally_openstack.osclients [-] Unable to authenticate for user c_rally_6033ae0b_2boexIfe in project c_rally_6033ae0b_azNPaXzX: BadGateway: Bad Gateway (HTTP 502)
2020-01-16 15:45:43.871 15 ERROR rally_openstack.osclients
Traceback (most recent call last):
2020-01-16 15:45:43.871 15 ERROR rally_openstack.osclients
File "/usr/lib/python2.7/site-packages/rally_openstack/osclients.py", line 273, in auth_ref
2020-01-16 15:45:43.871 15 ERROR rally_openstack.osclients self.cache["keystone_auth_ref"] = plugin.get_access(sess)
2020-01-16 15:45:43.871 15 ERROR rally_openstack.osclients
File "/usr/lib/python2.7/site-packages/keystoneauth1/identity/base.py", line 134, in get_access
2020-01-16 15:45:43.871 15 ERROR rally_openstack.osclients self.auth_ref = self.get_auth_ref(session)
2020-01-16 15:45:43.871 15 ERROR rally_openstack.osclients
File "/usr/lib/python2.7/site-packages/keystoneauth1/identity/generic/base.py", line 208, in get_auth_ref
2020-01-16 15:45:43.871 15 ERROR rally_openstack.osclients return self._plugin.get_auth_ref(session, **kwargs)
2020-01-16 15:45:43.871 15 ERROR rally_openstack.osclients
File "/usr/lib/python2.7/site-packages/keystoneauth1/identity/v3/base.py", line 178, in get_auth_ref
2020-01-16 15:45:43.871 15 ERROR rally_openstack.osclients authenticated=False, log=False, **rkwargs)
2020-01-16 15:45:43.871 15 ERROR rally_openstack.osclients
File "/usr/lib/python2.7/site-packages/keystoneauth1/session.py", line 1019, in post
2020-01-16 15:45:43.871 15 ERROR rally_openstack.osclients return self.request(url, 'POST', **kwargs)
2020-01-16 15:45:43.871 15 ERROR rally_openstack.osclients
File "/usr/lib/python2.7/site-packages/keystoneauth1/session.py", line 869, in request
2020-01-16 15:45:43.871 15 ERROR rally_openstack.osclients raise exceptions.from_response(resp, method, url)
2020-01-16 15:45:43.871 15 ERROR rally_openstack.osclients BadGateway: Bad Gateway (HTTP 502)
2020-01-16 15:45:43.871 15 ERROR rally_openstack.osclients
2020-01-16 15:45:46.868 15 RALLYDEBUG rally_openstack.cleanup.manager [-] Cleaning up neutron router objects
2020-01-16 15:45:47.102 15 RALLYDEBUG rally_openstack.cleanup.manager [-] Cleaning up neutron security_group objects
2020-01-16 15:45:47.385 15 INFO rally.task.context [-] Task 37cf64c4-4c8f-4fb8-bd71-840b18da9cea | Context cleanup@openstack cleanup() finished in 59.47 sec
2020-01-16 15:45:47.387 15 INFO rally.task.context [-] Task 37cf64c4-4c8f-4fb8-bd71-840b18da9cea | Context quotas@openstack cleanup() started
2020-01-16 15:45:47.434 15 INFO rally.task.context [-] Task 37cf64c4-4c8f-4fb8-bd71-840b18da9cea | Context quotas@openstack cleanup() finished in 46.94 msec
2020-01-16 15:45:47.434 15 INFO rally.task.context [-] Task 37cf64c4-4c8f-4fb8-bd71-840b18da9cea | Context users@openstack cleanup() started
2020-01-16 15:45:48.727 15 INFO rally.task.context [-] Task 37cf64c4-4c8f-4fb8-bd71-840b18da9cea | Context users@openstack cleanup() finished in 1.29 sec
2020-01-16 15:45:49.483 15 INFO rally.task.engine [-] Load duration is: 23.581017
2020-01-16 15:45:49.483 15 INFO rally.task.engine [-] Full runner duration is: 23.632595
2020-01-16 15:45:49.484 15 INFO rally.task.engine [-] Full duration is: 85.578192
2020-01-16 15:45:49.591 15 INFO rally.task.engine [-] Running workload: position = 0 config = { "version": 2, "title": "A cropped version of a bigger task.", "description": "Auto-generated task from a single workload (uuid=8583b835-a7e0-4ebd-a26f-7816247c1c2e)", "subtasks": [ { "title": "NeutronNetworks.create_and_list_routers", "description": "Create and a given number of routers and list all routers.", "scenario": { "NeutronNetworks.create_and_list_routers": { "network_create_args": null, "subnet_create_args": null, "subnet_cidr_start": "1.1.0.0/30", "subnets_per_network": 2, "router_create_args": null } }, "contexts": { "users": { "tenants": 1, "users_per_tenant": 1 }, "quotas": { "neutron": { "network": -1, "subnet": -1, "router": -1 } } }, "runner": { "constant": { "times": 40, "concurrency": 20 } }, "hooks": [], "sla": { "failure_rate": { "max": 0 } } } ] }
2020-01-16 15:45:49.607 15 RALLYDEBUG rally_openstack.contexts.keystone.users [-] Creating 1 tenants using 20 threads
2020-01-16 15:45:49.981 15 RALLYDEBUG rally_openstack.contexts.keystone.users [-] Creating 1 users using 20 threads
2020-01-16 15:45:50.409 15 INFO rally.task.context [-] Task 37cf64c4-4c8f-4fb8-bd71-840b18da9cea | Context users@openstack setup() finished in 0.80 sec
2020-01-16 15:45:50.742 15 INFO rally.task.context [-] Task 37cf64c4-4c8f-4fb8-bd71-840b18da9cea | Context quotas@openstack setup() finished in 0.33 sec
2020-01-16 15:45:50.743 15 INFO rally.task.context [-] Task 37cf64c4-4c8f-4fb8-bd71-840b18da9cea | Context cleanup@openstack setup() finished in 0.12 msec
2020-01-16 15:45:50.753 15 RALLYDEBUG rally.task.runner [-] Starting the constant runner (task UUID: 37cf64c4-4c8f-4fb8-bd71-840b18da9cea). timeout: 0 concurrency: 20 concurrency_per_worker: 1 times: 40 concurrency_overhead: 0 processes_to_start: 20 max_cpu_used: 88
2020-01-16 15:45:50.769 2671 RALLYDEBUG rally.task.runner [-] Starting a worker. concurrency: 1 args: {"network_create_args": null, "subnet_create_args": null, "subnet_cidr_start": "1.1.0.0/30", "subnets_per_network": 2, "router_create_args": null} times: 40 method_name: run timeout: 0 duration: None cls:
2020-01-16 15:45:50.771 2672 RALLYDEBUG rally.task.runner [-] Starting a worker. concurrency: 1 args: {"network_create_args": null, "subnet_create_args": null, "subnet_cidr_start": "1.1.0.0/30", "subnets_per_network": 2, "router_create_args": null} times: 40 method_name: run timeout: 0 duration: None cls:
2020-01-16 15:45:50.774 2673 RALLYDEBUG rally.task.runner [-] Starting a worker. concurrency: 1 args: {"network_create_args": null, "subnet_create_args": null, "subnet_cidr_start": "1.1.0.0/30", "subnets_per_network": 2, "router_create_args": null} times: 40 method_name: run timeout: 0 duration: None cls:
2020-01-16 15:45:50.775 2671 INFO rally.task.runner [-] Task 37cf64c4-4c8f-4fb8-bd71-840b18da9cea | ITER: 1 START
2020-01-16 15:45:50.777 2674 RALLYDEBUG rally.task.runner [-] Starting a worker. concurrency: 1 args: {"network_create_args": null, "subnet_create_args": null, "subnet_cidr_start": "1.1.0.0/30", "subnets_per_network": 2, "router_create_args": null} times: 40 method_name: run timeout: 0 duration: None cls:
2020-01-16 15:45:50.778 2672 INFO rally.task.runner [-] Task 37cf64c4-4c8f-4fb8-bd71-840b18da9cea | ITER: 2 START
2020-01-16 15:45:50.779 2675 RALLYDEBUG rally.task.runner [-] Starting a worker. concurrency: 1 args: {"network_create_args": null, "subnet_create_args": null, "subnet_cidr_start": "1.1.0.0/30", "subnets_per_network": 2, "router_create_args": null} times: 40 method_name: run timeout: 0 duration: None cls:
2020-01-16 15:45:50.780 2673 INFO rally.task.runner [-] Task 37cf64c4-4c8f-4fb8-bd71-840b18da9cea | ITER: 3 START
2020-01-16 15:45:50.783 2674 INFO rally.task.runner [-] Task 37cf64c4-4c8f-4fb8-bd71-840b18da9cea | ITER: 4 START
2020-01-16 15:45:50.783 2678 RALLYDEBUG rally.task.runner [-] Starting a worker. concurrency: 1 args: {"network_create_args": null, "subnet_create_args": null, "subnet_cidr_start": "1.1.0.0/30", "subnets_per_network": 2, "router_create_args": null} times: 40 method_name: run timeout: 0 duration: None cls:
2020-01-16 15:45:50.785 2675 INFO rally.task.runner [-] Task 37cf64c4-4c8f-4fb8-bd71-840b18da9cea | ITER: 5 START
2020-01-16 15:45:50.786 2681 RALLYDEBUG rally.task.runner [-] Starting a worker. concurrency: 1 args: {"network_create_args": null, "subnet_create_args": null, "subnet_cidr_start": "1.1.0.0/30", "subnets_per_network": 2, "router_create_args": null} times: 40 method_name: run timeout: 0 duration: None cls:
2020-01-16 15:45:50.789 2678 INFO rally.task.runner [-] Task 37cf64c4-4c8f-4fb8-bd71-840b18da9cea | ITER: 6 START
2020-01-16 15:45:50.788 2684 RALLYDEBUG rally.task.runner [-] Starting a worker. concurrency: 1 args: {"network_create_args": null, "subnet_create_args": null, "subnet_cidr_start": "1.1.0.0/30", "subnets_per_network": 2, "router_create_args": null} times: 40 method_name: run timeout: 0 duration: None cls:
2020-01-16 15:45:50.790 2687 RALLYDEBUG rally.task.runner [-] Starting a worker. concurrency: 1 args: {"network_create_args": null, "subnet_create_args": null, "subnet_cidr_start": "1.1.0.0/30", "subnets_per_network": 2, "router_create_args": null} times: 40 method_name: run timeout: 0 duration: None cls:
2020-01-16 15:45:50.793 2681 INFO rally.task.runner [-] Task 37cf64c4-4c8f-4fb8-bd71-840b18da9cea | ITER: 7 START
2020-01-16 15:45:50.794 2684 INFO rally.task.runner [-] Task 37cf64c4-4c8f-4fb8-bd71-840b18da9cea | ITER: 8 START
2020-01-16 15:45:50.794 2690 RALLYDEBUG rally.task.runner [-] Starting a worker. concurrency: 1 args: {"network_create_args": null, "subnet_create_args": null, "subnet_cidr_start": "1.1.0.0/30", "subnets_per_network": 2, "router_create_args": null} times: 40 method_name: run timeout: 0 duration: None cls:
2020-01-16 15:45:50.796 2687 INFO rally.task.runner [-] Task 37cf64c4-4c8f-4fb8-bd71-840b18da9cea | ITER: 9 START
2020-01-16 15:45:50.797 2693 RALLYDEBUG rally.task.runner [-] Starting a worker. concurrency: 1 args: {"network_create_args": null, "subnet_create_args": null, "subnet_cidr_start": "1.1.0.0/30", "subnets_per_network": 2, "router_create_args": null} times: 40 method_name: run timeout: 0 duration: None cls:
2020-01-16 15:45:50.800 2696 RALLYDEBUG rally.task.runner [-] Starting a worker. concurrency: 1 args: {"network_create_args": null, "subnet_create_args": null, "subnet_cidr_start": "1.1.0.0/30", "subnets_per_network": 2, "router_create_args": null} times: 40 method_name: run timeout: 0 duration: None cls:
2020-01-16 15:45:50.801 2690 INFO rally.task.runner [-] Task 37cf64c4-4c8f-4fb8-bd71-840b18da9cea | ITER: 10 START
2020-01-16 15:45:50.802 2693 INFO rally.task.runner [-] Task 37cf64c4-4c8f-4fb8-bd71-840b18da9cea | ITER: 11 START
2020-01-16 15:45:50.802 2701 RALLYDEBUG rally.task.runner [-] Starting a worker. concurrency: 1 args: {"network_create_args": null, "subnet_create_args": null, "subnet_cidr_start": "1.1.0.0/30", "subnets_per_network": 2, "router_create_args": null} times: 40 method_name: run timeout: 0 duration: None cls:
2020-01-16 15:45:50.804 2702 RALLYDEBUG rally.task.runner [-] Starting a worker. concurrency: 1 args: {"network_create_args": null, "subnet_create_args": null, "subnet_cidr_start": "1.1.0.0/30", "subnets_per_network": 2, "router_create_args": null} times: 40 method_name: run timeout: 0 duration: None cls:
2020-01-16 15:45:50.805 2696 INFO rally.task.runner [-] Task 37cf64c4-4c8f-4fb8-bd71-840b18da9cea | ITER: 12 START
2020-01-16 15:45:50.808 2702 INFO rally.task.runner [-] Task 37cf64c4-4c8f-4fb8-bd71-840b18da9cea | ITER: 14 START
2020-01-16 15:45:50.807 2705 RALLYDEBUG rally.task.runner [-] Starting a worker. concurrency: 1 args: {"network_create_args": null, "subnet_create_args": null, "subnet_cidr_start": "1.1.0.0/30", "subnets_per_network": 2, "router_create_args": null} times: 40 method_name: run timeout: 0 duration: None cls:
2020-01-16 15:45:50.808 2701 INFO rally.task.runner [-] Task 37cf64c4-4c8f-4fb8-bd71-840b18da9cea | ITER: 13 START
2020-01-16 15:45:50.811 2708 RALLYDEBUG rally.task.runner [-] Starting a worker. concurrency: 1 args: {"network_create_args": null, "subnet_create_args": null, "subnet_cidr_start": "1.1.0.0/30", "subnets_per_network": 2, "router_create_args": null} times: 40 method_name: run timeout: 0 duration: None cls:
2020-01-16 15:45:50.813 2705 INFO rally.task.runner [-] Task 37cf64c4-4c8f-4fb8-bd71-840b18da9cea | ITER: 15 START
2020-01-16 15:45:50.814 2711 RALLYDEBUG rally.task.runner [-] Starting a worker. concurrency: 1 args: {"network_create_args": null, "subnet_create_args": null, "subnet_cidr_start": "1.1.0.0/30", "subnets_per_network": 2, "router_create_args": null} times: 40 method_name: run timeout: 0 duration: None cls:
2020-01-16 15:45:50.816 2716 RALLYDEBUG rally.task.runner [-] Starting a worker. concurrency: 1 args: {"network_create_args": null, "subnet_create_args": null, "subnet_cidr_start": "1.1.0.0/30", "subnets_per_network": 2, "router_create_args": null} times: 40 method_name: run timeout: 0 duration: None cls:
2020-01-16 15:45:50.817 2708 INFO rally.task.runner [-] Task 37cf64c4-4c8f-4fb8-bd71-840b18da9cea | ITER: 16 START
2020-01-16 15:45:50.820 2711 INFO rally.task.runner [-] Task 37cf64c4-4c8f-4fb8-bd71-840b18da9cea | ITER: 17 START
2020-01-16 15:45:50.820 2719 RALLYDEBUG rally.task.runner [-] Starting a worker. concurrency: 1 args: {"network_create_args": null, "subnet_create_args": null, "subnet_cidr_start": "1.1.0.0/30", "subnets_per_network": 2, "router_create_args": null} times: 40 method_name: run timeout: 0 duration: None cls:
2020-01-16 15:45:50.821 2716 INFO rally.task.runner [-] Task 37cf64c4-4c8f-4fb8-bd71-840b18da9cea | ITER: 18 START
2020-01-16 15:45:50.824 2719 INFO rally.task.runner [-] Task 37cf64c4-4c8f-4fb8-bd71-840b18da9cea | ITER: 19 START
2020-01-16 15:45:50.823 2720 RALLYDEBUG rally.task.runner [-] Starting a worker. concurrency: 1 args: {"network_create_args": null, "subnet_create_args": null, "subnet_cidr_start": "1.1.0.0/30", "subnets_per_network": 2, "router_create_args": null} times: 40 method_name: run timeout: 0 duration: None cls:
2020-01-16 15:45:50.829 2720 INFO rally.task.runner [-] Task 37cf64c4-4c8f-4fb8-bd71-840b18da9cea | ITER: 20 START
2020-01-16 15:45:51.462 2687 RALLYDEBUG rally_openstack.wrappers.network [-] CIDR generated: 1.1.5.160/30
2020-01-16 15:45:51.561 2675 RALLYDEBUG rally_openstack.wrappers.network [-] CIDR generated: 1.1.5.164/30
2020-01-16 15:45:51.767 2690 RALLYDEBUG rally_openstack.wrappers.network [-] CIDR generated: 1.1.5.168/30
2020-01-16 15:45:51.813 2684 RALLYDEBUG rally_openstack.wrappers.network [-] CIDR generated: 1.1.5.172/30
2020-01-16 15:45:51.823 2673 RALLYDEBUG rally_openstack.wrappers.network [-] CIDR generated: 1.1.5.176/30
2020-01-16 15:45:51.835 2672 RALLYDEBUG rally_openstack.wrappers.network [-] CIDR generated: 1.1.5.180/30
2020-01-16 15:45:51.838 2671 RALLYDEBUG rally_openstack.wrappers.network [-] CIDR generated: 1.1.5.184/30
2020-01-16 15:45:51.895 2681 RALLYDEBUG rally_openstack.wrappers.network [-] CIDR generated: 1.1.5.188/30
2020-01-16 15:45:52.125 2696 RALLYDEBUG rally_openstack.wrappers.network [-] CIDR generated: 1.1.5.192/30
2020-01-16 15:45:52.199 2701 RALLYDEBUG rally_openstack.wrappers.network [-] CIDR generated: 1.1.5.196/30
2020-01-16 15:45:52.277 2702 RALLYDEBUG rally_openstack.wrappers.network [-] CIDR generated: 1.1.5.200/30
2020-01-16 15:45:52.382 2678 RALLYDEBUG rally_openstack.wrappers.network [-] CIDR generated: 1.1.5.204/30
2020-01-16 15:45:52.382 2711 RALLYDEBUG rally_openstack.wrappers.network [-] CIDR generated: 1.1.5.208/30
2020-01-16 15:45:52.446 2693 RALLYDEBUG rally_openstack.wrappers.network [-] CIDR generated: 1.1.5.212/30
2020-01-16 15:45:52.603 2716 RALLYDEBUG rally_openstack.wrappers.network [-] CIDR generated: 1.1.5.216/30
2020-01-16 15:45:52.653 2674 RALLYDEBUG rally_openstack.wrappers.network [-] CIDR generated: 1.1.5.220/30
2020-01-16 15:45:52.774 2690 RALLYDEBUG rally_openstack.wrappers.network [-] CIDR generated: 1.1.5.224/30
2020-01-16 15:45:52.792 2671 RALLYDEBUG rally_openstack.wrappers.network [-] CIDR generated: 1.1.5.228/30
2020-01-16 15:45:52.894 2720 RALLYDEBUG rally_openstack.wrappers.network [-] CIDR generated: 1.1.5.232/30
2020-01-16 15:45:52.978 2705 RALLYDEBUG rally_openstack.wrappers.network [-] CIDR generated: 1.1.5.236/30
2020-01-16 15:45:53.091 2719 RALLYDEBUG rally_openstack.wrappers.network [-] CIDR generated: 1.1.5.240/30
2020-01-16 15:45:53.253 2687 RALLYDEBUG rally_openstack.wrappers.network [-] CIDR generated: 1.1.5.244/30
2020-01-16 15:45:53.459 2708 RALLYDEBUG rally_openstack.wrappers.network [-] CIDR generated: 1.1.5.248/30
2020-01-16 15:45:53.464 2678 RALLYDEBUG rally_openstack.wrappers.network [-] CIDR generated: 1.1.5.252/30
2020-01-16 15:45:53.631 2696 RALLYDEBUG rally_openstack.wrappers.network [-] CIDR generated: 1.1.6.0/30
2020-01-16 15:45:53.802 2673 RALLYDEBUG rally_openstack.wrappers.network [-] CIDR generated: 1.1.6.4/30
2020-01-16 15:45:53.809 2681 RALLYDEBUG rally_openstack.wrappers.network [-] CIDR generated: 1.1.6.8/30
2020-01-16 15:45:53.855 2701 RALLYDEBUG rally_openstack.wrappers.network [-] CIDR generated: 1.1.6.12/30
2020-01-16 15:45:53.876 2675 RALLYDEBUG rally_openstack.wrappers.network [-] CIDR generated: 1.1.6.16/30
2020-01-16 15:45:53.899 2716 RALLYDEBUG rally_openstack.wrappers.network [-] CIDR generated: 1.1.6.20/30
2020-01-16 15:45:54.072 2705 RALLYDEBUG rally_openstack.wrappers.network [-] CIDR generated: 1.1.6.24/30
2020-01-16 15:45:54.081 2693 RALLYDEBUG rally_openstack.wrappers.network [-] CIDR generated: 1.1.6.28/30
2020-01-16 15:45:54.299 2674 RALLYDEBUG rally_openstack.wrappers.network [-] CIDR generated: 1.1.6.32/30
2020-01-16 15:45:54.322 2672 RALLYDEBUG rally_openstack.wrappers.network [-] CIDR generated: 1.1.6.36/30
2020-01-16 15:45:54.683 2684 RALLYDEBUG rally_openstack.wrappers.network [-] CIDR generated: 1.1.6.40/30
