2020-01-14 15:33:28.953 725 INFO rally.task.engine [-] Load duration is: 11.539088
2020-01-14 15:33:28.953 725 INFO rally.task.engine [-] Full runner duration is: 11.955635
2020-01-14 15:33:28.953 725 INFO rally.task.engine [-] Full duration is: 24.051695
2020-01-14 15:33:29.038 725 INFO rally.task.engine [-] Running workload: position = 0 config = { "version": 2, "title": "A cropped version of a bigger task.", "description": "Auto-generated task from a single workload (uuid=82b76a28-f298-464b-b311-a770806b3707)", "subtasks": [ { "title": "GlanceImages.create_and_download_image", "description": "Create an image, then download data of the image.", "scenario": { "GlanceImages.create_and_download_image": { "container_format": "bare", "disk_format": "qcow2", "image_location": "/home/opnfv/functest/images/cirros-0.4.0-x86_64-disk.img" } }, "contexts": { "users": { "tenants": 3, "users_per_tenant": 2 } }, "runner": { "constant": { "concurrency": 4, "times": 10 } }, "hooks": [], "sla": { "failure_rate": { "max": 0 } } } ] }
2020-01-14 15:33:29.051 725 RALLYDEBUG rally_openstack.contexts.keystone.users [-] Creating 3 tenants using 20 threads
2020-01-14 15:33:29.431 725 RALLYDEBUG rally_openstack.contexts.keystone.users [-] Creating 6 users using 20 threads
2020-01-14 15:33:30.195 725 INFO rally.task.context [-] Task 4c6d0e1b-f3bb-4109-8c51-4b9ca62b760c | Context users@openstack setup() finished in 1.14 sec
2020-01-14 15:33:30.196 725 INFO rally.task.context [-] Task 4c6d0e1b-f3bb-4109-8c51-4b9ca62b760c | Context cleanup@openstack setup() finished in 0.01 msec
2020-01-14 15:33:30.210 725 RALLYDEBUG rally.task.runner [-] Starting the constant runner (task UUID: 4c6d0e1b-f3bb-4109-8c51-4b9ca62b760c). timeout: 0 concurrency: 4 concurrency_per_worker: 1 times: 10 concurrency_overhead: 0 processes_to_start: 4 max_cpu_used: 88
2020-01-14 15:33:30.227 1509 RALLYDEBUG rally.task.runner [-] Starting a worker. concurrency: 1 args: {"container_format": "bare", "disk_format": "qcow2", "image_location": "/home/opnfv/functest/images/cirros-0.4.0-x86_64-disk.img"} times: 10 method_name: run timeout: 0 duration: None cls:
2020-01-14 15:33:30.228 1510 RALLYDEBUG rally.task.runner [-] Starting a worker. concurrency: 1 args: {"container_format": "bare", "disk_format": "qcow2", "image_location": "/home/opnfv/functest/images/cirros-0.4.0-x86_64-disk.img"} times: 10 method_name: run timeout: 0 duration: None cls:
2020-01-14 15:33:30.234 1512 RALLYDEBUG rally.task.runner [-] Starting a worker. concurrency: 1 args: {"container_format": "bare", "disk_format": "qcow2", "image_location": "/home/opnfv/functest/images/cirros-0.4.0-x86_64-disk.img"} times: 10 method_name: run timeout: 0 duration: None cls:
2020-01-14 15:33:30.234 1511 RALLYDEBUG rally.task.runner [-] Starting a worker. concurrency: 1 args: {"container_format": "bare", "disk_format": "qcow2", "image_location": "/home/opnfv/functest/images/cirros-0.4.0-x86_64-disk.img"} times: 10 method_name: run timeout: 0 duration: None cls:
2020-01-14 15:33:30.236 1509 INFO rally.task.runner [-] Task 4c6d0e1b-f3bb-4109-8c51-4b9ca62b760c | ITER: 1 START
2020-01-14 15:33:30.237 1510 INFO rally.task.runner [-] Task 4c6d0e1b-f3bb-4109-8c51-4b9ca62b760c | ITER: 2 START
2020-01-14 15:33:30.242 1512 INFO rally.task.runner [-] Task 4c6d0e1b-f3bb-4109-8c51-4b9ca62b760c | ITER: 3 START
2020-01-14 15:33:30.242 1511 INFO rally.task.runner [-] Task 4c6d0e1b-f3bb-4109-8c51-4b9ca62b760c | ITER: 4 START
2020-01-14 15:33:33.093 1510 RALLYDEBUG rally.task.utils [-] Waiting for resource u'390996ae-2f04-4938-ad8e-4860ccbb2eb2'. Status changed: NONE => QUEUED in 0.075758934021
2020-01-14 15:33:33.225 1511 RALLYDEBUG rally.task.utils [-] Waiting for resource u'960d8ef7-f561-4705-a5c0-f12e9ef35b9b'. Status changed: NONE => QUEUED in 0.0733470916748
2020-01-14 15:33:33.270 1509 RALLYDEBUG rally.task.utils [-] Waiting for resource u'1789252c-e743-4c4e-aae9-e44bc0358bc3'. Status changed: NONE => QUEUED in 0.113451004028
2020-01-14 15:33:33.281 1512 RALLYDEBUG rally.task.utils [-] Waiting for resource u'48be1929-8ac9-476c-9064-93196a31a736'. Status changed: NONE => QUEUED in 0.126274108887
2020-01-14 15:33:34.170 1510 RALLYDEBUG rally.task.utils [-] Waiting for resource s_rally_82b76a28_nEMP6J4I. Status changed: QUEUED => ACTIVE in 0.0344488620758
2020-01-14 15:33:34.358 1509 RALLYDEBUG rally.task.utils [-] Waiting for resource s_rally_82b76a28_ISGYA1qA. Status changed: QUEUED => ACTIVE in 0.0458569526672
2020-01-14 15:33:34.478 1510 INFO rally.task.runner [-] Task 4c6d0e1b-f3bb-4109-8c51-4b9ca62b760c | ITER: 2 END: OK
2020-01-14 15:33:34.483 1510 INFO rally.task.runner [-] Task 4c6d0e1b-f3bb-4109-8c51-4b9ca62b760c | ITER: 5 START
2020-01-14 15:33:34.498 1511 RALLYDEBUG rally.task.utils [-] Waiting for resource s_rally_82b76a28_4f7kHeHQ. Status changed: QUEUED => ACTIVE in 0.0593070983887
2020-01-14 15:33:34.571 1512 RALLYDEBUG rally.task.utils [-] Waiting for resource s_rally_82b76a28_dnym87o7. Status changed: QUEUED => ACTIVE in 0.0491669178009
2020-01-14 15:33:34.732 1509 INFO rally.task.runner [-] Task 4c6d0e1b-f3bb-4109-8c51-4b9ca62b760c | ITER: 1 END: OK
2020-01-14 15:33:34.737 1509 INFO rally.task.runner [-] Task 4c6d0e1b-f3bb-4109-8c51-4b9ca62b760c | ITER: 6 START
2020-01-14 15:33:34.930 1512 INFO rally.task.runner [-] Task 4c6d0e1b-f3bb-4109-8c51-4b9ca62b760c | ITER: 3 END: OK
2020-01-14 15:33:34.934 1512 INFO rally.task.runner [-] Task 4c6d0e1b-f3bb-4109-8c51-4b9ca62b760c | ITER: 7 START
2020-01-14 15:33:34.944 1511 INFO rally.task.runner [-] Task 4c6d0e1b-f3bb-4109-8c51-4b9ca62b760c | ITER: 4 END: OK
2020-01-14 15:33:34.949 1511 INFO rally.task.runner [-] Task 4c6d0e1b-f3bb-4109-8c51-4b9ca62b760c | ITER: 8 START
2020-01-14 15:33:37.106 1510 RALLYDEBUG rally.task.utils [-] Waiting for resource u'af2cd6a5-9649-473a-9941-11d25fa54331'. Status changed: NONE => QUEUED in 0.0783200263977
2020-01-14 15:33:37.257 1509 RALLYDEBUG rally.task.utils [-] Waiting for resource u'9bd8d9ca-f7d5-45e3-8591-d8c38672446c'. Status changed: NONE => QUEUED in 0.0833601951599
2020-01-14 15:33:37.624 1512 RALLYDEBUG rally.task.utils [-] Waiting for resource u'7493d9fe-9dac-4ce2-af2f-85fef320270a'. Status changed: NONE => QUEUED in 0.0964229106903
2020-01-14 15:33:37.630 1511 RALLYDEBUG rally.task.utils [-] Waiting for resource u'1f2350e4-5bfa-4262-bffe-b6a5721b4a96'. Status changed: NONE => QUEUED in 0.087867975235
2020-01-14 15:33:38.016 1510 RALLYDEBUG rally.task.utils [-] Waiting for resource s_rally_82b76a28_wHzVM3j5. Status changed: QUEUED => ACTIVE in 0.035905122757
2020-01-14 15:33:38.275 1509 RALLYDEBUG rally.task.utils [-] Waiting for resource s_rally_82b76a28_r2BgIvsx. Status changed: QUEUED => ACTIVE in 0.0420219898224
2020-01-14 15:33:38.336 1510 INFO rally.task.runner [-] Task 4c6d0e1b-f3bb-4109-8c51-4b9ca62b760c | ITER: 5 END: OK
2020-01-14 15:33:38.340 1510 INFO rally.task.runner [-] Task 4c6d0e1b-f3bb-4109-8c51-4b9ca62b760c | ITER: 9 START
2020-01-14 15:33:38.605 1509 INFO rally.task.runner [-] Task 4c6d0e1b-f3bb-4109-8c51-4b9ca62b760c | ITER: 6 END: OK
2020-01-14 15:33:38.609 1509 INFO rally.task.runner [-] Task 4c6d0e1b-f3bb-4109-8c51-4b9ca62b760c | ITER: 10 START
2020-01-14 15:33:38.818 1512 RALLYDEBUG rally.task.utils [-] Waiting for resource s_rally_82b76a28_3E5EKObk. Status changed: QUEUED => ACTIVE in 0.047257900238
2020-01-14 15:33:38.868 1511 RALLYDEBUG rally.task.utils [-] Waiting for resource s_rally_82b76a28_dzsktct4. Status changed: QUEUED => ACTIVE in 0.0403110980988
2020-01-14 15:33:39.138 1512 INFO rally.task.runner [-] Task 4c6d0e1b-f3bb-4109-8c51-4b9ca62b760c | ITER: 7 END: OK
2020-01-14 15:33:39.224 1511 INFO rally.task.runner [-] Task 4c6d0e1b-f3bb-4109-8c51-4b9ca62b760c | ITER: 8 END: OK
2020-01-14 15:33:40.823 1510 RALLYDEBUG rally.task.utils [-] Waiting for resource u'5fb4ef3d-1e9a-4fb1-a06a-3436eafd3f0c'. Status changed: NONE => QUEUED in 0.0751352310181
2020-01-14 15:33:41.079 1509 RALLYDEBUG rally.task.utils [-] Waiting for resource u'216c5acd-1eaf-4180-8d19-77f0b0a37158'. Status changed: NONE => QUEUED in 0.0866219997406
2020-01-14 15:33:41.845 1510 RALLYDEBUG rally.task.utils [-] Waiting for resource s_rally_82b76a28_uuT7qHvX. Status changed: QUEUED => ACTIVE in 0.0497968196869
2020-01-14 15:33:42.096 1509 RALLYDEBUG rally.task.utils [-] Waiting for resource s_rally_82b76a28_9lfjrzPn. Status changed: QUEUED => ACTIVE in 0.0474369525909
2020-01-14 15:33:42.173 1510 INFO rally.task.runner [-] Task 4c6d0e1b-f3bb-4109-8c51-4b9ca62b760c | ITER: 9 END: OK
2020-01-14 15:33:42.436 1509 INFO rally.task.runner [-] Task 4c6d0e1b-f3bb-4109-8c51-4b9ca62b760c | ITER: 10 END: OK
2020-01-14 15:33:42.462 725 INFO rally.task.context [-] Task 4c6d0e1b-f3bb-4109-8c51-4b9ca62b760c | Context cleanup@openstack cleanup() started
2020-01-14 15:33:42.466 725 RALLYDEBUG rally_openstack.cleanup.manager [-] Cleaning up glance images objects
2020-01-14 15:33:43.632 725 RALLYDEBUG rally_openstack.cleanup.manager [-] Deleting glance.images object s_rally_82b76a28_dzsktct4 (1f2350e4-5bfa-4262-bffe-b6a5721b4a96)
2020-01-14 15:33:43.634 725 RALLYDEBUG rally_openstack.cleanup.manager [-] Deleting glance.images object s_rally_82b76a28_9lfjrzPn (216c5acd-1eaf-4180-8d19-77f0b0a37158)
2020-01-14 15:33:43.635 725 RALLYDEBUG rally_openstack.cleanup.manager [-] Deleting glance.images object s_rally_82b76a28_wHzVM3j5 (af2cd6a5-9649-473a-9941-11d25fa54331)
2020-01-14 15:33:43.638 725 RALLYDEBUG rally_openstack.cleanup.manager [-] Deleting glance.images object s_rally_82b76a28_dnym87o7 (48be1929-8ac9-476c-9064-93196a31a736)
2020-01-14 15:33:43.640 725 RALLYDEBUG rally_openstack.cleanup.manager [-] Deleting glance.images object s_rally_82b76a28_r2BgIvsx (9bd8d9ca-f7d5-45e3-8591-d8c38672446c)
2020-01-14 15:33:43.648 725 RALLYDEBUG rally_openstack.cleanup.manager [-] Deleting glance.images object s_rally_82b76a28_3E5EKObk (7493d9fe-9dac-4ce2-af2f-85fef320270a)
2020-01-14 15:33:43.651 725 RALLYDEBUG rally_openstack.cleanup.manager [-] Deleting glance.images object s_rally_82b76a28_uuT7qHvX (5fb4ef3d-1e9a-4fb1-a06a-3436eafd3f0c)
2020-01-14 15:33:43.652 725 RALLYDEBUG rally_openstack.cleanup.manager [-] Deleting glance.images object s_rally_82b76a28_ISGYA1qA (1789252c-e743-4c4e-aae9-e44bc0358bc3)
2020-01-14 15:33:43.659 725 RALLYDEBUG rally_openstack.cleanup.manager [-] Deleting glance.images object s_rally_82b76a28_nEMP6J4I (390996ae-2f04-4938-ad8e-4860ccbb2eb2)
2020-01-14 15:33:43.672 725 RALLYDEBUG rally_openstack.cleanup.manager [-] Deleting glance.images object s_rally_82b76a28_4f7kHeHQ (960d8ef7-f561-4705-a5c0-f12e9ef35b9b)
2020-01-14 15:33:44.743 725 DEBUG glanceclient.common.http [-] Request returned failure status 404. _handle_response /usr/lib/python2.7/site-packages/glanceclient/common/http.py:125
2020-01-14 15:33:44.810 725 DEBUG glanceclient.common.http [-] Request returned failure status 404. _handle_response /usr/lib/python2.7/site-packages/glanceclient/common/http.py:125
2020-01-14 15:33:44.812 725 DEBUG glanceclient.common.http [-] Request returned failure status 404. _handle_response /usr/lib/python2.7/site-packages/glanceclient/common/http.py:125
2020-01-14 15:33:44.867 725 DEBUG glanceclient.common.http [-] Request returned failure status 404. _handle_response /usr/lib/python2.7/site-packages/glanceclient/common/http.py:125
2020-01-14 15:33:44.909 725 DEBUG glanceclient.common.http [-] Request returned failure status 404. _handle_response /usr/lib/python2.7/site-packages/glanceclient/common/http.py:125
2020-01-14 15:33:44.927 725 DEBUG glanceclient.common.http [-] Request returned failure status 404. _handle_response /usr/lib/python2.7/site-packages/glanceclient/common/http.py:125
2020-01-14 15:33:44.979 725 DEBUG glanceclient.common.http [-] Request returned failure status 404. _handle_response /usr/lib/python2.7/site-packages/glanceclient/common/http.py:125
2020-01-14 15:33:44.982 725 DEBUG glanceclient.common.http [-] Request returned failure status 404. _handle_response /usr/lib/python2.7/site-packages/glanceclient/common/http.py:125
2020-01-14 15:33:45.000 725 DEBUG glanceclient.common.http [-] Request returned failure status 404. _handle_response /usr/lib/python2.7/site-packages/glanceclient/common/http.py:125
2020-01-14 15:33:45.019 725 DEBUG glanceclient.common.http [-] Request returned failure status 404. _handle_response /usr/lib/python2.7/site-packages/glanceclient/common/http.py:125
2020-01-14 15:33:45.025 725 DEBUG glanceclient.common.http [-] Request returned failure status 404. _handle_response /usr/lib/python2.7/site-packages/glanceclient/common/http.py:125
2020-01-14 15:33:45.032 725 DEBUG glanceclient.common.http [-] Request returned failure status 404. _handle_response /usr/lib/python2.7/site-packages/glanceclient/common/http.py:125
2020-01-14 15:33:45.039 725 DEBUG glanceclient.common.http [-] Request returned failure status 404. _handle_response /usr/lib/python2.7/site-packages/glanceclient/common/http.py:125
2020-01-14 15:33:45.051 725 DEBUG glanceclient.common.http [-] Request returned failure status 404. _handle_response /usr/lib/python2.7/site-packages/glanceclient/common/http.py:125
2020-01-14 15:33:45.072 725 DEBUG glanceclient.common.http [-] Request returned failure status 404. _handle_response /usr/lib/python2.7/site-packages/glanceclient/common/http.py:125
2020-01-14 15:33:45.083 725 DEBUG glanceclient.common.http [-] Request returned failure status 404. _handle_response /usr/lib/python2.7/site-packages/glanceclient/common/http.py:125
2020-01-14 15:33:45.084 725 DEBUG glanceclient.common.http [-] Request returned failure status 404. _handle_response /usr/lib/python2.7/site-packages/glanceclient/common/http.py:125
2020-01-14 15:33:45.086 725 DEBUG glanceclient.common.http [-] Request returned failure status 404. _handle_response /usr/lib/python2.7/site-packages/glanceclient/common/http.py:125
2020-01-14 15:33:45.130 725 DEBUG glanceclient.common.http [-] Request returned failure status 404. _handle_response /usr/lib/python2.7/site-packages/glanceclient/common/http.py:125
2020-01-14 15:33:45.141 725 DEBUG glanceclient.common.http [-] Request returned failure status 404. _handle_response /usr/lib/python2.7/site-packages/glanceclient/common/http.py:125
2020-01-14 15:33:46.147 725 INFO rally.task.context [-] Task 4c6d0e1b-f3bb-4109-8c51-4b9ca62b760c | Context cleanup@openstack cleanup() finished in 3.69 sec
2020-01-14 15:33:46.148 725 INFO rally.task.context [-] Task 4c6d0e1b-f3bb-4109-8c51-4b9ca62b760c | Context users@openstack cleanup() started
2020-01-14 15:33:49.505 725 INFO rally.task.context [-] Task 4c6d0e1b-f3bb-4109-8c51-4b9ca62b760c | Context users@openstack cleanup() finished in 3.36 sec
2020-01-14 15:33:51.171 725 INFO rally.task.engine [-] Load duration is: 11.712036
2020-01-14 15:33:51.171 725 INFO rally.task.engine [-] Full runner duration is: 12.254418
2020-01-14 15:33:51.172 725 INFO rally.task.engine [-] Full duration is: 20.45518
2020-01-14 15:33:51.262 725 INFO rally.task.engine [-] Running workload: position = 0 config = { "version": 2, "title": "A cropped version of a bigger task.", "description": "Auto-generated task from a single workload (uuid=b91623cf-b563-4b4b-99c0-f80dfb990d47)", "subtasks": [ { "title": "GlanceImages.create_and_get_image", "description": "Create and get detailed information of an image.", "scenario": { "GlanceImages.create_and_get_image": { "container_format": "bare", "disk_format": "qcow2", "image_location": "/home/opnfv/functest/images/cirros-0.4.0-x86_64-disk.img" } }, "contexts": { "users": { "tenants": 3, "users_per_tenant": 2 } }, "runner": { "constant": { "concurrency": 4, "times": 10 } }, "hooks": [], "sla": { "failure_rate": { "max": 0 } } } ] }
2020-01-14 15:33:51.277 725 RALLYDEBUG rally_openstack.contexts.keystone.users [-] Creating 3 tenants using 20 threads
2020-01-14 15:33:51.724 725 RALLYDEBUG rally_openstack.contexts.keystone.users [-] Creating 6 users using 20 threads
2020-01-14 15:33:52.519 725 INFO rally.task.context [-] Task 4c6d0e1b-f3bb-4109-8c51-4b9ca62b760c | Context users@openstack setup() finished in 1.24 sec
2020-01-14 15:33:52.520 725 INFO rally.task.context [-] Task 4c6d0e1b-f3bb-4109-8c51-4b9ca62b760c | Context cleanup@openstack setup() finished in 0.01 msec
2020-01-14 15:33:52.529 725 RALLYDEBUG rally.task.runner [-] Starting the constant runner (task UUID: 4c6d0e1b-f3bb-4109-8c51-4b9ca62b760c). timeout: 0 concurrency: 4 concurrency_per_worker: 1 times: 10 concurrency_overhead: 0 processes_to_start: 4 max_cpu_used: 88
2020-01-14 15:33:52.542 1633 RALLYDEBUG rally.task.runner [-] Starting a worker. concurrency: 1 args: {"container_format": "bare", "disk_format": "qcow2", "image_location": "/home/opnfv/functest/images/cirros-0.4.0-x86_64-disk.img"} times: 10 method_name: run timeout: 0 duration: None cls:
2020-01-14 15:33:52.544 1634 RALLYDEBUG rally.task.runner [-] Starting a worker. concurrency: 1 args: {"container_format": "bare", "disk_format": "qcow2", "image_location": "/home/opnfv/functest/images/cirros-0.4.0-x86_64-disk.img"} times: 10 method_name: run timeout: 0 duration: None cls:
2020-01-14 15:33:52.546 1635 RALLYDEBUG rally.task.runner [-] Starting a worker. concurrency: 1 args: {"container_format": "bare", "disk_format": "qcow2", "image_location": "/home/opnfv/functest/images/cirros-0.4.0-x86_64-disk.img"} times: 10 method_name: run timeout: 0 duration: None cls:
2020-01-14 15:33:52.549 1633 INFO rally.task.runner [-] Task 4c6d0e1b-f3bb-4109-8c51-4b9ca62b760c | ITER: 1 START
2020-01-14 15:33:52.550 1636 RALLYDEBUG rally.task.runner [-] Starting a worker. concurrency: 1 args: {"container_format": "bare", "disk_format": "qcow2", "image_location": "/home/opnfv/functest/images/cirros-0.4.0-x86_64-disk.img"} times: 10 method_name: run timeout: 0 duration: None cls:
2020-01-14 15:33:52.552 1634 INFO rally.task.runner [-] Task 4c6d0e1b-f3bb-4109-8c51-4b9ca62b760c | ITER: 2 START
2020-01-14 15:33:52.554 1635 INFO rally.task.runner [-] Task 4c6d0e1b-f3bb-4109-8c51-4b9ca62b760c | ITER: 3 START
2020-01-14 15:33:52.557 1636 INFO rally.task.runner [-] Task 4c6d0e1b-f3bb-4109-8c51-4b9ca62b760c | ITER: 4 START
2020-01-14 15:33:55.541 1635 RALLYDEBUG rally.task.utils [-] Waiting for resource u'60126524-ea5f-4b82-b666-3a03b457f194'. Status changed: NONE => QUEUED in 0.081906080246
2020-01-14 15:33:55.611 1633 RALLYDEBUG rally.task.utils [-] Waiting for resource u'8e6dc249-6f75-495f-99e2-95baf6c4d5bc'. Status changed: NONE => QUEUED in 0.101497173309
2020-01-14 15:33:55.662 1634 RALLYDEBUG rally.task.utils [-] Waiting for resource u'd5bc3d4f-71cd-4bca-8a39-6e97b1ca0afd'. Status changed: NONE => QUEUED in 0.104683160782
2020-01-14 15:33:55.664 1636 RALLYDEBUG rally.task.utils [-] Waiting for resource u'752e98ea-2948-4fb7-93d6-d1f9f1ae71f8'. Status changed: NONE => QUEUED in 0.109536170959
2020-01-14 15:33:56.681 1635 RALLYDEBUG rally.task.utils [-] Waiting for resource s_rally_b91623cf_xxvJRI9J. Status changed: QUEUED => ACTIVE in 0.0400071144104
2020-01-14 15:33:56.731 1635 INFO rally.task.runner [-] Task 4c6d0e1b-f3bb-4109-8c51-4b9ca62b760c | ITER: 3 END: OK
2020-01-14 15:33:56.736 1635 INFO rally.task.runner [-] Task 4c6d0e1b-f3bb-4109-8c51-4b9ca62b760c | ITER: 5 START
2020-01-14 15:33:57.023 1633 RALLYDEBUG rally.task.utils [-] Waiting for resource s_rally_b91623cf_KHUizD6F. Status changed: QUEUED => ACTIVE in 0.0673990249634
2020-01-14 15:33:57.069 1633 INFO rally.task.runner [-] Task 4c6d0e1b-f3bb-4109-8c51-4b9ca62b760c | ITER: 1 END: OK
2020-01-14 15:33:57.074 1633 INFO rally.task.runner [-] Task 4c6d0e1b-f3bb-4109-8c51-4b9ca62b760c | ITER: 6 START
2020-01-14 15:33:57.140 1636 RALLYDEBUG rally.task.utils [-] Waiting for resource s_rally_b91623cf_1zt7KZso. Status changed: QUEUED => ACTIVE in 0.05686211586
2020-01-14 15:33:57.163 1634 RALLYDEBUG rally.task.utils [-] Waiting for resource s_rally_b91623cf_qAqmPMVT. Status changed: QUEUED => ACTIVE in 0.0489499568939
2020-01-14 15:33:57.219 1636 INFO rally.task.runner [-] Task 4c6d0e1b-f3bb-4109-8c51-4b9ca62b760c | ITER: 4 END: OK
2020-01-14 15:33:57.224 1636 INFO rally.task.runner [-] Task 4c6d0e1b-f3bb-4109-8c51-4b9ca62b760c | ITER: 7 START
2020-01-14 15:33:57.227 1634 INFO rally.task.runner [-] Task 4c6d0e1b-f3bb-4109-8c51-4b9ca62b760c | ITER: 2 END: OK
2020-01-14 15:33:57.232 1634 INFO rally.task.runner [-] Task 4c6d0e1b-f3bb-4109-8c51-4b9ca62b760c | ITER: 8 START
2020-01-14 15:33:59.349 1635 RALLYDEBUG rally.task.utils [-] Waiting for resource u'277b91a3-40a6-4da0-b554-43c80cb474c8'. Status changed: NONE => QUEUED in 0.0724198818207
2020-01-14 15:33:59.684 1633 RALLYDEBUG rally.task.utils [-] Waiting for resource u'faca799e-79c0-4322-b2bc-d01c54b36a8e'. Status changed: NONE => QUEUED in 0.0711560249329
2020-01-14 15:33:59.868 1636 RALLYDEBUG rally.task.utils [-] Waiting for resource u'bf6c5c33-f99b-46b8-9569-35ddac397442'. Status changed: NONE => QUEUED in 0.085067987442
2020-01-14 15:33:59.917 1634 RALLYDEBUG rally.task.utils [-] Waiting for resource u'fbc84c74-7e29-4fc9-bfc0-3fbe2a21ee8f'. Status changed: NONE => QUEUED in 0.0651528835297
2020-01-14 15:34:00.391 1635 RALLYDEBUG rally.task.utils [-] Waiting for resource s_rally_b91623cf_CYohD7j8. Status changed: QUEUED => ACTIVE in 0.050607919693
2020-01-14 15:34:00.439 1635 INFO rally.task.runner [-] Task 4c6d0e1b-f3bb-4109-8c51-4b9ca62b760c | ITER: 5 END: OK
2020-01-14 15:34:00.444 1635 INFO rally.task.runner [-] Task 4c6d0e1b-f3bb-4109-8c51-4b9ca62b760c | ITER: 9 START
2020-01-14 15:34:00.825 1636 RALLYDEBUG rally.task.utils [-] Waiting for resource s_rally_b91623cf_P3azrfNX. Status changed: QUEUED => ACTIVE in 0.0653250217438
2020-01-14 15:34:00.826 1633 RALLYDEBUG rally.task.utils [-] Waiting for resource s_rally_b91623cf_oQMphSFQ. Status changed: QUEUED => ACTIVE in 0.0439891815186
2020-01-14 15:34:00.873 1633 INFO rally.task.runner [-] Task 4c6d0e1b-f3bb-4109-8c51-4b9ca62b760c | ITER: 6 END: OK
2020-01-14 15:34:00.875 1636 INFO rally.task.runner [-] Task 4c6d0e1b-f3bb-4109-8c51-4b9ca62b760c | ITER: 7 END: OK
2020-01-14 15:34:00.878 1633 INFO rally.task.runner [-] Task 4c6d0e1b-f3bb-4109-8c51-4b9ca62b760c | ITER: 10 START
2020-01-14 15:34:01.101 1634 RALLYDEBUG rally.task.utils [-] Waiting for resource s_rally_b91623cf_zHqJC29U. Status changed: QUEUED => ACTIVE in 0.0538921356201
2020-01-14 15:34:01.144 1634 INFO rally.task.runner [-] Task 4c6d0e1b-f3bb-4109-8c51-4b9ca62b760c | ITER: 8 END: OK
2020-01-14 15:34:02.902 1635 RALLYDEBUG rally.task.utils [-] Waiting for resource u'98d36292-aa36-4eea-b71c-8059dc973464'. Status changed: NONE => QUEUED in 0.0672309398651
2020-01-14 15:34:03.343 1633 RALLYDEBUG rally.task.utils [-] Waiting for resource u'b01f411b-c599-479b-941f-36f82c6eaa88'. Status changed: NONE => QUEUED in 0.0798819065094
2020-01-14 15:34:03.810 1635 RALLYDEBUG rally.task.utils [-] Waiting for resource s_rally_b91623cf_oz9xX733. Status changed: QUEUED => ACTIVE in 0.046972990036
2020-01-14 15:34:03.860 1635 INFO rally.task.runner [-] Task 4c6d0e1b-f3bb-4109-8c51-4b9ca62b760c | ITER: 9 END: OK
2020-01-14 15:34:04.315 1633 RALLYDEBUG rally.task.utils [-] Waiting for resource s_rally_b91623cf_egSeTjla. Status changed: QUEUED => ACTIVE in 0.0473351478577
2020-01-14 15:34:04.361 1633 INFO rally.task.runner [-] Task 4c6d0e1b-f3bb-4109-8c51-4b9ca62b760c | ITER: 10 END: OK
2020-01-14 15:34:04.393 725 INFO rally.task.context [-] Task 4c6d0e1b-f3bb-4109-8c51-4b9ca62b760c | Context cleanup@openstack cleanup() started
2020-01-14 15:34:04.396 725 RALLYDEBUG rally_openstack.cleanup.manager [-] Cleaning up glance images objects
2020-01-14 15:34:05.513 725 RALLYDEBUG rally_openstack.cleanup.manager [-] Deleting glance.images object s_rally_b91623cf_KHUizD6F (8e6dc249-6f75-495f-99e2-95baf6c4d5bc)
2020-01-14 15:34:05.514 725 RALLYDEBUG rally_openstack.cleanup.manager [-] Deleting glance.images object s_rally_b91623cf_qAqmPMVT (d5bc3d4f-71cd-4bca-8a39-6e97b1ca0afd)
2020-01-14 15:34:05.515 725 RALLYDEBUG rally_openstack.cleanup.manager [-] Deleting glance.images object s_rally_b91623cf_zHqJC29U (fbc84c74-7e29-4fc9-bfc0-3fbe2a21ee8f)
2020-01-14 15:34:05.518 725 RALLYDEBUG rally_openstack.cleanup.manager [-] Deleting glance.images object s_rally_b91623cf_P3azrfNX (bf6c5c33-f99b-46b8-9569-35ddac397442)
2020-01-14 15:34:05.519 725 RALLYDEBUG rally_openstack.cleanup.manager [-] Deleting glance.images object s_rally_b91623cf_CYohD7j8 (277b91a3-40a6-4da0-b554-43c80cb474c8)
2020-01-14 15:34:05.530 725 RALLYDEBUG rally_openstack.cleanup.manager [-] Deleting glance.images object s_rally_b91623cf_xxvJRI9J (60126524-ea5f-4b82-b666-3a03b457f194)
2020-01-14 15:34:05.530 725 RALLYDEBUG rally_openstack.cleanup.manager [-] Deleting glance.images object s_rally_b91623cf_egSeTjla (b01f411b-c599-479b-941f-36f82c6eaa88)
2020-01-14 15:34:05.538 725 RALLYDEBUG rally_openstack.cleanup.manager [-] Deleting glance.images object s_rally_b91623cf_oz9xX733 (98d36292-aa36-4eea-b71c-8059dc973464)
2020-01-14 15:34:05.546 725 RALLYDEBUG rally_openstack.cleanup.manager [-] Deleting glance.images object s_rally_b91623cf_1zt7KZso (752e98ea-2948-4fb7-93d6-d1f9f1ae71f8)
2020-01-14 15:34:05.545 725 RALLYDEBUG rally_openstack.cleanup.manager [-] Deleting glance.images object s_rally_b91623cf_oQMphSFQ (faca799e-79c0-4322-b2bc-d01c54b36a8e)
2020-01-14 15:34:06.553 725 DEBUG glanceclient.common.http [-] Request returned failure status 404. _handle_response /usr/lib/python2.7/site-packages/glanceclient/common/http.py:125
2020-01-14 15:34:06.675 725 DEBUG glanceclient.common.http [-] Request returned failure status 404. _handle_response /usr/lib/python2.7/site-packages/glanceclient/common/http.py:125
2020-01-14 15:34:06.710 725 DEBUG glanceclient.common.http [-] Request returned failure status 404. _handle_response /usr/lib/python2.7/site-packages/glanceclient/common/http.py:125
2020-01-14 15:34:06.749 725 DEBUG glanceclient.common.http [-] Request returned failure status 404. _handle_response /usr/lib/python2.7/site-packages/glanceclient/common/http.py:125
2020-01-14 15:34:06.759 725 DEBUG glanceclient.common.http [-] Request returned failure status 404. _handle_response /usr/lib/python2.7/site-packages/glanceclient/common/http.py:125
2020-01-14 15:34:06.807 725 DEBUG glanceclient.common.http [-] Request returned failure status 404. _handle_response /usr/lib/python2.7/site-packages/glanceclient/common/http.py:125
2020-01-14 15:34:06.819 725 DEBUG glanceclient.common.http [-] Request returned failure status 404. _handle_response /usr/lib/python2.7/site-packages/glanceclient/common/http.py:125
2020-01-14 15:34:06.824 725 DEBUG glanceclient.common.http [-] Request returned failure status 404. _handle_response /usr/lib/python2.7/site-packages/glanceclient/common/http.py:125
2020-01-14 15:34:06.827 725 DEBUG glanceclient.common.http [-] Request returned failure status 404. _handle_response /usr/lib/python2.7/site-packages/glanceclient/common/http.py:125
2020-01-14 15:34:06.848 725 DEBUG glanceclient.common.http [-] Request returned failure status 404. _handle_response /usr/lib/python2.7/site-packages/glanceclient/common/http.py:125
2020-01-14 15:34:06.875 725 DEBUG glanceclient.common.http [-] Request returned failure status 404. _handle_response /usr/lib/python2.7/site-packages/glanceclient/common/http.py:125
2020-01-14 15:34:06.885 725 DEBUG glanceclient.common.http [-] Request returned failure status 404. _handle_response /usr/lib/python2.7/site-packages/glanceclient/common/http.py:125
2020-01-14 15:34:06.901 725 DEBUG glanceclient.common.http [-] Request returned failure status 404. _handle_response /usr/lib/python2.7/site-packages/glanceclient/common/http.py:125
2020-01-14 15:34:06.903 725 DEBUG glanceclient.common.http [-] Request returned failure status 404. _handle_response /usr/lib/python2.7/site-packages/glanceclient/common/http.py:125
2020-01-14 15:34:06.910 725 DEBUG glanceclient.common.http [-] Request returned failure status 404. _handle_response /usr/lib/python2.7/site-packages/glanceclient/common/http.py:125
2020-01-14 15:34:06.918 725 DEBUG glanceclient.common.http [-] Request returned failure status 404. _handle_response /usr/lib/python2.7/site-packages/glanceclient/common/http.py:125
2020-01-14 15:34:06.953 725 DEBUG glanceclient.common.http [-] Request returned failure status 404. _handle_response /usr/lib/python2.7/site-packages/glanceclient/common/http.py:125
2020-01-14 15:34:06.959 725 DEBUG glanceclient.common.http [-] Request returned failure status 404. _handle_response /usr/lib/python2.7/site-packages/glanceclient/common/http.py:125
2020-01-14 15:34:06.995 725 DEBUG glanceclient.common.http [-] Request returned failure status 404. _handle_response /usr/lib/python2.7/site-packages/glanceclient/common/http.py:125
2020-01-14 15:34:07.002 725 DEBUG glanceclient.common.http [-] Request returned failure status 404. _handle_response /usr/lib/python2.7/site-packages/glanceclient/common/http.py:125
2020-01-14 15:34:08.005 725 INFO rally.task.context [-] Task 4c6d0e1b-f3bb-4109-8c51-4b9ca62b760c | Context cleanup@openstack cleanup() finished in 3.61 sec
2020-01-14 15:34:08.005 725 INFO rally.task.context [-] Task 4c6d0e1b-f3bb-4109-8c51-4b9ca62b760c | Context users@openstack cleanup() started
2020-01-14 15:34:11.242 725 INFO rally.task.context [-] Task 4c6d0e1b-f3bb-4109-8c51-4b9ca62b760c | Context users@openstack cleanup() finished in 3.24 sec
2020-01-14 15:34:11.485 725 INFO rally.task.engine [-] Load duration is: 11.190948
2020-01-14 15:34:11.485 725 INFO rally.task.engine [-] Full runner duration is: 11.864308
2020-01-14 15:34:11.485 725 INFO rally.task.engine [-] Full duration is: 19.966449
2020-01-14 15:34:11.576 725 INFO rally.task.engine [-] Running workload: position = 0 config = { "version": 2, "title": "A cropped version of a bigger task.", "description": "Auto-generated task from a single workload (uuid=5104aecb-7ab2-4414-b5d2-b345fef40f92)", "subtasks": [ { "title": "GlanceImages.create_and_update_image", "description": "Create an image then update it.", "scenario": { "GlanceImages.create_and_update_image": { "container_format": "bare", "disk_format": "qcow2", "image_location": "/home/opnfv/functest/images/cirros-0.4.0-x86_64-disk.img" } }, "contexts": { "users": { "tenants": 3, "users_per_tenant": 2 } }, "runner": { "constant": { "concurrency": 4, "times": 10 } }, "hooks": [], "sla": { "failure_rate": { "max": 0 } } } ] }
2020-01-14 15:34:11.589 725 RALLYDEBUG rally_openstack.contexts.keystone.users [-] Creating 3 tenants using 20 threads
2020-01-14 15:34:12.050 725 RALLYDEBUG rally_openstack.contexts.keystone.users [-] Creating 6 users using 20 threads
2020-01-14 15:34:12.846 725 INFO rally.task.context [-] Task 4c6d0e1b-f3bb-4109-8c51-4b9ca62b760c | Context users@openstack setup() finished in 1.26 sec
2020-01-14 15:34:12.847 725 INFO rally.task.context [-] Task 4c6d0e1b-f3bb-4109-8c51-4b9ca62b760c | Context cleanup@openstack setup() finished in 0.01 msec
2020-01-14 15:34:12.856 725 RALLYDEBUG rally.task.runner [-] Starting the constant runner (task UUID: 4c6d0e1b-f3bb-4109-8c51-4b9ca62b760c). timeout: 0 concurrency: 4 concurrency_per_worker: 1 times: 10 concurrency_overhead: 0 processes_to_start: 4 max_cpu_used: 88
2020-01-14 15:34:12.869 1757 RALLYDEBUG rally.task.runner [-] Starting a worker. concurrency: 1 args: {"container_format": "bare", "disk_format": "qcow2", "image_location": "/home/opnfv/functest/images/cirros-0.4.0-x86_64-disk.img"} times: 10 method_name: run timeout: 0 duration: None cls:
2020-01-14 15:34:12.872 1758 RALLYDEBUG rally.task.runner [-] Starting a worker. concurrency: 1 args: {"container_format": "bare", "disk_format": "qcow2", "image_location": "/home/opnfv/functest/images/cirros-0.4.0-x86_64-disk.img"} times: 10 method_name: run timeout: 0 duration: None cls:
2020-01-14 15:34:12.874 1759 RALLYDEBUG rally.task.runner [-] Starting a worker. concurrency: 1 args: {"container_format": "bare", "disk_format": "qcow2", "image_location": "/home/opnfv/functest/images/cirros-0.4.0-x86_64-disk.img"} times: 10 method_name: run timeout: 0 duration: None cls:
2020-01-14 15:34:12.877 1757 INFO rally.task.runner [-] Task 4c6d0e1b-f3bb-4109-8c51-4b9ca62b760c | ITER: 1 START
2020-01-14 15:34:12.877 1760 RALLYDEBUG rally.task.runner [-] Starting a worker. concurrency: 1 args: {"container_format": "bare", "disk_format": "qcow2", "image_location": "/home/opnfv/functest/images/cirros-0.4.0-x86_64-disk.img"} times: 10 method_name: run timeout: 0 duration: None cls:
2020-01-14 15:34:12.879 1758 INFO rally.task.runner [-] Task 4c6d0e1b-f3bb-4109-8c51-4b9ca62b760c | ITER: 2 START
2020-01-14 15:34:12.881 1759 INFO rally.task.runner [-] Task 4c6d0e1b-f3bb-4109-8c51-4b9ca62b760c | ITER: 3 START
2020-01-14 15:34:12.884 1760 INFO rally.task.runner [-] Task 4c6d0e1b-f3bb-4109-8c51-4b9ca62b760c | ITER: 4 START
2020-01-14 15:34:15.602 1758 RALLYDEBUG rally.task.utils [-] Waiting for resource u'33f9c63c-4245-4ffd-be05-c2ea7cef5ce9'. Status changed: NONE => QUEUED in 0.0661821365356
2020-01-14 15:34:15.797 1757 RALLYDEBUG rally.task.utils [-] Waiting for resource u'fa3f2d63-80a1-4900-a617-b649ff5434c9'. Status changed: NONE => QUEUED in 0.0788741111755
2020-01-14 15:34:15.830 1759 RALLYDEBUG rally.task.utils [-] Waiting for resource u'11c63756-e962-4578-a074-19e2af4fd374'. Status changed: NONE => QUEUED in 0.138645887375
2020-01-14 15:34:15.831 1760 RALLYDEBUG rally.task.utils [-] Waiting for resource u'b401fb48-2c0e-4a43-a8ac-d3a0b61d20fa'. Status changed: NONE => QUEUED in 0.133192062378
2020-01-14 15:34:16.648 1758 RALLYDEBUG rally.task.utils [-] Waiting for resource s_rally_5104aecb_HF3y9hs3. Status changed: QUEUED => ACTIVE in 0.0348417758942
2020-01-14 15:34:16.883 1758 INFO rally.task.runner [-] Task 4c6d0e1b-f3bb-4109-8c51-4b9ca62b760c | ITER: 2 END: OK
2020-01-14 15:34:16.888 1758 INFO rally.task.runner [-] Task 4c6d0e1b-f3bb-4109-8c51-4b9ca62b760c | ITER: 5 START
2020-01-14 15:34:17.026 1757 RALLYDEBUG rally.task.utils [-] Waiting for resource s_rally_5104aecb_pIxDl2cc. Status changed: QUEUED => ACTIVE in 0.0440590381622
2020-01-14 15:34:17.249 1760 RALLYDEBUG rally.task.utils [-] Waiting for resource s_rally_5104aecb_8m8zfs0o. Status changed: QUEUED => ACTIVE in 0.0704658031464
2020-01-14 15:34:17.265 1757 INFO rally.task.runner [-] Task 4c6d0e1b-f3bb-4109-8c51-4b9ca62b760c | ITER: 1 END: OK
2020-01-14 15:34:17.270 1757 INFO rally.task.runner [-] Task 4c6d0e1b-f3bb-4109-8c51-4b9ca62b760c | ITER: 6 START
2020-01-14 15:34:17.280 1759 RALLYDEBUG rally.task.utils [-] Waiting for resource s_rally_5104aecb_PSojCqsj. Status changed: QUEUED => ACTIVE in 0.083573102951
2020-01-14 15:34:17.657 1760 INFO rally.task.runner [-] Task 4c6d0e1b-f3bb-4109-8c51-4b9ca62b760c | ITER: 4 END: OK
2020-01-14 15:34:17.659 1759 INFO rally.task.runner [-] Task 4c6d0e1b-f3bb-4109-8c51-4b9ca62b760c | ITER: 3 END: OK
2020-01-14 15:34:17.662 1760 INFO rally.task.runner [-] Task 4c6d0e1b-f3bb-4109-8c51-4b9ca62b760c | ITER: 7 START
2020-01-14 15:34:17.664 1759 INFO rally.task.runner [-] Task 4c6d0e1b-f3bb-4109-8c51-4b9ca62b760c | ITER: 8 START
2020-01-14 15:34:19.383 1758 RALLYDEBUG rally.task.utils [-] Waiting for resource u'ce0d3998-2b6f-4f44-9414-783d4b38fa1d'. Status changed: NONE => QUEUED in 0.0739479064941
2020-01-14 15:34:19.875 1757 RALLYDEBUG rally.task.utils [-] Waiting for resource u'b692c303-e596-44a9-b97c-f44e9a1096cb'. Status changed: NONE => QUEUED in 0.0791590213776
2020-01-14 15:34:20.272 1759 RALLYDEBUG rally.task.utils [-] Waiting for resource u'b27f67e9-bd9e-496d-ad57-cacfe189cb7a'. Status changed: NONE => QUEUED in 0.0711500644684
2020-01-14 15:34:20.278 1760 RALLYDEBUG rally.task.utils [-] Waiting for resource u'f85994d6-e866-4b02-8f93-7a39592b9c77'. Status changed: NONE => QUEUED in 0.0850491523743
2020-01-14 15:34:20.383 1758 RALLYDEBUG rally.task.utils [-] Waiting for resource s_rally_5104aecb_V36rX0cI. Status changed: QUEUED => ACTIVE in 0.0479609966278
2020-01-14 15:34:20.625 1758 INFO rally.task.runner [-] Task 4c6d0e1b-f3bb-4109-8c51-4b9ca62b760c | ITER: 5 END: OK
2020-01-14 15:34:20.630 1758 INFO rally.task.runner [-] Task 4c6d0e1b-f3bb-4109-8c51-4b9ca62b760c | ITER: 9 START
2020-01-14 15:34:20.949 1757 RALLYDEBUG rally.task.utils [-] Waiting for resource s_rally_5104aecb_XbuZpWEb. Status changed: QUEUED => ACTIVE in 0.0462079048157
2020-01-14 15:34:21.238 1757 INFO rally.task.runner [-] Task 4c6d0e1b-f3bb-4109-8c51-4b9ca62b760c | ITER: 6 END: OK
2020-01-14 15:34:21.243 1757 INFO rally.task.runner [-] Task 4c6d0e1b-f3bb-4109-8c51-4b9ca62b760c | ITER: 10 START
2020-01-14 15:34:21.458 1759 RALLYDEBUG rally.task.utils [-] Waiting for resource s_rally_5104aecb_Klw5uhGA. Status changed: QUEUED => ACTIVE in 0.0401608943939
2020-01-14 15:34:21.537 1760 RALLYDEBUG rally.task.utils [-] Waiting for resource s_rally_5104aecb_KCCS6g0F. Status changed: QUEUED => ACTIVE in 0.0440227985382
2020-01-14 15:34:21.692 1759 INFO rally.task.runner [-] Task 4c6d0e1b-f3bb-4109-8c51-4b9ca62b760c | ITER: 8 END: OK
2020-01-14 15:34:21.776 1760 INFO rally.task.runner [-] Task 4c6d0e1b-f3bb-4109-8c51-4b9ca62b760c | ITER: 7 END: OK
2020-01-14 15:34:23.077 1758 RALLYDEBUG rally.task.utils [-] Waiting for resource u'35cc0e99-7019-4a40-8de2-8b0d04e790b1'. Status changed: NONE => QUEUED in 0.0730888843536
2020-01-14 15:34:23.770 1757 RALLYDEBUG rally.task.utils [-] Waiting for resource u'10dd35ac-849b-4e71-83c1-ed7edc0a92a9'. Status changed: NONE => QUEUED in 0.0699269771576
2020-01-14 15:34:24.069 1758 RALLYDEBUG rally.task.utils [-] Waiting for resource s_rally_5104aecb_BFZTRjfp. Status changed: QUEUED => ACTIVE in 0.0472748279572
2020-01-14 15:34:24.296 1758 INFO rally.task.runner [-] Task 4c6d0e1b-f3bb-4109-8c51-4b9ca62b760c | ITER: 9 END: OK
2020-01-14 15:34:24.728 1757 RALLYDEBUG rally.task.utils [-] Waiting for resource s_rally_5104aecb_0VG8s95U. Status changed: QUEUED => ACTIVE in 0.0411319732666
2020-01-14 15:34:24.977 1757 INFO rally.task.runner [-] Task 4c6d0e1b-f3bb-4109-8c51-4b9ca62b760c | ITER: 10 END: OK
2020-01-14 15:34:25.008 725 INFO rally.task.context [-] Task 4c6d0e1b-f3bb-4109-8c51-4b9ca62b760c | Context cleanup@openstack cleanup() started
2020-01-14 15:34:25.011 725 RALLYDEBUG rally_openstack.cleanup.manager [-] Cleaning up glance images objects
2020-01-14 15:34:26.174 725 RALLYDEBUG rally_openstack.cleanup.manager [-] Deleting glance.images object s_rally_5104aecb_Xw2bO1En (35cc0e99-7019-4a40-8de2-8b0d04e790b1)
2020-01-14 15:34:26.180 725 RALLYDEBUG rally_openstack.cleanup.manager [-] Deleting glance.images object s_rally_5104aecb_zmYUpKS6 (f85994d6-e866-4b02-8f93-7a39592b9c77)
2020-01-14 15:34:26.183 725 RALLYDEBUG rally_openstack.cleanup.manager [-] Deleting glance.images object s_rally_5104aecb_DVkfIN89 (33f9c63c-4245-4ffd-be05-c2ea7cef5ce9)
2020-01-14 15:34:26.183 725 RALLYDEBUG rally_openstack.cleanup.manager [-] Deleting glance.images object s_rally_5104aecb_UgSYGl5n (b692c303-e596-44a9-b97c-f44e9a1096cb)
2020-01-14 15:34:26.184 725 RALLYDEBUG rally_openstack.cleanup.manager [-] Deleting glance.images object s_rally_5104aecb_3SbT1h0u (11c63756-e962-4578-a074-19e2af4fd374)
2020-01-14 15:34:26.193 725 RALLYDEBUG rally_openstack.cleanup.manager [-] Deleting glance.images object s_rally_5104aecb_tlTCG30a (10dd35ac-849b-4e71-83c1-ed7edc0a92a9)
2020-01-14 15:34:26.194 725 RALLYDEBUG rally_openstack.cleanup.manager [-] Deleting glance.images object s_rally_5104aecb_Bm2TgpkK (ce0d3998-2b6f-4f44-9414-783d4b38fa1d)
2020-01-14 15:34:26.204 725 RALLYDEBUG rally_openstack.cleanup.manager [-] Deleting glance.images object s_rally_5104aecb_Tsh5uiQj (b401fb48-2c0e-4a43-a8ac-d3a0b61d20fa)
2020-01-14 15:34:26.209 725 RALLYDEBUG rally_openstack.cleanup.manager [-] Deleting glance.images object s_rally_5104aecb_AvB1c12f (b27f67e9-bd9e-496d-ad57-cacfe189cb7a)
2020-01-14 15:34:26.218 725 RALLYDEBUG rally_openstack.cleanup.manager [-] Deleting glance.images object s_rally_5104aecb_6A3Uwj8S (fa3f2d63-80a1-4900-a617-b649ff5434c9)
2020-01-14 15:34:27.236 725 DEBUG glanceclient.common.http [-] Request returned failure status 404. _handle_response /usr/lib/python2.7/site-packages/glanceclient/common/http.py:125
2020-01-14 15:34:27.273 725 DEBUG glanceclient.common.http [-] Request returned failure status 404. _handle_response /usr/lib/python2.7/site-packages/glanceclient/common/http.py:125
2020-01-14 15:34:27.290 725 DEBUG glanceclient.common.http [-] Request returned failure status 404. _handle_response /usr/lib/python2.7/site-packages/glanceclient/common/http.py:125
2020-01-14 15:34:27.342 725 DEBUG glanceclient.common.http [-] Request returned failure status 404. _handle_response /usr/lib/python2.7/site-packages/glanceclient/common/http.py:125
2020-01-14 15:34:27.384 725 DEBUG glanceclient.common.http [-] Request returned failure status 404. _handle_response /usr/lib/python2.7/site-packages/glanceclient/common/http.py:125
2020-01-14 15:34:27.400 725 DEBUG glanceclient.common.http [-] Request returned failure status 404. _handle_response /usr/lib/python2.7/site-packages/glanceclient/common/http.py:125
2020-01-14 15:34:27.402 725 DEBUG glanceclient.common.http [-] Request returned failure status 404. _handle_response /usr/lib/python2.7/site-packages/glanceclient/common/http.py:125
2020-01-14 15:34:27.405 725 DEBUG glanceclient.common.http [-] Request returned failure status 404. _handle_response /usr/lib/python2.7/site-packages/glanceclient/common/http.py:125
2020-01-14 15:34:27.419 725 DEBUG glanceclient.common.http [-] Request returned failure status 404. _handle_response /usr/lib/python2.7/site-packages/glanceclient/common/http.py:125
2020-01-14 15:34:27.450 725 DEBUG glanceclient.common.http [-] Request returned failure status 404. _handle_response /usr/lib/python2.7/site-packages/glanceclient/common/http.py:125
2020-01-14 15:34:27.453 725 DEBUG glanceclient.common.http [-] Request returned failure status 404. _handle_response /usr/lib/python2.7/site-packages/glanceclient/common/http.py:125
2020-01-14 15:34:27.461 725 DEBUG glanceclient.common.http [-] Request returned failure status 404. _handle_response /usr/lib/python2.7/site-packages/glanceclient/common/http.py:125
2020-01-14 15:34:27.464 725 DEBUG glanceclient.common.http [-] Request returned failure status 404. _handle_response /usr/lib/python2.7/site-packages/glanceclient/common/http.py:125
2020-01-14 15:34:27.504 725 DEBUG glanceclient.common.http [-] Request returned failure status 404. _handle_response /usr/lib/python2.7/site-packages/glanceclient/common/http.py:125
2020-01-14 15:34:27.514 725 DEBUG glanceclient.common.http [-] Request returned failure status 404. _handle_response /usr/lib/python2.7/site-packages/glanceclient/common/http.py:125
2020-01-14 15:34:27.528 725 DEBUG glanceclient.common.http [-] Request returned failure status 404. _handle_response /usr/lib/python2.7/site-packages/glanceclient/common/http.py:125
2020-01-14 15:34:27.565 725 DEBUG glanceclient.common.http [-] Request returned failure status 404. _handle_response /usr/lib/python2.7/site-packages/glanceclient/common/http.py:125
2020-01-14 15:34:27.578 725 DEBUG glanceclient.common.http [-] Request returned failure status 404. _handle_response /usr/lib/python2.7/site-packages/glanceclient/common/http.py:125
2020-01-14 15:34:27.610 725 DEBUG glanceclient.common.http [-] Request returned failure status 404. _handle_response /usr/lib/python2.7/site-packages/glanceclient/common/http.py:125
2020-01-14 15:34:27.647 725 DEBUG glanceclient.common.http [-] Request returned failure status 404. _handle_response /usr/lib/python2.7/site-packages/glanceclient/common/http.py:125
2020-01-14 15:34:28.650 725 INFO rally.task.context [-] Task 4c6d0e1b-f3bb-4109-8c51-4b9ca62b760c | Context cleanup@openstack cleanup() finished in 3.64 sec
2020-01-14 15:34:28.651 725 INFO rally.task.context [-] Task 4c6d0e1b-f3bb-4109-8c51-4b9ca62b760c | Context users@openstack cleanup() started
2020-01-14 15:34:31.680 725 INFO rally.task.context [-] Task 4c6d0e1b-f3bb-4109-8c51-4b9ca62b760c | Context users@openstack cleanup() finished in 3.03 sec
2020-01-14 15:34:31.751 725 INFO rally.task.engine [-] Load duration is: 11.714975
2020-01-14 15:34:31.751 725 INFO rally.task.engine [-] Full runner duration is: 12.151408
2020-01-14 15:34:31.751 725 INFO rally.task.engine [-] Full duration is: 20.093123
2020-01-14 15:34:31.829 725 INFO rally.task.engine [-] Task 4c6d0e1b-f3bb-4109-8c51-4b9ca62b760c | Completed: Running task.
2020-01-14 15:34:32.706 1839 RALLYDEBUG rally.api [-] INFO logs from urllib3 and requests module are hide.
2020-01-14 15:34:32.706 1839 RALLYDEBUG rally.api [-] urllib3 insecure warnings are hidden.
2020-01-14 15:34:32.706 1839 RALLYDEBUG rally.api [-] ERROR log from boto module is hide.
2020-01-14 15:34:33.499 1840 RALLYDEBUG rally.api [-] INFO logs from urllib3 and requests module are hide.
2020-01-14 15:34:33.499 1840 RALLYDEBUG rally.api [-] urllib3 insecure warnings are hidden.
2020-01-14 15:34:33.499 1840 RALLYDEBUG rally.api [-] ERROR log from boto module is hide.
2020-01-14 15:34:34.351 1841 RALLYDEBUG rally.api [-] INFO logs from urllib3 and requests module are hide.
2020-01-14 15:34:34.352 1841 RALLYDEBUG rally.api [-] urllib3 insecure warnings are hidden.
2020-01-14 15:34:34.352 1841 RALLYDEBUG rally.api [-] ERROR log from boto module is hide.
2020-01-14 15:34:35.696 1841 INFO rally.api [-] Building 'json' report for the following task(s): '4c6d0e1b-f3bb-4109-8c51-4b9ca62b760c'.
2020-01-14 15:34:35.724 1841 INFO rally.api [-] The report has been successfully built.
2020-01-14 15:34:36.559 1843 RALLYDEBUG rally.api [-] INFO logs from urllib3 and requests module are hide.
2020-01-14 15:34:36.559 1843 RALLYDEBUG rally.api [-] urllib3 insecure warnings are hidden.
2020-01-14 15:34:36.560 1843 RALLYDEBUG rally.api [-] ERROR log from boto module is hide.
2020-01-14 15:34:38.178 1843 INFO rally.task.engine [-] Task e549011d-3a86-4086-a9ab-6e68e9ba4088 | Starting: Task validation.
2020-01-14 15:34:38.190 1843 INFO rally.task.engine [-] Task e549011d-3a86-4086-a9ab-6e68e9ba4088 | Starting: Task validation of syntax.
2020-01-14 15:34:38.515 1843 INFO rally.task.engine [-] Task e549011d-3a86-4086-a9ab-6e68e9ba4088 | Completed: Task validation of syntax.
2020-01-14 15:34:38.516 1843 INFO rally.task.engine [-] Task e549011d-3a86-4086-a9ab-6e68e9ba4088 | Starting: Task validation of required platforms.
2020-01-14 15:34:38.646 1843 INFO rally.task.engine [-] Task e549011d-3a86-4086-a9ab-6e68e9ba4088 | Completed: Task validation of required platforms.
2020-01-14 15:34:38.647 1843 INFO rally.task.engine [-] Task e549011d-3a86-4086-a9ab-6e68e9ba4088 | Starting: Task validation of semantic.
2020-01-14 15:34:38.647 1843 INFO rally.task.engine [-] Check health of the environment 'f0b66247-ebdd-4a88-b49f-d7ce0820d0b9'.
2020-01-14 15:34:39.160 1843 INFO rally.task.engine [-] Platform existing@openstack (available: True): OK!
2020-01-14 15:34:39.170 1843 RALLYDEBUG rally_openstack.contexts.keystone.users [-] Creating 1 tenants using 20 threads
2020-01-14 15:34:39.436 1843 RALLYDEBUG rally_openstack.contexts.keystone.users [-] Creating 1 users using 20 threads
2020-01-14 15:34:39.886 1843 INFO rally.task.context [-] Task e549011d-3a86-4086-a9ab-6e68e9ba4088 | Context users@openstack setup() finished in 0.72 sec
2020-01-14 15:34:40.451 1843 DEBUG novaclient.v2.client [-] REQ: curl -g -i -X GET http://compute-airship.intel-pod17.opnfv.org/v2.1/flavors/detail -H "Accept: application/json" -H "User-Agent: python-novaclient" -H "X-Auth-Token: {SHA1}049c6613800252144bec03743a3b0f61ec12f041" _http_log_request /usr/lib/python2.7/site-packages/keystoneauth1/session.py:448
2020-01-14 15:34:40.668 1843 DEBUG novaclient.v2.client [-] RESP: [200] Connection: keep-alive Content-Encoding: gzip Content-Type: application/json Date: Tue, 14 Jan 2020 15:34:40 GMT Openstack-Api-Version: compute 2.1 Transfer-Encoding: chunked Vary: Accept-Encoding, OpenStack-API-Version, X-OpenStack-Nova-API-Version X-Compute-Request-Id: req-d46792f1-fc4f-4848-975b-72f35c0768c2 X-Openstack-Nova-Api-Version: 2.1 _http_log_response /usr/lib/python2.7/site-packages/keystoneauth1/session.py:479
