2020-01-28 16:44:00.821 6331 INFO rally.task.runner [-] Task abbb211e-07bf-4248-9d4b-ff1e7dcdda01 | ITER: 9 END: OK
2020-01-28 16:44:01.643 6330 INFO rally.task.runner [-] Task abbb211e-07bf-4248-9d4b-ff1e7dcdda01 | ITER: 10 END: OK
2020-01-28 16:44:01.671 4586 INFO rally.task.context [-] Task abbb211e-07bf-4248-9d4b-ff1e7dcdda01 | Context cleanup@openstack cleanup() started
2020-01-28 16:44:01.674 4586 RALLYDEBUG rally_openstack.cleanup.manager [-] Cleaning up neutron vip objects
2020-01-28 16:44:02.263 4586 RALLYDEBUG rally_openstack.cleanup.manager [-] Cleaning up neutron health_monitor objects
2020-01-28 16:44:02.843 4586 RALLYDEBUG rally_openstack.cleanup.manager [-] Cleaning up neutron pool objects
2020-01-28 16:44:03.445 4586 RALLYDEBUG rally_openstack.cleanup.manager [-] Cleaning up neutron loadbalancer objects
2020-01-28 16:44:04.041 4586 RALLYDEBUG rally_openstack.cleanup.manager [-] Cleaning up neutron floatingip objects
2020-01-28 16:44:04.728 4586 RALLYDEBUG rally_openstack.cleanup.manager [-] Cleaning up neutron trunk objects
2020-01-28 16:44:04.941 4586 DEBUG neutronclient.v2_0.client [-] Error message: {"message": "The resource could not be found.

\n\n\n", "code": "404 Not Found", "title": "Not Found"} _handle_fault_response /usr/lib/python2.7/site-packages/neutronclient/v2_0/client.py:259
2020-01-28 16:44:05.144 4586 DEBUG neutronclient.v2_0.client [-] Error message: {"message": "The resource could not be found.

\n\n\n", "code": "404 Not Found", "title": "Not Found"} _handle_fault_response /usr/lib/python2.7/site-packages/neutronclient/v2_0/client.py:259
2020-01-28 16:44:05.340 4586 DEBUG neutronclient.v2_0.client [-] Error message: {"message": "The resource could not be found.

\n\n\n", "code": "404 Not Found", "title": "Not Found"} _handle_fault_response /usr/lib/python2.7/site-packages/neutronclient/v2_0/client.py:259
2020-01-28 16:44:05.348 4586 RALLYDEBUG rally_openstack.cleanup.manager [-] Cleaning up neutron port objects
2020-01-28 16:44:06.169 4586 RALLYDEBUG rally_openstack.cleanup.manager [-] Cleaning up neutron subnet objects
2020-01-28 16:44:07.081 4586 RALLYDEBUG rally_openstack.cleanup.manager [-] Cleaning up neutron network objects
2020-01-28 16:44:08.269 4586 RALLYDEBUG rally_openstack.cleanup.manager [-] Cleaning up neutron router objects
2020-01-28 16:44:09.065 4586 RALLYDEBUG rally_openstack.cleanup.manager [-] Cleaning up neutron security_group objects
2020-01-28 16:44:09.947 4586 INFO rally.task.context [-] Task abbb211e-07bf-4248-9d4b-ff1e7dcdda01 | Context cleanup@openstack cleanup() finished in 8.28 sec
2020-01-28 16:44:09.948 4586 INFO rally.task.context [-] Task abbb211e-07bf-4248-9d4b-ff1e7dcdda01 | Context network@openstack cleanup() started
2020-01-28 16:44:24.014 4586 INFO rally.task.context [-] Task abbb211e-07bf-4248-9d4b-ff1e7dcdda01 | Context network@openstack cleanup() finished in 14.07 sec
2020-01-28 16:44:24.014 4586 INFO rally.task.context [-] Task abbb211e-07bf-4248-9d4b-ff1e7dcdda01 | Context quotas@openstack cleanup() started
2020-01-28 16:44:24.150 4586 INFO rally.task.context [-] Task abbb211e-07bf-4248-9d4b-ff1e7dcdda01 | Context quotas@openstack cleanup() finished in 0.14 sec
2020-01-28 16:44:24.151 4586 INFO rally.task.context [-] Task abbb211e-07bf-4248-9d4b-ff1e7dcdda01 | Context users@openstack cleanup() started
2020-01-28 16:44:27.203 4586 INFO rally.task.context [-] Task abbb211e-07bf-4248-9d4b-ff1e7dcdda01 | Context users@openstack cleanup() finished in 3.05 sec
2020-01-28 16:44:28.484 4586 INFO rally.task.engine [-] Load duration is: 8.610207
2020-01-28 16:44:28.484 4586 INFO rally.task.engine [-] Full runner duration is: 8.658118
2020-01-28 16:44:28.485 4586 INFO rally.task.engine [-] Full duration is: 38.901967
2020-01-28 16:44:28.569 4586 INFO rally.task.engine [-] Running workload: position = 0 config = { "version": 2, "title": "A cropped version of a bigger task.", "description": "Auto-generated task from a single workload (uuid=9366351c-fde0-4d5b-a075-26063dc058d1)", "subtasks": [ { "title": "NeutronNetworks.create_and_delete_routers", "description": "Create and delete a given number of routers.", "scenario": { "NeutronNetworks.create_and_delete_routers": { "network_create_args": {}, "router_create_args": {}, "subnet_cidr_start": "1.1.0.0/30", "subnet_create_args": {}, "subnets_per_network": 1 } }, "contexts": { "users": { "tenants": 3, "users_per_tenant": 2 }, "quotas": { "neutron": { "network": -1, "subnet": -1, "port": -1, "router": -1 } } }, "runner": { "constant": { "concurrency": 4, "times": 10 } }, "hooks": [], "sla": { "failure_rate": { "max": 0 } } } ] }
2020-01-28 16:44:28.594 4586 RALLYDEBUG rally_openstack.contexts.keystone.users [-] Creating 3 tenants using 20 threads
2020-01-28 16:44:29.038 4586 RALLYDEBUG rally_openstack.contexts.keystone.users [-] Creating 6 users using 20 threads
2020-01-28 16:44:29.764 4586 INFO rally.task.context [-] Task abbb211e-07bf-4248-9d4b-ff1e7dcdda01 | Context users@openstack setup() finished in 1.17 sec
2020-01-28 16:44:30.351 4586 INFO rally.task.context [-] Task abbb211e-07bf-4248-9d4b-ff1e7dcdda01 | Context quotas@openstack setup() finished in 0.59 sec
2020-01-28 16:44:30.352 4586 INFO rally.task.context [-] Task abbb211e-07bf-4248-9d4b-ff1e7dcdda01 | Context cleanup@openstack setup() finished in 0.11 msec
2020-01-28 16:44:30.361 4586 RALLYDEBUG rally.task.runner [-] Starting the constant runner (task UUID: abbb211e-07bf-4248-9d4b-ff1e7dcdda01). timeout: 0 concurrency: 4 concurrency_per_worker: 1 times: 10 concurrency_overhead: 0 processes_to_start: 4 max_cpu_used: 88
2020-01-28 16:44:30.375 6654 RALLYDEBUG rally.task.runner [-] Starting a worker. concurrency: 1 args: {"network_create_args": {}, "router_create_args": {}, "subnet_cidr_start": "1.1.0.0/30", "subnet_create_args": {}, "subnets_per_network": 1} times: 10 method_name: run timeout: 0 duration: None cls:
2020-01-28 16:44:30.378 6655 RALLYDEBUG rally.task.runner [-] Starting a worker. concurrency: 1 args: {"network_create_args": {}, "router_create_args": {}, "subnet_cidr_start": "1.1.0.0/30", "subnet_create_args": {}, "subnets_per_network": 1} times: 10 method_name: run timeout: 0 duration: None cls:
2020-01-28 16:44:30.380 6656 RALLYDEBUG rally.task.runner [-] Starting a worker. concurrency: 1 args: {"network_create_args": {}, "router_create_args": {}, "subnet_cidr_start": "1.1.0.0/30", "subnet_create_args": {}, "subnets_per_network": 1} times: 10 method_name: run timeout: 0 duration: None cls:
2020-01-28 16:44:30.382 6654 INFO rally.task.runner [-] Task abbb211e-07bf-4248-9d4b-ff1e7dcdda01 | ITER: 1 START
2020-01-28 16:44:30.383 6657 RALLYDEBUG rally.task.runner [-] Starting a worker. concurrency: 1 args: {"network_create_args": {}, "router_create_args": {}, "subnet_cidr_start": "1.1.0.0/30", "subnet_create_args": {}, "subnets_per_network": 1} times: 10 method_name: run timeout: 0 duration: None cls:
2020-01-28 16:44:30.386 6655 INFO rally.task.runner [-] Task abbb211e-07bf-4248-9d4b-ff1e7dcdda01 | ITER: 2 START
2020-01-28 16:44:30.388 6656 INFO rally.task.runner [-] Task abbb211e-07bf-4248-9d4b-ff1e7dcdda01 | ITER: 3 START
2020-01-28 16:44:30.391 6657 INFO rally.task.runner [-] Task abbb211e-07bf-4248-9d4b-ff1e7dcdda01 | ITER: 4 START
2020-01-28 16:44:31.090 6654 RALLYDEBUG rally_openstack.wrappers.network [-] CIDR generated: 1.1.0.104/30
2020-01-28 16:44:31.114 6656 RALLYDEBUG rally_openstack.wrappers.network [-] CIDR generated: 1.1.0.108/30
2020-01-28 16:44:31.123 6655 RALLYDEBUG rally_openstack.wrappers.network [-] CIDR generated: 1.1.0.112/30
2020-01-28 16:44:31.131 6657 RALLYDEBUG rally_openstack.wrappers.network [-] CIDR generated: 1.1.0.116/30
2020-01-28 16:44:44.057 6654 INFO rally.task.runner [-] Task abbb211e-07bf-4248-9d4b-ff1e7dcdda01 | ITER: 1 END: OK
2020-01-28 16:44:44.063 6654 INFO rally.task.runner [-] Task abbb211e-07bf-4248-9d4b-ff1e7dcdda01 | ITER: 5 START
2020-01-28 16:44:44.460 6655 INFO rally.task.runner [-] Task abbb211e-07bf-4248-9d4b-ff1e7dcdda01 | ITER: 2 END: OK
2020-01-28 16:44:44.466 6655 INFO rally.task.runner [-] Task abbb211e-07bf-4248-9d4b-ff1e7dcdda01 | ITER: 6 START
2020-01-28 16:44:44.482 6657 INFO rally.task.runner [-] Task abbb211e-07bf-4248-9d4b-ff1e7dcdda01 | ITER: 4 END: OK
2020-01-28 16:44:44.488 6657 INFO rally.task.runner [-] Task abbb211e-07bf-4248-9d4b-ff1e7dcdda01 | ITER: 7 START
2020-01-28 16:44:44.829 6654 RALLYDEBUG rally_openstack.wrappers.network [-] CIDR generated: 1.1.0.120/30
2020-01-28 16:44:44.866 6656 INFO rally.task.runner [-] Task abbb211e-07bf-4248-9d4b-ff1e7dcdda01 | ITER: 3 END: OK
2020-01-28 16:44:44.872 6656 INFO rally.task.runner [-] Task abbb211e-07bf-4248-9d4b-ff1e7dcdda01 | ITER: 8 START
2020-01-28 16:44:44.960 6655 RALLYDEBUG rally_openstack.wrappers.network [-] CIDR generated: 1.1.0.124/30
2020-01-28 16:44:44.979 6657 RALLYDEBUG rally_openstack.wrappers.network [-] CIDR generated: 1.1.0.128/30
2020-01-28 16:44:45.380 6656 RALLYDEBUG rally_openstack.wrappers.network [-] CIDR generated: 1.1.0.132/30
2020-01-28 16:44:56.698 6654 INFO rally.task.runner [-] Task abbb211e-07bf-4248-9d4b-ff1e7dcdda01 | ITER: 5 END: OK
2020-01-28 16:44:56.703 6654 INFO rally.task.runner [-] Task abbb211e-07bf-4248-9d4b-ff1e7dcdda01 | ITER: 9 START
2020-01-28 16:44:57.833 6654 RALLYDEBUG rally_openstack.wrappers.network [-] CIDR generated: 1.1.0.136/30
2020-01-28 16:44:58.988 6655 INFO rally.task.runner [-] Task abbb211e-07bf-4248-9d4b-ff1e7dcdda01 | ITER: 6 END: OK
2020-01-28 16:44:58.999 6655 INFO rally.task.runner [-] Task abbb211e-07bf-4248-9d4b-ff1e7dcdda01 | ITER: 10 START
2020-01-28 16:44:59.440 6655 RALLYDEBUG rally_openstack.wrappers.network [-] CIDR generated: 1.1.0.140/30
2020-01-28 16:45:06.454 6657 INFO rally.task.runner [-] Task abbb211e-07bf-4248-9d4b-ff1e7dcdda01 | ITER: 7 END: OK
2020-01-28 16:45:08.226 6656 INFO rally.task.runner [-] Task abbb211e-07bf-4248-9d4b-ff1e7dcdda01 | ITER: 8 END: OK
2020-01-28 16:45:12.989 6654 INFO rally.task.runner [-] Task abbb211e-07bf-4248-9d4b-ff1e7dcdda01 | ITER: 9 END: OK
2020-01-28 16:45:14.365 6655 INFO rally.task.runner [-] Task abbb211e-07bf-4248-9d4b-ff1e7dcdda01 | ITER: 10 END: OK
2020-01-28 16:45:14.389 4586 INFO rally.task.context [-] Task abbb211e-07bf-4248-9d4b-ff1e7dcdda01 | Context cleanup@openstack cleanup() started
2020-01-28 16:45:14.394 4586 RALLYDEBUG rally_openstack.cleanup.manager [-] Cleaning up neutron vip objects
2020-01-28 16:45:15.015 4586 RALLYDEBUG rally_openstack.cleanup.manager [-] Cleaning up neutron health_monitor objects
2020-01-28 16:45:15.617 4586 RALLYDEBUG rally_openstack.cleanup.manager [-] Cleaning up neutron pool objects
2020-01-28 16:45:16.193 4586 RALLYDEBUG rally_openstack.cleanup.manager [-] Cleaning up neutron loadbalancer objects
2020-01-28 16:45:16.790 4586 RALLYDEBUG rally_openstack.cleanup.manager [-] Cleaning up neutron floatingip objects
2020-01-28 16:45:17.404 4586 RALLYDEBUG rally_openstack.cleanup.manager [-] Cleaning up neutron trunk objects
2020-01-28 16:45:17.601 4586 DEBUG neutronclient.v2_0.client [-] Error message: {"message": "The resource could not be found.

\n\n\n", "code": "404 Not Found", "title": "Not Found"} _handle_fault_response /usr/lib/python2.7/site-packages/neutronclient/v2_0/client.py:259
2020-01-28 16:45:17.798 4586 DEBUG neutronclient.v2_0.client [-] Error message: {"message": "The resource could not be found.

\n\n\n", "code": "404 Not Found", "title": "Not Found"} _handle_fault_response /usr/lib/python2.7/site-packages/neutronclient/v2_0/client.py:259
2020-01-28 16:45:17.993 4586 DEBUG neutronclient.v2_0.client [-] Error message: {"message": "The resource could not be found.

\n\n\n", "code": "404 Not Found", "title": "Not Found"} _handle_fault_response /usr/lib/python2.7/site-packages/neutronclient/v2_0/client.py:259
2020-01-28 16:45:18.002 4586 RALLYDEBUG rally_openstack.cleanup.manager [-] Cleaning up neutron port objects
2020-01-28 16:45:18.940 4586 RALLYDEBUG rally_openstack.cleanup.manager [-] Cleaning up neutron subnet objects
2020-01-28 16:45:19.790 4586 RALLYDEBUG rally_openstack.cleanup.manager [-] Deleting neutron.subnet object s_rally_9366351c_jCnEqu0Q (5d339c8d-e4e2-4718-a045-adfe2b1ed036)
2020-01-28 16:45:19.797 4586 RALLYDEBUG rally_openstack.cleanup.manager [-] Deleting neutron.subnet object s_rally_9366351c_umKwG5EN (7d613841-2ace-4139-ade6-0a04869e2ba9)
2020-01-28 16:45:19.812 4586 RALLYDEBUG rally_openstack.cleanup.manager [-] Deleting neutron.subnet object s_rally_9366351c_0xdUDmss (b556c232-1c28-4f91-b380-f4445546391e)
2020-01-28 16:45:19.817 4586 RALLYDEBUG rally_openstack.cleanup.manager [-] Deleting neutron.subnet object s_rally_9366351c_Pnn23ibT (c8990733-b48a-4bc6-9c70-517c2110f78f)
2020-01-28 16:45:19.819 4586 RALLYDEBUG rally_openstack.cleanup.manager [-] Deleting neutron.subnet object s_rally_9366351c_Yyx97nlK (bf97493f-93a8-46d0-9307-49ac527a3319)
2020-01-28 16:45:19.834 4586 RALLYDEBUG rally_openstack.cleanup.manager [-] Deleting neutron.subnet object s_rally_9366351c_qKt22A1u (511b4bdb-0718-4325-ad39-8792b680b13b)
2020-01-28 16:45:19.848 4586 RALLYDEBUG rally_openstack.cleanup.manager [-] Deleting neutron.subnet object s_rally_9366351c_ylwamZUl (64ab7795-2524-4d2e-930e-27071f888833)
2020-01-28 16:45:19.879 4586 RALLYDEBUG rally_openstack.cleanup.manager [-] Deleting neutron.subnet object s_rally_9366351c_5V1HUYh9 (77574e3d-aa9e-49ca-bb13-ae2e072c44a8)
2020-01-28 16:45:19.910 4586 RALLYDEBUG rally_openstack.cleanup.manager [-] Deleting neutron.subnet object s_rally_9366351c_pQyCEu0u (c4d3570c-c91e-459e-b5b9-2db2b4a2ef9d)
2020-01-28 16:45:19.911 4586 RALLYDEBUG rally_openstack.cleanup.manager [-] Deleting neutron.subnet object s_rally_9366351c_cGWhv3dH (e886f7f0-aea6-4aec-a53c-4add33f62ac3)
2020-01-28 16:45:25.817 4586 RALLYDEBUG rally_openstack.cleanup.manager [-] Cleaning up neutron network objects
2020-01-28 16:45:26.866 4586 RALLYDEBUG rally_openstack.cleanup.manager [-] Deleting neutron.network object s_rally_9366351c_mX9Rw8Mb (11a81b20-eb62-4cb0-938b-f022fec24d37)
2020-01-28 16:45:26.871 4586 RALLYDEBUG rally_openstack.cleanup.manager [-] Deleting neutron.network object s_rally_9366351c_Ip331a3T (a5f93dac-e50e-4ef0-9c3d-a06f5ea878af)
2020-01-28 16:45:26.876 4586 RALLYDEBUG rally_openstack.cleanup.manager [-] Deleting neutron.network object s_rally_9366351c_XLxjuxUe (ca555f71-e146-477b-8b25-0ecbe91fe5ab)
2020-01-28 16:45:26.883 4586 RALLYDEBUG rally_openstack.cleanup.manager [-] Deleting neutron.network object s_rally_9366351c_gUpLma1F (22beea6f-1547-4514-907f-4746e9b55c9e)
2020-01-28 16:45:26.900 4586 RALLYDEBUG rally_openstack.cleanup.manager [-] Deleting neutron.network object s_rally_9366351c_mGy2fHW2 (b0bd847d-b2ad-4f54-9e1a-dd91d1996d9e)
2020-01-28 16:45:26.916 4586 RALLYDEBUG rally_openstack.cleanup.manager [-] Deleting neutron.network object s_rally_9366351c_KtILjs47 (4e12fd9f-a70a-4ee0-b220-e2f29a0340d3)
2020-01-28 16:45:26.924 4586 RALLYDEBUG rally_openstack.cleanup.manager [-] Deleting neutron.network object s_rally_9366351c_fwAgEvW3 (5cc2cb5d-3b32-4723-b670-54b521d84933)
2020-01-28 16:45:26.926 4586 RALLYDEBUG rally_openstack.cleanup.manager [-] Deleting neutron.network object s_rally_9366351c_dCpWAhaF (6987373e-22c7-4248-a407-328d12d57f36)
2020-01-28 16:45:26.977 4586 RALLYDEBUG rally_openstack.cleanup.manager [-] Deleting neutron.network object s_rally_9366351c_MOtpIIA5 (6a85b191-115c-47ba-9f95-1dad58347aa4)
2020-01-28 16:45:26.987 4586 RALLYDEBUG rally_openstack.cleanup.manager [-] Deleting neutron.network object s_rally_9366351c_cg7I1cN9 (96dee9f5-d9c9-4bd3-b143-fe8c2268bf09)
2020-01-28 16:45:30.583 4586 RALLYDEBUG rally_openstack.cleanup.manager [-] Cleaning up neutron router objects
2020-01-28 16:45:31.405 4586 RALLYDEBUG rally_openstack.cleanup.manager [-] Cleaning up neutron security_group objects
2020-01-28 16:45:32.220 4586 INFO rally.task.context [-] Task abbb211e-07bf-4248-9d4b-ff1e7dcdda01 | Context cleanup@openstack cleanup() finished in 17.83 sec
2020-01-28 16:45:32.220 4586 INFO rally.task.context [-] Task abbb211e-07bf-4248-9d4b-ff1e7dcdda01 | Context quotas@openstack cleanup() started
2020-01-28 16:45:32.371 4586 INFO rally.task.context [-] Task abbb211e-07bf-4248-9d4b-ff1e7dcdda01 | Context quotas@openstack cleanup() finished in 0.15 sec
2020-01-28 16:45:32.371 4586 INFO rally.task.context [-] Task abbb211e-07bf-4248-9d4b-ff1e7dcdda01 | Context users@openstack cleanup() started
2020-01-28 16:45:35.231 4586 INFO rally.task.context [-] Task abbb211e-07bf-4248-9d4b-ff1e7dcdda01 | Context users@openstack cleanup() finished in 2.86 sec
2020-01-28 16:45:36.872 4586 INFO rally.task.engine [-] Load duration is: 43.982211
2020-01-28 16:45:36.872 4586 INFO rally.task.engine [-] Full runner duration is: 44.02757
2020-01-28 16:45:36.872 4586 INFO rally.task.engine [-] Full duration is: 66.642782
2020-01-28 16:45:36.965 4586 INFO rally.task.engine [-] Running workload: position = 0 config = { "version": 2, "title": "A cropped version of a bigger task.", "description": "Auto-generated task from a single workload (uuid=3022d6bd-a007-49f0-b0a8-6c038843b529)", "subtasks": [ { "title": "NeutronNetworks.create_and_delete_subnets", "description": "Create and delete a given number of subnets.", "scenario": { "NeutronNetworks.create_and_delete_subnets": { "network_create_args": {}, "subnet_cidr_start": "1.1.0.0/30", "subnet_create_args": {}, "subnets_per_network": 1 } }, "contexts": { "users": { "tenants": 3, "users_per_tenant": 2 }, "network": { "router": {} }, "quotas": { "neutron": { "network": -1, "subnet": -1 } } }, "runner": { "constant": { "concurrency": 4, "times": 10 } }, "hooks": [], "sla": { "failure_rate": { "max": 0 } } } ] }
2020-01-28 16:45:36.980 4586 RALLYDEBUG rally_openstack.contexts.keystone.users [-] Creating 3 tenants using 20 threads
2020-01-28 16:45:37.452 4586 RALLYDEBUG rally_openstack.contexts.keystone.users [-] Creating 6 users using 20 threads
2020-01-28 16:45:41.091 4586 INFO rally.task.context [-] Task abbb211e-07bf-4248-9d4b-ff1e7dcdda01 | Context users@openstack setup() finished in 4.11 sec
2020-01-28 16:45:41.556 4586 INFO rally.task.context [-] Task abbb211e-07bf-4248-9d4b-ff1e7dcdda01 | Context quotas@openstack setup() finished in 0.46 sec
2020-01-28 16:45:42.053 4586 RALLYDEBUG rally_openstack.wrappers.network [-] CIDR generated: 10.2.36.0/24
2020-01-28 16:45:42.847 4586 RALLYDEBUG rally_openstack.wrappers.network [-] CIDR generated: 10.2.37.0/24
2020-01-28 16:45:43.608 4586 RALLYDEBUG rally_openstack.wrappers.network [-] CIDR generated: 10.2.38.0/24
2020-01-28 16:45:44.109 4586 INFO rally.task.context [-] Task abbb211e-07bf-4248-9d4b-ff1e7dcdda01 | Context network@openstack setup() finished in 2.55 sec
2020-01-28 16:45:44.110 4586 INFO rally.task.context [-] Task abbb211e-07bf-4248-9d4b-ff1e7dcdda01 | Context cleanup@openstack setup() finished in 0.01 msec
2020-01-28 16:45:44.119 4586 RALLYDEBUG rally.task.runner [-] Starting the constant runner (task UUID: abbb211e-07bf-4248-9d4b-ff1e7dcdda01). timeout: 0 concurrency: 4 concurrency_per_worker: 1 times: 10 concurrency_overhead: 0 processes_to_start: 4 max_cpu_used: 88
2020-01-28 16:45:44.130 6978 RALLYDEBUG rally.task.runner [-] Starting a worker. concurrency: 1 args: {"network_create_args": {}, "subnet_cidr_start": "1.1.0.0/30", "subnet_create_args": {}, "subnets_per_network": 1} times: 10 method_name: run timeout: 0 duration: None cls:
2020-01-28 16:45:44.132 6979 RALLYDEBUG rally.task.runner [-] Starting a worker. concurrency: 1 args: {"network_create_args": {}, "subnet_cidr_start": "1.1.0.0/30", "subnet_create_args": {}, "subnets_per_network": 1} times: 10 method_name: run timeout: 0 duration: None cls:
2020-01-28 16:45:44.135 6980 RALLYDEBUG rally.task.runner [-] Starting a worker. concurrency: 1 args: {"network_create_args": {}, "subnet_cidr_start": "1.1.0.0/30", "subnet_create_args": {}, "subnets_per_network": 1} times: 10 method_name: run timeout: 0 duration: None cls:
2020-01-28 16:45:44.138 6978 INFO rally.task.runner [-] Task abbb211e-07bf-4248-9d4b-ff1e7dcdda01 | ITER: 1 START
2020-01-28 16:45:44.137 6981 RALLYDEBUG rally.task.runner [-] Starting a worker. concurrency: 1 args: {"network_create_args": {}, "subnet_cidr_start": "1.1.0.0/30", "subnet_create_args": {}, "subnets_per_network": 1} times: 10 method_name: run timeout: 0 duration: None cls:
2020-01-28 16:45:44.140 6978 RALLYDEBUG rally_openstack.wrappers.network [-] CIDR generated: 1.1.0.156/30
2020-01-28 16:45:44.141 6979 INFO rally.task.runner [-] Task abbb211e-07bf-4248-9d4b-ff1e7dcdda01 | ITER: 2 START
2020-01-28 16:45:44.143 6979 RALLYDEBUG rally_openstack.wrappers.network [-] CIDR generated: 1.1.0.160/30
2020-01-28 16:45:44.144 6980 INFO rally.task.runner [-] Task abbb211e-07bf-4248-9d4b-ff1e7dcdda01 | ITER: 3 START
2020-01-28 16:45:44.145 6981 INFO rally.task.runner [-] Task abbb211e-07bf-4248-9d4b-ff1e7dcdda01 | ITER: 4 START
2020-01-28 16:45:44.146 6980 RALLYDEBUG rally_openstack.wrappers.network [-] CIDR generated: 1.1.0.164/30
2020-01-28 16:45:44.147 6981 RALLYDEBUG rally_openstack.wrappers.network [-] CIDR generated: 1.1.0.168/30
2020-01-28 16:45:46.033 6979 INFO rally.task.runner [-] Task abbb211e-07bf-4248-9d4b-ff1e7dcdda01 | ITER: 2 END: OK
2020-01-28 16:45:46.040 6979 INFO rally.task.runner [-] Task abbb211e-07bf-4248-9d4b-ff1e7dcdda01 | ITER: 5 START
2020-01-28 16:45:46.041 6979 RALLYDEBUG rally_openstack.wrappers.network [-] CIDR generated: 1.1.0.172/30
2020-01-28 16:45:46.706 6980 INFO rally.task.runner [-] Task abbb211e-07bf-4248-9d4b-ff1e7dcdda01 | ITER: 3 END: OK
2020-01-28 16:45:46.712 6980 INFO rally.task.runner [-] Task abbb211e-07bf-4248-9d4b-ff1e7dcdda01 | ITER: 6 START
2020-01-28 16:45:46.713 6980 RALLYDEBUG rally_openstack.wrappers.network [-] CIDR generated: 1.1.0.176/30
2020-01-28 16:45:47.264 6981 INFO rally.task.runner [-] Task abbb211e-07bf-4248-9d4b-ff1e7dcdda01 | ITER: 4 END: OK
2020-01-28 16:45:47.271 6981 INFO rally.task.runner [-] Task abbb211e-07bf-4248-9d4b-ff1e7dcdda01 | ITER: 7 START
2020-01-28 16:45:47.272 6981 RALLYDEBUG rally_openstack.wrappers.network [-] CIDR generated: 1.1.0.180/30
2020-01-28 16:45:48.371 6980 INFO rally.task.runner [-] Task abbb211e-07bf-4248-9d4b-ff1e7dcdda01 | ITER: 6 END: OK
2020-01-28 16:45:48.376 6980 INFO rally.task.runner [-] Task abbb211e-07bf-4248-9d4b-ff1e7dcdda01 | ITER: 8 START
2020-01-28 16:45:48.378 6980 RALLYDEBUG rally_openstack.wrappers.network [-] CIDR generated: 1.1.0.184/30
2020-01-28 16:45:48.943 6979 INFO rally.task.runner [-] Task abbb211e-07bf-4248-9d4b-ff1e7dcdda01 | ITER: 5 END: OK
2020-01-28 16:45:48.948 6979 INFO rally.task.runner [-] Task abbb211e-07bf-4248-9d4b-ff1e7dcdda01 | ITER: 9 START
2020-01-28 16:45:48.949 6979 RALLYDEBUG rally_openstack.wrappers.network [-] CIDR generated: 1.1.0.188/30
2020-01-28 16:45:49.027 6981 INFO rally.task.runner [-] Task abbb211e-07bf-4248-9d4b-ff1e7dcdda01 | ITER: 7 END: OK
2020-01-28 16:45:49.032 6981 INFO rally.task.runner [-] Task abbb211e-07bf-4248-9d4b-ff1e7dcdda01 | ITER: 10 START
2020-01-28 16:45:49.034 6981 RALLYDEBUG rally_openstack.wrappers.network [-] CIDR generated: 1.1.0.192/30
2020-01-28 16:45:49.890 6978 INFO rally.task.runner [-] Task abbb211e-07bf-4248-9d4b-ff1e7dcdda01 | ITER: 1 END: OK
2020-01-28 16:45:50.605 6980 INFO rally.task.runner [-] Task abbb211e-07bf-4248-9d4b-ff1e7dcdda01 | ITER: 8 END: OK
2020-01-28 16:45:50.701 6981 INFO rally.task.runner [-] Task abbb211e-07bf-4248-9d4b-ff1e7dcdda01 | ITER: 10 END: OK
2020-01-28 16:45:51.338 6979 INFO rally.task.runner [-] Task abbb211e-07bf-4248-9d4b-ff1e7dcdda01 | ITER: 9 END: OK
2020-01-28 16:45:51.358 4586 INFO rally.task.context [-] Task abbb211e-07bf-4248-9d4b-ff1e7dcdda01 | Context cleanup@openstack cleanup() started
2020-01-28 16:45:51.361 4586 RALLYDEBUG rally_openstack.cleanup.manager [-] Cleaning up neutron vip objects
2020-01-28 16:45:51.967 4586 RALLYDEBUG rally_openstack.cleanup.manager [-] Cleaning up neutron health_monitor objects
2020-01-28 16:45:52.643 4586 RALLYDEBUG rally_openstack.cleanup.manager [-] Cleaning up neutron pool objects
2020-01-28 16:45:53.235 4586 RALLYDEBUG rally_openstack.cleanup.manager [-] Cleaning up neutron loadbalancer objects
2020-01-28 16:45:53.817 4586 RALLYDEBUG rally_openstack.cleanup.manager [-] Cleaning up neutron floatingip objects
2020-01-28 16:45:54.445 4586 RALLYDEBUG rally_openstack.cleanup.manager [-] Cleaning up neutron trunk objects
2020-01-28 16:45:54.627 4586 DEBUG neutronclient.v2_0.client [-] Error message: {"message": "The resource could not be found.

\n\n\n", "code": "404 Not Found", "title": "Not Found"} _handle_fault_response /usr/lib/python2.7/site-packages/neutronclient/v2_0/client.py:259
2020-01-28 16:45:54.827 4586 DEBUG neutronclient.v2_0.client [-] Error message: {"message": "The resource could not be found.

\n\n\n", "code": "404 Not Found", "title": "Not Found"} _handle_fault_response /usr/lib/python2.7/site-packages/neutronclient/v2_0/client.py:259
2020-01-28 16:45:55.016 4586 DEBUG neutronclient.v2_0.client [-] Error message: {"message": "The resource could not be found.

\n\n\n", "code": "404 Not Found", "title": "Not Found"} _handle_fault_response /usr/lib/python2.7/site-packages/neutronclient/v2_0/client.py:259
2020-01-28 16:45:55.025 4586 RALLYDEBUG rally_openstack.cleanup.manager [-] Cleaning up neutron port objects
2020-01-28 16:45:55.911 4586 RALLYDEBUG rally_openstack.cleanup.manager [-] Cleaning up neutron subnet objects
2020-01-28 16:45:56.755 4586 RALLYDEBUG rally_openstack.cleanup.manager [-] Cleaning up neutron network objects
2020-01-28 16:45:57.839 4586 RALLYDEBUG rally_openstack.cleanup.manager [-] Cleaning up neutron router objects
2020-01-28 16:45:58.661 4586 RALLYDEBUG rally_openstack.cleanup.manager [-] Cleaning up neutron security_group objects
2020-01-28 16:45:59.533 4586 INFO rally.task.context [-] Task abbb211e-07bf-4248-9d4b-ff1e7dcdda01 | Context cleanup@openstack cleanup() finished in 8.18 sec
2020-01-28 16:45:59.533 4586 INFO rally.task.context [-] Task abbb211e-07bf-4248-9d4b-ff1e7dcdda01 | Context network@openstack cleanup() started
2020-01-28 16:46:13.530 4586 INFO rally.task.context [-] Task abbb211e-07bf-4248-9d4b-ff1e7dcdda01 | Context network@openstack cleanup() finished in 14.00 sec
2020-01-28 16:46:13.531 4586 INFO rally.task.context [-] Task abbb211e-07bf-4248-9d4b-ff1e7dcdda01 | Context quotas@openstack cleanup() started
2020-01-28 16:46:13.647 4586 INFO rally.task.context [-] Task abbb211e-07bf-4248-9d4b-ff1e7dcdda01 | Context quotas@openstack cleanup() finished in 0.12 sec
2020-01-28 16:46:13.647 4586 INFO rally.task.context [-] Task abbb211e-07bf-4248-9d4b-ff1e7dcdda01 | Context users@openstack cleanup() started
2020-01-28 16:46:16.672 4586 INFO rally.task.context [-] Task abbb211e-07bf-4248-9d4b-ff1e7dcdda01 | Context users@openstack cleanup() finished in 3.03 sec
2020-01-28 16:46:17.153 4586 INFO rally.task.engine [-] Load duration is: 7.199794
2020-01-28 16:46:17.154 4586 INFO rally.task.engine [-] Full runner duration is: 7.238817
2020-01-28 16:46:17.154 4586 INFO rally.task.engine [-] Full duration is: 39.694622
2020-01-28 16:46:17.233 4586 INFO rally.task.engine [-] Running workload: position = 0 config = { "version": 2, "title": "A cropped version of a bigger task.", "description": "Auto-generated task from a single workload (uuid=9abc292a-a6ef-4238-ae54-d5e3d49ca7a6)", "subtasks": [ { "title": "NeutronNetworks.create_and_list_networks", "description": "Create a network and then list all networks.", "scenario": { "NeutronNetworks.create_and_list_networks": { "network_create_args": {} } }, "contexts": { "users": { "tenants": 3, "users_per_tenant": 2 }, "quotas": { "neutron": { "network": -1 } } }, "runner": { "constant": { "concurrency": 4, "times": 10 } }, "hooks": [], "sla": { "failure_rate": { "max": 0 } } } ] }
2020-01-28 16:46:17.255 4586 RALLYDEBUG rally_openstack.contexts.keystone.users [-] Creating 3 tenants using 20 threads
2020-01-28 16:46:17.646 4586 RALLYDEBUG rally_openstack.contexts.keystone.users [-] Creating 6 users using 20 threads
2020-01-28 16:46:18.340 4586 INFO rally.task.context [-] Task abbb211e-07bf-4248-9d4b-ff1e7dcdda01 | Context users@openstack setup() finished in 1.08 sec
2020-01-28 16:46:18.780 4586 INFO rally.task.context [-] Task abbb211e-07bf-4248-9d4b-ff1e7dcdda01 | Context quotas@openstack setup() finished in 0.44 sec
2020-01-28 16:46:18.780 4586 INFO rally.task.context [-] Task abbb211e-07bf-4248-9d4b-ff1e7dcdda01 | Context cleanup@openstack setup() finished in 0.00 msec
2020-01-28 16:46:18.788 4586 RALLYDEBUG rally.task.runner [-] Starting the constant runner (task UUID: abbb211e-07bf-4248-9d4b-ff1e7dcdda01). timeout: 0 concurrency: 4 concurrency_per_worker: 1 times: 10 concurrency_overhead: 0 processes_to_start: 4 max_cpu_used: 88
2020-01-28 16:46:18.800 7302 RALLYDEBUG rally.task.runner [-] Starting a worker. concurrency: 1 args: {"network_create_args": {}} times: 10 method_name: run timeout: 0 duration: None cls:
2020-01-28 16:46:18.803 7303 RALLYDEBUG rally.task.runner [-] Starting a worker. concurrency: 1 args: {"network_create_args": {}} times: 10 method_name: run timeout: 0 duration: None cls:
2020-01-28 16:46:18.805 7304 RALLYDEBUG rally.task.runner [-] Starting a worker. concurrency: 1 args: {"network_create_args": {}} times: 10 method_name: run timeout: 0 duration: None cls:
2020-01-28 16:46:18.808 7302 INFO rally.task.runner [-] Task abbb211e-07bf-4248-9d4b-ff1e7dcdda01 | ITER: 1 START
2020-01-28 16:46:18.808 7305 RALLYDEBUG rally.task.runner [-] Starting a worker. concurrency: 1 args: {"network_create_args": {}} times: 10 method_name: run timeout: 0 duration: None cls:
2020-01-28 16:46:18.811 7303 INFO rally.task.runner [-] Task abbb211e-07bf-4248-9d4b-ff1e7dcdda01 | ITER: 2 START
2020-01-28 16:46:18.812 7304 INFO rally.task.runner [-] Task abbb211e-07bf-4248-9d4b-ff1e7dcdda01 | ITER: 3 START
2020-01-28 16:46:18.815 7305 INFO rally.task.runner [-] Task abbb211e-07bf-4248-9d4b-ff1e7dcdda01 | ITER: 4 START
2020-01-28 16:46:19.815 7305 INFO rally.task.runner [-] Task abbb211e-07bf-4248-9d4b-ff1e7dcdda01 | ITER: 4 END: OK
2020-01-28 16:46:19.820 7305 INFO rally.task.runner [-] Task abbb211e-07bf-4248-9d4b-ff1e7dcdda01 | ITER: 5 START
2020-01-28 16:46:19.989 7302 INFO rally.task.runner [-] Task abbb211e-07bf-4248-9d4b-ff1e7dcdda01 | ITER: 1 END: OK
2020-01-28 16:46:19.994 7302 INFO rally.task.runner [-] Task abbb211e-07bf-4248-9d4b-ff1e7dcdda01 | ITER: 6 START
2020-01-28 16:46:20.266 7304 INFO rally.task.runner [-] Task abbb211e-07bf-4248-9d4b-ff1e7dcdda01 | ITER: 3 END: OK
2020-01-28 16:46:20.268 7303 INFO rally.task.runner [-] Task abbb211e-07bf-4248-9d4b-ff1e7dcdda01 | ITER: 2 END: OK
2020-01-28 16:46:20.272 7304 INFO rally.task.runner [-] Task abbb211e-07bf-4248-9d4b-ff1e7dcdda01 | ITER: 7 START
2020-01-28 16:46:20.274 7303 INFO rally.task.runner [-] Task abbb211e-07bf-4248-9d4b-ff1e7dcdda01 | ITER: 8 START
2020-01-28 16:46:20.472 7305 INFO rally.task.runner [-] Task abbb211e-07bf-4248-9d4b-ff1e7dcdda01 | ITER: 5 END: OK
2020-01-28 16:46:20.477 7305 INFO rally.task.runner [-] Task abbb211e-07bf-4248-9d4b-ff1e7dcdda01 | ITER: 9 START
2020-01-28 16:46:20.791 7302 INFO rally.task.runner [-] Task abbb211e-07bf-4248-9d4b-ff1e7dcdda01 | ITER: 6 END: OK
2020-01-28 16:46:20.796 7302 INFO rally.task.runner [-] Task abbb211e-07bf-4248-9d4b-ff1e7dcdda01 | ITER: 10 START
2020-01-28 16:46:21.276 7304 INFO rally.task.runner [-] Task abbb211e-07bf-4248-9d4b-ff1e7dcdda01 | ITER: 7 END: OK
2020-01-28 16:46:21.435 7302 INFO rally.task.runner [-] Task abbb211e-07bf-4248-9d4b-ff1e7dcdda01 | ITER: 10 END: OK
2020-01-28 16:46:21.467 7303 INFO rally.task.runner [-] Task abbb211e-07bf-4248-9d4b-ff1e7dcdda01 | ITER: 8 END: OK
2020-01-28 16:46:21.502 7305 INFO rally.task.runner [-] Task abbb211e-07bf-4248-9d4b-ff1e7dcdda01 | ITER: 9 END: OK
2020-01-28 16:46:21.527 4586 INFO rally.task.context [-] Task abbb211e-07bf-4248-9d4b-ff1e7dcdda01 | Context cleanup@openstack cleanup() started
2020-01-28 16:46:21.530 4586 RALLYDEBUG rally_openstack.cleanup.manager [-] Cleaning up neutron vip objects
2020-01-28 16:46:22.210 4586 RALLYDEBUG rally_openstack.cleanup.manager [-] Cleaning up neutron health_monitor objects
2020-01-28 16:46:22.830 4586 RALLYDEBUG rally_openstack.cleanup.manager [-] Cleaning up neutron pool objects
2020-01-28 16:46:23.528 4586 RALLYDEBUG rally_openstack.cleanup.manager [-] Cleaning up neutron loadbalancer objects
2020-01-28 16:46:24.086 4586 RALLYDEBUG rally_openstack.cleanup.manager [-] Cleaning up neutron floatingip objects
2020-01-28 16:46:24.706 4586 RALLYDEBUG rally_openstack.cleanup.manager [-] Cleaning up neutron trunk objects
2020-01-28 16:46:24.888 4586 DEBUG neutronclient.v2_0.client [-] Error message: {"message": "The resource could not be found.

\n\n\n", "code": "404 Not Found", "title": "Not Found"} _handle_fault_response /usr/lib/python2.7/site-packages/neutronclient/v2_0/client.py:259
2020-01-28 16:46:25.088 4586 DEBUG neutronclient.v2_0.client [-] Error message: {"message": "The resource could not be found.

\n\n\n", "code": "404 Not Found", "title": "Not Found"} _handle_fault_response /usr/lib/python2.7/site-packages/neutronclient/v2_0/client.py:259
2020-01-28 16:46:25.282 4586 DEBUG neutronclient.v2_0.client [-] Error message: {"message": "The resource could not be found.

\n\n\n", "code": "404 Not Found", "title": "Not Found"} _handle_fault_response /usr/lib/python2.7/site-packages/neutronclient/v2_0/client.py:259
2020-01-28 16:46:25.290 4586 RALLYDEBUG rally_openstack.cleanup.manager [-] Cleaning up neutron port objects
2020-01-28 16:46:26.026 4586 RALLYDEBUG rally_openstack.cleanup.manager [-] Cleaning up neutron subnet objects
2020-01-28 16:46:26.693 4586 RALLYDEBUG rally_openstack.cleanup.manager [-] Cleaning up neutron network objects
2020-01-28 16:46:27.680 4586 RALLYDEBUG rally_openstack.cleanup.manager [-] Deleting neutron.network object s_rally_9abc292a_R2rkxifa (fb87a28f-803a-43fd-892c-e83812742175)
2020-01-28 16:46:27.697 4586 RALLYDEBUG rally_openstack.cleanup.manager [-] Deleting neutron.network object s_rally_9abc292a_H4ryIHvy (c40a1c53-8839-4a35-95ab-5b381052e286)
2020-01-28 16:46:27.697 4586 RALLYDEBUG rally_openstack.cleanup.manager [-] Deleting neutron.network object s_rally_9abc292a_1Lvbd3EY (8e9d51f9-00d1-42ed-8414-bdebb57174b6)
2020-01-28 16:46:27.698 4586 RALLYDEBUG rally_openstack.cleanup.manager [-] Deleting neutron.network object s_rally_9abc292a_7C7DlauB (d1232f0c-fff2-4db4-b5d2-7ef336e8fa24)
2020-01-28 16:46:27.719 4586 RALLYDEBUG rally_openstack.cleanup.manager [-] Deleting neutron.network object s_rally_9abc292a_ZcB4xtdr (da717532-44a7-46ce-8291-06252233f6a6)
2020-01-28 16:46:27.731 4586 RALLYDEBUG rally_openstack.cleanup.manager [-] Deleting neutron.network object s_rally_9abc292a_OtR0OQfg (fe3cc00d-a19d-43a2-9cea-7a985f1894e2)
2020-01-28 16:46:27.735 4586 RALLYDEBUG rally_openstack.cleanup.manager [-] Deleting neutron.network object s_rally_9abc292a_SFzqeLhr (10f07209-dfe6-4b6c-ae03-a1563e3d4e39)
2020-01-28 16:46:27.744 4586 RALLYDEBUG rally_openstack.cleanup.manager [-] Deleting neutron.network object s_rally_9abc292a_JcJwj2W3 (a9e08c47-3413-43ca-a4a9-f2292dfdbc57)
2020-01-28 16:46:27.745 4586 RALLYDEBUG rally_openstack.cleanup.manager [-] Deleting neutron.network object s_rally_9abc292a_0IqPZGi3 (e8bd9bb1-b08c-4ca1-aa14-e7f18fe76e4f)
2020-01-28 16:46:27.753 4586 RALLYDEBUG rally_openstack.cleanup.manager [-] Deleting neutron.network object s_rally_9abc292a_OxvFnjR8 (1fdfc288-8f56-485b-b607-673440b8d2f7)
2020-01-28 16:46:30.951 4586 RALLYDEBUG rally_openstack.cleanup.manager [-] Cleaning up neutron router objects
2020-01-28 16:46:31.689 4586 RALLYDEBUG rally_openstack.cleanup.manager [-] Cleaning up neutron security_group objects
2020-01-28 16:46:32.503 4586 INFO rally.task.context [-] Task abbb211e-07bf-4248-9d4b-ff1e7dcdda01 | Context cleanup@openstack cleanup() finished in 10.98 sec
2020-01-28 16:46:32.504 4586 INFO rally.task.context [-] Task abbb211e-07bf-4248-9d4b-ff1e7dcdda01 | Context quotas@openstack cleanup() started
2020-01-28 16:46:32.630 4586 INFO rally.task.context [-] Task abbb211e-07bf-4248-9d4b-ff1e7dcdda01 | Context quotas@openstack cleanup() finished in 0.13 sec
2020-01-28 16:46:32.630 4586 INFO rally.task.context [-] Task abbb211e-07bf-4248-9d4b-ff1e7dcdda01 | Context users@openstack cleanup() started
2020-01-28 16:46:38.711 4586 INFO rally.task.context [-] Task abbb211e-07bf-4248-9d4b-ff1e7dcdda01 | Context users@openstack cleanup() finished in 6.08 sec
2020-01-28 16:46:39.362 4586 INFO rally.task.engine [-] Load duration is: 2.692466
2020-01-28 16:46:39.362 4586 INFO rally.task.engine [-] Full runner duration is: 2.73945
2020-01-28 16:46:39.363 4586 INFO rally.task.engine [-] Full duration is: 21.461952
2020-01-28 16:46:39.446 4586 INFO rally.task.engine [-] Running workload: position = 0 config = { "version": 2, "title": "A cropped version of a bigger task.", "description": "Auto-generated task from a single workload (uuid=7eeaa92f-18a4-4be3-90f6-0800c9938291)", "subtasks": [ { "title": "NeutronNetworks.create_and_list_ports", "description": "Create and a given number of ports and list all ports.", "scenario": { "NeutronNetworks.create_and_list_ports": { "network_create_args": {}, "port_create_args": {}, "ports_per_network": 1 } }, "contexts": { "users": { "tenants": 3, "users_per_tenant": 2 }, "network": { "router": {} }, "quotas": { "neutron": { "network": -1, "port": -1 } } }, "runner": { "constant": { "concurrency": 4, "times": 10 } }, "hooks": [], "sla": { "failure_rate": { "max": 0 } } } ] }
2020-01-28 16:46:39.461 4586 RALLYDEBUG rally_openstack.contexts.keystone.users [-] Creating 3 tenants using 20 threads
2020-01-28 16:46:39.874 4586 RALLYDEBUG rally_openstack.contexts.keystone.users [-] Creating 6 users using 20 threads
2020-01-28 16:46:40.633 4586 INFO rally.task.context [-] Task abbb211e-07bf-4248-9d4b-ff1e7dcdda01 | Context users@openstack setup() finished in 1.17 sec
2020-01-28 16:46:41.150 4586 INFO rally.task.context [-] Task abbb211e-07bf-4248-9d4b-ff1e7dcdda01 | Context quotas@openstack setup() finished in 0.52 sec
2020-01-28 16:46:41.690 4586 RALLYDEBUG rally_openstack.wrappers.network [-] CIDR generated: 10.2.49.0/24
2020-01-28 16:46:42.452 4586 RALLYDEBUG rally_openstack.wrappers.network [-] CIDR generated: 10.2.50.0/24
2020-01-28 16:46:43.402 4586 RALLYDEBUG rally_openstack.wrappers.network [-] CIDR generated: 10.2.51.0/24
2020-01-28 16:46:43.913 4586 INFO rally.task.context [-] Task abbb211e-07bf-4248-9d4b-ff1e7dcdda01 | Context network@openstack setup() finished in 2.76 sec
2020-01-28 16:46:43.914 4586 INFO rally.task.context [-] Task abbb211e-07bf-4248-9d4b-ff1e7dcdda01 | Context cleanup@openstack setup() finished in 0.12 msec
2020-01-28 16:46:43.923 4586 RALLYDEBUG rally.task.runner [-] Starting the constant runner (task UUID: abbb211e-07bf-4248-9d4b-ff1e7dcdda01). timeout: 0 concurrency: 4 concurrency_per_worker: 1 times: 10 concurrency_overhead: 0 processes_to_start: 4 max_cpu_used: 88
2020-01-28 16:46:43.940 7626 RALLYDEBUG rally.task.runner [-] Starting a worker. concurrency: 1 args: {"network_create_args": {}, "port_create_args": {}, "ports_per_network": 1} times: 10 method_name: run timeout: 0 duration: None cls:
2020-01-28 16:46:43.942 7627 RALLYDEBUG rally.task.runner [-] Starting a worker. concurrency: 1 args: {"network_create_args": {}, "port_create_args": {}, "ports_per_network": 1} times: 10 method_name: run timeout: 0 duration: None cls:
2020-01-28 16:46:43.945 7628 RALLYDEBUG rally.task.runner [-] Starting a worker. concurrency: 1 args: {"network_create_args": {}, "port_create_args": {}, "ports_per_network": 1} times: 10 method_name: run timeout: 0 duration: None cls:
2020-01-28 16:46:43.948 7626 INFO rally.task.runner [-] Task abbb211e-07bf-4248-9d4b-ff1e7dcdda01 | ITER: 1 START
2020-01-28 16:46:43.948 7629 RALLYDEBUG rally.task.runner [-] Starting a worker. concurrency: 1 args: {"network_create_args": {}, "port_create_args": {}, "ports_per_network": 1} times: 10 method_name: run timeout: 0 duration: None cls:
2020-01-28 16:46:43.951 7627 INFO rally.task.runner [-] Task abbb211e-07bf-4248-9d4b-ff1e7dcdda01 | ITER: 2 START
2020-01-28 16:46:43.953 7628 INFO rally.task.runner [-] Task abbb211e-07bf-4248-9d4b-ff1e7dcdda01 | ITER: 3 START
2020-01-28 16:46:43.956 7629 INFO rally.task.runner [-] Task abbb211e-07bf-4248-9d4b-ff1e7dcdda01 | ITER: 4 START
2020-01-28 16:46:45.649 7627 INFO rally.task.runner [-] Task abbb211e-07bf-4248-9d4b-ff1e7dcdda01 | ITER: 2 END: OK
2020-01-28 16:46:45.656 7627 INFO rally.task.runner [-] Task abbb211e-07bf-4248-9d4b-ff1e7dcdda01 | ITER: 5 START
2020-01-28 16:46:45.837 7626 INFO rally.task.runner [-] Task abbb211e-07bf-4248-9d4b-ff1e7dcdda01 | ITER: 1 END: OK
2020-01-28 16:46:45.843 7626 INFO rally.task.runner [-] Task abbb211e-07bf-4248-9d4b-ff1e7dcdda01 | ITER: 6 START
2020-01-28 16:46:46.060 7628 INFO rally.task.runner [-] Task abbb211e-07bf-4248-9d4b-ff1e7dcdda01 | ITER: 3 END: OK
2020-01-28 16:46:46.066 7628 INFO rally.task.runner [-] Task abbb211e-07bf-4248-9d4b-ff1e7dcdda01 | ITER: 7 START
2020-01-28 16:46:46.198 7629 INFO rally.task.runner [-] Task abbb211e-07bf-4248-9d4b-ff1e7dcdda01 | ITER: 4 END: OK
2020-01-28 16:46:46.204 7629 INFO rally.task.runner [-] Task abbb211e-07bf-4248-9d4b-ff1e7dcdda01 | ITER: 8 START
2020-01-28 16:46:47.459 7627 INFO rally.task.runner [-] Task abbb211e-07bf-4248-9d4b-ff1e7dcdda01 | ITER: 5 END: OK
2020-01-28 16:46:47.464 7627 INFO rally.task.runner [-] Task abbb211e-07bf-4248-9d4b-ff1e7dcdda01 | ITER: 9 START
2020-01-28 16:46:47.563 7628 INFO rally.task.runner [-] Task abbb211e-07bf-4248-9d4b-ff1e7dcdda01 | ITER: 7 END: OK
2020-01-28 16:46:47.569 7628 INFO rally.task.runner [-] Task abbb211e-07bf-4248-9d4b-ff1e7dcdda01 | ITER: 10 START
2020-01-28 16:46:47.612 7626 INFO rally.task.runner [-] Task abbb211e-07bf-4248-9d4b-ff1e7dcdda01 | ITER: 6 END: OK
2020-01-28 16:46:47.799 7629 INFO rally.task.runner [-] Task abbb211e-07bf-4248-9d4b-ff1e7dcdda01 | ITER: 8 END: OK
2020-01-28 16:46:49.010 7627 INFO rally.task.runner [-] Task abbb211e-07bf-4248-9d4b-ff1e7dcdda01 | ITER: 9 END: OK
2020-01-28 16:46:49.063 7628 INFO rally.task.runner [-] Task abbb211e-07bf-4248-9d4b-ff1e7dcdda01 | ITER: 10 END: OK
2020-01-28 16:46:49.086 4586 INFO rally.task.context [-] Task abbb211e-07bf-4248-9d4b-ff1e7dcdda01 | Context cleanup@openstack cleanup() started
2020-01-28 16:46:49.089 4586 RALLYDEBUG rally_openstack.cleanup.manager [-] Cleaning up neutron vip objects
2020-01-28 16:46:49.695 4586 RALLYDEBUG rally_openstack.cleanup.manager [-] Cleaning up neutron health_monitor objects
2020-01-28 16:46:50.381 4586 RALLYDEBUG rally_openstack.cleanup.manager [-] Cleaning up neutron pool objects
2020-01-28 16:46:50.991 4586 RALLYDEBUG rally_openstack.cleanup.manager [-] Cleaning up neutron loadbalancer objects
2020-01-28 16:46:51.579 4586 RALLYDEBUG rally_openstack.cleanup.manager [-] Cleaning up neutron floatingip objects
2020-01-28 16:46:52.225 4586 RALLYDEBUG rally_openstack.cleanup.manager [-] Cleaning up neutron trunk objects
2020-01-28 16:46:52.419 4586 DEBUG neutronclient.v2_0.client [-] Error message: {"message": "The resource could not be found.

\n\n\n", "code": "404 Not Found", "title": "Not Found"} _handle_fault_response /usr/lib/python2.7/site-packages/neutronclient/v2_0/client.py:259
2020-01-28 16:46:52.619 4586 DEBUG neutronclient.v2_0.client [-] Error message: {"message": "The resource could not be found.

\n\n\n", "code": "404 Not Found", "title": "Not Found"} _handle_fault_response /usr/lib/python2.7/site-packages/neutronclient/v2_0/client.py:259
2020-01-28 16:46:52.814 4586 DEBUG neutronclient.v2_0.client [-] Error message: {"message": "The resource could not be found.

\n\n\n", "code": "404 Not Found", "title": "Not Found"} _handle_fault_response /usr/lib/python2.7/site-packages/neutronclient/v2_0/client.py:259
2020-01-28 16:46:52.823 4586 RALLYDEBUG rally_openstack.cleanup.manager [-] Cleaning up neutron port objects
2020-01-28 16:46:53.775 4586 RALLYDEBUG rally_openstack.cleanup.manager [-] Deleting neutron.port object s_rally_7eeaa92f_TqUwIc5v (b5c0b61c-a1c7-4600-88cc-f353fd2b541f)
2020-01-28 16:46:53.781 4586 RALLYDEBUG rally_openstack.cleanup.manager [-] Deleting neutron.port object s_rally_7eeaa92f_UJUYPKNG (c3363b72-422f-4c02-9a41-40e20fe6ea45)
2020-01-28 16:46:53.785 4586 RALLYDEBUG rally_openstack.cleanup.manager [-] Deleting neutron.port object s_rally_7eeaa92f_39VuwP2v (3c449458-e7c4-4158-9972-cbb6b9be1763)
2020-01-28 16:46:53.798 4586 RALLYDEBUG rally_openstack.cleanup.manager [-] Deleting neutron.port object s_rally_7eeaa92f_2PMOZMkj (84d2e001-6221-4a5e-a211-97da2b1242aa)
2020-01-28 16:46:53.795 4586 RALLYDEBUG rally_openstack.cleanup.manager [-] Deleting neutron.port object s_rally_7eeaa92f_mzIOb6Ti (11e90204-eca0-46be-a0ca-f6375e7fdba8)
2020-01-28 16:46:53.793 4586 RALLYDEBUG rally_openstack.cleanup.manager [-] Deleting neutron.port object s_rally_7eeaa92f_tb5mX6IZ (19d5f530-75c4-4e72-84d9-e635f5185ad6)
2020-01-28 16:46:53.821 4586 RALLYDEBUG rally_openstack.cleanup.manager [-] Deleting neutron.port object s_rally_7eeaa92f_DhCGwrId (c6448137-9fdc-461a-aa87-2c5f2bd27de3)
2020-01-28 16:46:53.860 4586 RALLYDEBUG rally_openstack.cleanup.manager [-] Deleting neutron.port object s_rally_7eeaa92f_uqHvcWP8 (a3171dd6-8168-48c6-879d-638170bc7477)
2020-01-28 16:46:53.863 4586 RALLYDEBUG rally_openstack.cleanup.manager [-] Deleting neutron.port object s_rally_7eeaa92f_jQ8a6s2z (6f0e4fe2-8cd2-40f5-a650-788e245ef24f)
2020-01-28 16:46:53.889 4586 RALLYDEBUG rally_openstack.cleanup.manager [-] Deleting neutron.port object s_rally_7eeaa92f_WYZwtfHf (d3f8b1eb-9a61-49e4-b62a-5b2f1616cc46)
2020-01-28 16:46:56.741 4586 RALLYDEBUG rally_openstack.cleanup.manager [-] Cleaning up neutron subnet objects
2020-01-28 16:46:57.745 4586 RALLYDEBUG rally_openstack.cleanup.manager [-] Cleaning up neutron network objects
2020-01-28 16:46:58.844 4586 RALLYDEBUG rally_openstack.cleanup.manager [-] Cleaning up neutron router objects
2020-01-28 16:46:59.619 4586 RALLYDEBUG rally_openstack.cleanup.manager [-] Cleaning up neutron security_group objects
2020-01-28 16:47:00.441 4586 INFO rally.task.context [-] Task abbb211e-07bf-4248-9d4b-ff1e7dcdda01 | Context cleanup@openstack cleanup() finished in 11.36 sec
2020-01-28 16:47:00.442 4586 INFO rally.task.context [-] Task abbb211e-07bf-4248-9d4b-ff1e7dcdda01 | Context network@openstack cleanup() started
2020-01-28 16:47:15.241 4586 INFO rally.task.context [-] Task abbb211e-07bf-4248-9d4b-ff1e7dcdda01 | Context network@openstack cleanup() finished in 14.80 sec
2020-01-28 16:47:15.242 4586 INFO rally.task.context [-] Task abbb211e-07bf-4248-9d4b-ff1e7dcdda01 | Context quotas@openstack cleanup() started
2020-01-28 16:47:15.352 4586 INFO rally.task.context [-] Task abbb211e-07bf-4248-9d4b-ff1e7dcdda01 | Context quotas@openstack cleanup() finished in 0.11 sec
2020-01-28 16:47:15.353 4586 INFO rally.task.context [-] Task abbb211e-07bf-4248-9d4b-ff1e7dcdda01 | Context users@openstack cleanup() started
2020-01-28 16:47:18.342 4586 INFO rally.task.context [-] Task abbb211e-07bf-4248-9d4b-ff1e7dcdda01 | Context users@openstack cleanup() finished in 2.99 sec
2020-01-28 16:47:19.640 4586 INFO rally.task.engine [-] Load duration is: 5.113992
2020-01-28 16:47:19.641 4586 INFO rally.task.engine [-] Full runner duration is: 5.163272
2020-01-28 16:47:19.641 4586 INFO rally.task.engine [-] Full duration is: 38.883866
2020-01-28 16:47:19.726 4586 INFO rally.task.engine [-] Running workload: position = 0 config = { "version": 2, "title": "A cropped version of a bigger task.", "description": "Auto-generated task from a single workload (uuid=14ebd610-3178-4d91-93ae-6be20001bddb)", "subtasks": [ { "title": "NeutronNetworks.create_and_list_routers", "description": "Create and a given number of routers and list all routers.", "scenario": { "NeutronNetworks.create_and_list_routers": { "network_create_args": {}, "router_create_args": {}, "subnet_cidr_start": "1.1.0.0/30", "subnet_create_args": {}, "subnets_per_network": 1 } }, "contexts": { "users": { "tenants": 3, "users_per_tenant": 2 }, "quotas": { "neutron": { "network": -1, "subnet": -1, "router": -1 } } }, "runner": { "constant": { "concurrency": 4, "times": 10 } }, "hooks": [], "sla": { "failure_rate": { "max": 0 } } } ] }
2020-01-28 16:47:19.748 4586 RALLYDEBUG rally_openstack.contexts.keystone.users [-] Creating 3 tenants using 20 threads
2020-01-28 16:47:20.143 4586 RALLYDEBUG rally_openstack.contexts.keystone.users [-] Creating 6 users using 20 threads
2020-01-28 16:47:20.911 4586 INFO rally.task.context [-] Task abbb211e-07bf-4248-9d4b-ff1e7dcdda01 | Context users@openstack setup() finished in 1.16 sec
2020-01-28 16:47:21.417 4586 INFO rally.task.context [-] Task abbb211e-07bf-4248-9d4b-ff1e7dcdda01 | Context quotas@openstack setup() finished in 0.50 sec
2020-01-28 16:47:21.417 4586 INFO rally.task.context [-] Task abbb211e-07bf-4248-9d4b-ff1e7dcdda01 | Context cleanup@openstack setup() finished in 0.02 msec
2020-01-28 16:47:21.426 4586 RALLYDEBUG rally.task.runner [-] Starting the constant runner (task UUID: abbb211e-07bf-4248-9d4b-ff1e7dcdda01). timeout: 0 concurrency: 4 concurrency_per_worker: 1 times: 10 concurrency_overhead: 0 processes_to_start: 4 max_cpu_used: 88
2020-01-28 16:47:21.439 7950 RALLYDEBUG rally.task.runner [-] Starting a worker. concurrency: 1 args: {"network_create_args": {}, "router_create_args": {}, "subnet_cidr_start": "1.1.0.0/30", "subnet_create_args": {}, "subnets_per_network": 1} times: 10 method_name: run timeout: 0 duration: None cls:
2020-01-28 16:47:21.441 7951 RALLYDEBUG rally.task.runner [-] Starting a worker. concurrency: 1 args: {"network_create_args": {}, "router_create_args": {}, "subnet_cidr_start": "1.1.0.0/30", "subnet_create_args": {}, "subnets_per_network": 1} times: 10 method_name: run timeout: 0 duration: None cls:
