2020-01-28 16:49:44.554 4586 RALLYDEBUG rally_openstack.cleanup.manager [-] Deleting neutron.security_group object s_rally_c61b9c42_jiWlr4EQ (590609c4-b50c-4c37-a89b-b480fe13347e)
2020-01-28 16:49:44.560 4586 RALLYDEBUG rally_openstack.cleanup.manager [-] Deleting neutron.security_group object s_rally_c61b9c42_JKLMHQAg (50f0e429-1ca0-4975-b99f-772310e64faa)
2020-01-28 16:49:44.565 4586 RALLYDEBUG rally_openstack.cleanup.manager [-] Deleting neutron.security_group object s_rally_c61b9c42_RKoi8q2N (94349846-acb4-47fc-9e65-5eb4cbf819f1)
2020-01-28 16:49:44.571 4586 RALLYDEBUG rally_openstack.cleanup.manager [-] Deleting neutron.security_group object s_rally_c61b9c42_AN9SDSJb (c408bf88-aeb8-449b-9820-04a962dc32db)
2020-01-28 16:49:44.591 4586 RALLYDEBUG rally_openstack.cleanup.manager [-] Deleting neutron.security_group object s_rally_c61b9c42_NubRHrOn (d0724dae-2895-404d-b8ed-e409ab4d3b30)
2020-01-28 16:49:44.589 4586 RALLYDEBUG rally_openstack.cleanup.manager [-] Deleting neutron.security_group object s_rally_c61b9c42_sIPjpxFC (aa2cd432-8ecd-4804-acc1-5a5247639205)
2020-01-28 16:49:44.594 4586 RALLYDEBUG rally_openstack.cleanup.manager [-] Deleting neutron.security_group object s_rally_c61b9c42_0xNqySsq (2e8dfad1-0ab6-4234-99a4-fc7c17394ce1)
2020-01-28 16:49:44.599 4586 RALLYDEBUG rally_openstack.cleanup.manager [-] Deleting neutron.security_group object s_rally_c61b9c42_PNnKcPwM (b5c0cf00-7013-44e1-94f4-03f916f334eb)
2020-01-28 16:49:49.105 4586 INFO rally.task.context [-] Task abbb211e-07bf-4248-9d4b-ff1e7dcdda01 | Context cleanup@openstack cleanup() finished in 12.17 sec
2020-01-28 16:49:49.106 4586 INFO rally.task.context [-] Task abbb211e-07bf-4248-9d4b-ff1e7dcdda01 | Context quotas@openstack cleanup() started
2020-01-28 16:49:49.240 4586 INFO rally.task.context [-] Task abbb211e-07bf-4248-9d4b-ff1e7dcdda01 | Context quotas@openstack cleanup() finished in 0.13 sec
2020-01-28 16:49:49.241 4586 INFO rally.task.context [-] Task abbb211e-07bf-4248-9d4b-ff1e7dcdda01 | Context users@openstack cleanup() started
2020-01-28 16:49:52.124 4586 INFO rally.task.context [-] Task abbb211e-07bf-4248-9d4b-ff1e7dcdda01 | Context users@openstack cleanup() finished in 2.88 sec
2020-01-28 16:49:52.925 4586 INFO rally.task.engine [-] Load duration is: 2.331009
2020-01-28 16:49:52.926 4586 INFO rally.task.engine [-] Full runner duration is: 2.379299
2020-01-28 16:49:52.926 4586 INFO rally.task.engine [-] Full duration is: 19.338888
2020-01-28 16:49:53.012 4586 INFO rally.task.engine [-] Running workload: position = 0 config = { "version": 2, "title": "A cropped version of a bigger task.", "description": "Auto-generated task from a single workload (uuid=a96a0145-3c9a-498c-84be-99645da09c7f)", "subtasks": [ { "title": "NeutronSecurityGroup.create_and_show_security_group", "description": "Create and show Neutron security-group.", "scenario": { "NeutronSecurityGroup.create_and_show_security_group": {} }, "contexts": { "users": { "tenants": 3, "users_per_tenant": 2 }, "quotas": { "neutron": { "security_group": -1 } } }, "runner": { "constant": { "concurrency": 4, "times": 10 } }, "hooks": [], "sla": { "failure_rate": { "max": 0 } } } ] }
2020-01-28 16:49:53.025 4586 RALLYDEBUG rally_openstack.contexts.keystone.users [-] Creating 3 tenants using 20 threads
2020-01-28 16:49:53.595 4586 RALLYDEBUG rally_openstack.contexts.keystone.users [-] Creating 6 users using 20 threads
2020-01-28 16:49:54.384 4586 INFO rally.task.context [-] Task abbb211e-07bf-4248-9d4b-ff1e7dcdda01 | Context users@openstack setup() finished in 1.36 sec
2020-01-28 16:49:54.810 4586 INFO rally.task.context [-] Task abbb211e-07bf-4248-9d4b-ff1e7dcdda01 | Context quotas@openstack setup() finished in 0.43 sec
2020-01-28 16:49:54.810 4586 INFO rally.task.context [-] Task abbb211e-07bf-4248-9d4b-ff1e7dcdda01 | Context cleanup@openstack setup() finished in 0.01 msec
2020-01-28 16:49:54.820 4586 RALLYDEBUG rally.task.runner [-] Starting the constant runner (task UUID: abbb211e-07bf-4248-9d4b-ff1e7dcdda01). timeout: 0 concurrency: 4 concurrency_per_worker: 1 times: 10 concurrency_overhead: 0 processes_to_start: 4 max_cpu_used: 88
2020-01-28 16:49:54.834 9570 RALLYDEBUG rally.task.runner [-] Starting a worker. concurrency: 1 args: {} times: 10 method_name: run timeout: 0 duration: None cls:
2020-01-28 16:49:54.838 9571 RALLYDEBUG rally.task.runner [-] Starting a worker. concurrency: 1 args: {} times: 10 method_name: run timeout: 0 duration: None cls:
2020-01-28 16:49:54.841 9570 INFO rally.task.runner [-] Task abbb211e-07bf-4248-9d4b-ff1e7dcdda01 | ITER: 1 START
2020-01-28 16:49:54.840 9572 RALLYDEBUG rally.task.runner [-] Starting a worker. concurrency: 1 args: {} times: 10 method_name: run timeout: 0 duration: None cls:
2020-01-28 16:49:54.843 9573 RALLYDEBUG rally.task.runner [-] Starting a worker. concurrency: 1 args: {} times: 10 method_name: run timeout: 0 duration: None cls:
2020-01-28 16:49:54.845 9571 INFO rally.task.runner [-] Task abbb211e-07bf-4248-9d4b-ff1e7dcdda01 | ITER: 2 START
2020-01-28 16:49:54.847 9572 INFO rally.task.runner [-] Task abbb211e-07bf-4248-9d4b-ff1e7dcdda01 | ITER: 3 START
2020-01-28 16:49:54.850 9573 INFO rally.task.runner [-] Task abbb211e-07bf-4248-9d4b-ff1e7dcdda01 | ITER: 4 START
2020-01-28 16:49:55.462 9571 INFO rally.task.runner [-] Task abbb211e-07bf-4248-9d4b-ff1e7dcdda01 | ITER: 2 END: OK
2020-01-28 16:49:55.467 9571 INFO rally.task.runner [-] Task abbb211e-07bf-4248-9d4b-ff1e7dcdda01 | ITER: 5 START
2020-01-28 16:49:55.803 9572 INFO rally.task.runner [-] Task abbb211e-07bf-4248-9d4b-ff1e7dcdda01 | ITER: 3 END: OK
2020-01-28 16:49:55.808 9572 INFO rally.task.runner [-] Task abbb211e-07bf-4248-9d4b-ff1e7dcdda01 | ITER: 6 START
2020-01-28 16:49:55.815 9570 INFO rally.task.runner [-] Task abbb211e-07bf-4248-9d4b-ff1e7dcdda01 | ITER: 1 END: OK
2020-01-28 16:49:55.817 9573 INFO rally.task.runner [-] Task abbb211e-07bf-4248-9d4b-ff1e7dcdda01 | ITER: 4 END: OK
2020-01-28 16:49:55.820 9570 INFO rally.task.runner [-] Task abbb211e-07bf-4248-9d4b-ff1e7dcdda01 | ITER: 7 START
2020-01-28 16:49:55.822 9573 INFO rally.task.runner [-] Task abbb211e-07bf-4248-9d4b-ff1e7dcdda01 | ITER: 8 START
2020-01-28 16:49:56.039 9571 INFO rally.task.runner [-] Task abbb211e-07bf-4248-9d4b-ff1e7dcdda01 | ITER: 5 END: OK
2020-01-28 16:49:56.044 9571 INFO rally.task.runner [-] Task abbb211e-07bf-4248-9d4b-ff1e7dcdda01 | ITER: 9 START
2020-01-28 16:49:56.233 9573 INFO rally.task.runner [-] Task abbb211e-07bf-4248-9d4b-ff1e7dcdda01 | ITER: 8 END: OK
2020-01-28 16:49:56.236 9570 INFO rally.task.runner [-] Task abbb211e-07bf-4248-9d4b-ff1e7dcdda01 | ITER: 7 END: OK
2020-01-28 16:49:56.238 9573 INFO rally.task.runner [-] Task abbb211e-07bf-4248-9d4b-ff1e7dcdda01 | ITER: 10 START
2020-01-28 16:49:56.258 9572 INFO rally.task.runner [-] Task abbb211e-07bf-4248-9d4b-ff1e7dcdda01 | ITER: 6 END: OK
2020-01-28 16:49:56.447 9571 INFO rally.task.runner [-] Task abbb211e-07bf-4248-9d4b-ff1e7dcdda01 | ITER: 9 END: OK
2020-01-28 16:49:56.808 9573 INFO rally.task.runner [-] Task abbb211e-07bf-4248-9d4b-ff1e7dcdda01 | ITER: 10 END: OK
2020-01-28 16:49:56.832 4586 INFO rally.task.context [-] Task abbb211e-07bf-4248-9d4b-ff1e7dcdda01 | Context cleanup@openstack cleanup() started
2020-01-28 16:49:56.835 4586 RALLYDEBUG rally_openstack.cleanup.manager [-] Cleaning up neutron vip objects
2020-01-28 16:49:57.447 4586 RALLYDEBUG rally_openstack.cleanup.manager [-] Cleaning up neutron health_monitor objects
2020-01-28 16:49:58.076 4586 RALLYDEBUG rally_openstack.cleanup.manager [-] Cleaning up neutron pool objects
2020-01-28 16:49:58.642 4586 RALLYDEBUG rally_openstack.cleanup.manager [-] Cleaning up neutron loadbalancer objects
2020-01-28 16:49:59.245 4586 RALLYDEBUG rally_openstack.cleanup.manager [-] Cleaning up neutron floatingip objects
2020-01-28 16:49:59.853 4586 RALLYDEBUG rally_openstack.cleanup.manager [-] Cleaning up neutron trunk objects
2020-01-28 16:50:00.043 4586 DEBUG neutronclient.v2_0.client [-] Error message: {"message": "The resource could not be found.

\n\n\n", "code": "404 Not Found", "title": "Not Found"} _handle_fault_response /usr/lib/python2.7/site-packages/neutronclient/v2_0/client.py:259
2020-01-28 16:50:00.239 4586 DEBUG neutronclient.v2_0.client [-] Error message: {"message": "The resource could not be found.

\n\n\n", "code": "404 Not Found", "title": "Not Found"} _handle_fault_response /usr/lib/python2.7/site-packages/neutronclient/v2_0/client.py:259
2020-01-28 16:50:00.439 4586 DEBUG neutronclient.v2_0.client [-] Error message: {"message": "The resource could not be found.

\n\n\n", "code": "404 Not Found", "title": "Not Found"} _handle_fault_response /usr/lib/python2.7/site-packages/neutronclient/v2_0/client.py:259
2020-01-28 16:50:00.448 4586 RALLYDEBUG rally_openstack.cleanup.manager [-] Cleaning up neutron port objects
2020-01-28 16:50:01.142 4586 RALLYDEBUG rally_openstack.cleanup.manager [-] Cleaning up neutron subnet objects
2020-01-28 16:50:01.815 4586 RALLYDEBUG rally_openstack.cleanup.manager [-] Cleaning up neutron network objects
2020-01-28 16:50:02.476 4586 RALLYDEBUG rally_openstack.cleanup.manager [-] Cleaning up neutron router objects
2020-01-28 16:50:03.255 4586 RALLYDEBUG rally_openstack.cleanup.manager [-] Cleaning up neutron security_group objects
2020-01-28 16:50:04.201 4586 RALLYDEBUG rally_openstack.cleanup.manager [-] Deleting neutron.security_group object s_rally_a96a0145_XItA0tH3 (6f58adb8-5641-4c55-ab43-150014b298b8)
2020-01-28 16:50:04.204 4586 RALLYDEBUG rally_openstack.cleanup.manager [-] Deleting neutron.security_group object s_rally_a96a0145_7Y3sshzH (b018d83f-dffd-425c-a59c-aa6454b83d49)
2020-01-28 16:50:04.207 4586 RALLYDEBUG rally_openstack.cleanup.manager [-] Deleting neutron.security_group object s_rally_a96a0145_OtyUFWJe (fa79e4c8-8474-4a2e-8314-d475eba00285)
2020-01-28 16:50:04.211 4586 RALLYDEBUG rally_openstack.cleanup.manager [-] Deleting neutron.security_group object s_rally_a96a0145_cpUgM8wU (f1be0126-d691-4725-8aac-20febab2937a)
2020-01-28 16:50:04.213 4586 RALLYDEBUG rally_openstack.cleanup.manager [-] Deleting neutron.security_group object s_rally_a96a0145_Y1tJVig0 (07fb4df2-9d93-4ad8-834a-d3919a53b4ee)
2020-01-28 16:50:04.220 4586 RALLYDEBUG rally_openstack.cleanup.manager [-] Deleting neutron.security_group object s_rally_a96a0145_haBECejP (0f07638b-1782-4aa8-bd7b-91400f509e0f)
2020-01-28 16:50:04.246 4586 RALLYDEBUG rally_openstack.cleanup.manager [-] Deleting neutron.security_group object s_rally_a96a0145_VG1JNhkW (92a07425-2827-41b8-8c29-c42bb3b7b2a4)
2020-01-28 16:50:04.248 4586 RALLYDEBUG rally_openstack.cleanup.manager [-] Deleting neutron.security_group object s_rally_a96a0145_DQ4Za3B7 (735d5c79-e283-4d75-a379-6dea70fcb2bb)
2020-01-28 16:50:04.255 4586 RALLYDEBUG rally_openstack.cleanup.manager [-] Deleting neutron.security_group object s_rally_a96a0145_sUvx58rn (7aeb85ae-48e5-4ed0-8d54-d1558ea4c939)
2020-01-28 16:50:04.278 4586 RALLYDEBUG rally_openstack.cleanup.manager [-] Deleting neutron.security_group object s_rally_a96a0145_cVPCcLNu (a9db9afb-2e7c-4e81-b406-698f41b98018)
2020-01-28 16:50:05.901 4586 INFO rally.task.context [-] Task abbb211e-07bf-4248-9d4b-ff1e7dcdda01 | Context cleanup@openstack cleanup() finished in 9.07 sec
2020-01-28 16:50:05.902 4586 INFO rally.task.context [-] Task abbb211e-07bf-4248-9d4b-ff1e7dcdda01 | Context quotas@openstack cleanup() started
2020-01-28 16:50:06.015 4586 INFO rally.task.context [-] Task abbb211e-07bf-4248-9d4b-ff1e7dcdda01 | Context quotas@openstack cleanup() finished in 0.11 sec
2020-01-28 16:50:06.015 4586 INFO rally.task.context [-] Task abbb211e-07bf-4248-9d4b-ff1e7dcdda01 | Context users@openstack cleanup() started
2020-01-28 16:50:08.784 4586 INFO rally.task.context [-] Task abbb211e-07bf-4248-9d4b-ff1e7dcdda01 | Context users@openstack cleanup() finished in 2.77 sec
2020-01-28 16:50:09.208 4586 INFO rally.task.engine [-] Load duration is: 1.966045
2020-01-28 16:50:09.208 4586 INFO rally.task.engine [-] Full runner duration is: 2.012708
2020-01-28 16:50:09.209 4586 INFO rally.task.engine [-] Full duration is: 15.760754
2020-01-28 16:50:09.293 4586 INFO rally.task.engine [-] Running workload: position = 0 config = { "version": 2, "title": "A cropped version of a bigger task.", "description": "Auto-generated task from a single workload (uuid=b4583a5e-ff05-4cab-8ff4-997191289e80)", "subtasks": [ { "title": "NeutronNetworks.set_and_clear_router_gateway", "description": "Set and Remove the external network gateway from a router.", "scenario": { "NeutronNetworks.set_and_clear_router_gateway": { "network_create_args": { "router:external": true } } }, "contexts": { "users": { "tenants": 3, "users_per_tenant": 2 }, "quotas": { "neutron": { "network": -1, "router": -1 } }, "roles": [ "admin" ] }, "runner": { "constant": { "concurrency": 4, "times": 10 } }, "hooks": [], "sla": { "failure_rate": { "max": 0 } } } ] }
2020-01-28 16:50:09.308 4586 RALLYDEBUG rally_openstack.contexts.keystone.users [-] Creating 3 tenants using 20 threads
2020-01-28 16:50:09.678 4586 RALLYDEBUG rally_openstack.contexts.keystone.users [-] Creating 6 users using 20 threads
2020-01-28 16:50:10.545 4586 INFO rally.task.context [-] Task abbb211e-07bf-4248-9d4b-ff1e7dcdda01 | Context users@openstack setup() finished in 1.24 sec
2020-01-28 16:50:11.100 4586 INFO rally.task.context [-] Task abbb211e-07bf-4248-9d4b-ff1e7dcdda01 | Context quotas@openstack setup() finished in 0.55 sec
2020-01-28 16:50:11.337 4586 RALLYDEBUG rally_openstack.contexts.keystone.roles [-] Adding role admin having ID f593834a10864e08af7d851657e0779d to all users using 30 threads
2020-01-28 16:50:13.442 4586 INFO rally.task.context [-] Task abbb211e-07bf-4248-9d4b-ff1e7dcdda01 | Context roles@openstack setup() finished in 2.34 sec
2020-01-28 16:50:13.443 4586 INFO rally.task.context [-] Task abbb211e-07bf-4248-9d4b-ff1e7dcdda01 | Context cleanup@openstack setup() finished in 0.01 msec
2020-01-28 16:50:13.452 4586 RALLYDEBUG rally.task.runner [-] Starting the constant runner (task UUID: abbb211e-07bf-4248-9d4b-ff1e7dcdda01). timeout: 0 concurrency: 4 concurrency_per_worker: 1 times: 10 concurrency_overhead: 0 processes_to_start: 4 max_cpu_used: 88
2020-01-28 16:50:13.464 9924 RALLYDEBUG rally.task.runner [-] Starting a worker. concurrency: 1 args: {"network_create_args": {"router:external": true}} times: 10 method_name: run timeout: 0 duration: None cls:
2020-01-28 16:50:13.467 9925 RALLYDEBUG rally.task.runner [-] Starting a worker. concurrency: 1 args: {"network_create_args": {"router:external": true}} times: 10 method_name: run timeout: 0 duration: None cls:
2020-01-28 16:50:13.469 9926 RALLYDEBUG rally.task.runner [-] Starting a worker. concurrency: 1 args: {"network_create_args": {"router:external": true}} times: 10 method_name: run timeout: 0 duration: None cls:
2020-01-28 16:50:13.472 9924 INFO rally.task.runner [-] Task abbb211e-07bf-4248-9d4b-ff1e7dcdda01 | ITER: 1 START
2020-01-28 16:50:13.472 9927 RALLYDEBUG rally.task.runner [-] Starting a worker. concurrency: 1 args: {"network_create_args": {"router:external": true}} times: 10 method_name: run timeout: 0 duration: None cls:
2020-01-28 16:50:13.474 9925 INFO rally.task.runner [-] Task abbb211e-07bf-4248-9d4b-ff1e7dcdda01 | ITER: 2 START
2020-01-28 16:50:13.476 9926 INFO rally.task.runner [-] Task abbb211e-07bf-4248-9d4b-ff1e7dcdda01 | ITER: 3 START
2020-01-28 16:50:13.479 9927 INFO rally.task.runner [-] Task abbb211e-07bf-4248-9d4b-ff1e7dcdda01 | ITER: 4 START
2020-01-28 16:50:22.845 9924 INFO rally.task.runner [-] Task abbb211e-07bf-4248-9d4b-ff1e7dcdda01 | ITER: 1 END: OK
2020-01-28 16:50:22.850 9924 INFO rally.task.runner [-] Task abbb211e-07bf-4248-9d4b-ff1e7dcdda01 | ITER: 5 START
2020-01-28 16:50:23.807 9927 INFO rally.task.runner [-] Task abbb211e-07bf-4248-9d4b-ff1e7dcdda01 | ITER: 4 END: OK
2020-01-28 16:50:23.813 9927 INFO rally.task.runner [-] Task abbb211e-07bf-4248-9d4b-ff1e7dcdda01 | ITER: 6 START
2020-01-28 16:50:27.820 9926 INFO rally.task.runner [-] Task abbb211e-07bf-4248-9d4b-ff1e7dcdda01 | ITER: 3 END: OK
2020-01-28 16:50:27.822 9925 INFO rally.task.runner [-] Task abbb211e-07bf-4248-9d4b-ff1e7dcdda01 | ITER: 2 END: OK
2020-01-28 16:50:27.826 9926 INFO rally.task.runner [-] Task abbb211e-07bf-4248-9d4b-ff1e7dcdda01 | ITER: 7 START
2020-01-28 16:50:27.828 9925 INFO rally.task.runner [-] Task abbb211e-07bf-4248-9d4b-ff1e7dcdda01 | ITER: 8 START
2020-01-28 16:50:30.867 9924 INFO rally.task.runner [-] Task abbb211e-07bf-4248-9d4b-ff1e7dcdda01 | ITER: 5 END: OK
2020-01-28 16:50:30.873 9924 INFO rally.task.runner [-] Task abbb211e-07bf-4248-9d4b-ff1e7dcdda01 | ITER: 9 START
2020-01-28 16:50:35.507 9926 INFO rally.task.runner [-] Task abbb211e-07bf-4248-9d4b-ff1e7dcdda01 | ITER: 7 END: OK
2020-01-28 16:50:35.512 9926 INFO rally.task.runner [-] Task abbb211e-07bf-4248-9d4b-ff1e7dcdda01 | ITER: 10 START
2020-01-28 16:50:37.254 9927 INFO rally.task.runner [-] Task abbb211e-07bf-4248-9d4b-ff1e7dcdda01 | ITER: 6 END: OK
2020-01-28 16:50:37.649 9925 INFO rally.task.runner [-] Task abbb211e-07bf-4248-9d4b-ff1e7dcdda01 | ITER: 8 END: OK
2020-01-28 16:50:40.990 9924 INFO rally.task.runner [-] Task abbb211e-07bf-4248-9d4b-ff1e7dcdda01 | ITER: 9 END: OK
2020-01-28 16:50:43.419 9926 INFO rally.task.runner [-] Task abbb211e-07bf-4248-9d4b-ff1e7dcdda01 | ITER: 10 END: OK
2020-01-28 16:50:43.442 4586 INFO rally.task.context [-] Task abbb211e-07bf-4248-9d4b-ff1e7dcdda01 | Context cleanup@openstack cleanup() started
2020-01-28 16:50:43.445 4586 RALLYDEBUG rally_openstack.cleanup.manager [-] Cleaning up neutron vip objects
2020-01-28 16:50:44.070 4586 RALLYDEBUG rally_openstack.cleanup.manager [-] Cleaning up neutron health_monitor objects
2020-01-28 16:50:44.680 4586 RALLYDEBUG rally_openstack.cleanup.manager [-] Cleaning up neutron pool objects
2020-01-28 16:50:45.281 4586 RALLYDEBUG rally_openstack.cleanup.manager [-] Cleaning up neutron loadbalancer objects
2020-01-28 16:50:45.897 4586 RALLYDEBUG rally_openstack.cleanup.manager [-] Cleaning up neutron floatingip objects
2020-01-28 16:50:46.510 4586 RALLYDEBUG rally_openstack.cleanup.manager [-] Cleaning up neutron trunk objects
2020-01-28 16:50:46.699 4586 DEBUG neutronclient.v2_0.client [-] Error message: {"message": "The resource could not be found.

\n\n\n", "code": "404 Not Found", "title": "Not Found"} _handle_fault_response /usr/lib/python2.7/site-packages/neutronclient/v2_0/client.py:259
2020-01-28 16:50:46.893 4586 DEBUG neutronclient.v2_0.client [-] Error message: {"message": "The resource could not be found.

\n\n\n", "code": "404 Not Found", "title": "Not Found"} _handle_fault_response /usr/lib/python2.7/site-packages/neutronclient/v2_0/client.py:259
2020-01-28 16:50:47.075 4586 DEBUG neutronclient.v2_0.client [-] Error message: {"message": "The resource could not be found.

\n\n\n", "code": "404 Not Found", "title": "Not Found"} _handle_fault_response /usr/lib/python2.7/site-packages/neutronclient/v2_0/client.py:259
2020-01-28 16:50:47.084 4586 RALLYDEBUG rally_openstack.cleanup.manager [-] Cleaning up neutron port objects
2020-01-28 16:50:47.975 4586 RALLYDEBUG rally_openstack.cleanup.manager [-] Cleaning up neutron subnet objects
2020-01-28 16:50:48.826 4586 RALLYDEBUG rally_openstack.cleanup.manager [-] Cleaning up neutron network objects
2020-01-28 16:50:50.032 4586 RALLYDEBUG rally_openstack.cleanup.manager [-] Deleting neutron.network object s_rally_b4583a5e_sJTBnN8M (ece63583-21f8-4850-9d97-b9057a958e1d)
2020-01-28 16:50:50.036 4586 RALLYDEBUG rally_openstack.cleanup.manager [-] Deleting neutron.network object s_rally_b4583a5e_I9vAyB1R (5a0c38ac-8b27-4888-ac07-1f900cb54c71)
2020-01-28 16:50:50.038 4586 RALLYDEBUG rally_openstack.cleanup.manager [-] Deleting neutron.network object s_rally_b4583a5e_xi8qQiet (4833cad3-337a-4dee-87ae-f7c724792fd4)
2020-01-28 16:50:50.044 4586 RALLYDEBUG rally_openstack.cleanup.manager [-] Deleting neutron.network object s_rally_b4583a5e_ogwo5giK (2ec1b4d0-9dd5-4323-b56b-fad5e30bce65)
2020-01-28 16:50:50.053 4586 RALLYDEBUG rally_openstack.cleanup.manager [-] Deleting neutron.network object s_rally_b4583a5e_5clEJE65 (852f099f-c772-488e-acac-db2c3e938cc0)
2020-01-28 16:50:50.064 4586 RALLYDEBUG rally_openstack.cleanup.manager [-] Deleting neutron.network object s_rally_b4583a5e_BgR1z24w (598f488f-282c-4467-a8af-42da2f199036)
2020-01-28 16:50:50.084 4586 RALLYDEBUG rally_openstack.cleanup.manager [-] Deleting neutron.network object s_rally_b4583a5e_MLRjiX6s (2de110c2-ff2f-4f1b-a825-0cb250b77b0a)
2020-01-28 16:50:50.092 4586 RALLYDEBUG rally_openstack.cleanup.manager [-] Deleting neutron.network object s_rally_b4583a5e_99khZ0de (4b2cf8cc-75d3-467a-b1c5-fbc56d7903b3)
2020-01-28 16:50:50.098 4586 RALLYDEBUG rally_openstack.cleanup.manager [-] Deleting neutron.network object s_rally_b4583a5e_gPeo4GHK (65a24dd7-7f32-41cf-8b11-1b2a4b136df8)
2020-01-28 16:50:50.101 4586 RALLYDEBUG rally_openstack.cleanup.manager [-] Deleting neutron.network object s_rally_b4583a5e_PvrsUJis (dda77d7d-6050-4d8b-95ff-56d9169bd476)
2020-01-28 16:50:53.053 4586 RALLYDEBUG rally_openstack.cleanup.manager [-] Cleaning up neutron router objects
2020-01-28 16:50:53.884 4586 RALLYDEBUG rally_openstack.cleanup.manager [-] Deleting neutron.router object s_rally_b4583a5e_hkYoKFFG (1c90dac2-5384-4335-96cd-97ed26e27033)
2020-01-28 16:50:53.888 4586 RALLYDEBUG rally_openstack.cleanup.manager [-] Deleting neutron.router object s_rally_b4583a5e_DXn3Pban (3319cce0-ea3d-48b0-aa08-2cafa6cea1f2)
2020-01-28 16:50:53.896 4586 RALLYDEBUG rally_openstack.cleanup.manager [-] Deleting neutron.router object s_rally_b4583a5e_soTxng4U (bb3909e0-520c-4efa-9da8-8f4d8dc8d987)
2020-01-28 16:50:53.908 4586 RALLYDEBUG rally_openstack.cleanup.manager [-] Deleting neutron.router object s_rally_b4583a5e_1Uw6lRdB (e26f2563-9da6-48dc-bccf-da8b7fbc9736)
2020-01-28 16:50:53.913 4586 RALLYDEBUG rally_openstack.cleanup.manager [-] Deleting neutron.router object s_rally_b4583a5e_q0oW19dc (2d1b6126-6b79-4a59-acff-915d5cd54b38)
2020-01-28 16:50:53.925 4586 RALLYDEBUG rally_openstack.cleanup.manager [-] Deleting neutron.router object s_rally_b4583a5e_ttwgPZOh (76d0dca6-9a46-4cf9-85ce-af171ba438d2)
2020-01-28 16:50:53.933 4586 RALLYDEBUG rally_openstack.cleanup.manager [-] Deleting neutron.router object s_rally_b4583a5e_6lD6vaPr (ae80b8b3-2d59-493f-ae7c-e327e3638380)
2020-01-28 16:50:53.953 4586 RALLYDEBUG rally_openstack.cleanup.manager [-] Deleting neutron.router object s_rally_b4583a5e_vQtfGhIC (b3d870af-957c-4a53-82ee-d1465b78a084)
2020-01-28 16:50:53.972 4586 RALLYDEBUG rally_openstack.cleanup.manager [-] Deleting neutron.router object s_rally_b4583a5e_QbH55Ol7 (bae0194b-8d55-42f5-ab95-a28093a16bfd)
2020-01-28 16:50:54.014 4586 RALLYDEBUG rally_openstack.cleanup.manager [-] Deleting neutron.router object s_rally_b4583a5e_VBFjs5zD (faa07155-994a-4c42-8985-f8023d768e5d)
2020-01-28 16:51:00.929 4586 RALLYDEBUG rally_openstack.cleanup.manager [-] Cleaning up neutron security_group objects
2020-01-28 16:51:01.730 4586 INFO rally.task.context [-] Task abbb211e-07bf-4248-9d4b-ff1e7dcdda01 | Context cleanup@openstack cleanup() finished in 18.29 sec
2020-01-28 16:51:01.730 4586 INFO rally.task.context [-] Task abbb211e-07bf-4248-9d4b-ff1e7dcdda01 | Context roles@openstack cleanup() started
2020-01-28 16:51:01.731 4586 RALLYDEBUG rally_openstack.contexts.keystone.roles [-] Removing assigned role f593834a10864e08af7d851657e0779d from all users
2020-01-28 16:51:02.652 4586 INFO rally.task.context [-] Task abbb211e-07bf-4248-9d4b-ff1e7dcdda01 | Context roles@openstack cleanup() finished in 0.92 sec
2020-01-28 16:51:02.652 4586 INFO rally.task.context [-] Task abbb211e-07bf-4248-9d4b-ff1e7dcdda01 | Context quotas@openstack cleanup() started
2020-01-28 16:51:02.772 4586 INFO rally.task.context [-] Task abbb211e-07bf-4248-9d4b-ff1e7dcdda01 | Context quotas@openstack cleanup() finished in 0.12 sec
2020-01-28 16:51:02.772 4586 INFO rally.task.context [-] Task abbb211e-07bf-4248-9d4b-ff1e7dcdda01 | Context users@openstack cleanup() started
2020-01-28 16:51:05.848 4586 INFO rally.task.context [-] Task abbb211e-07bf-4248-9d4b-ff1e7dcdda01 | Context users@openstack cleanup() finished in 3.08 sec
2020-01-28 16:51:07.559 4586 INFO rally.task.engine [-] Load duration is: 29.945828
2020-01-28 16:51:07.559 4586 INFO rally.task.engine [-] Full runner duration is: 29.990189
2020-01-28 16:51:07.560 4586 INFO rally.task.engine [-] Full duration is: 56.542844
2020-01-28 16:51:07.654 4586 INFO rally.task.engine [-] Running workload: position = 0 config = { "version": 2, "title": "A cropped version of a bigger task.", "description": "Auto-generated task from a single workload (uuid=1da59dd2-2f0a-44c1-b723-9ebfef348a14)", "subtasks": [ { "title": "NeutronNetworks.create_and_show_ports", "description": "Create a given number of ports and show created ports in trun.", "scenario": { "NeutronNetworks.create_and_show_ports": { "ports_per_network": 2 } }, "contexts": { "users": { "tenants": 3, "users_per_tenant": 2 }, "network": { "router": {} }, "quotas": { "neutron": { "network": -1, "router": -1 } } }, "runner": { "constant": { "concurrency": 4, "times": 10 } }, "hooks": [], "sla": { "failure_rate": { "max": 0 } } } ] }
2020-01-28 16:51:07.678 4586 RALLYDEBUG rally_openstack.contexts.keystone.users [-] Creating 3 tenants using 20 threads
2020-01-28 16:51:11.173 4586 RALLYDEBUG rally_openstack.contexts.keystone.users [-] Creating 6 users using 20 threads
2020-01-28 16:51:11.934 4586 INFO rally.task.context [-] Task abbb211e-07bf-4248-9d4b-ff1e7dcdda01 | Context users@openstack setup() finished in 4.26 sec
2020-01-28 16:51:12.418 4586 INFO rally.task.context [-] Task abbb211e-07bf-4248-9d4b-ff1e7dcdda01 | Context quotas@openstack setup() finished in 0.48 sec
2020-01-28 16:51:12.954 4586 RALLYDEBUG rally_openstack.wrappers.network [-] CIDR generated: 10.2.72.0/24
2020-01-28 16:51:13.854 4586 RALLYDEBUG rally_openstack.wrappers.network [-] CIDR generated: 10.2.73.0/24
2020-01-28 16:51:14.649 4586 RALLYDEBUG rally_openstack.wrappers.network [-] CIDR generated: 10.2.74.0/24
2020-01-28 16:51:15.152 4586 INFO rally.task.context [-] Task abbb211e-07bf-4248-9d4b-ff1e7dcdda01 | Context network@openstack setup() finished in 2.73 sec
2020-01-28 16:51:15.153 4586 INFO rally.task.context [-] Task abbb211e-07bf-4248-9d4b-ff1e7dcdda01 | Context cleanup@openstack setup() finished in 0.12 msec
2020-01-28 16:51:15.162 4586 RALLYDEBUG rally.task.runner [-] Starting the constant runner (task UUID: abbb211e-07bf-4248-9d4b-ff1e7dcdda01). timeout: 0 concurrency: 4 concurrency_per_worker: 1 times: 10 concurrency_overhead: 0 processes_to_start: 4 max_cpu_used: 88
2020-01-28 16:51:15.177 10278 RALLYDEBUG rally.task.runner [-] Starting a worker. concurrency: 1 args: {"ports_per_network": 2} times: 10 method_name: run timeout: 0 duration: None cls:
2020-01-28 16:51:15.179 10279 RALLYDEBUG rally.task.runner [-] Starting a worker. concurrency: 1 args: {"ports_per_network": 2} times: 10 method_name: run timeout: 0 duration: None cls:
2020-01-28 16:51:15.181 10280 RALLYDEBUG rally.task.runner [-] Starting a worker. concurrency: 1 args: {"ports_per_network": 2} times: 10 method_name: run timeout: 0 duration: None cls:
2020-01-28 16:51:15.184 10281 RALLYDEBUG rally.task.runner [-] Starting a worker. concurrency: 1 args: {"ports_per_network": 2} times: 10 method_name: run timeout: 0 duration: None cls:
2020-01-28 16:51:15.185 10278 INFO rally.task.runner [-] Task abbb211e-07bf-4248-9d4b-ff1e7dcdda01 | ITER: 1 START
2020-01-28 16:51:15.187 10279 INFO rally.task.runner [-] Task abbb211e-07bf-4248-9d4b-ff1e7dcdda01 | ITER: 2 START
2020-01-28 16:51:15.189 10280 INFO rally.task.runner [-] Task abbb211e-07bf-4248-9d4b-ff1e7dcdda01 | ITER: 3 START
2020-01-28 16:51:15.192 10281 INFO rally.task.runner [-] Task abbb211e-07bf-4248-9d4b-ff1e7dcdda01 | ITER: 4 START
2020-01-28 16:51:18.649 10280 INFO rally.task.runner [-] Task abbb211e-07bf-4248-9d4b-ff1e7dcdda01 | ITER: 3 END: OK
2020-01-28 16:51:18.655 10280 INFO rally.task.runner [-] Task abbb211e-07bf-4248-9d4b-ff1e7dcdda01 | ITER: 5 START
2020-01-28 16:51:18.854 10281 INFO rally.task.runner [-] Task abbb211e-07bf-4248-9d4b-ff1e7dcdda01 | ITER: 4 END: OK
2020-01-28 16:51:18.860 10281 INFO rally.task.runner [-] Task abbb211e-07bf-4248-9d4b-ff1e7dcdda01 | ITER: 6 START
2020-01-28 16:51:20.051 10279 INFO rally.task.runner [-] Task abbb211e-07bf-4248-9d4b-ff1e7dcdda01 | ITER: 2 END: OK
2020-01-28 16:51:20.057 10279 INFO rally.task.runner [-] Task abbb211e-07bf-4248-9d4b-ff1e7dcdda01 | ITER: 7 START
2020-01-28 16:51:20.070 10278 INFO rally.task.runner [-] Task abbb211e-07bf-4248-9d4b-ff1e7dcdda01 | ITER: 1 END: OK
2020-01-28 16:51:20.076 10278 INFO rally.task.runner [-] Task abbb211e-07bf-4248-9d4b-ff1e7dcdda01 | ITER: 8 START
2020-01-28 16:51:21.555 10280 INFO rally.task.runner [-] Task abbb211e-07bf-4248-9d4b-ff1e7dcdda01 | ITER: 5 END: OK
2020-01-28 16:51:21.562 10280 INFO rally.task.runner [-] Task abbb211e-07bf-4248-9d4b-ff1e7dcdda01 | ITER: 9 START
2020-01-28 16:51:22.340 10281 INFO rally.task.runner [-] Task abbb211e-07bf-4248-9d4b-ff1e7dcdda01 | ITER: 6 END: OK
2020-01-28 16:51:22.345 10281 INFO rally.task.runner [-] Task abbb211e-07bf-4248-9d4b-ff1e7dcdda01 | ITER: 10 START
2020-01-28 16:51:23.576 10279 INFO rally.task.runner [-] Task abbb211e-07bf-4248-9d4b-ff1e7dcdda01 | ITER: 7 END: OK
2020-01-28 16:51:23.893 10278 INFO rally.task.runner [-] Task abbb211e-07bf-4248-9d4b-ff1e7dcdda01 | ITER: 8 END: OK
2020-01-28 16:51:25.053 10281 INFO rally.task.runner [-] Task abbb211e-07bf-4248-9d4b-ff1e7dcdda01 | ITER: 10 END: OK
2020-01-28 16:51:25.366 10280 INFO rally.task.runner [-] Task abbb211e-07bf-4248-9d4b-ff1e7dcdda01 | ITER: 9 END: OK
2020-01-28 16:51:25.393 4586 INFO rally.task.context [-] Task abbb211e-07bf-4248-9d4b-ff1e7dcdda01 | Context cleanup@openstack cleanup() started
2020-01-28 16:51:25.396 4586 RALLYDEBUG rally_openstack.cleanup.manager [-] Cleaning up neutron vip objects
2020-01-28 16:51:25.961 4586 RALLYDEBUG rally_openstack.cleanup.manager [-] Cleaning up neutron health_monitor objects
2020-01-28 16:51:26.527 4586 RALLYDEBUG rally_openstack.cleanup.manager [-] Cleaning up neutron pool objects
2020-01-28 16:51:27.092 4586 RALLYDEBUG rally_openstack.cleanup.manager [-] Cleaning up neutron loadbalancer objects
2020-01-28 16:51:27.670 4586 RALLYDEBUG rally_openstack.cleanup.manager [-] Cleaning up neutron floatingip objects
2020-01-28 16:51:28.314 4586 RALLYDEBUG rally_openstack.cleanup.manager [-] Cleaning up neutron trunk objects
2020-01-28 16:51:28.506 4586 DEBUG neutronclient.v2_0.client [-] Error message: {"message": "The resource could not be found.

\n\n\n", "code": "404 Not Found", "title": "Not Found"} _handle_fault_response /usr/lib/python2.7/site-packages/neutronclient/v2_0/client.py:259
2020-01-28 16:51:28.706 4586 DEBUG neutronclient.v2_0.client [-] Error message: {"message": "The resource could not be found.

\n\n\n", "code": "404 Not Found", "title": "Not Found"} _handle_fault_response /usr/lib/python2.7/site-packages/neutronclient/v2_0/client.py:259
2020-01-28 16:51:28.890 4586 DEBUG neutronclient.v2_0.client [-] Error message: {"message": "The resource could not be found.

\n\n\n", "code": "404 Not Found", "title": "Not Found"} _handle_fault_response /usr/lib/python2.7/site-packages/neutronclient/v2_0/client.py:259
2020-01-28 16:51:28.899 4586 RALLYDEBUG rally_openstack.cleanup.manager [-] Cleaning up neutron port objects
2020-01-28 16:51:29.814 4586 RALLYDEBUG rally_openstack.cleanup.manager [-] Deleting neutron.port object s_rally_1da59dd2_pN8BsGRe (6004f2c6-c463-4649-aada-8a1f28aa0fbd)
2020-01-28 16:51:29.816 4586 RALLYDEBUG rally_openstack.cleanup.manager [-] Deleting neutron.port object s_rally_1da59dd2_ZSBpelK1 (2217f8da-1bdb-42fe-8110-c8e1a146cf28)
2020-01-28 16:51:29.833 4586 RALLYDEBUG rally_openstack.cleanup.manager [-] Deleting neutron.port object s_rally_1da59dd2_WL2uu2VI (91251908-37ae-4bb4-9093-ec214437120c)
2020-01-28 16:51:29.835 4586 RALLYDEBUG rally_openstack.cleanup.manager [-] Deleting neutron.port object s_rally_1da59dd2_5QwD29B5 (19f4a42f-a95e-4ab7-8e75-3dadc2e16c04)
2020-01-28 16:51:29.849 4586 RALLYDEBUG rally_openstack.cleanup.manager [-] Deleting neutron.port object s_rally_1da59dd2_1fXPBR2l (ed2a4a6d-7733-4a69-a69e-289c49377e69)
2020-01-28 16:51:29.854 4586 RALLYDEBUG rally_openstack.cleanup.manager [-] Deleting neutron.port object s_rally_1da59dd2_GOU9kVRJ (438cbc8c-f7c1-4f93-9d10-e06aad360b53)
2020-01-28 16:51:29.903 4586 RALLYDEBUG rally_openstack.cleanup.manager [-] Deleting neutron.port object s_rally_1da59dd2_nzfpcAj8 (4c850ae3-88cd-4158-91c1-5443a3f5ef0a)
2020-01-28 16:51:29.912 4586 RALLYDEBUG rally_openstack.cleanup.manager [-] Deleting neutron.port object s_rally_1da59dd2_bnnUVtjw (ca7db992-d310-49eb-83ff-75d2978103fe)
2020-01-28 16:51:29.916 4586 RALLYDEBUG rally_openstack.cleanup.manager [-] Deleting neutron.port object s_rally_1da59dd2_TlYRlkby (73446356-d870-4e56-ab24-97953c31a7ee)
2020-01-28 16:51:29.956 4586 RALLYDEBUG rally_openstack.cleanup.manager [-] Deleting neutron.port object s_rally_1da59dd2_7vBWbl4j (9c8b2251-1fe1-432e-a7d3-69b5e76eb88e)
2020-01-28 16:51:29.971 4586 RALLYDEBUG rally_openstack.cleanup.manager [-] Deleting neutron.port object s_rally_1da59dd2_MDrtnDO5 (30a9757f-09c6-4366-a7e2-63c5e583ab3c)
2020-01-28 16:51:29.982 4586 RALLYDEBUG rally_openstack.cleanup.manager [-] Deleting neutron.port object s_rally_1da59dd2_xiTGTjms (562eeb48-47a2-4741-9006-aa751868e38b)
2020-01-28 16:51:29.977 4586 RALLYDEBUG rally_openstack.cleanup.manager [-] Deleting neutron.port object s_rally_1da59dd2_up0sQAIM (4497ee4f-855e-41ed-8148-5155b8917763)
2020-01-28 16:51:29.990 4586 RALLYDEBUG rally_openstack.cleanup.manager [-] Deleting neutron.port object s_rally_1da59dd2_KRqsBk5y (b847142b-6ed5-4fd1-813e-ad794683fb4d)
2020-01-28 16:51:29.988 4586 RALLYDEBUG rally_openstack.cleanup.manager [-] Deleting neutron.port object s_rally_1da59dd2_Ps2xSjV7 (2f60b0d2-26e5-4509-ada2-d2dc8880c7ac)
2020-01-28 16:51:30.012 4586 RALLYDEBUG rally_openstack.cleanup.manager [-] Deleting neutron.port object s_rally_1da59dd2_argAMLRK (b4db37ce-22cb-40b7-8568-c3c6394e094b)
2020-01-28 16:51:30.022 4586 RALLYDEBUG rally_openstack.cleanup.manager [-] Deleting neutron.port object s_rally_1da59dd2_xrFUNc9z (be06c375-6b5e-41bf-bc53-8977d124b17a)
2020-01-28 16:51:30.043 4586 RALLYDEBUG rally_openstack.cleanup.manager [-] Deleting neutron.port object s_rally_1da59dd2_zCH8LGQY (7dfdfdfb-5af3-473e-855d-64023864c16e)
2020-01-28 16:51:30.070 4586 RALLYDEBUG rally_openstack.cleanup.manager [-] Deleting neutron.port object s_rally_1da59dd2_x79qM8GV (dfd146df-694c-4cec-938c-03bff62a9418)
2020-01-28 16:51:30.093 4586 RALLYDEBUG rally_openstack.cleanup.manager [-] Deleting neutron.port object s_rally_1da59dd2_fpgZBi7q (fca916d8-1e73-4d37-9b84-459328ed4772)
2020-01-28 16:51:33.593 4586 RALLYDEBUG rally_openstack.cleanup.manager [-] Cleaning up neutron subnet objects
2020-01-28 16:51:34.492 4586 RALLYDEBUG rally_openstack.cleanup.manager [-] Cleaning up neutron network objects
2020-01-28 16:51:35.576 4586 RALLYDEBUG rally_openstack.cleanup.manager [-] Cleaning up neutron router objects
2020-01-28 16:51:36.368 4586 RALLYDEBUG rally_openstack.cleanup.manager [-] Cleaning up neutron security_group objects
2020-01-28 16:51:37.201 4586 INFO rally.task.context [-] Task abbb211e-07bf-4248-9d4b-ff1e7dcdda01 | Context cleanup@openstack cleanup() finished in 11.81 sec
2020-01-28 16:51:37.202 4586 INFO rally.task.context [-] Task abbb211e-07bf-4248-9d4b-ff1e7dcdda01 | Context network@openstack cleanup() started
2020-01-28 16:51:51.445 4586 INFO rally.task.context [-] Task abbb211e-07bf-4248-9d4b-ff1e7dcdda01 | Context network@openstack cleanup() finished in 14.24 sec
2020-01-28 16:51:51.446 4586 INFO rally.task.context [-] Task abbb211e-07bf-4248-9d4b-ff1e7dcdda01 | Context quotas@openstack cleanup() started
2020-01-28 16:51:51.574 4586 INFO rally.task.context [-] Task abbb211e-07bf-4248-9d4b-ff1e7dcdda01 | Context quotas@openstack cleanup() finished in 0.13 sec
2020-01-28 16:51:51.575 4586 INFO rally.task.context [-] Task abbb211e-07bf-4248-9d4b-ff1e7dcdda01 | Context users@openstack cleanup() started
2020-01-28 16:51:55.042 4586 INFO rally.task.context [-] Task abbb211e-07bf-4248-9d4b-ff1e7dcdda01 | Context users@openstack cleanup() finished in 3.47 sec
2020-01-28 16:51:55.929 4586 INFO rally.task.engine [-] Load duration is: 10.179258
2020-01-28 16:51:55.930 4586 INFO rally.task.engine [-] Full runner duration is: 10.230916
2020-01-28 16:51:55.930 4586 INFO rally.task.engine [-] Full duration is: 47.367909
2020-01-28 16:51:56.011 4586 INFO rally.task.engine [-] Running workload: position = 0 config = { "version": 2, "title": "A cropped version of a bigger task.", "description": "Auto-generated task from a single workload (uuid=5afb9206-2236-4e4c-9e55-728c48f96b9d)", "subtasks": [ { "title": "NeutronNetworks.create_and_show_routers", "description": "Create and show a given number of routers.", "scenario": { "NeutronNetworks.create_and_show_routers": { "subnets_per_network": 2 } }, "contexts": { "users": { "tenants": 3, "users_per_tenant": 2 }, "quotas": { "neutron": { "network": -1, "subnet": -1, "router": -1 } } }, "runner": { "constant": { "concurrency": 4, "times": 10 } }, "hooks": [], "sla": { "failure_rate": { "max": 0 } } } ] }
2020-01-28 16:51:56.024 4586 RALLYDEBUG rally_openstack.contexts.keystone.users [-] Creating 3 tenants using 20 threads
2020-01-28 16:51:56.433 4586 RALLYDEBUG rally_openstack.contexts.keystone.users [-] Creating 6 users using 20 threads
2020-01-28 16:51:57.294 4586 INFO rally.task.context [-] Task abbb211e-07bf-4248-9d4b-ff1e7dcdda01 | Context users@openstack setup() finished in 1.27 sec
2020-01-28 16:51:57.796 4586 INFO rally.task.context [-] Task abbb211e-07bf-4248-9d4b-ff1e7dcdda01 | Context quotas@openstack setup() finished in 0.50 sec
2020-01-28 16:51:57.797 4586 INFO rally.task.context [-] Task abbb211e-07bf-4248-9d4b-ff1e7dcdda01 | Context cleanup@openstack setup() finished in 0.13 msec
2020-01-28 16:51:57.806 4586 RALLYDEBUG rally.task.runner [-] Starting the constant runner (task UUID: abbb211e-07bf-4248-9d4b-ff1e7dcdda01). timeout: 0 concurrency: 4 concurrency_per_worker: 1 times: 10 concurrency_overhead: 0 processes_to_start: 4 max_cpu_used: 88
2020-01-28 16:51:57.824 10602 RALLYDEBUG rally.task.runner [-] Starting a worker. concurrency: 1 args: {"subnets_per_network": 2} times: 10 method_name: run timeout: 0 duration: None cls:
2020-01-28 16:51:57.826 10603 RALLYDEBUG rally.task.runner [-] Starting a worker. concurrency: 1 args: {"subnets_per_network": 2} times: 10 method_name: run timeout: 0 duration: None cls:
2020-01-28 16:51:57.829 10604 RALLYDEBUG rally.task.runner [-] Starting a worker. concurrency: 1 args: {"subnets_per_network": 2} times: 10 method_name: run timeout: 0 duration: None cls:
2020-01-28 16:51:57.830 10605 RALLYDEBUG rally.task.runner [-] Starting a worker. concurrency: 1 args: {"subnets_per_network": 2} times: 10 method_name: run timeout: 0 duration: None cls:
2020-01-28 16:51:57.831 10602 INFO rally.task.runner [-] Task abbb211e-07bf-4248-9d4b-ff1e7dcdda01 | ITER: 1 START
2020-01-28 16:51:57.833 10603 INFO rally.task.runner [-] Task abbb211e-07bf-4248-9d4b-ff1e7dcdda01 | ITER: 2 START
2020-01-28 16:51:57.836 10604 INFO rally.task.runner [-] Task abbb211e-07bf-4248-9d4b-ff1e7dcdda01 | ITER: 3 START
2020-01-28 16:51:57.837 10605 INFO rally.task.runner [-] Task abbb211e-07bf-4248-9d4b-ff1e7dcdda01 | ITER: 4 START
2020-01-28 16:51:58.558 10602 RALLYDEBUG rally_openstack.wrappers.network [-] CIDR generated: 10.2.75.0/24
2020-01-28 16:51:58.675 10603 RALLYDEBUG rally_openstack.wrappers.network [-] CIDR generated: 10.2.76.0/24
2020-01-28 16:51:58.844 10605 RALLYDEBUG rally_openstack.wrappers.network [-] CIDR generated: 10.2.77.0/24
2020-01-28 16:51:58.918 10604 RALLYDEBUG rally_openstack.wrappers.network [-] CIDR generated: 10.2.78.0/24
2020-01-28 16:51:59.229 10602 RALLYDEBUG rally_openstack.wrappers.network [-] CIDR generated: 10.2.79.0/24
2020-01-28 16:51:59.576 10603 RALLYDEBUG rally_openstack.wrappers.network [-] CIDR generated: 10.2.80.0/24
2020-01-28 16:52:00.084 10605 RALLYDEBUG rally_openstack.wrappers.network [-] CIDR generated: 10.2.81.0/24
2020-01-28 16:52:00.106 10604 RALLYDEBUG rally_openstack.wrappers.network [-] CIDR generated: 10.2.82.0/24
2020-01-28 16:52:13.186 10602 INFO rally.task.runner [-] Task abbb211e-07bf-4248-9d4b-ff1e7dcdda01 | ITER: 1 END: OK
2020-01-28 16:52:13.191 10602 INFO rally.task.runner [-] Task abbb211e-07bf-4248-9d4b-ff1e7dcdda01 | ITER: 5 START
2020-01-28 16:52:13.610 10602 RALLYDEBUG rally_openstack.wrappers.network [-] CIDR generated: 10.2.83.0/24
2020-01-28 16:52:14.077 10603 INFO rally.task.runner [-] Task abbb211e-07bf-4248-9d4b-ff1e7dcdda01 | ITER: 2 END: OK
2020-01-28 16:52:14.082 10603 INFO rally.task.runner [-] Task abbb211e-07bf-4248-9d4b-ff1e7dcdda01 | ITER: 6 START
2020-01-28 16:52:14.518 10603 RALLYDEBUG rally_openstack.wrappers.network [-] CIDR generated: 10.2.84.0/24
2020-01-28 16:52:15.114 10603 RALLYDEBUG rally_openstack.wrappers.network [-] CIDR generated: 10.2.85.0/24
2020-01-28 16:52:15.398 10602 RALLYDEBUG rally_openstack.wrappers.network [-] CIDR generated: 10.2.86.0/24
2020-01-28 16:52:21.189 10605 INFO rally.task.runner [-] Task abbb211e-07bf-4248-9d4b-ff1e7dcdda01 | ITER: 4 END: OK
2020-01-28 16:52:21.195 10605 INFO rally.task.runner [-] Task abbb211e-07bf-4248-9d4b-ff1e7dcdda01 | ITER: 7 START
2020-01-28 16:52:21.797 10605 RALLYDEBUG rally_openstack.wrappers.network [-] CIDR generated: 10.2.87.0/24
2020-01-28 16:52:21.911 10604 INFO rally.task.runner [-] Task abbb211e-07bf-4248-9d4b-ff1e7dcdda01 | ITER: 3 END: OK
2020-01-28 16:52:21.916 10604 INFO rally.task.runner [-] Task abbb211e-07bf-4248-9d4b-ff1e7dcdda01 | ITER: 8 START
2020-01-28 16:52:22.417 10605 RALLYDEBUG rally_openstack.wrappers.network [-] CIDR generated: 10.2.88.0/24
2020-01-28 16:52:22.588 10604 RALLYDEBUG rally_openstack.wrappers.network [-] CIDR generated: 10.2.89.0/24
2020-01-28 16:52:23.759 10604 RALLYDEBUG rally_openstack.wrappers.network [-] CIDR generated: 10.2.90.0/24
2020-01-28 16:52:28.007 10603 INFO rally.task.runner [-] Task abbb211e-07bf-4248-9d4b-ff1e7dcdda01 | ITER: 6 END: OK
2020-01-28 16:52:28.016 10603 INFO rally.task.runner [-] Task abbb211e-07bf-4248-9d4b-ff1e7dcdda01 | ITER: 9 START
2020-01-28 16:52:28.667 10603 RALLYDEBUG rally_openstack.wrappers.network [-] CIDR generated: 10.2.91.0/24
2020-01-28 16:52:29.810 10603 RALLYDEBUG rally_openstack.wrappers.network [-] CIDR generated: 10.2.92.0/24
2020-01-28 16:52:30.157 10602 INFO rally.task.runner [-] Task abbb211e-07bf-4248-9d4b-ff1e7dcdda01 | ITER: 5 END: OK
2020-01-28 16:52:30.165 10602 INFO rally.task.runner [-] Task abbb211e-07bf-4248-9d4b-ff1e7dcdda01 | ITER: 10 START
2020-01-28 16:52:30.981 10602 RALLYDEBUG rally_openstack.wrappers.network [-] CIDR generated: 10.2.93.0/24
2020-01-28 16:52:31.709 10602 RALLYDEBUG rally_openstack.wrappers.network [-] CIDR generated: 10.2.94.0/24
2020-01-28 16:52:35.755 10605 INFO rally.task.runner [-] Task abbb211e-07bf-4248-9d4b-ff1e7dcdda01 | ITER: 7 END: OK
2020-01-28 16:52:37.033 10604 INFO rally.task.runner [-] Task abbb211e-07bf-4248-9d4b-ff1e7dcdda01 | ITER: 8 END: OK
2020-01-28 16:52:42.654 10603 INFO rally.task.runner [-] Task abbb211e-07bf-4248-9d4b-ff1e7dcdda01 | ITER: 9 END: OK
2020-01-28 16:52:45.049 10602 INFO rally.task.runner [-] Task abbb211e-07bf-4248-9d4b-ff1e7dcdda01 | ITER: 10 END: OK
2020-01-28 16:52:45.071 4586 INFO rally.task.context [-] Task abbb211e-07bf-4248-9d4b-ff1e7dcdda01 | Context cleanup@openstack cleanup() started
2020-01-28 16:52:45.075 4586 RALLYDEBUG rally_openstack.cleanup.manager [-] Cleaning up neutron vip objects
2020-01-28 16:52:45.710 4586 RALLYDEBUG rally_openstack.cleanup.manager [-] Cleaning up neutron health_monitor objects
2020-01-28 16:52:46.300 4586 RALLYDEBUG rally_openstack.cleanup.manager [-] Cleaning up neutron pool objects
2020-01-28 16:52:46.847 4586 RALLYDEBUG rally_openstack.cleanup.manager [-] Cleaning up neutron loadbalancer objects
2020-01-28 16:52:47.466 4586 RALLYDEBUG rally_openstack.cleanup.manager [-] Cleaning up neutron floatingip objects
2020-01-28 16:52:48.124 4586 RALLYDEBUG rally_openstack.cleanup.manager [-] Cleaning up neutron trunk objects
2020-01-28 16:52:48.314 4586 DEBUG neutronclient.v2_0.client [-] Error message: {"message": "The resource could not be found.

\n\n\n", "code": "404 Not Found", "title": "Not Found"} _handle_fault_response /usr/lib/python2.7/site-packages/neutronclient/v2_0/client.py:259
2020-01-28 16:52:48.511 4586 DEBUG neutronclient.v2_0.client [-] Error message: {"message": "The resource could not be found.

\n\n\n", "code": "404 Not Found", "title": "Not Found"} _handle_fault_response /usr/lib/python2.7/site-packages/neutronclient/v2_0/client.py:259
2020-01-28 16:52:48.702 4586 DEBUG neutronclient.v2_0.client [-] Error message: {"message": "The resource could not be found.

\n\n\n", "code": "404 Not Found", "title": "Not Found"} _handle_fault_response /usr/lib/python2.7/site-packages/neutronclient/v2_0/client.py:259
2020-01-28 16:52:48.710 4586 RALLYDEBUG rally_openstack.cleanup.manager [-] Cleaning up neutron port objects
2020-01-28 16:52:50.315 4586 RALLYDEBUG rally_openstack.cleanup.manager [-] Deleting neutron.port object s_rally_5afb9206_kvTylQxu (673cc8d3-5415-492a-a3e5-9e8970a43e65)
2020-01-28 16:52:50.315 4586 RALLYDEBUG rally_openstack.cleanup.manager [-] Deleting neutron.port object s_rally_5afb9206_ARTmPO9x (78077237-303f-4bb6-bb6e-b773211df2d3)
2020-01-28 16:52:50.321 4586 RALLYDEBUG rally_openstack.cleanup.manager [-] Deleting neutron.port object s_rally_5afb9206_cWQ0pEGY (8f52d536-540c-4727-ab26-2cd29987873d)
2020-01-28 16:52:50.325 4586 RALLYDEBUG rally_openstack.cleanup.manager [-] Deleting neutron.port object s_rally_5afb9206_5wttuVQ9 (00f5d18d-aa0d-4e7c-92a5-06d3cccfe704)
2020-01-28 16:52:50.327 4586 RALLYDEBUG rally_openstack.cleanup.manager [-] Deleting neutron.port object s_rally_5afb9206_lCAUASk9 (1e5beebb-6c42-4045-adba-e581c2112ad5)
2020-01-28 16:52:50.387 4586 RALLYDEBUG rally_openstack.cleanup.manager [-] Deleting neutron.port object s_rally_5afb9206_5kwCJBWG (dfc297d2-6eba-42be-98cc-b27623384f00)
2020-01-28 16:52:50.412 4586 RALLYDEBUG rally_openstack.cleanup.manager [-] Deleting neutron.port object s_rally_5afb9206_Wc4YxYQk (f371244c-2954-4018-b50d-de0767734fdb)
2020-01-28 16:52:50.421 4586 RALLYDEBUG rally_openstack.cleanup.manager [-] Deleting neutron.port object s_rally_5afb9206_jclWo698 (ee882206-cca5-4059-9bbf-9c260ff47d23)
2020-01-28 16:52:50.431 4586 RALLYDEBUG rally_openstack.cleanup.manager [-] Deleting neutron.port object s_rally_5afb9206_XSAwqP3P (46ae1601-77bb-45fd-a650-fe02ae7cbf8a)
2020-01-28 16:52:50.465 4586 RALLYDEBUG rally_openstack.cleanup.manager [-] Deleting neutron.port object s_rally_5afb9206_RbdBbQqm (78e7c825-9953-485d-8000-a4d923ebd4d2)
2020-01-28 16:52:50.491 4586 RALLYDEBUG rally_openstack.cleanup.manager [-] Deleting neutron.port object s_rally_5afb9206_HG3nfVNI (fb42a584-3935-4213-be4b-cc7b25b17d4e)
2020-01-28 16:52:50.496 4586 RALLYDEBUG rally_openstack.cleanup.manager [-] Deleting neutron.port object s_rally_5afb9206_UVU3Ysxh (b3e95e44-c6ea-4b73-8ba4-efdcdc54f20c)
2020-01-28 16:52:50.505 4586 RALLYDEBUG rally_openstack.cleanup.manager [-] Deleting neutron.port object s_rally_5afb9206_iDRKy0dX (82a2e131-99cd-4b7f-8143-eb04e8af167e)
2020-01-28 16:52:50.536 4586 RALLYDEBUG rally_openstack.cleanup.manager [-] Deleting neutron.port object s_rally_5afb9206_5vjlPmdX (b48db45f-dc2f-418e-a2e0-525b01691f2a)
2020-01-28 16:52:50.545 4586 RALLYDEBUG rally_openstack.cleanup.manager [-] Deleting neutron.port object s_rally_5afb9206_JwKWvZVm (14d90304-9ae7-40bb-a3f7-64f0c7315f77)
2020-01-28 16:52:50.558 4586 RALLYDEBUG rally_openstack.cleanup.manager [-] Deleting neutron.port object s_rally_5afb9206_08Esw3ph (03cf1187-75eb-4f02-8c41-e59a2613fad9)
2020-01-28 16:52:50.565 4586 RALLYDEBUG rally_openstack.cleanup.manager [-] Deleting neutron.port object s_rally_5afb9206_4zTteP3y (5bed6e04-ca76-4776-bce4-119f2df4c7c9)
2020-01-28 16:52:50.607 4586 RALLYDEBUG rally_openstack.cleanup.manager [-] Deleting neutron.port object s_rally_5afb9206_ck8hJaqK (8d75b97d-3de3-416a-a155-cc2a2efab815)
2020-01-28 16:52:50.614 4586 RALLYDEBUG rally_openstack.cleanup.manager [-] Deleting neutron.port object s_rally_5afb9206_41Hi7sDo (7d502b16-150c-4691-80e9-7d3df3d5b4bc)
2020-01-28 16:52:50.644 4586 RALLYDEBUG rally_openstack.cleanup.manager [-] Deleting neutron.port object s_rally_5afb9206_29ToRZnk (884be4a7-c51a-4fc5-8253-c806a947a24b)
2020-01-28 16:52:59.064 4586 RALLYDEBUG rally_openstack.cleanup.manager [-] Cleaning up neutron subnet objects
2020-01-28 16:53:00.192 4586 RALLYDEBUG rally_openstack.cleanup.manager [-] Deleting neutron.subnet object s_rally_5afb9206_Py3p2pEH (4c8a5956-1285-4585-9d59-edaad7a6983a)
2020-01-28 16:53:00.197 4586 RALLYDEBUG rally_openstack.cleanup.manager [-] Deleting neutron.subnet object s_rally_5afb9206_TVBtLLK2 (5b788bce-6f2d-4917-ab8a-37aa62d8e578)
2020-01-28 16:53:00.207 4586 RALLYDEBUG rally_openstack.cleanup.manager [-] Deleting neutron.subnet object s_rally_5afb9206_zR0NLKol (a5d787fb-3e1e-4397-a2d6-2e094241afd1)
2020-01-28 16:53:00.217 4586 RALLYDEBUG rally_openstack.cleanup.manager [-] Deleting neutron.subnet object s_rally_5afb9206_qFFE76Kz (a6422c31-16ab-475a-b194-8c675a205c1e)
2020-01-28 16:53:00.223 4586 RALLYDEBUG rally_openstack.cleanup.manager [-] Deleting neutron.subnet object s_rally_5afb9206_Lv4gwWeK (f37f777d-e50b-4b50-8652-6d34715e69c6)
2020-01-28 16:53:00.233 4586 RALLYDEBUG rally_openstack.cleanup.manager [-] Deleting neutron.subnet object s_rally_5afb9206_xfbCD24e (f5089984-29d1-412a-8c0f-413254dd3d33)
