2020-01-28 16:47:21.445 7952 RALLYDEBUG rally.task.runner [-] Starting a worker. concurrency: 1 args: {"network_create_args": {}, "router_create_args": {}, "subnet_cidr_start": "1.1.0.0/30", "subnet_create_args": {}, "subnets_per_network": 1} times: 10 method_name: run timeout: 0 duration: None cls:
2020-01-28 16:47:21.446 7950 INFO rally.task.runner [-] Task abbb211e-07bf-4248-9d4b-ff1e7dcdda01 | ITER: 1 START
2020-01-28 16:47:21.447 7953 RALLYDEBUG rally.task.runner [-] Starting a worker. concurrency: 1 args: {"network_create_args": {}, "router_create_args": {}, "subnet_cidr_start": "1.1.0.0/30", "subnet_create_args": {}, "subnets_per_network": 1} times: 10 method_name: run timeout: 0 duration: None cls:
2020-01-28 16:47:21.448 7951 INFO rally.task.runner [-] Task abbb211e-07bf-4248-9d4b-ff1e7dcdda01 | ITER: 2 START
2020-01-28 16:47:21.452 7952 INFO rally.task.runner [-] Task abbb211e-07bf-4248-9d4b-ff1e7dcdda01 | ITER: 3 START
2020-01-28 16:47:21.454 7953 INFO rally.task.runner [-] Task abbb211e-07bf-4248-9d4b-ff1e7dcdda01 | ITER: 4 START
2020-01-28 16:47:22.163 7951 RALLYDEBUG rally_openstack.wrappers.network [-] CIDR generated: 1.1.0.208/30
2020-01-28 16:47:22.181 7950 RALLYDEBUG rally_openstack.wrappers.network [-] CIDR generated: 1.1.0.212/30
2020-01-28 16:47:22.400 7952 RALLYDEBUG rally_openstack.wrappers.network [-] CIDR generated: 1.1.0.216/30
2020-01-28 16:47:22.457 7953 RALLYDEBUG rally_openstack.wrappers.network [-] CIDR generated: 1.1.0.220/30
2020-01-28 16:47:29.976 7950 INFO rally.task.runner [-] Task abbb211e-07bf-4248-9d4b-ff1e7dcdda01 | ITER: 1 END: OK
2020-01-28 16:47:29.982 7950 INFO rally.task.runner [-] Task abbb211e-07bf-4248-9d4b-ff1e7dcdda01 | ITER: 5 START
2020-01-28 16:47:30.379 7951 INFO rally.task.runner [-] Task abbb211e-07bf-4248-9d4b-ff1e7dcdda01 | ITER: 2 END: OK
2020-01-28 16:47:30.384 7951 INFO rally.task.runner [-] Task abbb211e-07bf-4248-9d4b-ff1e7dcdda01 | ITER: 6 START
2020-01-28 16:47:30.440 7950 RALLYDEBUG rally_openstack.wrappers.network [-] CIDR generated: 1.1.0.224/30
2020-01-28 16:47:31.088 7951 RALLYDEBUG rally_openstack.wrappers.network [-] CIDR generated: 1.1.0.228/30
2020-01-28 16:47:34.278 7953 INFO rally.task.runner [-] Task abbb211e-07bf-4248-9d4b-ff1e7dcdda01 | ITER: 4 END: OK
2020-01-28 16:47:34.284 7953 INFO rally.task.runner [-] Task abbb211e-07bf-4248-9d4b-ff1e7dcdda01 | ITER: 7 START
2020-01-28 16:47:34.886 7953 RALLYDEBUG rally_openstack.wrappers.network [-] CIDR generated: 1.1.0.232/30
2020-01-28 16:47:35.069 7952 INFO rally.task.runner [-] Task abbb211e-07bf-4248-9d4b-ff1e7dcdda01 | ITER: 3 END: OK
2020-01-28 16:47:35.074 7952 INFO rally.task.runner [-] Task abbb211e-07bf-4248-9d4b-ff1e7dcdda01 | ITER: 8 START
2020-01-28 16:47:35.874 7952 RALLYDEBUG rally_openstack.wrappers.network [-] CIDR generated: 1.1.0.236/30
2020-01-28 16:47:38.739 7950 INFO rally.task.runner [-] Task abbb211e-07bf-4248-9d4b-ff1e7dcdda01 | ITER: 5 END: OK
2020-01-28 16:47:38.745 7950 INFO rally.task.runner [-] Task abbb211e-07bf-4248-9d4b-ff1e7dcdda01 | ITER: 9 START
2020-01-28 16:47:39.135 7951 INFO rally.task.runner [-] Task abbb211e-07bf-4248-9d4b-ff1e7dcdda01 | ITER: 6 END: OK
2020-01-28 16:47:39.140 7951 INFO rally.task.runner [-] Task abbb211e-07bf-4248-9d4b-ff1e7dcdda01 | ITER: 10 START
2020-01-28 16:47:39.388 7950 RALLYDEBUG rally_openstack.wrappers.network [-] CIDR generated: 1.1.0.240/30
2020-01-28 16:47:39.661 7951 RALLYDEBUG rally_openstack.wrappers.network [-] CIDR generated: 1.1.0.244/30
2020-01-28 16:47:44.050 7953 INFO rally.task.runner [-] Task abbb211e-07bf-4248-9d4b-ff1e7dcdda01 | ITER: 7 END: OK
2020-01-28 16:47:44.349 7952 INFO rally.task.runner [-] Task abbb211e-07bf-4248-9d4b-ff1e7dcdda01 | ITER: 8 END: OK
2020-01-28 16:47:46.077 7950 INFO rally.task.runner [-] Task abbb211e-07bf-4248-9d4b-ff1e7dcdda01 | ITER: 9 END: OK
2020-01-28 16:47:46.486 7951 INFO rally.task.runner [-] Task abbb211e-07bf-4248-9d4b-ff1e7dcdda01 | ITER: 10 END: OK
2020-01-28 16:47:46.509 4586 INFO rally.task.context [-] Task abbb211e-07bf-4248-9d4b-ff1e7dcdda01 | Context cleanup@openstack cleanup() started
2020-01-28 16:47:46.512 4586 RALLYDEBUG rally_openstack.cleanup.manager [-] Cleaning up neutron vip objects
2020-01-28 16:47:47.122 4586 RALLYDEBUG rally_openstack.cleanup.manager [-] Cleaning up neutron health_monitor objects
2020-01-28 16:47:47.690 4586 RALLYDEBUG rally_openstack.cleanup.manager [-] Cleaning up neutron pool objects
2020-01-28 16:47:48.250 4586 RALLYDEBUG rally_openstack.cleanup.manager [-] Cleaning up neutron loadbalancer objects
2020-01-28 16:47:48.804 4586 RALLYDEBUG rally_openstack.cleanup.manager [-] Cleaning up neutron floatingip objects
2020-01-28 16:47:52.460 4586 RALLYDEBUG rally_openstack.cleanup.manager [-] Cleaning up neutron trunk objects
2020-01-28 16:47:52.642 4586 DEBUG neutronclient.v2_0.client [-] Error message: {"message": "The resource could not be found.

\n\n\n", "code": "404 Not Found", "title": "Not Found"} _handle_fault_response /usr/lib/python2.7/site-packages/neutronclient/v2_0/client.py:259
2020-01-28 16:47:52.836 4586 DEBUG neutronclient.v2_0.client [-] Error message: {"message": "The resource could not be found.

\n\n\n", "code": "404 Not Found", "title": "Not Found"} _handle_fault_response /usr/lib/python2.7/site-packages/neutronclient/v2_0/client.py:259
2020-01-28 16:47:53.024 4586 DEBUG neutronclient.v2_0.client [-] Error message: {"message": "The resource could not be found.

\n\n\n", "code": "404 Not Found", "title": "Not Found"} _handle_fault_response /usr/lib/python2.7/site-packages/neutronclient/v2_0/client.py:259
2020-01-28 16:47:53.033 4586 RALLYDEBUG rally_openstack.cleanup.manager [-] Cleaning up neutron port objects
2020-01-28 16:47:54.410 4586 RALLYDEBUG rally_openstack.cleanup.manager [-] Deleting neutron.port object s_rally_14ebd610_H7NiJXp1 (51dbd536-6e4c-46a0-8e5b-a62543b8626c)
2020-01-28 16:47:54.413 4586 RALLYDEBUG rally_openstack.cleanup.manager [-] Deleting neutron.port object s_rally_14ebd610_UeozQKzi (fc4172a5-00ce-499f-b9a0-7944c102fea5)
2020-01-28 16:47:54.424 4586 RALLYDEBUG rally_openstack.cleanup.manager [-] Deleting neutron.port object s_rally_14ebd610_ARI0Sb3v (90d0f7d4-c4b7-4d3c-a971-11cf1d2150ac)
2020-01-28 16:47:54.422 4586 RALLYDEBUG rally_openstack.cleanup.manager [-] Deleting neutron.port object s_rally_14ebd610_Z2CX98w6 (0d75ed66-81c9-41f0-810a-6f0c130ceaec)
2020-01-28 16:47:54.456 4586 RALLYDEBUG rally_openstack.cleanup.manager [-] Deleting neutron.port object s_rally_14ebd610_NZkTIhrY (263e3425-7e04-42f2-a757-d8727fa134a9)
2020-01-28 16:47:54.478 4586 RALLYDEBUG rally_openstack.cleanup.manager [-] Deleting neutron.port object s_rally_14ebd610_P5SknZzV (5cc964f3-2d62-4323-b49b-d312bd028503)
2020-01-28 16:47:54.499 4586 RALLYDEBUG rally_openstack.cleanup.manager [-] Deleting neutron.port object s_rally_14ebd610_OS69cxJd (31e294ca-5ef4-40f5-920c-85cbff6b877d)
2020-01-28 16:47:54.498 4586 RALLYDEBUG rally_openstack.cleanup.manager [-] Deleting neutron.port object s_rally_14ebd610_KzHOuvFM (1079d32f-9064-4ab1-9af1-4618386f0bab)
2020-01-28 16:47:54.529 4586 RALLYDEBUG rally_openstack.cleanup.manager [-] Deleting neutron.port object s_rally_14ebd610_JYF6sRbF (c509f010-9105-4e06-b954-6e52beb39a0e)
2020-01-28 16:47:54.547 4586 RALLYDEBUG rally_openstack.cleanup.manager [-] Deleting neutron.port object s_rally_14ebd610_18iWvrXp (cc343694-c106-44d1-83a0-3482e6c085c8)
2020-01-28 16:48:01.481 4586 RALLYDEBUG rally_openstack.cleanup.manager [-] Cleaning up neutron subnet objects
2020-01-28 16:48:02.489 4586 RALLYDEBUG rally_openstack.cleanup.manager [-] Deleting neutron.subnet object s_rally_14ebd610_44FE2dLh (7214f69c-cbd8-473b-a6d2-a98017562539)
2020-01-28 16:48:02.493 4586 RALLYDEBUG rally_openstack.cleanup.manager [-] Deleting neutron.subnet object s_rally_14ebd610_RVnd0kgS (d1804a64-b911-4698-8e29-98363745f791)
2020-01-28 16:48:02.510 4586 RALLYDEBUG rally_openstack.cleanup.manager [-] Deleting neutron.subnet object s_rally_14ebd610_PxXaI1Hz (7d4f056c-8533-4d4b-9ce4-2c673c3ee9db)
2020-01-28 16:48:02.511 4586 RALLYDEBUG rally_openstack.cleanup.manager [-] Deleting neutron.subnet object s_rally_14ebd610_LvspXcuy (f2d9a416-edbc-4783-9c60-353ffc3556bb)
2020-01-28 16:48:02.519 4586 RALLYDEBUG rally_openstack.cleanup.manager [-] Deleting neutron.subnet object s_rally_14ebd610_aAd8Dwun (722f4580-25ea-457e-9ae2-33ec7fb55dce)
2020-01-28 16:48:02.542 4586 RALLYDEBUG rally_openstack.cleanup.manager [-] Deleting neutron.subnet object s_rally_14ebd610_1EZlL4gP (cc2cee12-58f8-4649-a50b-b462d2002518)
2020-01-28 16:48:02.566 4586 RALLYDEBUG rally_openstack.cleanup.manager [-] Deleting neutron.subnet object s_rally_14ebd610_8MMPCJcH (a17f5856-f2a8-42cd-9728-1bfb7b33fd34)
2020-01-28 16:48:02.580 4586 RALLYDEBUG rally_openstack.cleanup.manager [-] Deleting neutron.subnet object s_rally_14ebd610_BOaNDXsu (03ac0117-eee4-40f2-88e5-bbcd17161009)
2020-01-28 16:48:02.585 4586 RALLYDEBUG rally_openstack.cleanup.manager [-] Deleting neutron.subnet object s_rally_14ebd610_aH6Kvv2R (98877917-a567-4b8b-a7cd-de558949276b)
2020-01-28 16:48:02.586 4586 RALLYDEBUG rally_openstack.cleanup.manager [-] Deleting neutron.subnet object s_rally_14ebd610_9dOmpnHS (d1062550-c5f1-4da3-8791-206013fcee31)
2020-01-28 16:48:07.442 4586 RALLYDEBUG rally_openstack.cleanup.manager [-] Cleaning up neutron network objects
2020-01-28 16:48:08.418 4586 RALLYDEBUG rally_openstack.cleanup.manager [-] Deleting neutron.network object s_rally_14ebd610_9VSjb3Sn (44c4bf90-483e-4280-84e4-2382f8d6b237)
2020-01-28 16:48:08.423 4586 RALLYDEBUG rally_openstack.cleanup.manager [-] Deleting neutron.network object s_rally_14ebd610_bPXPaZam (6af0d6f7-5b77-4845-9d78-7eee63df980a)
2020-01-28 16:48:08.441 4586 RALLYDEBUG rally_openstack.cleanup.manager [-] Deleting neutron.network object s_rally_14ebd610_p7DTqMgd (c484866f-0d3f-461a-83ea-46b9ab9c1a14)
2020-01-28 16:48:08.442 4586 RALLYDEBUG rally_openstack.cleanup.manager [-] Deleting neutron.network object s_rally_14ebd610_fLLJAS7J (bf5b244d-529d-4eb3-94d3-5f0b7e407275)
2020-01-28 16:48:08.443 4586 RALLYDEBUG rally_openstack.cleanup.manager [-] Deleting neutron.network object s_rally_14ebd610_EylsLOWD (c7e0e9ef-7856-47ac-a7f3-fcfc16462a30)
2020-01-28 16:48:08.466 4586 RALLYDEBUG rally_openstack.cleanup.manager [-] Deleting neutron.network object s_rally_14ebd610_BiBtz8mp (c7f80e41-e977-4cd6-bfa4-20c31965007a)
2020-01-28 16:48:08.473 4586 RALLYDEBUG rally_openstack.cleanup.manager [-] Deleting neutron.network object s_rally_14ebd610_WERSu4eF (99936f52-078b-4946-bb00-109da8669061)
2020-01-28 16:48:08.504 4586 RALLYDEBUG rally_openstack.cleanup.manager [-] Deleting neutron.network object s_rally_14ebd610_qxg23HAv (d5a08b87-2ad5-44a8-a611-e9722c049c0a)
2020-01-28 16:48:08.505 4586 RALLYDEBUG rally_openstack.cleanup.manager [-] Deleting neutron.network object s_rally_14ebd610_DGD5JORg (f057f664-f33a-4f85-b084-9cd4c8351b80)
2020-01-28 16:48:08.543 4586 RALLYDEBUG rally_openstack.cleanup.manager [-] Deleting neutron.network object s_rally_14ebd610_yiupAMSz (d68cb55d-cc2b-484e-a397-af3778bbfc9c)
2020-01-28 16:48:14.862 4586 RALLYDEBUG rally_openstack.cleanup.manager [-] Cleaning up neutron router objects
2020-01-28 16:48:15.738 4586 RALLYDEBUG rally_openstack.cleanup.manager [-] Deleting neutron.router object s_rally_14ebd610_ARI0Sb3v (0e774c12-0b61-4be4-bbdb-4dbe1c24a201)
2020-01-28 16:48:15.747 4586 RALLYDEBUG rally_openstack.cleanup.manager [-] Deleting neutron.router object s_rally_14ebd610_UeozQKzi (3ca1bf4d-c15a-4485-b787-ab56e565d7e4)
2020-01-28 16:48:15.757 4586 RALLYDEBUG rally_openstack.cleanup.manager [-] Deleting neutron.router object s_rally_14ebd610_H7NiJXp1 (b094e4dc-e414-440e-958c-88cedadab8da)
2020-01-28 16:48:15.765 4586 RALLYDEBUG rally_openstack.cleanup.manager [-] Deleting neutron.router object s_rally_14ebd610_P5SknZzV (1e3afa00-16b4-4189-a39d-343930cb7822)
2020-01-28 16:48:15.788 4586 RALLYDEBUG rally_openstack.cleanup.manager [-] Deleting neutron.router object s_rally_14ebd610_JYF6sRbF (2c7702da-b2eb-4f74-894a-4b82db09eac9)
2020-01-28 16:48:15.789 4586 RALLYDEBUG rally_openstack.cleanup.manager [-] Deleting neutron.router object s_rally_14ebd610_OS69cxJd (b1c7d98a-37b7-4206-a177-2323226ef128)
2020-01-28 16:48:15.791 4586 RALLYDEBUG rally_openstack.cleanup.manager [-] Deleting neutron.router object s_rally_14ebd610_NZkTIhrY (c702f2fa-6e51-4cb5-ae20-2caab9288ab9)
2020-01-28 16:48:15.796 4586 RALLYDEBUG rally_openstack.cleanup.manager [-] Deleting neutron.router object s_rally_14ebd610_Z2CX98w6 (a5a83941-ef01-4644-bc5c-a8a611c60ea6)
2020-01-28 16:48:15.802 4586 RALLYDEBUG rally_openstack.cleanup.manager [-] Deleting neutron.router object s_rally_14ebd610_KzHOuvFM (ee58a5b2-f009-48cd-a08a-06b162c082c8)
2020-01-28 16:48:15.849 4586 RALLYDEBUG rally_openstack.cleanup.manager [-] Deleting neutron.router object s_rally_14ebd610_18iWvrXp (f068a16b-1c2d-49a1-a7b3-31ebab13323a)
2020-01-28 16:48:22.523 4586 RALLYDEBUG rally_openstack.cleanup.manager [-] Cleaning up neutron security_group objects
2020-01-28 16:48:23.327 4586 INFO rally.task.context [-] Task abbb211e-07bf-4248-9d4b-ff1e7dcdda01 | Context cleanup@openstack cleanup() finished in 36.82 sec
2020-01-28 16:48:23.327 4586 INFO rally.task.context [-] Task abbb211e-07bf-4248-9d4b-ff1e7dcdda01 | Context quotas@openstack cleanup() started
2020-01-28 16:48:23.457 4586 INFO rally.task.context [-] Task abbb211e-07bf-4248-9d4b-ff1e7dcdda01 | Context quotas@openstack cleanup() finished in 0.13 sec
2020-01-28 16:48:23.457 4586 INFO rally.task.context [-] Task abbb211e-07bf-4248-9d4b-ff1e7dcdda01 | Context users@openstack cleanup() started
2020-01-28 16:48:26.359 4586 INFO rally.task.context [-] Task abbb211e-07bf-4248-9d4b-ff1e7dcdda01 | Context users@openstack cleanup() finished in 2.90 sec
2020-01-28 16:48:28.034 4586 INFO rally.task.engine [-] Load duration is: 25.038857
2020-01-28 16:48:28.034 4586 INFO rally.task.engine [-] Full runner duration is: 25.082662
2020-01-28 16:48:28.035 4586 INFO rally.task.engine [-] Full duration is: 66.613711
2020-01-28 16:48:28.122 4586 INFO rally.task.engine [-] Running workload: position = 0 config = { "version": 2, "title": "A cropped version of a bigger task.", "description": "Auto-generated task from a single workload (uuid=be135469-1b8d-4d44-b3b6-b7813a6f4a93)", "subtasks": [ { "title": "NeutronNetworks.create_and_list_subnets", "description": "Create and a given number of subnets and list all subnets.", "scenario": { "NeutronNetworks.create_and_list_subnets": { "network_create_args": {}, "subnet_cidr_start": "1.1.0.0/30", "subnet_create_args": {}, "subnets_per_network": 1 } }, "contexts": { "users": { "tenants": 3, "users_per_tenant": 2 }, "quotas": { "neutron": { "network": -1, "subnet": -1 } } }, "runner": { "constant": { "concurrency": 4, "times": 10 } }, "hooks": [], "sla": { "failure_rate": { "max": 0 } } } ] }
2020-01-28 16:48:28.144 4586 RALLYDEBUG rally_openstack.contexts.keystone.users [-] Creating 3 tenants using 20 threads
2020-01-28 16:48:29.013 4586 RALLYDEBUG rally_openstack.contexts.keystone.users [-] Creating 6 users using 20 threads
2020-01-28 16:48:29.702 4586 INFO rally.task.context [-] Task abbb211e-07bf-4248-9d4b-ff1e7dcdda01 | Context users@openstack setup() finished in 1.56 sec
2020-01-28 16:48:30.178 4586 INFO rally.task.context [-] Task abbb211e-07bf-4248-9d4b-ff1e7dcdda01 | Context quotas@openstack setup() finished in 0.48 sec
2020-01-28 16:48:30.179 4586 INFO rally.task.context [-] Task abbb211e-07bf-4248-9d4b-ff1e7dcdda01 | Context cleanup@openstack setup() finished in 0.01 msec
2020-01-28 16:48:30.188 4586 RALLYDEBUG rally.task.runner [-] Starting the constant runner (task UUID: abbb211e-07bf-4248-9d4b-ff1e7dcdda01). timeout: 0 concurrency: 4 concurrency_per_worker: 1 times: 10 concurrency_overhead: 0 processes_to_start: 4 max_cpu_used: 88
2020-01-28 16:48:30.199 8274 RALLYDEBUG rally.task.runner [-] Starting a worker. concurrency: 1 args: {"network_create_args": {}, "subnet_cidr_start": "1.1.0.0/30", "subnet_create_args": {}, "subnets_per_network": 1} times: 10 method_name: run timeout: 0 duration: None cls:
2020-01-28 16:48:30.201 8275 RALLYDEBUG rally.task.runner [-] Starting a worker. concurrency: 1 args: {"network_create_args": {}, "subnet_cidr_start": "1.1.0.0/30", "subnet_create_args": {}, "subnets_per_network": 1} times: 10 method_name: run timeout: 0 duration: None cls:
2020-01-28 16:48:30.204 8276 RALLYDEBUG rally.task.runner [-] Starting a worker. concurrency: 1 args: {"network_create_args": {}, "subnet_cidr_start": "1.1.0.0/30", "subnet_create_args": {}, "subnets_per_network": 1} times: 10 method_name: run timeout: 0 duration: None cls:
2020-01-28 16:48:30.207 8274 INFO rally.task.runner [-] Task abbb211e-07bf-4248-9d4b-ff1e7dcdda01 | ITER: 1 START
2020-01-28 16:48:30.207 8277 RALLYDEBUG rally.task.runner [-] Starting a worker. concurrency: 1 args: {"network_create_args": {}, "subnet_cidr_start": "1.1.0.0/30", "subnet_create_args": {}, "subnets_per_network": 1} times: 10 method_name: run timeout: 0 duration: None cls:
2020-01-28 16:48:30.209 8275 INFO rally.task.runner [-] Task abbb211e-07bf-4248-9d4b-ff1e7dcdda01 | ITER: 2 START
2020-01-28 16:48:30.212 8276 INFO rally.task.runner [-] Task abbb211e-07bf-4248-9d4b-ff1e7dcdda01 | ITER: 3 START
2020-01-28 16:48:30.214 8277 INFO rally.task.runner [-] Task abbb211e-07bf-4248-9d4b-ff1e7dcdda01 | ITER: 4 START
2020-01-28 16:48:31.027 8277 RALLYDEBUG rally_openstack.wrappers.network [-] CIDR generated: 1.1.0.248/30
2020-01-28 16:48:31.071 8274 RALLYDEBUG rally_openstack.wrappers.network [-] CIDR generated: 1.1.0.252/30
2020-01-28 16:48:31.110 8276 RALLYDEBUG rally_openstack.wrappers.network [-] CIDR generated: 1.1.1.0/30
2020-01-28 16:48:31.225 8275 RALLYDEBUG rally_openstack.wrappers.network [-] CIDR generated: 1.1.1.4/30
2020-01-28 16:48:31.928 8276 INFO rally.task.runner [-] Task abbb211e-07bf-4248-9d4b-ff1e7dcdda01 | ITER: 3 END: OK
2020-01-28 16:48:31.934 8276 INFO rally.task.runner [-] Task abbb211e-07bf-4248-9d4b-ff1e7dcdda01 | ITER: 5 START
2020-01-28 16:48:31.987 8277 INFO rally.task.runner [-] Task abbb211e-07bf-4248-9d4b-ff1e7dcdda01 | ITER: 4 END: OK
2020-01-28 16:48:31.992 8277 INFO rally.task.runner [-] Task abbb211e-07bf-4248-9d4b-ff1e7dcdda01 | ITER: 6 START
2020-01-28 16:48:32.119 8274 INFO rally.task.runner [-] Task abbb211e-07bf-4248-9d4b-ff1e7dcdda01 | ITER: 1 END: OK
2020-01-28 16:48:32.125 8274 INFO rally.task.runner [-] Task abbb211e-07bf-4248-9d4b-ff1e7dcdda01 | ITER: 7 START
2020-01-28 16:48:32.200 8275 INFO rally.task.runner [-] Task abbb211e-07bf-4248-9d4b-ff1e7dcdda01 | ITER: 2 END: OK
2020-01-28 16:48:32.207 8275 INFO rally.task.runner [-] Task abbb211e-07bf-4248-9d4b-ff1e7dcdda01 | ITER: 8 START
2020-01-28 16:48:32.431 8277 RALLYDEBUG rally_openstack.wrappers.network [-] CIDR generated: 1.1.1.8/30
2020-01-28 16:48:32.732 8274 RALLYDEBUG rally_openstack.wrappers.network [-] CIDR generated: 1.1.1.12/30
2020-01-28 16:48:32.773 8276 RALLYDEBUG rally_openstack.wrappers.network [-] CIDR generated: 1.1.1.16/30
2020-01-28 16:48:32.835 8275 RALLYDEBUG rally_openstack.wrappers.network [-] CIDR generated: 1.1.1.20/30
2020-01-28 16:48:33.272 8277 INFO rally.task.runner [-] Task abbb211e-07bf-4248-9d4b-ff1e7dcdda01 | ITER: 6 END: OK
2020-01-28 16:48:33.277 8277 INFO rally.task.runner [-] Task abbb211e-07bf-4248-9d4b-ff1e7dcdda01 | ITER: 9 START
2020-01-28 16:48:33.553 8274 INFO rally.task.runner [-] Task abbb211e-07bf-4248-9d4b-ff1e7dcdda01 | ITER: 7 END: OK
2020-01-28 16:48:33.558 8274 INFO rally.task.runner [-] Task abbb211e-07bf-4248-9d4b-ff1e7dcdda01 | ITER: 10 START
2020-01-28 16:48:33.677 8275 INFO rally.task.runner [-] Task abbb211e-07bf-4248-9d4b-ff1e7dcdda01 | ITER: 8 END: OK
2020-01-28 16:48:34.547 8276 INFO rally.task.runner [-] Task abbb211e-07bf-4248-9d4b-ff1e7dcdda01 | ITER: 5 END: OK
2020-01-28 16:48:34.647 8277 RALLYDEBUG rally_openstack.wrappers.network [-] CIDR generated: 1.1.1.24/30
2020-01-28 16:48:35.062 8274 RALLYDEBUG rally_openstack.wrappers.network [-] CIDR generated: 1.1.1.28/30
2020-01-28 16:48:35.713 8277 INFO rally.task.runner [-] Task abbb211e-07bf-4248-9d4b-ff1e7dcdda01 | ITER: 9 END: OK
2020-01-28 16:48:36.047 8274 INFO rally.task.runner [-] Task abbb211e-07bf-4248-9d4b-ff1e7dcdda01 | ITER: 10 END: OK
2020-01-28 16:48:36.069 4586 INFO rally.task.context [-] Task abbb211e-07bf-4248-9d4b-ff1e7dcdda01 | Context cleanup@openstack cleanup() started
2020-01-28 16:48:36.072 4586 RALLYDEBUG rally_openstack.cleanup.manager [-] Cleaning up neutron vip objects
2020-01-28 16:48:36.945 4586 RALLYDEBUG rally_openstack.cleanup.manager [-] Cleaning up neutron health_monitor objects
2020-01-28 16:48:37.591 4586 RALLYDEBUG rally_openstack.cleanup.manager [-] Cleaning up neutron pool objects
2020-01-28 16:48:38.197 4586 RALLYDEBUG rally_openstack.cleanup.manager [-] Cleaning up neutron loadbalancer objects
2020-01-28 16:48:38.804 4586 RALLYDEBUG rally_openstack.cleanup.manager [-] Cleaning up neutron floatingip objects
2020-01-28 16:48:39.441 4586 RALLYDEBUG rally_openstack.cleanup.manager [-] Cleaning up neutron trunk objects
2020-01-28 16:48:39.635 4586 DEBUG neutronclient.v2_0.client [-] Error message: {"message": "The resource could not be found.

\n\n\n", "code": "404 Not Found", "title": "Not Found"} _handle_fault_response /usr/lib/python2.7/site-packages/neutronclient/v2_0/client.py:259
2020-01-28 16:48:39.837 4586 DEBUG neutronclient.v2_0.client [-] Error message: {"message": "The resource could not be found.

\n\n\n", "code": "404 Not Found", "title": "Not Found"} _handle_fault_response /usr/lib/python2.7/site-packages/neutronclient/v2_0/client.py:259
2020-01-28 16:48:40.024 4586 DEBUG neutronclient.v2_0.client [-] Error message: {"message": "The resource could not be found.

\n\n\n", "code": "404 Not Found", "title": "Not Found"} _handle_fault_response /usr/lib/python2.7/site-packages/neutronclient/v2_0/client.py:259
2020-01-28 16:48:40.033 4586 RALLYDEBUG rally_openstack.cleanup.manager [-] Cleaning up neutron port objects
2020-01-28 16:48:41.109 4586 RALLYDEBUG rally_openstack.cleanup.manager [-] Cleaning up neutron subnet objects
2020-01-28 16:48:41.971 4586 RALLYDEBUG rally_openstack.cleanup.manager [-] Deleting neutron.subnet object s_rally_be135469_GcAhhMT4 (28c0180a-be10-459e-8341-f2a28ce5adf2)
2020-01-28 16:48:41.980 4586 RALLYDEBUG rally_openstack.cleanup.manager [-] Deleting neutron.subnet object s_rally_be135469_eIHcdXuM (ae39975b-78ef-4a07-b33a-692d27293eb3)
2020-01-28 16:48:41.989 4586 RALLYDEBUG rally_openstack.cleanup.manager [-] Deleting neutron.subnet object s_rally_be135469_BPpdqjXn (df7c19c0-d311-4147-bc2a-662693e47e28)
2020-01-28 16:48:41.994 4586 RALLYDEBUG rally_openstack.cleanup.manager [-] Deleting neutron.subnet object s_rally_be135469_CEtPCVcX (e5e976b4-d401-4fa3-8407-edc041d14e0e)
2020-01-28 16:48:42.003 4586 RALLYDEBUG rally_openstack.cleanup.manager [-] Deleting neutron.subnet object s_rally_be135469_tRwNQp0v (b80e95e5-8448-494a-a370-f6128abc7270)
2020-01-28 16:48:42.021 4586 RALLYDEBUG rally_openstack.cleanup.manager [-] Deleting neutron.subnet object s_rally_be135469_ktWVyAHr (fe3e5d4a-a329-4aff-b3c9-9d502f43e01f)
2020-01-28 16:48:42.030 4586 RALLYDEBUG rally_openstack.cleanup.manager [-] Deleting neutron.subnet object s_rally_be135469_3Eh8rgRz (3bd1cec5-c6fc-40bf-8fe8-bec4192fe459)
2020-01-28 16:48:42.038 4586 RALLYDEBUG rally_openstack.cleanup.manager [-] Deleting neutron.subnet object s_rally_be135469_iWaPZM7e (4a1867ac-0d64-4681-8571-a9f9ecaed472)
2020-01-28 16:48:42.047 4586 RALLYDEBUG rally_openstack.cleanup.manager [-] Deleting neutron.subnet object s_rally_be135469_vUh2hS0s (7268e96f-cc15-4f65-90e6-81af4afa7f92)
2020-01-28 16:48:42.093 4586 RALLYDEBUG rally_openstack.cleanup.manager [-] Deleting neutron.subnet object s_rally_be135469_gNV2fxRt (d3fa5763-f63e-4cd9-b625-acb77613d23b)
2020-01-28 16:48:46.790 4586 RALLYDEBUG rally_openstack.cleanup.manager [-] Cleaning up neutron network objects
2020-01-28 16:48:47.831 4586 RALLYDEBUG rally_openstack.cleanup.manager [-] Deleting neutron.network object s_rally_be135469_VcXWqlmh (2d85c996-63a3-4b53-95d5-04e9fc97b2d3)
2020-01-28 16:48:47.840 4586 RALLYDEBUG rally_openstack.cleanup.manager [-] Deleting neutron.network object s_rally_be135469_PFCCnl2a (7784e312-70a3-45c7-b235-a18e9f55c8b2)
2020-01-28 16:48:47.848 4586 RALLYDEBUG rally_openstack.cleanup.manager [-] Deleting neutron.network object s_rally_be135469_rkgW9rp8 (912439f6-07fc-4b1b-977f-b3f1844d3e53)
2020-01-28 16:48:47.862 4586 RALLYDEBUG rally_openstack.cleanup.manager [-] Deleting neutron.network object s_rally_be135469_0oIWZbHG (bb7f766b-7320-4ad4-9cc6-34257f4670f5)
2020-01-28 16:48:47.871 4586 RALLYDEBUG rally_openstack.cleanup.manager [-] Deleting neutron.network object s_rally_be135469_leC89e2q (574c7c0c-6423-42a0-9957-dabdc6336aa0)
2020-01-28 16:48:47.891 4586 RALLYDEBUG rally_openstack.cleanup.manager [-] Deleting neutron.network object s_rally_be135469_wfYzkPSm (c4e89f41-237c-47d5-bea5-0ac5eeb70d28)
2020-01-28 16:48:47.902 4586 RALLYDEBUG rally_openstack.cleanup.manager [-] Deleting neutron.network object s_rally_be135469_53ffupFL (fb0ec17e-3743-4cb0-ab97-0671d3b342a5)
2020-01-28 16:48:47.921 4586 RALLYDEBUG rally_openstack.cleanup.manager [-] Deleting neutron.network object s_rally_be135469_jC3VCZkJ (388954aa-3e78-498a-a273-644624aab1cd)
2020-01-28 16:48:47.932 4586 RALLYDEBUG rally_openstack.cleanup.manager [-] Deleting neutron.network object s_rally_be135469_Fo6yZtFp (46752df2-36b1-4d0e-abb5-81968341e482)
2020-01-28 16:48:47.932 4586 RALLYDEBUG rally_openstack.cleanup.manager [-] Deleting neutron.network object s_rally_be135469_JFvvke7X (b1a55708-20c8-4cc4-a442-ecf362a102af)
2020-01-28 16:48:52.197 4586 RALLYDEBUG rally_openstack.cleanup.manager [-] Cleaning up neutron router objects
2020-01-28 16:48:52.944 4586 RALLYDEBUG rally_openstack.cleanup.manager [-] Cleaning up neutron security_group objects
2020-01-28 16:48:53.805 4586 INFO rally.task.context [-] Task abbb211e-07bf-4248-9d4b-ff1e7dcdda01 | Context cleanup@openstack cleanup() finished in 17.74 sec
2020-01-28 16:48:53.805 4586 INFO rally.task.context [-] Task abbb211e-07bf-4248-9d4b-ff1e7dcdda01 | Context quotas@openstack cleanup() started
2020-01-28 16:48:53.931 4586 INFO rally.task.context [-] Task abbb211e-07bf-4248-9d4b-ff1e7dcdda01 | Context quotas@openstack cleanup() finished in 0.13 sec
2020-01-28 16:48:53.932 4586 INFO rally.task.context [-] Task abbb211e-07bf-4248-9d4b-ff1e7dcdda01 | Context users@openstack cleanup() started
2020-01-28 16:48:56.809 4586 INFO rally.task.context [-] Task abbb211e-07bf-4248-9d4b-ff1e7dcdda01 | Context users@openstack cleanup() finished in 2.88 sec
2020-01-28 16:48:58.297 4586 INFO rally.task.engine [-] Load duration is: 5.838854
2020-01-28 16:48:58.298 4586 INFO rally.task.engine [-] Full runner duration is: 5.880891
2020-01-28 16:48:58.298 4586 INFO rally.task.engine [-] Full duration is: 28.669057
2020-01-28 16:48:58.380 4586 INFO rally.task.engine [-] Running workload: position = 0 config = { "version": 2, "title": "A cropped version of a bigger task.", "description": "Auto-generated task from a single workload (uuid=90359600-6bba-4829-8e48-74b917351498)", "subtasks": [ { "title": "NeutronSecurityGroup.create_and_delete_security_groups", "description": "Create and delete Neutron security-groups.", "scenario": { "NeutronSecurityGroup.create_and_delete_security_groups": {} }, "contexts": { "users": { "tenants": 3, "users_per_tenant": 2 }, "quotas": { "neutron": { "security_group": -1 } } }, "runner": { "constant": { "concurrency": 4, "times": 10 } }, "hooks": [], "sla": { "failure_rate": { "max": 0 } } } ] }
2020-01-28 16:48:58.394 4586 RALLYDEBUG rally_openstack.contexts.keystone.users [-] Creating 3 tenants using 20 threads
2020-01-28 16:48:58.858 4586 RALLYDEBUG rally_openstack.contexts.keystone.users [-] Creating 6 users using 20 threads
2020-01-28 16:48:59.629 4586 INFO rally.task.context [-] Task abbb211e-07bf-4248-9d4b-ff1e7dcdda01 | Context users@openstack setup() finished in 1.24 sec
2020-01-28 16:49:00.116 4586 INFO rally.task.context [-] Task abbb211e-07bf-4248-9d4b-ff1e7dcdda01 | Context quotas@openstack setup() finished in 0.49 sec
2020-01-28 16:49:00.117 4586 INFO rally.task.context [-] Task abbb211e-07bf-4248-9d4b-ff1e7dcdda01 | Context cleanup@openstack setup() finished in 0.12 msec
2020-01-28 16:49:00.126 4586 RALLYDEBUG rally.task.runner [-] Starting the constant runner (task UUID: abbb211e-07bf-4248-9d4b-ff1e7dcdda01). timeout: 0 concurrency: 4 concurrency_per_worker: 1 times: 10 concurrency_overhead: 0 processes_to_start: 4 max_cpu_used: 88
2020-01-28 16:49:00.139 8598 RALLYDEBUG rally.task.runner [-] Starting a worker. concurrency: 1 args: {} times: 10 method_name: run timeout: 0 duration: None cls:
2020-01-28 16:49:00.142 8599 RALLYDEBUG rally.task.runner [-] Starting a worker. concurrency: 1 args: {} times: 10 method_name: run timeout: 0 duration: None cls:
2020-01-28 16:49:00.144 8600 RALLYDEBUG rally.task.runner [-] Starting a worker. concurrency: 1 args: {} times: 10 method_name: run timeout: 0 duration: None cls:
2020-01-28 16:49:00.146 8598 INFO rally.task.runner [-] Task abbb211e-07bf-4248-9d4b-ff1e7dcdda01 | ITER: 1 START
2020-01-28 16:49:00.147 8601 RALLYDEBUG rally.task.runner [-] Starting a worker. concurrency: 1 args: {} times: 10 method_name: run timeout: 0 duration: None cls:
2020-01-28 16:49:00.149 8599 INFO rally.task.runner [-] Task abbb211e-07bf-4248-9d4b-ff1e7dcdda01 | ITER: 2 START
2020-01-28 16:49:00.151 8600 INFO rally.task.runner [-] Task abbb211e-07bf-4248-9d4b-ff1e7dcdda01 | ITER: 3 START
2020-01-28 16:49:00.154 8601 INFO rally.task.runner [-] Task abbb211e-07bf-4248-9d4b-ff1e7dcdda01 | ITER: 4 START
2020-01-28 16:49:00.826 8599 INFO rally.task.runner [-] Task abbb211e-07bf-4248-9d4b-ff1e7dcdda01 | ITER: 2 END: OK
2020-01-28 16:49:00.831 8599 INFO rally.task.runner [-] Task abbb211e-07bf-4248-9d4b-ff1e7dcdda01 | ITER: 5 START
2020-01-28 16:49:00.897 8600 INFO rally.task.runner [-] Task abbb211e-07bf-4248-9d4b-ff1e7dcdda01 | ITER: 3 END: OK
2020-01-28 16:49:00.903 8600 INFO rally.task.runner [-] Task abbb211e-07bf-4248-9d4b-ff1e7dcdda01 | ITER: 6 START
2020-01-28 16:49:00.903 8601 INFO rally.task.runner [-] Task abbb211e-07bf-4248-9d4b-ff1e7dcdda01 | ITER: 4 END: OK
2020-01-28 16:49:00.909 8601 INFO rally.task.runner [-] Task abbb211e-07bf-4248-9d4b-ff1e7dcdda01 | ITER: 7 START
2020-01-28 16:49:00.970 8598 INFO rally.task.runner [-] Task abbb211e-07bf-4248-9d4b-ff1e7dcdda01 | ITER: 1 END: OK
2020-01-28 16:49:00.975 8598 INFO rally.task.runner [-] Task abbb211e-07bf-4248-9d4b-ff1e7dcdda01 | ITER: 8 START
2020-01-28 16:49:01.460 8599 INFO rally.task.runner [-] Task abbb211e-07bf-4248-9d4b-ff1e7dcdda01 | ITER: 5 END: OK
2020-01-28 16:49:01.465 8599 INFO rally.task.runner [-] Task abbb211e-07bf-4248-9d4b-ff1e7dcdda01 | ITER: 9 START
2020-01-28 16:49:01.576 8600 INFO rally.task.runner [-] Task abbb211e-07bf-4248-9d4b-ff1e7dcdda01 | ITER: 6 END: OK
2020-01-28 16:49:01.580 8600 INFO rally.task.runner [-] Task abbb211e-07bf-4248-9d4b-ff1e7dcdda01 | ITER: 10 START
2020-01-28 16:49:01.700 8601 INFO rally.task.runner [-] Task abbb211e-07bf-4248-9d4b-ff1e7dcdda01 | ITER: 7 END: OK
2020-01-28 16:49:01.705 8598 INFO rally.task.runner [-] Task abbb211e-07bf-4248-9d4b-ff1e7dcdda01 | ITER: 8 END: OK
2020-01-28 16:49:02.068 8600 INFO rally.task.runner [-] Task abbb211e-07bf-4248-9d4b-ff1e7dcdda01 | ITER: 10 END: OK
2020-01-28 16:49:02.185 8599 INFO rally.task.runner [-] Task abbb211e-07bf-4248-9d4b-ff1e7dcdda01 | ITER: 9 END: OK
2020-01-28 16:49:02.212 4586 INFO rally.task.context [-] Task abbb211e-07bf-4248-9d4b-ff1e7dcdda01 | Context cleanup@openstack cleanup() started
2020-01-28 16:49:02.215 4586 RALLYDEBUG rally_openstack.cleanup.manager [-] Cleaning up neutron vip objects
2020-01-28 16:49:02.790 4586 RALLYDEBUG rally_openstack.cleanup.manager [-] Cleaning up neutron health_monitor objects
2020-01-28 16:49:03.371 4586 RALLYDEBUG rally_openstack.cleanup.manager [-] Cleaning up neutron pool objects
2020-01-28 16:49:03.951 4586 RALLYDEBUG rally_openstack.cleanup.manager [-] Cleaning up neutron loadbalancer objects
2020-01-28 16:49:04.547 4586 RALLYDEBUG rally_openstack.cleanup.manager [-] Cleaning up neutron floatingip objects
2020-01-28 16:49:05.185 4586 RALLYDEBUG rally_openstack.cleanup.manager [-] Cleaning up neutron trunk objects
2020-01-28 16:49:05.376 4586 DEBUG neutronclient.v2_0.client [-] Error message: {"message": "The resource could not be found.

\n\n\n", "code": "404 Not Found", "title": "Not Found"} _handle_fault_response /usr/lib/python2.7/site-packages/neutronclient/v2_0/client.py:259
2020-01-28 16:49:05.550 4586 DEBUG neutronclient.v2_0.client [-] Error message: {"message": "The resource could not be found.

\n\n\n", "code": "404 Not Found", "title": "Not Found"} _handle_fault_response /usr/lib/python2.7/site-packages/neutronclient/v2_0/client.py:259
2020-01-28 16:49:05.716 4586 DEBUG neutronclient.v2_0.client [-] Error message: {"message": "The resource could not be found.

\n\n\n", "code": "404 Not Found", "title": "Not Found"} _handle_fault_response /usr/lib/python2.7/site-packages/neutronclient/v2_0/client.py:259
2020-01-28 16:49:05.725 4586 RALLYDEBUG rally_openstack.cleanup.manager [-] Cleaning up neutron port objects
2020-01-28 16:49:06.446 4586 RALLYDEBUG rally_openstack.cleanup.manager [-] Cleaning up neutron subnet objects
2020-01-28 16:49:07.148 4586 RALLYDEBUG rally_openstack.cleanup.manager [-] Cleaning up neutron network objects
2020-01-28 16:49:09.960 4586 RALLYDEBUG rally_openstack.cleanup.manager [-] Cleaning up neutron router objects
2020-01-28 16:49:10.739 4586 RALLYDEBUG rally_openstack.cleanup.manager [-] Cleaning up neutron security_group objects
2020-01-28 16:49:11.573 4586 INFO rally.task.context [-] Task abbb211e-07bf-4248-9d4b-ff1e7dcdda01 | Context cleanup@openstack cleanup() finished in 9.36 sec
2020-01-28 16:49:11.574 4586 INFO rally.task.context [-] Task abbb211e-07bf-4248-9d4b-ff1e7dcdda01 | Context quotas@openstack cleanup() started
2020-01-28 16:49:11.688 4586 INFO rally.task.context [-] Task abbb211e-07bf-4248-9d4b-ff1e7dcdda01 | Context quotas@openstack cleanup() finished in 0.11 sec
2020-01-28 16:49:11.689 4586 INFO rally.task.context [-] Task abbb211e-07bf-4248-9d4b-ff1e7dcdda01 | Context users@openstack cleanup() started
2020-01-28 16:49:14.402 4586 INFO rally.task.context [-] Task abbb211e-07bf-4248-9d4b-ff1e7dcdda01 | Context users@openstack cleanup() finished in 2.71 sec
2020-01-28 16:49:14.490 4586 INFO rally.task.engine [-] Load duration is: 2.037898
2020-01-28 16:49:14.490 4586 INFO rally.task.engine [-] Full runner duration is: 2.086625
2020-01-28 16:49:14.491 4586 INFO rally.task.engine [-] Full duration is: 16.010496
2020-01-28 16:49:14.574 4586 INFO rally.task.engine [-] Running workload: position = 0 config = { "version": 2, "title": "A cropped version of a bigger task.", "description": "Auto-generated task from a single workload (uuid=f3069e5d-e999-49a7-a376-772127128cff)", "subtasks": [ { "title": "NeutronSecurityGroup.create_and_delete_security_group_rule", "description": "Create and delete Neutron security-group-rule.", "scenario": { "NeutronSecurityGroup.create_and_delete_security_group_rule": {} }, "contexts": { "users": { "tenants": 3, "users_per_tenant": 2 }, "quotas": { "neutron": { "security_group": -1 } } }, "runner": { "constant": { "concurrency": 4, "times": 10 } }, "hooks": [], "sla": { "failure_rate": { "max": 0 } } } ] }
2020-01-28 16:49:14.588 4586 RALLYDEBUG rally_openstack.contexts.keystone.users [-] Creating 3 tenants using 20 threads
2020-01-28 16:49:15.025 4586 RALLYDEBUG rally_openstack.contexts.keystone.users [-] Creating 6 users using 20 threads
2020-01-28 16:49:15.937 4586 INFO rally.task.context [-] Task abbb211e-07bf-4248-9d4b-ff1e7dcdda01 | Context users@openstack setup() finished in 1.35 sec
2020-01-28 16:49:16.437 4586 INFO rally.task.context [-] Task abbb211e-07bf-4248-9d4b-ff1e7dcdda01 | Context quotas@openstack setup() finished in 0.50 sec
2020-01-28 16:49:16.438 4586 INFO rally.task.context [-] Task abbb211e-07bf-4248-9d4b-ff1e7dcdda01 | Context cleanup@openstack setup() finished in 0.13 msec
2020-01-28 16:49:16.447 4586 RALLYDEBUG rally.task.runner [-] Starting the constant runner (task UUID: abbb211e-07bf-4248-9d4b-ff1e7dcdda01). timeout: 0 concurrency: 4 concurrency_per_worker: 1 times: 10 concurrency_overhead: 0 processes_to_start: 4 max_cpu_used: 88
2020-01-28 16:49:16.459 8922 RALLYDEBUG rally.task.runner [-] Starting a worker. concurrency: 1 args: {} times: 10 method_name: run timeout: 0 duration: None cls:
2020-01-28 16:49:16.461 8923 RALLYDEBUG rally.task.runner [-] Starting a worker. concurrency: 1 args: {} times: 10 method_name: run timeout: 0 duration: None cls:
2020-01-28 16:49:16.463 8924 RALLYDEBUG rally.task.runner [-] Starting a worker. concurrency: 1 args: {} times: 10 method_name: run timeout: 0 duration: None cls:
2020-01-28 16:49:16.466 8922 INFO rally.task.runner [-] Task abbb211e-07bf-4248-9d4b-ff1e7dcdda01 | ITER: 1 START
2020-01-28 16:49:16.466 8925 RALLYDEBUG rally.task.runner [-] Starting a worker. concurrency: 1 args: {} times: 10 method_name: run timeout: 0 duration: None cls:
2020-01-28 16:49:16.468 8923 INFO rally.task.runner [-] Task abbb211e-07bf-4248-9d4b-ff1e7dcdda01 | ITER: 2 START
2020-01-28 16:49:16.470 8924 INFO rally.task.runner [-] Task abbb211e-07bf-4248-9d4b-ff1e7dcdda01 | ITER: 3 START
2020-01-28 16:49:16.471 8925 INFO rally.task.runner [-] Task abbb211e-07bf-4248-9d4b-ff1e7dcdda01 | ITER: 4 START
2020-01-28 16:49:17.504 8925 INFO rally.task.runner [-] Task abbb211e-07bf-4248-9d4b-ff1e7dcdda01 | ITER: 4 END: OK
2020-01-28 16:49:17.509 8925 INFO rally.task.runner [-] Task abbb211e-07bf-4248-9d4b-ff1e7dcdda01 | ITER: 5 START
2020-01-28 16:49:17.702 8923 INFO rally.task.runner [-] Task abbb211e-07bf-4248-9d4b-ff1e7dcdda01 | ITER: 2 END: OK
2020-01-28 16:49:17.708 8923 INFO rally.task.runner [-] Task abbb211e-07bf-4248-9d4b-ff1e7dcdda01 | ITER: 6 START
2020-01-28 16:49:18.404 8922 INFO rally.task.runner [-] Task abbb211e-07bf-4248-9d4b-ff1e7dcdda01 | ITER: 1 END: OK
2020-01-28 16:49:18.409 8922 INFO rally.task.runner [-] Task abbb211e-07bf-4248-9d4b-ff1e7dcdda01 | ITER: 7 START
2020-01-28 16:49:18.446 8924 INFO rally.task.runner [-] Task abbb211e-07bf-4248-9d4b-ff1e7dcdda01 | ITER: 3 END: OK
2020-01-28 16:49:18.452 8924 INFO rally.task.runner [-] Task abbb211e-07bf-4248-9d4b-ff1e7dcdda01 | ITER: 8 START
2020-01-28 16:49:19.281 8925 INFO rally.task.runner [-] Task abbb211e-07bf-4248-9d4b-ff1e7dcdda01 | ITER: 5 END: OK
2020-01-28 16:49:19.285 8925 INFO rally.task.runner [-] Task abbb211e-07bf-4248-9d4b-ff1e7dcdda01 | ITER: 9 START
2020-01-28 16:49:19.301 8923 INFO rally.task.runner [-] Task abbb211e-07bf-4248-9d4b-ff1e7dcdda01 | ITER: 6 END: OK
2020-01-28 16:49:19.306 8923 INFO rally.task.runner [-] Task abbb211e-07bf-4248-9d4b-ff1e7dcdda01 | ITER: 10 START
2020-01-28 16:49:19.396 8922 INFO rally.task.runner [-] Task abbb211e-07bf-4248-9d4b-ff1e7dcdda01 | ITER: 7 END: OK
2020-01-28 16:49:19.608 8924 INFO rally.task.runner [-] Task abbb211e-07bf-4248-9d4b-ff1e7dcdda01 | ITER: 8 END: OK
2020-01-28 16:49:20.089 8925 INFO rally.task.runner [-] Task abbb211e-07bf-4248-9d4b-ff1e7dcdda01 | ITER: 9 END: OK
2020-01-28 16:49:20.116 8923 INFO rally.task.runner [-] Task abbb211e-07bf-4248-9d4b-ff1e7dcdda01 | ITER: 10 END: OK
2020-01-28 16:49:20.145 4586 INFO rally.task.context [-] Task abbb211e-07bf-4248-9d4b-ff1e7dcdda01 | Context cleanup@openstack cleanup() started
2020-01-28 16:49:20.148 4586 RALLYDEBUG rally_openstack.cleanup.manager [-] Cleaning up neutron vip objects
2020-01-28 16:49:20.782 4586 RALLYDEBUG rally_openstack.cleanup.manager [-] Cleaning up neutron health_monitor objects
2020-01-28 16:49:21.397 4586 RALLYDEBUG rally_openstack.cleanup.manager [-] Cleaning up neutron pool objects
2020-01-28 16:49:22.011 4586 RALLYDEBUG rally_openstack.cleanup.manager [-] Cleaning up neutron loadbalancer objects
2020-01-28 16:49:22.625 4586 RALLYDEBUG rally_openstack.cleanup.manager [-] Cleaning up neutron floatingip objects
2020-01-28 16:49:23.253 4586 RALLYDEBUG rally_openstack.cleanup.manager [-] Cleaning up neutron trunk objects
2020-01-28 16:49:23.446 4586 DEBUG neutronclient.v2_0.client [-] Error message: {"message": "The resource could not be found.

\n\n\n", "code": "404 Not Found", "title": "Not Found"} _handle_fault_response /usr/lib/python2.7/site-packages/neutronclient/v2_0/client.py:259
2020-01-28 16:49:23.667 4586 DEBUG neutronclient.v2_0.client [-] Error message: {"message": "The resource could not be found.

\n\n\n", "code": "404 Not Found", "title": "Not Found"} _handle_fault_response /usr/lib/python2.7/site-packages/neutronclient/v2_0/client.py:259
2020-01-28 16:49:23.862 4586 DEBUG neutronclient.v2_0.client [-] Error message: {"message": "The resource could not be found.

\n\n\n", "code": "404 Not Found", "title": "Not Found"} _handle_fault_response /usr/lib/python2.7/site-packages/neutronclient/v2_0/client.py:259
2020-01-28 16:49:23.871 4586 RALLYDEBUG rally_openstack.cleanup.manager [-] Cleaning up neutron port objects
2020-01-28 16:49:24.574 4586 RALLYDEBUG rally_openstack.cleanup.manager [-] Cleaning up neutron subnet objects
2020-01-28 16:49:25.381 4586 RALLYDEBUG rally_openstack.cleanup.manager [-] Cleaning up neutron network objects
2020-01-28 16:49:26.060 4586 RALLYDEBUG rally_openstack.cleanup.manager [-] Cleaning up neutron router objects
2020-01-28 16:49:27.131 4586 RALLYDEBUG rally_openstack.cleanup.manager [-] Cleaning up neutron security_group objects
2020-01-28 16:49:28.249 4586 INFO rally.task.context [-] Task abbb211e-07bf-4248-9d4b-ff1e7dcdda01 | Context cleanup@openstack cleanup() finished in 8.10 sec
2020-01-28 16:49:28.249 4586 INFO rally.task.context [-] Task abbb211e-07bf-4248-9d4b-ff1e7dcdda01 | Context quotas@openstack cleanup() started
2020-01-28 16:49:28.366 4586 INFO rally.task.context [-] Task abbb211e-07bf-4248-9d4b-ff1e7dcdda01 | Context quotas@openstack cleanup() finished in 0.12 sec
2020-01-28 16:49:28.366 4586 INFO rally.task.context [-] Task abbb211e-07bf-4248-9d4b-ff1e7dcdda01 | Context users@openstack cleanup() started
2020-01-28 16:49:31.629 4586 INFO rally.task.context [-] Task abbb211e-07bf-4248-9d4b-ff1e7dcdda01 | Context users@openstack cleanup() finished in 3.26 sec
2020-01-28 16:49:32.688 4586 INFO rally.task.engine [-] Load duration is: 3.648933
2020-01-28 16:49:32.688 4586 INFO rally.task.engine [-] Full runner duration is: 3.698328
2020-01-28 16:49:32.688 4586 INFO rally.task.engine [-] Full duration is: 17.043359
2020-01-28 16:49:32.774 4586 INFO rally.task.engine [-] Running workload: position = 0 config = { "version": 2, "title": "A cropped version of a bigger task.", "description": "Auto-generated task from a single workload (uuid=c61b9c42-6239-4227-bd58-732dbbbd88f7)", "subtasks": [ { "title": "NeutronSecurityGroup.create_and_list_security_group_rules", "description": "Create and list Neutron security-group-rules.", "scenario": { "NeutronSecurityGroup.create_and_list_security_group_rules": {} }, "contexts": { "users": { "tenants": 3, "users_per_tenant": 2 }, "quotas": { "neutron": { "security_group": -1 } } }, "runner": { "constant": { "concurrency": 4, "times": 10 } }, "hooks": [], "sla": { "failure_rate": { "max": 0 } } } ] }
2020-01-28 16:49:32.787 4586 RALLYDEBUG rally_openstack.contexts.keystone.users [-] Creating 3 tenants using 20 threads
2020-01-28 16:49:33.196 4586 RALLYDEBUG rally_openstack.contexts.keystone.users [-] Creating 6 users using 20 threads
2020-01-28 16:49:34.090 4586 INFO rally.task.context [-] Task abbb211e-07bf-4248-9d4b-ff1e7dcdda01 | Context users@openstack setup() finished in 1.30 sec
2020-01-28 16:49:34.544 4586 INFO rally.task.context [-] Task abbb211e-07bf-4248-9d4b-ff1e7dcdda01 | Context quotas@openstack setup() finished in 0.45 sec
2020-01-28 16:49:34.545 4586 INFO rally.task.context [-] Task abbb211e-07bf-4248-9d4b-ff1e7dcdda01 | Context cleanup@openstack setup() finished in 0.02 msec
2020-01-28 16:49:34.552 4586 RALLYDEBUG rally.task.runner [-] Starting the constant runner (task UUID: abbb211e-07bf-4248-9d4b-ff1e7dcdda01). timeout: 0 concurrency: 4 concurrency_per_worker: 1 times: 10 concurrency_overhead: 0 processes_to_start: 4 max_cpu_used: 88
2020-01-28 16:49:34.568 9246 RALLYDEBUG rally.task.runner [-] Starting a worker. concurrency: 1 args: {} times: 10 method_name: run timeout: 0 duration: None cls:
2020-01-28 16:49:34.569 9247 RALLYDEBUG rally.task.runner [-] Starting a worker. concurrency: 1 args: {} times: 10 method_name: run timeout: 0 duration: None cls:
2020-01-28 16:49:34.573 9248 RALLYDEBUG rally.task.runner [-] Starting a worker. concurrency: 1 args: {} times: 10 method_name: run timeout: 0 duration: None cls:
2020-01-28 16:49:34.575 9246 INFO rally.task.runner [-] Task abbb211e-07bf-4248-9d4b-ff1e7dcdda01 | ITER: 1 START
2020-01-28 16:49:34.575 9249 RALLYDEBUG rally.task.runner [-] Starting a worker. concurrency: 1 args: {} times: 10 method_name: run timeout: 0 duration: None cls:
2020-01-28 16:49:34.576 9247 INFO rally.task.runner [-] Task abbb211e-07bf-4248-9d4b-ff1e7dcdda01 | ITER: 2 START
2020-01-28 16:49:34.580 9248 INFO rally.task.runner [-] Task abbb211e-07bf-4248-9d4b-ff1e7dcdda01 | ITER: 3 START
2020-01-28 16:49:34.582 9249 INFO rally.task.runner [-] Task abbb211e-07bf-4248-9d4b-ff1e7dcdda01 | ITER: 4 START
2020-01-28 16:49:35.392 9246 INFO rally.task.runner [-] Task abbb211e-07bf-4248-9d4b-ff1e7dcdda01 | ITER: 1 END: OK
2020-01-28 16:49:35.397 9246 INFO rally.task.runner [-] Task abbb211e-07bf-4248-9d4b-ff1e7dcdda01 | ITER: 5 START
2020-01-28 16:49:35.438 9247 INFO rally.task.runner [-] Task abbb211e-07bf-4248-9d4b-ff1e7dcdda01 | ITER: 2 END: OK
2020-01-28 16:49:35.444 9247 INFO rally.task.runner [-] Task abbb211e-07bf-4248-9d4b-ff1e7dcdda01 | ITER: 6 START
2020-01-28 16:49:35.562 9248 INFO rally.task.runner [-] Task abbb211e-07bf-4248-9d4b-ff1e7dcdda01 | ITER: 3 END: OK
2020-01-28 16:49:35.567 9248 INFO rally.task.runner [-] Task abbb211e-07bf-4248-9d4b-ff1e7dcdda01 | ITER: 7 START
2020-01-28 16:49:35.666 9249 INFO rally.task.runner [-] Task abbb211e-07bf-4248-9d4b-ff1e7dcdda01 | ITER: 4 END: OK
2020-01-28 16:49:35.671 9249 INFO rally.task.runner [-] Task abbb211e-07bf-4248-9d4b-ff1e7dcdda01 | ITER: 8 START
2020-01-28 16:49:36.075 9246 INFO rally.task.runner [-] Task abbb211e-07bf-4248-9d4b-ff1e7dcdda01 | ITER: 5 END: OK
2020-01-28 16:49:36.080 9246 INFO rally.task.runner [-] Task abbb211e-07bf-4248-9d4b-ff1e7dcdda01 | ITER: 9 START
2020-01-28 16:49:36.092 9247 INFO rally.task.runner [-] Task abbb211e-07bf-4248-9d4b-ff1e7dcdda01 | ITER: 6 END: OK
2020-01-28 16:49:36.096 9247 INFO rally.task.runner [-] Task abbb211e-07bf-4248-9d4b-ff1e7dcdda01 | ITER: 10 START
2020-01-28 16:49:36.285 9248 INFO rally.task.runner [-] Task abbb211e-07bf-4248-9d4b-ff1e7dcdda01 | ITER: 7 END: OK
2020-01-28 16:49:36.389 9249 INFO rally.task.runner [-] Task abbb211e-07bf-4248-9d4b-ff1e7dcdda01 | ITER: 8 END: OK
2020-01-28 16:49:36.792 9246 INFO rally.task.runner [-] Task abbb211e-07bf-4248-9d4b-ff1e7dcdda01 | ITER: 9 END: OK
2020-01-28 16:49:36.907 9247 INFO rally.task.runner [-] Task abbb211e-07bf-4248-9d4b-ff1e7dcdda01 | ITER: 10 END: OK
2020-01-28 16:49:36.931 4586 INFO rally.task.context [-] Task abbb211e-07bf-4248-9d4b-ff1e7dcdda01 | Context cleanup@openstack cleanup() started
2020-01-28 16:49:36.934 4586 RALLYDEBUG rally_openstack.cleanup.manager [-] Cleaning up neutron vip objects
2020-01-28 16:49:37.552 4586 RALLYDEBUG rally_openstack.cleanup.manager [-] Cleaning up neutron health_monitor objects
2020-01-28 16:49:38.147 4586 RALLYDEBUG rally_openstack.cleanup.manager [-] Cleaning up neutron pool objects
2020-01-28 16:49:38.762 4586 RALLYDEBUG rally_openstack.cleanup.manager [-] Cleaning up neutron loadbalancer objects
2020-01-28 16:49:39.370 4586 RALLYDEBUG rally_openstack.cleanup.manager [-] Cleaning up neutron floatingip objects
2020-01-28 16:49:40.039 4586 RALLYDEBUG rally_openstack.cleanup.manager [-] Cleaning up neutron trunk objects
2020-01-28 16:49:40.235 4586 DEBUG neutronclient.v2_0.client [-] Error message: {"message": "The resource could not be found.

\n\n\n", "code": "404 Not Found", "title": "Not Found"} _handle_fault_response /usr/lib/python2.7/site-packages/neutronclient/v2_0/client.py:259
2020-01-28 16:49:40.421 4586 DEBUG neutronclient.v2_0.client [-] Error message: {"message": "The resource could not be found.

\n\n\n", "code": "404 Not Found", "title": "Not Found"} _handle_fault_response /usr/lib/python2.7/site-packages/neutronclient/v2_0/client.py:259
2020-01-28 16:49:40.626 4586 DEBUG neutronclient.v2_0.client [-] Error message: {"message": "The resource could not be found.

\n\n\n", "code": "404 Not Found", "title": "Not Found"} _handle_fault_response /usr/lib/python2.7/site-packages/neutronclient/v2_0/client.py:259
2020-01-28 16:49:40.635 4586 RALLYDEBUG rally_openstack.cleanup.manager [-] Cleaning up neutron port objects
2020-01-28 16:49:41.347 4586 RALLYDEBUG rally_openstack.cleanup.manager [-] Cleaning up neutron subnet objects
2020-01-28 16:49:42.041 4586 RALLYDEBUG rally_openstack.cleanup.manager [-] Cleaning up neutron network objects
2020-01-28 16:49:42.719 4586 RALLYDEBUG rally_openstack.cleanup.manager [-] Cleaning up neutron router objects
2020-01-28 16:49:43.649 4586 RALLYDEBUG rally_openstack.cleanup.manager [-] Cleaning up neutron security_group objects
2020-01-28 16:49:44.549 4586 RALLYDEBUG rally_openstack.cleanup.manager [-] Deleting neutron.security_group object s_rally_c61b9c42_dKRLB6dl (0a8ba661-feec-4ceb-836f-6f7202a1fe7d)
2020-01-28 16:49:44.555 4586 RALLYDEBUG rally_openstack.cleanup.manager [-] Deleting neutron.security_group object s_rally_c61b9c42_oCBotauq (82199f3c-f345-4f70-81a2-cde2cf5c1746)
