2020-01-28 16:39:40.474 2476 INFO rally.task.engine [-] Full duration is: 8.020877
2020-01-28 16:39:40.564 2476 INFO rally.task.engine [-] Running workload: position = 0 config = { "version": 2, "title": "A cropped version of a bigger task.", "description": "Auto-generated task from a single workload (uuid=e54d7465-3242-43f6-8fba-5e970fb4103f)", "subtasks": [ { "title": "KeystoneBasic.create_and_list_users", "description": "Create a keystone user with random name and list all users.", "scenario": { "KeystoneBasic.create_and_list_users": {} }, "contexts": {}, "runner": { "constant": { "concurrency": 4, "times": 10 } }, "hooks": [], "sla": { "failure_rate": { "max": 0 } } } ] }
2020-01-28 16:39:40.576 2476 RALLYDEBUG rally_openstack.contexts.keystone.users [-] Creating 1 tenants using 20 threads
2020-01-28 16:39:40.909 2476 RALLYDEBUG rally_openstack.contexts.keystone.users [-] Creating 1 users using 20 threads
2020-01-28 16:39:41.350 2476 INFO rally.task.context [-] Task ac8de4a7-2601-427a-93ac-1542472f8fd9 | Context users@openstack setup() finished in 0.77 sec
2020-01-28 16:39:41.350 2476 INFO rally.task.context [-] Task ac8de4a7-2601-427a-93ac-1542472f8fd9 | Context admin_cleanup@openstack setup() finished in 0.01 msec
2020-01-28 16:39:41.359 2476 RALLYDEBUG rally.task.runner [-] Starting the constant runner (task UUID: ac8de4a7-2601-427a-93ac-1542472f8fd9). timeout: 0 concurrency: 4 concurrency_per_worker: 1 times: 10 concurrency_overhead: 0 processes_to_start: 4 max_cpu_used: 88
2020-01-28 16:39:41.372 4256 RALLYDEBUG rally.task.runner [-] Starting a worker. concurrency: 1 args: {} times: 10 method_name: run timeout: 0 duration: None cls:
2020-01-28 16:39:41.375 4257 RALLYDEBUG rally.task.runner [-] Starting a worker. concurrency: 1 args: {} times: 10 method_name: run timeout: 0 duration: None cls:
2020-01-28 16:39:41.377 4256 INFO rally.task.runner [-] Task ac8de4a7-2601-427a-93ac-1542472f8fd9 | ITER: 1 START
2020-01-28 16:39:41.377 4258 RALLYDEBUG rally.task.runner [-] Starting a worker. concurrency: 1 args: {} times: 10 method_name: run timeout: 0 duration: None cls:
2020-01-28 16:39:41.380 4257 INFO rally.task.runner [-] Task ac8de4a7-2601-427a-93ac-1542472f8fd9 | ITER: 2 START
2020-01-28 16:39:41.380 4259 RALLYDEBUG rally.task.runner [-] Starting a worker. concurrency: 1 args: {} times: 10 method_name: run timeout: 0 duration: None cls:
2020-01-28 16:39:41.382 4258 INFO rally.task.runner [-] Task ac8de4a7-2601-427a-93ac-1542472f8fd9 | ITER: 3 START
2020-01-28 16:39:41.385 4259 INFO rally.task.runner [-] Task ac8de4a7-2601-427a-93ac-1542472f8fd9 | ITER: 4 START
2020-01-28 16:39:42.341 4256 INFO rally.task.runner [-] Task ac8de4a7-2601-427a-93ac-1542472f8fd9 | ITER: 1 END: OK
2020-01-28 16:39:42.345 4256 INFO rally.task.runner [-] Task ac8de4a7-2601-427a-93ac-1542472f8fd9 | ITER: 5 START
2020-01-28 16:39:42.381 4258 INFO rally.task.runner [-] Task ac8de4a7-2601-427a-93ac-1542472f8fd9 | ITER: 3 END: OK
2020-01-28 16:39:42.384 4258 INFO rally.task.runner [-] Task ac8de4a7-2601-427a-93ac-1542472f8fd9 | ITER: 6 START
2020-01-28 16:39:42.456 4257 INFO rally.task.runner [-] Task ac8de4a7-2601-427a-93ac-1542472f8fd9 | ITER: 2 END: OK
2020-01-28 16:39:42.460 4257 INFO rally.task.runner [-] Task ac8de4a7-2601-427a-93ac-1542472f8fd9 | ITER: 7 START
2020-01-28 16:39:42.576 4259 INFO rally.task.runner [-] Task ac8de4a7-2601-427a-93ac-1542472f8fd9 | ITER: 4 END: OK
2020-01-28 16:39:42.580 4259 INFO rally.task.runner [-] Task ac8de4a7-2601-427a-93ac-1542472f8fd9 | ITER: 8 START
2020-01-28 16:39:43.152 4256 INFO rally.task.runner [-] Task ac8de4a7-2601-427a-93ac-1542472f8fd9 | ITER: 5 END: OK
2020-01-28 16:39:43.155 4256 INFO rally.task.runner [-] Task ac8de4a7-2601-427a-93ac-1542472f8fd9 | ITER: 9 START
2020-01-28 16:39:43.169 4258 INFO rally.task.runner [-] Task ac8de4a7-2601-427a-93ac-1542472f8fd9 | ITER: 6 END: OK
2020-01-28 16:39:43.172 4258 INFO rally.task.runner [-] Task ac8de4a7-2601-427a-93ac-1542472f8fd9 | ITER: 10 START
2020-01-28 16:39:43.261 4257 INFO rally.task.runner [-] Task ac8de4a7-2601-427a-93ac-1542472f8fd9 | ITER: 7 END: OK
2020-01-28 16:39:43.395 4259 INFO rally.task.runner [-] Task ac8de4a7-2601-427a-93ac-1542472f8fd9 | ITER: 8 END: OK
2020-01-28 16:39:43.888 4258 INFO rally.task.runner [-] Task ac8de4a7-2601-427a-93ac-1542472f8fd9 | ITER: 10 END: OK
2020-01-28 16:39:44.064 4256 INFO rally.task.runner [-] Task ac8de4a7-2601-427a-93ac-1542472f8fd9 | ITER: 9 END: OK
2020-01-28 16:39:44.091 2476 INFO rally.task.context [-] Task ac8de4a7-2601-427a-93ac-1542472f8fd9 | Context admin_cleanup@openstack cleanup() started
2020-01-28 16:39:44.093 2476 RALLYDEBUG rally_openstack.cleanup.manager [-] Cleaning up keystone user objects
2020-01-28 16:39:44.412 2476 RALLYDEBUG rally_openstack.cleanup.manager [-] Deleting keystone.user object s_rally_e54d7465_vQS1u8bD (235a60549f664e3197ef447633bf64b5)
2020-01-28 16:39:44.413 2476 RALLYDEBUG rally_openstack.cleanup.manager [-] Deleting keystone.user object s_rally_e54d7465_TQceNhv5 (012cb2ee28c24369a15334e12bfde863)
2020-01-28 16:39:44.409 2476 RALLYDEBUG rally_openstack.cleanup.manager [-] Deleting keystone.user object s_rally_e54d7465_jZV4wIhJ (10470f770f494291b633c0381f8ea688)
2020-01-28 16:39:44.455 2476 RALLYDEBUG rally_openstack.cleanup.manager [-] Deleting keystone.user object s_rally_e54d7465_POxPdPe7 (2ef4e404ce9f409289277a75071f0bde)
2020-01-28 16:39:44.509 2476 RALLYDEBUG rally_openstack.cleanup.manager [-] Deleting keystone.user object s_rally_e54d7465_cMMAg42c (5ce7b643f2ae407da81033d3ac9da67a)
2020-01-28 16:39:44.528 2476 RALLYDEBUG rally_openstack.cleanup.manager [-] Deleting keystone.user object s_rally_e54d7465_ZTLzPWCh (72a1c6c671be43c3b1aa9f5b16fdf6d7)
2020-01-28 16:39:44.561 2476 RALLYDEBUG rally_openstack.cleanup.manager [-] Deleting keystone.user object s_rally_e54d7465_0glzAchb (6e231974caf447aeb44d025c39ac8949)
2020-01-28 16:39:44.568 2476 RALLYDEBUG rally_openstack.cleanup.manager [-] Deleting keystone.user object s_rally_e54d7465_VTTiul5A (8d1f5f5d56fa4f28ba715038a301ef86)
2020-01-28 16:39:44.584 2476 RALLYDEBUG rally_openstack.cleanup.manager [-] Deleting keystone.user object s_rally_e54d7465_tbDCYONW (c74501ba27f74edaa898880e80a1c664)
2020-01-28 16:39:44.590 2476 RALLYDEBUG rally_openstack.cleanup.manager [-] Deleting keystone.user object s_rally_e54d7465_Jg6l3Wae (c147a104585d42fe93d5e1e94f3a88d9)
2020-01-28 16:39:46.565 2476 RALLYDEBUG rally_openstack.cleanup.manager [-] Cleaning up keystone project objects
2020-01-28 16:39:46.936 2476 RALLYDEBUG rally_openstack.cleanup.manager [-] Cleaning up keystone service objects
2020-01-28 16:39:47.304 2476 RALLYDEBUG rally_openstack.cleanup.manager [-] Cleaning up keystone role objects
2020-01-28 16:39:47.571 2476 INFO rally.task.context [-] Task ac8de4a7-2601-427a-93ac-1542472f8fd9 | Context admin_cleanup@openstack cleanup() finished in 3.48 sec
2020-01-28 16:39:47.571 2476 INFO rally.task.context [-] Task ac8de4a7-2601-427a-93ac-1542472f8fd9 | Context users@openstack cleanup() started
2020-01-28 16:39:49.125 2476 INFO rally.task.context [-] Task ac8de4a7-2601-427a-93ac-1542472f8fd9 | Context users@openstack cleanup() finished in 1.55 sec
2020-01-28 16:39:50.667 2476 INFO rally.task.engine [-] Load duration is: 2.108135
2020-01-28 16:39:50.668 2476 INFO rally.task.engine [-] Full runner duration is: 2.732085
2020-01-28 16:39:50.668 2476 INFO rally.task.engine [-] Full duration is: 8.549258
2020-01-28 16:39:50.752 2476 INFO rally.task.engine [-] Running workload: position = 0 config = { "version": 2, "title": "A cropped version of a bigger task.", "description": "Auto-generated task from a single workload (uuid=28788eaf-6c15-4d0f-a3db-04ee564aac53)", "subtasks": [ { "title": "KeystoneBasic.create_tenant_with_users", "description": "Create a keystone tenant and several users belonging to it.", "scenario": { "KeystoneBasic.create_tenant_with_users": { "users_per_tenant": 10 } }, "contexts": {}, "runner": { "constant": { "concurrency": 4, "times": 10 } }, "hooks": [], "sla": { "failure_rate": { "max": 0 } } } ] }
2020-01-28 16:39:50.764 2476 RALLYDEBUG rally_openstack.contexts.keystone.users [-] Creating 1 tenants using 20 threads
2020-01-28 16:39:51.121 2476 RALLYDEBUG rally_openstack.contexts.keystone.users [-] Creating 1 users using 20 threads
2020-01-28 16:39:51.549 2476 INFO rally.task.context [-] Task ac8de4a7-2601-427a-93ac-1542472f8fd9 | Context users@openstack setup() finished in 0.78 sec
2020-01-28 16:39:51.549 2476 INFO rally.task.context [-] Task ac8de4a7-2601-427a-93ac-1542472f8fd9 | Context admin_cleanup@openstack setup() finished in 0.00 msec
2020-01-28 16:39:51.555 2476 RALLYDEBUG rally.task.runner [-] Starting the constant runner (task UUID: ac8de4a7-2601-427a-93ac-1542472f8fd9). timeout: 0 concurrency: 4 concurrency_per_worker: 1 times: 10 concurrency_overhead: 0 processes_to_start: 4 max_cpu_used: 88
2020-01-28 16:39:51.566 4440 RALLYDEBUG rally.task.runner [-] Starting a worker. concurrency: 1 args: {"users_per_tenant": 10} times: 10 method_name: run timeout: 0 duration: None cls:
2020-01-28 16:39:51.568 4441 RALLYDEBUG rally.task.runner [-] Starting a worker. concurrency: 1 args: {"users_per_tenant": 10} times: 10 method_name: run timeout: 0 duration: None cls:
2020-01-28 16:39:51.570 4442 RALLYDEBUG rally.task.runner [-] Starting a worker. concurrency: 1 args: {"users_per_tenant": 10} times: 10 method_name: run timeout: 0 duration: None cls:
2020-01-28 16:39:51.571 4440 INFO rally.task.runner [-] Task ac8de4a7-2601-427a-93ac-1542472f8fd9 | ITER: 1 START
2020-01-28 16:39:51.573 4441 INFO rally.task.runner [-] Task ac8de4a7-2601-427a-93ac-1542472f8fd9 | ITER: 2 START
2020-01-28 16:39:51.573 4443 RALLYDEBUG rally.task.runner [-] Starting a worker. concurrency: 1 args: {"users_per_tenant": 10} times: 10 method_name: run timeout: 0 duration: None cls:
2020-01-28 16:39:51.575 4442 INFO rally.task.runner [-] Task ac8de4a7-2601-427a-93ac-1542472f8fd9 | ITER: 3 START
2020-01-28 16:39:51.578 4443 INFO rally.task.runner [-] Task ac8de4a7-2601-427a-93ac-1542472f8fd9 | ITER: 4 START
2020-01-28 16:39:57.919 4440 INFO rally.task.runner [-] Task ac8de4a7-2601-427a-93ac-1542472f8fd9 | ITER: 1 END: OK
2020-01-28 16:39:57.923 4440 INFO rally.task.runner [-] Task ac8de4a7-2601-427a-93ac-1542472f8fd9 | ITER: 5 START
2020-01-28 16:39:57.938 4442 INFO rally.task.runner [-] Task ac8de4a7-2601-427a-93ac-1542472f8fd9 | ITER: 3 END: OK
2020-01-28 16:39:57.941 4442 INFO rally.task.runner [-] Task ac8de4a7-2601-427a-93ac-1542472f8fd9 | ITER: 6 START
2020-01-28 16:39:57.986 4443 INFO rally.task.runner [-] Task ac8de4a7-2601-427a-93ac-1542472f8fd9 | ITER: 4 END: OK
2020-01-28 16:39:57.990 4443 INFO rally.task.runner [-] Task ac8de4a7-2601-427a-93ac-1542472f8fd9 | ITER: 7 START
2020-01-28 16:39:58.010 4441 INFO rally.task.runner [-] Task ac8de4a7-2601-427a-93ac-1542472f8fd9 | ITER: 2 END: OK
2020-01-28 16:39:58.014 4441 INFO rally.task.runner [-] Task ac8de4a7-2601-427a-93ac-1542472f8fd9 | ITER: 8 START
2020-01-28 16:40:01.127 4443 INFO rally.task.runner [-] Task ac8de4a7-2601-427a-93ac-1542472f8fd9 | ITER: 7 END: OK
2020-01-28 16:40:01.130 4443 INFO rally.task.runner [-] Task ac8de4a7-2601-427a-93ac-1542472f8fd9 | ITER: 9 START
2020-01-28 16:40:01.147 4440 INFO rally.task.runner [-] Task ac8de4a7-2601-427a-93ac-1542472f8fd9 | ITER: 5 END: OK
2020-01-28 16:40:01.150 4440 INFO rally.task.runner [-] Task ac8de4a7-2601-427a-93ac-1542472f8fd9 | ITER: 10 START
2020-01-28 16:40:01.323 4442 INFO rally.task.runner [-] Task ac8de4a7-2601-427a-93ac-1542472f8fd9 | ITER: 6 END: OK
2020-01-28 16:40:01.511 4441 INFO rally.task.runner [-] Task ac8de4a7-2601-427a-93ac-1542472f8fd9 | ITER: 8 END: OK
2020-01-28 16:40:04.334 4443 INFO rally.task.runner [-] Task ac8de4a7-2601-427a-93ac-1542472f8fd9 | ITER: 9 END: OK
2020-01-28 16:40:04.376 4440 INFO rally.task.runner [-] Task ac8de4a7-2601-427a-93ac-1542472f8fd9 | ITER: 10 END: OK
2020-01-28 16:40:04.397 2476 INFO rally.task.context [-] Task ac8de4a7-2601-427a-93ac-1542472f8fd9 | Context admin_cleanup@openstack cleanup() started
2020-01-28 16:40:04.401 2476 RALLYDEBUG rally_openstack.cleanup.manager [-] Cleaning up keystone user objects
2020-01-28 16:40:04.814 2476 RALLYDEBUG rally_openstack.cleanup.manager [-] Deleting keystone.user object s_rally_28788eaf_sURwt3tr (0439c8e7c77d45babe903fddacd31860)
2020-01-28 16:40:04.817 2476 RALLYDEBUG rally_openstack.cleanup.manager [-] Deleting keystone.user object s_rally_28788eaf_QSj20C7s (03ca01e856f14682bb82acb8011f91a2)
2020-01-28 16:40:04.823 2476 RALLYDEBUG rally_openstack.cleanup.manager [-] Deleting keystone.user object s_rally_28788eaf_rGjS3JZa (07bd5ff9e83347ed9f11f15ad0b65b5a)
2020-01-28 16:40:04.826 2476 RALLYDEBUG rally_openstack.cleanup.manager [-] Deleting keystone.user object s_rally_28788eaf_FPNVNNIE (06397b7f678c4687bb1de171b0289ae8)
2020-01-28 16:40:04.834 2476 RALLYDEBUG rally_openstack.cleanup.manager [-] Deleting keystone.user object s_rally_28788eaf_Q5jTlAcz (0f9c994c4b764844bd845c2e7768c006)
2020-01-28 16:40:04.834 2476 RALLYDEBUG rally_openstack.cleanup.manager [-] Deleting keystone.user object s_rally_28788eaf_QThSI4HR (0395f4115b3e4c84b96fe5a1b44be507)
2020-01-28 16:40:04.847 2476 RALLYDEBUG rally_openstack.cleanup.manager [-] Deleting keystone.user object s_rally_28788eaf_1wB4vHsJ (0ca2f09a10224d9089a91ad14b320dbf)
2020-01-28 16:40:04.849 2476 RALLYDEBUG rally_openstack.cleanup.manager [-] Deleting keystone.user object s_rally_28788eaf_zZ5t6uWd (128b2904df594444b55c18f0ba18d906)
2020-01-28 16:40:04.889 2476 RALLYDEBUG rally_openstack.cleanup.manager [-] Deleting keystone.user object s_rally_28788eaf_llOfZvqZ (14a54bbb629346b08becf77a4d78f6a1)
2020-01-28 16:40:04.922 2476 RALLYDEBUG rally_openstack.cleanup.manager [-] Deleting keystone.user object s_rally_28788eaf_3XgLedw5 (151c1b7d69ac463db38559da06da9038)
2020-01-28 16:40:04.945 2476 RALLYDEBUG rally_openstack.cleanup.manager [-] Deleting keystone.user object s_rally_28788eaf_HaJe44Zp (181814c7efed479db8b7067e7a37a937)
2020-01-28 16:40:04.962 2476 RALLYDEBUG rally_openstack.cleanup.manager [-] Deleting keystone.user object s_rally_28788eaf_XbJFvII1 (1a89b25b91934ea8b71718d76a055c3e)
2020-01-28 16:40:04.957 2476 RALLYDEBUG rally_openstack.cleanup.manager [-] Deleting keystone.user object s_rally_28788eaf_477YzF0V (185628b124e7470089f52f20692294e1)
2020-01-28 16:40:05.001 2476 RALLYDEBUG rally_openstack.cleanup.manager [-] Deleting keystone.user object s_rally_28788eaf_tcG9hNRP (1c393614a72a4e55a619f9f22a213344)
2020-01-28 16:40:05.024 2476 RALLYDEBUG rally_openstack.cleanup.manager [-] Deleting keystone.user object s_rally_28788eaf_epSprf6c (1b394e73ed53434a82bd827ba82abc7e)
2020-01-28 16:40:05.022 2476 RALLYDEBUG rally_openstack.cleanup.manager [-] Deleting keystone.user object s_rally_28788eaf_K2ZBGShw (1d7f64d6ef044712b86906c02d543f98)
2020-01-28 16:40:05.042 2476 RALLYDEBUG rally_openstack.cleanup.manager [-] Deleting keystone.user object s_rally_28788eaf_Zilejfx6 (1e31c1bc9a1644c3b9b4a1b4a038caf7)
2020-01-28 16:40:05.071 2476 RALLYDEBUG rally_openstack.cleanup.manager [-] Deleting keystone.user object s_rally_28788eaf_TA3cLMCn (22600eb66e414874a095a7d8d6fd97a3)
2020-01-28 16:40:05.121 2476 RALLYDEBUG rally_openstack.cleanup.manager [-] Deleting keystone.user object s_rally_28788eaf_aDVWL3Ls (23856539dd6142f09af6973644d43937)
2020-01-28 16:40:05.147 2476 RALLYDEBUG rally_openstack.cleanup.manager [-] Deleting keystone.user object s_rally_28788eaf_xYd5qaFR (23b76677910d4aaa94ada6a41d992ff4)
2020-01-28 16:40:06.763 2476 RALLYDEBUG rally_openstack.cleanup.manager [-] Deleting keystone.user object s_rally_28788eaf_RHLxdlBg (24ff8e6ee99b402193cd7658444236c4)
2020-01-28 16:40:06.873 2476 RALLYDEBUG rally_openstack.cleanup.manager [-] Deleting keystone.user object s_rally_28788eaf_SETM1IjJ (258d8f98d980413c94acbb84dda93725)
2020-01-28 16:40:06.887 2476 RALLYDEBUG rally_openstack.cleanup.manager [-] Deleting keystone.user object s_rally_28788eaf_vnewUSRY (26bc4e583bd94064bfb4aa6d13859afe)
2020-01-28 16:40:07.012 2476 RALLYDEBUG rally_openstack.cleanup.manager [-] Deleting keystone.user object s_rally_28788eaf_fmFkNwyJ (2b4ec0fd0692408abfc857f28d013c31)
2020-01-28 16:40:07.067 2476 RALLYDEBUG rally_openstack.cleanup.manager [-] Deleting keystone.user object s_rally_28788eaf_MVEKenW1 (2b51b104443e421cae37950578f61c4b)
2020-01-28 16:40:07.099 2476 RALLYDEBUG rally_openstack.cleanup.manager [-] Deleting keystone.user object s_rally_28788eaf_HOr2A14Z (2b65080e12b742998e588a810e3abbc1)
2020-01-28 16:40:07.129 2476 RALLYDEBUG rally_openstack.cleanup.manager [-] Deleting keystone.user object s_rally_28788eaf_ngxSBf4x (2e0c43c782234511ad921bf008ee809b)
2020-01-28 16:40:07.210 2476 RALLYDEBUG rally_openstack.cleanup.manager [-] Deleting keystone.user object s_rally_28788eaf_oZNfbDen (2e6094bbef34426ebc4cd65049c09863)
2020-01-28 16:40:07.284 2476 RALLYDEBUG rally_openstack.cleanup.manager [-] Deleting keystone.user object s_rally_28788eaf_olCSTX5M (30fa5a2d61ca47fcb3712933bd1983bb)
2020-01-28 16:40:07.316 2476 RALLYDEBUG rally_openstack.cleanup.manager [-] Deleting keystone.user object s_rally_28788eaf_TlOLrcUg (3243b51a25bf41c2b839e471b79371ba)
2020-01-28 16:40:07.345 2476 RALLYDEBUG rally_openstack.cleanup.manager [-] Deleting keystone.user object s_rally_28788eaf_Pn4rQXbO (3312a6f268734827ae1ebbdd6f175bca)
2020-01-28 16:40:07.399 2476 RALLYDEBUG rally_openstack.cleanup.manager [-] Deleting keystone.user object s_rally_28788eaf_EyBg99up (3327b154bc594607a66204036aaeae7e)
2020-01-28 16:40:07.420 2476 RALLYDEBUG rally_openstack.cleanup.manager [-] Deleting keystone.user object s_rally_28788eaf_E8LRPiYr (33b1bf0e5dee4ec1bd4deaf75e53e59c)
2020-01-28 16:40:07.478 2476 RALLYDEBUG rally_openstack.cleanup.manager [-] Deleting keystone.user object s_rally_28788eaf_XhiggGuV (4088699f0a134cad8fdc690823619c6f)
2020-01-28 16:40:07.533 2476 RALLYDEBUG rally_openstack.cleanup.manager [-] Deleting keystone.user object s_rally_28788eaf_Do8fNeWS (411a836258a64eaba34798a693c486b6)
2020-01-28 16:40:07.552 2476 RALLYDEBUG rally_openstack.cleanup.manager [-] Deleting keystone.user object s_rally_28788eaf_X85EGb7H (43beca69fe7a4d6898986a784d3cfa13)
2020-01-28 16:40:07.598 2476 RALLYDEBUG rally_openstack.cleanup.manager [-] Deleting keystone.user object s_rally_28788eaf_bFe5XPjI (48ca1baa4d2746dbae30b31126614019)
2020-01-28 16:40:07.684 2476 RALLYDEBUG rally_openstack.cleanup.manager [-] Deleting keystone.user object s_rally_28788eaf_7l24RWlN (49c6660a365441e58e9e1045f5b2c7dd)
2020-01-28 16:40:07.711 2476 RALLYDEBUG rally_openstack.cleanup.manager [-] Deleting keystone.user object s_rally_28788eaf_C708k14L (4c2d6d17b8714df2894f3b2cfa8af5e4)
2020-01-28 16:40:07.984 2476 RALLYDEBUG rally_openstack.cleanup.manager [-] Deleting keystone.user object s_rally_28788eaf_ZmwsdwUr (51b651fe6fb84cc19220fa66caaf3b58)
2020-01-28 16:40:08.173 2476 RALLYDEBUG rally_openstack.cleanup.manager [-] Deleting keystone.user object s_rally_28788eaf_fyfJlDu2 (54c992a9a55847c0b0f0e5f01f3b6e79)
2020-01-28 16:40:08.385 2476 RALLYDEBUG rally_openstack.cleanup.manager [-] Deleting keystone.user object s_rally_28788eaf_tyBr9Ozc (54f54ea0cf2544249b97b8ffc7249e3e)
2020-01-28 16:40:08.642 2476 RALLYDEBUG rally_openstack.cleanup.manager [-] Deleting keystone.user object s_rally_28788eaf_xYgUNvUQ (5998be388112494ab58b5f6b23616330)
2020-01-28 16:40:09.103 2476 RALLYDEBUG rally_openstack.cleanup.manager [-] Deleting keystone.user object s_rally_28788eaf_chAGHrpI (5b256630ce8a446dbefe2f1ba71d1bcd)
2020-01-28 16:40:09.161 2476 RALLYDEBUG rally_openstack.cleanup.manager [-] Deleting keystone.user object s_rally_28788eaf_eCLTt18T (5fccc18dada04d92b6b724980827e69f)
2020-01-28 16:40:09.219 2476 RALLYDEBUG rally_openstack.cleanup.manager [-] Deleting keystone.user object s_rally_28788eaf_KnvdKc6N (62523303c7ed4bb2a602fdc8a4df4c18)
2020-01-28 16:40:09.226 2476 RALLYDEBUG rally_openstack.cleanup.manager [-] Deleting keystone.user object s_rally_28788eaf_a1yXImRM (6349f98afc1c4864b828898ba3484879)
2020-01-28 16:40:09.364 2476 RALLYDEBUG rally_openstack.cleanup.manager [-] Deleting keystone.user object s_rally_28788eaf_2fRu0jVy (6528e73b47c840f589ea42139f036a70)
2020-01-28 16:40:09.428 2476 RALLYDEBUG rally_openstack.cleanup.manager [-] Deleting keystone.user object s_rally_28788eaf_JdyhSKs5 (716a8cde632e477c9f547f717f714aac)
2020-01-28 16:40:09.549 2476 RALLYDEBUG rally_openstack.cleanup.manager [-] Deleting keystone.user object s_rally_28788eaf_7JcLk3n5 (72e97c357ae2446aa3ef53107823aee7)
2020-01-28 16:40:09.554 2476 RALLYDEBUG rally_openstack.cleanup.manager [-] Deleting keystone.user object s_rally_28788eaf_D9Oj4PXj (77931d4c60874f1882eff94d381c84de)
2020-01-28 16:40:09.569 2476 RALLYDEBUG rally_openstack.cleanup.manager [-] Deleting keystone.user object s_rally_28788eaf_u2RYCBVr (77bb01c745944492a0524571bf4184e8)
2020-01-28 16:40:09.577 2476 RALLYDEBUG rally_openstack.cleanup.manager [-] Deleting keystone.user object s_rally_28788eaf_fEXObDpx (79d05e85d62e472aa00cbcec8dfd670e)
2020-01-28 16:40:09.745 2476 RALLYDEBUG rally_openstack.cleanup.manager [-] Deleting keystone.user object s_rally_28788eaf_tVbGNgZz (79d4f0193a9b42a6877ddef6c0b30cfa)
2020-01-28 16:40:09.801 2476 RALLYDEBUG rally_openstack.cleanup.manager [-] Deleting keystone.user object s_rally_28788eaf_bFuZA95d (7aad082e0ccf4fb59ba61d2d2dfcf3c5)
2020-01-28 16:40:09.885 2476 RALLYDEBUG rally_openstack.cleanup.manager [-] Deleting keystone.user object s_rally_28788eaf_X2kqPYB5 (7b8bd025a287438994411547cfc8c379)
2020-01-28 16:40:09.973 2476 RALLYDEBUG rally_openstack.cleanup.manager [-] Deleting keystone.user object s_rally_28788eaf_S5RAZXDJ (7d8adbbb06604102b10aa4127ecd5842)
2020-01-28 16:40:09.993 2476 RALLYDEBUG rally_openstack.cleanup.manager [-] Deleting keystone.user object s_rally_28788eaf_MRsfjANW (80a5786b072a4c06a9534ff0485b56e4)
2020-01-28 16:40:10.136 2476 RALLYDEBUG rally_openstack.cleanup.manager [-] Deleting keystone.user object s_rally_28788eaf_U6LO9D8q (814b5260dacd48689291272ba34983c7)
2020-01-28 16:40:10.301 2476 RALLYDEBUG rally_openstack.cleanup.manager [-] Deleting keystone.user object s_rally_28788eaf_QYfPv6fe (89481aa9663c4616b45304333928cb46)
2020-01-28 16:40:10.344 2476 RALLYDEBUG rally_openstack.cleanup.manager [-] Deleting keystone.user object s_rally_28788eaf_Xb35mYYb (8b1871eaf7c14681be119ae64482b788)
2020-01-28 16:40:10.347 2476 RALLYDEBUG rally_openstack.cleanup.manager [-] Deleting keystone.user object s_rally_28788eaf_nW9tNPFy (8c5561a5be3347aa9a27c233ebe76a0d)
2020-01-28 16:40:10.542 2476 RALLYDEBUG rally_openstack.cleanup.manager [-] Deleting keystone.user object s_rally_28788eaf_hTdUkMyG (8e0a2a796edf44c0a10e78f31f19b9a4)
2020-01-28 16:40:10.770 2476 RALLYDEBUG rally_openstack.cleanup.manager [-] Deleting keystone.user object s_rally_28788eaf_oLqe6NmL (8fc5e59984e94ef1ab485de8542c6826)
2020-01-28 16:40:10.834 2476 RALLYDEBUG rally_openstack.cleanup.manager [-] Deleting keystone.user object s_rally_28788eaf_HvndVnpQ (95f84cb449e8413c919b38353757ad2b)
2020-01-28 16:40:10.964 2476 RALLYDEBUG rally_openstack.cleanup.manager [-] Deleting keystone.user object s_rally_28788eaf_PZfReLIj (96c3eb0676a14b8c8e70fa30d8961b7a)
2020-01-28 16:40:11.234 2476 RALLYDEBUG rally_openstack.cleanup.manager [-] Deleting keystone.user object s_rally_28788eaf_1G1zWyGP (997553f55ead41998666112a4e2a844f)
2020-01-28 16:40:11.395 2476 RALLYDEBUG rally_openstack.cleanup.manager [-] Deleting keystone.user object s_rally_28788eaf_VIJantk8 (9a07b80c15854c8e8fb85b48b709af56)
2020-01-28 16:40:11.440 2476 RALLYDEBUG rally_openstack.cleanup.manager [-] Deleting keystone.user object s_rally_28788eaf_NrbELlVu (9acdfe3c6ec043e8b7c8f9622a00e6a6)
2020-01-28 16:40:11.496 2476 RALLYDEBUG rally_openstack.cleanup.manager [-] Deleting keystone.user object s_rally_28788eaf_wVSf2EiK (9cfafd3b524742818b96b9f8e8f96580)
2020-01-28 16:40:11.641 2476 RALLYDEBUG rally_openstack.cleanup.manager [-] Deleting keystone.user object s_rally_28788eaf_v4IoZVzX (a2feec49124b4bf7839539ff8ad5b247)
2020-01-28 16:40:11.683 2476 RALLYDEBUG rally_openstack.cleanup.manager [-] Deleting keystone.user object s_rally_28788eaf_rvnIVqLf (a58efc8af61444b18e3cf400743491f0)
2020-01-28 16:40:11.688 2476 RALLYDEBUG rally_openstack.cleanup.manager [-] Deleting keystone.user object s_rally_28788eaf_Eennj6xw (a90634054bbe4f36977f5a2cd1e14ebc)
2020-01-28 16:40:11.807 2476 RALLYDEBUG rally_openstack.cleanup.manager [-] Deleting keystone.user object s_rally_28788eaf_NWXJDUwC (af369d6bfa67421face6ba0472330a3a)
2020-01-28 16:40:12.146 2476 RALLYDEBUG rally_openstack.cleanup.manager [-] Deleting keystone.user object s_rally_28788eaf_sWzhOkA6 (b043791d9df0496e8f358ca3270db9a2)
2020-01-28 16:40:12.147 2476 RALLYDEBUG rally_openstack.cleanup.manager [-] Deleting keystone.user object s_rally_28788eaf_nPpZU8P6 (af63203b1fad47ce8148b7718f65bbdb)
2020-01-28 16:40:12.157 2476 RALLYDEBUG rally_openstack.cleanup.manager [-] Deleting keystone.user object s_rally_28788eaf_Y8LkzlZK (b21e21c900a043a69e94a367e0967be2)
2020-01-28 16:40:12.367 2476 RALLYDEBUG rally_openstack.cleanup.manager [-] Deleting keystone.user object s_rally_28788eaf_UqDbibNr (b2db86a5432c42ff9a178bd6f6d21063)
2020-01-28 16:40:12.362 2476 RALLYDEBUG rally_openstack.cleanup.manager [-] Deleting keystone.user object s_rally_28788eaf_EISdTjpV (b3a5aed4089048bb808afd6f0c21b28f)
2020-01-28 16:40:12.544 2476 RALLYDEBUG rally_openstack.cleanup.manager [-] Deleting keystone.user object s_rally_28788eaf_cOWrVecn (b816e50eff574657bee0f32d87629212)
2020-01-28 16:40:12.646 2476 RALLYDEBUG rally_openstack.cleanup.manager [-] Deleting keystone.user object s_rally_28788eaf_uTXpLi0L (c43749332b7c40469ae7da08f8c6b791)
2020-01-28 16:40:12.660 2476 RALLYDEBUG rally_openstack.cleanup.manager [-] Deleting keystone.user object s_rally_28788eaf_CqBVUqsW (c7cc388d18394e65b3977888e21bc93e)
2020-01-28 16:40:12.842 2476 RALLYDEBUG rally_openstack.cleanup.manager [-] Deleting keystone.user object s_rally_28788eaf_tm0fXI6D (ce103978b79640dd98c137a9699554f3)
2020-01-28 16:40:13.049 2476 RALLYDEBUG rally_openstack.cleanup.manager [-] Deleting keystone.user object s_rally_28788eaf_S2xWdNZO (d16542d99c8a4d9da3854c033461294f)
2020-01-28 16:40:13.058 2476 RALLYDEBUG rally_openstack.cleanup.manager [-] Deleting keystone.user object s_rally_28788eaf_z4S7SXaP (d7ab6f33c04a4ded89113d18f6aab31f)
2020-01-28 16:40:13.167 2476 RALLYDEBUG rally_openstack.cleanup.manager [-] Deleting keystone.user object s_rally_28788eaf_CiR5kem3 (dd861913762d4188bf792f8472fa7d81)
2020-01-28 16:40:13.251 2476 RALLYDEBUG rally_openstack.cleanup.manager [-] Deleting keystone.user object s_rally_28788eaf_OjMDFHxa (dd99d55d2f1d419982935bae9cf25585)
2020-01-28 16:40:13.409 2476 RALLYDEBUG rally_openstack.cleanup.manager [-] Deleting keystone.user object s_rally_28788eaf_YbRi5EQ2 (ddd7d424e2d744b1a4c7f10f5cc53edd)
2020-01-28 16:40:13.495 2476 RALLYDEBUG rally_openstack.cleanup.manager [-] Deleting keystone.user object s_rally_28788eaf_miPt4L05 (e1ad835eeeb74f7abb4f4ce287e31bc1)
2020-01-28 16:40:13.588 2476 RALLYDEBUG rally_openstack.cleanup.manager [-] Deleting keystone.user object s_rally_28788eaf_v30bDfJ3 (e5529cf9b3f049d3a42b426c394d7e56)
2020-01-28 16:40:13.697 2476 RALLYDEBUG rally_openstack.cleanup.manager [-] Deleting keystone.user object s_rally_28788eaf_PyaofUcD (ee0f25f1ab3a49f9a9061fd84ab54f25)
2020-01-28 16:40:13.720 2476 RALLYDEBUG rally_openstack.cleanup.manager [-] Deleting keystone.user object s_rally_28788eaf_nGpP9ikP (ee7934b1ce594d14b99f0914a13795cb)
2020-01-28 16:40:13.940 2476 RALLYDEBUG rally_openstack.cleanup.manager [-] Deleting keystone.user object s_rally_28788eaf_1jM4Gnng (eef2aaa448d54bb5a03b7486b38708d1)
2020-01-28 16:40:14.088 2476 RALLYDEBUG rally_openstack.cleanup.manager [-] Deleting keystone.user object s_rally_28788eaf_F2ejJY1S (f243f0cbded04b25b6cab2656929d684)
2020-01-28 16:40:14.144 2476 RALLYDEBUG rally_openstack.cleanup.manager [-] Deleting keystone.user object s_rally_28788eaf_BawSex3L (f3592944fcdc4ff9b1f66c1a5f8c299f)
2020-01-28 16:40:14.308 2476 RALLYDEBUG rally_openstack.cleanup.manager [-] Deleting keystone.user object s_rally_28788eaf_Dwukq2dT (f35a815e87ec49b0a634d9fe176c4ed0)
2020-01-28 16:40:14.493 2476 RALLYDEBUG rally_openstack.cleanup.manager [-] Deleting keystone.user object s_rally_28788eaf_mpAM81wN (f3f0f4119439437fb655666cf773dd07)
2020-01-28 16:40:16.741 2476 RALLYDEBUG rally_openstack.cleanup.manager [-] Deleting keystone.user object s_rally_28788eaf_8ParvQmj (f4fb11fd837c4e5aa12ad6c495a949d4)
2020-01-28 16:40:17.027 2476 RALLYDEBUG rally_openstack.cleanup.manager [-] Deleting keystone.user object s_rally_28788eaf_wlhw0o5E (f9d0d87e5c4c40fba84126e6a78f21d3)
2020-01-28 16:40:17.062 2476 RALLYDEBUG rally_openstack.cleanup.manager [-] Deleting keystone.user object s_rally_28788eaf_iPWoe9Nu (fee97a3ca2154957ac209c0eb48bf25f)
2020-01-28 16:40:18.786 2476 RALLYDEBUG rally_openstack.cleanup.manager [-] Cleaning up keystone project objects
2020-01-28 16:40:19.107 2476 RALLYDEBUG rally_openstack.cleanup.manager [-] Deleting keystone.project object s_rally_28788eaf_uTy7ukpz (074ab2da635a4fea97905ee237d7ec9c)
2020-01-28 16:40:19.118 2476 RALLYDEBUG rally_openstack.cleanup.manager [-] Deleting keystone.project object s_rally_28788eaf_3VSx0BCp (0b5151268c784a7ba79e0abebbeeb6f7)
2020-01-28 16:40:19.136 2476 RALLYDEBUG rally_openstack.cleanup.manager [-] Deleting keystone.project object s_rally_28788eaf_PRlM6FHE (5f3d7390d26348a49907fc6df169d427)
2020-01-28 16:40:19.145 2476 RALLYDEBUG rally_openstack.cleanup.manager [-] Deleting keystone.project object s_rally_28788eaf_7cP2iS7U (707ec0b6794b42888bb8ee9bd2f5eefe)
2020-01-28 16:40:19.163 2476 RALLYDEBUG rally_openstack.cleanup.manager [-] Deleting keystone.project object s_rally_28788eaf_ZkbrFy3u (780146e15f94486aae39a3dba7d75f1e)
2020-01-28 16:40:19.178 2476 RALLYDEBUG rally_openstack.cleanup.manager [-] Deleting keystone.project object s_rally_28788eaf_sJX3hEpP (81c17880be4b45d0870a28d865a62d40)
2020-01-28 16:40:19.182 2476 RALLYDEBUG rally_openstack.cleanup.manager [-] Deleting keystone.project object s_rally_28788eaf_TNnBWnwN (a20369697e264d27840ee61ebefb0c95)
2020-01-28 16:40:19.199 2476 RALLYDEBUG rally_openstack.cleanup.manager [-] Deleting keystone.project object s_rally_28788eaf_jyiu6TNQ (ab80d7c2d56b4ef191ca049b7b500211)
2020-01-28 16:40:19.277 2476 RALLYDEBUG rally_openstack.cleanup.manager [-] Deleting keystone.project object s_rally_28788eaf_xQD9841g (f3e07978a05b48d0b910affba4a9f79a)
2020-01-28 16:40:19.283 2476 RALLYDEBUG rally_openstack.cleanup.manager [-] Deleting keystone.project object s_rally_28788eaf_661Tiv7I (cc8c88b23a5a4d828d4c3db19ab0aaf4)
2020-01-28 16:40:21.135 2476 RALLYDEBUG rally_openstack.cleanup.manager [-] Cleaning up keystone service objects
2020-01-28 16:40:21.476 2476 RALLYDEBUG rally_openstack.cleanup.manager [-] Cleaning up keystone role objects
2020-01-28 16:40:21.729 2476 INFO rally.task.context [-] Task ac8de4a7-2601-427a-93ac-1542472f8fd9 | Context admin_cleanup@openstack cleanup() finished in 17.33 sec
2020-01-28 16:40:21.729 2476 INFO rally.task.context [-] Task ac8de4a7-2601-427a-93ac-1542472f8fd9 | Context users@openstack cleanup() started
2020-01-28 16:40:23.310 2476 INFO rally.task.context [-] Task ac8de4a7-2601-427a-93ac-1542472f8fd9 | Context users@openstack cleanup() finished in 1.58 sec
2020-01-28 16:40:25.006 2476 INFO rally.task.engine [-] Load duration is: 12.182252
2020-01-28 16:40:25.006 2476 INFO rally.task.engine [-] Full runner duration is: 12.842578
2020-01-28 16:40:25.007 2476 INFO rally.task.engine [-] Full duration is: 32.547479
2020-01-28 16:40:25.098 2476 INFO rally.task.engine [-] Task ac8de4a7-2601-427a-93ac-1542472f8fd9 | Completed: Running task.
2020-01-28 16:40:26.024 4582 RALLYDEBUG rally.api [-] INFO logs from urllib3 and requests module are hide.
2020-01-28 16:40:26.024 4582 RALLYDEBUG rally.api [-] urllib3 insecure warnings are hidden.
2020-01-28 16:40:26.024 4582 RALLYDEBUG rally.api [-] ERROR log from boto module is hide.
2020-01-28 16:40:26.770 4583 RALLYDEBUG rally.api [-] INFO logs from urllib3 and requests module are hide.
2020-01-28 16:40:26.770 4583 RALLYDEBUG rally.api [-] urllib3 insecure warnings are hidden.
2020-01-28 16:40:26.770 4583 RALLYDEBUG rally.api [-] ERROR log from boto module is hide.
2020-01-28 16:40:27.640 4584 RALLYDEBUG rally.api [-] INFO logs from urllib3 and requests module are hide.
2020-01-28 16:40:27.640 4584 RALLYDEBUG rally.api [-] urllib3 insecure warnings are hidden.
2020-01-28 16:40:27.640 4584 RALLYDEBUG rally.api [-] ERROR log from boto module is hide.
2020-01-28 16:40:28.999 4584 INFO rally.api [-] Building 'json' report for the following task(s): 'ac8de4a7-2601-427a-93ac-1542472f8fd9'.
2020-01-28 16:40:29.037 4584 INFO rally.api [-] The report has been successfully built.
2020-01-28 16:40:29.886 4586 RALLYDEBUG rally.api [-] INFO logs from urllib3 and requests module are hide.
2020-01-28 16:40:29.887 4586 RALLYDEBUG rally.api [-] urllib3 insecure warnings are hidden.
2020-01-28 16:40:29.887 4586 RALLYDEBUG rally.api [-] ERROR log from boto module is hide.
2020-01-28 16:40:31.440 4586 INFO rally.task.engine [-] Task abbb211e-07bf-4248-9d4b-ff1e7dcdda01 | Starting: Task validation.
2020-01-28 16:40:31.452 4586 INFO rally.task.engine [-] Task abbb211e-07bf-4248-9d4b-ff1e7dcdda01 | Starting: Task validation of syntax.
2020-01-28 16:40:31.695 4586 INFO rally.task.engine [-] Task abbb211e-07bf-4248-9d4b-ff1e7dcdda01 | Completed: Task validation of syntax.
2020-01-28 16:40:31.695 4586 INFO rally.task.engine [-] Task abbb211e-07bf-4248-9d4b-ff1e7dcdda01 | Starting: Task validation of required platforms.
2020-01-28 16:40:31.800 4586 INFO rally.task.engine [-] Task abbb211e-07bf-4248-9d4b-ff1e7dcdda01 | Completed: Task validation of required platforms.
2020-01-28 16:40:31.800 4586 INFO rally.task.engine [-] Task abbb211e-07bf-4248-9d4b-ff1e7dcdda01 | Starting: Task validation of semantic.
2020-01-28 16:40:31.800 4586 INFO rally.task.engine [-] Check health of the environment '4a0b67eb-e346-4d6a-ace9-55d2a01014fb'.
2020-01-28 16:40:32.273 4586 INFO rally.task.engine [-] Platform existing@openstack (available: True): OK!
2020-01-28 16:40:32.283 4586 RALLYDEBUG rally_openstack.contexts.keystone.users [-] Creating 1 tenants using 20 threads
2020-01-28 16:40:32.568 4586 RALLYDEBUG rally_openstack.contexts.keystone.users [-] Creating 1 users using 20 threads
2020-01-28 16:40:33.019 4586 INFO rally.task.context [-] Task abbb211e-07bf-4248-9d4b-ff1e7dcdda01 | Context users@openstack setup() finished in 0.74 sec
2020-01-28 16:40:35.201 4586 INFO rally.task.context [-] Task abbb211e-07bf-4248-9d4b-ff1e7dcdda01 | Context users@openstack cleanup() started
2020-01-28 16:40:36.777 4586 INFO rally.task.context [-] Task abbb211e-07bf-4248-9d4b-ff1e7dcdda01 | Context users@openstack cleanup() finished in 1.58 sec
2020-01-28 16:40:36.778 4586 INFO rally.task.engine [-] Task abbb211e-07bf-4248-9d4b-ff1e7dcdda01 | Completed: Task validation of semantic.
2020-01-28 16:40:36.778 4586 INFO rally.task.engine [-] Task abbb211e-07bf-4248-9d4b-ff1e7dcdda01 | Completed: Task validation.
2020-01-28 16:40:36.778 4586 INFO rally.api [-] Task abbb211e-07bf-4248-9d4b-ff1e7dcdda01 input file is valid.
2020-01-28 16:40:36.778 4586 INFO rally.api [-] Run Task abbb211e-07bf-4248-9d4b-ff1e7dcdda01 against Deployment 4a0b67eb-e346-4d6a-ace9-55d2a01014fb
2020-01-28 16:40:36.779 4586 INFO rally.task.engine [-] Task abbb211e-07bf-4248-9d4b-ff1e7dcdda01 | Starting: Running task.
2020-01-28 16:40:36.825 4586 INFO rally.task.engine [-] Running workload: position = 0 config = { "version": 2, "title": "A cropped version of a bigger task.", "description": "Auto-generated task from a single workload (uuid=21d6a874-8c0d-4551-ab1a-67d54220ebdf)", "subtasks": [ { "title": "NeutronNetworks.create_and_update_networks", "description": "Create and update a network.", "scenario": { "NeutronNetworks.create_and_update_networks": { "network_create_args": {}, "network_update_args": { "admin_state_up": false } } }, "contexts": { "users": { "tenants": 3, "users_per_tenant": 2 }, "quotas": { "neutron": { "network": -1 } } }, "runner": { "constant": { "concurrency": 4, "times": 10 } }, "hooks": [], "sla": { "failure_rate": { "max": 0 } } } ] }
2020-01-28 16:40:36.837 4586 RALLYDEBUG rally_openstack.contexts.keystone.users [-] Creating 3 tenants using 20 threads
2020-01-28 16:40:37.301 4586 RALLYDEBUG rally_openstack.contexts.keystone.users [-] Creating 6 users using 20 threads
2020-01-28 16:40:41.017 4586 INFO rally.task.context [-] Task abbb211e-07bf-4248-9d4b-ff1e7dcdda01 | Context users@openstack setup() finished in 4.18 sec
2020-01-28 16:40:41.457 4586 INFO rally.task.context [-] Task abbb211e-07bf-4248-9d4b-ff1e7dcdda01 | Context quotas@openstack setup() finished in 0.44 sec
2020-01-28 16:40:41.457 4586 INFO rally.task.context [-] Task abbb211e-07bf-4248-9d4b-ff1e7dcdda01 | Context cleanup@openstack setup() finished in 0.00 msec
2020-01-28 16:40:41.467 4586 RALLYDEBUG rally.task.runner [-] Starting the constant runner (task UUID: abbb211e-07bf-4248-9d4b-ff1e7dcdda01). timeout: 0 concurrency: 4 concurrency_per_worker: 1 times: 10 concurrency_overhead: 0 processes_to_start: 4 max_cpu_used: 88
2020-01-28 16:40:41.480 4710 RALLYDEBUG rally.task.runner [-] Starting a worker. concurrency: 1 args: {"network_create_args": {}, "network_update_args": {"admin_state_up": false}} times: 10 method_name: run timeout: 0 duration: None cls:
2020-01-28 16:40:41.483 4711 RALLYDEBUG rally.task.runner [-] Starting a worker. concurrency: 1 args: {"network_create_args": {}, "network_update_args": {"admin_state_up": false}} times: 10 method_name: run timeout: 0 duration: None cls:
2020-01-28 16:40:41.486 4712 RALLYDEBUG rally.task.runner [-] Starting a worker. concurrency: 1 args: {"network_create_args": {}, "network_update_args": {"admin_state_up": false}} times: 10 method_name: run timeout: 0 duration: None cls:
2020-01-28 16:40:41.488 4710 INFO rally.task.runner [-] Task abbb211e-07bf-4248-9d4b-ff1e7dcdda01 | ITER: 1 START
2020-01-28 16:40:41.488 4713 RALLYDEBUG rally.task.runner [-] Starting a worker. concurrency: 1 args: {"network_create_args": {}, "network_update_args": {"admin_state_up": false}} times: 10 method_name: run timeout: 0 duration: None cls:
2020-01-28 16:40:41.490 4711 INFO rally.task.runner [-] Task abbb211e-07bf-4248-9d4b-ff1e7dcdda01 | ITER: 2 START
2020-01-28 16:40:41.493 4712 INFO rally.task.runner [-] Task abbb211e-07bf-4248-9d4b-ff1e7dcdda01 | ITER: 3 START
2020-01-28 16:40:41.495 4713 INFO rally.task.runner [-] Task abbb211e-07bf-4248-9d4b-ff1e7dcdda01 | ITER: 4 START
2020-01-28 16:40:42.827 4711 INFO rally.task.runner [-] Task abbb211e-07bf-4248-9d4b-ff1e7dcdda01 | ITER: 2 END: OK
2020-01-28 16:40:42.833 4711 INFO rally.task.runner [-] Task abbb211e-07bf-4248-9d4b-ff1e7dcdda01 | ITER: 5 START
2020-01-28 16:40:43.254 4713 INFO rally.task.runner [-] Task abbb211e-07bf-4248-9d4b-ff1e7dcdda01 | ITER: 4 END: OK
2020-01-28 16:40:43.260 4713 INFO rally.task.runner [-] Task abbb211e-07bf-4248-9d4b-ff1e7dcdda01 | ITER: 6 START
2020-01-28 16:40:45.713 4710 INFO rally.task.runner [-] Task abbb211e-07bf-4248-9d4b-ff1e7dcdda01 | ITER: 1 END: OK
2020-01-28 16:40:45.719 4710 INFO rally.task.runner [-] Task abbb211e-07bf-4248-9d4b-ff1e7dcdda01 | ITER: 7 START
2020-01-28 16:40:45.773 4712 INFO rally.task.runner [-] Task abbb211e-07bf-4248-9d4b-ff1e7dcdda01 | ITER: 3 END: OK
2020-01-28 16:40:45.779 4712 INFO rally.task.runner [-] Task abbb211e-07bf-4248-9d4b-ff1e7dcdda01 | ITER: 8 START
2020-01-28 16:40:46.109 4711 INFO rally.task.runner [-] Task abbb211e-07bf-4248-9d4b-ff1e7dcdda01 | ITER: 5 END: OK
2020-01-28 16:40:46.114 4711 INFO rally.task.runner [-] Task abbb211e-07bf-4248-9d4b-ff1e7dcdda01 | ITER: 9 START
2020-01-28 16:40:46.330 4713 INFO rally.task.runner [-] Task abbb211e-07bf-4248-9d4b-ff1e7dcdda01 | ITER: 6 END: OK
2020-01-28 16:40:46.335 4713 INFO rally.task.runner [-] Task abbb211e-07bf-4248-9d4b-ff1e7dcdda01 | ITER: 10 START
2020-01-28 16:40:47.087 4710 INFO rally.task.runner [-] Task abbb211e-07bf-4248-9d4b-ff1e7dcdda01 | ITER: 7 END: OK
2020-01-28 16:40:47.297 4711 INFO rally.task.runner [-] Task abbb211e-07bf-4248-9d4b-ff1e7dcdda01 | ITER: 9 END: OK
2020-01-28 16:40:47.300 4712 INFO rally.task.runner [-] Task abbb211e-07bf-4248-9d4b-ff1e7dcdda01 | ITER: 8 END: OK
2020-01-28 16:40:47.579 4713 INFO rally.task.runner [-] Task abbb211e-07bf-4248-9d4b-ff1e7dcdda01 | ITER: 10 END: OK
2020-01-28 16:40:47.606 4586 INFO rally.task.context [-] Task abbb211e-07bf-4248-9d4b-ff1e7dcdda01 | Context cleanup@openstack cleanup() started
2020-01-28 16:40:47.609 4586 RALLYDEBUG rally_openstack.cleanup.manager [-] Cleaning up neutron vip objects
2020-01-28 16:40:48.325 4586 RALLYDEBUG rally_openstack.cleanup.manager [-] Cleaning up neutron health_monitor objects
2020-01-28 16:40:48.927 4586 RALLYDEBUG rally_openstack.cleanup.manager [-] Cleaning up neutron pool objects
2020-01-28 16:40:49.544 4586 RALLYDEBUG rally_openstack.cleanup.manager [-] Cleaning up neutron loadbalancer objects
2020-01-28 16:40:50.124 4586 RALLYDEBUG rally_openstack.cleanup.manager [-] Cleaning up neutron floatingip objects
2020-01-28 16:40:50.809 4586 RALLYDEBUG rally_openstack.cleanup.manager [-] Cleaning up neutron trunk objects
2020-01-28 16:40:51.002 4586 DEBUG neutronclient.v2_0.client [-] Error message: {"message": "The resource could not be found.

\n\n\n", "code": "404 Not Found", "title": "Not Found"} _handle_fault_response /usr/lib/python2.7/site-packages/neutronclient/v2_0/client.py:259
2020-01-28 16:40:51.207 4586 DEBUG neutronclient.v2_0.client [-] Error message: {"message": "The resource could not be found.

\n\n\n", "code": "404 Not Found", "title": "Not Found"} _handle_fault_response /usr/lib/python2.7/site-packages/neutronclient/v2_0/client.py:259
2020-01-28 16:40:51.402 4586 DEBUG neutronclient.v2_0.client [-] Error message: {"message": "The resource could not be found.

\n\n\n", "code": "404 Not Found", "title": "Not Found"} _handle_fault_response /usr/lib/python2.7/site-packages/neutronclient/v2_0/client.py:259
2020-01-28 16:40:51.412 4586 RALLYDEBUG rally_openstack.cleanup.manager [-] Cleaning up neutron port objects
2020-01-28 16:40:52.121 4586 RALLYDEBUG rally_openstack.cleanup.manager [-] Cleaning up neutron subnet objects
2020-01-28 16:40:52.810 4586 RALLYDEBUG rally_openstack.cleanup.manager [-] Cleaning up neutron network objects
2020-01-28 16:40:54.020 4586 RALLYDEBUG rally_openstack.cleanup.manager [-] Deleting neutron.network object s_rally_21d6a874_CcWx2vkf (95a7854c-3c77-43bd-8478-5f803a56f031)
2020-01-28 16:40:54.023 4586 RALLYDEBUG rally_openstack.cleanup.manager [-] Deleting neutron.network object s_rally_21d6a874_5lPzJmVH (99c611ec-c719-4be7-bcb3-1dbf469c0423)
2020-01-28 16:40:54.024 4586 RALLYDEBUG rally_openstack.cleanup.manager [-] Deleting neutron.network object s_rally_21d6a874_RLk5530H (08b4181e-a3b6-4416-b460-1c5b64d9dc8e)
2020-01-28 16:40:54.027 4586 RALLYDEBUG rally_openstack.cleanup.manager [-] Deleting neutron.network object s_rally_21d6a874_XqJjJDbC (54511b43-72fa-443e-81d1-c012e9ff680f)
2020-01-28 16:40:54.032 4586 RALLYDEBUG rally_openstack.cleanup.manager [-] Deleting neutron.network object s_rally_21d6a874_ecczqcDl (66594161-bdce-4e73-a645-ab18790fea5b)
2020-01-28 16:40:54.039 4586 RALLYDEBUG rally_openstack.cleanup.manager [-] Deleting neutron.network object s_rally_21d6a874_Yvf54RQm (5fbec07d-d0e5-489f-8f85-a63feab96dda)
2020-01-28 16:40:54.038 4586 RALLYDEBUG rally_openstack.cleanup.manager [-] Deleting neutron.network object s_rally_21d6a874_eL1r1b9X (dfcd6499-031b-4095-8e5f-4b9832b3ccc9)
2020-01-28 16:40:54.084 4586 RALLYDEBUG rally_openstack.cleanup.manager [-] Deleting neutron.network object s_rally_21d6a874_VChAG8d8 (c7bc3c14-001b-4051-a3b3-52dca179eadc)
2020-01-28 16:40:54.090 4586 RALLYDEBUG rally_openstack.cleanup.manager [-] Deleting neutron.network object s_rally_21d6a874_tgA1ArEk (a96d8d2f-c361-4ee0-af44-01782d225ba7)
2020-01-28 16:40:54.108 4586 RALLYDEBUG rally_openstack.cleanup.manager [-] Deleting neutron.network object s_rally_21d6a874_3BlzWTGU (ff679fe7-7c7d-4ffb-bb51-e4be5c58e66c)
2020-01-28 16:40:57.155 4586 RALLYDEBUG rally_openstack.cleanup.manager [-] Cleaning up neutron router objects
2020-01-28 16:40:57.905 4586 RALLYDEBUG rally_openstack.cleanup.manager [-] Cleaning up neutron security_group objects
2020-01-28 16:40:58.744 4586 INFO rally.task.context [-] Task abbb211e-07bf-4248-9d4b-ff1e7dcdda01 | Context cleanup@openstack cleanup() finished in 11.14 sec
2020-01-28 16:40:58.745 4586 INFO rally.task.context [-] Task abbb211e-07bf-4248-9d4b-ff1e7dcdda01 | Context quotas@openstack cleanup() started
2020-01-28 16:40:58.868 4586 INFO rally.task.context [-] Task abbb211e-07bf-4248-9d4b-ff1e7dcdda01 | Context quotas@openstack cleanup() finished in 0.12 sec
2020-01-28 16:40:58.868 4586 INFO rally.task.context [-] Task abbb211e-07bf-4248-9d4b-ff1e7dcdda01 | Context users@openstack cleanup() started
2020-01-28 16:41:01.888 4586 INFO rally.task.context [-] Task abbb211e-07bf-4248-9d4b-ff1e7dcdda01 | Context users@openstack cleanup() finished in 3.02 sec
2020-01-28 16:41:02.991 4586 INFO rally.task.engine [-] Load duration is: 6.089934
2020-01-28 16:41:02.992 4586 INFO rally.task.engine [-] Full runner duration is: 6.138923
2020-01-28 16:41:02.992 4586 INFO rally.task.engine [-] Full duration is: 25.052037
2020-01-28 16:41:03.081 4586 INFO rally.task.engine [-] Running workload: position = 0 config = { "version": 2, "title": "A cropped version of a bigger task.", "description": "Auto-generated task from a single workload (uuid=ec290e11-e6e2-4201-ab4d-7fc4676289ad)", "subtasks": [ { "title": "NeutronNetworks.create_and_update_ports", "description": "Create and update a given number of ports.", "scenario": { "NeutronNetworks.create_and_update_ports": { "network_create_args": {}, "port_create_args": {}, "port_update_args": { "admin_state_up": false, "device_id": "dummy_id", "device_owner": "dummy_owner" }, "ports_per_network": 1 } }, "contexts": { "users": { "tenants": 3, "users_per_tenant": 2 }, "network": { "router": {} }, "quotas": { "neutron": { "network": -1, "port": -1 } } }, "runner": { "constant": { "concurrency": 4, "times": 10 } }, "hooks": [], "sla": { "failure_rate": { "max": 0 } } } ] }
2020-01-28 16:41:03.093 4586 RALLYDEBUG rally_openstack.contexts.keystone.users [-] Creating 3 tenants using 20 threads
2020-01-28 16:41:03.618 4586 RALLYDEBUG rally_openstack.contexts.keystone.users [-] Creating 6 users using 20 threads
2020-01-28 16:41:04.555 4586 INFO rally.task.context [-] Task abbb211e-07bf-4248-9d4b-ff1e7dcdda01 | Context users@openstack setup() finished in 1.46 sec
2020-01-28 16:41:05.012 4586 INFO rally.task.context [-] Task abbb211e-07bf-4248-9d4b-ff1e7dcdda01 | Context quotas@openstack setup() finished in 0.46 sec
2020-01-28 16:41:05.511 4586 RALLYDEBUG rally_openstack.wrappers.network [-] CIDR generated: 10.2.0.0/24
2020-01-28 16:41:06.389 4586 RALLYDEBUG rally_openstack.wrappers.network [-] CIDR generated: 10.2.1.0/24
2020-01-28 16:41:07.399 4586 RALLYDEBUG rally_openstack.wrappers.network [-] CIDR generated: 10.2.2.0/24
2020-01-28 16:41:07.940 4586 INFO rally.task.context [-] Task abbb211e-07bf-4248-9d4b-ff1e7dcdda01 | Context network@openstack setup() finished in 2.93 sec
2020-01-28 16:41:07.941 4586 INFO rally.task.context [-] Task abbb211e-07bf-4248-9d4b-ff1e7dcdda01 | Context cleanup@openstack setup() finished in 0.01 msec
2020-01-28 16:41:07.950 4586 RALLYDEBUG rally.task.runner [-] Starting the constant runner (task UUID: abbb211e-07bf-4248-9d4b-ff1e7dcdda01). timeout: 0 concurrency: 4 concurrency_per_worker: 1 times: 10 concurrency_overhead: 0 processes_to_start: 4 max_cpu_used: 88
2020-01-28 16:41:07.963 5034 RALLYDEBUG rally.task.runner [-] Starting a worker. concurrency: 1 args: {"network_create_args": {}, "port_create_args": {}, "port_update_args": {"admin_state_up": false, "device_id": "dummy_id", "device_owner": "dummy_owner"}, "ports_per_network": 1} times: 10 method_name: run timeout: 0 duration: None cls:
2020-01-28 16:41:07.965 5035 RALLYDEBUG rally.task.runner [-] Starting a worker. concurrency: 1 args: {"network_create_args": {}, "port_create_args": {}, "port_update_args": {"admin_state_up": false, "device_id": "dummy_id", "device_owner": "dummy_owner"}, "ports_per_network": 1} times: 10 method_name: run timeout: 0 duration: None cls:
2020-01-28 16:41:07.968 5036 RALLYDEBUG rally.task.runner [-] Starting a worker. concurrency: 1 args: {"network_create_args": {}, "port_create_args": {}, "port_update_args": {"admin_state_up": false, "device_id": "dummy_id", "device_owner": "dummy_owner"}, "ports_per_network": 1} times: 10 method_name: run timeout: 0 duration: None cls:
2020-01-28 16:41:07.970 5037 RALLYDEBUG rally.task.runner [-] Starting a worker. concurrency: 1 args: {"network_create_args": {}, "port_create_args": {}, "port_update_args": {"admin_state_up": false, "device_id": "dummy_id", "device_owner": "dummy_owner"}, "ports_per_network": 1} times: 10 method_name: run timeout: 0 duration: None cls:
2020-01-28 16:41:07.971 5034 INFO rally.task.runner [-] Task abbb211e-07bf-4248-9d4b-ff1e7dcdda01 | ITER: 1 START
2020-01-28 16:41:07.973 5035 INFO rally.task.runner [-] Task abbb211e-07bf-4248-9d4b-ff1e7dcdda01 | ITER: 2 START
2020-01-28 16:41:07.976 5036 INFO rally.task.runner [-] Task abbb211e-07bf-4248-9d4b-ff1e7dcdda01 | ITER: 3 START
2020-01-28 16:41:07.978 5037 INFO rally.task.runner [-] Task abbb211e-07bf-4248-9d4b-ff1e7dcdda01 | ITER: 4 START
2020-01-28 16:41:10.078 5036 INFO rally.task.runner [-] Task abbb211e-07bf-4248-9d4b-ff1e7dcdda01 | ITER: 3 END: OK
2020-01-28 16:41:10.084 5035 INFO rally.task.runner [-] Task abbb211e-07bf-4248-9d4b-ff1e7dcdda01 | ITER: 2 END: OK
