2020-01-28 16:41:10.084 5036 INFO rally.task.runner [-] Task abbb211e-07bf-4248-9d4b-ff1e7dcdda01 | ITER: 5 START
2020-01-28 16:41:10.090 5035 INFO rally.task.runner [-] Task abbb211e-07bf-4248-9d4b-ff1e7dcdda01 | ITER: 6 START
2020-01-28 16:41:10.423 5034 INFO rally.task.runner [-] Task abbb211e-07bf-4248-9d4b-ff1e7dcdda01 | ITER: 1 END: OK
2020-01-28 16:41:10.429 5034 INFO rally.task.runner [-] Task abbb211e-07bf-4248-9d4b-ff1e7dcdda01 | ITER: 7 START
2020-01-28 16:41:10.552 5037 INFO rally.task.runner [-] Task abbb211e-07bf-4248-9d4b-ff1e7dcdda01 | ITER: 4 END: OK
2020-01-28 16:41:10.559 5037 INFO rally.task.runner [-] Task abbb211e-07bf-4248-9d4b-ff1e7dcdda01 | ITER: 8 START
2020-01-28 16:41:12.062 5036 INFO rally.task.runner [-] Task abbb211e-07bf-4248-9d4b-ff1e7dcdda01 | ITER: 5 END: OK
2020-01-28 16:41:12.067 5036 INFO rally.task.runner [-] Task abbb211e-07bf-4248-9d4b-ff1e7dcdda01 | ITER: 9 START
2020-01-28 16:41:12.233 5035 INFO rally.task.runner [-] Task abbb211e-07bf-4248-9d4b-ff1e7dcdda01 | ITER: 6 END: OK
2020-01-28 16:41:12.240 5035 INFO rally.task.runner [-] Task abbb211e-07bf-4248-9d4b-ff1e7dcdda01 | ITER: 10 START
2020-01-28 16:41:12.538 5034 INFO rally.task.runner [-] Task abbb211e-07bf-4248-9d4b-ff1e7dcdda01 | ITER: 7 END: OK
2020-01-28 16:41:12.573 5037 INFO rally.task.runner [-] Task abbb211e-07bf-4248-9d4b-ff1e7dcdda01 | ITER: 8 END: OK
2020-01-28 16:41:14.306 5036 INFO rally.task.runner [-] Task abbb211e-07bf-4248-9d4b-ff1e7dcdda01 | ITER: 9 END: OK
2020-01-28 16:41:14.398 5035 INFO rally.task.runner [-] Task abbb211e-07bf-4248-9d4b-ff1e7dcdda01 | ITER: 10 END: OK
2020-01-28 16:41:14.419 4586 INFO rally.task.context [-] Task abbb211e-07bf-4248-9d4b-ff1e7dcdda01 | Context cleanup@openstack cleanup() started
2020-01-28 16:41:14.422 4586 RALLYDEBUG rally_openstack.cleanup.manager [-] Cleaning up neutron vip objects
2020-01-28 16:41:15.016 4586 RALLYDEBUG rally_openstack.cleanup.manager [-] Cleaning up neutron health_monitor objects
2020-01-28 16:41:15.629 4586 RALLYDEBUG rally_openstack.cleanup.manager [-] Cleaning up neutron pool objects
2020-01-28 16:41:16.224 4586 RALLYDEBUG rally_openstack.cleanup.manager [-] Cleaning up neutron loadbalancer objects
2020-01-28 16:41:16.796 4586 RALLYDEBUG rally_openstack.cleanup.manager [-] Cleaning up neutron floatingip objects
2020-01-28 16:41:17.426 4586 RALLYDEBUG rally_openstack.cleanup.manager [-] Cleaning up neutron trunk objects
2020-01-28 16:41:17.621 4586 DEBUG neutronclient.v2_0.client [-] Error message: {"message": "The resource could not be found.

\n\n\n", "code": "404 Not Found", "title": "Not Found"} _handle_fault_response /usr/lib/python2.7/site-packages/neutronclient/v2_0/client.py:259
2020-01-28 16:41:17.817 4586 DEBUG neutronclient.v2_0.client [-] Error message: {"message": "The resource could not be found.

\n\n\n", "code": "404 Not Found", "title": "Not Found"} _handle_fault_response /usr/lib/python2.7/site-packages/neutronclient/v2_0/client.py:259
2020-01-28 16:41:17.997 4586 DEBUG neutronclient.v2_0.client [-] Error message: {"message": "The resource could not be found.

\n\n\n", "code": "404 Not Found", "title": "Not Found"} _handle_fault_response /usr/lib/python2.7/site-packages/neutronclient/v2_0/client.py:259
2020-01-28 16:41:18.006 4586 RALLYDEBUG rally_openstack.cleanup.manager [-] Cleaning up neutron port objects
2020-01-28 16:41:18.967 4586 RALLYDEBUG rally_openstack.cleanup.manager [-] Deleting neutron.port object s_rally_ec290e11_S7DlapxY (d30d379e-9afc-48e8-b116-f9b6d972e191)
2020-01-28 16:41:18.974 4586 RALLYDEBUG rally_openstack.cleanup.manager [-] Deleting neutron.port object s_rally_ec290e11_HxLyqdUM (1de1d672-4805-4638-ba27-a78e6f59bff1)
2020-01-28 16:41:18.983 4586 RALLYDEBUG rally_openstack.cleanup.manager [-] Deleting neutron.port object s_rally_ec290e11_B3SWrRb4 (28ebca7b-0383-4566-bde9-a899eceb3fdd)
2020-01-28 16:41:18.987 4586 RALLYDEBUG rally_openstack.cleanup.manager [-] Deleting neutron.port object s_rally_ec290e11_ninDpSwM (0fc75cc8-0549-4ea8-9604-f6822cea0d81)
2020-01-28 16:41:18.998 4586 RALLYDEBUG rally_openstack.cleanup.manager [-] Deleting neutron.port object s_rally_ec290e11_CG1ozRkA (35e93728-2a9c-467b-aed4-b82950b0fc04)
2020-01-28 16:41:19.015 4586 RALLYDEBUG rally_openstack.cleanup.manager [-] Deleting neutron.port object s_rally_ec290e11_7lWCndyv (db25bdf3-75ad-450c-9bee-05aa1028adba)
2020-01-28 16:41:19.059 4586 RALLYDEBUG rally_openstack.cleanup.manager [-] Deleting neutron.port object s_rally_ec290e11_M0WO9F6p (6bc012f2-b325-4cba-8b7b-6d7d2fe6d669)
2020-01-28 16:41:19.071 4586 RALLYDEBUG rally_openstack.cleanup.manager [-] Deleting neutron.port object s_rally_ec290e11_XomZ0PO8 (a814c659-388d-4b6c-948f-b697f6548a69)
2020-01-28 16:41:19.075 4586 RALLYDEBUG rally_openstack.cleanup.manager [-] Deleting neutron.port object s_rally_ec290e11_rTjsAXtw (d0e6174a-f696-449a-ba50-c4801987829e)
2020-01-28 16:41:19.089 4586 RALLYDEBUG rally_openstack.cleanup.manager [-] Deleting neutron.port object s_rally_ec290e11_WRbGNQRh (9a3db103-0d92-4eb6-9c1b-5a15a3b3ca94)
2020-01-28 16:41:21.937 4586 RALLYDEBUG rally_openstack.cleanup.manager [-] Cleaning up neutron subnet objects
2020-01-28 16:41:22.783 4586 RALLYDEBUG rally_openstack.cleanup.manager [-] Cleaning up neutron network objects
2020-01-28 16:41:23.810 4586 RALLYDEBUG rally_openstack.cleanup.manager [-] Cleaning up neutron router objects
2020-01-28 16:41:24.719 4586 RALLYDEBUG rally_openstack.cleanup.manager [-] Cleaning up neutron security_group objects
2020-01-28 16:41:25.552 4586 INFO rally.task.context [-] Task abbb211e-07bf-4248-9d4b-ff1e7dcdda01 | Context cleanup@openstack cleanup() finished in 11.13 sec
2020-01-28 16:41:25.553 4586 INFO rally.task.context [-] Task abbb211e-07bf-4248-9d4b-ff1e7dcdda01 | Context network@openstack cleanup() started
2020-01-28 16:41:39.378 4586 INFO rally.task.context [-] Task abbb211e-07bf-4248-9d4b-ff1e7dcdda01 | Context network@openstack cleanup() finished in 13.82 sec
2020-01-28 16:41:39.379 4586 INFO rally.task.context [-] Task abbb211e-07bf-4248-9d4b-ff1e7dcdda01 | Context quotas@openstack cleanup() started
2020-01-28 16:41:39.515 4586 INFO rally.task.context [-] Task abbb211e-07bf-4248-9d4b-ff1e7dcdda01 | Context quotas@openstack cleanup() finished in 0.14 sec
2020-01-28 16:41:39.515 4586 INFO rally.task.context [-] Task abbb211e-07bf-4248-9d4b-ff1e7dcdda01 | Context users@openstack cleanup() started
2020-01-28 16:41:42.609 4586 INFO rally.task.context [-] Task abbb211e-07bf-4248-9d4b-ff1e7dcdda01 | Context users@openstack cleanup() finished in 3.09 sec
2020-01-28 16:41:43.319 4586 INFO rally.task.engine [-] Load duration is: 6.426407
2020-01-28 16:41:43.319 4586 INFO rally.task.engine [-] Full runner duration is: 6.469394
2020-01-28 16:41:43.319 4586 INFO rally.task.engine [-] Full duration is: 39.517473
2020-01-28 16:41:43.407 4586 INFO rally.task.engine [-] Running workload: position = 0 config = { "version": 2, "title": "A cropped version of a bigger task.", "description": "Auto-generated task from a single workload (uuid=1367a63d-23aa-4fce-b121-1df6096df91b)", "subtasks": [ { "title": "NeutronNetworks.create_and_update_routers", "description": "Create and update a given number of routers.", "scenario": { "NeutronNetworks.create_and_update_routers": { "network_create_args": {}, "router_create_args": {}, "router_update_args": { "admin_state_up": false }, "subnet_cidr_start": "1.1.0.0/30", "subnet_create_args": {}, "subnets_per_network": 1 } }, "contexts": { "users": { "tenants": 3, "users_per_tenant": 2 }, "quotas": { "neutron": { "network": -1, "subnet": -1, "port": -1, "router": -1 } } }, "runner": { "constant": { "concurrency": 4, "times": 10 } }, "hooks": [], "sla": { "failure_rate": { "max": 0 } } } ] }
2020-01-28 16:41:43.429 4586 RALLYDEBUG rally_openstack.contexts.keystone.users [-] Creating 3 tenants using 20 threads
2020-01-28 16:41:46.864 4586 RALLYDEBUG rally_openstack.contexts.keystone.users [-] Creating 6 users using 20 threads
2020-01-28 16:41:47.613 4586 INFO rally.task.context [-] Task abbb211e-07bf-4248-9d4b-ff1e7dcdda01 | Context users@openstack setup() finished in 4.18 sec
2020-01-28 16:41:48.243 4586 INFO rally.task.context [-] Task abbb211e-07bf-4248-9d4b-ff1e7dcdda01 | Context quotas@openstack setup() finished in 0.63 sec
2020-01-28 16:41:48.244 4586 INFO rally.task.context [-] Task abbb211e-07bf-4248-9d4b-ff1e7dcdda01 | Context cleanup@openstack setup() finished in 0.14 msec
2020-01-28 16:41:48.254 4586 RALLYDEBUG rally.task.runner [-] Starting the constant runner (task UUID: abbb211e-07bf-4248-9d4b-ff1e7dcdda01). timeout: 0 concurrency: 4 concurrency_per_worker: 1 times: 10 concurrency_overhead: 0 processes_to_start: 4 max_cpu_used: 88
2020-01-28 16:41:48.268 5358 RALLYDEBUG rally.task.runner [-] Starting a worker. concurrency: 1 args: {"network_create_args": {}, "router_create_args": {}, "router_update_args": {"admin_state_up": false}, "subnet_cidr_start": "1.1.0.0/30", "subnet_create_args": {}, "subnets_per_network": 1} times: 10 method_name: run timeout: 0 duration: None cls:
2020-01-28 16:41:48.271 5359 RALLYDEBUG rally.task.runner [-] Starting a worker. concurrency: 1 args: {"network_create_args": {}, "router_create_args": {}, "router_update_args": {"admin_state_up": false}, "subnet_cidr_start": "1.1.0.0/30", "subnet_create_args": {}, "subnets_per_network": 1} times: 10 method_name: run timeout: 0 duration: None cls:
2020-01-28 16:41:48.273 5360 RALLYDEBUG rally.task.runner [-] Starting a worker. concurrency: 1 args: {"network_create_args": {}, "router_create_args": {}, "router_update_args": {"admin_state_up": false}, "subnet_cidr_start": "1.1.0.0/30", "subnet_create_args": {}, "subnets_per_network": 1} times: 10 method_name: run timeout: 0 duration: None cls:
2020-01-28 16:41:48.276 5358 INFO rally.task.runner [-] Task abbb211e-07bf-4248-9d4b-ff1e7dcdda01 | ITER: 1 START
2020-01-28 16:41:48.276 5361 RALLYDEBUG rally.task.runner [-] Starting a worker. concurrency: 1 args: {"network_create_args": {}, "router_create_args": {}, "router_update_args": {"admin_state_up": false}, "subnet_cidr_start": "1.1.0.0/30", "subnet_create_args": {}, "subnets_per_network": 1} times: 10 method_name: run timeout: 0 duration: None cls:
2020-01-28 16:41:48.278 5359 INFO rally.task.runner [-] Task abbb211e-07bf-4248-9d4b-ff1e7dcdda01 | ITER: 2 START
2020-01-28 16:41:48.280 5360 INFO rally.task.runner [-] Task abbb211e-07bf-4248-9d4b-ff1e7dcdda01 | ITER: 3 START
2020-01-28 16:41:48.284 5361 INFO rally.task.runner [-] Task abbb211e-07bf-4248-9d4b-ff1e7dcdda01 | ITER: 4 START
2020-01-28 16:41:48.928 5360 RALLYDEBUG rally_openstack.wrappers.network [-] CIDR generated: 1.1.0.12/30
2020-01-28 16:41:49.054 5358 RALLYDEBUG rally_openstack.wrappers.network [-] CIDR generated: 1.1.0.16/30
2020-01-28 16:41:49.129 5359 RALLYDEBUG rally_openstack.wrappers.network [-] CIDR generated: 1.1.0.20/30
2020-01-28 16:41:49.176 5361 RALLYDEBUG rally_openstack.wrappers.network [-] CIDR generated: 1.1.0.24/30
2020-01-28 16:41:56.337 5361 INFO rally.task.runner [-] Task abbb211e-07bf-4248-9d4b-ff1e7dcdda01 | ITER: 4 END: OK
2020-01-28 16:41:56.343 5361 INFO rally.task.runner [-] Task abbb211e-07bf-4248-9d4b-ff1e7dcdda01 | ITER: 5 START
2020-01-28 16:41:56.961 5361 RALLYDEBUG rally_openstack.wrappers.network [-] CIDR generated: 1.1.0.28/30
2020-01-28 16:41:56.962 5359 INFO rally.task.runner [-] Task abbb211e-07bf-4248-9d4b-ff1e7dcdda01 | ITER: 2 END: OK
2020-01-28 16:41:56.967 5359 INFO rally.task.runner [-] Task abbb211e-07bf-4248-9d4b-ff1e7dcdda01 | ITER: 6 START
2020-01-28 16:41:57.097 5358 INFO rally.task.runner [-] Task abbb211e-07bf-4248-9d4b-ff1e7dcdda01 | ITER: 1 END: OK
2020-01-28 16:41:57.103 5358 INFO rally.task.runner [-] Task abbb211e-07bf-4248-9d4b-ff1e7dcdda01 | ITER: 7 START
2020-01-28 16:41:57.118 5360 INFO rally.task.runner [-] Task abbb211e-07bf-4248-9d4b-ff1e7dcdda01 | ITER: 3 END: OK
2020-01-28 16:41:57.124 5360 INFO rally.task.runner [-] Task abbb211e-07bf-4248-9d4b-ff1e7dcdda01 | ITER: 8 START
2020-01-28 16:41:57.552 5358 RALLYDEBUG rally_openstack.wrappers.network [-] CIDR generated: 1.1.0.32/30
2020-01-28 16:41:57.737 5360 RALLYDEBUG rally_openstack.wrappers.network [-] CIDR generated: 1.1.0.36/30
2020-01-28 16:41:57.755 5359 RALLYDEBUG rally_openstack.wrappers.network [-] CIDR generated: 1.1.0.40/30
2020-01-28 16:42:05.041 5358 INFO rally.task.runner [-] Task abbb211e-07bf-4248-9d4b-ff1e7dcdda01 | ITER: 7 END: OK
2020-01-28 16:42:05.047 5358 INFO rally.task.runner [-] Task abbb211e-07bf-4248-9d4b-ff1e7dcdda01 | ITER: 9 START
2020-01-28 16:42:05.574 5361 INFO rally.task.runner [-] Task abbb211e-07bf-4248-9d4b-ff1e7dcdda01 | ITER: 5 END: OK
2020-01-28 16:42:05.580 5361 INFO rally.task.runner [-] Task abbb211e-07bf-4248-9d4b-ff1e7dcdda01 | ITER: 10 START
2020-01-28 16:42:05.844 5358 RALLYDEBUG rally_openstack.wrappers.network [-] CIDR generated: 1.1.0.44/30
2020-01-28 16:42:06.228 5361 RALLYDEBUG rally_openstack.wrappers.network [-] CIDR generated: 1.1.0.48/30
2020-01-28 16:42:06.416 5360 INFO rally.task.runner [-] Task abbb211e-07bf-4248-9d4b-ff1e7dcdda01 | ITER: 8 END: OK
2020-01-28 16:42:08.211 5359 INFO rally.task.runner [-] Task abbb211e-07bf-4248-9d4b-ff1e7dcdda01 | ITER: 6 END: OK
2020-01-28 16:42:14.196 5361 INFO rally.task.runner [-] Task abbb211e-07bf-4248-9d4b-ff1e7dcdda01 | ITER: 10 END: OK
2020-01-28 16:42:14.304 5358 INFO rally.task.runner [-] Task abbb211e-07bf-4248-9d4b-ff1e7dcdda01 | ITER: 9 END: OK
2020-01-28 16:42:14.333 4586 INFO rally.task.context [-] Task abbb211e-07bf-4248-9d4b-ff1e7dcdda01 | Context cleanup@openstack cleanup() started
2020-01-28 16:42:14.337 4586 RALLYDEBUG rally_openstack.cleanup.manager [-] Cleaning up neutron vip objects
2020-01-28 16:42:14.921 4586 RALLYDEBUG rally_openstack.cleanup.manager [-] Cleaning up neutron health_monitor objects
2020-01-28 16:42:15.620 4586 RALLYDEBUG rally_openstack.cleanup.manager [-] Cleaning up neutron pool objects
2020-01-28 16:42:16.219 4586 RALLYDEBUG rally_openstack.cleanup.manager [-] Cleaning up neutron loadbalancer objects
2020-01-28 16:42:16.782 4586 RALLYDEBUG rally_openstack.cleanup.manager [-] Cleaning up neutron floatingip objects
2020-01-28 16:42:17.429 4586 RALLYDEBUG rally_openstack.cleanup.manager [-] Cleaning up neutron trunk objects
2020-01-28 16:42:17.623 4586 DEBUG neutronclient.v2_0.client [-] Error message: {"message": "The resource could not be found.

\n\n\n", "code": "404 Not Found", "title": "Not Found"} _handle_fault_response /usr/lib/python2.7/site-packages/neutronclient/v2_0/client.py:259
2020-01-28 16:42:17.814 4586 DEBUG neutronclient.v2_0.client [-] Error message: {"message": "The resource could not be found.

\n\n\n", "code": "404 Not Found", "title": "Not Found"} _handle_fault_response /usr/lib/python2.7/site-packages/neutronclient/v2_0/client.py:259
2020-01-28 16:42:18.010 4586 DEBUG neutronclient.v2_0.client [-] Error message: {"message": "The resource could not be found.

\n\n\n", "code": "404 Not Found", "title": "Not Found"} _handle_fault_response /usr/lib/python2.7/site-packages/neutronclient/v2_0/client.py:259
2020-01-28 16:42:18.019 4586 RALLYDEBUG rally_openstack.cleanup.manager [-] Cleaning up neutron port objects
2020-01-28 16:42:19.354 4586 RALLYDEBUG rally_openstack.cleanup.manager [-] Deleting neutron.port object s_rally_1367a63d_LvZj8sEW (4f277bff-1686-4905-aa5c-761b905062f3)
2020-01-28 16:42:19.355 4586 RALLYDEBUG rally_openstack.cleanup.manager [-] Deleting neutron.port object s_rally_1367a63d_VXxMkRxV (366d7beb-9bc0-4009-bf35-12d7ea85656b)
2020-01-28 16:42:19.355 4586 RALLYDEBUG rally_openstack.cleanup.manager [-] Deleting neutron.port object s_rally_1367a63d_O88zU7Eo (470ca0dc-5b3c-4e45-b79c-ac2d55da19fe)
2020-01-28 16:42:19.365 4586 RALLYDEBUG rally_openstack.cleanup.manager [-] Deleting neutron.port object s_rally_1367a63d_X3VBuMgu (67ec1dfa-9296-43f8-ad78-dce2ba2855a2)
2020-01-28 16:42:19.373 4586 RALLYDEBUG rally_openstack.cleanup.manager [-] Deleting neutron.port object s_rally_1367a63d_Rs4eJpze (0737026b-0eca-4e0d-8738-84df32f6a6cd)
2020-01-28 16:42:19.389 4586 RALLYDEBUG rally_openstack.cleanup.manager [-] Deleting neutron.port object s_rally_1367a63d_B2mlMSkE (838f83e0-0f4b-4888-a5a6-7b9e5c138351)
2020-01-28 16:42:19.460 4586 RALLYDEBUG rally_openstack.cleanup.manager [-] Deleting neutron.port object s_rally_1367a63d_BYNNHwak (bb4887db-a0fd-44a1-84ca-a49df20f7e19)
2020-01-28 16:42:19.499 4586 RALLYDEBUG rally_openstack.cleanup.manager [-] Deleting neutron.port object s_rally_1367a63d_avwQj03U (ca52c140-bfcd-4566-b9ed-539ab12559c0)
2020-01-28 16:42:19.504 4586 RALLYDEBUG rally_openstack.cleanup.manager [-] Deleting neutron.port object s_rally_1367a63d_T2RSZgGJ (3fc73e0f-ec16-44b5-b003-1dc3d6b7fb3e)
2020-01-28 16:42:19.511 4586 RALLYDEBUG rally_openstack.cleanup.manager [-] Deleting neutron.port object s_rally_1367a63d_BnTszBHk (cfebff6c-4bcd-4f0a-890d-ccd83ef693bd)
2020-01-28 16:42:24.820 4586 RALLYDEBUG rally_openstack.cleanup.manager [-] Cleaning up neutron subnet objects
2020-01-28 16:42:25.701 4586 RALLYDEBUG rally_openstack.cleanup.manager [-] Deleting neutron.subnet object s_rally_1367a63d_vrJStkG6 (26aa2323-49bd-4738-a8bf-8b5bbd3d0b48)
2020-01-28 16:42:25.705 4586 RALLYDEBUG rally_openstack.cleanup.manager [-] Deleting neutron.subnet object s_rally_1367a63d_Clw8kJDh (74854f41-3936-4678-84d5-856e81d2dc3b)
2020-01-28 16:42:25.716 4586 RALLYDEBUG rally_openstack.cleanup.manager [-] Deleting neutron.subnet object s_rally_1367a63d_j07SUaZZ (9736c8f1-d945-4756-833e-0323f7e45b30)
2020-01-28 16:42:25.721 4586 RALLYDEBUG rally_openstack.cleanup.manager [-] Deleting neutron.subnet object s_rally_1367a63d_Vu3jte5B (aa4237cc-809e-4db2-ac7a-235f28aa0a34)
2020-01-28 16:42:25.733 4586 RALLYDEBUG rally_openstack.cleanup.manager [-] Deleting neutron.subnet object s_rally_1367a63d_Ee7uuXQD (e093ede3-fc01-4c01-86e7-a4f6819e8e3e)
2020-01-28 16:42:25.750 4586 RALLYDEBUG rally_openstack.cleanup.manager [-] Deleting neutron.subnet object s_rally_1367a63d_5vbXZfbE (e30d1254-6013-4d9c-a5d8-af7021a05efa)
2020-01-28 16:42:25.761 4586 RALLYDEBUG rally_openstack.cleanup.manager [-] Deleting neutron.subnet object s_rally_1367a63d_GZya242H (f60cfb09-4fac-4775-b0cc-34690ac6dae3)
2020-01-28 16:42:25.769 4586 RALLYDEBUG rally_openstack.cleanup.manager [-] Deleting neutron.subnet object s_rally_1367a63d_KZboFNMh (feb80d52-94cb-44df-a3ce-ef02b32618f2)
2020-01-28 16:42:25.798 4586 RALLYDEBUG rally_openstack.cleanup.manager [-] Deleting neutron.subnet object s_rally_1367a63d_TyIEXvPW (62f3fcd6-2849-4ae6-9f86-ed3d303a6e34)
2020-01-28 16:42:25.828 4586 RALLYDEBUG rally_openstack.cleanup.manager [-] Deleting neutron.subnet object s_rally_1367a63d_rLUn4hD1 (477d9777-a50c-4593-b768-4a8d0fbeff00)
2020-01-28 16:42:29.970 4586 RALLYDEBUG rally_openstack.cleanup.manager [-] Cleaning up neutron network objects
2020-01-28 16:42:30.921 4586 RALLYDEBUG rally_openstack.cleanup.manager [-] Deleting neutron.network object s_rally_1367a63d_YsCubLWm (11e902d9-80d7-4af6-904c-ffb5a4e7b9c7)
2020-01-28 16:42:30.929 4586 RALLYDEBUG rally_openstack.cleanup.manager [-] Deleting neutron.network object s_rally_1367a63d_pARGpcCY (57baa08f-a5a1-4e6b-913a-eabcd05d7526)
2020-01-28 16:42:30.944 4586 RALLYDEBUG rally_openstack.cleanup.manager [-] Deleting neutron.network object s_rally_1367a63d_kamKBP0P (b3a28fca-5906-4f81-b4b4-b071cdfd6f03)
2020-01-28 16:42:30.948 4586 RALLYDEBUG rally_openstack.cleanup.manager [-] Deleting neutron.network object s_rally_1367a63d_YNSVT9eQ (f161a842-1b53-47d0-832e-5da11a4b4459)
2020-01-28 16:42:30.954 4586 RALLYDEBUG rally_openstack.cleanup.manager [-] Deleting neutron.network object s_rally_1367a63d_cNP57f9v (f5ad198e-10a5-4c63-a389-21e3de887ad3)
2020-01-28 16:42:30.954 4586 RALLYDEBUG rally_openstack.cleanup.manager [-] Deleting neutron.network object s_rally_1367a63d_qAi3LQU4 (d1093c94-a6c8-4ae8-96ea-943e22788b2d)
2020-01-28 16:42:30.966 4586 RALLYDEBUG rally_openstack.cleanup.manager [-] Deleting neutron.network object s_rally_1367a63d_8qlT4RYH (fd816ab6-2708-428e-8020-c54f57e2580b)
2020-01-28 16:42:30.980 4586 RALLYDEBUG rally_openstack.cleanup.manager [-] Deleting neutron.network object s_rally_1367a63d_RJYApgWz (4e4ade87-fd7d-42a4-95e2-19345d700a14)
2020-01-28 16:42:30.994 4586 RALLYDEBUG rally_openstack.cleanup.manager [-] Deleting neutron.network object s_rally_1367a63d_EWSaMXTw (8f184425-93ac-47c6-aaf2-61c5422df2b8)
2020-01-28 16:42:31.046 4586 RALLYDEBUG rally_openstack.cleanup.manager [-] Deleting neutron.network object s_rally_1367a63d_mg3llpk4 (476d2527-1d4b-4543-a8bf-d4b155a9c4ce)
2020-01-28 16:42:34.868 4586 RALLYDEBUG rally_openstack.cleanup.manager [-] Cleaning up neutron router objects
2020-01-28 16:42:35.734 4586 RALLYDEBUG rally_openstack.cleanup.manager [-] Deleting neutron.router object s_rally_1367a63d_VXxMkRxV (2eafec70-b1f0-439a-a64e-ebc9ba538214)
2020-01-28 16:42:35.742 4586 RALLYDEBUG rally_openstack.cleanup.manager [-] Deleting neutron.router object s_rally_1367a63d_B2mlMSkE (344416a4-f6bc-4711-88f7-92f57ead0ab8)
2020-01-28 16:42:35.752 4586 RALLYDEBUG rally_openstack.cleanup.manager [-] Deleting neutron.router object s_rally_1367a63d_O88zU7Eo (6aa2ed89-e3d6-4458-9e3f-dcbc17fe4041)
2020-01-28 16:42:35.759 4586 RALLYDEBUG rally_openstack.cleanup.manager [-] Deleting neutron.router object s_rally_1367a63d_Rs4eJpze (8d3361c8-c9b2-449e-a907-768cbeefc0ed)
2020-01-28 16:42:35.766 4586 RALLYDEBUG rally_openstack.cleanup.manager [-] Deleting neutron.router object s_rally_1367a63d_LvZj8sEW (d7e0a7f3-2e58-4d38-903c-3d62f2b8bada)
2020-01-28 16:42:35.772 4586 RALLYDEBUG rally_openstack.cleanup.manager [-] Deleting neutron.router object s_rally_1367a63d_X3VBuMgu (ec22884f-bb92-4785-919a-2182ac7f173b)
2020-01-28 16:42:35.809 4586 RALLYDEBUG rally_openstack.cleanup.manager [-] Deleting neutron.router object s_rally_1367a63d_avwQj03U (40e25edd-edf7-4d5e-84cd-9a85e2562cd6)
2020-01-28 16:42:35.834 4586 RALLYDEBUG rally_openstack.cleanup.manager [-] Deleting neutron.router object s_rally_1367a63d_BYNNHwak (db6c1af8-124f-4c94-9c00-8c37dd181cab)
2020-01-28 16:42:35.838 4586 RALLYDEBUG rally_openstack.cleanup.manager [-] Deleting neutron.router object s_rally_1367a63d_BnTszBHk (b739e930-1214-4a10-a0c7-b64576252aef)
2020-01-28 16:42:35.848 4586 RALLYDEBUG rally_openstack.cleanup.manager [-] Deleting neutron.router object s_rally_1367a63d_T2RSZgGJ (9f4593aa-2600-474a-8627-50b167b094d1)
2020-01-28 16:42:45.538 4586 RALLYDEBUG rally_openstack.cleanup.manager [-] Cleaning up neutron security_group objects
2020-01-28 16:42:46.379 4586 INFO rally.task.context [-] Task abbb211e-07bf-4248-9d4b-ff1e7dcdda01 | Context cleanup@openstack cleanup() finished in 32.05 sec
2020-01-28 16:42:46.380 4586 INFO rally.task.context [-] Task abbb211e-07bf-4248-9d4b-ff1e7dcdda01 | Context quotas@openstack cleanup() started
2020-01-28 16:42:46.502 4586 INFO rally.task.context [-] Task abbb211e-07bf-4248-9d4b-ff1e7dcdda01 | Context quotas@openstack cleanup() finished in 0.12 sec
2020-01-28 16:42:46.503 4586 INFO rally.task.context [-] Task abbb211e-07bf-4248-9d4b-ff1e7dcdda01 | Context users@openstack cleanup() started
2020-01-28 16:42:49.523 4586 INFO rally.task.context [-] Task abbb211e-07bf-4248-9d4b-ff1e7dcdda01 | Context users@openstack cleanup() finished in 3.02 sec
2020-01-28 16:42:49.728 4586 INFO rally.task.engine [-] Load duration is: 26.026522
2020-01-28 16:42:49.728 4586 INFO rally.task.engine [-] Full runner duration is: 26.07985
2020-01-28 16:42:49.729 4586 INFO rally.task.engine [-] Full duration is: 66.100077
2020-01-28 16:42:49.813 4586 INFO rally.task.engine [-] Running workload: position = 0 config = { "version": 2, "title": "A cropped version of a bigger task.", "description": "Auto-generated task from a single workload (uuid=448e95c5-1365-43ff-94a6-38abceb51240)", "subtasks": [ { "title": "NeutronNetworks.create_and_update_subnets", "description": "Create and update a subnet.", "scenario": { "NeutronNetworks.create_and_update_subnets": { "network_create_args": {}, "subnet_cidr_start": "1.4.0.0/16", "subnet_create_args": {}, "subnet_update_args": { "enable_dhcp": false }, "subnets_per_network": 1 } }, "contexts": { "users": { "tenants": 3, "users_per_tenant": 2 }, "quotas": { "neutron": { "network": -1, "subnet": -1 } } }, "runner": { "constant": { "concurrency": 4, "times": 10 } }, "hooks": [], "sla": { "failure_rate": { "max": 0 } } } ] }
2020-01-28 16:42:49.837 4586 RALLYDEBUG rally_openstack.contexts.keystone.users [-] Creating 3 tenants using 20 threads
2020-01-28 16:42:50.228 4586 RALLYDEBUG rally_openstack.contexts.keystone.users [-] Creating 6 users using 20 threads
2020-01-28 16:42:51.004 4586 INFO rally.task.context [-] Task abbb211e-07bf-4248-9d4b-ff1e7dcdda01 | Context users@openstack setup() finished in 1.17 sec
2020-01-28 16:42:51.497 4586 INFO rally.task.context [-] Task abbb211e-07bf-4248-9d4b-ff1e7dcdda01 | Context quotas@openstack setup() finished in 0.49 sec
2020-01-28 16:42:51.497 4586 INFO rally.task.context [-] Task abbb211e-07bf-4248-9d4b-ff1e7dcdda01 | Context cleanup@openstack setup() finished in 0.11 msec
2020-01-28 16:42:51.507 4586 RALLYDEBUG rally.task.runner [-] Starting the constant runner (task UUID: abbb211e-07bf-4248-9d4b-ff1e7dcdda01). timeout: 0 concurrency: 4 concurrency_per_worker: 1 times: 10 concurrency_overhead: 0 processes_to_start: 4 max_cpu_used: 88
2020-01-28 16:42:51.518 5682 RALLYDEBUG rally.task.runner [-] Starting a worker. concurrency: 1 args: {"network_create_args": {}, "subnet_cidr_start": "1.4.0.0/16", "subnet_create_args": {}, "subnet_update_args": {"enable_dhcp": false}, "subnets_per_network": 1} times: 10 method_name: run timeout: 0 duration: None cls:
2020-01-28 16:42:51.521 5683 RALLYDEBUG rally.task.runner [-] Starting a worker. concurrency: 1 args: {"network_create_args": {}, "subnet_cidr_start": "1.4.0.0/16", "subnet_create_args": {}, "subnet_update_args": {"enable_dhcp": false}, "subnets_per_network": 1} times: 10 method_name: run timeout: 0 duration: None cls:
2020-01-28 16:42:51.524 5684 RALLYDEBUG rally.task.runner [-] Starting a worker. concurrency: 1 args: {"network_create_args": {}, "subnet_cidr_start": "1.4.0.0/16", "subnet_create_args": {}, "subnet_update_args": {"enable_dhcp": false}, "subnets_per_network": 1} times: 10 method_name: run timeout: 0 duration: None cls:
2020-01-28 16:42:51.526 5682 INFO rally.task.runner [-] Task abbb211e-07bf-4248-9d4b-ff1e7dcdda01 | ITER: 1 START
2020-01-28 16:42:51.526 5685 RALLYDEBUG rally.task.runner [-] Starting a worker. concurrency: 1 args: {"network_create_args": {}, "subnet_cidr_start": "1.4.0.0/16", "subnet_create_args": {}, "subnet_update_args": {"enable_dhcp": false}, "subnets_per_network": 1} times: 10 method_name: run timeout: 0 duration: None cls:
2020-01-28 16:42:51.529 5683 INFO rally.task.runner [-] Task abbb211e-07bf-4248-9d4b-ff1e7dcdda01 | ITER: 2 START
2020-01-28 16:42:51.531 5684 INFO rally.task.runner [-] Task abbb211e-07bf-4248-9d4b-ff1e7dcdda01 | ITER: 3 START
2020-01-28 16:42:51.534 5685 INFO rally.task.runner [-] Task abbb211e-07bf-4248-9d4b-ff1e7dcdda01 | ITER: 4 START
2020-01-28 16:42:52.209 5683 RALLYDEBUG rally_openstack.wrappers.network [-] CIDR generated: 1.17.0.0/16
2020-01-28 16:42:52.212 5684 RALLYDEBUG rally_openstack.wrappers.network [-] CIDR generated: 1.18.0.0/16
2020-01-28 16:42:52.381 5682 RALLYDEBUG rally_openstack.wrappers.network [-] CIDR generated: 1.19.0.0/16
2020-01-28 16:42:52.481 5685 RALLYDEBUG rally_openstack.wrappers.network [-] CIDR generated: 1.20.0.0/16
2020-01-28 16:42:53.671 5684 INFO rally.task.runner [-] Task abbb211e-07bf-4248-9d4b-ff1e7dcdda01 | ITER: 3 END: OK
2020-01-28 16:42:53.677 5684 INFO rally.task.runner [-] Task abbb211e-07bf-4248-9d4b-ff1e7dcdda01 | ITER: 5 START
2020-01-28 16:42:53.717 5683 INFO rally.task.runner [-] Task abbb211e-07bf-4248-9d4b-ff1e7dcdda01 | ITER: 2 END: OK
2020-01-28 16:42:53.723 5683 INFO rally.task.runner [-] Task abbb211e-07bf-4248-9d4b-ff1e7dcdda01 | ITER: 6 START
2020-01-28 16:42:54.401 5683 RALLYDEBUG rally_openstack.wrappers.network [-] CIDR generated: 1.21.0.0/16
2020-01-28 16:42:54.853 5684 RALLYDEBUG rally_openstack.wrappers.network [-] CIDR generated: 1.22.0.0/16
2020-01-28 16:42:55.218 5682 INFO rally.task.runner [-] Task abbb211e-07bf-4248-9d4b-ff1e7dcdda01 | ITER: 1 END: OK
2020-01-28 16:42:55.224 5682 INFO rally.task.runner [-] Task abbb211e-07bf-4248-9d4b-ff1e7dcdda01 | ITER: 7 START
2020-01-28 16:42:55.479 5685 INFO rally.task.runner [-] Task abbb211e-07bf-4248-9d4b-ff1e7dcdda01 | ITER: 4 END: OK
2020-01-28 16:42:55.485 5685 INFO rally.task.runner [-] Task abbb211e-07bf-4248-9d4b-ff1e7dcdda01 | ITER: 8 START
2020-01-28 16:42:55.746 5682 RALLYDEBUG rally_openstack.wrappers.network [-] CIDR generated: 1.23.0.0/16
2020-01-28 16:42:56.016 5685 RALLYDEBUG rally_openstack.wrappers.network [-] CIDR generated: 1.24.0.0/16
2020-01-28 16:42:56.421 5683 INFO rally.task.runner [-] Task abbb211e-07bf-4248-9d4b-ff1e7dcdda01 | ITER: 6 END: OK
2020-01-28 16:42:56.427 5683 INFO rally.task.runner [-] Task abbb211e-07bf-4248-9d4b-ff1e7dcdda01 | ITER: 9 START
2020-01-28 16:42:56.494 5684 INFO rally.task.runner [-] Task abbb211e-07bf-4248-9d4b-ff1e7dcdda01 | ITER: 5 END: OK
2020-01-28 16:42:56.500 5684 INFO rally.task.runner [-] Task abbb211e-07bf-4248-9d4b-ff1e7dcdda01 | ITER: 10 START
2020-01-28 16:42:56.843 5683 RALLYDEBUG rally_openstack.wrappers.network [-] CIDR generated: 1.25.0.0/16
2020-01-28 16:42:57.075 5684 RALLYDEBUG rally_openstack.wrappers.network [-] CIDR generated: 1.26.0.0/16
2020-01-28 16:42:58.189 5685 INFO rally.task.runner [-] Task abbb211e-07bf-4248-9d4b-ff1e7dcdda01 | ITER: 8 END: OK
2020-01-28 16:42:58.339 5682 INFO rally.task.runner [-] Task abbb211e-07bf-4248-9d4b-ff1e7dcdda01 | ITER: 7 END: OK
2020-01-28 16:42:58.463 5683 INFO rally.task.runner [-] Task abbb211e-07bf-4248-9d4b-ff1e7dcdda01 | ITER: 9 END: OK
2020-01-28 16:42:58.966 5684 INFO rally.task.runner [-] Task abbb211e-07bf-4248-9d4b-ff1e7dcdda01 | ITER: 10 END: OK
2020-01-28 16:42:58.988 4586 INFO rally.task.context [-] Task abbb211e-07bf-4248-9d4b-ff1e7dcdda01 | Context cleanup@openstack cleanup() started
2020-01-28 16:42:58.991 4586 RALLYDEBUG rally_openstack.cleanup.manager [-] Cleaning up neutron vip objects
2020-01-28 16:42:59.607 4586 RALLYDEBUG rally_openstack.cleanup.manager [-] Cleaning up neutron health_monitor objects
2020-01-28 16:43:00.199 4586 RALLYDEBUG rally_openstack.cleanup.manager [-] Cleaning up neutron pool objects
2020-01-28 16:43:00.803 4586 RALLYDEBUG rally_openstack.cleanup.manager [-] Cleaning up neutron loadbalancer objects
2020-01-28 16:43:01.431 4586 RALLYDEBUG rally_openstack.cleanup.manager [-] Cleaning up neutron floatingip objects
2020-01-28 16:43:02.325 4586 RALLYDEBUG rally_openstack.cleanup.manager [-] Cleaning up neutron trunk objects
2020-01-28 16:43:02.520 4586 DEBUG neutronclient.v2_0.client [-] Error message: {"message": "The resource could not be found.

\n\n\n", "code": "404 Not Found", "title": "Not Found"} _handle_fault_response /usr/lib/python2.7/site-packages/neutronclient/v2_0/client.py:259
2020-01-28 16:43:02.711 4586 DEBUG neutronclient.v2_0.client [-] Error message: {"message": "The resource could not be found.

\n\n\n", "code": "404 Not Found", "title": "Not Found"} _handle_fault_response /usr/lib/python2.7/site-packages/neutronclient/v2_0/client.py:259
2020-01-28 16:43:02.898 4586 DEBUG neutronclient.v2_0.client [-] Error message: {"message": "The resource could not be found.

\n\n\n", "code": "404 Not Found", "title": "Not Found"} _handle_fault_response /usr/lib/python2.7/site-packages/neutronclient/v2_0/client.py:259
2020-01-28 16:43:02.907 4586 RALLYDEBUG rally_openstack.cleanup.manager [-] Cleaning up neutron port objects
2020-01-28 16:43:04.081 4586 RALLYDEBUG rally_openstack.cleanup.manager [-] Cleaning up neutron subnet objects
2020-01-28 16:43:04.927 4586 RALLYDEBUG rally_openstack.cleanup.manager [-] Deleting neutron.subnet object s_rally_448e95c5_gGL2rXdq (4b2f1a87-8479-4729-b4a9-19c9fbdf4284)
2020-01-28 16:43:04.932 4586 RALLYDEBUG rally_openstack.cleanup.manager [-] Deleting neutron.subnet object s_rally_448e95c5_hVSoxxmp (a6491c9e-4ec1-404f-b273-3e7e2d45624b)
2020-01-28 16:43:04.942 4586 RALLYDEBUG rally_openstack.cleanup.manager [-] Deleting neutron.subnet object s_rally_448e95c5_CXeEPxaG (d8eb896b-4441-4c87-8855-2355df290473)
2020-01-28 16:43:04.953 4586 RALLYDEBUG rally_openstack.cleanup.manager [-] Deleting neutron.subnet object s_rally_448e95c5_6Ap6fbci (ef660089-ae1f-4132-80c6-20d4b1caea8d)
2020-01-28 16:43:04.962 4586 RALLYDEBUG rally_openstack.cleanup.manager [-] Deleting neutron.subnet object s_rally_448e95c5_1RldWBEj (026e6b6a-2452-42b4-bce9-85b77cedf1c3)
2020-01-28 16:43:04.973 4586 RALLYDEBUG rally_openstack.cleanup.manager [-] Deleting neutron.subnet object s_rally_448e95c5_jDqg1jUn (8bdcd7cf-16b4-45e9-8157-f5bf2142886a)
2020-01-28 16:43:04.995 4586 RALLYDEBUG rally_openstack.cleanup.manager [-] Deleting neutron.subnet object s_rally_448e95c5_tZUaau5u (ce8cfecf-c72a-476c-bf4b-30937165e9bd)
2020-01-28 16:43:05.021 4586 RALLYDEBUG rally_openstack.cleanup.manager [-] Deleting neutron.subnet object s_rally_448e95c5_jeDjhVAC (b61281c4-6b16-4e35-a7ec-8ad08ecf7783)
2020-01-28 16:43:05.030 4586 RALLYDEBUG rally_openstack.cleanup.manager [-] Deleting neutron.subnet object s_rally_448e95c5_PxapwFxF (6ffa3dca-1e3a-4141-b57a-a3fc29146e81)
2020-01-28 16:43:05.046 4586 RALLYDEBUG rally_openstack.cleanup.manager [-] Deleting neutron.subnet object s_rally_448e95c5_gFXg6mRi (f2f172d4-56dc-41b7-8f8f-0a768ff580ff)
2020-01-28 16:43:14.357 4586 RALLYDEBUG rally_openstack.cleanup.manager [-] Cleaning up neutron network objects
2020-01-28 16:43:15.427 4586 RALLYDEBUG rally_openstack.cleanup.manager [-] Deleting neutron.network object s_rally_448e95c5_OpH41PWX (0dab655a-8c7a-4f0c-9693-d2463080dfd6)
2020-01-28 16:43:15.434 4586 RALLYDEBUG rally_openstack.cleanup.manager [-] Deleting neutron.network object s_rally_448e95c5_7kmgtFMX (6019c624-beb4-4843-9c91-e1f2ee5374c5)
2020-01-28 16:43:15.443 4586 RALLYDEBUG rally_openstack.cleanup.manager [-] Deleting neutron.network object s_rally_448e95c5_CPaLLkGC (67389f8c-2c2a-4d99-9a44-8161b4fa7a4f)
2020-01-28 16:43:15.450 4586 RALLYDEBUG rally_openstack.cleanup.manager [-] Deleting neutron.network object s_rally_448e95c5_Peb9ioGm (b6ba2de4-686e-4333-9ac0-8a9db31c94bf)
2020-01-28 16:43:15.464 4586 RALLYDEBUG rally_openstack.cleanup.manager [-] Deleting neutron.network object s_rally_448e95c5_qmsLCLBy (5bba15dd-2367-4361-819b-660c7443bb57)
2020-01-28 16:43:15.473 4586 RALLYDEBUG rally_openstack.cleanup.manager [-] Deleting neutron.network object s_rally_448e95c5_82rjnK4Q (9f522292-4d1b-4b21-9473-2236bb0ce296)
2020-01-28 16:43:15.501 4586 RALLYDEBUG rally_openstack.cleanup.manager [-] Deleting neutron.network object s_rally_448e95c5_fHZHubN9 (791f99c4-2c8b-45eb-bc7b-162d478342f4)
2020-01-28 16:43:15.531 4586 RALLYDEBUG rally_openstack.cleanup.manager [-] Deleting neutron.network object s_rally_448e95c5_L1KeDzwZ (88af2230-f601-4709-974b-dacb59259e76)
2020-01-28 16:43:15.531 4586 RALLYDEBUG rally_openstack.cleanup.manager [-] Deleting neutron.network object s_rally_448e95c5_5Aq3qenf (a6603e4c-8a93-4333-b373-a492ab08b01e)
2020-01-28 16:43:15.541 4586 RALLYDEBUG rally_openstack.cleanup.manager [-] Deleting neutron.network object s_rally_448e95c5_SLSxxTfT (cb5510b9-ac52-42af-b46d-68947e28b5f4)
2020-01-28 16:43:21.999 4586 RALLYDEBUG rally_openstack.cleanup.manager [-] Cleaning up neutron router objects
2020-01-28 16:43:22.768 4586 RALLYDEBUG rally_openstack.cleanup.manager [-] Cleaning up neutron security_group objects
2020-01-28 16:43:23.636 4586 INFO rally.task.context [-] Task abbb211e-07bf-4248-9d4b-ff1e7dcdda01 | Context cleanup@openstack cleanup() finished in 24.65 sec
2020-01-28 16:43:23.637 4586 INFO rally.task.context [-] Task abbb211e-07bf-4248-9d4b-ff1e7dcdda01 | Context quotas@openstack cleanup() started
2020-01-28 16:43:23.752 4586 INFO rally.task.context [-] Task abbb211e-07bf-4248-9d4b-ff1e7dcdda01 | Context quotas@openstack cleanup() finished in 0.12 sec
2020-01-28 16:43:23.752 4586 INFO rally.task.context [-] Task abbb211e-07bf-4248-9d4b-ff1e7dcdda01 | Context users@openstack cleanup() started
2020-01-28 16:43:26.894 4586 INFO rally.task.context [-] Task abbb211e-07bf-4248-9d4b-ff1e7dcdda01 | Context users@openstack cleanup() finished in 3.14 sec
2020-01-28 16:43:28.007 4586 INFO rally.task.engine [-] Load duration is: 7.439083
2020-01-28 16:43:28.008 4586 INFO rally.task.engine [-] Full runner duration is: 7.48089
2020-01-28 16:43:28.008 4586 INFO rally.task.engine [-] Full duration is: 37.062705
2020-01-28 16:43:28.089 4586 INFO rally.task.engine [-] Running workload: position = 0 config = { "version": 2, "title": "A cropped version of a bigger task.", "description": "Auto-generated task from a single workload (uuid=75fa0644-ffb0-4013-bde7-b7cc143d6f54)", "subtasks": [ { "title": "NeutronNetworks.create_and_delete_networks", "description": "Create and delete a network.", "scenario": { "NeutronNetworks.create_and_delete_networks": { "network_create_args": {} } }, "contexts": { "users": { "tenants": 3, "users_per_tenant": 2 }, "quotas": { "neutron": { "network": -1 } } }, "runner": { "constant": { "concurrency": 4, "times": 10 } }, "hooks": [], "sla": { "failure_rate": { "max": 0 } } } ] }
2020-01-28 16:43:28.103 4586 RALLYDEBUG rally_openstack.contexts.keystone.users [-] Creating 3 tenants using 20 threads
2020-01-28 16:43:28.484 4586 RALLYDEBUG rally_openstack.contexts.keystone.users [-] Creating 6 users using 20 threads
2020-01-28 16:43:29.135 4586 INFO rally.task.context [-] Task abbb211e-07bf-4248-9d4b-ff1e7dcdda01 | Context users@openstack setup() finished in 1.03 sec
2020-01-28 16:43:29.564 4586 INFO rally.task.context [-] Task abbb211e-07bf-4248-9d4b-ff1e7dcdda01 | Context quotas@openstack setup() finished in 0.43 sec
2020-01-28 16:43:29.564 4586 INFO rally.task.context [-] Task abbb211e-07bf-4248-9d4b-ff1e7dcdda01 | Context cleanup@openstack setup() finished in 0.01 msec
2020-01-28 16:43:29.572 4586 RALLYDEBUG rally.task.runner [-] Starting the constant runner (task UUID: abbb211e-07bf-4248-9d4b-ff1e7dcdda01). timeout: 0 concurrency: 4 concurrency_per_worker: 1 times: 10 concurrency_overhead: 0 processes_to_start: 4 max_cpu_used: 88
2020-01-28 16:43:29.585 6006 RALLYDEBUG rally.task.runner [-] Starting a worker. concurrency: 1 args: {"network_create_args": {}} times: 10 method_name: run timeout: 0 duration: None cls:
2020-01-28 16:43:29.588 6007 RALLYDEBUG rally.task.runner [-] Starting a worker. concurrency: 1 args: {"network_create_args": {}} times: 10 method_name: run timeout: 0 duration: None cls:
2020-01-28 16:43:29.591 6008 RALLYDEBUG rally.task.runner [-] Starting a worker. concurrency: 1 args: {"network_create_args": {}} times: 10 method_name: run timeout: 0 duration: None cls:
2020-01-28 16:43:29.593 6006 INFO rally.task.runner [-] Task abbb211e-07bf-4248-9d4b-ff1e7dcdda01 | ITER: 1 START
2020-01-28 16:43:29.593 6009 RALLYDEBUG rally.task.runner [-] Starting a worker. concurrency: 1 args: {"network_create_args": {}} times: 10 method_name: run timeout: 0 duration: None cls:
2020-01-28 16:43:29.596 6007 INFO rally.task.runner [-] Task abbb211e-07bf-4248-9d4b-ff1e7dcdda01 | ITER: 2 START
2020-01-28 16:43:29.598 6008 INFO rally.task.runner [-] Task abbb211e-07bf-4248-9d4b-ff1e7dcdda01 | ITER: 3 START
2020-01-28 16:43:29.601 6009 INFO rally.task.runner [-] Task abbb211e-07bf-4248-9d4b-ff1e7dcdda01 | ITER: 4 START
2020-01-28 16:43:31.277 6006 INFO rally.task.runner [-] Task abbb211e-07bf-4248-9d4b-ff1e7dcdda01 | ITER: 1 END: OK
2020-01-28 16:43:31.282 6006 INFO rally.task.runner [-] Task abbb211e-07bf-4248-9d4b-ff1e7dcdda01 | ITER: 5 START
2020-01-28 16:43:31.700 6009 INFO rally.task.runner [-] Task abbb211e-07bf-4248-9d4b-ff1e7dcdda01 | ITER: 4 END: OK
2020-01-28 16:43:31.705 6009 INFO rally.task.runner [-] Task abbb211e-07bf-4248-9d4b-ff1e7dcdda01 | ITER: 6 START
2020-01-28 16:43:31.754 6007 INFO rally.task.runner [-] Task abbb211e-07bf-4248-9d4b-ff1e7dcdda01 | ITER: 2 END: OK
2020-01-28 16:43:31.760 6007 INFO rally.task.runner [-] Task abbb211e-07bf-4248-9d4b-ff1e7dcdda01 | ITER: 7 START
2020-01-28 16:43:31.868 6008 INFO rally.task.runner [-] Task abbb211e-07bf-4248-9d4b-ff1e7dcdda01 | ITER: 3 END: OK
2020-01-28 16:43:31.873 6008 INFO rally.task.runner [-] Task abbb211e-07bf-4248-9d4b-ff1e7dcdda01 | ITER: 8 START
2020-01-28 16:43:34.268 6009 INFO rally.task.runner [-] Task abbb211e-07bf-4248-9d4b-ff1e7dcdda01 | ITER: 6 END: OK
2020-01-28 16:43:34.273 6009 INFO rally.task.runner [-] Task abbb211e-07bf-4248-9d4b-ff1e7dcdda01 | ITER: 9 START
2020-01-28 16:43:34.680 6008 INFO rally.task.runner [-] Task abbb211e-07bf-4248-9d4b-ff1e7dcdda01 | ITER: 8 END: OK
2020-01-28 16:43:34.685 6008 INFO rally.task.runner [-] Task abbb211e-07bf-4248-9d4b-ff1e7dcdda01 | ITER: 10 START
2020-01-28 16:43:34.836 6006 INFO rally.task.runner [-] Task abbb211e-07bf-4248-9d4b-ff1e7dcdda01 | ITER: 5 END: OK
2020-01-28 16:43:35.081 6007 INFO rally.task.runner [-] Task abbb211e-07bf-4248-9d4b-ff1e7dcdda01 | ITER: 7 END: OK
2020-01-28 16:43:35.571 6009 INFO rally.task.runner [-] Task abbb211e-07bf-4248-9d4b-ff1e7dcdda01 | ITER: 9 END: OK
2020-01-28 16:43:35.950 6008 INFO rally.task.runner [-] Task abbb211e-07bf-4248-9d4b-ff1e7dcdda01 | ITER: 10 END: OK
2020-01-28 16:43:35.974 4586 INFO rally.task.context [-] Task abbb211e-07bf-4248-9d4b-ff1e7dcdda01 | Context cleanup@openstack cleanup() started
2020-01-28 16:43:35.977 4586 RALLYDEBUG rally_openstack.cleanup.manager [-] Cleaning up neutron vip objects
2020-01-28 16:43:36.686 4586 RALLYDEBUG rally_openstack.cleanup.manager [-] Cleaning up neutron health_monitor objects
2020-01-28 16:43:37.259 4586 RALLYDEBUG rally_openstack.cleanup.manager [-] Cleaning up neutron pool objects
2020-01-28 16:43:37.831 4586 RALLYDEBUG rally_openstack.cleanup.manager [-] Cleaning up neutron loadbalancer objects
2020-01-28 16:43:38.429 4586 RALLYDEBUG rally_openstack.cleanup.manager [-] Cleaning up neutron floatingip objects
2020-01-28 16:43:39.043 4586 RALLYDEBUG rally_openstack.cleanup.manager [-] Cleaning up neutron trunk objects
2020-01-28 16:43:39.229 4586 DEBUG neutronclient.v2_0.client [-] Error message: {"message": "The resource could not be found.

\n\n\n", "code": "404 Not Found", "title": "Not Found"} _handle_fault_response /usr/lib/python2.7/site-packages/neutronclient/v2_0/client.py:259
2020-01-28 16:43:39.420 4586 DEBUG neutronclient.v2_0.client [-] Error message: {"message": "The resource could not be found.

\n\n\n", "code": "404 Not Found", "title": "Not Found"} _handle_fault_response /usr/lib/python2.7/site-packages/neutronclient/v2_0/client.py:259
2020-01-28 16:43:39.623 4586 DEBUG neutronclient.v2_0.client [-] Error message: {"message": "The resource could not be found.

\n\n\n", "code": "404 Not Found", "title": "Not Found"} _handle_fault_response /usr/lib/python2.7/site-packages/neutronclient/v2_0/client.py:259
2020-01-28 16:43:39.632 4586 RALLYDEBUG rally_openstack.cleanup.manager [-] Cleaning up neutron port objects
2020-01-28 16:43:40.345 4586 RALLYDEBUG rally_openstack.cleanup.manager [-] Cleaning up neutron subnet objects
2020-01-28 16:43:41.172 4586 RALLYDEBUG rally_openstack.cleanup.manager [-] Cleaning up neutron network objects
2020-01-28 16:43:41.884 4586 RALLYDEBUG rally_openstack.cleanup.manager [-] Cleaning up neutron router objects
2020-01-28 16:43:43.018 4586 RALLYDEBUG rally_openstack.cleanup.manager [-] Cleaning up neutron security_group objects
2020-01-28 16:43:44.075 4586 INFO rally.task.context [-] Task abbb211e-07bf-4248-9d4b-ff1e7dcdda01 | Context cleanup@openstack cleanup() finished in 8.10 sec
2020-01-28 16:43:44.076 4586 INFO rally.task.context [-] Task abbb211e-07bf-4248-9d4b-ff1e7dcdda01 | Context quotas@openstack cleanup() started
2020-01-28 16:43:44.213 4586 INFO rally.task.context [-] Task abbb211e-07bf-4248-9d4b-ff1e7dcdda01 | Context quotas@openstack cleanup() finished in 0.14 sec
2020-01-28 16:43:44.214 4586 INFO rally.task.context [-] Task abbb211e-07bf-4248-9d4b-ff1e7dcdda01 | Context users@openstack cleanup() started
2020-01-28 16:43:46.853 4586 INFO rally.task.context [-] Task abbb211e-07bf-4248-9d4b-ff1e7dcdda01 | Context users@openstack cleanup() finished in 2.64 sec
2020-01-28 16:43:48.205 4586 INFO rally.task.engine [-] Load duration is: 6.356247
2020-01-28 16:43:48.206 4586 INFO rally.task.engine [-] Full runner duration is: 6.402435
2020-01-28 16:43:48.206 4586 INFO rally.task.engine [-] Full duration is: 18.751742
2020-01-28 16:43:48.289 4586 INFO rally.task.engine [-] Running workload: position = 0 config = { "version": 2, "title": "A cropped version of a bigger task.", "description": "Auto-generated task from a single workload (uuid=87016963-8ea6-468d-8965-3c0b33e450af)", "subtasks": [ { "title": "NeutronNetworks.create_and_delete_ports", "description": "Create and delete a port.", "scenario": { "NeutronNetworks.create_and_delete_ports": { "network_create_args": {}, "port_create_args": {}, "ports_per_network": 1 } }, "contexts": { "users": { "tenants": 3, "users_per_tenant": 2 }, "network": { "router": {} }, "quotas": { "neutron": { "network": -1, "port": -1 } } }, "runner": { "constant": { "concurrency": 4, "times": 10 } }, "hooks": [], "sla": { "failure_rate": { "max": 0 } } } ] }
2020-01-28 16:43:48.304 4586 RALLYDEBUG rally_openstack.contexts.keystone.users [-] Creating 3 tenants using 20 threads
2020-01-28 16:43:48.862 4586 RALLYDEBUG rally_openstack.contexts.keystone.users [-] Creating 6 users using 20 threads
2020-01-28 16:43:49.713 4586 INFO rally.task.context [-] Task abbb211e-07bf-4248-9d4b-ff1e7dcdda01 | Context users@openstack setup() finished in 1.41 sec
2020-01-28 16:43:50.210 4586 INFO rally.task.context [-] Task abbb211e-07bf-4248-9d4b-ff1e7dcdda01 | Context quotas@openstack setup() finished in 0.50 sec
2020-01-28 16:43:50.750 4586 RALLYDEBUG rally_openstack.wrappers.network [-] CIDR generated: 10.2.23.0/24
2020-01-28 16:43:51.561 4586 RALLYDEBUG rally_openstack.wrappers.network [-] CIDR generated: 10.2.24.0/24
2020-01-28 16:43:52.564 4586 RALLYDEBUG rally_openstack.wrappers.network [-] CIDR generated: 10.2.25.0/24
2020-01-28 16:43:53.003 4586 INFO rally.task.context [-] Task abbb211e-07bf-4248-9d4b-ff1e7dcdda01 | Context network@openstack setup() finished in 2.79 sec
2020-01-28 16:43:53.003 4586 INFO rally.task.context [-] Task abbb211e-07bf-4248-9d4b-ff1e7dcdda01 | Context cleanup@openstack setup() finished in 0.02 msec
2020-01-28 16:43:53.013 4586 RALLYDEBUG rally.task.runner [-] Starting the constant runner (task UUID: abbb211e-07bf-4248-9d4b-ff1e7dcdda01). timeout: 0 concurrency: 4 concurrency_per_worker: 1 times: 10 concurrency_overhead: 0 processes_to_start: 4 max_cpu_used: 88
2020-01-28 16:43:53.024 6330 RALLYDEBUG rally.task.runner [-] Starting a worker. concurrency: 1 args: {"network_create_args": {}, "port_create_args": {}, "ports_per_network": 1} times: 10 method_name: run timeout: 0 duration: None cls:
2020-01-28 16:43:53.027 6331 RALLYDEBUG rally.task.runner [-] Starting a worker. concurrency: 1 args: {"network_create_args": {}, "port_create_args": {}, "ports_per_network": 1} times: 10 method_name: run timeout: 0 duration: None cls:
2020-01-28 16:43:53.030 6332 RALLYDEBUG rally.task.runner [-] Starting a worker. concurrency: 1 args: {"network_create_args": {}, "port_create_args": {}, "ports_per_network": 1} times: 10 method_name: run timeout: 0 duration: None cls:
2020-01-28 16:43:53.032 6330 INFO rally.task.runner [-] Task abbb211e-07bf-4248-9d4b-ff1e7dcdda01 | ITER: 1 START
2020-01-28 16:43:53.032 6333 RALLYDEBUG rally.task.runner [-] Starting a worker. concurrency: 1 args: {"network_create_args": {}, "port_create_args": {}, "ports_per_network": 1} times: 10 method_name: run timeout: 0 duration: None cls:
2020-01-28 16:43:53.035 6331 INFO rally.task.runner [-] Task abbb211e-07bf-4248-9d4b-ff1e7dcdda01 | ITER: 2 START
2020-01-28 16:43:53.038 6332 INFO rally.task.runner [-] Task abbb211e-07bf-4248-9d4b-ff1e7dcdda01 | ITER: 3 START
2020-01-28 16:43:53.040 6333 INFO rally.task.runner [-] Task abbb211e-07bf-4248-9d4b-ff1e7dcdda01 | ITER: 4 START
2020-01-28 16:43:55.343 6331 INFO rally.task.runner [-] Task abbb211e-07bf-4248-9d4b-ff1e7dcdda01 | ITER: 2 END: OK
2020-01-28 16:43:55.349 6331 INFO rally.task.runner [-] Task abbb211e-07bf-4248-9d4b-ff1e7dcdda01 | ITER: 5 START
2020-01-28 16:43:55.918 6333 INFO rally.task.runner [-] Task abbb211e-07bf-4248-9d4b-ff1e7dcdda01 | ITER: 4 END: OK
2020-01-28 16:43:55.924 6333 INFO rally.task.runner [-] Task abbb211e-07bf-4248-9d4b-ff1e7dcdda01 | ITER: 6 START
2020-01-28 16:43:56.518 6332 INFO rally.task.runner [-] Task abbb211e-07bf-4248-9d4b-ff1e7dcdda01 | ITER: 3 END: OK
2020-01-28 16:43:56.520 6330 INFO rally.task.runner [-] Task abbb211e-07bf-4248-9d4b-ff1e7dcdda01 | ITER: 1 END: OK
2020-01-28 16:43:56.525 6332 INFO rally.task.runner [-] Task abbb211e-07bf-4248-9d4b-ff1e7dcdda01 | ITER: 7 START
2020-01-28 16:43:56.527 6330 INFO rally.task.runner [-] Task abbb211e-07bf-4248-9d4b-ff1e7dcdda01 | ITER: 8 START
2020-01-28 16:43:58.148 6331 INFO rally.task.runner [-] Task abbb211e-07bf-4248-9d4b-ff1e7dcdda01 | ITER: 5 END: OK
2020-01-28 16:43:58.153 6331 INFO rally.task.runner [-] Task abbb211e-07bf-4248-9d4b-ff1e7dcdda01 | ITER: 9 START
2020-01-28 16:43:58.703 6330 INFO rally.task.runner [-] Task abbb211e-07bf-4248-9d4b-ff1e7dcdda01 | ITER: 8 END: OK
2020-01-28 16:43:58.708 6330 INFO rally.task.runner [-] Task abbb211e-07bf-4248-9d4b-ff1e7dcdda01 | ITER: 10 START
2020-01-28 16:43:59.267 6333 INFO rally.task.runner [-] Task abbb211e-07bf-4248-9d4b-ff1e7dcdda01 | ITER: 6 END: OK
2020-01-28 16:44:00.492 6332 INFO rally.task.runner [-] Task abbb211e-07bf-4248-9d4b-ff1e7dcdda01 | ITER: 7 END: OK
