2020-04-16 16:33:53.755 725 DEBUG novaclient.v2.client [-] RESP BODY: {"flavors": [{"links": [{"href": "http://compute-airship.intel-pod17.opnfv.org/v2.1/flavors/0068def2-616a-466c-9ddf-7b376b3bb392", "rel": "self"}, {"href": "http://compute-airship.intel-pod17.opnfv.org/flavors/0068def2-616a-466c-9ddf-7b376b3bb392", "rel": "bookmark"}], "ram": 512, "OS-FLV-DISABLED:disabled": false, "os-flavor-access:is_public": true, "rxtx_factor": 1.0, "disk": 1, "id": "0068def2-616a-466c-9ddf-7b376b3bb392", "name": "rally_full-flavor_5ae3a817-4861-429c-9e00-3c67e20843e0", "vcpus": 1, "swap": "", "OS-FLV-EXT-DATA:ephemeral": 0}, {"links": [{"href": "http://compute-airship.intel-pod17.opnfv.org/v2.1/flavors/4ad14ce9-b68d-49f4-a5d0-9d757fbd72b2", "rel": "self"}, {"href": "http://compute-airship.intel-pod17.opnfv.org/flavors/4ad14ce9-b68d-49f4-a5d0-9d757fbd72b2", "rel": "bookmark"}], "ram": 64, "OS-FLV-DISABLED:disabled": false, "os-flavor-access:is_public": true, "rxtx_factor": 1.0, "disk": 0, "id": "4ad14ce9-b68d-49f4-a5d0-9d757fbd72b2", "name": "rally_verify_a8f05297_427Erqak", "vcpus": 1, "swap": "", "OS-FLV-EXT-DATA:ephemeral": 0}, {"links": [{"href": "http://compute-airship.intel-pod17.opnfv.org/v2.1/flavors/4f9ffe34-9666-41c1-8cf5-db81a2c2b030", "rel": "self"}, {"href": "http://compute-airship.intel-pod17.opnfv.org/flavors/4f9ffe34-9666-41c1-8cf5-db81a2c2b030", "rel": "bookmark"}], "ram": 2048, "OS-FLV-DISABLED:disabled": false, "os-flavor-access:is_public": true, "rxtx_factor": 1.0, "disk": 20, "id": "4f9ffe34-9666-41c1-8cf5-db81a2c2b030", "name": "m1.small", "vcpus": 1, "swap": "", "OS-FLV-EXT-DATA:ephemeral": 0}, {"links": [{"href": "http://compute-airship.intel-pod17.opnfv.org/v2.1/flavors/77be166c-6ed0-4849-87e4-87ffef3c9ce0", "rel": "self"}, {"href": "http://compute-airship.intel-pod17.opnfv.org/flavors/77be166c-6ed0-4849-87e4-87ffef3c9ce0", "rel": "bookmark"}], "ram": 512, "OS-FLV-DISABLED:disabled": false, "os-flavor-access:is_public": true, "rxtx_factor": 1.0, "disk": 1, "id": "77be166c-6ed0-4849-87e4-87ffef3c9ce0", "name": "m1.tiny", "vcpus": 1, "swap": "", "OS-FLV-EXT-DATA:ephemeral": 0}, {"links": [{"href": "http://compute-airship.intel-pod17.opnfv.org/v2.1/flavors/94a58611-8b43-4217-bae0-3c4476f62b19", "rel": "self"}, {"href": "http://compute-airship.intel-pod17.opnfv.org/flavors/94a58611-8b43-4217-bae0-3c4476f62b19", "rel": "bookmark"}], "ram": 1024, "OS-FLV-DISABLED:disabled": false, "os-flavor-access:is_public": true, "rxtx_factor": 1.0, "disk": 1, "id": "94a58611-8b43-4217-bae0-3c4476f62b19", "name": "rally_full-flavor_alt_5ae3a817-4861-429c-9e00-3c67e20843e0", "vcpus": 1, "swap": "", "OS-FLV-EXT-DATA:ephemeral": 0}, {"links": [{"href": "http://compute-airship.intel-pod17.opnfv.org/v2.1/flavors/96797e4d-080c-47fb-930d-359607c89073", "rel": "self"}, {"href": "http://compute-airship.intel-pod17.opnfv.org/flavors/96797e4d-080c-47fb-930d-359607c89073", "rel": "bookmark"}], "ram": 16384, "OS-FLV-DISABLED:disabled": false, "os-flavor-access:is_public": true, "rxtx_factor": 1.0, "disk": 160, "id": "96797e4d-080c-47fb-930d-359607c89073", "name": "m1.xlarge", "vcpus": 8, "swap": "", "OS-FLV-EXT-DATA:ephemeral": 0}, {"links": [{"href": "http://compute-airship.intel-pod17.opnfv.org/v2.1/flavors/99b18444-f37b-4310-85d5-bd586dbb95bf", "rel": "self"}, {"href": "http://compute-airship.intel-pod17.opnfv.org/flavors/99b18444-f37b-4310-85d5-bd586dbb95bf", "rel": "bookmark"}], "ram": 8192, "OS-FLV-DISABLED:disabled": false, "os-flavor-access:is_public": true, "rxtx_factor": 1.0, "disk": 80, "id": "99b18444-f37b-4310-85d5-bd586dbb95bf", "name": "m1.large", "vcpus": 4, "swap": "", "OS-FLV-EXT-DATA:ephemeral": 0}, {"links": [{"href": "http://compute-airship.intel-pod17.opnfv.org/v2.1/flavors/e8b0a45d-dea9-479e-95dc-1e18aeb78cf7", "rel": "self"}, {"href": "http://compute-airship.intel-pod17.opnfv.org/flavors/e8b0a45d-dea9-479e-95dc-1e18aeb78cf7", "rel": "bookmark"}], "ram": 4096, "OS-FLV-DISABLED:disabled": false, "os-flavor-access:is_public": true, "rxtx_factor": 1.0, "disk": 40, "id": "e8b0a45d-dea9-479e-95dc-1e18aeb78cf7", "name": "m1.medium", "vcpus": 2, "swap": "", "OS-FLV-EXT-DATA:ephemeral": 0}]} _http_log_response /usr/lib/python2.7/site-packages/keystoneauth1/session.py:511
2020-04-16 16:33:53.755 725 DEBUG novaclient.v2.client [-] GET call to compute for http://compute-airship.intel-pod17.opnfv.org/v2.1/flavors/detail used request id req-baad79c7-70be-40e1-aecb-139bc5e494cf request /usr/lib/python2.7/site-packages/keystoneauth1/session.py:844
2020-04-16 16:33:53.850 725 DEBUG novaclient.v2.client [-] REQ: curl -g -i -X GET http://compute-airship.intel-pod17.opnfv.org/v2.1/flavors/0068def2-616a-466c-9ddf-7b376b3bb392 -H "Accept: application/json" -H "User-Agent: python-novaclient" -H "X-Auth-Token: {SHA1}225feb5310cd555245b0271531dc45b179793b8d" _http_log_request /usr/lib/python2.7/site-packages/keystoneauth1/session.py:448
2020-04-16 16:33:53.972 725 DEBUG novaclient.v2.client [-] RESP: [200] Connection: keep-alive Content-Encoding: gzip Content-Type: application/json Date: Thu, 16 Apr 2020 16:33:53 GMT Openstack-Api-Version: compute 2.1 Transfer-Encoding: chunked Vary: Accept-Encoding, OpenStack-API-Version, X-OpenStack-Nova-API-Version X-Compute-Request-Id: req-9ec24c04-b705-4ae7-9d88-fa6013de4a2e X-Openstack-Nova-Api-Version: 2.1 _http_log_response /usr/lib/python2.7/site-packages/keystoneauth1/session.py:479
2020-04-16 16:33:53.973 725 DEBUG novaclient.v2.client [-] RESP BODY: {"flavor": {"links": [{"href": "http://compute-airship.intel-pod17.opnfv.org/v2.1/flavors/0068def2-616a-466c-9ddf-7b376b3bb392", "rel": "self"}, {"href": "http://compute-airship.intel-pod17.opnfv.org/flavors/0068def2-616a-466c-9ddf-7b376b3bb392", "rel": "bookmark"}], "ram": 512, "OS-FLV-DISABLED:disabled": false, "os-flavor-access:is_public": true, "rxtx_factor": 1.0, "disk": 1, "id": "0068def2-616a-466c-9ddf-7b376b3bb392", "name": "rally_full-flavor_5ae3a817-4861-429c-9e00-3c67e20843e0", "vcpus": 1, "swap": "", "OS-FLV-EXT-DATA:ephemeral": 0}} _http_log_response /usr/lib/python2.7/site-packages/keystoneauth1/session.py:511
2020-04-16 16:33:53.974 725 DEBUG novaclient.v2.client [-] GET call to compute for http://compute-airship.intel-pod17.opnfv.org/v2.1/flavors/0068def2-616a-466c-9ddf-7b376b3bb392 used request id req-9ec24c04-b705-4ae7-9d88-fa6013de4a2e request /usr/lib/python2.7/site-packages/keystoneauth1/session.py:844
2020-04-16 16:33:54.372 725 INFO rally.task.context [-] Task f2d91419-4797-4d53-a08c-de42df868c84 | Context users@openstack cleanup() started
2020-04-16 16:33:55.849 725 INFO rally.task.context [-] Task f2d91419-4797-4d53-a08c-de42df868c84 | Context users@openstack cleanup() finished in 1.48 sec
2020-04-16 16:33:55.849 725 INFO rally.task.engine [-] Task f2d91419-4797-4d53-a08c-de42df868c84 | Completed: Task validation of semantic.
2020-04-16 16:33:55.849 725 INFO rally.task.engine [-] Task f2d91419-4797-4d53-a08c-de42df868c84 | Completed: Task validation.
2020-04-16 16:33:55.850 725 INFO rally.api [-] Task f2d91419-4797-4d53-a08c-de42df868c84 input file is valid.
2020-04-16 16:33:55.850 725 INFO rally.api [-] Run Task f2d91419-4797-4d53-a08c-de42df868c84 against Deployment d6785107-d603-48b9-bf9d-076445c22ddb
2020-04-16 16:33:55.850 725 INFO rally.task.engine [-] Task f2d91419-4797-4d53-a08c-de42df868c84 | Starting: Running task.
2020-04-16 16:33:55.897 725 INFO rally.task.engine [-] Running workload: position = 0 config = { "version": 2, "title": "A cropped version of a bigger task.", "description": "Auto-generated task from a single workload (uuid=e8433b81-57c7-4c3f-80e7-6fc3de25eb9c)", "subtasks": [ { "title": "GlanceImages.create_and_delete_image", "description": "Create and then delete an image.", "scenario": { "GlanceImages.create_and_delete_image": { "container_format": "bare", "disk_format": "qcow2", "image_location": "/home/opnfv/functest/images/cirros-0.4.0-x86_64-disk.img" } }, "contexts": { "users": { "tenants": 3, "users_per_tenant": 2 } }, "runner": { "constant": { "concurrency": 4, "times": 10 } }, "hooks": [], "sla": { "failure_rate": { "max": 0 } } } ] }
2020-04-16 16:33:55.917 725 RALLYDEBUG rally_openstack.contexts.keystone.users [-] Creating 3 tenants using 20 threads
2020-04-16 16:33:56.302 725 RALLYDEBUG rally_openstack.contexts.keystone.users [-] Creating 6 users using 20 threads
2020-04-16 16:33:56.921 725 INFO rally.task.context [-] Task f2d91419-4797-4d53-a08c-de42df868c84 | Context users@openstack setup() finished in 1.00 sec
2020-04-16 16:33:56.922 725 INFO rally.task.context [-] Task f2d91419-4797-4d53-a08c-de42df868c84 | Context cleanup@openstack setup() finished in 0.01 msec
2020-04-16 16:33:56.935 725 RALLYDEBUG rally.task.runner [-] Starting the constant runner (task UUID: f2d91419-4797-4d53-a08c-de42df868c84). timeout: 0 concurrency: 4 concurrency_per_worker: 1 times: 10 concurrency_overhead: 0 processes_to_start: 4 max_cpu_used: 88
2020-04-16 16:33:56.954 849 RALLYDEBUG rally.task.runner [-] Starting a worker. concurrency: 1 args: {"container_format": "bare", "disk_format": "qcow2", "image_location": "/home/opnfv/functest/images/cirros-0.4.0-x86_64-disk.img"} times: 10 method_name: run timeout: 0 duration: None cls:
2020-04-16 16:33:56.955 850 RALLYDEBUG rally.task.runner [-] Starting a worker. concurrency: 1 args: {"container_format": "bare", "disk_format": "qcow2", "image_location": "/home/opnfv/functest/images/cirros-0.4.0-x86_64-disk.img"} times: 10 method_name: run timeout: 0 duration: None cls:
2020-04-16 16:33:56.957 851 RALLYDEBUG rally.task.runner [-] Starting a worker. concurrency: 1 args: {"container_format": "bare", "disk_format": "qcow2", "image_location": "/home/opnfv/functest/images/cirros-0.4.0-x86_64-disk.img"} times: 10 method_name: run timeout: 0 duration: None cls:
2020-04-16 16:33:56.960 852 RALLYDEBUG rally.task.runner [-] Starting a worker. concurrency: 1 args: {"container_format": "bare", "disk_format": "qcow2", "image_location": "/home/opnfv/functest/images/cirros-0.4.0-x86_64-disk.img"} times: 10 method_name: run timeout: 0 duration: None cls:
2020-04-16 16:33:56.961 850 INFO rally.task.runner [-] Task f2d91419-4797-4d53-a08c-de42df868c84 | ITER: 2 START
2020-04-16 16:33:56.962 849 INFO rally.task.runner [-] Task f2d91419-4797-4d53-a08c-de42df868c84 | ITER: 1 START
2020-04-16 16:33:56.964 851 INFO rally.task.runner [-] Task f2d91419-4797-4d53-a08c-de42df868c84 | ITER: 3 START
2020-04-16 16:33:56.967 852 INFO rally.task.runner [-] Task f2d91419-4797-4d53-a08c-de42df868c84 | ITER: 4 START
2020-04-16 16:33:59.790 851 RALLYDEBUG rally.task.utils [-] Waiting for resource u'594c8093-68b3-41ea-930d-5d8196587449'. Status changed: NONE => QUEUED in 0.121338844299
2020-04-16 16:33:59.799 849 RALLYDEBUG rally.task.utils [-] Waiting for resource u'1b079eee-f873-4513-91f3-d96680e5c784'. Status changed: NONE => QUEUED in 0.116120100021
2020-04-16 16:33:59.810 852 RALLYDEBUG rally.task.utils [-] Waiting for resource u'120f2c6b-7cad-4ef1-b946-2005835c59bc'. Status changed: NONE => QUEUED in 0.107717037201
2020-04-16 16:33:59.839 850 RALLYDEBUG rally.task.utils [-] Waiting for resource u'9671f173-4bf1-4e6b-aedd-2c04282e9dcb'. Status changed: NONE => QUEUED in 0.0682680606842
2020-04-16 16:34:01.680 852 RALLYDEBUG rally.task.utils [-] Waiting for resource s_rally_e8433b81_ODhVPMMx. Status changed: QUEUED => ACTIVE in 0.0603351593018
2020-04-16 16:34:01.695 851 RALLYDEBUG rally.task.utils [-] Waiting for resource s_rally_e8433b81_CaeWhQMh. Status changed: QUEUED => ACTIVE in 0.0547530651093
2020-04-16 16:34:01.701 849 RALLYDEBUG rally.task.utils [-] Waiting for resource s_rally_e8433b81_sVw5vHh1. Status changed: QUEUED => ACTIVE in 0.0453488826752
2020-04-16 16:34:01.711 850 RALLYDEBUG rally.task.utils [-] Waiting for resource s_rally_e8433b81_8BhUhnAw. Status changed: QUEUED => ACTIVE in 0.0340869426727
2020-04-16 16:34:02.386 852 INFO rally.task.runner [-] Task f2d91419-4797-4d53-a08c-de42df868c84 | ITER: 4 END: OK
2020-04-16 16:34:02.392 852 INFO rally.task.runner [-] Task f2d91419-4797-4d53-a08c-de42df868c84 | ITER: 5 START
2020-04-16 16:34:02.444 849 INFO rally.task.runner [-] Task f2d91419-4797-4d53-a08c-de42df868c84 | ITER: 1 END: OK
2020-04-16 16:34:02.449 849 INFO rally.task.runner [-] Task f2d91419-4797-4d53-a08c-de42df868c84 | ITER: 6 START
2020-04-16 16:34:02.461 851 INFO rally.task.runner [-] Task f2d91419-4797-4d53-a08c-de42df868c84 | ITER: 3 END: OK
2020-04-16 16:34:02.463 850 INFO rally.task.runner [-] Task f2d91419-4797-4d53-a08c-de42df868c84 | ITER: 2 END: OK
2020-04-16 16:34:02.468 851 INFO rally.task.runner [-] Task f2d91419-4797-4d53-a08c-de42df868c84 | ITER: 7 START
2020-04-16 16:34:02.469 850 INFO rally.task.runner [-] Task f2d91419-4797-4d53-a08c-de42df868c84 | ITER: 8 START
2020-04-16 16:34:04.934 851 RALLYDEBUG rally.task.utils [-] Waiting for resource u'39fa44cc-cd89-46e2-af26-b68f86841ff2'. Status changed: NONE => QUEUED in 0.0620419979095
2020-04-16 16:34:04.956 852 RALLYDEBUG rally.task.utils [-] Waiting for resource u'9a761d3a-26a9-46d2-bbda-1e72d5f8e7f0'. Status changed: NONE => QUEUED in 0.0951700210571
2020-04-16 16:34:04.964 850 RALLYDEBUG rally.task.utils [-] Waiting for resource u'c5c2be47-395d-4781-af5a-9d811e6d91da'. Status changed: NONE => QUEUED in 0.0943009853363
2020-04-16 16:34:05.093 849 RALLYDEBUG rally.task.utils [-] Waiting for resource u'f5a4075e-f26c-4e96-97e9-d9692907baa8'. Status changed: NONE => QUEUED in 0.0848770141602
2020-04-16 16:34:06.071 851 RALLYDEBUG rally.task.utils [-] Waiting for resource s_rally_e8433b81_8sMtz24V. Status changed: QUEUED => ACTIVE in 0.0449118614197
2020-04-16 16:34:06.372 849 RALLYDEBUG rally.task.utils [-] Waiting for resource s_rally_e8433b81_Kj9yMxpF. Status changed: QUEUED => ACTIVE in 0.0454709529877
2020-04-16 16:34:06.507 852 RALLYDEBUG rally.task.utils [-] Waiting for resource s_rally_e8433b81_b8XW2g0i. Status changed: QUEUED => ACTIVE in 0.0482289791107
2020-04-16 16:34:06.605 850 RALLYDEBUG rally.task.utils [-] Waiting for resource s_rally_e8433b81_3hdaOBa6. Status changed: QUEUED => ACTIVE in 0.0437870025635
2020-04-16 16:34:06.610 851 INFO rally.task.runner [-] Task f2d91419-4797-4d53-a08c-de42df868c84 | ITER: 7 END: OK
2020-04-16 16:34:06.614 851 INFO rally.task.runner [-] Task f2d91419-4797-4d53-a08c-de42df868c84 | ITER: 9 START
2020-04-16 16:34:06.971 849 INFO rally.task.runner [-] Task f2d91419-4797-4d53-a08c-de42df868c84 | ITER: 6 END: OK
2020-04-16 16:34:06.976 849 INFO rally.task.runner [-] Task f2d91419-4797-4d53-a08c-de42df868c84 | ITER: 10 START
2020-04-16 16:34:07.087 852 INFO rally.task.runner [-] Task f2d91419-4797-4d53-a08c-de42df868c84 | ITER: 5 END: OK
2020-04-16 16:34:07.150 850 INFO rally.task.runner [-] Task f2d91419-4797-4d53-a08c-de42df868c84 | ITER: 8 END: OK
2020-04-16 16:34:09.113 851 RALLYDEBUG rally.task.utils [-] Waiting for resource u'caa9446d-fa43-4e08-a3be-200324376e0e'. Status changed: NONE => QUEUED in 0.0682148933411
2020-04-16 16:34:09.432 849 RALLYDEBUG rally.task.utils [-] Waiting for resource u'0e597c8e-b38e-44ab-bffd-b1f4d8b78820'. Status changed: NONE => QUEUED in 0.0722751617432
2020-04-16 16:34:10.072 851 RALLYDEBUG rally.task.utils [-] Waiting for resource s_rally_e8433b81_xikFgrXJ. Status changed: QUEUED => ACTIVE in 0.0417401790619
2020-04-16 16:34:10.382 849 RALLYDEBUG rally.task.utils [-] Waiting for resource s_rally_e8433b81_WKkTDM5b. Status changed: QUEUED => ACTIVE in 0.0424468517303
2020-04-16 16:34:10.605 851 INFO rally.task.runner [-] Task f2d91419-4797-4d53-a08c-de42df868c84 | ITER: 9 END: OK
2020-04-16 16:34:11.020 849 INFO rally.task.runner [-] Task f2d91419-4797-4d53-a08c-de42df868c84 | ITER: 10 END: OK
2020-04-16 16:34:11.049 725 INFO rally.task.context [-] Task f2d91419-4797-4d53-a08c-de42df868c84 | Context cleanup@openstack cleanup() started
2020-04-16 16:34:11.053 725 RALLYDEBUG rally_openstack.cleanup.manager [-] Cleaning up glance images objects
2020-04-16 16:34:12.191 725 INFO rally.task.context [-] Task f2d91419-4797-4d53-a08c-de42df868c84 | Context cleanup@openstack cleanup() finished in 1.14 sec
2020-04-16 16:34:12.191 725 INFO rally.task.context [-] Task f2d91419-4797-4d53-a08c-de42df868c84 | Context users@openstack cleanup() started
2020-04-16 16:34:15.592 725 INFO rally.task.context [-] Task f2d91419-4797-4d53-a08c-de42df868c84 | Context users@openstack cleanup() finished in 3.40 sec
2020-04-16 16:34:16.026 725 INFO rally.task.engine [-] Load duration is: 13.695214
2020-04-16 16:34:16.026 725 INFO rally.task.engine [-] Full runner duration is: 14.117806
2020-04-16 16:34:16.026 725 INFO rally.task.engine [-] Full duration is: 19.676647
2020-04-16 16:34:16.114 725 INFO rally.task.engine [-] Running workload: position = 0 config = { "version": 2, "title": "A cropped version of a bigger task.", "description": "Auto-generated task from a single workload (uuid=e3a43cf1-fe70-46f5-af78-b753a09a02be)", "subtasks": [ { "title": "GlanceImages.create_and_list_image", "description": "Create an image and then list all images.", "scenario": { "GlanceImages.create_and_list_image": { "container_format": "bare", "disk_format": "qcow2", "image_location": "/home/opnfv/functest/images/cirros-0.4.0-x86_64-disk.img" } }, "contexts": { "users": { "tenants": 3, "users_per_tenant": 2 } }, "runner": { "constant": { "concurrency": 4, "times": 10 } }, "hooks": [], "sla": { "failure_rate": { "max": 0 } } } ] }
2020-04-16 16:34:16.128 725 RALLYDEBUG rally_openstack.contexts.keystone.users [-] Creating 3 tenants using 20 threads
2020-04-16 16:34:16.500 725 RALLYDEBUG rally_openstack.contexts.keystone.users [-] Creating 6 users using 20 threads
2020-04-16 16:34:17.405 725 INFO rally.task.context [-] Task f2d91419-4797-4d53-a08c-de42df868c84 | Context users@openstack setup() finished in 1.28 sec
2020-04-16 16:34:17.406 725 INFO rally.task.context [-] Task f2d91419-4797-4d53-a08c-de42df868c84 | Context cleanup@openstack setup() finished in 0.01 msec
2020-04-16 16:34:17.414 725 RALLYDEBUG rally.task.runner [-] Starting the constant runner (task UUID: f2d91419-4797-4d53-a08c-de42df868c84). timeout: 0 concurrency: 4 concurrency_per_worker: 1 times: 10 concurrency_overhead: 0 processes_to_start: 4 max_cpu_used: 88
2020-04-16 16:34:17.426 973 RALLYDEBUG rally.task.runner [-] Starting a worker. concurrency: 1 args: {"container_format": "bare", "disk_format": "qcow2", "image_location": "/home/opnfv/functest/images/cirros-0.4.0-x86_64-disk.img"} times: 10 method_name: run timeout: 0 duration: None cls:
2020-04-16 16:34:17.429 974 RALLYDEBUG rally.task.runner [-] Starting a worker. concurrency: 1 args: {"container_format": "bare", "disk_format": "qcow2", "image_location": "/home/opnfv/functest/images/cirros-0.4.0-x86_64-disk.img"} times: 10 method_name: run timeout: 0 duration: None cls:
2020-04-16 16:34:17.431 975 RALLYDEBUG rally.task.runner [-] Starting a worker. concurrency: 1 args: {"container_format": "bare", "disk_format": "qcow2", "image_location": "/home/opnfv/functest/images/cirros-0.4.0-x86_64-disk.img"} times: 10 method_name: run timeout: 0 duration: None cls:
2020-04-16 16:34:17.434 973 INFO rally.task.runner [-] Task f2d91419-4797-4d53-a08c-de42df868c84 | ITER: 1 START
2020-04-16 16:34:17.434 976 RALLYDEBUG rally.task.runner [-] Starting a worker. concurrency: 1 args: {"container_format": "bare", "disk_format": "qcow2", "image_location": "/home/opnfv/functest/images/cirros-0.4.0-x86_64-disk.img"} times: 10 method_name: run timeout: 0 duration: None cls:
2020-04-16 16:34:17.436 974 INFO rally.task.runner [-] Task f2d91419-4797-4d53-a08c-de42df868c84 | ITER: 2 START
2020-04-16 16:34:17.438 975 INFO rally.task.runner [-] Task f2d91419-4797-4d53-a08c-de42df868c84 | ITER: 3 START
2020-04-16 16:34:17.441 976 INFO rally.task.runner [-] Task f2d91419-4797-4d53-a08c-de42df868c84 | ITER: 4 START
2020-04-16 16:34:20.179 974 RALLYDEBUG rally.task.utils [-] Waiting for resource u'4c4aa813-6390-422e-afc1-de874be66992'. Status changed: NONE => QUEUED in 0.0728440284729
2020-04-16 16:34:20.210 975 RALLYDEBUG rally.task.utils [-] Waiting for resource u'73aef322-28ff-4940-b558-c52f78c6b8b1'. Status changed: NONE => QUEUED in 0.0859739780426
2020-04-16 16:34:20.256 976 RALLYDEBUG rally.task.utils [-] Waiting for resource u'7e69242e-f63d-48d9-aba4-6985a8b8cd1f'. Status changed: NONE => QUEUED in 0.118867874146
2020-04-16 16:34:20.257 973 RALLYDEBUG rally.task.utils [-] Waiting for resource u'a2937b16-f13e-4583-ab20-ac387cb3852e'. Status changed: NONE => QUEUED in 0.120119094849
2020-04-16 16:34:21.428 975 RALLYDEBUG rally.task.utils [-] Waiting for resource s_rally_e3a43cf1_qy3EbvIE. Status changed: QUEUED => ACTIVE in 0.0541348457336
2020-04-16 16:34:21.493 975 INFO rally.task.runner [-] Task f2d91419-4797-4d53-a08c-de42df868c84 | ITER: 3 END: OK
2020-04-16 16:34:21.497 975 INFO rally.task.runner [-] Task f2d91419-4797-4d53-a08c-de42df868c84 | ITER: 5 START
2020-04-16 16:34:21.678 973 RALLYDEBUG rally.task.utils [-] Waiting for resource s_rally_e3a43cf1_ukt7w80W. Status changed: QUEUED => ACTIVE in 0.0392429828644
2020-04-16 16:34:21.750 973 INFO rally.task.runner [-] Task f2d91419-4797-4d53-a08c-de42df868c84 | ITER: 1 END: OK
2020-04-16 16:34:21.755 973 INFO rally.task.runner [-] Task f2d91419-4797-4d53-a08c-de42df868c84 | ITER: 6 START
2020-04-16 16:34:21.850 976 RALLYDEBUG rally.task.utils [-] Waiting for resource s_rally_e3a43cf1_pJEPBami. Status changed: QUEUED => ACTIVE in 0.0483610630035
2020-04-16 16:34:21.983 976 INFO rally.task.runner [-] Task f2d91419-4797-4d53-a08c-de42df868c84 | ITER: 4 END: OK
2020-04-16 16:34:21.988 976 INFO rally.task.runner [-] Task f2d91419-4797-4d53-a08c-de42df868c84 | ITER: 7 START
2020-04-16 16:34:24.375 974 RALLYDEBUG rally.task.utils [-] Waiting for resource s_rally_e3a43cf1_3USBjloc. Status changed: QUEUED => ACTIVE in 0.0498049259186
2020-04-16 16:34:24.448 974 INFO rally.task.runner [-] Task f2d91419-4797-4d53-a08c-de42df868c84 | ITER: 2 END: OK
2020-04-16 16:34:24.449 976 RALLYDEBUG rally.task.utils [-] Waiting for resource u'ad28b296-6d62-454e-8355-291248ed193b'. Status changed: NONE => QUEUED in 0.0856890678406
2020-04-16 16:34:24.453 974 INFO rally.task.runner [-] Task f2d91419-4797-4d53-a08c-de42df868c84 | ITER: 8 START
2020-04-16 16:34:27.033 974 RALLYDEBUG rally.task.utils [-] Waiting for resource u'293116db-7d18-488a-aa03-eea76fa5832d'. Status changed: NONE => QUEUED in 0.0675179958344
2020-04-16 16:34:27.988 974 RALLYDEBUG rally.task.utils [-] Waiting for resource s_rally_e3a43cf1_d3jxl75n. Status changed: QUEUED => ACTIVE in 0.0419759750366
2020-04-16 16:34:28.052 974 INFO rally.task.runner [-] Task f2d91419-4797-4d53-a08c-de42df868c84 | ITER: 8 END: OK
2020-04-16 16:34:28.057 974 INFO rally.task.runner [-] Task f2d91419-4797-4d53-a08c-de42df868c84 | ITER: 9 START
2020-04-16 16:34:29.318 975 RALLYDEBUG rally.task.utils [-] Waiting for resource u'123a8b46-2c6a-44e3-b32c-aaedd99960bf'. Status changed: NONE => QUEUED in 0.0761740207672
2020-04-16 16:34:30.538 974 RALLYDEBUG rally.task.utils [-] Waiting for resource u'b263d3aa-9c8b-452c-9e1c-839be6414319'. Status changed: NONE => QUEUED in 0.0773000717163
2020-04-16 16:34:31.501 974 RALLYDEBUG rally.task.utils [-] Waiting for resource s_rally_e3a43cf1_6zLeVayp. Status changed: QUEUED => ACTIVE in 0.0412309169769
2020-04-16 16:34:31.563 974 INFO rally.task.runner [-] Task f2d91419-4797-4d53-a08c-de42df868c84 | ITER: 9 END: OK
2020-04-16 16:34:31.568 974 INFO rally.task.runner [-] Task f2d91419-4797-4d53-a08c-de42df868c84 | ITER: 10 START
2020-04-16 16:34:35.421 973 RALLYDEBUG rally.task.utils [-] Waiting for resource u'100501c8-a107-46e5-b3b5-1e51a2a8222f'. Status changed: NONE => QUEUED in 0.079962015152
2020-04-16 16:34:36.365 973 RALLYDEBUG rally.task.utils [-] Waiting for resource s_rally_e3a43cf1_GC2MZXlS. Status changed: QUEUED => ACTIVE in 0.0501759052277
2020-04-16 16:34:36.439 973 INFO rally.task.runner [-] Task f2d91419-4797-4d53-a08c-de42df868c84 | ITER: 6 END: OK
2020-04-16 16:34:48.824 975 RALLYDEBUG rally.task.utils [-] Waiting for resource s_rally_e3a43cf1_Xd2sZQRw. Status changed: QUEUED => ACTIVE in 0.0432469844818
2020-04-16 16:34:48.897 975 INFO rally.task.runner [-] Task f2d91419-4797-4d53-a08c-de42df868c84 | ITER: 5 END: OK
2020-04-16 16:34:53.764 974 RALLYDEBUG rally.task.utils [-] Waiting for resource u'ed8d9be3-2789-402e-937c-faa17974c127'. Status changed: NONE => QUEUED in 0.071702003479
2020-04-16 16:34:54.734 974 RALLYDEBUG rally.task.utils [-] Waiting for resource s_rally_e3a43cf1_M5GKMvwN. Status changed: QUEUED => ACTIVE in 0.0511059761047
2020-04-16 16:34:54.812 974 INFO rally.task.runner [-] Task f2d91419-4797-4d53-a08c-de42df868c84 | ITER: 10 END: OK
2020-04-16 16:35:21.817 976 RALLYDEBUG rally.task.utils [-] Waiting for resource s_rally_e3a43cf1_Bymn5XWH. Status changed: QUEUED => ACTIVE in 0.0478367805481
2020-04-16 16:35:21.897 976 INFO rally.task.runner [-] Task f2d91419-4797-4d53-a08c-de42df868c84 | ITER: 7 END: OK
2020-04-16 16:35:21.922 725 INFO rally.task.context [-] Task f2d91419-4797-4d53-a08c-de42df868c84 | Context cleanup@openstack cleanup() started
2020-04-16 16:35:21.925 725 RALLYDEBUG rally_openstack.cleanup.manager [-] Cleaning up glance images objects
2020-04-16 16:35:22.929 725 RALLYDEBUG rally_openstack.cleanup.manager [-] Deleting glance.images object s_rally_e3a43cf1_6zLeVayp (b263d3aa-9c8b-452c-9e1c-839be6414319)
2020-04-16 16:35:22.932 725 RALLYDEBUG rally_openstack.cleanup.manager [-] Deleting glance.images object s_rally_e3a43cf1_d3jxl75n (293116db-7d18-488a-aa03-eea76fa5832d)
2020-04-16 16:35:22.933 725 RALLYDEBUG rally_openstack.cleanup.manager [-] Deleting glance.images object s_rally_e3a43cf1_Xd2sZQRw (123a8b46-2c6a-44e3-b32c-aaedd99960bf)
2020-04-16 16:35:22.937 725 RALLYDEBUG rally_openstack.cleanup.manager [-] Deleting glance.images object s_rally_e3a43cf1_Bymn5XWH (ad28b296-6d62-454e-8355-291248ed193b)
2020-04-16 16:35:22.938 725 RALLYDEBUG rally_openstack.cleanup.manager [-] Deleting glance.images object s_rally_e3a43cf1_M5GKMvwN (ed8d9be3-2789-402e-937c-faa17974c127)
2020-04-16 16:35:22.951 725 RALLYDEBUG rally_openstack.cleanup.manager [-] Deleting glance.images object s_rally_e3a43cf1_ukt7w80W (a2937b16-f13e-4583-ab20-ac387cb3852e)
2020-04-16 16:35:22.959 725 RALLYDEBUG rally_openstack.cleanup.manager [-] Deleting glance.images object s_rally_e3a43cf1_qy3EbvIE (73aef322-28ff-4940-b558-c52f78c6b8b1)
2020-04-16 16:35:22.962 725 RALLYDEBUG rally_openstack.cleanup.manager [-] Deleting glance.images object s_rally_e3a43cf1_GC2MZXlS (100501c8-a107-46e5-b3b5-1e51a2a8222f)
2020-04-16 16:35:22.982 725 RALLYDEBUG rally_openstack.cleanup.manager [-] Deleting glance.images object s_rally_e3a43cf1_pJEPBami (7e69242e-f63d-48d9-aba4-6985a8b8cd1f)
2020-04-16 16:35:22.986 725 RALLYDEBUG rally_openstack.cleanup.manager [-] Deleting glance.images object s_rally_e3a43cf1_3USBjloc (4c4aa813-6390-422e-afc1-de874be66992)
2020-04-16 16:35:24.260 725 DEBUG glanceclient.common.http [-] Request returned failure status 404. _handle_response /usr/lib/python2.7/site-packages/glanceclient/common/http.py:125
2020-04-16 16:35:24.298 725 DEBUG glanceclient.common.http [-] Request returned failure status 404. _handle_response /usr/lib/python2.7/site-packages/glanceclient/common/http.py:125
2020-04-16 16:35:24.537 725 DEBUG glanceclient.common.http [-] Request returned failure status 404. _handle_response /usr/lib/python2.7/site-packages/glanceclient/common/http.py:125
2020-04-16 16:35:24.588 725 DEBUG glanceclient.common.http [-] Request returned failure status 404. _handle_response /usr/lib/python2.7/site-packages/glanceclient/common/http.py:125
2020-04-16 16:35:24.631 725 DEBUG glanceclient.common.http [-] Request returned failure status 404. _handle_response /usr/lib/python2.7/site-packages/glanceclient/common/http.py:125
2020-04-16 16:35:24.686 725 DEBUG glanceclient.common.http [-] Request returned failure status 404. _handle_response /usr/lib/python2.7/site-packages/glanceclient/common/http.py:125
2020-04-16 16:35:24.744 725 DEBUG glanceclient.common.http [-] Request returned failure status 404. _handle_response /usr/lib/python2.7/site-packages/glanceclient/common/http.py:125
2020-04-16 16:35:24.843 725 DEBUG glanceclient.common.http [-] Request returned failure status 404. _handle_response /usr/lib/python2.7/site-packages/glanceclient/common/http.py:125
2020-04-16 16:35:24.868 725 DEBUG glanceclient.common.http [-] Request returned failure status 404. _handle_response /usr/lib/python2.7/site-packages/glanceclient/common/http.py:125
2020-04-16 16:35:24.869 725 DEBUG glanceclient.common.http [-] Request returned failure status 404. _handle_response /usr/lib/python2.7/site-packages/glanceclient/common/http.py:125
2020-04-16 16:35:24.880 725 DEBUG glanceclient.common.http [-] Request returned failure status 404. _handle_response /usr/lib/python2.7/site-packages/glanceclient/common/http.py:125
2020-04-16 16:35:24.912 725 DEBUG glanceclient.common.http [-] Request returned failure status 404. _handle_response /usr/lib/python2.7/site-packages/glanceclient/common/http.py:125
2020-04-16 16:35:24.920 725 DEBUG glanceclient.common.http [-] Request returned failure status 404. _handle_response /usr/lib/python2.7/site-packages/glanceclient/common/http.py:125
2020-04-16 16:35:24.990 725 DEBUG glanceclient.common.http [-] Request returned failure status 404. _handle_response /usr/lib/python2.7/site-packages/glanceclient/common/http.py:125
2020-04-16 16:35:24.996 725 DEBUG glanceclient.common.http [-] Request returned failure status 404. _handle_response /usr/lib/python2.7/site-packages/glanceclient/common/http.py:125
2020-04-16 16:35:24.999 725 DEBUG glanceclient.common.http [-] Request returned failure status 404. _handle_response /usr/lib/python2.7/site-packages/glanceclient/common/http.py:125
2020-04-16 16:35:25.043 725 DEBUG glanceclient.common.http [-] Request returned failure status 404. _handle_response /usr/lib/python2.7/site-packages/glanceclient/common/http.py:125
2020-04-16 16:35:25.050 725 DEBUG glanceclient.common.http [-] Request returned failure status 404. _handle_response /usr/lib/python2.7/site-packages/glanceclient/common/http.py:125
2020-04-16 16:35:28.941 725 DEBUG glanceclient.common.http [-] Request returned failure status 404. _handle_response /usr/lib/python2.7/site-packages/glanceclient/common/http.py:125
2020-04-16 16:35:28.984 725 DEBUG glanceclient.common.http [-] Request returned failure status 404. _handle_response /usr/lib/python2.7/site-packages/glanceclient/common/http.py:125
2020-04-16 16:35:29.987 725 INFO rally.task.context [-] Task f2d91419-4797-4d53-a08c-de42df868c84 | Context cleanup@openstack cleanup() finished in 8.06 sec
2020-04-16 16:35:29.987 725 INFO rally.task.context [-] Task f2d91419-4797-4d53-a08c-de42df868c84 | Context users@openstack cleanup() started
2020-04-16 16:35:33.658 725 INFO rally.task.context [-] Task f2d91419-4797-4d53-a08c-de42df868c84 | Context users@openstack cleanup() finished in 3.67 sec
2020-04-16 16:35:34.434 725 INFO rally.task.engine [-] Load duration is: 64.065581
2020-04-16 16:35:34.434 725 INFO rally.task.engine [-] Full runner duration is: 64.508279
2020-04-16 16:35:34.435 725 INFO rally.task.engine [-] Full duration is: 77.532104
2020-04-16 16:35:34.520 725 INFO rally.task.engine [-] Running workload: position = 0 config = { "version": 2, "title": "A cropped version of a bigger task.", "description": "Auto-generated task from a single workload (uuid=342b6796-a170-4e37-b26e-fc9076d9172a)", "subtasks": [ { "title": "GlanceImages.list_images", "description": "List all images.", "scenario": { "GlanceImages.list_images": {} }, "contexts": { "users": { "tenants": 3, "users_per_tenant": 2 } }, "runner": { "constant": { "concurrency": 4, "times": 10 } }, "hooks": [], "sla": { "failure_rate": { "max": 0 } } } ] }
2020-04-16 16:35:34.533 725 RALLYDEBUG rally_openstack.contexts.keystone.users [-] Creating 3 tenants using 20 threads
2020-04-16 16:35:34.961 725 RALLYDEBUG rally_openstack.contexts.keystone.users [-] Creating 6 users using 20 threads
2020-04-16 16:35:35.995 725 INFO rally.task.context [-] Task f2d91419-4797-4d53-a08c-de42df868c84 | Context users@openstack setup() finished in 1.46 sec
2020-04-16 16:35:36.004 725 RALLYDEBUG rally.task.runner [-] Starting the constant runner (task UUID: f2d91419-4797-4d53-a08c-de42df868c84). timeout: 0 concurrency: 4 concurrency_per_worker: 1 times: 10 concurrency_overhead: 0 processes_to_start: 4 max_cpu_used: 88
2020-04-16 16:35:36.016 1097 RALLYDEBUG rally.task.runner [-] Starting a worker. concurrency: 1 args: {} times: 10 method_name: run timeout: 0 duration: None cls:
2020-04-16 16:35:36.018 1098 RALLYDEBUG rally.task.runner [-] Starting a worker. concurrency: 1 args: {} times: 10 method_name: run timeout: 0 duration: None cls:
2020-04-16 16:35:36.021 1099 RALLYDEBUG rally.task.runner [-] Starting a worker. concurrency: 1 args: {} times: 10 method_name: run timeout: 0 duration: None cls:
2020-04-16 16:35:36.023 1097 INFO rally.task.runner [-] Task f2d91419-4797-4d53-a08c-de42df868c84 | ITER: 1 START
2020-04-16 16:35:36.024 1100 RALLYDEBUG rally.task.runner [-] Starting a worker. concurrency: 1 args: {} times: 10 method_name: run timeout: 0 duration: None cls:
2020-04-16 16:35:36.025 1098 INFO rally.task.runner [-] Task f2d91419-4797-4d53-a08c-de42df868c84 | ITER: 2 START
2020-04-16 16:35:36.027 1099 INFO rally.task.runner [-] Task f2d91419-4797-4d53-a08c-de42df868c84 | ITER: 3 START
2020-04-16 16:35:36.031 1100 INFO rally.task.runner [-] Task f2d91419-4797-4d53-a08c-de42df868c84 | ITER: 4 START
2020-04-16 16:35:36.739 1097 INFO rally.task.runner [-] Task f2d91419-4797-4d53-a08c-de42df868c84 | ITER: 1 END: OK
2020-04-16 16:35:36.743 1097 INFO rally.task.runner [-] Task f2d91419-4797-4d53-a08c-de42df868c84 | ITER: 5 START
2020-04-16 16:35:36.758 1098 INFO rally.task.runner [-] Task f2d91419-4797-4d53-a08c-de42df868c84 | ITER: 2 END: OK
2020-04-16 16:35:36.762 1098 INFO rally.task.runner [-] Task f2d91419-4797-4d53-a08c-de42df868c84 | ITER: 6 START
2020-04-16 16:35:36.831 1100 INFO rally.task.runner [-] Task f2d91419-4797-4d53-a08c-de42df868c84 | ITER: 4 END: OK
2020-04-16 16:35:36.835 1100 INFO rally.task.runner [-] Task f2d91419-4797-4d53-a08c-de42df868c84 | ITER: 7 START
2020-04-16 16:35:36.857 1099 INFO rally.task.runner [-] Task f2d91419-4797-4d53-a08c-de42df868c84 | ITER: 3 END: OK
2020-04-16 16:35:36.861 1099 INFO rally.task.runner [-] Task f2d91419-4797-4d53-a08c-de42df868c84 | ITER: 8 START
2020-04-16 16:35:37.197 1100 INFO rally.task.runner [-] Task f2d91419-4797-4d53-a08c-de42df868c84 | ITER: 7 END: OK
2020-04-16 16:35:37.202 1100 INFO rally.task.runner [-] Task f2d91419-4797-4d53-a08c-de42df868c84 | ITER: 9 START
2020-04-16 16:35:37.340 1097 INFO rally.task.runner [-] Task f2d91419-4797-4d53-a08c-de42df868c84 | ITER: 5 END: OK
2020-04-16 16:35:37.344 1097 INFO rally.task.runner [-] Task f2d91419-4797-4d53-a08c-de42df868c84 | ITER: 10 START
2020-04-16 16:35:37.357 1098 INFO rally.task.runner [-] Task f2d91419-4797-4d53-a08c-de42df868c84 | ITER: 6 END: OK
2020-04-16 16:35:37.381 1099 INFO rally.task.runner [-] Task f2d91419-4797-4d53-a08c-de42df868c84 | ITER: 8 END: OK
2020-04-16 16:35:37.720 1097 INFO rally.task.runner [-] Task f2d91419-4797-4d53-a08c-de42df868c84 | ITER: 10 END: OK
2020-04-16 16:35:37.721 1100 INFO rally.task.runner [-] Task f2d91419-4797-4d53-a08c-de42df868c84 | ITER: 9 END: OK
2020-04-16 16:35:37.751 725 INFO rally.task.context [-] Task f2d91419-4797-4d53-a08c-de42df868c84 | Context users@openstack cleanup() started
2020-04-16 16:36:28.478 725 INFO rally.task.context [-] Task f2d91419-4797-4d53-a08c-de42df868c84 | Context users@openstack cleanup() finished in 50.73 sec
2020-04-16 16:36:28.755 725 INFO rally.task.engine [-] Load duration is: 1.304557
2020-04-16 16:36:28.755 725 INFO rally.task.engine [-] Full runner duration is: 1.747504
2020-04-16 16:36:28.755 725 INFO rally.task.engine [-] Full duration is: 53.946495
2020-04-16 16:36:28.837 725 INFO rally.task.engine [-] Running workload: position = 0 config = { "version": 2, "title": "A cropped version of a bigger task.", "description": "Auto-generated task from a single workload (uuid=bf7f780e-984f-4da0-add8-15668a3fe499)", "subtasks": [ { "title": "GlanceImages.create_image_and_boot_instances", "description": "Create an image and boot several instances from it.", "scenario": { "GlanceImages.create_image_and_boot_instances": { "container_format": "bare", "disk_format": "qcow2", "image_location": "/home/opnfv/functest/images/cirros-0.4.0-x86_64-disk.img", "flavor": { "name": "rally_full-flavor_5ae3a817-4861-429c-9e00-3c67e20843e0" }, "number_instances": 2, "boot_server_kwargs": { "nics": [ { "net-id": "0c44831b-7705-4913-9497-162228b2fb6d" } ] } } }, "contexts": { "users": { "tenants": 3, "users_per_tenant": 2 }, "quotas": { "nova": { "cores": -1, "floating_ips": -1, "instances": -1, "ram": -1, "security_group_rules": -1, "security_groups": -1 } } }, "runner": { "constant": { "concurrency": 4, "times": 10 } }, "hooks": [], "sla": { "failure_rate": { "max": 0 } } } ] }
2020-04-16 16:36:28.851 725 RALLYDEBUG rally_openstack.contexts.keystone.users [-] Creating 3 tenants using 20 threads
2020-04-16 16:36:29.413 725 RALLYDEBUG rally_openstack.contexts.keystone.users [-] Creating 6 users using 20 threads
2020-04-16 16:36:30.638 725 INFO rally.task.context [-] Task f2d91419-4797-4d53-a08c-de42df868c84 | Context users@openstack setup() finished in 1.79 sec
2020-04-16 16:36:30.802 725 DEBUG novaclient.v2.client [-] REQ: curl -g -i -X PUT http://compute-airship.intel-pod17.opnfv.org/v2.1/os-quota-sets/cb3bde7346fa43a39c5aa0f0bd977a57 -H "Accept: application/json" -H "Content-Type: application/json" -H "User-Agent: python-novaclient" -H "X-Auth-Token: {SHA1}57dd38475438f1f760ac16d0bdb4950be2b4fa9e" -d '{"quota_set": {"ram": -1, "floating_ips": -1, "security_group_rules": -1, "instances": -1, "cores": -1, "security_groups": -1}}' _http_log_request /usr/lib/python2.7/site-packages/keystoneauth1/session.py:448
2020-04-16 16:36:31.057 725 DEBUG novaclient.v2.client [-] RESP: [200] Connection: keep-alive Content-Encoding: gzip Content-Type: application/json Date: Thu, 16 Apr 2020 16:36:31 GMT Openstack-Api-Version: compute 2.1 Transfer-Encoding: chunked Vary: Accept-Encoding, OpenStack-API-Version, X-OpenStack-Nova-API-Version X-Compute-Request-Id: req-90f496a0-ba05-427b-acb3-d5abfc2bce33 X-Openstack-Nova-Api-Version: 2.1 _http_log_response /usr/lib/python2.7/site-packages/keystoneauth1/session.py:479
2020-04-16 16:36:31.058 725 DEBUG novaclient.v2.client [-] RESP BODY: {"quota_set": {"injected_file_content_bytes": 10240, "metadata_items": 128, "server_group_members": 10, "server_groups": 10, "ram": -1, "floating_ips": -1, "key_pairs": 100, "instances": -1, "security_group_rules": -1, "injected_files": 5, "cores": -1, "fixed_ips": -1, "injected_file_path_bytes": 255, "security_groups": -1}} _http_log_response /usr/lib/python2.7/site-packages/keystoneauth1/session.py:511
2020-04-16 16:36:31.058 725 DEBUG novaclient.v2.client [-] PUT call to compute for http://compute-airship.intel-pod17.opnfv.org/v2.1/os-quota-sets/cb3bde7346fa43a39c5aa0f0bd977a57 used request id req-90f496a0-ba05-427b-acb3-d5abfc2bce33 request /usr/lib/python2.7/site-packages/keystoneauth1/session.py:844
2020-04-16 16:36:31.061 725 DEBUG novaclient.v2.client [-] REQ: curl -g -i -X PUT http://compute-airship.intel-pod17.opnfv.org/v2.1/os-quota-sets/2076503dc9874dfa804e9e7a50c5d0f3 -H "Accept: application/json" -H "Content-Type: application/json" -H "User-Agent: python-novaclient" -H "X-Auth-Token: {SHA1}57dd38475438f1f760ac16d0bdb4950be2b4fa9e" -d '{"quota_set": {"ram": -1, "floating_ips": -1, "security_group_rules": -1, "instances": -1, "cores": -1, "security_groups": -1}}' _http_log_request /usr/lib/python2.7/site-packages/keystoneauth1/session.py:448
2020-04-16 16:36:31.196 725 DEBUG novaclient.v2.client [-] RESP: [200] Connection: keep-alive Content-Encoding: gzip Content-Type: application/json Date: Thu, 16 Apr 2020 16:36:31 GMT Openstack-Api-Version: compute 2.1 Transfer-Encoding: chunked Vary: Accept-Encoding, OpenStack-API-Version, X-OpenStack-Nova-API-Version X-Compute-Request-Id: req-d1809e07-c832-4485-9751-e5f2cfe868c9 X-Openstack-Nova-Api-Version: 2.1 _http_log_response /usr/lib/python2.7/site-packages/keystoneauth1/session.py:479
2020-04-16 16:36:31.196 725 DEBUG novaclient.v2.client [-] RESP BODY: {"quota_set": {"injected_file_content_bytes": 10240, "metadata_items": 128, "server_group_members": 10, "server_groups": 10, "ram": -1, "floating_ips": -1, "key_pairs": 100, "instances": -1, "security_group_rules": -1, "injected_files": 5, "cores": -1, "fixed_ips": -1, "injected_file_path_bytes": 255, "security_groups": -1}} _http_log_response /usr/lib/python2.7/site-packages/keystoneauth1/session.py:511
2020-04-16 16:36:31.197 725 DEBUG novaclient.v2.client [-] PUT call to compute for http://compute-airship.intel-pod17.opnfv.org/v2.1/os-quota-sets/2076503dc9874dfa804e9e7a50c5d0f3 used request id req-d1809e07-c832-4485-9751-e5f2cfe868c9 request /usr/lib/python2.7/site-packages/keystoneauth1/session.py:844
2020-04-16 16:36:31.198 725 DEBUG novaclient.v2.client [-] REQ: curl -g -i -X PUT http://compute-airship.intel-pod17.opnfv.org/v2.1/os-quota-sets/59096b8982cd48e78dcac58fc913ff4e -H "Accept: application/json" -H "Content-Type: application/json" -H "User-Agent: python-novaclient" -H "X-Auth-Token: {SHA1}57dd38475438f1f760ac16d0bdb4950be2b4fa9e" -d '{"quota_set": {"ram": -1, "floating_ips": -1, "security_group_rules": -1, "instances": -1, "cores": -1, "security_groups": -1}}' _http_log_request /usr/lib/python2.7/site-packages/keystoneauth1/session.py:448
2020-04-16 16:36:31.314 725 DEBUG novaclient.v2.client [-] RESP: [200] Connection: keep-alive Content-Encoding: gzip Content-Type: application/json Date: Thu, 16 Apr 2020 16:36:31 GMT Openstack-Api-Version: compute 2.1 Transfer-Encoding: chunked Vary: Accept-Encoding, OpenStack-API-Version, X-OpenStack-Nova-API-Version X-Compute-Request-Id: req-8ab810f1-595f-446d-883a-affbafc0d18e X-Openstack-Nova-Api-Version: 2.1 _http_log_response /usr/lib/python2.7/site-packages/keystoneauth1/session.py:479
2020-04-16 16:36:31.315 725 DEBUG novaclient.v2.client [-] RESP BODY: {"quota_set": {"injected_file_content_bytes": 10240, "metadata_items": 128, "server_group_members": 10, "server_groups": 10, "ram": -1, "floating_ips": -1, "key_pairs": 100, "instances": -1, "security_group_rules": -1, "injected_files": 5, "cores": -1, "fixed_ips": -1, "injected_file_path_bytes": 255, "security_groups": -1}} _http_log_response /usr/lib/python2.7/site-packages/keystoneauth1/session.py:511
2020-04-16 16:36:31.315 725 DEBUG novaclient.v2.client [-] PUT call to compute for http://compute-airship.intel-pod17.opnfv.org/v2.1/os-quota-sets/59096b8982cd48e78dcac58fc913ff4e used request id req-8ab810f1-595f-446d-883a-affbafc0d18e request /usr/lib/python2.7/site-packages/keystoneauth1/session.py:844
2020-04-16 16:36:31.316 725 INFO rally.task.context [-] Task f2d91419-4797-4d53-a08c-de42df868c84 | Context quotas@openstack setup() finished in 0.68 sec
2020-04-16 16:36:31.317 725 INFO rally.task.context [-] Task f2d91419-4797-4d53-a08c-de42df868c84 | Context cleanup@openstack setup() finished in 0.02 msec
2020-04-16 16:36:31.423 725 DEBUG novaclient.v2.client [-] REQ: curl -g -i -X GET http://compute-airship.intel-pod17.opnfv.org/v2.1/flavors/detail -H "Accept: application/json" -H "User-Agent: python-novaclient" -H "X-Auth-Token: {SHA1}15bf0f86cb88e3186c012877cb66a5ee9f401432" _http_log_request /usr/lib/python2.7/site-packages/keystoneauth1/session.py:448
2020-04-16 16:36:31.565 725 DEBUG novaclient.v2.client [-] RESP: [200] Connection: keep-alive Content-Encoding: gzip Content-Type: application/json Date: Thu, 16 Apr 2020 16:36:31 GMT Openstack-Api-Version: compute 2.1 Transfer-Encoding: chunked Vary: Accept-Encoding, OpenStack-API-Version, X-OpenStack-Nova-API-Version X-Compute-Request-Id: req-7616f2d0-b21e-4c43-b8f9-9ecc87eda681 X-Openstack-Nova-Api-Version: 2.1 _http_log_response /usr/lib/python2.7/site-packages/keystoneauth1/session.py:479
2020-04-16 16:36:31.566 725 DEBUG novaclient.v2.client [-] RESP BODY: {"flavors": [{"links": [{"href": "http://compute-airship.intel-pod17.opnfv.org/v2.1/flavors/0068def2-616a-466c-9ddf-7b376b3bb392", "rel": "self"}, {"href": "http://compute-airship.intel-pod17.opnfv.org/flavors/0068def2-616a-466c-9ddf-7b376b3bb392", "rel": "bookmark"}], "ram": 512, "OS-FLV-DISABLED:disabled": false, "os-flavor-access:is_public": true, "rxtx_factor": 1.0, "disk": 1, "id": "0068def2-616a-466c-9ddf-7b376b3bb392", "name": "rally_full-flavor_5ae3a817-4861-429c-9e00-3c67e20843e0", "vcpus": 1, "swap": "", "OS-FLV-EXT-DATA:ephemeral": 0}, {"links": [{"href": "http://compute-airship.intel-pod17.opnfv.org/v2.1/flavors/4ad14ce9-b68d-49f4-a5d0-9d757fbd72b2", "rel": "self"}, {"href": "http://compute-airship.intel-pod17.opnfv.org/flavors/4ad14ce9-b68d-49f4-a5d0-9d757fbd72b2", "rel": "bookmark"}], "ram": 64, "OS-FLV-DISABLED:disabled": false, "os-flavor-access:is_public": true, "rxtx_factor": 1.0, "disk": 0, "id": "4ad14ce9-b68d-49f4-a5d0-9d757fbd72b2", "name": "rally_verify_a8f05297_427Erqak", "vcpus": 1, "swap": "", "OS-FLV-EXT-DATA:ephemeral": 0}, {"links": [{"href": "http://compute-airship.intel-pod17.opnfv.org/v2.1/flavors/4f9ffe34-9666-41c1-8cf5-db81a2c2b030", "rel": "self"}, {"href": "http://compute-airship.intel-pod17.opnfv.org/flavors/4f9ffe34-9666-41c1-8cf5-db81a2c2b030", "rel": "bookmark"}], "ram": 2048, "OS-FLV-DISABLED:disabled": false, "os-flavor-access:is_public": true, "rxtx_factor": 1.0, "disk": 20, "id": "4f9ffe34-9666-41c1-8cf5-db81a2c2b030", "name": "m1.small", "vcpus": 1, "swap": "", "OS-FLV-EXT-DATA:ephemeral": 0}, {"links": [{"href": "http://compute-airship.intel-pod17.opnfv.org/v2.1/flavors/77be166c-6ed0-4849-87e4-87ffef3c9ce0", "rel": "self"}, {"href": "http://compute-airship.intel-pod17.opnfv.org/flavors/77be166c-6ed0-4849-87e4-87ffef3c9ce0", "rel": "bookmark"}], "ram": 512, "OS-FLV-DISABLED:disabled": false, "os-flavor-access:is_public": true, "rxtx_factor": 1.0, "disk": 1, "id": "77be166c-6ed0-4849-87e4-87ffef3c9ce0", "name": "m1.tiny", "vcpus": 1, "swap": "", "OS-FLV-EXT-DATA:ephemeral": 0}, {"links": [{"href": "http://compute-airship.intel-pod17.opnfv.org/v2.1/flavors/94a58611-8b43-4217-bae0-3c4476f62b19", "rel": "self"}, {"href": "http://compute-airship.intel-pod17.opnfv.org/flavors/94a58611-8b43-4217-bae0-3c4476f62b19", "rel": "bookmark"}], "ram": 1024, "OS-FLV-DISABLED:disabled": false, "os-flavor-access:is_public": true, "rxtx_factor": 1.0, "disk": 1, "id": "94a58611-8b43-4217-bae0-3c4476f62b19", "name": "rally_full-flavor_alt_5ae3a817-4861-429c-9e00-3c67e20843e0", "vcpus": 1, "swap": "", "OS-FLV-EXT-DATA:ephemeral": 0}, {"links": [{"href": "http://compute-airship.intel-pod17.opnfv.org/v2.1/flavors/96797e4d-080c-47fb-930d-359607c89073", "rel": "self"}, {"href": "http://compute-airship.intel-pod17.opnfv.org/flavors/96797e4d-080c-47fb-930d-359607c89073", "rel": "bookmark"}], "ram": 16384, "OS-FLV-DISABLED:disabled": false, "os-flavor-access:is_public": true, "rxtx_factor": 1.0, "disk": 160, "id": "96797e4d-080c-47fb-930d-359607c89073", "name": "m1.xlarge", "vcpus": 8, "swap": "", "OS-FLV-EXT-DATA:ephemeral": 0}, {"links": [{"href": "http://compute-airship.intel-pod17.opnfv.org/v2.1/flavors/99b18444-f37b-4310-85d5-bd586dbb95bf", "rel": "self"}, {"href": "http://compute-airship.intel-pod17.opnfv.org/flavors/99b18444-f37b-4310-85d5-bd586dbb95bf", "rel": "bookmark"}], "ram": 8192, "OS-FLV-DISABLED:disabled": false, "os-flavor-access:is_public": true, "rxtx_factor": 1.0, "disk": 80, "id": "99b18444-f37b-4310-85d5-bd586dbb95bf", "name": "m1.large", "vcpus": 4, "swap": "", "OS-FLV-EXT-DATA:ephemeral": 0}, {"links": [{"href": "http://compute-airship.intel-pod17.opnfv.org/v2.1/flavors/e8b0a45d-dea9-479e-95dc-1e18aeb78cf7", "rel": "self"}, {"href": "http://compute-airship.intel-pod17.opnfv.org/flavors/e8b0a45d-dea9-479e-95dc-1e18aeb78cf7", "rel": "bookmark"}], "ram": 4096, "OS-FLV-DISABLED:disabled": false, "os-flavor-access:is_public": true, "rxtx_factor": 1.0, "disk": 40, "id": "e8b0a45d-dea9-479e-95dc-1e18aeb78cf7", "name": "m1.medium", "vcpus": 2, "swap": "", "OS-FLV-EXT-DATA:ephemeral": 0}]} _http_log_response /usr/lib/python2.7/site-packages/keystoneauth1/session.py:511
2020-04-16 16:36:31.566 725 DEBUG novaclient.v2.client [-] GET call to compute for http://compute-airship.intel-pod17.opnfv.org/v2.1/flavors/detail used request id req-7616f2d0-b21e-4c43-b8f9-9ecc87eda681 request /usr/lib/python2.7/site-packages/keystoneauth1/session.py:844
2020-04-16 16:36:31.569 725 RALLYDEBUG rally.task.runner [-] Starting the constant runner (task UUID: f2d91419-4797-4d53-a08c-de42df868c84). timeout: 0 concurrency: 4 concurrency_per_worker: 1 times: 10 concurrency_overhead: 0 processes_to_start: 4 max_cpu_used: 88
2020-04-16 16:36:31.581 1201 RALLYDEBUG rally.task.runner [-] Starting a worker. concurrency: 1 args: {"container_format": "bare", "disk_format": "qcow2", "image_location": "/home/opnfv/functest/images/cirros-0.4.0-x86_64-disk.img", "flavor": "0068def2-616a-466c-9ddf-7b376b3bb392", "number_instances": 2, "boot_server_kwargs": {"nics": [{"net-id": "0c44831b-7705-4913-9497-162228b2fb6d"}]}} times: 10 method_name: run timeout: 0 duration: None cls:
2020-04-16 16:36:31.584 1202 RALLYDEBUG rally.task.runner [-] Starting a worker. concurrency: 1 args: {"container_format": "bare", "disk_format": "qcow2", "image_location": "/home/opnfv/functest/images/cirros-0.4.0-x86_64-disk.img", "flavor": "0068def2-616a-466c-9ddf-7b376b3bb392", "number_instances": 2, "boot_server_kwargs": {"nics": [{"net-id": "0c44831b-7705-4913-9497-162228b2fb6d"}]}} times: 10 method_name: run timeout: 0 duration: None cls:
