2020-04-16 16:40:03.692 725 RALLYDEBUG rally_openstack.cleanup.manager [-] Deleting glance.images object s_rally_bf7f780e_1mhw1HoN (506d8eff-57eb-44a3-990c-ea7dd8bdd7bb)
2020-04-16 16:40:03.740 725 RALLYDEBUG rally_openstack.cleanup.manager [-] Deleting glance.images object s_rally_bf7f780e_Hmh3QvJb (e7bd98dc-dcd4-447e-8e57-a42e8b0f3ab4)
2020-04-16 16:40:03.744 725 RALLYDEBUG rally_openstack.cleanup.manager [-] Deleting glance.images object s_rally_bf7f780e_Hg676yyY (114c65fd-9184-40cd-944a-ba25da9a43c1)
2020-04-16 16:40:03.746 725 RALLYDEBUG rally_openstack.cleanup.manager [-] Deleting glance.images object s_rally_bf7f780e_hn8MR0ug (272d2125-f37c-4078-a73d-b432e6ead0e2)
2020-04-16 16:40:03.752 725 RALLYDEBUG rally_openstack.cleanup.manager [-] Deleting glance.images object s_rally_bf7f780e_AzltopNj (a49fcc81-5807-4f26-a4a0-b8417376ec87)
2020-04-16 16:40:04.723 725 DEBUG glanceclient.common.http [-] Request returned failure status 404. _handle_response /usr/lib/python2.7/site-packages/glanceclient/common/http.py:125
2020-04-16 16:40:04.769 725 DEBUG glanceclient.common.http [-] Request returned failure status 404. _handle_response /usr/lib/python2.7/site-packages/glanceclient/common/http.py:125
2020-04-16 16:40:04.787 725 DEBUG glanceclient.common.http [-] Request returned failure status 404. _handle_response /usr/lib/python2.7/site-packages/glanceclient/common/http.py:125
2020-04-16 16:40:04.825 725 DEBUG glanceclient.common.http [-] Request returned failure status 404. _handle_response /usr/lib/python2.7/site-packages/glanceclient/common/http.py:125
2020-04-16 16:40:05.072 725 DEBUG glanceclient.common.http [-] Request returned failure status 404. _handle_response /usr/lib/python2.7/site-packages/glanceclient/common/http.py:125
2020-04-16 16:40:05.131 725 DEBUG glanceclient.common.http [-] Request returned failure status 404. _handle_response /usr/lib/python2.7/site-packages/glanceclient/common/http.py:125
2020-04-16 16:40:05.162 725 DEBUG glanceclient.common.http [-] Request returned failure status 404. _handle_response /usr/lib/python2.7/site-packages/glanceclient/common/http.py:125
2020-04-16 16:40:05.201 725 DEBUG glanceclient.common.http [-] Request returned failure status 404. _handle_response /usr/lib/python2.7/site-packages/glanceclient/common/http.py:125
2020-04-16 16:40:05.217 725 DEBUG glanceclient.common.http [-] Request returned failure status 404. _handle_response /usr/lib/python2.7/site-packages/glanceclient/common/http.py:125
2020-04-16 16:40:05.272 725 DEBUG glanceclient.common.http [-] Request returned failure status 404. _handle_response /usr/lib/python2.7/site-packages/glanceclient/common/http.py:125
2020-04-16 16:40:05.377 725 DEBUG glanceclient.common.http [-] Request returned failure status 404. _handle_response /usr/lib/python2.7/site-packages/glanceclient/common/http.py:125
2020-04-16 16:40:05.419 725 DEBUG glanceclient.common.http [-] Request returned failure status 404. _handle_response /usr/lib/python2.7/site-packages/glanceclient/common/http.py:125
2020-04-16 16:40:05.440 725 DEBUG glanceclient.common.http [-] Request returned failure status 404. _handle_response /usr/lib/python2.7/site-packages/glanceclient/common/http.py:125
2020-04-16 16:40:05.466 725 DEBUG glanceclient.common.http [-] Request returned failure status 404. _handle_response /usr/lib/python2.7/site-packages/glanceclient/common/http.py:125
2020-04-16 16:40:05.533 725 DEBUG glanceclient.common.http [-] Request returned failure status 404. _handle_response /usr/lib/python2.7/site-packages/glanceclient/common/http.py:125
2020-04-16 16:40:05.534 725 DEBUG glanceclient.common.http [-] Request returned failure status 404. _handle_response /usr/lib/python2.7/site-packages/glanceclient/common/http.py:125
2020-04-16 16:40:05.538 725 DEBUG glanceclient.common.http [-] Request returned failure status 404. _handle_response /usr/lib/python2.7/site-packages/glanceclient/common/http.py:125
2020-04-16 16:40:05.610 725 DEBUG glanceclient.common.http [-] Request returned failure status 404. _handle_response /usr/lib/python2.7/site-packages/glanceclient/common/http.py:125
2020-04-16 16:40:05.613 725 DEBUG glanceclient.common.http [-] Request returned failure status 404. _handle_response /usr/lib/python2.7/site-packages/glanceclient/common/http.py:125
2020-04-16 16:40:05.615 725 DEBUG glanceclient.common.http [-] Request returned failure status 404. _handle_response /usr/lib/python2.7/site-packages/glanceclient/common/http.py:125
2020-04-16 16:40:06.618 725 INFO rally.task.context [-] Task f2d91419-4797-4d53-a08c-de42df868c84 | Context cleanup@openstack cleanup() finished in 36.24 sec
2020-04-16 16:40:06.618 725 INFO rally.task.context [-] Task f2d91419-4797-4d53-a08c-de42df868c84 | Context quotas@openstack cleanup() started
2020-04-16 16:40:06.619 725 DEBUG novaclient.v2.client [-] REQ: curl -g -i -X DELETE http://compute-airship.intel-pod17.opnfv.org/v2.1/os-quota-sets/cb3bde7346fa43a39c5aa0f0bd977a57 -H "Accept: application/json" -H "User-Agent: python-novaclient" -H "X-Auth-Token: {SHA1}57dd38475438f1f760ac16d0bdb4950be2b4fa9e" _http_log_request /usr/lib/python2.7/site-packages/keystoneauth1/session.py:448
2020-04-16 16:40:06.679 725 DEBUG novaclient.v2.client [-] RESP: [202] Connection: keep-alive Content-Length: 0 Content-Type: application/json Date: Thu, 16 Apr 2020 16:40:06 GMT Openstack-Api-Version: compute 2.1 Vary: OpenStack-API-Version, X-OpenStack-Nova-API-Version X-Compute-Request-Id: req-2da8b5eb-af9d-497f-904d-80ac8d341cbf X-Openstack-Nova-Api-Version: 2.1 _http_log_response /usr/lib/python2.7/site-packages/keystoneauth1/session.py:479
2020-04-16 16:40:06.679 725 DEBUG novaclient.v2.client [-] DELETE call to compute for http://compute-airship.intel-pod17.opnfv.org/v2.1/os-quota-sets/cb3bde7346fa43a39c5aa0f0bd977a57 used request id req-2da8b5eb-af9d-497f-904d-80ac8d341cbf request /usr/lib/python2.7/site-packages/keystoneauth1/session.py:844
2020-04-16 16:40:06.680 725 DEBUG novaclient.v2.client [-] REQ: curl -g -i -X DELETE http://compute-airship.intel-pod17.opnfv.org/v2.1/os-quota-sets/2076503dc9874dfa804e9e7a50c5d0f3 -H "Accept: application/json" -H "User-Agent: python-novaclient" -H "X-Auth-Token: {SHA1}57dd38475438f1f760ac16d0bdb4950be2b4fa9e" _http_log_request /usr/lib/python2.7/site-packages/keystoneauth1/session.py:448
2020-04-16 16:40:06.737 725 DEBUG novaclient.v2.client [-] RESP: [202] Connection: keep-alive Content-Length: 0 Content-Type: application/json Date: Thu, 16 Apr 2020 16:40:06 GMT Openstack-Api-Version: compute 2.1 Vary: OpenStack-API-Version, X-OpenStack-Nova-API-Version X-Compute-Request-Id: req-55bfca38-cd5c-4628-b4bb-5775b36a8c45 X-Openstack-Nova-Api-Version: 2.1 _http_log_response /usr/lib/python2.7/site-packages/keystoneauth1/session.py:479
2020-04-16 16:40:06.737 725 DEBUG novaclient.v2.client [-] DELETE call to compute for http://compute-airship.intel-pod17.opnfv.org/v2.1/os-quota-sets/2076503dc9874dfa804e9e7a50c5d0f3 used request id req-55bfca38-cd5c-4628-b4bb-5775b36a8c45 request /usr/lib/python2.7/site-packages/keystoneauth1/session.py:844
2020-04-16 16:40:06.739 725 DEBUG novaclient.v2.client [-] REQ: curl -g -i -X DELETE http://compute-airship.intel-pod17.opnfv.org/v2.1/os-quota-sets/59096b8982cd48e78dcac58fc913ff4e -H "Accept: application/json" -H "User-Agent: python-novaclient" -H "X-Auth-Token: {SHA1}57dd38475438f1f760ac16d0bdb4950be2b4fa9e" _http_log_request /usr/lib/python2.7/site-packages/keystoneauth1/session.py:448
2020-04-16 16:40:06.782 725 DEBUG novaclient.v2.client [-] RESP: [202] Connection: keep-alive Content-Length: 0 Content-Type: application/json Date: Thu, 16 Apr 2020 16:40:06 GMT Openstack-Api-Version: compute 2.1 Vary: OpenStack-API-Version, X-OpenStack-Nova-API-Version X-Compute-Request-Id: req-2ff97f95-6870-4dd0-adb1-9ab3826c8f10 X-Openstack-Nova-Api-Version: 2.1 _http_log_response /usr/lib/python2.7/site-packages/keystoneauth1/session.py:479
2020-04-16 16:40:06.783 725 DEBUG novaclient.v2.client [-] DELETE call to compute for http://compute-airship.intel-pod17.opnfv.org/v2.1/os-quota-sets/59096b8982cd48e78dcac58fc913ff4e used request id req-2ff97f95-6870-4dd0-adb1-9ab3826c8f10 request /usr/lib/python2.7/site-packages/keystoneauth1/session.py:844
2020-04-16 16:40:06.785 725 INFO rally.task.context [-] Task f2d91419-4797-4d53-a08c-de42df868c84 | Context quotas@openstack cleanup() finished in 0.17 sec
2020-04-16 16:40:06.785 725 INFO rally.task.context [-] Task f2d91419-4797-4d53-a08c-de42df868c84 | Context users@openstack cleanup() started
2020-04-16 16:40:10.267 725 INFO rally.task.context [-] Task f2d91419-4797-4d53-a08c-de42df868c84 | Context users@openstack cleanup() finished in 3.48 sec
2020-04-16 16:40:11.763 725 INFO rally.task.engine [-] Load duration is: 177.429972
2020-04-16 16:40:11.764 725 INFO rally.task.engine [-] Full runner duration is: 178.809165
2020-04-16 16:40:11.764 725 INFO rally.task.engine [-] Full duration is: 221.419282
2020-04-16 16:40:11.853 725 INFO rally.task.engine [-] Running workload: position = 0 config = { "version": 2, "title": "A cropped version of a bigger task.", "description": "Auto-generated task from a single workload (uuid=b0a7c7a6-4fce-4d1d-84d8-094d769d6478)", "subtasks": [ { "title": "GlanceImages.create_and_deactivate_image", "description": "Create an image, then deactivate it.", "scenario": { "GlanceImages.create_and_deactivate_image": { "container_format": "bare", "disk_format": "qcow2", "image_location": "/home/opnfv/functest/images/cirros-0.4.0-x86_64-disk.img" } }, "contexts": { "users": { "tenants": 3, "users_per_tenant": 2 } }, "runner": { "constant": { "concurrency": 4, "times": 10 } }, "hooks": [], "sla": { "failure_rate": { "max": 0 } } } ] }
2020-04-16 16:40:11.873 725 RALLYDEBUG rally_openstack.contexts.keystone.users [-] Creating 3 tenants using 20 threads
2020-04-16 16:40:12.400 725 RALLYDEBUG rally_openstack.contexts.keystone.users [-] Creating 6 users using 20 threads
2020-04-16 16:40:13.491 725 INFO rally.task.context [-] Task f2d91419-4797-4d53-a08c-de42df868c84 | Context users@openstack setup() finished in 1.62 sec
2020-04-16 16:40:13.492 725 INFO rally.task.context [-] Task f2d91419-4797-4d53-a08c-de42df868c84 | Context cleanup@openstack setup() finished in 0.02 msec
2020-04-16 16:40:13.501 725 RALLYDEBUG rally.task.runner [-] Starting the constant runner (task UUID: f2d91419-4797-4d53-a08c-de42df868c84). timeout: 0 concurrency: 4 concurrency_per_worker: 1 times: 10 concurrency_overhead: 0 processes_to_start: 4 max_cpu_used: 88
2020-04-16 16:40:13.512 1385 RALLYDEBUG rally.task.runner [-] Starting a worker. concurrency: 1 args: {"container_format": "bare", "disk_format": "qcow2", "image_location": "/home/opnfv/functest/images/cirros-0.4.0-x86_64-disk.img"} times: 10 method_name: run timeout: 0 duration: None cls:
2020-04-16 16:40:13.514 1386 RALLYDEBUG rally.task.runner [-] Starting a worker. concurrency: 1 args: {"container_format": "bare", "disk_format": "qcow2", "image_location": "/home/opnfv/functest/images/cirros-0.4.0-x86_64-disk.img"} times: 10 method_name: run timeout: 0 duration: None cls:
2020-04-16 16:40:13.517 1387 RALLYDEBUG rally.task.runner [-] Starting a worker. concurrency: 1 args: {"container_format": "bare", "disk_format": "qcow2", "image_location": "/home/opnfv/functest/images/cirros-0.4.0-x86_64-disk.img"} times: 10 method_name: run timeout: 0 duration: None cls:
2020-04-16 16:40:13.519 1388 RALLYDEBUG rally.task.runner [-] Starting a worker. concurrency: 1 args: {"container_format": "bare", "disk_format": "qcow2", "image_location": "/home/opnfv/functest/images/cirros-0.4.0-x86_64-disk.img"} times: 10 method_name: run timeout: 0 duration: None cls:
2020-04-16 16:40:13.520 1385 INFO rally.task.runner [-] Task f2d91419-4797-4d53-a08c-de42df868c84 | ITER: 1 START
2020-04-16 16:40:13.521 1386 INFO rally.task.runner [-] Task f2d91419-4797-4d53-a08c-de42df868c84 | ITER: 2 START
2020-04-16 16:40:13.524 1387 INFO rally.task.runner [-] Task f2d91419-4797-4d53-a08c-de42df868c84 | ITER: 3 START
2020-04-16 16:40:13.525 1388 INFO rally.task.runner [-] Task f2d91419-4797-4d53-a08c-de42df868c84 | ITER: 4 START
2020-04-16 16:40:16.373 1385 RALLYDEBUG rally.task.utils [-] Waiting for resource u'5e2a16c8-d0f8-4af4-894b-61a8fb062971'. Status changed: NONE => QUEUED in 0.0828130245209
2020-04-16 16:40:16.432 1388 RALLYDEBUG rally.task.utils [-] Waiting for resource u'ff255c68-1679-488f-a840-3980b66a4f62'. Status changed: NONE => QUEUED in 0.0745208263397
2020-04-16 16:40:16.508 1386 RALLYDEBUG rally.task.utils [-] Waiting for resource u'9431cdab-1ab1-48f7-816d-93cbacf7d7c5'. Status changed: NONE => QUEUED in 0.0712847709656
2020-04-16 16:40:16.544 1387 RALLYDEBUG rally.task.utils [-] Waiting for resource u'd4abbf69-21a6-4f44-bda0-f65c8d901f4e'. Status changed: NONE => QUEUED in 0.0750501155853
2020-04-16 16:40:17.381 1385 RALLYDEBUG rally.task.utils [-] Waiting for resource s_rally_b0a7c7a6_f8wlQjpZ. Status changed: QUEUED => ACTIVE in 0.0360260009766
2020-04-16 16:40:17.484 1385 INFO rally.task.runner [-] Task f2d91419-4797-4d53-a08c-de42df868c84 | ITER: 1 END: OK
2020-04-16 16:40:17.489 1385 INFO rally.task.runner [-] Task f2d91419-4797-4d53-a08c-de42df868c84 | ITER: 5 START
2020-04-16 16:40:17.578 1388 RALLYDEBUG rally.task.utils [-] Waiting for resource s_rally_b0a7c7a6_4kiAYzPE. Status changed: QUEUED => ACTIVE in 0.0371530056
2020-04-16 16:40:17.687 1388 INFO rally.task.runner [-] Task f2d91419-4797-4d53-a08c-de42df868c84 | ITER: 4 END: OK
2020-04-16 16:40:17.692 1388 INFO rally.task.runner [-] Task f2d91419-4797-4d53-a08c-de42df868c84 | ITER: 6 START
2020-04-16 16:40:17.946 1386 RALLYDEBUG rally.task.utils [-] Waiting for resource s_rally_b0a7c7a6_wPAxNIe7. Status changed: QUEUED => ACTIVE in 0.045795917511
2020-04-16 16:40:18.059 1387 RALLYDEBUG rally.task.utils [-] Waiting for resource s_rally_b0a7c7a6_tDYiy3Aw. Status changed: QUEUED => ACTIVE in 0.0439200401306
2020-04-16 16:40:18.109 1386 INFO rally.task.runner [-] Task f2d91419-4797-4d53-a08c-de42df868c84 | ITER: 2 END: OK
2020-04-16 16:40:18.113 1386 INFO rally.task.runner [-] Task f2d91419-4797-4d53-a08c-de42df868c84 | ITER: 7 START
2020-04-16 16:40:18.175 1387 INFO rally.task.runner [-] Task f2d91419-4797-4d53-a08c-de42df868c84 | ITER: 3 END: OK
2020-04-16 16:40:18.180 1387 INFO rally.task.runner [-] Task f2d91419-4797-4d53-a08c-de42df868c84 | ITER: 8 START
2020-04-16 16:40:19.959 1385 RALLYDEBUG rally.task.utils [-] Waiting for resource u'98a88ca3-028d-4450-8fd0-97c23dc4cdf3'. Status changed: NONE => QUEUED in 0.0655121803284
2020-04-16 16:40:20.315 1388 RALLYDEBUG rally.task.utils [-] Waiting for resource u'cf650dde-901b-4a6c-9faf-a03313e04956'. Status changed: NONE => QUEUED in 0.0775699615479
2020-04-16 16:40:20.636 1386 RALLYDEBUG rally.task.utils [-] Waiting for resource u'76d34be6-c386-48fc-8078-727a0bc1d258'. Status changed: NONE => QUEUED in 0.0664219856262
2020-04-16 16:40:20.948 1387 RALLYDEBUG rally.task.utils [-] Waiting for resource u'8b77e6d2-99db-4d9b-a5d0-8ee281768b32'. Status changed: NONE => QUEUED in 0.110605955124
2020-04-16 16:40:20.955 1385 RALLYDEBUG rally.task.utils [-] Waiting for resource s_rally_b0a7c7a6_DraoNucq. Status changed: QUEUED => ACTIVE in 0.0586540699005
2020-04-16 16:40:21.075 1385 INFO rally.task.runner [-] Task f2d91419-4797-4d53-a08c-de42df868c84 | ITER: 5 END: OK
2020-04-16 16:40:21.080 1385 INFO rally.task.runner [-] Task f2d91419-4797-4d53-a08c-de42df868c84 | ITER: 9 START
2020-04-16 16:40:21.358 1388 RALLYDEBUG rally.task.utils [-] Waiting for resource s_rally_b0a7c7a6_4Zh0TjUN. Status changed: QUEUED => ACTIVE in 0.0508568286896
2020-04-16 16:40:21.494 1388 INFO rally.task.runner [-] Task f2d91419-4797-4d53-a08c-de42df868c84 | ITER: 6 END: OK
2020-04-16 16:40:21.499 1388 INFO rally.task.runner [-] Task f2d91419-4797-4d53-a08c-de42df868c84 | ITER: 10 START
2020-04-16 16:40:21.697 1386 RALLYDEBUG rally.task.utils [-] Waiting for resource s_rally_b0a7c7a6_vxzoHNqD. Status changed: QUEUED => ACTIVE in 0.038859128952
2020-04-16 16:40:21.822 1386 INFO rally.task.runner [-] Task f2d91419-4797-4d53-a08c-de42df868c84 | ITER: 7 END: OK
2020-04-16 16:40:22.011 1387 RALLYDEBUG rally.task.utils [-] Waiting for resource s_rally_b0a7c7a6_5iugOe4i. Status changed: QUEUED => ACTIVE in 0.0419199466705
2020-04-16 16:40:22.128 1387 INFO rally.task.runner [-] Task f2d91419-4797-4d53-a08c-de42df868c84 | ITER: 8 END: OK
2020-04-16 16:40:23.612 1385 RALLYDEBUG rally.task.utils [-] Waiting for resource u'fb696d0a-2786-4093-9d9d-e0961dd7d762'. Status changed: NONE => QUEUED in 0.0931930541992
2020-04-16 16:40:24.105 1388 RALLYDEBUG rally.task.utils [-] Waiting for resource u'1745df36-4a1f-4582-ae6b-36aa0e4afd02'. Status changed: NONE => QUEUED in 0.0778501033783
2020-04-16 16:40:24.641 1385 RALLYDEBUG rally.task.utils [-] Waiting for resource s_rally_b0a7c7a6_B2umgWqf. Status changed: QUEUED => ACTIVE in 0.0407590866089
2020-04-16 16:40:24.751 1385 INFO rally.task.runner [-] Task f2d91419-4797-4d53-a08c-de42df868c84 | ITER: 9 END: OK
2020-04-16 16:40:25.014 1388 RALLYDEBUG rally.task.utils [-] Waiting for resource s_rally_b0a7c7a6_urXkAPpz. Status changed: QUEUED => ACTIVE in 0.0458860397339
2020-04-16 16:40:25.121 1388 INFO rally.task.runner [-] Task f2d91419-4797-4d53-a08c-de42df868c84 | ITER: 10 END: OK
2020-04-16 16:40:25.147 725 INFO rally.task.context [-] Task f2d91419-4797-4d53-a08c-de42df868c84 | Context cleanup@openstack cleanup() started
2020-04-16 16:40:25.151 725 RALLYDEBUG rally_openstack.cleanup.manager [-] Cleaning up glance images objects
2020-04-16 16:40:26.140 725 RALLYDEBUG rally_openstack.cleanup.manager [-] Deleting glance.images object s_rally_b0a7c7a6_f8wlQjpZ (5e2a16c8-d0f8-4af4-894b-61a8fb062971)
2020-04-16 16:40:26.142 725 RALLYDEBUG rally_openstack.cleanup.manager [-] Deleting glance.images object s_rally_b0a7c7a6_urXkAPpz (1745df36-4a1f-4582-ae6b-36aa0e4afd02)
2020-04-16 16:40:26.143 725 RALLYDEBUG rally_openstack.cleanup.manager [-] Deleting glance.images object s_rally_b0a7c7a6_4kiAYzPE (ff255c68-1679-488f-a840-3980b66a4f62)
2020-04-16 16:40:26.146 725 RALLYDEBUG rally_openstack.cleanup.manager [-] Deleting glance.images object s_rally_b0a7c7a6_DraoNucq (98a88ca3-028d-4450-8fd0-97c23dc4cdf3)
2020-04-16 16:40:26.151 725 RALLYDEBUG rally_openstack.cleanup.manager [-] Deleting glance.images object s_rally_b0a7c7a6_B2umgWqf (fb696d0a-2786-4093-9d9d-e0961dd7d762)
2020-04-16 16:40:26.177 725 RALLYDEBUG rally_openstack.cleanup.manager [-] Deleting glance.images object s_rally_b0a7c7a6_vxzoHNqD (76d34be6-c386-48fc-8078-727a0bc1d258)
2020-04-16 16:40:26.185 725 RALLYDEBUG rally_openstack.cleanup.manager [-] Deleting glance.images object s_rally_b0a7c7a6_5iugOe4i (8b77e6d2-99db-4d9b-a5d0-8ee281768b32)
2020-04-16 16:40:26.193 725 RALLYDEBUG rally_openstack.cleanup.manager [-] Deleting glance.images object s_rally_b0a7c7a6_wPAxNIe7 (9431cdab-1ab1-48f7-816d-93cbacf7d7c5)
2020-04-16 16:40:26.195 725 RALLYDEBUG rally_openstack.cleanup.manager [-] Deleting glance.images object s_rally_b0a7c7a6_4Zh0TjUN (cf650dde-901b-4a6c-9faf-a03313e04956)
2020-04-16 16:40:26.197 725 RALLYDEBUG rally_openstack.cleanup.manager [-] Deleting glance.images object s_rally_b0a7c7a6_tDYiy3Aw (d4abbf69-21a6-4f44-bda0-f65c8d901f4e)
2020-04-16 16:40:27.481 725 DEBUG glanceclient.common.http [-] Request returned failure status 404. _handle_response /usr/lib/python2.7/site-packages/glanceclient/common/http.py:125
2020-04-16 16:40:27.523 725 DEBUG glanceclient.common.http [-] Request returned failure status 404. _handle_response /usr/lib/python2.7/site-packages/glanceclient/common/http.py:125
2020-04-16 16:40:27.671 725 DEBUG glanceclient.common.http [-] Request returned failure status 404. _handle_response /usr/lib/python2.7/site-packages/glanceclient/common/http.py:125
2020-04-16 16:40:27.716 725 DEBUG glanceclient.common.http [-] Request returned failure status 404. _handle_response /usr/lib/python2.7/site-packages/glanceclient/common/http.py:125
2020-04-16 16:40:27.737 725 DEBUG glanceclient.common.http [-] Request returned failure status 404. _handle_response /usr/lib/python2.7/site-packages/glanceclient/common/http.py:125
2020-04-16 16:40:27.774 725 DEBUG glanceclient.common.http [-] Request returned failure status 404. _handle_response /usr/lib/python2.7/site-packages/glanceclient/common/http.py:125
2020-04-16 16:40:27.816 725 DEBUG glanceclient.common.http [-] Request returned failure status 404. _handle_response /usr/lib/python2.7/site-packages/glanceclient/common/http.py:125
2020-04-16 16:40:27.899 725 DEBUG glanceclient.common.http [-] Request returned failure status 404. _handle_response /usr/lib/python2.7/site-packages/glanceclient/common/http.py:125
2020-04-16 16:40:27.900 725 DEBUG glanceclient.common.http [-] Request returned failure status 404. _handle_response /usr/lib/python2.7/site-packages/glanceclient/common/http.py:125
2020-04-16 16:40:27.941 725 DEBUG glanceclient.common.http [-] Request returned failure status 404. _handle_response /usr/lib/python2.7/site-packages/glanceclient/common/http.py:125
2020-04-16 16:40:27.944 725 DEBUG glanceclient.common.http [-] Request returned failure status 404. _handle_response /usr/lib/python2.7/site-packages/glanceclient/common/http.py:125
2020-04-16 16:40:27.967 725 DEBUG glanceclient.common.http [-] Request returned failure status 404. _handle_response /usr/lib/python2.7/site-packages/glanceclient/common/http.py:125
2020-04-16 16:40:27.985 725 DEBUG glanceclient.common.http [-] Request returned failure status 404. _handle_response /usr/lib/python2.7/site-packages/glanceclient/common/http.py:125
2020-04-16 16:40:28.019 725 DEBUG glanceclient.common.http [-] Request returned failure status 404. _handle_response /usr/lib/python2.7/site-packages/glanceclient/common/http.py:125
2020-04-16 16:40:28.030 725 DEBUG glanceclient.common.http [-] Request returned failure status 404. _handle_response /usr/lib/python2.7/site-packages/glanceclient/common/http.py:125
2020-04-16 16:40:28.030 725 DEBUG glanceclient.common.http [-] Request returned failure status 404. _handle_response /usr/lib/python2.7/site-packages/glanceclient/common/http.py:125
2020-04-16 16:40:28.036 725 DEBUG glanceclient.common.http [-] Request returned failure status 404. _handle_response /usr/lib/python2.7/site-packages/glanceclient/common/http.py:125
2020-04-16 16:40:28.066 725 DEBUG glanceclient.common.http [-] Request returned failure status 404. _handle_response /usr/lib/python2.7/site-packages/glanceclient/common/http.py:125
2020-04-16 16:40:28.092 725 DEBUG glanceclient.common.http [-] Request returned failure status 404. _handle_response /usr/lib/python2.7/site-packages/glanceclient/common/http.py:125
2020-04-16 16:40:28.124 725 DEBUG glanceclient.common.http [-] Request returned failure status 404. _handle_response /usr/lib/python2.7/site-packages/glanceclient/common/http.py:125
2020-04-16 16:40:29.127 725 INFO rally.task.context [-] Task f2d91419-4797-4d53-a08c-de42df868c84 | Context cleanup@openstack cleanup() finished in 3.98 sec
2020-04-16 16:40:29.127 725 INFO rally.task.context [-] Task f2d91419-4797-4d53-a08c-de42df868c84 | Context users@openstack cleanup() started
2020-04-16 16:41:31.315 725 INFO rally.task.context [-] Task f2d91419-4797-4d53-a08c-de42df868c84 | Context users@openstack cleanup() finished in 1.04 min
2020-04-16 16:41:32.227 725 INFO rally.task.engine [-] Load duration is: 11.12048
2020-04-16 16:41:32.227 725 INFO rally.task.engine [-] Full runner duration is: 11.646617
2020-04-16 16:41:32.228 725 INFO rally.task.engine [-] Full duration is: 79.443854
2020-04-16 16:41:32.310 725 INFO rally.task.engine [-] Running workload: position = 0 config = { "version": 2, "title": "A cropped version of a bigger task.", "description": "Auto-generated task from a single workload (uuid=6ff34dff-9ad4-451e-acac-ca4f20f9ac4a)", "subtasks": [ { "title": "GlanceImages.create_and_download_image", "description": "Create an image, then download data of the image.", "scenario": { "GlanceImages.create_and_download_image": { "container_format": "bare", "disk_format": "qcow2", "image_location": "/home/opnfv/functest/images/cirros-0.4.0-x86_64-disk.img" } }, "contexts": { "users": { "tenants": 3, "users_per_tenant": 2 } }, "runner": { "constant": { "concurrency": 4, "times": 10 } }, "hooks": [], "sla": { "failure_rate": { "max": 0 } } } ] }
2020-04-16 16:41:32.323 725 RALLYDEBUG rally_openstack.contexts.keystone.users [-] Creating 3 tenants using 20 threads
2020-04-16 16:41:32.911 725 RALLYDEBUG rally_openstack.contexts.keystone.users [-] Creating 6 users using 20 threads
2020-04-16 16:41:34.333 725 INFO rally.task.context [-] Task f2d91419-4797-4d53-a08c-de42df868c84 | Context users@openstack setup() finished in 2.01 sec
2020-04-16 16:41:34.334 725 INFO rally.task.context [-] Task f2d91419-4797-4d53-a08c-de42df868c84 | Context cleanup@openstack setup() finished in 0.01 msec
2020-04-16 16:41:34.348 725 RALLYDEBUG rally.task.runner [-] Starting the constant runner (task UUID: f2d91419-4797-4d53-a08c-de42df868c84). timeout: 0 concurrency: 4 concurrency_per_worker: 1 times: 10 concurrency_overhead: 0 processes_to_start: 4 max_cpu_used: 88
2020-04-16 16:41:34.362 1509 RALLYDEBUG rally.task.runner [-] Starting a worker. concurrency: 1 args: {"container_format": "bare", "disk_format": "qcow2", "image_location": "/home/opnfv/functest/images/cirros-0.4.0-x86_64-disk.img"} times: 10 method_name: run timeout: 0 duration: None cls:
2020-04-16 16:41:34.365 1510 RALLYDEBUG rally.task.runner [-] Starting a worker. concurrency: 1 args: {"container_format": "bare", "disk_format": "qcow2", "image_location": "/home/opnfv/functest/images/cirros-0.4.0-x86_64-disk.img"} times: 10 method_name: run timeout: 0 duration: None cls:
2020-04-16 16:41:34.366 1511 RALLYDEBUG rally.task.runner [-] Starting a worker. concurrency: 1 args: {"container_format": "bare", "disk_format": "qcow2", "image_location": "/home/opnfv/functest/images/cirros-0.4.0-x86_64-disk.img"} times: 10 method_name: run timeout: 0 duration: None cls:
2020-04-16 16:41:34.369 1509 INFO rally.task.runner [-] Task f2d91419-4797-4d53-a08c-de42df868c84 | ITER: 1 START
2020-04-16 16:41:34.370 1512 RALLYDEBUG rally.task.runner [-] Starting a worker. concurrency: 1 args: {"container_format": "bare", "disk_format": "qcow2", "image_location": "/home/opnfv/functest/images/cirros-0.4.0-x86_64-disk.img"} times: 10 method_name: run timeout: 0 duration: None cls:
2020-04-16 16:41:34.372 1510 INFO rally.task.runner [-] Task f2d91419-4797-4d53-a08c-de42df868c84 | ITER: 2 START
2020-04-16 16:41:34.373 1511 INFO rally.task.runner [-] Task f2d91419-4797-4d53-a08c-de42df868c84 | ITER: 3 START
2020-04-16 16:41:34.377 1512 INFO rally.task.runner [-] Task f2d91419-4797-4d53-a08c-de42df868c84 | ITER: 4 START
2020-04-16 16:41:37.164 1509 RALLYDEBUG rally.task.utils [-] Waiting for resource u'33f5914e-e3e6-4d04-a94f-88d637da09bd'. Status changed: NONE => QUEUED in 0.0770790576935
2020-04-16 16:41:37.370 1512 RALLYDEBUG rally.task.utils [-] Waiting for resource u'85dc348b-92e2-4e8d-99b7-e6f2d6e479e3'. Status changed: NONE => QUEUED in 0.0922610759735
2020-04-16 16:41:37.396 1511 RALLYDEBUG rally.task.utils [-] Waiting for resource u'707656b9-df1a-48da-b5f3-4010d8c16776'. Status changed: NONE => QUEUED in 0.105951070786
2020-04-16 16:41:37.398 1510 RALLYDEBUG rally.task.utils [-] Waiting for resource u'cca635fc-5354-4dd3-a340-bbc49a21fd7f'. Status changed: NONE => QUEUED in 0.111003160477
2020-04-16 16:41:38.171 1509 RALLYDEBUG rally.task.utils [-] Waiting for resource s_rally_6ff34dff_afEobQke. Status changed: QUEUED => ACTIVE in 0.0391018390656
2020-04-16 16:41:38.544 1509 INFO rally.task.runner [-] Task f2d91419-4797-4d53-a08c-de42df868c84 | ITER: 1 END: OK
2020-04-16 16:41:38.548 1509 INFO rally.task.runner [-] Task f2d91419-4797-4d53-a08c-de42df868c84 | ITER: 5 START
2020-04-16 16:41:38.606 1512 RALLYDEBUG rally.task.utils [-] Waiting for resource s_rally_6ff34dff_svstfGog. Status changed: QUEUED => ACTIVE in 0.0343630313873
2020-04-16 16:41:38.784 1511 RALLYDEBUG rally.task.utils [-] Waiting for resource s_rally_6ff34dff_CN291siR. Status changed: QUEUED => ACTIVE in 0.0448620319366
2020-04-16 16:41:38.918 1512 INFO rally.task.runner [-] Task f2d91419-4797-4d53-a08c-de42df868c84 | ITER: 4 END: OK
2020-04-16 16:41:38.923 1512 INFO rally.task.runner [-] Task f2d91419-4797-4d53-a08c-de42df868c84 | ITER: 6 START
2020-04-16 16:41:38.990 1510 RALLYDEBUG rally.task.utils [-] Waiting for resource s_rally_6ff34dff_HGCInNkJ. Status changed: QUEUED => ACTIVE in 0.0479459762573
2020-04-16 16:41:39.222 1511 INFO rally.task.runner [-] Task f2d91419-4797-4d53-a08c-de42df868c84 | ITER: 3 END: OK
2020-04-16 16:41:39.227 1511 INFO rally.task.runner [-] Task f2d91419-4797-4d53-a08c-de42df868c84 | ITER: 7 START
2020-04-16 16:41:39.316 1510 INFO rally.task.runner [-] Task f2d91419-4797-4d53-a08c-de42df868c84 | ITER: 2 END: OK
2020-04-16 16:41:39.320 1510 INFO rally.task.runner [-] Task f2d91419-4797-4d53-a08c-de42df868c84 | ITER: 8 START
2020-04-16 16:41:41.155 1509 RALLYDEBUG rally.task.utils [-] Waiting for resource u'434478be-6141-4502-adc2-2247a7c321f8'. Status changed: NONE => QUEUED in 0.0690529346466
2020-04-16 16:41:41.764 1512 RALLYDEBUG rally.task.utils [-] Waiting for resource u'158bc4a6-5eec-490d-8fa3-e10863ccc956'. Status changed: NONE => QUEUED in 0.0770771503448
2020-04-16 16:41:41.918 1511 RALLYDEBUG rally.task.utils [-] Waiting for resource u'f7169f6a-6aa9-41e5-9657-3eabe3da1bdd'. Status changed: NONE => QUEUED in 0.0690469741821
2020-04-16 16:41:41.924 1510 RALLYDEBUG rally.task.utils [-] Waiting for resource u'95d0eb0a-31e2-421e-9677-96b5f96f1251'. Status changed: NONE => QUEUED in 0.091432094574
2020-04-16 16:41:42.273 1509 RALLYDEBUG rally.task.utils [-] Waiting for resource s_rally_6ff34dff_O9htakQn. Status changed: QUEUED => ACTIVE in 0.0461039543152
2020-04-16 16:41:42.707 1509 INFO rally.task.runner [-] Task f2d91419-4797-4d53-a08c-de42df868c84 | ITER: 5 END: OK
2020-04-16 16:41:42.712 1509 INFO rally.task.runner [-] Task f2d91419-4797-4d53-a08c-de42df868c84 | ITER: 9 START
2020-04-16 16:41:42.783 1512 RALLYDEBUG rally.task.utils [-] Waiting for resource s_rally_6ff34dff_NhtIhteZ. Status changed: QUEUED => ACTIVE in 0.0426471233368
2020-04-16 16:41:43.089 1512 INFO rally.task.runner [-] Task f2d91419-4797-4d53-a08c-de42df868c84 | ITER: 6 END: OK
2020-04-16 16:41:43.093 1512 INFO rally.task.runner [-] Task f2d91419-4797-4d53-a08c-de42df868c84 | ITER: 10 START
2020-04-16 16:41:43.144 1510 RALLYDEBUG rally.task.utils [-] Waiting for resource s_rally_6ff34dff_PfNUNmQN. Status changed: QUEUED => ACTIVE in 0.0500659942627
2020-04-16 16:41:43.204 1511 RALLYDEBUG rally.task.utils [-] Waiting for resource s_rally_6ff34dff_FVtGdfza. Status changed: QUEUED => ACTIVE in 0.0407521724701
2020-04-16 16:41:43.569 1510 INFO rally.task.runner [-] Task f2d91419-4797-4d53-a08c-de42df868c84 | ITER: 8 END: OK
2020-04-16 16:41:43.592 1511 INFO rally.task.runner [-] Task f2d91419-4797-4d53-a08c-de42df868c84 | ITER: 7 END: OK
2020-04-16 16:41:45.179 1509 RALLYDEBUG rally.task.utils [-] Waiting for resource u'84a19abd-da7b-40bc-b084-44a2e58a5e6a'. Status changed: NONE => QUEUED in 0.0708730220795
2020-04-16 16:41:45.607 1512 RALLYDEBUG rally.task.utils [-] Waiting for resource u'5b87057d-450b-464b-bb92-5d7783e8fe5e'. Status changed: NONE => QUEUED in 0.073322057724
2020-04-16 16:41:46.161 1509 RALLYDEBUG rally.task.utils [-] Waiting for resource s_rally_6ff34dff_t1s2UVqL. Status changed: QUEUED => ACTIVE in 0.0385899543762
2020-04-16 16:41:46.489 1509 INFO rally.task.runner [-] Task f2d91419-4797-4d53-a08c-de42df868c84 | ITER: 9 END: OK
2020-04-16 16:41:46.597 1512 RALLYDEBUG rally.task.utils [-] Waiting for resource s_rally_6ff34dff_gjPUrKEh. Status changed: QUEUED => ACTIVE in 0.036749124527
2020-04-16 16:41:46.928 1512 INFO rally.task.runner [-] Task f2d91419-4797-4d53-a08c-de42df868c84 | ITER: 10 END: OK
2020-04-16 16:41:46.959 725 INFO rally.task.context [-] Task f2d91419-4797-4d53-a08c-de42df868c84 | Context cleanup@openstack cleanup() started
2020-04-16 16:41:46.962 725 RALLYDEBUG rally_openstack.cleanup.manager [-] Cleaning up glance images objects
2020-04-16 16:41:48.202 725 RALLYDEBUG rally_openstack.cleanup.manager [-] Deleting glance.images object s_rally_6ff34dff_NhtIhteZ (158bc4a6-5eec-490d-8fa3-e10863ccc956)
2020-04-16 16:41:48.206 725 RALLYDEBUG rally_openstack.cleanup.manager [-] Deleting glance.images object s_rally_6ff34dff_t1s2UVqL (84a19abd-da7b-40bc-b084-44a2e58a5e6a)
2020-04-16 16:41:48.208 725 RALLYDEBUG rally_openstack.cleanup.manager [-] Deleting glance.images object s_rally_6ff34dff_PfNUNmQN (95d0eb0a-31e2-421e-9677-96b5f96f1251)
2020-04-16 16:41:48.208 725 RALLYDEBUG rally_openstack.cleanup.manager [-] Deleting glance.images object s_rally_6ff34dff_FVtGdfza (f7169f6a-6aa9-41e5-9657-3eabe3da1bdd)
2020-04-16 16:41:48.209 725 RALLYDEBUG rally_openstack.cleanup.manager [-] Deleting glance.images object s_rally_6ff34dff_O9htakQn (434478be-6141-4502-adc2-2247a7c321f8)
2020-04-16 16:41:48.217 725 RALLYDEBUG rally_openstack.cleanup.manager [-] Deleting glance.images object s_rally_6ff34dff_svstfGog (85dc348b-92e2-4e8d-99b7-e6f2d6e479e3)
2020-04-16 16:41:48.218 725 RALLYDEBUG rally_openstack.cleanup.manager [-] Deleting glance.images object s_rally_6ff34dff_gjPUrKEh (5b87057d-450b-464b-bb92-5d7783e8fe5e)
2020-04-16 16:41:48.238 725 RALLYDEBUG rally_openstack.cleanup.manager [-] Deleting glance.images object s_rally_6ff34dff_HGCInNkJ (cca635fc-5354-4dd3-a340-bbc49a21fd7f)
2020-04-16 16:41:48.273 725 RALLYDEBUG rally_openstack.cleanup.manager [-] Deleting glance.images object s_rally_6ff34dff_CN291siR (707656b9-df1a-48da-b5f3-4010d8c16776)
2020-04-16 16:41:48.282 725 RALLYDEBUG rally_openstack.cleanup.manager [-] Deleting glance.images object s_rally_6ff34dff_afEobQke (33f5914e-e3e6-4d04-a94f-88d637da09bd)
2020-04-16 16:41:49.538 725 DEBUG glanceclient.common.http [-] Request returned failure status 404. _handle_response /usr/lib/python2.7/site-packages/glanceclient/common/http.py:125
2020-04-16 16:41:49.573 725 DEBUG glanceclient.common.http [-] Request returned failure status 404. _handle_response /usr/lib/python2.7/site-packages/glanceclient/common/http.py:125
2020-04-16 16:41:49.978 725 DEBUG glanceclient.common.http [-] Request returned failure status 404. _handle_response /usr/lib/python2.7/site-packages/glanceclient/common/http.py:125
2020-04-16 16:41:50.013 725 DEBUG glanceclient.common.http [-] Request returned failure status 404. _handle_response /usr/lib/python2.7/site-packages/glanceclient/common/http.py:125
2020-04-16 16:41:50.063 725 DEBUG glanceclient.common.http [-] Request returned failure status 404. _handle_response /usr/lib/python2.7/site-packages/glanceclient/common/http.py:125
2020-04-16 16:41:50.100 725 DEBUG glanceclient.common.http [-] Request returned failure status 404. _handle_response /usr/lib/python2.7/site-packages/glanceclient/common/http.py:125
2020-04-16 16:41:50.163 725 DEBUG glanceclient.common.http [-] Request returned failure status 404. _handle_response /usr/lib/python2.7/site-packages/glanceclient/common/http.py:125
2020-04-16 16:41:50.227 725 DEBUG glanceclient.common.http [-] Request returned failure status 404. _handle_response /usr/lib/python2.7/site-packages/glanceclient/common/http.py:125
2020-04-16 16:41:50.239 725 DEBUG glanceclient.common.http [-] Request returned failure status 404. _handle_response /usr/lib/python2.7/site-packages/glanceclient/common/http.py:125
2020-04-16 16:41:50.247 725 DEBUG glanceclient.common.http [-] Request returned failure status 404. _handle_response /usr/lib/python2.7/site-packages/glanceclient/common/http.py:125
2020-04-16 16:41:50.258 725 DEBUG glanceclient.common.http [-] Request returned failure status 404. _handle_response /usr/lib/python2.7/site-packages/glanceclient/common/http.py:125
2020-04-16 16:41:50.310 725 DEBUG glanceclient.common.http [-] Request returned failure status 404. _handle_response /usr/lib/python2.7/site-packages/glanceclient/common/http.py:125
2020-04-16 16:41:50.319 725 DEBUG glanceclient.common.http [-] Request returned failure status 404. _handle_response /usr/lib/python2.7/site-packages/glanceclient/common/http.py:125
2020-04-16 16:41:50.349 725 DEBUG glanceclient.common.http [-] Request returned failure status 404. _handle_response /usr/lib/python2.7/site-packages/glanceclient/common/http.py:125
2020-04-16 16:41:50.380 725 DEBUG glanceclient.common.http [-] Request returned failure status 404. _handle_response /usr/lib/python2.7/site-packages/glanceclient/common/http.py:125
2020-04-16 16:41:50.426 725 DEBUG glanceclient.common.http [-] Request returned failure status 404. _handle_response /usr/lib/python2.7/site-packages/glanceclient/common/http.py:125
2020-04-16 16:41:50.558 725 DEBUG glanceclient.common.http [-] Request returned failure status 404. _handle_response /usr/lib/python2.7/site-packages/glanceclient/common/http.py:125
2020-04-16 16:41:50.564 725 DEBUG glanceclient.common.http [-] Request returned failure status 404. _handle_response /usr/lib/python2.7/site-packages/glanceclient/common/http.py:125
2020-04-16 16:41:50.614 725 DEBUG glanceclient.common.http [-] Request returned failure status 404. _handle_response /usr/lib/python2.7/site-packages/glanceclient/common/http.py:125
2020-04-16 16:41:50.622 725 DEBUG glanceclient.common.http [-] Request returned failure status 404. _handle_response /usr/lib/python2.7/site-packages/glanceclient/common/http.py:125
2020-04-16 16:41:51.625 725 INFO rally.task.context [-] Task f2d91419-4797-4d53-a08c-de42df868c84 | Context cleanup@openstack cleanup() finished in 4.67 sec
2020-04-16 16:41:51.625 725 INFO rally.task.context [-] Task f2d91419-4797-4d53-a08c-de42df868c84 | Context users@openstack cleanup() started
2020-04-16 16:41:55.831 725 INFO rally.task.context [-] Task f2d91419-4797-4d53-a08c-de42df868c84 | Context users@openstack cleanup() finished in 4.21 sec
2020-04-16 16:41:56.462 725 INFO rally.task.engine [-] Load duration is: 12.135728
2020-04-16 16:41:56.462 725 INFO rally.task.engine [-] Full runner duration is: 12.611367
2020-04-16 16:41:56.462 725 INFO rally.task.engine [-] Full duration is: 23.509029
2020-04-16 16:41:56.547 725 INFO rally.task.engine [-] Running workload: position = 0 config = { "version": 2, "title": "A cropped version of a bigger task.", "description": "Auto-generated task from a single workload (uuid=e7c915c9-7110-4f0e-8b8b-eb63f52c17fa)", "subtasks": [ { "title": "GlanceImages.create_and_get_image", "description": "Create and get detailed information of an image.", "scenario": { "GlanceImages.create_and_get_image": { "container_format": "bare", "disk_format": "qcow2", "image_location": "/home/opnfv/functest/images/cirros-0.4.0-x86_64-disk.img" } }, "contexts": { "users": { "tenants": 3, "users_per_tenant": 2 } }, "runner": { "constant": { "concurrency": 4, "times": 10 } }, "hooks": [], "sla": { "failure_rate": { "max": 0 } } } ] }
2020-04-16 16:41:56.558 725 RALLYDEBUG rally_openstack.contexts.keystone.users [-] Creating 3 tenants using 20 threads
2020-04-16 16:41:57.272 725 RALLYDEBUG rally_openstack.contexts.keystone.users [-] Creating 6 users using 20 threads
2020-04-16 16:41:58.441 725 INFO rally.task.context [-] Task f2d91419-4797-4d53-a08c-de42df868c84 | Context users@openstack setup() finished in 1.88 sec
2020-04-16 16:41:58.442 725 INFO rally.task.context [-] Task f2d91419-4797-4d53-a08c-de42df868c84 | Context cleanup@openstack setup() finished in 0.01 msec
2020-04-16 16:41:58.452 725 RALLYDEBUG rally.task.runner [-] Starting the constant runner (task UUID: f2d91419-4797-4d53-a08c-de42df868c84). timeout: 0 concurrency: 4 concurrency_per_worker: 1 times: 10 concurrency_overhead: 0 processes_to_start: 4 max_cpu_used: 88
2020-04-16 16:41:58.466 1633 RALLYDEBUG rally.task.runner [-] Starting a worker. concurrency: 1 args: {"container_format": "bare", "disk_format": "qcow2", "image_location": "/home/opnfv/functest/images/cirros-0.4.0-x86_64-disk.img"} times: 10 method_name: run timeout: 0 duration: None cls:
2020-04-16 16:41:58.469 1634 RALLYDEBUG rally.task.runner [-] Starting a worker. concurrency: 1 args: {"container_format": "bare", "disk_format": "qcow2", "image_location": "/home/opnfv/functest/images/cirros-0.4.0-x86_64-disk.img"} times: 10 method_name: run timeout: 0 duration: None cls:
2020-04-16 16:41:58.472 1635 RALLYDEBUG rally.task.runner [-] Starting a worker. concurrency: 1 args: {"container_format": "bare", "disk_format": "qcow2", "image_location": "/home/opnfv/functest/images/cirros-0.4.0-x86_64-disk.img"} times: 10 method_name: run timeout: 0 duration: None cls:
2020-04-16 16:41:58.474 1633 INFO rally.task.runner [-] Task f2d91419-4797-4d53-a08c-de42df868c84 | ITER: 1 START
2020-04-16 16:41:58.474 1636 RALLYDEBUG rally.task.runner [-] Starting a worker. concurrency: 1 args: {"container_format": "bare", "disk_format": "qcow2", "image_location": "/home/opnfv/functest/images/cirros-0.4.0-x86_64-disk.img"} times: 10 method_name: run timeout: 0 duration: None cls:
2020-04-16 16:41:58.476 1634 INFO rally.task.runner [-] Task f2d91419-4797-4d53-a08c-de42df868c84 | ITER: 2 START
2020-04-16 16:41:58.479 1635 INFO rally.task.runner [-] Task f2d91419-4797-4d53-a08c-de42df868c84 | ITER: 3 START
2020-04-16 16:41:58.481 1636 INFO rally.task.runner [-] Task f2d91419-4797-4d53-a08c-de42df868c84 | ITER: 4 START
2020-04-16 16:42:01.280 1634 RALLYDEBUG rally.task.utils [-] Waiting for resource u'dbaee02b-4260-4db3-99be-e6e01abfcbbe'. Status changed: NONE => QUEUED in 0.0701270103455
2020-04-16 16:42:01.495 1635 RALLYDEBUG rally.task.utils [-] Waiting for resource u'0d796f00-55e9-4b0c-95c9-16b0b792ac8f'. Status changed: NONE => QUEUED in 0.105923891068
2020-04-16 16:42:01.502 1633 RALLYDEBUG rally.task.utils [-] Waiting for resource u'4586f165-2ad8-43bf-b3b4-5c36493279bb'. Status changed: NONE => QUEUED in 0.0980961322784
2020-04-16 16:42:01.579 1636 RALLYDEBUG rally.task.utils [-] Waiting for resource u'db4ef45e-7fd8-4539-857e-c539bbaba518'. Status changed: NONE => QUEUED in 0.0665810108185
2020-04-16 16:42:02.452 1634 RALLYDEBUG rally.task.utils [-] Waiting for resource s_rally_e7c915c9_2R3HP9pm. Status changed: QUEUED => ACTIVE in 0.0371580123901
2020-04-16 16:42:02.496 1634 INFO rally.task.runner [-] Task f2d91419-4797-4d53-a08c-de42df868c84 | ITER: 2 END: OK
2020-04-16 16:42:02.501 1634 INFO rally.task.runner [-] Task f2d91419-4797-4d53-a08c-de42df868c84 | ITER: 5 START
2020-04-16 16:42:02.758 1633 RALLYDEBUG rally.task.utils [-] Waiting for resource s_rally_e7c915c9_Ym7sfG73. Status changed: QUEUED => ACTIVE in 0.0416090488434
2020-04-16 16:42:02.801 1633 INFO rally.task.runner [-] Task f2d91419-4797-4d53-a08c-de42df868c84 | ITER: 1 END: OK
2020-04-16 16:42:02.805 1633 INFO rally.task.runner [-] Task f2d91419-4797-4d53-a08c-de42df868c84 | ITER: 6 START
2020-04-16 16:42:23.925 1635 RALLYDEBUG rally.task.utils [-] Waiting for resource s_rally_e7c915c9_A2JQyDu1. Status changed: QUEUED => ACTIVE in 0.0368158817291
2020-04-16 16:42:23.976 1635 INFO rally.task.runner [-] Task f2d91419-4797-4d53-a08c-de42df868c84 | ITER: 3 END: OK
2020-04-16 16:42:23.981 1635 INFO rally.task.runner [-] Task f2d91419-4797-4d53-a08c-de42df868c84 | ITER: 7 START
2020-04-16 16:42:29.997 1636 RALLYDEBUG rally.task.utils [-] Waiting for resource s_rally_e7c915c9_0nAruY63. Status changed: QUEUED => ACTIVE in 0.0545988082886
2020-04-16 16:42:30.049 1636 INFO rally.task.runner [-] Task f2d91419-4797-4d53-a08c-de42df868c84 | ITER: 4 END: OK
2020-04-16 16:42:30.057 1636 INFO rally.task.runner [-] Task f2d91419-4797-4d53-a08c-de42df868c84 | ITER: 8 START
2020-04-16 16:42:32.697 1636 RALLYDEBUG rally.task.utils [-] Waiting for resource u'9ebb3073-d8b3-4495-a6a0-e7486956c646'. Status changed: NONE => QUEUED in 0.0891201496124
2020-04-16 16:42:41.152 1634 RALLYDEBUG rally.task.utils [-] Waiting for resource u'9459cfd5-4bf4-4916-b181-a425ff1a6015'. Status changed: NONE => QUEUED in 0.0772778987885
2020-04-16 16:42:42.124 1634 RALLYDEBUG rally.task.utils [-] Waiting for resource s_rally_e7c915c9_dKDwzzpe. Status changed: QUEUED => ACTIVE in 0.0412340164185
2020-04-16 16:42:42.162 1634 INFO rally.task.runner [-] Task f2d91419-4797-4d53-a08c-de42df868c84 | ITER: 5 END: OK
2020-04-16 16:42:42.168 1634 INFO rally.task.runner [-] Task f2d91419-4797-4d53-a08c-de42df868c84 | ITER: 9 START
2020-04-16 16:42:44.629 1634 RALLYDEBUG rally.task.utils [-] Waiting for resource u'f006459d-55ab-4805-aebc-bbdad284fa0a'. Status changed: NONE => QUEUED in 0.0780029296875
2020-04-16 16:42:45.582 1634 RALLYDEBUG rally.task.utils [-] Waiting for resource s_rally_e7c915c9_1sHbezNe. Status changed: QUEUED => ACTIVE in 0.0435659885406
2020-04-16 16:42:45.624 1634 INFO rally.task.runner [-] Task f2d91419-4797-4d53-a08c-de42df868c84 | ITER: 9 END: OK
2020-04-16 16:42:45.629 1634 INFO rally.task.runner [-] Task f2d91419-4797-4d53-a08c-de42df868c84 | ITER: 10 START
2020-04-16 16:42:48.110 1634 RALLYDEBUG rally.task.utils [-] Waiting for resource u'5f7e97a9-a24d-4f11-9735-f7f3a14379e1'. Status changed: NONE => QUEUED in 0.0770089626312
2020-04-16 16:42:49.130 1634 RALLYDEBUG rally.task.utils [-] Waiting for resource s_rally_e7c915c9_kdDGPGIB. Status changed: QUEUED => ACTIVE in 0.040540933609
2020-04-16 16:42:49.179 1634 INFO rally.task.runner [-] Task f2d91419-4797-4d53-a08c-de42df868c84 | ITER: 10 END: OK
2020-04-16 16:42:53.210 1633 RALLYDEBUG rally.task.utils [-] Waiting for resource u'92d9cba0-2c40-47d9-802f-6f3f3af59e6c'. Status changed: NONE => QUEUED in 0.0799131393433
2020-04-16 16:42:54.164 1633 RALLYDEBUG rally.task.utils [-] Waiting for resource s_rally_e7c915c9_ixuBlrLL. Status changed: QUEUED => ACTIVE in 0.0437870025635
2020-04-16 16:42:54.213 1633 INFO rally.task.runner [-] Task f2d91419-4797-4d53-a08c-de42df868c84 | ITER: 6 END: OK
2020-04-16 16:42:57.978 1636 DEBUG glanceclient.common.http [-] Request returned failure status 500. _handle_response /usr/lib/python2.7/site-packages/glanceclient/common/http.py:125
2020-04-16 16:42:57.985 1636 ERROR rally.task.runner [-] Iteration 8 raised Exception: HTTPInternalServerError: 500 Internal Server Error The server has either erred or is incapable of performing the requested operation. (HTTP 500)
2020-04-16 16:42:57.985 1636 ERROR rally.task.runner
Traceback (most recent call last):
2020-04-16 16:42:57.985 1636 ERROR rally.task.runner
File "/usr/lib/python2.7/site-packages/rally/task/runner.py", line 71, in _run_scenario_once
2020-04-16 16:42:57.985 1636 ERROR rally.task.runner getattr(scenario_inst, method_name)(**scenario_kwargs)
2020-04-16 16:42:57.985 1636 ERROR rally.task.runner
File "/usr/lib/python2.7/site-packages/rally_openstack/scenarios/glance/images.py", line 130, in run
2020-04-16 16:42:57.985 1636 ERROR rally.task.runner properties=properties)
2020-04-16 16:42:57.985 1636 ERROR rally.task.runner
File "/usr/lib/python2.7/site-packages/rally/task/service.py", line 116, in wrapper
2020-04-16 16:42:57.985 1636 ERROR rally.task.runner return func(instance, *args, **kwargs)
2020-04-16 16:42:57.985 1636 ERROR rally.task.runner
File "/usr/lib/python2.7/site-packages/rally_openstack/services/image/image.py", line 70, in create_image
2020-04-16 16:42:57.985 1636 ERROR rally.task.runner properties=properties)
2020-04-16 16:42:57.985 1636 ERROR rally.task.runner
File "/usr/lib/python2.7/site-packages/rally/task/service.py", line 116, in wrapper
2020-04-16 16:42:57.985 1636 ERROR rally.task.runner return func(instance, *args, **kwargs)
2020-04-16 16:42:57.985 1636 ERROR rally.task.runner
File "/usr/lib/python2.7/site-packages/rally_openstack/services/image/glance_v2.py", line 200, in create_image
2020-04-16 16:42:57.985 1636 ERROR rally.task.runner properties=properties)
2020-04-16 16:42:57.985 1636 ERROR rally.task.runner
File "/usr/lib/python2.7/site-packages/rally/task/service.py", line 116, in wrapper
2020-04-16 16:42:57.985 1636 ERROR rally.task.runner return func(instance, *args, **kwargs)
2020-04-16 16:42:57.985 1636 ERROR rally.task.runner
File "/usr/lib/python2.7/site-packages/rally/task/atomic.py", line 91, in func_atomic_actions
2020-04-16 16:42:57.985 1636 ERROR rally.task.runner f = func(self, *args, **kwargs)
2020-04-16 16:42:57.985 1636 ERROR rally.task.runner
File "/usr/lib/python2.7/site-packages/rally_openstack/services/image/glance_v2.py", line 97, in create_image
2020-04-16 16:42:57.985 1636 ERROR rally.task.runner self.upload_data(image_obj.id, image_location=image_location)
2020-04-16 16:42:57.985 1636 ERROR rally.task.runner
File "/usr/lib/python2.7/site-packages/rally/task/service.py", line 116, in wrapper
2020-04-16 16:42:57.985 1636 ERROR rally.task.runner return func(instance, *args, **kwargs)
2020-04-16 16:42:57.985 1636 ERROR rally.task.runner
File "/usr/lib/python2.7/site-packages/rally/task/atomic.py", line 91, in func_atomic_actions
2020-04-16 16:42:57.985 1636 ERROR rally.task.runner f = func(self, *args, **kwargs)
2020-04-16 16:42:57.985 1636 ERROR rally.task.runner
File "/usr/lib/python2.7/site-packages/rally_openstack/services/image/glance_v2.py", line 51, in upload_data
2020-04-16 16:42:57.985 1636 ERROR rally.task.runner self._clients.glance("2").images.upload(image_id, image_data)
2020-04-16 16:42:57.985 1636 ERROR rally.task.runner
File "/usr/lib/python2.7/site-packages/glanceclient/common/utils.py", line 598, in inner
2020-04-16 16:42:57.985 1636 ERROR rally.task.runner return RequestIdProxy(wrapped(*args, **kwargs))
2020-04-16 16:42:57.985 1636 ERROR rally.task.runner
File "/usr/lib/python2.7/site-packages/glanceclient/v2/images.py", line 288, in upload
2020-04-16 16:42:57.985 1636 ERROR rally.task.runner resp, body = self.http_client.put(url, headers=hdrs, data=body)
2020-04-16 16:42:57.985 1636 ERROR rally.task.runner
