2020-01-07 15:13:53.846 7 RALLYDEBUG rally.api [-] INFO logs from urllib3 and requests module are hide.
2020-01-07 15:13:53.846 7 RALLYDEBUG rally.api [-] urllib3 insecure warnings are hidden.
2020-01-07 15:13:53.846 7 RALLYDEBUG rally.api [-] ERROR log from boto module is hide.
2020-01-07 15:13:55.091 7 ERROR rally.cli.cliutils [-] Unexpected exception in CLI: DBRecordNotFound: Record for uuid or name is opnfv-rally not found in table envs
2020-01-07 15:13:55.091 7 ERROR rally.cli.cliutils
Traceback (most recent call last):
2020-01-07 15:13:55.091 7 ERROR rally.cli.cliutils
File "/usr/lib/python2.7/site-packages/rally/cli/cliutils.py", line 674, in run
2020-01-07 15:13:55.091 7 ERROR rally.cli.cliutils ret = fn(*fn_args, **fn_kwargs)
2020-01-07 15:13:55.091 7 ERROR rally.cli.cliutils File "", line 2, in destroy
2020-01-07 15:13:55.091 7 ERROR rally.cli.cliutils
File "/usr/lib/python2.7/site-packages/rally/cli/envutils.py", line 68, in default_from_global
2020-01-07 15:13:55.091 7 ERROR rally.cli.cliutils return f(*args, **kwargs)
2020-01-07 15:13:55.091 7 ERROR rally.cli.cliutils File "", line 2, in destroy
2020-01-07 15:13:55.091 7 ERROR rally.cli.cliutils
File "/usr/lib/python2.7/site-packages/rally/plugins/__init__.py", line 51, in ensure_plugins_are_loaded
2020-01-07 15:13:55.091 7 ERROR rally.cli.cliutils return f(*args, **kwargs)
2020-01-07 15:13:55.091 7 ERROR rally.cli.cliutils
File "/usr/lib/python2.7/site-packages/rally/cli/commands/deployment.py", line 157, in destroy
2020-01-07 15:13:55.091 7 ERROR rally.cli.cliutils api.deployment.destroy(deployment=deployment)
2020-01-07 15:13:55.091 7 ERROR rally.cli.cliutils
File "/usr/lib/python2.7/site-packages/rally/api.py", line 115, in destroy
2020-01-07 15:13:55.091 7 ERROR rally.cli.cliutils deploy = objects.Deployment.get(deployment)
2020-01-07 15:13:55.091 7 ERROR rally.cli.cliutils
File "/usr/lib/python2.7/site-packages/rally/common/objects/deploy.py", line 124, in get
2020-01-07 15:13:55.091 7 ERROR rally.cli.cliutils return Deployment(env_mgr.EnvManager.get(deploy))
2020-01-07 15:13:55.091 7 ERROR rally.cli.cliutils
File "/usr/lib/python2.7/site-packages/rally/env/env_mgr.py", line 212, in get
2020-01-07 15:13:55.091 7 ERROR rally.cli.cliutils return cls(db.env_get(uuid_or_name))
2020-01-07 15:13:55.091 7 ERROR rally.cli.cliutils
File "/usr/lib/python2.7/site-packages/rally/common/db/api.py", line 135, in wrapper
2020-01-07 15:13:55.091 7 ERROR rally.cli.cliutils result = f(session, *args, **kwargs)
2020-01-07 15:13:55.091 7 ERROR rally.cli.cliutils
File "/usr/lib/python2.7/site-packages/rally/common/db/api.py", line 521, in env_get
2020-01-07 15:13:55.091 7 ERROR rally.cli.cliutils criteria="uuid or name is %s" % uuid_or_name, table="envs")
2020-01-07 15:13:55.091 7 ERROR rally.cli.cliutils DBRecordNotFound: Record for uuid or name is opnfv-rally not found in table envs
2020-01-07 15:13:55.091 7 ERROR rally.cli.cliutils
2020-01-07 15:13:55.838 9 RALLYDEBUG rally.api [-] INFO logs from urllib3 and requests module are hide.
2020-01-07 15:13:55.838 9 RALLYDEBUG rally.api [-] urllib3 insecure warnings are hidden.
2020-01-07 15:13:55.839 9 RALLYDEBUG rally.api [-] ERROR log from boto module is hide.
2020-01-07 15:13:58.025 11 RALLYDEBUG rally.api [-] INFO logs from urllib3 and requests module are hide.
2020-01-07 15:13:58.025 11 RALLYDEBUG rally.api [-] urllib3 insecure warnings are hidden.
2020-01-07 15:13:58.025 11 RALLYDEBUG rally.api [-] ERROR log from boto module is hide.
2020-01-07 15:14:00.647 14 RALLYDEBUG rally.api [-] INFO logs from urllib3 and requests module are hide.
2020-01-07 15:14:00.647 14 RALLYDEBUG rally.api [-] urllib3 insecure warnings are hidden.
2020-01-07 15:14:00.647 14 RALLYDEBUG rally.api [-] ERROR log from boto module is hide.
2020-01-07 15:14:01.926 16 RALLYDEBUG rally.api [-] INFO logs from urllib3 and requests module are hide.
2020-01-07 15:14:01.927 16 RALLYDEBUG rally.api [-] urllib3 insecure warnings are hidden.
2020-01-07 15:14:01.927 16 RALLYDEBUG rally.api [-] ERROR log from boto module is hide.
2020-01-07 15:14:03.165 16 INFO rally.common.plugin.discover [-] Loading plugins from directories /root/.rally/plugins/*
2020-01-07 15:14:03.165 16 INFO rally.common.plugin.discover [-] Loaded module with plugins: /root/.rally/plugins/__init__.py
2020-01-07 15:14:03.168 16 INFO rally.common.plugin.discover [-] Loaded module with plugins: /root/.rally/plugins/trunk_scenario.py
2020-01-07 15:14:03.336 16 INFO rally.task.engine [-] Task d6818ede-2f05-4963-996c-7872eeabf8e4 | Starting: Task validation.
2020-01-07 15:14:03.348 16 INFO rally.task.engine [-] Task d6818ede-2f05-4963-996c-7872eeabf8e4 | Starting: Task validation of syntax.
2020-01-07 15:14:03.497 16 INFO rally.task.engine [-] Task d6818ede-2f05-4963-996c-7872eeabf8e4 | Completed: Task validation of syntax.
2020-01-07 15:14:03.497 16 INFO rally.task.engine [-] Task d6818ede-2f05-4963-996c-7872eeabf8e4 | Starting: Task validation of required platforms.
2020-01-07 15:14:03.565 16 INFO rally.task.engine [-] Task d6818ede-2f05-4963-996c-7872eeabf8e4 | Completed: Task validation of required platforms.
2020-01-07 15:14:03.565 16 INFO rally.task.engine [-] Task d6818ede-2f05-4963-996c-7872eeabf8e4 | Starting: Task validation of semantic.
2020-01-07 15:14:03.565 16 INFO rally.task.engine [-] Check health of the environment 'a9bc907e-92a5-4841-af7d-eec6444f74a8'.
2020-01-07 15:14:03.984 16 INFO rally.task.engine [-] Platform existing@openstack (available: True): OK!
2020-01-07 15:14:03.994 16 RALLYDEBUG rally_openstack.contexts.keystone.users [-] Creating 1 tenants using 20 threads
2020-01-07 15:14:04.291 16 RALLYDEBUG rally_openstack.contexts.keystone.users [-] Creating 1 users using 20 threads
2020-01-07 15:14:04.719 16 INFO rally.task.context [-] Task d6818ede-2f05-4963-996c-7872eeabf8e4 | Context users@openstack setup() finished in 0.72 sec
2020-01-07 15:14:06.084 16 INFO rally.task.context [-] Task d6818ede-2f05-4963-996c-7872eeabf8e4 | Context users@openstack cleanup() started
2020-01-07 15:14:07.944 16 INFO rally.task.context [-] Task d6818ede-2f05-4963-996c-7872eeabf8e4 | Context users@openstack cleanup() finished in 1.86 sec
2020-01-07 15:14:07.945 16 INFO rally.task.engine [-] Task d6818ede-2f05-4963-996c-7872eeabf8e4 | Completed: Task validation of semantic.
2020-01-07 15:14:07.945 16 INFO rally.task.engine [-] Task d6818ede-2f05-4963-996c-7872eeabf8e4 | Completed: Task validation.
2020-01-07 15:14:07.945 16 INFO rally.api [-] Task d6818ede-2f05-4963-996c-7872eeabf8e4 input file is valid.
2020-01-07 15:14:07.945 16 INFO rally.api [-] Run Task d6818ede-2f05-4963-996c-7872eeabf8e4 against Deployment a9bc907e-92a5-4841-af7d-eec6444f74a8
2020-01-07 15:14:07.946 16 INFO rally.task.engine [-] Task d6818ede-2f05-4963-996c-7872eeabf8e4 | Starting: Running task.
2020-01-07 15:14:07.993 16 INFO rally.task.engine [-] Running workload: position = 0 config = { "version": 2, "title": "A cropped version of a bigger task.", "description": "Auto-generated task from a single workload (uuid=b9003abf-e7d3-46dd-bc73-85c68915a4b1)", "subtasks": [ { "title": "NeutronNetworks.create_and_list_networks", "description": "Check performance of list_networks action and ensure > network quotas are not exceeded", "scenario": { "NeutronNetworks.create_and_list_networks": {} }, "contexts": { "users": { "tenants": 1, "users_per_tenant": 1 }, "quotas": { "neutron": { "network": 119 } } }, "runner": { "constant": { "times": 100, "concurrency": 20 } }, "hooks": [], "sla": { "max_avg_duration_per_atomic": { "neutron.list_networks": 15 }, "failure_rate": { "max": 0 } } } ] }
2020-01-07 15:14:08.006 16 RALLYDEBUG rally_openstack.contexts.keystone.users [-] Creating 1 tenants using 20 threads
2020-01-07 15:14:08.322 16 RALLYDEBUG rally_openstack.contexts.keystone.users [-] Creating 1 users using 20 threads
2020-01-07 15:14:08.735 16 INFO rally.task.context [-] Task d6818ede-2f05-4963-996c-7872eeabf8e4 | Context users@openstack setup() finished in 0.73 sec
2020-01-07 15:14:09.070 16 INFO rally.task.context [-] Task d6818ede-2f05-4963-996c-7872eeabf8e4 | Context quotas@openstack setup() finished in 0.33 sec
2020-01-07 15:14:09.070 16 INFO rally.task.context [-] Task d6818ede-2f05-4963-996c-7872eeabf8e4 | Context cleanup@openstack setup() finished in 0.01 msec
2020-01-07 15:14:09.080 16 RALLYDEBUG rally.task.runner [-] Starting the constant runner (task UUID: d6818ede-2f05-4963-996c-7872eeabf8e4). timeout: 0 concurrency: 20 concurrency_per_worker: 1 times: 100 concurrency_overhead: 0 processes_to_start: 20 max_cpu_used: 88
2020-01-07 15:14:09.093 140 RALLYDEBUG rally.task.runner [-] Starting a worker. concurrency: 1 args: {} times: 100 method_name: run timeout: 0 duration: None cls:
2020-01-07 15:14:09.096 141 RALLYDEBUG rally.task.runner [-] Starting a worker. concurrency: 1 args: {} times: 100 method_name: run timeout: 0 duration: None cls:
2020-01-07 15:14:09.099 140 INFO rally.task.runner [-] Task d6818ede-2f05-4963-996c-7872eeabf8e4 | ITER: 1 START
2020-01-07 15:14:09.099 142 RALLYDEBUG rally.task.runner [-] Starting a worker. concurrency: 1 args: {} times: 100 method_name: run timeout: 0 duration: None cls:
2020-01-07 15:14:09.102 141 INFO rally.task.runner [-] Task d6818ede-2f05-4963-996c-7872eeabf8e4 | ITER: 2 START
2020-01-07 15:14:09.101 143 RALLYDEBUG rally.task.runner [-] Starting a worker. concurrency: 1 args: {} times: 100 method_name: run timeout: 0 duration: None cls:
2020-01-07 15:14:09.104 142 INFO rally.task.runner [-] Task d6818ede-2f05-4963-996c-7872eeabf8e4 | ITER: 3 START
2020-01-07 15:14:09.104 145 RALLYDEBUG rally.task.runner [-] Starting a worker. concurrency: 1 args: {} times: 100 method_name: run timeout: 0 duration: None cls:
2020-01-07 15:14:09.106 148 RALLYDEBUG rally.task.runner [-] Starting a worker. concurrency: 1 args: {} times: 100 method_name: run timeout: 0 duration: None cls:
2020-01-07 15:14:09.107 143 INFO rally.task.runner [-] Task d6818ede-2f05-4963-996c-7872eeabf8e4 | ITER: 4 START
2020-01-07 15:14:09.109 145 INFO rally.task.runner [-] Task d6818ede-2f05-4963-996c-7872eeabf8e4 | ITER: 5 START
2020-01-07 15:14:09.109 152 RALLYDEBUG rally.task.runner [-] Starting a worker. concurrency: 1 args: {} times: 100 method_name: run timeout: 0 duration: None cls:
2020-01-07 15:14:09.112 148 INFO rally.task.runner [-] Task d6818ede-2f05-4963-996c-7872eeabf8e4 | ITER: 6 START
2020-01-07 15:14:09.112 155 RALLYDEBUG rally.task.runner [-] Starting a worker. concurrency: 1 args: {} times: 100 method_name: run timeout: 0 duration: None cls:
2020-01-07 15:14:09.114 152 INFO rally.task.runner [-] Task d6818ede-2f05-4963-996c-7872eeabf8e4 | ITER: 7 START
2020-01-07 15:14:09.114 158 RALLYDEBUG rally.task.runner [-] Starting a worker. concurrency: 1 args: {} times: 100 method_name: run timeout: 0 duration: None cls:
2020-01-07 15:14:09.115 161 RALLYDEBUG rally.task.runner [-] Starting a worker. concurrency: 1 args: {} times: 100 method_name: run timeout: 0 duration: None cls:
2020-01-07 15:14:09.117 155 INFO rally.task.runner [-] Task d6818ede-2f05-4963-996c-7872eeabf8e4 | ITER: 8 START
2020-01-07 15:14:09.119 161 INFO rally.task.runner [-] Task d6818ede-2f05-4963-996c-7872eeabf8e4 | ITER: 10 START
2020-01-07 15:14:09.120 158 INFO rally.task.runner [-] Task d6818ede-2f05-4963-996c-7872eeabf8e4 | ITER: 9 START
2020-01-07 15:14:09.119 164 RALLYDEBUG rally.task.runner [-] Starting a worker. concurrency: 1 args: {} times: 100 method_name: run timeout: 0 duration: None cls:
2020-01-07 15:14:09.122 167 RALLYDEBUG rally.task.runner [-] Starting a worker. concurrency: 1 args: {} times: 100 method_name: run timeout: 0 duration: None cls:
2020-01-07 15:14:09.125 164 INFO rally.task.runner [-] Task d6818ede-2f05-4963-996c-7872eeabf8e4 | ITER: 11 START
2020-01-07 15:14:09.126 172 RALLYDEBUG rally.task.runner [-] Starting a worker. concurrency: 1 args: {} times: 100 method_name: run timeout: 0 duration: None cls:
2020-01-07 15:14:09.128 167 INFO rally.task.runner [-] Task d6818ede-2f05-4963-996c-7872eeabf8e4 | ITER: 12 START
2020-01-07 15:14:09.130 173 RALLYDEBUG rally.task.runner [-] Starting a worker. concurrency: 1 args: {} times: 100 method_name: run timeout: 0 duration: None cls:
2020-01-07 15:14:09.131 176 RALLYDEBUG rally.task.runner [-] Starting a worker. concurrency: 1 args: {} times: 100 method_name: run timeout: 0 duration: None cls:
2020-01-07 15:14:09.133 172 INFO rally.task.runner [-] Task d6818ede-2f05-4963-996c-7872eeabf8e4 | ITER: 13 START
2020-01-07 15:14:09.132 179 RALLYDEBUG rally.task.runner [-] Starting a worker. concurrency: 1 args: {} times: 100 method_name: run timeout: 0 duration: None cls:
2020-01-07 15:14:09.137 176 INFO rally.task.runner [-] Task d6818ede-2f05-4963-996c-7872eeabf8e4 | ITER: 15 START
2020-01-07 15:14:09.137 173 INFO rally.task.runner [-] Task d6818ede-2f05-4963-996c-7872eeabf8e4 | ITER: 14 START
2020-01-07 15:14:09.137 181 RALLYDEBUG rally.task.runner [-] Starting a worker. concurrency: 1 args: {} times: 100 method_name: run timeout: 0 duration: None cls:
2020-01-07 15:14:09.137 179 INFO rally.task.runner [-] Task d6818ede-2f05-4963-996c-7872eeabf8e4 | ITER: 16 START
2020-01-07 15:14:09.140 183 RALLYDEBUG rally.task.runner [-] Starting a worker. concurrency: 1 args: {} times: 100 method_name: run timeout: 0 duration: None cls:
2020-01-07 15:14:09.142 189 RALLYDEBUG rally.task.runner [-] Starting a worker. concurrency: 1 args: {} times: 100 method_name: run timeout: 0 duration: None cls:
2020-01-07 15:14:09.143 191 RALLYDEBUG rally.task.runner [-] Starting a worker. concurrency: 1 args: {} times: 100 method_name: run timeout: 0 duration: None cls:
2020-01-07 15:14:09.145 181 INFO rally.task.runner [-] Task d6818ede-2f05-4963-996c-7872eeabf8e4 | ITER: 17 START
2020-01-07 15:14:09.147 183 INFO rally.task.runner [-] Task d6818ede-2f05-4963-996c-7872eeabf8e4 | ITER: 18 START
2020-01-07 15:14:09.149 189 INFO rally.task.runner [-] Task d6818ede-2f05-4963-996c-7872eeabf8e4 | ITER: 19 START
2020-01-07 15:14:09.150 191 INFO rally.task.runner [-] Task d6818ede-2f05-4963-996c-7872eeabf8e4 | ITER: 20 START
2020-01-07 15:14:10.314 140 INFO rally.task.runner [-] Task d6818ede-2f05-4963-996c-7872eeabf8e4 | ITER: 1 END: OK
2020-01-07 15:14:10.319 140 INFO rally.task.runner [-] Task d6818ede-2f05-4963-996c-7872eeabf8e4 | ITER: 21 START
2020-01-07 15:14:10.352 141 INFO rally.task.runner [-] Task d6818ede-2f05-4963-996c-7872eeabf8e4 | ITER: 2 END: OK
2020-01-07 15:14:10.357 141 INFO rally.task.runner [-] Task d6818ede-2f05-4963-996c-7872eeabf8e4 | ITER: 22 START
2020-01-07 15:14:11.593 142 INFO rally.task.runner [-] Task d6818ede-2f05-4963-996c-7872eeabf8e4 | ITER: 3 END: OK
2020-01-07 15:14:11.596 142 INFO rally.task.runner [-] Task d6818ede-2f05-4963-996c-7872eeabf8e4 | ITER: 23 START
2020-01-07 15:14:11.721 145 INFO rally.task.runner [-] Task d6818ede-2f05-4963-996c-7872eeabf8e4 | ITER: 5 END: OK
2020-01-07 15:14:11.726 145 INFO rally.task.runner [-] Task d6818ede-2f05-4963-996c-7872eeabf8e4 | ITER: 24 START
2020-01-07 15:14:11.779 143 INFO rally.task.runner [-] Task d6818ede-2f05-4963-996c-7872eeabf8e4 | ITER: 4 END: OK
2020-01-07 15:14:11.784 143 INFO rally.task.runner [-] Task d6818ede-2f05-4963-996c-7872eeabf8e4 | ITER: 25 START
2020-01-07 15:14:11.997 161 INFO rally.task.runner [-] Task d6818ede-2f05-4963-996c-7872eeabf8e4 | ITER: 10 END: OK
2020-01-07 15:14:12.002 161 INFO rally.task.runner [-] Task d6818ede-2f05-4963-996c-7872eeabf8e4 | ITER: 26 START
2020-01-07 15:14:12.172 148 INFO rally.task.runner [-] Task d6818ede-2f05-4963-996c-7872eeabf8e4 | ITER: 6 END: OK
2020-01-07 15:14:12.177 148 INFO rally.task.runner [-] Task d6818ede-2f05-4963-996c-7872eeabf8e4 | ITER: 27 START
2020-01-07 15:14:12.266 152 INFO rally.task.runner [-] Task d6818ede-2f05-4963-996c-7872eeabf8e4 | ITER: 7 END: OK
2020-01-07 15:14:12.270 152 INFO rally.task.runner [-] Task d6818ede-2f05-4963-996c-7872eeabf8e4 | ITER: 28 START
2020-01-07 15:14:12.279 172 INFO rally.task.runner [-] Task d6818ede-2f05-4963-996c-7872eeabf8e4 | ITER: 13 END: OK
2020-01-07 15:14:12.281 155 INFO rally.task.runner [-] Task d6818ede-2f05-4963-996c-7872eeabf8e4 | ITER: 8 END: OK
2020-01-07 15:14:12.283 158 INFO rally.task.runner [-] Task d6818ede-2f05-4963-996c-7872eeabf8e4 | ITER: 9 END: OK
2020-01-07 15:14:12.283 172 INFO rally.task.runner [-] Task d6818ede-2f05-4963-996c-7872eeabf8e4 | ITER: 29 START
2020-01-07 15:14:12.285 155 INFO rally.task.runner [-] Task d6818ede-2f05-4963-996c-7872eeabf8e4 | ITER: 30 START
2020-01-07 15:14:12.287 158 INFO rally.task.runner [-] Task d6818ede-2f05-4963-996c-7872eeabf8e4 | ITER: 31 START
2020-01-07 15:14:12.377 181 INFO rally.task.runner [-] Task d6818ede-2f05-4963-996c-7872eeabf8e4 | ITER: 17 END: OK
2020-01-07 15:14:12.382 181 INFO rally.task.runner [-] Task d6818ede-2f05-4963-996c-7872eeabf8e4 | ITER: 32 START
2020-01-07 15:14:12.575 164 INFO rally.task.runner [-] Task d6818ede-2f05-4963-996c-7872eeabf8e4 | ITER: 11 END: OK
2020-01-07 15:14:12.580 164 INFO rally.task.runner [-] Task d6818ede-2f05-4963-996c-7872eeabf8e4 | ITER: 33 START
2020-01-07 15:14:12.775 173 INFO rally.task.runner [-] Task d6818ede-2f05-4963-996c-7872eeabf8e4 | ITER: 14 END: OK
2020-01-07 15:14:12.780 173 INFO rally.task.runner [-] Task d6818ede-2f05-4963-996c-7872eeabf8e4 | ITER: 34 START
2020-01-07 15:14:12.845 167 INFO rally.task.runner [-] Task d6818ede-2f05-4963-996c-7872eeabf8e4 | ITER: 12 END: OK
2020-01-07 15:14:12.850 167 INFO rally.task.runner [-] Task d6818ede-2f05-4963-996c-7872eeabf8e4 | ITER: 35 START
2020-01-07 15:14:12.887 176 INFO rally.task.runner [-] Task d6818ede-2f05-4963-996c-7872eeabf8e4 | ITER: 15 END: OK
2020-01-07 15:14:12.892 176 INFO rally.task.runner [-] Task d6818ede-2f05-4963-996c-7872eeabf8e4 | ITER: 36 START
2020-01-07 15:14:13.014 183 INFO rally.task.runner [-] Task d6818ede-2f05-4963-996c-7872eeabf8e4 | ITER: 18 END: OK
2020-01-07 15:14:13.019 183 INFO rally.task.runner [-] Task d6818ede-2f05-4963-996c-7872eeabf8e4 | ITER: 37 START
2020-01-07 15:14:13.053 141 INFO rally.task.runner [-] Task d6818ede-2f05-4963-996c-7872eeabf8e4 | ITER: 22 END: OK
2020-01-07 15:14:13.056 141 INFO rally.task.runner [-] Task d6818ede-2f05-4963-996c-7872eeabf8e4 | ITER: 38 START
2020-01-07 15:14:13.074 189 INFO rally.task.runner [-] Task d6818ede-2f05-4963-996c-7872eeabf8e4 | ITER: 19 END: OK
2020-01-07 15:14:13.078 189 INFO rally.task.runner [-] Task d6818ede-2f05-4963-996c-7872eeabf8e4 | ITER: 39 START
2020-01-07 15:14:13.151 191 INFO rally.task.runner [-] Task d6818ede-2f05-4963-996c-7872eeabf8e4 | ITER: 20 END: OK
2020-01-07 15:14:13.156 191 INFO rally.task.runner [-] Task d6818ede-2f05-4963-996c-7872eeabf8e4 | ITER: 40 START
2020-01-07 15:14:13.371 140 INFO rally.task.runner [-] Task d6818ede-2f05-4963-996c-7872eeabf8e4 | ITER: 21 END: OK
2020-01-07 15:14:13.373 179 INFO rally.task.runner [-] Task d6818ede-2f05-4963-996c-7872eeabf8e4 | ITER: 16 END: OK
2020-01-07 15:14:13.374 140 INFO rally.task.runner [-] Task d6818ede-2f05-4963-996c-7872eeabf8e4 | ITER: 41 START
2020-01-07 15:14:13.377 179 INFO rally.task.runner [-] Task d6818ede-2f05-4963-996c-7872eeabf8e4 | ITER: 42 START
2020-01-07 15:14:13.464 145 INFO rally.task.runner [-] Task d6818ede-2f05-4963-996c-7872eeabf8e4 | ITER: 24 END: OK
2020-01-07 15:14:13.467 145 INFO rally.task.runner [-] Task d6818ede-2f05-4963-996c-7872eeabf8e4 | ITER: 43 START
2020-01-07 15:14:13.554 142 INFO rally.task.runner [-] Task d6818ede-2f05-4963-996c-7872eeabf8e4 | ITER: 23 END: OK
2020-01-07 15:14:13.558 142 INFO rally.task.runner [-] Task d6818ede-2f05-4963-996c-7872eeabf8e4 | ITER: 44 START
2020-01-07 15:14:13.622 161 INFO rally.task.runner [-] Task d6818ede-2f05-4963-996c-7872eeabf8e4 | ITER: 26 END: OK
2020-01-07 15:14:13.626 161 INFO rally.task.runner [-] Task d6818ede-2f05-4963-996c-7872eeabf8e4 | ITER: 45 START
2020-01-07 15:14:13.920 143 INFO rally.task.runner [-] Task d6818ede-2f05-4963-996c-7872eeabf8e4 | ITER: 25 END: OK
2020-01-07 15:14:13.924 143 INFO rally.task.runner [-] Task d6818ede-2f05-4963-996c-7872eeabf8e4 | ITER: 46 START
2020-01-07 15:14:13.928 152 INFO rally.task.runner [-] Task d6818ede-2f05-4963-996c-7872eeabf8e4 | ITER: 28 END: OK
2020-01-07 15:14:13.932 152 INFO rally.task.runner [-] Task d6818ede-2f05-4963-996c-7872eeabf8e4 | ITER: 47 START
2020-01-07 15:14:14.286 164 INFO rally.task.runner [-] Task d6818ede-2f05-4963-996c-7872eeabf8e4 | ITER: 33 END: OK
2020-01-07 15:14:14.289 164 INFO rally.task.runner [-] Task d6818ede-2f05-4963-996c-7872eeabf8e4 | ITER: 48 START
2020-01-07 15:14:14.722 148 INFO rally.task.runner [-] Task d6818ede-2f05-4963-996c-7872eeabf8e4 | ITER: 27 END: OK
2020-01-07 15:14:14.726 148 INFO rally.task.runner [-] Task d6818ede-2f05-4963-996c-7872eeabf8e4 | ITER: 49 START
2020-01-07 15:14:14.776 167 INFO rally.task.runner [-] Task d6818ede-2f05-4963-996c-7872eeabf8e4 | ITER: 35 END: OK
2020-01-07 15:14:14.780 167 INFO rally.task.runner [-] Task d6818ede-2f05-4963-996c-7872eeabf8e4 | ITER: 50 START
2020-01-07 15:14:14.824 155 INFO rally.task.runner [-] Task d6818ede-2f05-4963-996c-7872eeabf8e4 | ITER: 30 END: OK
2020-01-07 15:14:14.827 155 INFO rally.task.runner [-] Task d6818ede-2f05-4963-996c-7872eeabf8e4 | ITER: 51 START
2020-01-07 15:14:14.887 158 INFO rally.task.runner [-] Task d6818ede-2f05-4963-996c-7872eeabf8e4 | ITER: 31 END: OK
2020-01-07 15:14:14.890 181 INFO rally.task.runner [-] Task d6818ede-2f05-4963-996c-7872eeabf8e4 | ITER: 32 END: OK
2020-01-07 15:14:14.890 158 INFO rally.task.runner [-] Task d6818ede-2f05-4963-996c-7872eeabf8e4 | ITER: 52 START
2020-01-07 15:14:14.891 183 INFO rally.task.runner [-] Task d6818ede-2f05-4963-996c-7872eeabf8e4 | ITER: 37 END: OK
2020-01-07 15:14:14.894 181 INFO rally.task.runner [-] Task d6818ede-2f05-4963-996c-7872eeabf8e4 | ITER: 53 START
2020-01-07 15:14:14.895 183 INFO rally.task.runner [-] Task d6818ede-2f05-4963-996c-7872eeabf8e4 | ITER: 54 START
2020-01-07 15:14:14.908 173 INFO rally.task.runner [-] Task d6818ede-2f05-4963-996c-7872eeabf8e4 | ITER: 34 END: OK
2020-01-07 15:14:14.911 173 INFO rally.task.runner [-] Task d6818ede-2f05-4963-996c-7872eeabf8e4 | ITER: 55 START
2020-01-07 15:14:14.918 172 INFO rally.task.runner [-] Task d6818ede-2f05-4963-996c-7872eeabf8e4 | ITER: 29 END: OK
2020-01-07 15:14:14.921 172 INFO rally.task.runner [-] Task d6818ede-2f05-4963-996c-7872eeabf8e4 | ITER: 56 START
2020-01-07 15:14:14.941 176 INFO rally.task.runner [-] Task d6818ede-2f05-4963-996c-7872eeabf8e4 | ITER: 36 END: OK
2020-01-07 15:14:14.945 176 INFO rally.task.runner [-] Task d6818ede-2f05-4963-996c-7872eeabf8e4 | ITER: 57 START
2020-01-07 15:14:15.085 141 INFO rally.task.runner [-] Task d6818ede-2f05-4963-996c-7872eeabf8e4 | ITER: 38 END: OK
2020-01-07 15:14:15.089 141 INFO rally.task.runner [-] Task d6818ede-2f05-4963-996c-7872eeabf8e4 | ITER: 58 START
2020-01-07 15:14:15.230 191 INFO rally.task.runner [-] Task d6818ede-2f05-4963-996c-7872eeabf8e4 | ITER: 40 END: OK
2020-01-07 15:14:15.233 191 INFO rally.task.runner [-] Task d6818ede-2f05-4963-996c-7872eeabf8e4 | ITER: 59 START
2020-01-07 15:14:15.376 179 INFO rally.task.runner [-] Task d6818ede-2f05-4963-996c-7872eeabf8e4 | ITER: 42 END: OK
2020-01-07 15:14:15.380 179 INFO rally.task.runner [-] Task d6818ede-2f05-4963-996c-7872eeabf8e4 | ITER: 60 START
2020-01-07 15:14:15.555 140 INFO rally.task.runner [-] Task d6818ede-2f05-4963-996c-7872eeabf8e4 | ITER: 41 END: OK
2020-01-07 15:14:15.559 140 INFO rally.task.runner [-] Task d6818ede-2f05-4963-996c-7872eeabf8e4 | ITER: 61 START
2020-01-07 15:14:15.737 189 INFO rally.task.runner [-] Task d6818ede-2f05-4963-996c-7872eeabf8e4 | ITER: 39 END: OK
2020-01-07 15:14:15.741 189 INFO rally.task.runner [-] Task d6818ede-2f05-4963-996c-7872eeabf8e4 | ITER: 62 START
2020-01-07 15:14:15.850 161 INFO rally.task.runner [-] Task d6818ede-2f05-4963-996c-7872eeabf8e4 | ITER: 45 END: OK
2020-01-07 15:14:15.853 161 INFO rally.task.runner [-] Task d6818ede-2f05-4963-996c-7872eeabf8e4 | ITER: 63 START
2020-01-07 15:14:16.012 143 INFO rally.task.runner [-] Task d6818ede-2f05-4963-996c-7872eeabf8e4 | ITER: 46 END: OK
2020-01-07 15:14:16.015 143 INFO rally.task.runner [-] Task d6818ede-2f05-4963-996c-7872eeabf8e4 | ITER: 64 START
2020-01-07 15:14:16.067 145 INFO rally.task.runner [-] Task d6818ede-2f05-4963-996c-7872eeabf8e4 | ITER: 43 END: OK
2020-01-07 15:14:16.071 145 INFO rally.task.runner [-] Task d6818ede-2f05-4963-996c-7872eeabf8e4 | ITER: 65 START
2020-01-07 15:14:16.175 152 INFO rally.task.runner [-] Task d6818ede-2f05-4963-996c-7872eeabf8e4 | ITER: 47 END: OK
2020-01-07 15:14:16.178 152 INFO rally.task.runner [-] Task d6818ede-2f05-4963-996c-7872eeabf8e4 | ITER: 66 START
2020-01-07 15:14:16.458 142 INFO rally.task.runner [-] Task d6818ede-2f05-4963-996c-7872eeabf8e4 | ITER: 44 END: OK
2020-01-07 15:14:16.462 142 INFO rally.task.runner [-] Task d6818ede-2f05-4963-996c-7872eeabf8e4 | ITER: 67 START
2020-01-07 15:14:16.846 148 INFO rally.task.runner [-] Task d6818ede-2f05-4963-996c-7872eeabf8e4 | ITER: 49 END: OK
2020-01-07 15:14:16.850 148 INFO rally.task.runner [-] Task d6818ede-2f05-4963-996c-7872eeabf8e4 | ITER: 68 START
2020-01-07 15:14:16.857 155 INFO rally.task.runner [-] Task d6818ede-2f05-4963-996c-7872eeabf8e4 | ITER: 51 END: OK
2020-01-07 15:14:16.861 155 INFO rally.task.runner [-] Task d6818ede-2f05-4963-996c-7872eeabf8e4 | ITER: 69 START
2020-01-07 15:14:17.063 173 INFO rally.task.runner [-] Task d6818ede-2f05-4963-996c-7872eeabf8e4 | ITER: 55 END: OK
2020-01-07 15:14:17.067 173 INFO rally.task.runner [-] Task d6818ede-2f05-4963-996c-7872eeabf8e4 | ITER: 70 START
2020-01-07 15:14:17.096 183 INFO rally.task.runner [-] Task d6818ede-2f05-4963-996c-7872eeabf8e4 | ITER: 54 END: OK
2020-01-07 15:14:17.100 183 INFO rally.task.runner [-] Task d6818ede-2f05-4963-996c-7872eeabf8e4 | ITER: 71 START
2020-01-07 15:14:17.422 176 INFO rally.task.runner [-] Task d6818ede-2f05-4963-996c-7872eeabf8e4 | ITER: 57 END: OK
2020-01-07 15:14:17.426 176 INFO rally.task.runner [-] Task d6818ede-2f05-4963-996c-7872eeabf8e4 | ITER: 72 START
2020-01-07 15:14:17.790 164 INFO rally.task.runner [-] Task d6818ede-2f05-4963-996c-7872eeabf8e4 | ITER: 48 END: OK
2020-01-07 15:14:17.793 167 INFO rally.task.runner [-] Task d6818ede-2f05-4963-996c-7872eeabf8e4 | ITER: 50 END: OK
2020-01-07 15:14:17.794 164 INFO rally.task.runner [-] Task d6818ede-2f05-4963-996c-7872eeabf8e4 | ITER: 73 START
2020-01-07 15:14:17.797 167 INFO rally.task.runner [-] Task d6818ede-2f05-4963-996c-7872eeabf8e4 | ITER: 74 START
2020-01-07 15:14:17.858 181 INFO rally.task.runner [-] Task d6818ede-2f05-4963-996c-7872eeabf8e4 | ITER: 53 END: OK
2020-01-07 15:14:17.862 181 INFO rally.task.runner [-] Task d6818ede-2f05-4963-996c-7872eeabf8e4 | ITER: 75 START
2020-01-07 15:14:17.871 141 INFO rally.task.runner [-] Task d6818ede-2f05-4963-996c-7872eeabf8e4 | ITER: 58 END: OK
2020-01-07 15:14:17.875 141 INFO rally.task.runner [-] Task d6818ede-2f05-4963-996c-7872eeabf8e4 | ITER: 76 START
2020-01-07 15:14:17.936 172 INFO rally.task.runner [-] Task d6818ede-2f05-4963-996c-7872eeabf8e4 | ITER: 56 END: OK
2020-01-07 15:14:17.940 172 INFO rally.task.runner [-] Task d6818ede-2f05-4963-996c-7872eeabf8e4 | ITER: 77 START
2020-01-07 15:14:17.945 158 INFO rally.task.runner [-] Task d6818ede-2f05-4963-996c-7872eeabf8e4 | ITER: 52 END: OK
2020-01-07 15:14:17.948 158 INFO rally.task.runner [-] Task d6818ede-2f05-4963-996c-7872eeabf8e4 | ITER: 78 START
2020-01-07 15:14:18.494 161 INFO rally.task.runner [-] Task d6818ede-2f05-4963-996c-7872eeabf8e4 | ITER: 63 END: OK
2020-01-07 15:14:18.498 161 INFO rally.task.runner [-] Task d6818ede-2f05-4963-996c-7872eeabf8e4 | ITER: 79 START
2020-01-07 15:14:18.508 142 INFO rally.task.runner [-] Task d6818ede-2f05-4963-996c-7872eeabf8e4 | ITER: 67 END: OK
2020-01-07 15:14:18.512 142 INFO rally.task.runner [-] Task d6818ede-2f05-4963-996c-7872eeabf8e4 | ITER: 80 START
2020-01-07 15:14:18.592 143 INFO rally.task.runner [-] Task d6818ede-2f05-4963-996c-7872eeabf8e4 | ITER: 64 END: OK
2020-01-07 15:14:18.595 143 INFO rally.task.runner [-] Task d6818ede-2f05-4963-996c-7872eeabf8e4 | ITER: 81 START
2020-01-07 15:14:18.746 145 INFO rally.task.runner [-] Task d6818ede-2f05-4963-996c-7872eeabf8e4 | ITER: 65 END: OK
2020-01-07 15:14:18.750 145 INFO rally.task.runner [-] Task d6818ede-2f05-4963-996c-7872eeabf8e4 | ITER: 82 START
2020-01-07 15:14:18.779 148 INFO rally.task.runner [-] Task d6818ede-2f05-4963-996c-7872eeabf8e4 | ITER: 68 END: OK
2020-01-07 15:14:18.782 148 INFO rally.task.runner [-] Task d6818ede-2f05-4963-996c-7872eeabf8e4 | ITER: 83 START
2020-01-07 15:14:18.861 191 INFO rally.task.runner [-] Task d6818ede-2f05-4963-996c-7872eeabf8e4 | ITER: 59 END: OK
2020-01-07 15:14:18.864 191 INFO rally.task.runner [-] Task d6818ede-2f05-4963-996c-7872eeabf8e4 | ITER: 84 START
2020-01-07 15:14:18.865 179 INFO rally.task.runner [-] Task d6818ede-2f05-4963-996c-7872eeabf8e4 | ITER: 60 END: OK
2020-01-07 15:14:18.869 179 INFO rally.task.runner [-] Task d6818ede-2f05-4963-996c-7872eeabf8e4 | ITER: 85 START
2020-01-07 15:14:18.924 155 INFO rally.task.runner [-] Task d6818ede-2f05-4963-996c-7872eeabf8e4 | ITER: 69 END: OK
2020-01-07 15:14:18.928 155 INFO rally.task.runner [-] Task d6818ede-2f05-4963-996c-7872eeabf8e4 | ITER: 86 START
2020-01-07 15:14:18.964 173 INFO rally.task.runner [-] Task d6818ede-2f05-4963-996c-7872eeabf8e4 | ITER: 70 END: OK
2020-01-07 15:14:18.967 173 INFO rally.task.runner [-] Task d6818ede-2f05-4963-996c-7872eeabf8e4 | ITER: 87 START
2020-01-07 15:14:19.083 176 INFO rally.task.runner [-] Task d6818ede-2f05-4963-996c-7872eeabf8e4 | ITER: 72 END: OK
2020-01-07 15:14:19.087 176 INFO rally.task.runner [-] Task d6818ede-2f05-4963-996c-7872eeabf8e4 | ITER: 88 START
2020-01-07 15:14:19.399 140 INFO rally.task.runner [-] Task d6818ede-2f05-4963-996c-7872eeabf8e4 | ITER: 61 END: OK
2020-01-07 15:14:19.402 140 INFO rally.task.runner [-] Task d6818ede-2f05-4963-996c-7872eeabf8e4 | ITER: 89 START
2020-01-07 15:14:19.450 167 INFO rally.task.runner [-] Task d6818ede-2f05-4963-996c-7872eeabf8e4 | ITER: 74 END: OK
2020-01-07 15:14:19.454 167 INFO rally.task.runner [-] Task d6818ede-2f05-4963-996c-7872eeabf8e4 | ITER: 90 START
2020-01-07 15:14:19.639 189 INFO rally.task.runner [-] Task d6818ede-2f05-4963-996c-7872eeabf8e4 | ITER: 62 END: OK
2020-01-07 15:14:19.643 189 INFO rally.task.runner [-] Task d6818ede-2f05-4963-996c-7872eeabf8e4 | ITER: 91 START
2020-01-07 15:14:19.705 183 INFO rally.task.runner [-] Task d6818ede-2f05-4963-996c-7872eeabf8e4 | ITER: 71 END: OK
2020-01-07 15:14:19.709 183 INFO rally.task.runner [-] Task d6818ede-2f05-4963-996c-7872eeabf8e4 | ITER: 92 START
2020-01-07 15:14:19.817 152 INFO rally.task.runner [-] Task d6818ede-2f05-4963-996c-7872eeabf8e4 | ITER: 66 END: OK
2020-01-07 15:14:19.821 152 INFO rally.task.runner [-] Task d6818ede-2f05-4963-996c-7872eeabf8e4 | ITER: 93 START
2020-01-07 15:14:19.836 141 INFO rally.task.runner [-] Task d6818ede-2f05-4963-996c-7872eeabf8e4 | ITER: 76 END: OK
2020-01-07 15:14:19.839 141 INFO rally.task.runner [-] Task d6818ede-2f05-4963-996c-7872eeabf8e4 | ITER: 94 START
2020-01-07 15:14:19.843 164 INFO rally.task.runner [-] Task d6818ede-2f05-4963-996c-7872eeabf8e4 | ITER: 73 END: OK
2020-01-07 15:14:19.847 164 INFO rally.task.runner [-] Task d6818ede-2f05-4963-996c-7872eeabf8e4 | ITER: 95 START
2020-01-07 15:14:20.392 181 INFO rally.task.runner [-] Task d6818ede-2f05-4963-996c-7872eeabf8e4 | ITER: 75 END: OK
2020-01-07 15:14:20.396 181 INFO rally.task.runner [-] Task d6818ede-2f05-4963-996c-7872eeabf8e4 | ITER: 96 START
2020-01-07 15:14:20.482 142 INFO rally.task.runner [-] Task d6818ede-2f05-4963-996c-7872eeabf8e4 | ITER: 80 END: OK
2020-01-07 15:14:20.486 142 INFO rally.task.runner [-] Task d6818ede-2f05-4963-996c-7872eeabf8e4 | ITER: 97 START
2020-01-07 15:14:20.731 158 INFO rally.task.runner [-] Task d6818ede-2f05-4963-996c-7872eeabf8e4 | ITER: 78 END: OK
2020-01-07 15:14:20.734 158 INFO rally.task.runner [-] Task d6818ede-2f05-4963-996c-7872eeabf8e4 | ITER: 98 START
2020-01-07 15:14:20.833 161 INFO rally.task.runner [-] Task d6818ede-2f05-4963-996c-7872eeabf8e4 | ITER: 79 END: OK
2020-01-07 15:14:20.837 161 INFO rally.task.runner [-] Task d6818ede-2f05-4963-996c-7872eeabf8e4 | ITER: 99 START
2020-01-07 15:14:20.902 172 INFO rally.task.runner [-] Task d6818ede-2f05-4963-996c-7872eeabf8e4 | ITER: 77 END: OK
2020-01-07 15:14:20.905 172 INFO rally.task.runner [-] Task d6818ede-2f05-4963-996c-7872eeabf8e4 | ITER: 100 START
2020-01-07 15:14:21.283 148 INFO rally.task.runner [-] Task d6818ede-2f05-4963-996c-7872eeabf8e4 | ITER: 83 END: OK
2020-01-07 15:14:21.506 145 INFO rally.task.runner [-] Task d6818ede-2f05-4963-996c-7872eeabf8e4 | ITER: 82 END: OK
2020-01-07 15:14:21.722 179 INFO rally.task.runner [-] Task d6818ede-2f05-4963-996c-7872eeabf8e4 | ITER: 85 END: OK
2020-01-07 15:14:21.735 176 INFO rally.task.runner [-] Task d6818ede-2f05-4963-996c-7872eeabf8e4 | ITER: 88 END: OK
2020-01-07 15:14:21.759 167 INFO rally.task.runner [-] Task d6818ede-2f05-4963-996c-7872eeabf8e4 | ITER: 90 END: OK
2020-01-07 15:14:21.761 155 INFO rally.task.runner [-] Task d6818ede-2f05-4963-996c-7872eeabf8e4 | ITER: 86 END: OK
2020-01-07 15:14:22.026 183 INFO rally.task.runner [-] Task d6818ede-2f05-4963-996c-7872eeabf8e4 | ITER: 92 END: OK
2020-01-07 15:14:22.238 140 INFO rally.task.runner [-] Task d6818ede-2f05-4963-996c-7872eeabf8e4 | ITER: 89 END: OK
2020-01-07 15:14:22.465 189 INFO rally.task.runner [-] Task d6818ede-2f05-4963-996c-7872eeabf8e4 | ITER: 91 END: OK
2020-01-07 15:14:22.471 164 INFO rally.task.runner [-] Task d6818ede-2f05-4963-996c-7872eeabf8e4 | ITER: 95 END: OK
2020-01-07 15:14:22.477 141 INFO rally.task.runner [-] Task d6818ede-2f05-4963-996c-7872eeabf8e4 | ITER: 94 END: OK
2020-01-07 15:14:22.477 152 INFO rally.task.runner [-] Task d6818ede-2f05-4963-996c-7872eeabf8e4 | ITER: 93 END: OK
2020-01-07 15:14:22.509 142 INFO rally.task.runner [-] Task d6818ede-2f05-4963-996c-7872eeabf8e4 | ITER: 97 END: OK
2020-01-07 15:14:22.629 181 INFO rally.task.runner [-] Task d6818ede-2f05-4963-996c-7872eeabf8e4 | ITER: 96 END: OK
2020-01-07 15:14:22.683 161 INFO rally.task.runner [-] Task d6818ede-2f05-4963-996c-7872eeabf8e4 | ITER: 99 END: OK
2020-01-07 15:14:23.064 191 INFO rally.task.runner [-] Task d6818ede-2f05-4963-996c-7872eeabf8e4 | ITER: 84 END: OK
2020-01-07 15:14:23.343 173 INFO rally.task.runner [-] Task d6818ede-2f05-4963-996c-7872eeabf8e4 | ITER: 87 END: OK
2020-01-07 15:14:23.351 143 INFO rally.task.runner [-] Task d6818ede-2f05-4963-996c-7872eeabf8e4 | ITER: 81 END: OK
2020-01-07 15:14:23.372 158 INFO rally.task.runner [-] Task d6818ede-2f05-4963-996c-7872eeabf8e4 | ITER: 98 END: OK
2020-01-07 15:14:23.816 172 INFO rally.task.runner [-] Task d6818ede-2f05-4963-996c-7872eeabf8e4 | ITER: 100 END: OK
2020-01-07 15:14:23.835 16 INFO rally.task.context [-] Task d6818ede-2f05-4963-996c-7872eeabf8e4 | Context cleanup@openstack cleanup() started
2020-01-07 15:14:23.840 16 RALLYDEBUG rally_openstack.cleanup.manager [-] Cleaning up neutron vip objects
2020-01-07 15:14:24.051 16 RALLYDEBUG rally_openstack.cleanup.manager [-] Cleaning up neutron health_monitor objects
2020-01-07 15:14:24.247 16 RALLYDEBUG rally_openstack.cleanup.manager [-] Cleaning up neutron pool objects
2020-01-07 15:14:24.453 16 RALLYDEBUG rally_openstack.cleanup.manager [-] Cleaning up neutron loadbalancer objects
2020-01-07 15:14:24.649 16 RALLYDEBUG rally_openstack.cleanup.manager [-] Cleaning up neutron floatingip objects
2020-01-07 15:14:24.873 16 RALLYDEBUG rally_openstack.cleanup.manager [-] Cleaning up neutron trunk objects
2020-01-07 15:14:25.062 16 DEBUG neutronclient.v2_0.client [-] Error message: {"message": "The resource could not be found.

\n\n\n", "code": "404 Not Found", "title": "Not Found"} _handle_fault_response /usr/lib/python2.7/site-packages/neutronclient/v2_0/client.py:259
2020-01-07 15:14:25.073 16 RALLYDEBUG rally_openstack.cleanup.manager [-] Cleaning up neutron port objects
2020-01-07 15:14:25.341 16 RALLYDEBUG rally_openstack.cleanup.manager [-] Cleaning up neutron subnet objects
2020-01-07 15:14:25.571 16 RALLYDEBUG rally_openstack.cleanup.manager [-] Cleaning up neutron network objects
2020-01-07 15:14:26.249 16 RALLYDEBUG rally_openstack.cleanup.manager [-] Deleting neutron.network object s_rally_b9003abf_eMd6fZSD (06434c78-7ce9-4091-a6fa-f5f4138a37bf)
2020-01-07 15:14:26.252 16 RALLYDEBUG rally_openstack.cleanup.manager [-] Deleting neutron.network object s_rally_b9003abf_2d8qHE74 (01fb6b12-d3ed-4363-9b60-66b445f154e8)
2020-01-07 15:14:26.251 16 RALLYDEBUG rally_openstack.cleanup.manager [-] Deleting neutron.network object s_rally_b9003abf_Kekqxx5S (05347d5a-06b5-4785-b600-12263d920367)
2020-01-07 15:14:26.254 16 RALLYDEBUG rally_openstack.cleanup.manager [-] Deleting neutron.network object s_rally_b9003abf_hrz0RWa4 (0310f04e-09d3-4ace-9376-3d78dcf43462)
2020-01-07 15:14:26.255 16 RALLYDEBUG rally_openstack.cleanup.manager [-] Deleting neutron.network object s_rally_b9003abf_ERtPb2bg (049556b5-0957-487a-a6a6-0611146c173d)
2020-01-07 15:14:26.290 16 RALLYDEBUG rally_openstack.cleanup.manager [-] Deleting neutron.network object s_rally_b9003abf_ELjD3dQq (062462a6-37cc-48e5-86a1-4adb8b35a425)
2020-01-07 15:14:26.303 16 RALLYDEBUG rally_openstack.cleanup.manager [-] Deleting neutron.network object s_rally_b9003abf_eGH2a7ee (0d66a48a-fadb-4f4f-87b5-ef7ab15581a9)
2020-01-07 15:14:26.305 16 RALLYDEBUG rally_openstack.cleanup.manager [-] Deleting neutron.network object s_rally_b9003abf_HcKlaRSa (072958cb-3684-420e-966b-b7d2e5999e98)
2020-01-07 15:14:26.312 16 RALLYDEBUG rally_openstack.cleanup.manager [-] Deleting neutron.network object s_rally_b9003abf_7hVImiqO (0fa32742-a3a7-43b1-b4fd-d8bfdf1e9fe9)
2020-01-07 15:14:26.324 16 RALLYDEBUG rally_openstack.cleanup.manager [-] Deleting neutron.network object s_rally_b9003abf_Wch9BTki (11630923-a5c8-445e-9708-9d7ce2fd6d33)
2020-01-07 15:14:26.326 16 RALLYDEBUG rally_openstack.cleanup.manager [-] Deleting neutron.network object s_rally_b9003abf_nadebgV5 (10c52aeb-8412-44e8-af1d-b69dbb9c418b)
2020-01-07 15:14:26.352 16 RALLYDEBUG rally_openstack.cleanup.manager [-] Deleting neutron.network object s_rally_b9003abf_LeSgOQJf (202663bc-1d42-462a-8e66-4a970bf1ef71)
2020-01-07 15:14:26.420 16 RALLYDEBUG rally_openstack.cleanup.manager [-] Deleting neutron.network object s_rally_b9003abf_yqtL0vnP (28095fbf-eadb-4d19-a965-f8dc08c749ef)
2020-01-07 15:14:26.424 16 RALLYDEBUG rally_openstack.cleanup.manager [-] Deleting neutron.network object s_rally_b9003abf_AhPEDu9r (265091a8-aa4f-4284-b575-e1302ccdce03)
2020-01-07 15:14:26.425 16 RALLYDEBUG rally_openstack.cleanup.manager [-] Deleting neutron.network object s_rally_b9003abf_7bwtemny (2161b945-a91f-4328-abab-671c71eb2623)
2020-01-07 15:14:26.432 16 RALLYDEBUG rally_openstack.cleanup.manager [-] Deleting neutron.network object s_rally_b9003abf_V9if03vo (1ec2d1cc-a6b1-42ae-9faa-4084c145d2c3)
2020-01-07 15:14:26.440 16 RALLYDEBUG rally_openstack.cleanup.manager [-] Deleting neutron.network object s_rally_b9003abf_FcjztbZG (34529cf2-7b0d-47ac-a24c-ae15670cdce3)
2020-01-07 15:14:26.444 16 RALLYDEBUG rally_openstack.cleanup.manager [-] Deleting neutron.network object s_rally_b9003abf_ZBl47Qt2 (36e4549b-6163-4d38-a593-cc1db33ad407)
2020-01-07 15:14:26.459 16 RALLYDEBUG rally_openstack.cleanup.manager [-] Deleting neutron.network object s_rally_b9003abf_uCtDrNKC (29bfb263-3694-48f6-a64b-324c4739c782)
2020-01-07 15:14:26.508 16 RALLYDEBUG rally_openstack.cleanup.manager [-] Deleting neutron.network object s_rally_b9003abf_ZdeuS7sG (36bcec8e-e84d-46a0-a3bd-ac7c66c1d3a0)
2020-01-07 15:14:28.580 16 RALLYDEBUG rally_openstack.cleanup.manager [-] Deleting neutron.network object s_rally_b9003abf_MAXjR3Qe (3b5b9b48-94e7-450e-822f-4ab6a26dbf35)
2020-01-07 15:14:28.803 16 RALLYDEBUG rally_openstack.cleanup.manager [-] Deleting neutron.network object s_rally_b9003abf_2TOiARbP (41b1910c-a3fe-4156-90ca-f59792781766)
2020-01-07 15:14:28.902 16 RALLYDEBUG rally_openstack.cleanup.manager [-] Deleting neutron.network object s_rally_b9003abf_ZB1NssYE (41f4d7d3-eb93-423e-b8d4-adde9cd40e98)
2020-01-07 15:14:28.964 16 RALLYDEBUG rally_openstack.cleanup.manager [-] Deleting neutron.network object s_rally_b9003abf_yy9wj0Gm (433c15c1-056b-44cd-a29f-b67fd109bb83)
2020-01-07 15:14:29.222 16 RALLYDEBUG rally_openstack.cleanup.manager [-] Deleting neutron.network object s_rally_b9003abf_mx1Jzyo8 (441e6daf-4926-4d72-98d9-7813a86dee20)
2020-01-07 15:14:29.860 16 RALLYDEBUG rally_openstack.cleanup.manager [-] Deleting neutron.network object s_rally_b9003abf_9DRyfOPB (45678314-7fc6-4ac2-976d-19089fe78913)
2020-01-07 15:14:30.009 16 RALLYDEBUG rally_openstack.cleanup.manager [-] Deleting neutron.network object s_rally_b9003abf_poTKSWiC (4586269d-9eaf-4fa2-b833-d97c51ecc448)
2020-01-07 15:14:30.283 16 RALLYDEBUG rally_openstack.cleanup.manager [-] Deleting neutron.network object s_rally_b9003abf_kl0Ft3dS (45fe6bae-28ad-440c-a1c1-d96aafd87f4c)
2020-01-07 15:14:30.318 16 RALLYDEBUG rally_openstack.cleanup.manager [-] Deleting neutron.network object s_rally_b9003abf_VNb5c04s (4c062504-6240-4d7d-ab1b-b8f7cd1d7f50)
2020-01-07 15:14:30.438 16 RALLYDEBUG rally_openstack.cleanup.manager [-] Deleting neutron.network object s_rally_b9003abf_8viBxbP6 (52092d4c-773f-4612-b428-9acce2ad2aa9)
2020-01-07 15:14:30.441 16 RALLYDEBUG rally_openstack.cleanup.manager [-] Deleting neutron.network object s_rally_b9003abf_MnIPdAQa (501c374c-7ddf-43ff-a894-cbf2a1e24aba)
2020-01-07 15:14:31.292 16 RALLYDEBUG rally_openstack.cleanup.manager [-] Deleting neutron.network object s_rally_b9003abf_8ufGEDC4 (5686ebd3-5324-4ae9-b245-fe19921fd1f6)
2020-01-07 15:14:31.337 16 RALLYDEBUG rally_openstack.cleanup.manager [-] Deleting neutron.network object s_rally_b9003abf_QnJYUAOq (56ad707f-1fa2-4c34-ba69-12f9431c8b4e)
2020-01-07 15:14:31.344 16 RALLYDEBUG rally_openstack.cleanup.manager [-] Deleting neutron.network object s_rally_b9003abf_i6KGjR8h (5a181029-90ef-4ffc-940f-79bf5e99cfdf)
2020-01-07 15:14:31.451 16 RALLYDEBUG rally_openstack.cleanup.manager [-] Deleting neutron.network object s_rally_b9003abf_jZ8M4rFT (5d35ba37-7a12-4551-b675-3a1eb6a15dc6)
2020-01-07 15:14:31.613 16 RALLYDEBUG rally_openstack.cleanup.manager [-] Deleting neutron.network object s_rally_b9003abf_yrA8nPy0 (5d77b4c5-c33a-465e-8175-8b61ba74f0ff)
2020-01-07 15:14:31.769 16 RALLYDEBUG rally_openstack.cleanup.manager [-] Deleting neutron.network object s_rally_b9003abf_TKftIjoD (5f7aadd3-dc5b-4f96-a3a5-dfae25dfa0bd)
2020-01-07 15:14:32.047 16 RALLYDEBUG rally_openstack.cleanup.manager [-] Deleting neutron.network object s_rally_b9003abf_R07miPI4 (5f7c080c-7ec1-4351-b232-43bfdee14020)
2020-01-07 15:14:32.064 16 RALLYDEBUG rally_openstack.cleanup.manager [-] Deleting neutron.network object s_rally_b9003abf_stDtwav3 (63e17130-8628-4f36-a1ea-fcd34e86764c)
2020-01-07 15:14:32.098 16 RALLYDEBUG rally_openstack.cleanup.manager [-] Deleting neutron.network object s_rally_b9003abf_SyDkvlTW (653c20c4-076b-4d1a-855b-b7d4e17077ef)
2020-01-07 15:14:32.318 16 RALLYDEBUG rally_openstack.cleanup.manager [-] Deleting neutron.network object s_rally_b9003abf_PhpNKfDb (6b4cd40b-ed09-447e-86ec-85e6c500c6fa)
2020-01-07 15:14:32.402 16 RALLYDEBUG rally_openstack.cleanup.manager [-] Deleting neutron.network object s_rally_b9003abf_oAMI3J8t (6d1374cb-f2c6-4508-8544-5a6261db96b9)
2020-01-07 15:14:32.568 16 RALLYDEBUG rally_openstack.cleanup.manager [-] Deleting neutron.network object s_rally_b9003abf_pkUZZUhP (6ef4c6e3-87f6-4260-b988-1107e48edfc9)
2020-01-07 15:14:32.579 16 RALLYDEBUG rally_openstack.cleanup.manager [-] Deleting neutron.network object s_rally_b9003abf_Da5IUpej (6f9cf6de-a0bd-49fd-8414-64e0dba7cfff)
2020-01-07 15:14:32.661 16 RALLYDEBUG rally_openstack.cleanup.manager [-] Deleting neutron.network object s_rally_b9003abf_NR1RWZuI (7007e40e-7ff5-45e5-b6e0-d80361e1094a)
2020-01-07 15:14:32.687 16 RALLYDEBUG rally_openstack.cleanup.manager [-] Deleting neutron.network object s_rally_b9003abf_L98k3rhW (77a82115-ec2e-419a-bec0-a304953a13c0)
2020-01-07 15:14:32.867 16 RALLYDEBUG rally_openstack.cleanup.manager [-] Deleting neutron.network object s_rally_b9003abf_EfVwAueC (78e98ef4-7881-451e-99a5-3261af20a44d)
2020-01-07 15:14:32.935 16 RALLYDEBUG rally_openstack.cleanup.manager [-] Deleting neutron.network object s_rally_b9003abf_NtXe2ZAI (7beffe3a-b7c5-41a6-a6a1-da3e9267cd50)
2020-01-07 15:14:33.039 16 RALLYDEBUG rally_openstack.cleanup.manager [-] Deleting neutron.network object s_rally_b9003abf_x79Id1ya (823f0a44-b00a-499a-835a-47aca3638023)
2020-01-07 15:14:33.107 16 RALLYDEBUG rally_openstack.cleanup.manager [-] Deleting neutron.network object s_rally_b9003abf_gOEIcWtC (87274db8-fb5a-49f1-a188-ea916e430fb6)
2020-01-07 15:14:33.361 16 RALLYDEBUG rally_openstack.cleanup.manager [-] Deleting neutron.network object s_rally_b9003abf_WRqdV5A3 (881e82d1-bb0a-4c2b-881f-bfc810594fce)
2020-01-07 15:14:33.463 16 RALLYDEBUG rally_openstack.cleanup.manager [-] Deleting neutron.network object s_rally_b9003abf_Qvvt0wzo (9005dc17-5ef3-4b5f-b587-045df97e6574)
2020-01-07 15:14:33.498 16 RALLYDEBUG rally_openstack.cleanup.manager [-] Deleting neutron.network object s_rally_b9003abf_LER2Y4pc (9031e629-1462-4357-8357-f87b3951c185)
2020-01-07 15:14:33.636 16 RALLYDEBUG rally_openstack.cleanup.manager [-] Deleting neutron.network object s_rally_b9003abf_0U9smV4I (9662e280-ba72-4891-976e-5a4791bf5654)
2020-01-07 15:14:33.689 16 RALLYDEBUG rally_openstack.cleanup.manager [-] Deleting neutron.network object s_rally_b9003abf_dc7YDyOL (96719530-be3e-49dc-a1d4-fd4daa3d34ce)
2020-01-07 15:14:34.307 16 RALLYDEBUG rally_openstack.cleanup.manager [-] Deleting neutron.network object s_rally_b9003abf_jmjgvSl5 (9ab3fd29-89e8-4013-99f9-df1d60a6cae9)
2020-01-07 15:14:34.329 16 RALLYDEBUG rally_openstack.cleanup.manager [-] Deleting neutron.network object s_rally_b9003abf_olc5oYAH (9be9988f-c1e2-425e-8efe-994b2b760ff7)
2020-01-07 15:14:34.724 16 RALLYDEBUG rally_openstack.cleanup.manager [-] Deleting neutron.network object s_rally_b9003abf_URwEiWGO (9c848905-df32-4514-b050-7c42712fb930)
2020-01-07 15:14:34.973 16 RALLYDEBUG rally_openstack.cleanup.manager [-] Deleting neutron.network object s_rally_b9003abf_ZorkMxKi (9dfa9ef7-39c6-4c81-a245-090cb7a99841)
2020-01-07 15:14:43.307 16 RALLYDEBUG rally_openstack.cleanup.manager [-] Deleting neutron.network object s_rally_b9003abf_xL6FCU7V (a20add79-39a0-4bf8-aefc-f9b28a50ce9d)
2020-01-07 15:15:05.577 16 ERROR rally_openstack.osclients [-] Unable to authenticate for user c_rally_b9003abf_dx8brkDS in project c_rally_b9003abf_4jrerKHS: ServiceUnavailable: Service Unavailable (HTTP 503)
2020-01-07 15:15:05.577 16 ERROR rally_openstack.osclients
Traceback (most recent call last):
2020-01-07 15:15:05.577 16 ERROR rally_openstack.osclients
File "/usr/lib/python2.7/site-packages/rally_openstack/osclients.py", line 273, in auth_ref
2020-01-07 15:15:05.577 16 ERROR rally_openstack.osclients self.cache["keystone_auth_ref"] = plugin.get_access(sess)
2020-01-07 15:15:05.577 16 ERROR rally_openstack.osclients
File "/usr/lib/python2.7/site-packages/keystoneauth1/identity/base.py", line 134, in get_access
2020-01-07 15:15:05.577 16 ERROR rally_openstack.osclients self.auth_ref = self.get_auth_ref(session)
2020-01-07 15:15:05.577 16 ERROR rally_openstack.osclients
File "/usr/lib/python2.7/site-packages/keystoneauth1/identity/generic/base.py", line 208, in get_auth_ref
2020-01-07 15:15:05.577 16 ERROR rally_openstack.osclients return self._plugin.get_auth_ref(session, **kwargs)
2020-01-07 15:15:05.577 16 ERROR rally_openstack.osclients
File "/usr/lib/python2.7/site-packages/keystoneauth1/identity/v3/base.py", line 178, in get_auth_ref
2020-01-07 15:15:05.577 16 ERROR rally_openstack.osclients authenticated=False, log=False, **rkwargs)
2020-01-07 15:15:05.577 16 ERROR rally_openstack.osclients
File "/usr/lib/python2.7/site-packages/keystoneauth1/session.py", line 1019, in post
2020-01-07 15:15:05.577 16 ERROR rally_openstack.osclients return self.request(url, 'POST', **kwargs)
2020-01-07 15:15:05.577 16 ERROR rally_openstack.osclients
File "/usr/lib/python2.7/site-packages/keystoneauth1/session.py", line 869, in request
2020-01-07 15:15:05.577 16 ERROR rally_openstack.osclients raise exceptions.from_response(resp, method, url)
2020-01-07 15:15:05.577 16 ERROR rally_openstack.osclients ServiceUnavailable: Service Unavailable (HTTP 503)
2020-01-07 15:15:05.577 16 ERROR rally_openstack.osclients
2020-01-07 15:15:05.585 16 ERROR rally_openstack.osclients [-] Unable to authenticate for user c_rally_b9003abf_dx8brkDS in project c_rally_b9003abf_4jrerKHS: ServiceUnavailable: Service Unavailable (HTTP 503)
2020-01-07 15:15:05.585 16 ERROR rally_openstack.osclients
Traceback (most recent call last):
2020-01-07 15:15:05.585 16 ERROR rally_openstack.osclients
File "/usr/lib/python2.7/site-packages/rally_openstack/osclients.py", line 273, in auth_ref
2020-01-07 15:15:05.585 16 ERROR rally_openstack.osclients self.cache["keystone_auth_ref"] = plugin.get_access(sess)
2020-01-07 15:15:05.585 16 ERROR rally_openstack.osclients
File "/usr/lib/python2.7/site-packages/keystoneauth1/identity/base.py", line 134, in get_access
2020-01-07 15:15:05.585 16 ERROR rally_openstack.osclients self.auth_ref = self.get_auth_ref(session)
2020-01-07 15:15:05.585 16 ERROR rally_openstack.osclients
File "/usr/lib/python2.7/site-packages/keystoneauth1/identity/generic/base.py", line 208, in get_auth_ref
2020-01-07 15:15:05.585 16 ERROR rally_openstack.osclients return self._plugin.get_auth_ref(session, **kwargs)
2020-01-07 15:15:05.585 16 ERROR rally_openstack.osclients
File "/usr/lib/python2.7/site-packages/keystoneauth1/identity/v3/base.py", line 178, in get_auth_ref
2020-01-07 15:15:05.585 16 ERROR rally_openstack.osclients authenticated=False, log=False, **rkwargs)
2020-01-07 15:15:05.585 16 ERROR rally_openstack.osclients
