2020-04-09 05:13:21.788 15 RALLYDEBUG rally_openstack.cleanup.manager [-] Deleting neutron.subnet object s_rally_1968b756_7uHfWiax (d6a00968-c0ac-44e1-964a-e39d177178a8)
2020-04-09 05:13:21.810 15 RALLYDEBUG rally_openstack.cleanup.manager [-] Deleting neutron.subnet object s_rally_1968b756_rn4RUyZB (d99f3160-e150-4ff2-8759-35c6478eccf0)
2020-04-09 05:13:21.905 15 RALLYDEBUG rally_openstack.cleanup.manager [-] Deleting neutron.subnet object s_rally_1968b756_uOp2NZh4 (d9c47606-05ad-4eec-b5b2-b50b0a1c6a24)
2020-04-09 05:13:21.959 15 RALLYDEBUG rally_openstack.cleanup.manager [-] Deleting neutron.subnet object s_rally_1968b756_YaZFSItI (d9f9799e-da79-4975-8bba-3eb665482bde)
2020-04-09 05:13:21.973 15 RALLYDEBUG rally_openstack.cleanup.manager [-] Deleting neutron.subnet object s_rally_1968b756_DWEIRmpe (e08093e7-5bcd-4fc1-8f5f-ff2478be4b7a)
2020-04-09 05:13:22.121 15 RALLYDEBUG rally_openstack.cleanup.manager [-] Deleting neutron.subnet object s_rally_1968b756_nR9ADPNU (e10e5714-4aec-435b-97ec-e0f7f4e9173b)
2020-04-09 05:13:22.415 15 RALLYDEBUG rally_openstack.cleanup.manager [-] Deleting neutron.subnet object s_rally_1968b756_VLySTofT (e114e19f-4983-496a-87e6-595a8e6edb91)
2020-04-09 05:13:22.932 15 RALLYDEBUG rally_openstack.cleanup.manager [-] Deleting neutron.subnet object s_rally_1968b756_TaYj2ClX (e1f1bf6a-db5c-4424-8fab-27c8886c9289)
2020-04-09 05:13:23.153 15 RALLYDEBUG rally_openstack.cleanup.manager [-] Deleting neutron.subnet object s_rally_1968b756_bJq8GJAu (e2d5d407-2135-41bf-b409-02a24c141264)
2020-04-09 05:13:23.275 15 RALLYDEBUG rally_openstack.cleanup.manager [-] Deleting neutron.subnet object s_rally_1968b756_VpHGptcy (e2e68d50-c70c-40a3-a861-4d89961296d6)
2020-04-09 05:13:23.301 15 RALLYDEBUG rally_openstack.cleanup.manager [-] Deleting neutron.subnet object s_rally_1968b756_fS3dM4rf (e4ddb718-acb1-466e-ba82-4e47988761ef)
2020-04-09 05:13:23.308 15 RALLYDEBUG rally_openstack.cleanup.manager [-] Deleting neutron.subnet object s_rally_1968b756_hPdroyPy (e67c87aa-0a06-4196-a9f9-e7951930fb5c)
2020-04-09 05:13:23.889 15 RALLYDEBUG rally_openstack.cleanup.manager [-] Deleting neutron.subnet object s_rally_1968b756_l8iTR5au (e74e8eae-84b3-4ed7-8284-84ed3c45bd2a)
2020-04-09 05:13:23.941 15 RALLYDEBUG rally_openstack.cleanup.manager [-] Deleting neutron.subnet object s_rally_1968b756_dbRUC5BI (e9c926f0-7ec9-4541-b5e6-cc842555c107)
2020-04-09 05:13:24.123 15 RALLYDEBUG rally_openstack.cleanup.manager [-] Deleting neutron.subnet object s_rally_1968b756_0VcT5bW6 (e9f9a9f3-3e08-4774-b6d9-3f2fcca7ff7d)
2020-04-09 05:13:24.229 15 RALLYDEBUG rally_openstack.cleanup.manager [-] Deleting neutron.subnet object s_rally_1968b756_qpOabeWH (ebb98406-3bf8-4d0b-b2c8-c0d905a575a4)
2020-04-09 05:13:24.467 15 RALLYDEBUG rally_openstack.cleanup.manager [-] Deleting neutron.subnet object s_rally_1968b756_W2E36jtz (ee7a5c86-c090-4cdf-9ec1-f4df8afe44a7)
2020-04-09 05:13:24.619 15 RALLYDEBUG rally_openstack.cleanup.manager [-] Deleting neutron.subnet object s_rally_1968b756_ckkjeww4 (ee941304-b5f7-4f39-bf23-e55a63fdb2b9)
2020-04-09 05:13:24.757 15 RALLYDEBUG rally_openstack.cleanup.manager [-] Deleting neutron.subnet object s_rally_1968b756_KGLYYdao (ef4f646c-1293-44ca-94bd-535356d4e785)
2020-04-09 05:13:24.771 15 RALLYDEBUG rally_openstack.cleanup.manager [-] Deleting neutron.subnet object s_rally_1968b756_6JbWdm4M (f3195b78-f56e-4dad-831e-479b0b4bfe14)
2020-04-09 05:13:24.779 15 RALLYDEBUG rally_openstack.cleanup.manager [-] Deleting neutron.subnet object s_rally_1968b756_nGpir1yl (f55e9471-b5aa-4571-9051-b1b4c97af832)
2020-04-09 05:13:24.856 15 RALLYDEBUG rally_openstack.cleanup.manager [-] Deleting neutron.subnet object s_rally_1968b756_52Qb8X39 (f582cfda-1f98-4e12-9d82-16df130a4ca3)
2020-04-09 05:13:24.858 15 RALLYDEBUG rally_openstack.cleanup.manager [-] Deleting neutron.subnet object s_rally_1968b756_jkxeMAud (f9590bd4-05fd-4e56-8233-6a28e42d20d5)
2020-04-09 05:13:24.910 15 RALLYDEBUG rally_openstack.cleanup.manager [-] Deleting neutron.subnet object s_rally_1968b756_9re02stK (fa0bf6b1-f453-4a70-b129-35c4c84d6783)
2020-04-09 05:13:25.014 15 RALLYDEBUG rally_openstack.cleanup.manager [-] Deleting neutron.subnet object s_rally_1968b756_OAj4uWv0 (fc427a71-99e3-4d75-bcc8-543b2f950d3d)
2020-04-09 05:13:25.168 15 RALLYDEBUG rally_openstack.cleanup.manager [-] Deleting neutron.subnet object s_rally_1968b756_f6Zb1MHX (fcc30a15-005c-4395-a14b-b60342178d2b)
2020-04-09 05:13:25.212 15 RALLYDEBUG rally_openstack.cleanup.manager [-] Deleting neutron.subnet object s_rally_1968b756_bzMia2I4 (fd47eb55-64c2-4121-b7e5-acd1f96c6d9b)
2020-04-09 05:13:25.468 15 RALLYDEBUG rally_openstack.cleanup.manager [-] Deleting neutron.subnet object s_rally_1968b756_f35NaY9X (fe9422e0-ecc3-4740-93ee-82dd1f0edea9)
2020-04-09 05:13:25.593 15 RALLYDEBUG rally_openstack.cleanup.manager [-] Deleting neutron.subnet object s_rally_1968b756_JiyaXIKB (fea5b75b-dd18-4211-9ead-b39dad2199b5)
2020-04-09 05:13:26.149 15 RALLYDEBUG rally_openstack.cleanup.manager [-] Deleting neutron.subnet object s_rally_1968b756_hb8IpJoR (ff1070ce-e3d9-438f-9cdc-3a67b798de99)
2020-04-09 05:13:26.221 15 RALLYDEBUG rally_openstack.cleanup.manager [-] Deleting neutron.subnet object s_rally_1968b756_06M9O8c5 (ff62930a-f75b-4691-b6f9-53ae6ef41305)
2020-04-09 05:13:30.056 15 RALLYDEBUG rally_openstack.cleanup.manager [-] Cleaning up neutron network objects
2020-04-09 05:13:30.676 15 RALLYDEBUG rally_openstack.cleanup.manager [-] Deleting neutron.network object s_rally_1968b756_xlEIg3l4 (06919fe7-c550-4c66-a7c4-189eed36e3f3)
2020-04-09 05:13:30.680 15 RALLYDEBUG rally_openstack.cleanup.manager [-] Deleting neutron.network object s_rally_1968b756_1GMz73Er (04b462e6-8a6d-4bd4-bcf0-ee7450d17455)
2020-04-09 05:13:30.689 15 RALLYDEBUG rally_openstack.cleanup.manager [-] Deleting neutron.network object s_rally_1968b756_J3yQWTmy (090676b9-f4c6-4122-936b-c368136d54a1)
2020-04-09 05:13:30.695 15 RALLYDEBUG rally_openstack.cleanup.manager [-] Deleting neutron.network object s_rally_1968b756_g1fRFA81 (0d37e26f-1b7d-461d-8064-4dd2d516661e)
2020-04-09 05:13:30.714 15 RALLYDEBUG rally_openstack.cleanup.manager [-] Deleting neutron.network object s_rally_1968b756_bqqXYmxE (0e6b46c5-5141-4dae-99e3-5d3490b104bf)
2020-04-09 05:13:30.733 15 RALLYDEBUG rally_openstack.cleanup.manager [-] Deleting neutron.network object s_rally_1968b756_2tmdguMO (1860683f-296f-44e1-bfea-52404fcd046f)
2020-04-09 05:13:30.743 15 RALLYDEBUG rally_openstack.cleanup.manager [-] Deleting neutron.network object s_rally_1968b756_y9WXF8BI (108740a6-3de6-4427-8775-5b59b284e94d)
2020-04-09 05:13:30.778 15 RALLYDEBUG rally_openstack.cleanup.manager [-] Deleting neutron.network object s_rally_1968b756_BAPVSDPS (1affd780-9240-4fac-afc6-49fe1ba19797)
2020-04-09 05:13:30.798 15 RALLYDEBUG rally_openstack.cleanup.manager [-] Deleting neutron.network object s_rally_1968b756_Pk1UBPqM (208f039d-d658-4290-a425-1783d0398855)
2020-04-09 05:13:30.797 15 RALLYDEBUG rally_openstack.cleanup.manager [-] Deleting neutron.network object s_rally_1968b756_11DZwk5G (1e5d0973-ff33-4683-851f-ee219966898d)
2020-04-09 05:13:30.805 15 RALLYDEBUG rally_openstack.cleanup.manager [-] Deleting neutron.network object s_rally_1968b756_Udt4CiEW (273b40ce-03ae-4ec2-896f-874daf7503bf)
2020-04-09 05:13:30.825 15 RALLYDEBUG rally_openstack.cleanup.manager [-] Deleting neutron.network object s_rally_1968b756_wQIXZ9z9 (294e9a56-856b-477f-9455-d6f192ef9010)
2020-04-09 05:13:30.825 15 RALLYDEBUG rally_openstack.cleanup.manager [-] Deleting neutron.network object s_rally_1968b756_wQIquqre (2356b844-684d-454e-8bd5-95e50375d840)
2020-04-09 05:13:30.856 15 RALLYDEBUG rally_openstack.cleanup.manager [-] Deleting neutron.network object s_rally_1968b756_EnPztNJv (3975490a-b46b-426d-bcb4-20e82a189516)
2020-04-09 05:13:30.866 15 RALLYDEBUG rally_openstack.cleanup.manager [-] Deleting neutron.network object s_rally_1968b756_UR6dsJz2 (34217d51-d42b-48ec-a9d6-d154f2cb9685)
2020-04-09 05:13:30.870 15 RALLYDEBUG rally_openstack.cleanup.manager [-] Deleting neutron.network object s_rally_1968b756_qocWCF1c (3b104204-4694-49e8-a07f-233eaac69752)
2020-04-09 05:13:30.868 15 RALLYDEBUG rally_openstack.cleanup.manager [-] Deleting neutron.network object s_rally_1968b756_C8bdnd0W (2e40e864-2305-46f1-90a5-e03633794ff4)
2020-04-09 05:13:30.868 15 RALLYDEBUG rally_openstack.cleanup.manager [-] Deleting neutron.network object s_rally_1968b756_0SklX184 (31389878-1284-4b62-b47e-f285a8b7c501)
2020-04-09 05:13:30.891 15 RALLYDEBUG rally_openstack.cleanup.manager [-] Deleting neutron.network object s_rally_1968b756_a3Ysip1S (1ba4f374-b6ee-4c42-b16b-e30fffde4c21)
2020-04-09 05:13:30.888 15 RALLYDEBUG rally_openstack.cleanup.manager [-] Deleting neutron.network object s_rally_1968b756_15lYlst6 (3b8467a0-f456-493b-9046-9f11713a8dbf)
2020-04-09 05:13:33.009 15 RALLYDEBUG rally_openstack.cleanup.manager [-] Deleting neutron.network object s_rally_1968b756_9IqZejoj (3ff1a5d8-ab94-46be-b312-77c377fd6d88)
2020-04-09 05:13:33.324 15 RALLYDEBUG rally_openstack.cleanup.manager [-] Deleting neutron.network object s_rally_1968b756_01OQCLaC (40872c7e-e1e1-46a0-83b0-d466dff47b8a)
2020-04-09 05:13:33.676 15 RALLYDEBUG rally_openstack.cleanup.manager [-] Deleting neutron.network object s_rally_1968b756_hJmTfAKk (454f8f43-17b5-4f08-9951-c8afded03e3a)
2020-04-09 05:13:33.704 15 RALLYDEBUG rally_openstack.cleanup.manager [-] Deleting neutron.network object s_rally_1968b756_8i5bsNuU (45bed3ba-1a66-45dd-80b3-21e938de1bde)
2020-04-09 05:13:33.793 15 RALLYDEBUG rally_openstack.cleanup.manager [-] Deleting neutron.network object s_rally_1968b756_kXXNj2XN (45e6e539-cfc0-4985-b245-a176bbe78212)
2020-04-09 05:13:33.816 15 RALLYDEBUG rally_openstack.cleanup.manager [-] Deleting neutron.network object s_rally_1968b756_jnnptlXY (45ef7250-2577-4796-b2a9-944ff65a7f64)
2020-04-09 05:13:33.867 15 RALLYDEBUG rally_openstack.cleanup.manager [-] Deleting neutron.network object s_rally_1968b756_HMIPWJV5 (462dcb40-2d39-4e5b-a593-03c63aeee5a4)
2020-04-09 05:13:33.884 15 RALLYDEBUG rally_openstack.cleanup.manager [-] Deleting neutron.network object s_rally_1968b756_Vek0A4cc (4731b352-f8a2-4933-a1b7-7986bb9fb175)
2020-04-09 05:13:33.893 15 RALLYDEBUG rally_openstack.cleanup.manager [-] Deleting neutron.network object s_rally_1968b756_ahqAZI0B (4751705a-737f-4333-8fc4-ad17e0f4de6a)
2020-04-09 05:13:33.931 15 RALLYDEBUG rally_openstack.cleanup.manager [-] Deleting neutron.network object s_rally_1968b756_IS3b67Sq (49bed3e4-3f6a-46f3-bc4c-afd417f07ac1)
2020-04-09 05:13:33.945 15 RALLYDEBUG rally_openstack.cleanup.manager [-] Deleting neutron.network object s_rally_1968b756_lfsFWxmw (4d37d137-22af-46c1-bb4b-2ebd256af913)
2020-04-09 05:13:33.955 15 RALLYDEBUG rally_openstack.cleanup.manager [-] Deleting neutron.network object s_rally_1968b756_S6bHzUT1 (4dd0cf11-b73f-465f-84bb-1b48db69aa77)
2020-04-09 05:13:34.089 15 RALLYDEBUG rally_openstack.cleanup.manager [-] Deleting neutron.network object s_rally_1968b756_S1blEISX (4f5ed726-7dfd-44aa-941e-51090ec19dd3)
2020-04-09 05:13:34.121 15 RALLYDEBUG rally_openstack.cleanup.manager [-] Deleting neutron.network object s_rally_1968b756_7FD1Zt6u (516fb780-b729-46b9-945f-0ee274752280)
2020-04-09 05:13:34.153 15 RALLYDEBUG rally_openstack.cleanup.manager [-] Deleting neutron.network object s_rally_1968b756_mx7mzJqy (64ff3971-e3a6-4346-b303-fd219ccabbd6)
2020-04-09 05:13:34.159 15 RALLYDEBUG rally_openstack.cleanup.manager [-] Deleting neutron.network object s_rally_1968b756_xjt2WIBZ (66e12bea-e6d3-4313-b77b-ff21a76526dd)
2020-04-09 05:13:34.176 15 RALLYDEBUG rally_openstack.cleanup.manager [-] Deleting neutron.network object s_rally_1968b756_mhdBks8L (6e640ad8-f700-49e0-b079-de195011016e)
2020-04-09 05:13:34.195 15 RALLYDEBUG rally_openstack.cleanup.manager [-] Deleting neutron.network object s_rally_1968b756_qL5c2fAn (707ca75f-afd5-4f19-b9dd-d34368f0e585)
2020-04-09 05:13:34.204 15 RALLYDEBUG rally_openstack.cleanup.manager [-] Deleting neutron.network object s_rally_1968b756_KUGwNlp0 (70d19eee-0440-4587-bf55-577baeb691a1)
2020-04-09 05:13:35.323 15 RALLYDEBUG rally_openstack.cleanup.manager [-] Deleting neutron.network object s_rally_1968b756_Lh9a2PP4 (742d8dd8-98d1-4d0b-91d4-a7dd5e6017a4)
2020-04-09 05:13:35.416 15 RALLYDEBUG rally_openstack.cleanup.manager [-] Deleting neutron.network object s_rally_1968b756_RI1vadYj (787fb957-44ce-4092-844a-b8410df078ca)
2020-04-09 05:13:35.633 15 RALLYDEBUG rally_openstack.cleanup.manager [-] Deleting neutron.network object s_rally_1968b756_TL1x3XtI (78cc64ec-b069-4189-8e8d-0f52c93f8019)
2020-04-09 05:13:35.787 15 RALLYDEBUG rally_openstack.cleanup.manager [-] Deleting neutron.network object s_rally_1968b756_mIq5s6zZ (861d05e5-fe56-4844-b477-d3e4b0e5a727)
2020-04-09 05:13:35.854 15 RALLYDEBUG rally_openstack.cleanup.manager [-] Deleting neutron.network object s_rally_1968b756_AK9HCRiS (8627661f-d5f5-42e3-9a95-0adab7fea4e3)
2020-04-09 05:13:35.931 15 RALLYDEBUG rally_openstack.cleanup.manager [-] Deleting neutron.network object s_rally_1968b756_MyCHmMkp (8680a67f-7ad2-44f5-8fde-5bbc3caed872)
2020-04-09 05:13:36.083 15 RALLYDEBUG rally_openstack.cleanup.manager [-] Deleting neutron.network object s_rally_1968b756_A2NtdJ57 (86bb5579-07a3-447f-ba44-b7e380967469)
2020-04-09 05:13:36.168 15 RALLYDEBUG rally_openstack.cleanup.manager [-] Deleting neutron.network object s_rally_1968b756_ILFZN6tv (894dadf9-5ae1-4259-aa02-a597cf19ed45)
2020-04-09 05:13:36.216 15 RALLYDEBUG rally_openstack.cleanup.manager [-] Deleting neutron.network object s_rally_1968b756_s6PJDQQI (8b637826-466e-462c-9a7d-aa0a4d53a4a2)
2020-04-09 05:13:36.438 15 RALLYDEBUG rally_openstack.cleanup.manager [-] Deleting neutron.network object s_rally_1968b756_u8wRSbDt (8befc9c4-879b-4e10-b17c-c98f355983f5)
2020-04-09 05:13:36.485 15 RALLYDEBUG rally_openstack.cleanup.manager [-] Deleting neutron.network object s_rally_1968b756_D8MvCGkk (8c47838b-8b29-4b7d-ac07-e8f0e99b7e0a)
2020-04-09 05:13:36.560 15 RALLYDEBUG rally_openstack.cleanup.manager [-] Deleting neutron.network object s_rally_1968b756_T9LLGfgG (8cd7b723-4158-4410-82e2-de754648d4a1)
2020-04-09 05:13:36.705 15 RALLYDEBUG rally_openstack.cleanup.manager [-] Deleting neutron.network object s_rally_1968b756_d8ob1khE (8f2ac429-9b2e-40ab-a7f0-81ac4e99fc9f)
2020-04-09 05:13:36.732 15 RALLYDEBUG rally_openstack.cleanup.manager [-] Deleting neutron.network object s_rally_1968b756_daDUl72a (92b25b7b-bbba-4d47-8b46-a5246d270f75)
2020-04-09 05:13:36.893 15 RALLYDEBUG rally_openstack.cleanup.manager [-] Deleting neutron.network object s_rally_1968b756_AsNnGghw (944e8967-32d9-4d92-bf52-7a8bca88426f)
2020-04-09 05:13:36.910 15 RALLYDEBUG rally_openstack.cleanup.manager [-] Deleting neutron.network object s_rally_1968b756_ax9t02R6 (948f2312-86bb-42e7-a3e7-cf33fd0f9ea5)
2020-04-09 05:13:36.919 15 RALLYDEBUG rally_openstack.cleanup.manager [-] Deleting neutron.network object s_rally_1968b756_bvpbrSlN (95fa0f9c-c0c5-4661-a742-3853db54da72)
2020-04-09 05:13:37.700 15 RALLYDEBUG rally_openstack.cleanup.manager [-] Deleting neutron.network object s_rally_1968b756_2M5WU823 (966eb788-839a-46fe-aeac-26e6a5046745)
2020-04-09 05:13:37.953 15 RALLYDEBUG rally_openstack.cleanup.manager [-] Deleting neutron.network object s_rally_1968b756_XkqAK2Mf (974e1a60-8073-4b5a-adb6-d2d25e2cf70b)
2020-04-09 05:13:38.000 15 RALLYDEBUG rally_openstack.cleanup.manager [-] Deleting neutron.network object s_rally_1968b756_ttJSLSoM (977a53ef-5bb2-4b6b-8f19-698c6abdd00e)
2020-04-09 05:13:38.032 15 RALLYDEBUG rally_openstack.cleanup.manager [-] Deleting neutron.network object s_rally_1968b756_TpYS0pS4 (997a4ec6-aaa9-48a8-bda2-0f7c9d4d1bf0)
2020-04-09 05:13:38.241 15 RALLYDEBUG rally_openstack.cleanup.manager [-] Deleting neutron.network object s_rally_1968b756_cZWxOuTm (99b48729-e99b-4ba9-98bd-e2a51f069d28)
2020-04-09 05:13:38.348 15 RALLYDEBUG rally_openstack.cleanup.manager [-] Deleting neutron.network object s_rally_1968b756_cfz9AcyX (9bc1c4db-2c76-42fd-a865-115ec6fbfa93)
2020-04-09 05:13:38.463 15 RALLYDEBUG rally_openstack.cleanup.manager [-] Deleting neutron.network object s_rally_1968b756_O7dw3Ibm (9c5d5266-c055-472d-8964-d2f92dc260a8)
2020-04-09 05:13:38.508 15 RALLYDEBUG rally_openstack.cleanup.manager [-] Deleting neutron.network object s_rally_1968b756_NdqVrFa0 (9fd52ce9-573c-472b-ae2b-811aba9228d4)
2020-04-09 05:13:38.654 15 RALLYDEBUG rally_openstack.cleanup.manager [-] Deleting neutron.network object s_rally_1968b756_zopkvumg (a1db0861-15a9-4706-8f4d-f1062c2a189c)
2020-04-09 05:13:38.754 15 RALLYDEBUG rally_openstack.cleanup.manager [-] Deleting neutron.network object s_rally_1968b756_URTpOf4R (a4bf6f16-6b0d-46d8-a147-17d0606ba133)
2020-04-09 05:13:38.830 15 RALLYDEBUG rally_openstack.cleanup.manager [-] Deleting neutron.network object s_rally_1968b756_uEAPA3Ye (a5aeafac-4818-44a9-877e-a8c808686de0)
2020-04-09 05:13:38.873 15 RALLYDEBUG rally_openstack.cleanup.manager [-] Deleting neutron.network object s_rally_1968b756_g0mCOBrK (a62e06d4-99b0-45f1-b280-62e3b374f0a5)
2020-04-09 05:13:38.881 15 RALLYDEBUG rally_openstack.cleanup.manager [-] Deleting neutron.network object s_rally_1968b756_OqHM51Jd (a6d9dac1-6075-4945-b31d-a677ab6e3002)
2020-04-09 05:13:38.940 15 RALLYDEBUG rally_openstack.cleanup.manager [-] Deleting neutron.network object s_rally_1968b756_gTdrWi90 (a8d049c1-e70f-4855-9fb6-e59f2c870346)
2020-04-09 05:13:38.992 15 RALLYDEBUG rally_openstack.cleanup.manager [-] Deleting neutron.network object s_rally_1968b756_e4AZmZVp (aacaceba-f553-47f7-b962-e74a6fa6d7b3)
2020-04-09 05:13:39.073 15 RALLYDEBUG rally_openstack.cleanup.manager [-] Deleting neutron.network object s_rally_1968b756_VinnyA59 (b076ed06-18a6-4881-a113-ec60f0b5a6bd)
2020-04-09 05:13:39.078 15 RALLYDEBUG rally_openstack.cleanup.manager [-] Deleting neutron.network object s_rally_1968b756_N1YrtRIL (b171a2cd-00c7-4905-b6d2-7f1b2eafb901)
2020-04-09 05:13:39.307 15 RALLYDEBUG rally_openstack.cleanup.manager [-] Deleting neutron.network object s_rally_1968b756_IECwsYhj (b22967ab-4afe-45ff-b686-5c1605c8848f)
2020-04-09 05:13:39.448 15 RALLYDEBUG rally_openstack.cleanup.manager [-] Deleting neutron.network object s_rally_1968b756_EP8xZEdC (b354b58b-9686-419b-8ae6-bdc2315d91ea)
2020-04-09 05:13:39.715 15 RALLYDEBUG rally_openstack.cleanup.manager [-] Deleting neutron.network object s_rally_1968b756_sqRKAHmt (b46623eb-e483-4701-960b-817cf7661fe2)
2020-04-09 05:13:40.377 15 RALLYDEBUG rally_openstack.cleanup.manager [-] Deleting neutron.network object s_rally_1968b756_OoyI3Itq (b5921f51-2fd2-497e-b5e7-84bc334a0c11)
2020-04-09 05:13:40.611 15 RALLYDEBUG rally_openstack.cleanup.manager [-] Deleting neutron.network object s_rally_1968b756_Nj12QKiQ (b8c0a5cd-10a5-4de4-a96a-978e775605c8)
2020-04-09 05:13:40.657 15 RALLYDEBUG rally_openstack.cleanup.manager [-] Deleting neutron.network object s_rally_1968b756_CU8XeUhm (b9f277ee-f9da-45d3-beca-4917db32c1fd)
2020-04-09 05:13:40.786 15 RALLYDEBUG rally_openstack.cleanup.manager [-] Deleting neutron.network object s_rally_1968b756_247HM9gC (c1b22f34-0a0c-47f1-be9d-91bb6a142732)
2020-04-09 05:13:41.119 15 RALLYDEBUG rally_openstack.cleanup.manager [-] Deleting neutron.network object s_rally_1968b756_Q6ZXUCtt (c4bb71e4-d095-4e43-b8e6-d950da4b94fe)
2020-04-09 05:13:41.250 15 RALLYDEBUG rally_openstack.cleanup.manager [-] Deleting neutron.network object s_rally_1968b756_9ioF7KkG (c6717e16-ef8f-410a-a23e-bd269c7fe561)
2020-04-09 05:13:41.388 15 RALLYDEBUG rally_openstack.cleanup.manager [-] Deleting neutron.network object s_rally_1968b756_A6Mwz8IZ (d1d199c1-6366-4ac6-8bd8-775556038935)
2020-04-09 05:13:41.419 15 RALLYDEBUG rally_openstack.cleanup.manager [-] Deleting neutron.network object s_rally_1968b756_pD419ExL (d3f46bd7-b48b-4928-a73c-2ba2d59f6261)
2020-04-09 05:13:41.569 15 RALLYDEBUG rally_openstack.cleanup.manager [-] Deleting neutron.network object s_rally_1968b756_4vQpNep1 (da2bc53b-d8c4-4c0c-b7af-a1ed74caaf3a)
2020-04-09 05:13:41.674 15 RALLYDEBUG rally_openstack.cleanup.manager [-] Deleting neutron.network object s_rally_1968b756_b02cyT9a (db44b31c-07cf-4733-babc-620442702241)
2020-04-09 05:13:42.079 15 RALLYDEBUG rally_openstack.cleanup.manager [-] Deleting neutron.network object s_rally_1968b756_pptkwUsg (db869d5b-faab-4c39-9c25-8af6230559c8)
2020-04-09 05:13:42.374 15 RALLYDEBUG rally_openstack.cleanup.manager [-] Deleting neutron.network object s_rally_1968b756_lQSeSYSc (e3a390ef-1833-4b5f-af45-813d425f0876)
2020-04-09 05:13:42.418 15 RALLYDEBUG rally_openstack.cleanup.manager [-] Deleting neutron.network object s_rally_1968b756_7gIWNEJY (e3fe8c56-f9d9-4dac-a010-fa954db6fb74)
2020-04-09 05:13:42.437 15 RALLYDEBUG rally_openstack.cleanup.manager [-] Deleting neutron.network object s_rally_1968b756_qGAsu5oS (e41b99ed-0296-4255-94ed-219998055b91)
2020-04-09 05:13:42.584 15 RALLYDEBUG rally_openstack.cleanup.manager [-] Deleting neutron.network object s_rally_1968b756_cY83iXAo (eb5e0d4d-a8d3-45b7-96cd-54a5171916d1)
2020-04-09 05:13:42.667 15 RALLYDEBUG rally_openstack.cleanup.manager [-] Deleting neutron.network object s_rally_1968b756_RopWiYfn (ecaaa165-660f-488d-97e4-d1e3836690c3)
2020-04-09 05:13:42.996 15 RALLYDEBUG rally_openstack.cleanup.manager [-] Deleting neutron.network object s_rally_1968b756_M7tRxbdy (ecea165b-152b-45be-97f2-4c8e0e751525)
2020-04-09 05:13:43.088 15 RALLYDEBUG rally_openstack.cleanup.manager [-] Deleting neutron.network object s_rally_1968b756_tiKzh0Ar (efd3f7f9-3312-4330-a14d-558a487b7765)
2020-04-09 05:13:43.195 15 RALLYDEBUG rally_openstack.cleanup.manager [-] Deleting neutron.network object s_rally_1968b756_j7coMXs9 (effae1cc-1fc0-4c79-80d7-e7e66811eee0)
2020-04-09 05:13:43.350 15 RALLYDEBUG rally_openstack.cleanup.manager [-] Deleting neutron.network object s_rally_1968b756_zx4ZjbDj (f0f22c90-5ba6-430b-a3d8-e6fc9cf932e8)
2020-04-09 05:13:43.497 15 RALLYDEBUG rally_openstack.cleanup.manager [-] Deleting neutron.network object s_rally_1968b756_jm1vWXaI (f5ee5276-2b50-47f9-a78d-4f397ab3de64)
2020-04-09 05:13:43.735 15 RALLYDEBUG rally_openstack.cleanup.manager [-] Deleting neutron.network object s_rally_1968b756_fsso0ywt (f7bd13d3-8120-4e7b-90c5-017990941df7)
2020-04-09 05:13:43.928 15 RALLYDEBUG rally_openstack.cleanup.manager [-] Deleting neutron.network object s_rally_1968b756_tUHsxfER (fa36befd-7eef-4819-9dec-2cfeffb0791f)
2020-04-09 05:13:43.987 15 RALLYDEBUG rally_openstack.cleanup.manager [-] Deleting neutron.network object s_rally_1968b756_0rot59wf (fdfcd7a6-911b-496c-ba4a-9fdb0d76086b)
2020-04-09 05:13:46.923 15 RALLYDEBUG rally_openstack.cleanup.manager [-] Cleaning up neutron router objects
2020-04-09 05:13:47.194 15 RALLYDEBUG rally_openstack.cleanup.manager [-] Cleaning up neutron security_group objects
2020-04-09 05:13:47.491 15 INFO rally.task.context [-] Task 1dc27f24-047b-43c6-854b-7cb756b12520 | Context cleanup@openstack cleanup() finished in 1.04 min
2020-04-09 05:13:47.492 15 INFO rally.task.context [-] Task 1dc27f24-047b-43c6-854b-7cb756b12520 | Context quotas@openstack cleanup() started
2020-04-09 05:13:47.545 15 INFO rally.task.context [-] Task 1dc27f24-047b-43c6-854b-7cb756b12520 | Context quotas@openstack cleanup() finished in 53.35 msec
2020-04-09 05:13:47.545 15 INFO rally.task.context [-] Task 1dc27f24-047b-43c6-854b-7cb756b12520 | Context users@openstack cleanup() started
2020-04-09 05:13:49.551 15 INFO rally.task.context [-] Task 1dc27f24-047b-43c6-854b-7cb756b12520 | Context users@openstack cleanup() finished in 2.01 sec
2020-04-09 05:13:51.406 15 INFO rally.task.engine [-] Load duration is: 58.991714
2020-04-09 05:13:51.407 15 INFO rally.task.engine [-] Full runner duration is: 59.040284
2020-04-09 05:13:51.407 15 INFO rally.task.engine [-] Full duration is: 124.703203
2020-04-09 05:13:51.521 15 INFO rally.task.engine [-] Running workload: position = 2 config = { "version": 2, "title": "A cropped version of a bigger task.", "description": "Auto-generated task from a single workload (uuid=1c77e0ff-b84a-4cb9-8de6-4c48364edf96)", "subtasks": [ { "title": "NeutronNetworks.create_and_delete_subnets", "description": "Create and delete a given number of subnets.", "scenario": { "NeutronNetworks.create_and_delete_subnets": { "network_create_args": {}, "subnet_create_args": {}, "subnet_cidr_start": "1.1.0.0/30", "subnets_per_network": 2 } }, "contexts": { "users": { "tenants": 1, "users_per_tenant": 1 }, "quotas": { "neutron": { "network": -1, "subnet": -1 } } }, "runner": { "constant": { "times": 40, "concurrency": 20 } }, "hooks": [], "sla": { "failure_rate": { "max": 0 } } } ] }
2020-04-09 05:13:51.534 15 RALLYDEBUG rally_openstack.contexts.keystone.users [-] Creating 1 tenants using 20 threads
2020-04-09 05:13:51.851 15 RALLYDEBUG rally_openstack.contexts.keystone.users [-] Creating 1 users using 20 threads
2020-04-09 05:13:52.367 15 INFO rally.task.context [-] Task 1dc27f24-047b-43c6-854b-7cb756b12520 | Context users@openstack setup() finished in 0.83 sec
2020-04-09 05:13:52.724 15 INFO rally.task.context [-] Task 1dc27f24-047b-43c6-854b-7cb756b12520 | Context quotas@openstack setup() finished in 0.36 sec
2020-04-09 05:13:52.725 15 INFO rally.task.context [-] Task 1dc27f24-047b-43c6-854b-7cb756b12520 | Context cleanup@openstack setup() finished in 0.01 msec
2020-04-09 05:13:52.735 15 RALLYDEBUG rally.task.runner [-] Starting the constant runner (task UUID: 1dc27f24-047b-43c6-854b-7cb756b12520). timeout: 0 concurrency: 20 concurrency_per_worker: 1 times: 40 concurrency_overhead: 0 processes_to_start: 20 max_cpu_used: 88
2020-04-09 05:13:52.750 2269 RALLYDEBUG rally.task.runner [-] Starting a worker. concurrency: 1 args: {"network_create_args": {}, "subnet_create_args": {}, "subnet_cidr_start": "1.1.0.0/30", "subnets_per_network": 2} times: 40 method_name: run timeout: 0 duration: None cls:
2020-04-09 05:13:52.754 2270 RALLYDEBUG rally.task.runner [-] Starting a worker. concurrency: 1 args: {"network_create_args": {}, "subnet_create_args": {}, "subnet_cidr_start": "1.1.0.0/30", "subnets_per_network": 2} times: 40 method_name: run timeout: 0 duration: None cls:
2020-04-09 05:13:52.756 2269 INFO rally.task.runner [-] Task 1dc27f24-047b-43c6-854b-7cb756b12520 | ITER: 1 START
2020-04-09 05:13:52.757 2271 RALLYDEBUG rally.task.runner [-] Starting a worker. concurrency: 1 args: {"network_create_args": {}, "subnet_create_args": {}, "subnet_cidr_start": "1.1.0.0/30", "subnets_per_network": 2} times: 40 method_name: run timeout: 0 duration: None cls:
2020-04-09 05:13:52.758 2269 WARNING rally_openstack.scenarios.neutron.utils [-] Running this scenario without either the 'network' or 'existing_network' context is deprecated
2020-04-09 05:13:52.760 2272 RALLYDEBUG rally.task.runner [-] Starting a worker. concurrency: 1 args: {"network_create_args": {}, "subnet_create_args": {}, "subnet_cidr_start": "1.1.0.0/30", "subnets_per_network": 2} times: 40 method_name: run timeout: 0 duration: None cls:
2020-04-09 05:13:52.760 2270 INFO rally.task.runner [-] Task 1dc27f24-047b-43c6-854b-7cb756b12520 | ITER: 2 START
2020-04-09 05:13:52.762 2270 WARNING rally_openstack.scenarios.neutron.utils [-] Running this scenario without either the 'network' or 'existing_network' context is deprecated
2020-04-09 05:13:52.763 2271 INFO rally.task.runner [-] Task 1dc27f24-047b-43c6-854b-7cb756b12520 | ITER: 3 START
2020-04-09 05:13:52.763 2275 RALLYDEBUG rally.task.runner [-] Starting a worker. concurrency: 1 args: {"network_create_args": {}, "subnet_create_args": {}, "subnet_cidr_start": "1.1.0.0/30", "subnets_per_network": 2} times: 40 method_name: run timeout: 0 duration: None cls:
2020-04-09 05:13:52.764 2271 WARNING rally_openstack.scenarios.neutron.utils [-] Running this scenario without either the 'network' or 'existing_network' context is deprecated
2020-04-09 05:13:52.764 2276 RALLYDEBUG rally.task.runner [-] Starting a worker. concurrency: 1 args: {"network_create_args": {}, "subnet_create_args": {}, "subnet_cidr_start": "1.1.0.0/30", "subnets_per_network": 2} times: 40 method_name: run timeout: 0 duration: None cls:
2020-04-09 05:13:52.766 2272 INFO rally.task.runner [-] Task 1dc27f24-047b-43c6-854b-7cb756b12520 | ITER: 4 START
2020-04-09 05:13:52.767 2272 WARNING rally_openstack.scenarios.neutron.utils [-] Running this scenario without either the 'network' or 'existing_network' context is deprecated
2020-04-09 05:13:52.769 2275 INFO rally.task.runner [-] Task 1dc27f24-047b-43c6-854b-7cb756b12520 | ITER: 5 START
2020-04-09 05:13:52.769 2279 RALLYDEBUG rally.task.runner [-] Starting a worker. concurrency: 1 args: {"network_create_args": {}, "subnet_create_args": {}, "subnet_cidr_start": "1.1.0.0/30", "subnets_per_network": 2} times: 40 method_name: run timeout: 0 duration: None cls:
2020-04-09 05:13:52.770 2275 WARNING rally_openstack.scenarios.neutron.utils [-] Running this scenario without either the 'network' or 'existing_network' context is deprecated
2020-04-09 05:13:52.770 2276 INFO rally.task.runner [-] Task 1dc27f24-047b-43c6-854b-7cb756b12520 | ITER: 6 START
2020-04-09 05:13:52.771 2276 WARNING rally_openstack.scenarios.neutron.utils [-] Running this scenario without either the 'network' or 'existing_network' context is deprecated
2020-04-09 05:13:52.772 2282 RALLYDEBUG rally.task.runner [-] Starting a worker. concurrency: 1 args: {"network_create_args": {}, "subnet_create_args": {}, "subnet_cidr_start": "1.1.0.0/30", "subnets_per_network": 2} times: 40 method_name: run timeout: 0 duration: None cls:
2020-04-09 05:13:52.775 2279 INFO rally.task.runner [-] Task 1dc27f24-047b-43c6-854b-7cb756b12520 | ITER: 7 START
2020-04-09 05:13:52.774 2286 RALLYDEBUG rally.task.runner [-] Starting a worker. concurrency: 1 args: {"network_create_args": {}, "subnet_create_args": {}, "subnet_cidr_start": "1.1.0.0/30", "subnets_per_network": 2} times: 40 method_name: run timeout: 0 duration: None cls:
2020-04-09 05:13:52.776 2279 WARNING rally_openstack.scenarios.neutron.utils [-] Running this scenario without either the 'network' or 'existing_network' context is deprecated
2020-04-09 05:13:52.778 2290 RALLYDEBUG rally.task.runner [-] Starting a worker. concurrency: 1 args: {"network_create_args": {}, "subnet_create_args": {}, "subnet_cidr_start": "1.1.0.0/30", "subnets_per_network": 2} times: 40 method_name: run timeout: 0 duration: None cls:
2020-04-09 05:13:52.778 2282 INFO rally.task.runner [-] Task 1dc27f24-047b-43c6-854b-7cb756b12520 | ITER: 8 START
2020-04-09 05:13:52.780 2282 WARNING rally_openstack.scenarios.neutron.utils [-] Running this scenario without either the 'network' or 'existing_network' context is deprecated
2020-04-09 05:13:52.781 2286 INFO rally.task.runner [-] Task 1dc27f24-047b-43c6-854b-7cb756b12520 | ITER: 9 START
2020-04-09 05:13:52.780 2292 RALLYDEBUG rally.task.runner [-] Starting a worker. concurrency: 1 args: {"network_create_args": {}, "subnet_create_args": {}, "subnet_cidr_start": "1.1.0.0/30", "subnets_per_network": 2} times: 40 method_name: run timeout: 0 duration: None cls:
2020-04-09 05:13:52.782 2286 WARNING rally_openstack.scenarios.neutron.utils [-] Running this scenario without either the 'network' or 'existing_network' context is deprecated
2020-04-09 05:13:52.784 2290 INFO rally.task.runner [-] Task 1dc27f24-047b-43c6-854b-7cb756b12520 | ITER: 10 START
2020-04-09 05:13:52.784 2294 RALLYDEBUG rally.task.runner [-] Starting a worker. concurrency: 1 args: {"network_create_args": {}, "subnet_create_args": {}, "subnet_cidr_start": "1.1.0.0/30", "subnets_per_network": 2} times: 40 method_name: run timeout: 0 duration: None cls:
2020-04-09 05:13:52.785 2290 WARNING rally_openstack.scenarios.neutron.utils [-] Running this scenario without either the 'network' or 'existing_network' context is deprecated
2020-04-09 05:13:52.787 2292 INFO rally.task.runner [-] Task 1dc27f24-047b-43c6-854b-7cb756b12520 | ITER: 11 START
2020-04-09 05:13:52.788 2292 WARNING rally_openstack.scenarios.neutron.utils [-] Running this scenario without either the 'network' or 'existing_network' context is deprecated
2020-04-09 05:13:52.787 2298 RALLYDEBUG rally.task.runner [-] Starting a worker. concurrency: 1 args: {"network_create_args": {}, "subnet_create_args": {}, "subnet_cidr_start": "1.1.0.0/30", "subnets_per_network": 2} times: 40 method_name: run timeout: 0 duration: None cls:
2020-04-09 05:13:52.788 2300 RALLYDEBUG rally.task.runner [-] Starting a worker. concurrency: 1 args: {"network_create_args": {}, "subnet_create_args": {}, "subnet_cidr_start": "1.1.0.0/30", "subnets_per_network": 2} times: 40 method_name: run timeout: 0 duration: None cls:
2020-04-09 05:13:52.790 2294 INFO rally.task.runner [-] Task 1dc27f24-047b-43c6-854b-7cb756b12520 | ITER: 12 START
2020-04-09 05:13:52.791 2294 WARNING rally_openstack.scenarios.neutron.utils [-] Running this scenario without either the 'network' or 'existing_network' context is deprecated
2020-04-09 05:13:52.793 2306 RALLYDEBUG rally.task.runner [-] Starting a worker. concurrency: 1 args: {"network_create_args": {}, "subnet_create_args": {}, "subnet_cidr_start": "1.1.0.0/30", "subnets_per_network": 2} times: 40 method_name: run timeout: 0 duration: None cls:
2020-04-09 05:13:52.793 2300 INFO rally.task.runner [-] Task 1dc27f24-047b-43c6-854b-7cb756b12520 | ITER: 14 START
2020-04-09 05:13:52.792 2304 RALLYDEBUG rally.task.runner [-] Starting a worker. concurrency: 1 args: {"network_create_args": {}, "subnet_create_args": {}, "subnet_cidr_start": "1.1.0.0/30", "subnets_per_network": 2} times: 40 method_name: run timeout: 0 duration: None cls:
2020-04-09 05:13:52.793 2298 INFO rally.task.runner [-] Task 1dc27f24-047b-43c6-854b-7cb756b12520 | ITER: 13 START
2020-04-09 05:13:52.794 2300 WARNING rally_openstack.scenarios.neutron.utils [-] Running this scenario without either the 'network' or 'existing_network' context is deprecated
2020-04-09 05:13:52.795 2298 WARNING rally_openstack.scenarios.neutron.utils [-] Running this scenario without either the 'network' or 'existing_network' context is deprecated
2020-04-09 05:13:52.797 2306 INFO rally.task.runner [-] Task 1dc27f24-047b-43c6-854b-7cb756b12520 | ITER: 15 START
2020-04-09 05:13:52.798 2306 WARNING rally_openstack.scenarios.neutron.utils [-] Running this scenario without either the 'network' or 'existing_network' context is deprecated
2020-04-09 05:13:52.798 2309 RALLYDEBUG rally.task.runner [-] Starting a worker. concurrency: 1 args: {"network_create_args": {}, "subnet_create_args": {}, "subnet_cidr_start": "1.1.0.0/30", "subnets_per_network": 2} times: 40 method_name: run timeout: 0 duration: None cls:
2020-04-09 05:13:52.799 2304 INFO rally.task.runner [-] Task 1dc27f24-047b-43c6-854b-7cb756b12520 | ITER: 16 START
2020-04-09 05:13:52.800 2304 WARNING rally_openstack.scenarios.neutron.utils [-] Running this scenario without either the 'network' or 'existing_network' context is deprecated
2020-04-09 05:13:52.801 2314 RALLYDEBUG rally.task.runner [-] Starting a worker. concurrency: 1 args: {"network_create_args": {}, "subnet_create_args": {}, "subnet_cidr_start": "1.1.0.0/30", "subnets_per_network": 2} times: 40 method_name: run timeout: 0 duration: None cls:
2020-04-09 05:13:52.804 2309 INFO rally.task.runner [-] Task 1dc27f24-047b-43c6-854b-7cb756b12520 | ITER: 17 START
2020-04-09 05:13:52.803 2317 RALLYDEBUG rally.task.runner [-] Starting a worker. concurrency: 1 args: {"network_create_args": {}, "subnet_create_args": {}, "subnet_cidr_start": "1.1.0.0/30", "subnets_per_network": 2} times: 40 method_name: run timeout: 0 duration: None cls:
2020-04-09 05:13:52.804 2309 WARNING rally_openstack.scenarios.neutron.utils [-] Running this scenario without either the 'network' or 'existing_network' context is deprecated
2020-04-09 05:13:52.807 2314 INFO rally.task.runner [-] Task 1dc27f24-047b-43c6-854b-7cb756b12520 | ITER: 18 START
2020-04-09 05:13:52.806 2320 RALLYDEBUG rally.task.runner [-] Starting a worker. concurrency: 1 args: {"network_create_args": {}, "subnet_create_args": {}, "subnet_cidr_start": "1.1.0.0/30", "subnets_per_network": 2} times: 40 method_name: run timeout: 0 duration: None cls:
2020-04-09 05:13:52.808 2314 WARNING rally_openstack.scenarios.neutron.utils [-] Running this scenario without either the 'network' or 'existing_network' context is deprecated
2020-04-09 05:13:52.808 2317 INFO rally.task.runner [-] Task 1dc27f24-047b-43c6-854b-7cb756b12520 | ITER: 19 START
2020-04-09 05:13:52.809 2317 WARNING rally_openstack.scenarios.neutron.utils [-] Running this scenario without either the 'network' or 'existing_network' context is deprecated
2020-04-09 05:13:52.812 2320 INFO rally.task.runner [-] Task 1dc27f24-047b-43c6-854b-7cb756b12520 | ITER: 20 START
2020-04-09 05:13:52.813 2320 WARNING rally_openstack.scenarios.neutron.utils [-] Running this scenario without either the 'network' or 'existing_network' context is deprecated
2020-04-09 05:13:53.481 2270 RALLYDEBUG rally_openstack.wrappers.network [-] CIDR generated: 1.1.4.96/30
2020-04-09 05:13:53.556 2314 RALLYDEBUG rally_openstack.wrappers.network [-] CIDR generated: 1.1.4.100/30
2020-04-09 05:13:53.573 2272 RALLYDEBUG rally_openstack.wrappers.network [-] CIDR generated: 1.1.4.104/30
2020-04-09 05:13:53.609 2320 RALLYDEBUG rally_openstack.wrappers.network [-] CIDR generated: 1.1.4.108/30
2020-04-09 05:13:53.622 2271 RALLYDEBUG rally_openstack.wrappers.network [-] CIDR generated: 1.1.4.112/30
2020-04-09 05:13:53.704 2275 RALLYDEBUG rally_openstack.wrappers.network [-] CIDR generated: 1.1.4.116/30
2020-04-09 05:13:53.774 2279 RALLYDEBUG rally_openstack.wrappers.network [-] CIDR generated: 1.1.4.120/30
2020-04-09 05:13:53.807 2292 RALLYDEBUG rally_openstack.wrappers.network [-] CIDR generated: 1.1.4.124/30
2020-04-09 05:13:53.986 2269 RALLYDEBUG rally_openstack.wrappers.network [-] CIDR generated: 1.1.4.128/30
2020-04-09 05:13:54.175 2294 RALLYDEBUG rally_openstack.wrappers.network [-] CIDR generated: 1.1.4.132/30
2020-04-09 05:13:54.322 2317 RALLYDEBUG rally_openstack.wrappers.network [-] CIDR generated: 1.1.4.136/30
2020-04-09 05:13:54.354 2300 RALLYDEBUG rally_openstack.wrappers.network [-] CIDR generated: 1.1.4.140/30
2020-04-09 05:13:54.386 2298 RALLYDEBUG rally_openstack.wrappers.network [-] CIDR generated: 1.1.4.144/30
2020-04-09 05:13:54.420 2306 RALLYDEBUG rally_openstack.wrappers.network [-] CIDR generated: 1.1.4.148/30
2020-04-09 05:13:54.426 2276 RALLYDEBUG rally_openstack.wrappers.network [-] CIDR generated: 1.1.4.152/30
2020-04-09 05:13:54.685 2270 RALLYDEBUG rally_openstack.wrappers.network [-] CIDR generated: 1.1.4.156/30
2020-04-09 05:13:54.696 2309 RALLYDEBUG rally_openstack.wrappers.network [-] CIDR generated: 1.1.4.160/30
2020-04-09 05:13:54.715 2286 RALLYDEBUG rally_openstack.wrappers.network [-] CIDR generated: 1.1.4.164/30
2020-04-09 05:13:54.790 2292 RALLYDEBUG rally_openstack.wrappers.network [-] CIDR generated: 1.1.4.168/30
2020-04-09 05:13:54.895 2290 RALLYDEBUG rally_openstack.wrappers.network [-] CIDR generated: 1.1.4.172/30
2020-04-09 05:13:54.923 2320 RALLYDEBUG rally_openstack.wrappers.network [-] CIDR generated: 1.1.4.176/30
2020-04-09 05:13:54.924 2272 RALLYDEBUG rally_openstack.wrappers.network [-] CIDR generated: 1.1.4.180/30
2020-04-09 05:13:55.028 2282 RALLYDEBUG rally_openstack.wrappers.network [-] CIDR generated: 1.1.4.184/30
2020-04-09 05:13:55.201 2279 RALLYDEBUG rally_openstack.wrappers.network [-] CIDR generated: 1.1.4.188/30
2020-04-09 05:13:55.259 2314 RALLYDEBUG rally_openstack.wrappers.network [-] CIDR generated: 1.1.4.192/30
2020-04-09 05:13:55.383 2304 RALLYDEBUG rally_openstack.wrappers.network [-] CIDR generated: 1.1.4.196/30
2020-04-09 05:13:55.778 2298 RALLYDEBUG rally_openstack.wrappers.network [-] CIDR generated: 1.1.4.200/30
2020-04-09 05:13:55.784 2309 RALLYDEBUG rally_openstack.wrappers.network [-] CIDR generated: 1.1.4.204/30
2020-04-09 05:13:55.790 2286 RALLYDEBUG rally_openstack.wrappers.network [-] CIDR generated: 1.1.4.208/30
2020-04-09 05:13:56.633 2290 RALLYDEBUG rally_openstack.wrappers.network [-] CIDR generated: 1.1.4.212/30
2020-04-09 05:13:56.635 2304 RALLYDEBUG rally_openstack.wrappers.network [-] CIDR generated: 1.1.4.216/30
2020-04-09 05:13:56.682 2282 RALLYDEBUG rally_openstack.wrappers.network [-] CIDR generated: 1.1.4.220/30
2020-04-09 05:13:56.849 2271 RALLYDEBUG rally_openstack.wrappers.network [-] CIDR generated: 1.1.4.224/30
2020-04-09 05:13:56.873 2275 RALLYDEBUG rally_openstack.wrappers.network [-] CIDR generated: 1.1.4.228/30
2020-04-09 05:13:57.149 2269 RALLYDEBUG rally_openstack.wrappers.network [-] CIDR generated: 1.1.4.232/30
2020-04-09 05:13:57.177 2306 RALLYDEBUG rally_openstack.wrappers.network [-] CIDR generated: 1.1.4.236/30
2020-04-09 05:13:57.308 2276 RALLYDEBUG rally_openstack.wrappers.network [-] CIDR generated: 1.1.4.240/30
2020-04-09 05:13:57.500 2294 RALLYDEBUG rally_openstack.wrappers.network [-] CIDR generated: 1.1.4.244/30
2020-04-09 05:13:57.590 2270 INFO rally.task.runner [-] Task 1dc27f24-047b-43c6-854b-7cb756b12520 | ITER: 2 END: OK
2020-04-09 05:13:57.595 2270 INFO rally.task.runner [-] Task 1dc27f24-047b-43c6-854b-7cb756b12520 | ITER: 21 START
2020-04-09 05:13:57.596 2270 WARNING rally_openstack.scenarios.neutron.utils [-] Running this scenario without either the 'network' or 'existing_network' context is deprecated
2020-04-09 05:13:57.656 2317 RALLYDEBUG rally_openstack.wrappers.network [-] CIDR generated: 1.1.4.248/30
2020-04-09 05:13:57.665 2272 INFO rally.task.runner [-] Task 1dc27f24-047b-43c6-854b-7cb756b12520 | ITER: 4 END: OK
2020-04-09 05:13:57.670 2272 INFO rally.task.runner [-] Task 1dc27f24-047b-43c6-854b-7cb756b12520 | ITER: 22 START
2020-04-09 05:13:57.671 2272 WARNING rally_openstack.scenarios.neutron.utils [-] Running this scenario without either the 'network' or 'existing_network' context is deprecated
2020-04-09 05:13:57.897 2300 RALLYDEBUG rally_openstack.wrappers.network [-] CIDR generated: 1.1.4.252/30
2020-04-09 05:13:58.116 2298 INFO rally.task.runner [-] Task 1dc27f24-047b-43c6-854b-7cb756b12520 | ITER: 13 END: OK
2020-04-09 05:13:58.121 2298 INFO rally.task.runner [-] Task 1dc27f24-047b-43c6-854b-7cb756b12520 | ITER: 23 START
2020-04-09 05:13:58.122 2298 WARNING rally_openstack.scenarios.neutron.utils [-] Running this scenario without either the 'network' or 'existing_network' context is deprecated
2020-04-09 05:13:58.242 2270 RALLYDEBUG rally_openstack.wrappers.network [-] CIDR generated: 1.1.5.0/30
2020-04-09 05:13:59.115 2270 RALLYDEBUG rally_openstack.wrappers.network [-] CIDR generated: 1.1.5.4/30
2020-04-09 05:13:59.304 2272 RALLYDEBUG rally_openstack.wrappers.network [-] CIDR generated: 1.1.5.8/30
2020-04-09 05:13:59.322 2320 INFO rally.task.runner [-] Task 1dc27f24-047b-43c6-854b-7cb756b12520 | ITER: 20 END: OK
2020-04-09 05:13:59.328 2320 INFO rally.task.runner [-] Task 1dc27f24-047b-43c6-854b-7cb756b12520 | ITER: 24 START
2020-04-09 05:13:59.328 2320 WARNING rally_openstack.scenarios.neutron.utils [-] Running this scenario without either the 'network' or 'existing_network' context is deprecated
2020-04-09 05:13:59.889 2320 RALLYDEBUG rally_openstack.wrappers.network [-] CIDR generated: 1.1.5.12/30
2020-04-09 05:14:00.204 2298 RALLYDEBUG rally_openstack.wrappers.network [-] CIDR generated: 1.1.5.16/30
2020-04-09 05:14:00.516 2320 RALLYDEBUG rally_openstack.wrappers.network [-] CIDR generated: 1.1.5.20/30
2020-04-09 05:14:01.532 2270 INFO rally.task.runner [-] Task 1dc27f24-047b-43c6-854b-7cb756b12520 | ITER: 21 END: OK
2020-04-09 05:14:01.536 2270 INFO rally.task.runner [-] Task 1dc27f24-047b-43c6-854b-7cb756b12520 | ITER: 25 START
2020-04-09 05:14:01.537 2270 WARNING rally_openstack.scenarios.neutron.utils [-] Running this scenario without either the 'network' or 'existing_network' context is deprecated
2020-04-09 05:14:02.103 2272 RALLYDEBUG rally_openstack.wrappers.network [-] CIDR generated: 1.1.5.24/30
2020-04-09 05:14:02.455 2270 RALLYDEBUG rally_openstack.wrappers.network [-] CIDR generated: 1.1.5.28/30
2020-04-09 05:14:02.641 2298 RALLYDEBUG rally_openstack.wrappers.network [-] CIDR generated: 1.1.5.32/30
2020-04-09 05:14:03.260 2317 INFO rally.task.runner [-] Task 1dc27f24-047b-43c6-854b-7cb756b12520 | ITER: 19 END: OK
2020-04-09 05:14:03.265 2317 INFO rally.task.runner [-] Task 1dc27f24-047b-43c6-854b-7cb756b12520 | ITER: 26 START
2020-04-09 05:14:03.266 2317 WARNING rally_openstack.scenarios.neutron.utils [-] Running this scenario without either the 'network' or 'existing_network' context is deprecated
2020-04-09 05:14:03.863 2300 INFO rally.task.runner [-] Task 1dc27f24-047b-43c6-854b-7cb756b12520 | ITER: 14 END: OK
2020-04-09 05:14:03.868 2300 INFO rally.task.runner [-] Task 1dc27f24-047b-43c6-854b-7cb756b12520 | ITER: 27 START
2020-04-09 05:14:03.869 2300 WARNING rally_openstack.scenarios.neutron.utils [-] Running this scenario without either the 'network' or 'existing_network' context is deprecated
2020-04-09 05:14:05.127 2317 RALLYDEBUG rally_openstack.wrappers.network [-] CIDR generated: 1.1.5.36/30
2020-04-09 05:14:05.315 2276 INFO rally.task.runner [-] Task 1dc27f24-047b-43c6-854b-7cb756b12520 | ITER: 6 END: OK
2020-04-09 05:14:05.320 2276 INFO rally.task.runner [-] Task 1dc27f24-047b-43c6-854b-7cb756b12520 | ITER: 28 START
2020-04-09 05:14:05.320 2276 WARNING rally_openstack.scenarios.neutron.utils [-] Running this scenario without either the 'network' or 'existing_network' context is deprecated
2020-04-09 05:14:05.454 2300 RALLYDEBUG rally_openstack.wrappers.network [-] CIDR generated: 1.1.5.40/30
2020-04-09 05:14:05.586 2309 INFO rally.task.runner [-] Task 1dc27f24-047b-43c6-854b-7cb756b12520 | ITER: 17 END: OK
2020-04-09 05:14:05.591 2309 INFO rally.task.runner [-] Task 1dc27f24-047b-43c6-854b-7cb756b12520 | ITER: 29 START
2020-04-09 05:14:05.592 2309 WARNING rally_openstack.scenarios.neutron.utils [-] Running this scenario without either the 'network' or 'existing_network' context is deprecated
2020-04-09 05:14:05.609 2290 INFO rally.task.runner [-] Task 1dc27f24-047b-43c6-854b-7cb756b12520 | ITER: 10 END: OK
2020-04-09 05:14:05.614 2290 INFO rally.task.runner [-] Task 1dc27f24-047b-43c6-854b-7cb756b12520 | ITER: 30 START
2020-04-09 05:14:05.615 2290 WARNING rally_openstack.scenarios.neutron.utils [-] Running this scenario without either the 'network' or 'existing_network' context is deprecated
2020-04-09 05:14:05.788 2276 RALLYDEBUG rally_openstack.wrappers.network [-] CIDR generated: 1.1.5.44/30
2020-04-09 05:14:06.390 2270 RALLYDEBUG rally_openstack.wrappers.network [-] CIDR generated: 1.1.5.48/30
2020-04-09 05:14:06.477 2292 INFO rally.task.runner [-] Task 1dc27f24-047b-43c6-854b-7cb756b12520 | ITER: 11 END: OK
2020-04-09 05:14:06.477 2276 RALLYDEBUG rally_openstack.wrappers.network [-] CIDR generated: 1.1.5.52/30
2020-04-09 05:14:06.482 2292 INFO rally.task.runner [-] Task 1dc27f24-047b-43c6-854b-7cb756b12520 | ITER: 31 START
2020-04-09 05:14:06.482 2292 WARNING rally_openstack.scenarios.neutron.utils [-] Running this scenario without either the 'network' or 'existing_network' context is deprecated
2020-04-09 05:14:06.642 2320 INFO rally.task.runner [-] Task 1dc27f24-047b-43c6-854b-7cb756b12520 | ITER: 24 END: OK
2020-04-09 05:14:06.646 2320 INFO rally.task.runner [-] Task 1dc27f24-047b-43c6-854b-7cb756b12520 | ITER: 32 START
2020-04-09 05:14:06.647 2320 WARNING rally_openstack.scenarios.neutron.utils [-] Running this scenario without either the 'network' or 'existing_network' context is deprecated
2020-04-09 05:14:06.686 2290 RALLYDEBUG rally_openstack.wrappers.network [-] CIDR generated: 1.1.5.56/30
2020-04-09 05:14:06.734 2294 INFO rally.task.runner [-] Task 1dc27f24-047b-43c6-854b-7cb756b12520 | ITER: 12 END: OK
2020-04-09 05:14:06.739 2294 INFO rally.task.runner [-] Task 1dc27f24-047b-43c6-854b-7cb756b12520 | ITER: 33 START
2020-04-09 05:14:06.739 2294 WARNING rally_openstack.scenarios.neutron.utils [-] Running this scenario without either the 'network' or 'existing_network' context is deprecated
2020-04-09 05:14:07.200 2294 RALLYDEBUG rally_openstack.wrappers.network [-] CIDR generated: 1.1.5.60/30
2020-04-09 05:14:07.337 2292 RALLYDEBUG rally_openstack.wrappers.network [-] CIDR generated: 1.1.5.64/30
2020-04-09 05:14:07.662 2314 INFO rally.task.runner [-] Task 1dc27f24-047b-43c6-854b-7cb756b12520 | ITER: 18 END: OK
2020-04-09 05:14:07.667 2314 INFO rally.task.runner [-] Task 1dc27f24-047b-43c6-854b-7cb756b12520 | ITER: 34 START
2020-04-09 05:14:07.668 2314 WARNING rally_openstack.scenarios.neutron.utils [-] Running this scenario without either the 'network' or 'existing_network' context is deprecated
2020-04-09 05:14:08.352 2314 RALLYDEBUG rally_openstack.wrappers.network [-] CIDR generated: 1.1.5.68/30
2020-04-09 05:14:08.466 2292 RALLYDEBUG rally_openstack.wrappers.network [-] CIDR generated: 1.1.5.72/30
2020-04-09 05:14:08.959 2309 RALLYDEBUG rally_openstack.wrappers.network [-] CIDR generated: 1.1.5.76/30
2020-04-09 05:14:08.966 2294 RALLYDEBUG rally_openstack.wrappers.network [-] CIDR generated: 1.1.5.80/30
2020-04-09 05:14:09.275 2314 RALLYDEBUG rally_openstack.wrappers.network [-] CIDR generated: 1.1.5.84/30
2020-04-09 05:14:09.434 2320 RALLYDEBUG rally_openstack.wrappers.network [-] CIDR generated: 1.1.5.88/30
2020-04-09 05:14:09.935 2276 INFO rally.task.runner [-] Task 1dc27f24-047b-43c6-854b-7cb756b12520 | ITER: 28 END: OK
2020-04-09 05:14:09.939 2276 INFO rally.task.runner [-] Task 1dc27f24-047b-43c6-854b-7cb756b12520 | ITER: 35 START
2020-04-09 05:14:09.939 2276 WARNING rally_openstack.scenarios.neutron.utils [-] Running this scenario without either the 'network' or 'existing_network' context is deprecated
2020-04-09 05:14:10.053 2272 INFO rally.task.runner [-] Task 1dc27f24-047b-43c6-854b-7cb756b12520 | ITER: 22 END: OK
2020-04-09 05:14:10.057 2272 INFO rally.task.runner [-] Task 1dc27f24-047b-43c6-854b-7cb756b12520 | ITER: 36 START
2020-04-09 05:14:10.058 2272 WARNING rally_openstack.scenarios.neutron.utils [-] Running this scenario without either the 'network' or 'existing_network' context is deprecated
