2020-04-09 05:10:04.832 15 RALLYDEBUG rally_openstack.cleanup.manager [-] Deleting neutron.network object s_rally_db6f53d5_nb4nfmOY (8eb0891d-4fb9-4ca3-8fcd-354623c46ddc)
2020-04-09 05:10:04.968 15 RALLYDEBUG rally_openstack.cleanup.manager [-] Deleting neutron.network object s_rally_db6f53d5_aiWK5O2B (8fae207e-b64e-42e5-8ee3-605bd9c7bc21)
2020-04-09 05:10:05.149 15 RALLYDEBUG rally_openstack.cleanup.manager [-] Deleting neutron.network object s_rally_db6f53d5_D11MAL3B (9268c0a9-b5f3-4f31-9957-9ca50001a4df)
2020-04-09 05:10:05.241 15 RALLYDEBUG rally_openstack.cleanup.manager [-] Deleting neutron.network object s_rally_db6f53d5_HOLDyN92 (933fb709-7d31-4318-845a-4245d9f19397)
2020-04-09 05:10:05.366 15 RALLYDEBUG rally_openstack.cleanup.manager [-] Deleting neutron.network object s_rally_db6f53d5_B4CgYLaH (944d628b-1b21-4550-805a-eb1c33e3821a)
2020-04-09 05:10:05.379 15 RALLYDEBUG rally_openstack.cleanup.manager [-] Deleting neutron.network object s_rally_db6f53d5_SONRPa0W (94abdebd-97cf-4d3a-a0a8-375e511662a2)
2020-04-09 05:10:05.787 15 RALLYDEBUG rally_openstack.cleanup.manager [-] Deleting neutron.network object s_rally_db6f53d5_oax7cx8o (9724ca12-d2f8-4b3f-88ac-39aece963377)
2020-04-09 05:10:05.813 15 RALLYDEBUG rally_openstack.cleanup.manager [-] Deleting neutron.network object s_rally_db6f53d5_G0Jma93c (9a080954-e39a-476b-8f9b-c8a07073d9b0)
2020-04-09 05:10:05.820 15 RALLYDEBUG rally_openstack.cleanup.manager [-] Deleting neutron.network object s_rally_db6f53d5_FR0Bwy9R (9c56fd68-f38f-4a76-8a87-e358d6c6282b)
2020-04-09 05:10:06.463 15 RALLYDEBUG rally_openstack.cleanup.manager [-] Deleting neutron.network object s_rally_db6f53d5_N3YrbH8B (a1e472d7-3314-41c3-89c9-ab068c8ac680)
2020-04-09 05:10:06.531 15 RALLYDEBUG rally_openstack.cleanup.manager [-] Deleting neutron.network object s_rally_db6f53d5_pGUY1QT7 (a250ad3b-768a-43b5-8edb-c7f2d50c01e3)
2020-04-09 05:10:06.539 15 RALLYDEBUG rally_openstack.cleanup.manager [-] Deleting neutron.network object s_rally_db6f53d5_ovx5vl3c (a3079025-3e74-426e-b164-f4515ba28e24)
2020-04-09 05:10:06.571 15 RALLYDEBUG rally_openstack.cleanup.manager [-] Deleting neutron.network object s_rally_db6f53d5_sMXXrEiF (a41b472f-8de9-487c-b37e-30b9a87ff117)
2020-04-09 05:10:06.605 15 RALLYDEBUG rally_openstack.cleanup.manager [-] Deleting neutron.network object s_rally_db6f53d5_4vbBXake (a8ae6597-c8a3-414d-b7f9-1895168dda1d)
2020-04-09 05:10:06.897 15 RALLYDEBUG rally_openstack.cleanup.manager [-] Deleting neutron.network object s_rally_db6f53d5_UurOLIZv (ac3f003d-d475-4274-8801-63364ad06ca1)
2020-04-09 05:10:07.006 15 RALLYDEBUG rally_openstack.cleanup.manager [-] Deleting neutron.network object s_rally_db6f53d5_dk4I5vQj (ae0b6e00-3698-4a4d-b425-17a00b864fed)
2020-04-09 05:10:07.014 15 RALLYDEBUG rally_openstack.cleanup.manager [-] Deleting neutron.network object s_rally_db6f53d5_1w8VSuPb (af1067a9-84a0-499d-b502-f9320652f0bf)
2020-04-09 05:10:07.259 15 RALLYDEBUG rally_openstack.cleanup.manager [-] Deleting neutron.network object s_rally_db6f53d5_xkEByJH3 (b580b473-8bc4-47b5-983c-bbb246ea5cc4)
2020-04-09 05:10:07.396 15 RALLYDEBUG rally_openstack.cleanup.manager [-] Deleting neutron.network object s_rally_db6f53d5_DPSpN7Mc (b7fdff6a-739a-4e5c-ab0f-3fe4c9270efb)
2020-04-09 05:10:07.404 15 RALLYDEBUG rally_openstack.cleanup.manager [-] Deleting neutron.network object s_rally_db6f53d5_Kzkd5dNk (bb33a4ee-2a69-4d98-8f5b-565ac6e7195f)
2020-04-09 05:10:07.431 15 RALLYDEBUG rally_openstack.cleanup.manager [-] Deleting neutron.network object s_rally_db6f53d5_mhDUIcxP (bb913a6f-f688-4a11-8d31-2e52d8beaae7)
2020-04-09 05:10:07.452 15 RALLYDEBUG rally_openstack.cleanup.manager [-] Deleting neutron.network object s_rally_db6f53d5_eypU5kPN (bce77f77-a057-4bfd-93ed-e5477e0a2c6b)
2020-04-09 05:10:07.756 15 RALLYDEBUG rally_openstack.cleanup.manager [-] Deleting neutron.network object s_rally_db6f53d5_VlthYIf5 (be28d08d-2b77-456e-976c-ea8f61982698)
2020-04-09 05:10:07.920 15 RALLYDEBUG rally_openstack.cleanup.manager [-] Deleting neutron.network object s_rally_db6f53d5_dC0IePVj (bed06694-3981-4917-a132-73001a64563a)
2020-04-09 05:10:07.991 15 RALLYDEBUG rally_openstack.cleanup.manager [-] Deleting neutron.network object s_rally_db6f53d5_YgrrytOY (c1b67ab9-a9b9-49d9-88d5-3b765d04ba69)
2020-04-09 05:10:08.198 15 RALLYDEBUG rally_openstack.cleanup.manager [-] Deleting neutron.network object s_rally_db6f53d5_5yQuDVBO (cad1cbfa-46b6-4bac-95ab-a8dbf63213c6)
2020-04-09 05:10:08.294 15 RALLYDEBUG rally_openstack.cleanup.manager [-] Deleting neutron.network object s_rally_db6f53d5_HTyEhFgh (ce9dd8c4-e924-4cc9-ab99-386408b07389)
2020-04-09 05:10:08.311 15 RALLYDEBUG rally_openstack.cleanup.manager [-] Deleting neutron.network object s_rally_db6f53d5_GqAOrpFZ (cf18ec9c-128d-4564-bb3f-0f056d995ff7)
2020-04-09 05:10:08.567 15 RALLYDEBUG rally_openstack.cleanup.manager [-] Deleting neutron.network object s_rally_db6f53d5_RB1vhWGM (d2702333-d2bd-4321-8fcb-323a2126bdcc)
2020-04-09 05:10:08.568 15 RALLYDEBUG rally_openstack.cleanup.manager [-] Deleting neutron.network object s_rally_db6f53d5_1Zmn8kyA (d06a779f-51ae-4288-ac4d-3f818002504d)
2020-04-09 05:10:08.803 15 RALLYDEBUG rally_openstack.cleanup.manager [-] Deleting neutron.network object s_rally_db6f53d5_Np9OacPE (d3400efd-b682-4b9c-9cc9-c018bfccb987)
2020-04-09 05:10:08.850 15 RALLYDEBUG rally_openstack.cleanup.manager [-] Deleting neutron.network object s_rally_db6f53d5_iivtFtMI (d408f790-0e7e-44ae-892d-b854a128c002)
2020-04-09 05:10:09.121 15 RALLYDEBUG rally_openstack.cleanup.manager [-] Deleting neutron.network object s_rally_db6f53d5_OHhPCtC5 (d59a125e-5dae-40e5-a802-783d514bf0db)
2020-04-09 05:10:09.424 15 RALLYDEBUG rally_openstack.cleanup.manager [-] Deleting neutron.network object s_rally_db6f53d5_hvBzasIf (d5bd9ed4-76de-429f-8c47-bd050668da7b)
2020-04-09 05:10:10.069 15 RALLYDEBUG rally_openstack.cleanup.manager [-] Deleting neutron.network object s_rally_db6f53d5_AtYzC0T2 (d954867a-cd4b-4f7d-b126-af7ac7394f46)
2020-04-09 05:10:10.204 15 RALLYDEBUG rally_openstack.cleanup.manager [-] Deleting neutron.network object s_rally_db6f53d5_QW4xQMrJ (e117050b-6910-4078-8b82-01623470bed2)
2020-04-09 05:10:10.238 15 RALLYDEBUG rally_openstack.cleanup.manager [-] Deleting neutron.network object s_rally_db6f53d5_ZAFuNUGB (e3eb4d09-4a19-4fa1-9577-7cdd11548fbc)
2020-04-09 05:10:10.674 15 RALLYDEBUG rally_openstack.cleanup.manager [-] Deleting neutron.network object s_rally_db6f53d5_3I2KHURq (e46ff068-199a-4e97-b507-0d2bc907087a)
2020-04-09 05:10:11.031 15 RALLYDEBUG rally_openstack.cleanup.manager [-] Deleting neutron.network object s_rally_db6f53d5_57l4gsCc (e8e420d7-6e1e-4adc-a586-9e57a0f31e75)
2020-04-09 05:10:11.049 15 RALLYDEBUG rally_openstack.cleanup.manager [-] Deleting neutron.network object s_rally_db6f53d5_uyMN1v2m (ee6d157a-6c09-4ac3-a91b-bf4a41b16134)
2020-04-09 05:10:11.214 15 RALLYDEBUG rally_openstack.cleanup.manager [-] Deleting neutron.network object s_rally_db6f53d5_2Ggdgtbc (f2ae220a-3f45-40d3-96eb-b0a3d86d22cd)
2020-04-09 05:10:11.356 15 RALLYDEBUG rally_openstack.cleanup.manager [-] Deleting neutron.network object s_rally_db6f53d5_p0YkHqqE (f2f98c6a-faec-48a2-bed8-fd4db40135cf)
2020-04-09 05:10:11.591 15 RALLYDEBUG rally_openstack.cleanup.manager [-] Deleting neutron.network object s_rally_db6f53d5_OEtiHnPK (f4abfd25-f639-403f-bf74-6f4ffc8a85a2)
2020-04-09 05:10:11.765 15 RALLYDEBUG rally_openstack.cleanup.manager [-] Deleting neutron.network object s_rally_db6f53d5_ccHuiYmm (f9314f3a-27d4-45ed-aaa9-7131117ea986)
2020-04-09 05:10:11.790 15 RALLYDEBUG rally_openstack.cleanup.manager [-] Deleting neutron.network object s_rally_db6f53d5_pg31iTb7 (f997dd2e-8e55-4f0f-bc2a-43994f26becf)
2020-04-09 05:10:11.965 15 RALLYDEBUG rally_openstack.cleanup.manager [-] Deleting neutron.network object s_rally_db6f53d5_Y3kK9fG3 (fc154de0-04cf-4073-8938-cedf11981644)
2020-04-09 05:10:12.065 15 RALLYDEBUG rally_openstack.cleanup.manager [-] Deleting neutron.network object s_rally_db6f53d5_ebzTX94i (fd9d498f-44d3-4532-acb9-48e130830069)
2020-04-09 05:10:14.329 15 RALLYDEBUG rally_openstack.cleanup.manager [-] Cleaning up neutron router objects
2020-04-09 05:10:14.585 15 RALLYDEBUG rally_openstack.cleanup.manager [-] Cleaning up neutron security_group objects
2020-04-09 05:10:14.987 15 INFO rally.task.context [-] Task 1dc27f24-047b-43c6-854b-7cb756b12520 | Context cleanup@openstack cleanup() finished in 19.16 sec
2020-04-09 05:10:14.988 15 INFO rally.task.context [-] Task 1dc27f24-047b-43c6-854b-7cb756b12520 | Context quotas@openstack cleanup() started
2020-04-09 05:10:15.038 15 INFO rally.task.context [-] Task 1dc27f24-047b-43c6-854b-7cb756b12520 | Context quotas@openstack cleanup() finished in 49.80 msec
2020-04-09 05:10:15.038 15 INFO rally.task.context [-] Task 1dc27f24-047b-43c6-854b-7cb756b12520 | Context users@openstack cleanup() started
2020-04-09 05:10:16.584 15 INFO rally.task.context [-] Task 1dc27f24-047b-43c6-854b-7cb756b12520 | Context users@openstack cleanup() finished in 1.55 sec
2020-04-09 05:10:17.918 15 INFO rally.task.engine [-] Load duration is: 10.825503
2020-04-09 05:10:17.918 15 INFO rally.task.engine [-] Full runner duration is: 10.871497
2020-04-09 05:10:17.918 15 INFO rally.task.engine [-] Full duration is: 32.841078
2020-04-09 05:10:18.106 15 INFO rally.task.engine [-] Running workload: position = 1 config = { "version": 2, "title": "A cropped version of a bigger task.", "description": "Auto-generated task from a single workload (uuid=99ec6f16-00c2-441b-ac23-52f0441eebea)", "subtasks": [ { "title": "NeutronNetworks.create_and_update_networks", "description": "Check network update action", "scenario": { "NeutronNetworks.create_and_update_networks": { "network_create_args": {}, "network_update_args": { "admin_state_up": false, "name": "_updated" } } }, "contexts": { "users": { "tenants": 1, "users_per_tenant": 1 }, "quotas": { "neutron": { "network": -1 } } }, "runner": { "constant": { "times": 40, "concurrency": 20 } }, "hooks": [], "sla": { "failure_rate": { "max": 0 } } } ] }
2020-04-09 05:10:18.118 15 RALLYDEBUG rally_openstack.contexts.keystone.users [-] Creating 1 tenants using 20 threads
2020-04-09 05:10:18.439 15 RALLYDEBUG rally_openstack.contexts.keystone.users [-] Creating 1 users using 20 threads
2020-04-09 05:10:18.858 15 INFO rally.task.context [-] Task 1dc27f24-047b-43c6-854b-7cb756b12520 | Context users@openstack setup() finished in 0.74 sec
2020-04-09 05:10:19.190 15 INFO rally.task.context [-] Task 1dc27f24-047b-43c6-854b-7cb756b12520 | Context quotas@openstack setup() finished in 0.33 sec
2020-04-09 05:10:19.191 15 INFO rally.task.context [-] Task 1dc27f24-047b-43c6-854b-7cb756b12520 | Context cleanup@openstack setup() finished in 0.01 msec
2020-04-09 05:10:19.200 15 RALLYDEBUG rally.task.runner [-] Starting the constant runner (task UUID: 1dc27f24-047b-43c6-854b-7cb756b12520). timeout: 0 concurrency: 20 concurrency_per_worker: 1 times: 40 concurrency_overhead: 0 processes_to_start: 20 max_cpu_used: 88
2020-04-09 05:10:19.213 601 RALLYDEBUG rally.task.runner [-] Starting a worker. concurrency: 1 args: {"network_create_args": {}, "network_update_args": {"admin_state_up": false, "name": "_updated"}} times: 40 method_name: run timeout: 0 duration: None cls:
2020-04-09 05:10:19.215 602 RALLYDEBUG rally.task.runner [-] Starting a worker. concurrency: 1 args: {"network_create_args": {}, "network_update_args": {"admin_state_up": false, "name": "_updated"}} times: 40 method_name: run timeout: 0 duration: None cls:
2020-04-09 05:10:19.218 603 RALLYDEBUG rally.task.runner [-] Starting a worker. concurrency: 1 args: {"network_create_args": {}, "network_update_args": {"admin_state_up": false, "name": "_updated"}} times: 40 method_name: run timeout: 0 duration: None cls:
2020-04-09 05:10:19.219 601 INFO rally.task.runner [-] Task 1dc27f24-047b-43c6-854b-7cb756b12520 | ITER: 1 START
2020-04-09 05:10:19.221 604 RALLYDEBUG rally.task.runner [-] Starting a worker. concurrency: 1 args: {"network_create_args": {}, "network_update_args": {"admin_state_up": false, "name": "_updated"}} times: 40 method_name: run timeout: 0 duration: None cls:
2020-04-09 05:10:19.222 602 INFO rally.task.runner [-] Task 1dc27f24-047b-43c6-854b-7cb756b12520 | ITER: 2 START
2020-04-09 05:10:19.224 603 INFO rally.task.runner [-] Task 1dc27f24-047b-43c6-854b-7cb756b12520 | ITER: 3 START
2020-04-09 05:10:19.224 605 RALLYDEBUG rally.task.runner [-] Starting a worker. concurrency: 1 args: {"network_create_args": {}, "network_update_args": {"admin_state_up": false, "name": "_updated"}} times: 40 method_name: run timeout: 0 duration: None cls:
2020-04-09 05:10:19.227 604 INFO rally.task.runner [-] Task 1dc27f24-047b-43c6-854b-7cb756b12520 | ITER: 4 START
2020-04-09 05:10:19.226 609 RALLYDEBUG rally.task.runner [-] Starting a worker. concurrency: 1 args: {"network_create_args": {}, "network_update_args": {"admin_state_up": false, "name": "_updated"}} times: 40 method_name: run timeout: 0 duration: None cls:
2020-04-09 05:10:19.230 605 INFO rally.task.runner [-] Task 1dc27f24-047b-43c6-854b-7cb756b12520 | ITER: 5 START
2020-04-09 05:10:19.229 613 RALLYDEBUG rally.task.runner [-] Starting a worker. concurrency: 1 args: {"network_create_args": {}, "network_update_args": {"admin_state_up": false, "name": "_updated"}} times: 40 method_name: run timeout: 0 duration: None cls:
2020-04-09 05:10:19.232 609 INFO rally.task.runner [-] Task 1dc27f24-047b-43c6-854b-7cb756b12520 | ITER: 6 START
2020-04-09 05:10:19.232 616 RALLYDEBUG rally.task.runner [-] Starting a worker. concurrency: 1 args: {"network_create_args": {}, "network_update_args": {"admin_state_up": false, "name": "_updated"}} times: 40 method_name: run timeout: 0 duration: None cls:
2020-04-09 05:10:19.235 613 INFO rally.task.runner [-] Task 1dc27f24-047b-43c6-854b-7cb756b12520 | ITER: 7 START
2020-04-09 05:10:19.239 616 INFO rally.task.runner [-] Task 1dc27f24-047b-43c6-854b-7cb756b12520 | ITER: 8 START
2020-04-09 05:10:19.239 621 RALLYDEBUG rally.task.runner [-] Starting a worker. concurrency: 1 args: {"network_create_args": {}, "network_update_args": {"admin_state_up": false, "name": "_updated"}} times: 40 method_name: run timeout: 0 duration: None cls:
2020-04-09 05:10:19.242 624 RALLYDEBUG rally.task.runner [-] Starting a worker. concurrency: 1 args: {"network_create_args": {}, "network_update_args": {"admin_state_up": false, "name": "_updated"}} times: 40 method_name: run timeout: 0 duration: None cls:
2020-04-09 05:10:19.242 627 RALLYDEBUG rally.task.runner [-] Starting a worker. concurrency: 1 args: {"network_create_args": {}, "network_update_args": {"admin_state_up": false, "name": "_updated"}} times: 40 method_name: run timeout: 0 duration: None cls:
2020-04-09 05:10:19.245 621 INFO rally.task.runner [-] Task 1dc27f24-047b-43c6-854b-7cb756b12520 | ITER: 9 START
2020-04-09 05:10:19.247 627 INFO rally.task.runner [-] Task 1dc27f24-047b-43c6-854b-7cb756b12520 | ITER: 11 START
2020-04-09 05:10:19.248 624 INFO rally.task.runner [-] Task 1dc27f24-047b-43c6-854b-7cb756b12520 | ITER: 10 START
2020-04-09 05:10:19.247 628 RALLYDEBUG rally.task.runner [-] Starting a worker. concurrency: 1 args: {"network_create_args": {}, "network_update_args": {"admin_state_up": false, "name": "_updated"}} times: 40 method_name: run timeout: 0 duration: None cls:
2020-04-09 05:10:19.250 631 RALLYDEBUG rally.task.runner [-] Starting a worker. concurrency: 1 args: {"network_create_args": {}, "network_update_args": {"admin_state_up": false, "name": "_updated"}} times: 40 method_name: run timeout: 0 duration: None cls:
2020-04-09 05:10:19.253 628 INFO rally.task.runner [-] Task 1dc27f24-047b-43c6-854b-7cb756b12520 | ITER: 12 START
2020-04-09 05:10:19.253 636 RALLYDEBUG rally.task.runner [-] Starting a worker. concurrency: 1 args: {"network_create_args": {}, "network_update_args": {"admin_state_up": false, "name": "_updated"}} times: 40 method_name: run timeout: 0 duration: None cls:
2020-04-09 05:10:19.256 631 INFO rally.task.runner [-] Task 1dc27f24-047b-43c6-854b-7cb756b12520 | ITER: 13 START
2020-04-09 05:10:19.255 637 RALLYDEBUG rally.task.runner [-] Starting a worker. concurrency: 1 args: {"network_create_args": {}, "network_update_args": {"admin_state_up": false, "name": "_updated"}} times: 40 method_name: run timeout: 0 duration: None cls:
2020-04-09 05:10:19.259 636 INFO rally.task.runner [-] Task 1dc27f24-047b-43c6-854b-7cb756b12520 | ITER: 14 START
2020-04-09 05:10:19.259 640 RALLYDEBUG rally.task.runner [-] Starting a worker. concurrency: 1 args: {"network_create_args": {}, "network_update_args": {"admin_state_up": false, "name": "_updated"}} times: 40 method_name: run timeout: 0 duration: None cls:
2020-04-09 05:10:19.261 637 INFO rally.task.runner [-] Task 1dc27f24-047b-43c6-854b-7cb756b12520 | ITER: 15 START
2020-04-09 05:10:19.262 643 RALLYDEBUG rally.task.runner [-] Starting a worker. concurrency: 1 args: {"network_create_args": {}, "network_update_args": {"admin_state_up": false, "name": "_updated"}} times: 40 method_name: run timeout: 0 duration: None cls:
2020-04-09 05:10:19.264 640 INFO rally.task.runner [-] Task 1dc27f24-047b-43c6-854b-7cb756b12520 | ITER: 16 START
2020-04-09 05:10:19.265 646 RALLYDEBUG rally.task.runner [-] Starting a worker. concurrency: 1 args: {"network_create_args": {}, "network_update_args": {"admin_state_up": false, "name": "_updated"}} times: 40 method_name: run timeout: 0 duration: None cls:
2020-04-09 05:10:19.266 649 RALLYDEBUG rally.task.runner [-] Starting a worker. concurrency: 1 args: {"network_create_args": {}, "network_update_args": {"admin_state_up": false, "name": "_updated"}} times: 40 method_name: run timeout: 0 duration: None cls:
2020-04-09 05:10:19.267 643 INFO rally.task.runner [-] Task 1dc27f24-047b-43c6-854b-7cb756b12520 | ITER: 17 START
2020-04-09 05:10:19.269 652 RALLYDEBUG rally.task.runner [-] Starting a worker. concurrency: 1 args: {"network_create_args": {}, "network_update_args": {"admin_state_up": false, "name": "_updated"}} times: 40 method_name: run timeout: 0 duration: None cls:
2020-04-09 05:10:19.270 649 INFO rally.task.runner [-] Task 1dc27f24-047b-43c6-854b-7cb756b12520 | ITER: 19 START
2020-04-09 05:10:19.270 646 INFO rally.task.runner [-] Task 1dc27f24-047b-43c6-854b-7cb756b12520 | ITER: 18 START
2020-04-09 05:10:19.275 652 INFO rally.task.runner [-] Task 1dc27f24-047b-43c6-854b-7cb756b12520 | ITER: 20 START
2020-04-09 05:10:21.052 603 INFO rally.task.runner [-] Task 1dc27f24-047b-43c6-854b-7cb756b12520 | ITER: 3 END: OK
2020-04-09 05:10:21.056 603 INFO rally.task.runner [-] Task 1dc27f24-047b-43c6-854b-7cb756b12520 | ITER: 21 START
2020-04-09 05:10:21.129 609 INFO rally.task.runner [-] Task 1dc27f24-047b-43c6-854b-7cb756b12520 | ITER: 6 END: OK
2020-04-09 05:10:21.134 609 INFO rally.task.runner [-] Task 1dc27f24-047b-43c6-854b-7cb756b12520 | ITER: 22 START
2020-04-09 05:10:21.197 652 INFO rally.task.runner [-] Task 1dc27f24-047b-43c6-854b-7cb756b12520 | ITER: 20 END: OK
2020-04-09 05:10:21.201 652 INFO rally.task.runner [-] Task 1dc27f24-047b-43c6-854b-7cb756b12520 | ITER: 23 START
2020-04-09 05:10:21.364 604 INFO rally.task.runner [-] Task 1dc27f24-047b-43c6-854b-7cb756b12520 | ITER: 4 END: OK
2020-04-09 05:10:21.369 604 INFO rally.task.runner [-] Task 1dc27f24-047b-43c6-854b-7cb756b12520 | ITER: 24 START
2020-04-09 05:10:21.519 636 INFO rally.task.runner [-] Task 1dc27f24-047b-43c6-854b-7cb756b12520 | ITER: 14 END: OK
2020-04-09 05:10:21.524 636 INFO rally.task.runner [-] Task 1dc27f24-047b-43c6-854b-7cb756b12520 | ITER: 25 START
2020-04-09 05:10:21.724 631 INFO rally.task.runner [-] Task 1dc27f24-047b-43c6-854b-7cb756b12520 | ITER: 13 END: OK
2020-04-09 05:10:21.730 631 INFO rally.task.runner [-] Task 1dc27f24-047b-43c6-854b-7cb756b12520 | ITER: 26 START
2020-04-09 05:10:21.764 637 INFO rally.task.runner [-] Task 1dc27f24-047b-43c6-854b-7cb756b12520 | ITER: 15 END: OK
2020-04-09 05:10:21.768 637 INFO rally.task.runner [-] Task 1dc27f24-047b-43c6-854b-7cb756b12520 | ITER: 27 START
2020-04-09 05:10:21.916 613 INFO rally.task.runner [-] Task 1dc27f24-047b-43c6-854b-7cb756b12520 | ITER: 7 END: OK
2020-04-09 05:10:21.920 613 INFO rally.task.runner [-] Task 1dc27f24-047b-43c6-854b-7cb756b12520 | ITER: 28 START
2020-04-09 05:10:22.241 616 INFO rally.task.runner [-] Task 1dc27f24-047b-43c6-854b-7cb756b12520 | ITER: 8 END: OK
2020-04-09 05:10:22.246 616 INFO rally.task.runner [-] Task 1dc27f24-047b-43c6-854b-7cb756b12520 | ITER: 29 START
2020-04-09 05:10:22.255 649 INFO rally.task.runner [-] Task 1dc27f24-047b-43c6-854b-7cb756b12520 | ITER: 19 END: OK
2020-04-09 05:10:22.259 649 INFO rally.task.runner [-] Task 1dc27f24-047b-43c6-854b-7cb756b12520 | ITER: 30 START
2020-04-09 05:10:22.357 624 INFO rally.task.runner [-] Task 1dc27f24-047b-43c6-854b-7cb756b12520 | ITER: 10 END: OK
2020-04-09 05:10:22.361 624 INFO rally.task.runner [-] Task 1dc27f24-047b-43c6-854b-7cb756b12520 | ITER: 31 START
2020-04-09 05:10:22.430 621 INFO rally.task.runner [-] Task 1dc27f24-047b-43c6-854b-7cb756b12520 | ITER: 9 END: OK
2020-04-09 05:10:22.434 621 INFO rally.task.runner [-] Task 1dc27f24-047b-43c6-854b-7cb756b12520 | ITER: 32 START
2020-04-09 05:10:22.793 601 INFO rally.task.runner [-] Task 1dc27f24-047b-43c6-854b-7cb756b12520 | ITER: 1 END: OK
2020-04-09 05:10:22.797 601 INFO rally.task.runner [-] Task 1dc27f24-047b-43c6-854b-7cb756b12520 | ITER: 33 START
2020-04-09 05:10:22.894 605 INFO rally.task.runner [-] Task 1dc27f24-047b-43c6-854b-7cb756b12520 | ITER: 5 END: OK
2020-04-09 05:10:22.899 605 INFO rally.task.runner [-] Task 1dc27f24-047b-43c6-854b-7cb756b12520 | ITER: 34 START
2020-04-09 05:10:22.918 602 INFO rally.task.runner [-] Task 1dc27f24-047b-43c6-854b-7cb756b12520 | ITER: 2 END: OK
2020-04-09 05:10:22.923 602 INFO rally.task.runner [-] Task 1dc27f24-047b-43c6-854b-7cb756b12520 | ITER: 35 START
2020-04-09 05:10:22.962 628 INFO rally.task.runner [-] Task 1dc27f24-047b-43c6-854b-7cb756b12520 | ITER: 12 END: OK
2020-04-09 05:10:22.966 628 INFO rally.task.runner [-] Task 1dc27f24-047b-43c6-854b-7cb756b12520 | ITER: 36 START
2020-04-09 05:10:23.073 604 INFO rally.task.runner [-] Task 1dc27f24-047b-43c6-854b-7cb756b12520 | ITER: 24 END: OK
2020-04-09 05:10:23.077 604 INFO rally.task.runner [-] Task 1dc27f24-047b-43c6-854b-7cb756b12520 | ITER: 37 START
2020-04-09 05:10:23.096 643 INFO rally.task.runner [-] Task 1dc27f24-047b-43c6-854b-7cb756b12520 | ITER: 17 END: OK
2020-04-09 05:10:23.102 643 INFO rally.task.runner [-] Task 1dc27f24-047b-43c6-854b-7cb756b12520 | ITER: 38 START
2020-04-09 05:10:23.308 640 INFO rally.task.runner [-] Task 1dc27f24-047b-43c6-854b-7cb756b12520 | ITER: 16 END: OK
2020-04-09 05:10:23.313 640 INFO rally.task.runner [-] Task 1dc27f24-047b-43c6-854b-7cb756b12520 | ITER: 39 START
2020-04-09 05:10:23.457 637 INFO rally.task.runner [-] Task 1dc27f24-047b-43c6-854b-7cb756b12520 | ITER: 27 END: OK
2020-04-09 05:10:23.462 637 INFO rally.task.runner [-] Task 1dc27f24-047b-43c6-854b-7cb756b12520 | ITER: 40 START
2020-04-09 05:10:23.518 646 INFO rally.task.runner [-] Task 1dc27f24-047b-43c6-854b-7cb756b12520 | ITER: 18 END: OK
2020-04-09 05:10:23.555 627 INFO rally.task.runner [-] Task 1dc27f24-047b-43c6-854b-7cb756b12520 | ITER: 11 END: OK
2020-04-09 05:10:23.905 613 INFO rally.task.runner [-] Task 1dc27f24-047b-43c6-854b-7cb756b12520 | ITER: 28 END: OK
2020-04-09 05:10:24.044 603 INFO rally.task.runner [-] Task 1dc27f24-047b-43c6-854b-7cb756b12520 | ITER: 21 END: OK
2020-04-09 05:10:24.050 616 INFO rally.task.runner [-] Task 1dc27f24-047b-43c6-854b-7cb756b12520 | ITER: 29 END: OK
2020-04-09 05:10:24.098 652 INFO rally.task.runner [-] Task 1dc27f24-047b-43c6-854b-7cb756b12520 | ITER: 23 END: OK
2020-04-09 05:10:24.330 636 INFO rally.task.runner [-] Task 1dc27f24-047b-43c6-854b-7cb756b12520 | ITER: 25 END: OK
2020-04-09 05:10:24.406 609 INFO rally.task.runner [-] Task 1dc27f24-047b-43c6-854b-7cb756b12520 | ITER: 22 END: OK
2020-04-09 05:10:24.447 631 INFO rally.task.runner [-] Task 1dc27f24-047b-43c6-854b-7cb756b12520 | ITER: 26 END: OK
2020-04-09 05:10:24.531 624 INFO rally.task.runner [-] Task 1dc27f24-047b-43c6-854b-7cb756b12520 | ITER: 31 END: OK
2020-04-09 05:10:24.699 649 INFO rally.task.runner [-] Task 1dc27f24-047b-43c6-854b-7cb756b12520 | ITER: 30 END: OK
2020-04-09 05:10:24.717 643 INFO rally.task.runner [-] Task 1dc27f24-047b-43c6-854b-7cb756b12520 | ITER: 38 END: OK
2020-04-09 05:10:24.822 621 INFO rally.task.runner [-] Task 1dc27f24-047b-43c6-854b-7cb756b12520 | ITER: 32 END: OK
2020-04-09 05:10:24.896 602 INFO rally.task.runner [-] Task 1dc27f24-047b-43c6-854b-7cb756b12520 | ITER: 35 END: OK
2020-04-09 05:10:25.117 601 INFO rally.task.runner [-] Task 1dc27f24-047b-43c6-854b-7cb756b12520 | ITER: 33 END: OK
2020-04-09 05:10:25.122 605 INFO rally.task.runner [-] Task 1dc27f24-047b-43c6-854b-7cb756b12520 | ITER: 34 END: OK
2020-04-09 05:10:25.330 637 INFO rally.task.runner [-] Task 1dc27f24-047b-43c6-854b-7cb756b12520 | ITER: 40 END: OK
2020-04-09 05:10:25.341 628 INFO rally.task.runner [-] Task 1dc27f24-047b-43c6-854b-7cb756b12520 | ITER: 36 END: OK
2020-04-09 05:10:25.715 604 INFO rally.task.runner [-] Task 1dc27f24-047b-43c6-854b-7cb756b12520 | ITER: 37 END: OK
2020-04-09 05:10:25.940 640 INFO rally.task.runner [-] Task 1dc27f24-047b-43c6-854b-7cb756b12520 | ITER: 39 END: OK
2020-04-09 05:10:25.965 15 INFO rally.task.context [-] Task 1dc27f24-047b-43c6-854b-7cb756b12520 | Context cleanup@openstack cleanup() started
2020-04-09 05:10:25.968 15 RALLYDEBUG rally_openstack.cleanup.manager [-] Cleaning up neutron vip objects
2020-04-09 05:10:26.169 15 RALLYDEBUG rally_openstack.cleanup.manager [-] Cleaning up neutron health_monitor objects
2020-04-09 05:10:26.382 15 RALLYDEBUG rally_openstack.cleanup.manager [-] Cleaning up neutron pool objects
2020-04-09 05:10:26.574 15 RALLYDEBUG rally_openstack.cleanup.manager [-] Cleaning up neutron loadbalancer objects
2020-04-09 05:10:26.784 15 RALLYDEBUG rally_openstack.cleanup.manager [-] Cleaning up neutron floatingip objects
2020-04-09 05:10:27.006 15 RALLYDEBUG rally_openstack.cleanup.manager [-] Cleaning up neutron trunk objects
2020-04-09 05:10:27.217 15 DEBUG neutronclient.v2_0.client [-] Error message: {"NeutronError": {"message": "Invalid input for operation: 'tenant_id' is not supported for filtering.", "type": "InvalidInput", "detail": ""}} _handle_fault_response /usr/lib/python2.7/site-packages/neutronclient/v2_0/client.py:259
2020-04-09 05:10:27.240 15 DEBUG neutronclient.v2_0.client [-] Error message: {"NeutronError": {"message": "Invalid input for operation: 'tenant_id' is not supported for filtering.", "type": "InvalidInput", "detail": ""}} _handle_fault_response /usr/lib/python2.7/site-packages/neutronclient/v2_0/client.py:259
2020-04-09 05:10:27.276 15 DEBUG neutronclient.v2_0.client [-] Error message: {"NeutronError": {"message": "Invalid input for operation: 'tenant_id' is not supported for filtering.", "type": "InvalidInput", "detail": ""}} _handle_fault_response /usr/lib/python2.7/site-packages/neutronclient/v2_0/client.py:259
2020-04-09 05:10:27.277 15 ERROR rally_openstack.cleanup.manager [-] Seems like rally_openstack.cleanup.resources.NeutronTrunk.list(self) method is broken. It shouldn't raise any exceptions.: BadRequest: Invalid input for operation: 'tenant_id' is not supported for filtering. Neutron server returns request_ids: ['req-ac78cd9a-d09f-4be0-b029-0039ed1de45e']
2020-04-09 05:10:27.277 15 ERROR rally_openstack.cleanup.manager
Traceback (most recent call last):
2020-04-09 05:10:27.277 15 ERROR rally_openstack.cleanup.manager
File "/usr/lib/python2.7/site-packages/rally_openstack/cleanup/manager.py", line 133, in _publish
2020-04-09 05:10:27.277 15 ERROR rally_openstack.cleanup.manager for raw_resource in rutils.retry(3, manager.list):
2020-04-09 05:10:27.277 15 ERROR rally_openstack.cleanup.manager
File "/usr/lib/python2.7/site-packages/rally/common/utils.py", line 230, in retry
2020-04-09 05:10:27.277 15 ERROR rally_openstack.cleanup.manager return func(*args, **kwargs)
2020-04-09 05:10:27.277 15 ERROR rally_openstack.cleanup.manager
File "/usr/lib/python2.7/site-packages/rally_openstack/cleanup/resources.py", line 396, in list
2020-04-09 05:10:27.277 15 ERROR rally_openstack.cleanup.manager return super(NeutronTrunk, self).list()
2020-04-09 05:10:27.277 15 ERROR rally_openstack.cleanup.manager
File "/usr/lib/python2.7/site-packages/rally_openstack/cleanup/resources.py", line 273, in list
2020-04-09 05:10:27.277 15 ERROR rally_openstack.cleanup.manager result = list_method(tenant_id=self.tenant_uuid)[resources]
2020-04-09 05:10:27.277 15 ERROR rally_openstack.cleanup.manager
File "/usr/lib/python2.7/site-packages/neutronclient/v2_0/client.py", line 2105, in list_trunks
2020-04-09 05:10:27.277 15 ERROR rally_openstack.cleanup.manager **_params)
2020-04-09 05:10:27.277 15 ERROR rally_openstack.cleanup.manager
File "/usr/lib/python2.7/site-packages/neutronclient/v2_0/client.py", line 369, in list
2020-04-09 05:10:27.277 15 ERROR rally_openstack.cleanup.manager for r in self._pagination(collection, path, **params):
2020-04-09 05:10:27.277 15 ERROR rally_openstack.cleanup.manager
File "/usr/lib/python2.7/site-packages/neutronclient/v2_0/client.py", line 384, in _pagination
2020-04-09 05:10:27.277 15 ERROR rally_openstack.cleanup.manager res = self.get(path, params=params)
2020-04-09 05:10:27.277 15 ERROR rally_openstack.cleanup.manager
File "/usr/lib/python2.7/site-packages/neutronclient/v2_0/client.py", line 354, in get
2020-04-09 05:10:27.277 15 ERROR rally_openstack.cleanup.manager headers=headers, params=params)
2020-04-09 05:10:27.277 15 ERROR rally_openstack.cleanup.manager
File "/usr/lib/python2.7/site-packages/neutronclient/v2_0/client.py", line 331, in retry_request
2020-04-09 05:10:27.277 15 ERROR rally_openstack.cleanup.manager headers=headers, params=params)
2020-04-09 05:10:27.277 15 ERROR rally_openstack.cleanup.manager
File "/usr/lib/python2.7/site-packages/neutronclient/v2_0/client.py", line 294, in do_request
2020-04-09 05:10:27.277 15 ERROR rally_openstack.cleanup.manager self._handle_fault_response(status_code, replybody, resp)
2020-04-09 05:10:27.277 15 ERROR rally_openstack.cleanup.manager
File "/usr/lib/python2.7/site-packages/neutronclient/v2_0/client.py", line 269, in _handle_fault_response
2020-04-09 05:10:27.277 15 ERROR rally_openstack.cleanup.manager exception_handler_v20(status_code, error_body)
2020-04-09 05:10:27.277 15 ERROR rally_openstack.cleanup.manager
File "/usr/lib/python2.7/site-packages/neutronclient/v2_0/client.py", line 93, in exception_handler_v20
2020-04-09 05:10:27.277 15 ERROR rally_openstack.cleanup.manager request_ids=request_ids)
2020-04-09 05:10:27.277 15 ERROR rally_openstack.cleanup.manager BadRequest: Invalid input for operation: 'tenant_id' is not supported for filtering.
2020-04-09 05:10:27.277 15 ERROR rally_openstack.cleanup.manager Neutron server returns request_ids: ['req-ac78cd9a-d09f-4be0-b029-0039ed1de45e']
2020-04-09 05:10:27.277 15 ERROR rally_openstack.cleanup.manager
2020-04-09 05:10:27.287 15 RALLYDEBUG rally_openstack.cleanup.manager [-] Cleaning up neutron port objects
2020-04-09 05:10:27.529 15 RALLYDEBUG rally_openstack.cleanup.manager [-] Cleaning up neutron subnet objects
2020-04-09 05:10:27.761 15 RALLYDEBUG rally_openstack.cleanup.manager [-] Cleaning up neutron network objects
2020-04-09 05:10:28.286 15 RALLYDEBUG rally_openstack.cleanup.manager [-] Deleting neutron.network object s_rally_99ec6f16_nXIbJ2Jj (2105c487-6479-4e36-ac13-773a823bd400)
2020-04-09 05:10:28.284 15 RALLYDEBUG rally_openstack.cleanup.manager [-] Deleting neutron.network object s_rally_99ec6f16_w1RatWA2 (147e8b5b-9c6c-4140-a121-20ae2db0fd1b)
2020-04-09 05:10:28.287 15 RALLYDEBUG rally_openstack.cleanup.manager [-] Deleting neutron.network object s_rally_99ec6f16_Xy3FoOf3 (2b01d749-21d8-4137-a825-098157a67375)
2020-04-09 05:10:28.296 15 RALLYDEBUG rally_openstack.cleanup.manager [-] Deleting neutron.network object s_rally_99ec6f16_M8RmnqX9 (0b9d6b9a-ff2a-445e-9b9e-f19a2096181e)
2020-04-09 05:10:28.300 15 RALLYDEBUG rally_openstack.cleanup.manager [-] Deleting neutron.network object s_rally_99ec6f16_pCgL4dv3 (1bc5e5c2-c677-489d-8881-7c4157202ea0)
2020-04-09 05:10:28.312 15 RALLYDEBUG rally_openstack.cleanup.manager [-] Deleting neutron.network object s_rally_99ec6f16_jSHyQ2rX (2fd82c24-4a60-42e4-8e43-61460293bdab)
2020-04-09 05:10:28.330 15 RALLYDEBUG rally_openstack.cleanup.manager [-] Deleting neutron.network object s_rally_99ec6f16_FrAMne1E (349c0363-7fdc-4b44-a8de-38044cba1f37)
2020-04-09 05:10:28.329 15 RALLYDEBUG rally_openstack.cleanup.manager [-] Deleting neutron.network object s_rally_99ec6f16_GqPMVvGK (01117c0b-1620-4728-be0f-32e19da62f7a)
2020-04-09 05:10:28.336 15 RALLYDEBUG rally_openstack.cleanup.manager [-] Deleting neutron.network object s_rally_99ec6f16_onxZtFEg (3eb78822-34e9-4d4c-98bb-20111010a016)
2020-04-09 05:10:28.363 15 RALLYDEBUG rally_openstack.cleanup.manager [-] Deleting neutron.network object s_rally_99ec6f16_9UNARB0s (4932e345-fb3f-408f-aecd-ce2f96b44cff)
2020-04-09 05:10:28.372 15 RALLYDEBUG rally_openstack.cleanup.manager [-] Deleting neutron.network object s_rally_99ec6f16_HwBseSKF (40352ce5-a7c7-423c-910c-06949ffbe70e)
2020-04-09 05:10:28.386 15 RALLYDEBUG rally_openstack.cleanup.manager [-] Deleting neutron.network object s_rally_99ec6f16_AWycNVfZ (462b40eb-b36c-40ff-9d30-d740080ce810)
2020-04-09 05:10:28.389 15 RALLYDEBUG rally_openstack.cleanup.manager [-] Deleting neutron.network object s_rally_99ec6f16_0rLL1xBj (43f168c4-9deb-4b0e-8041-9cacd57de7ae)
2020-04-09 05:10:28.392 15 RALLYDEBUG rally_openstack.cleanup.manager [-] Deleting neutron.network object s_rally_99ec6f16_eOXHvQoF (4a194746-c913-41fa-9a88-0c66d5f551a6)
2020-04-09 05:10:28.405 15 RALLYDEBUG rally_openstack.cleanup.manager [-] Deleting neutron.network object s_rally_99ec6f16_1cv7itdT (552bb8d2-b3a3-4f2c-815b-90b416b1ccdc)
2020-04-09 05:10:28.397 15 RALLYDEBUG rally_openstack.cleanup.manager [-] Deleting neutron.network object s_rally_99ec6f16_xL8oozP9 (50e751e2-23bd-4928-85f2-c22fefc02239)
2020-04-09 05:10:28.421 15 RALLYDEBUG rally_openstack.cleanup.manager [-] Deleting neutron.network object s_rally_99ec6f16_IN9Z5mcH (561d0908-bb52-40c3-9af2-599f7d3110aa)
2020-04-09 05:10:28.453 15 RALLYDEBUG rally_openstack.cleanup.manager [-] Deleting neutron.network object s_rally_99ec6f16_LKRvB0qi (6ec89c57-c0d6-41e5-ae9c-44b82818c55d)
2020-04-09 05:10:28.484 15 RALLYDEBUG rally_openstack.cleanup.manager [-] Deleting neutron.network object s_rally_99ec6f16_K8HbeVhy (6f3abce1-1857-48bc-a8e4-9f0613d89346)
2020-04-09 05:10:28.555 15 RALLYDEBUG rally_openstack.cleanup.manager [-] Deleting neutron.network object s_rally_99ec6f16_5KaIzZit (5b1dca03-7782-436c-a871-c219eb031e2f)
2020-04-09 05:10:30.540 15 RALLYDEBUG rally_openstack.cleanup.manager [-] Deleting neutron.network object s_rally_99ec6f16_Psa7jbcL (7391f230-e0f1-4665-b69b-fad5ad2a2197)
2020-04-09 05:10:30.676 15 RALLYDEBUG rally_openstack.cleanup.manager [-] Deleting neutron.network object s_rally_99ec6f16_GLUe3T9I (7a35be27-31a1-4988-844f-76052c2c7fea)
2020-04-09 05:10:30.795 15 RALLYDEBUG rally_openstack.cleanup.manager [-] Deleting neutron.network object s_rally_99ec6f16_Cgxj0NMs (8d71d9dc-205a-4a43-b707-1b650890b3d0)
2020-04-09 05:10:30.981 15 RALLYDEBUG rally_openstack.cleanup.manager [-] Deleting neutron.network object s_rally_99ec6f16_XknuhMgq (94fe46d6-8176-4799-964b-4928c4cf8055)
2020-04-09 05:10:31.002 15 RALLYDEBUG rally_openstack.cleanup.manager [-] Deleting neutron.network object s_rally_99ec6f16_R5PfjW61 (9cd379a2-ee45-41ec-9c8d-363c0c2e3db9)
2020-04-09 05:10:31.094 15 RALLYDEBUG rally_openstack.cleanup.manager [-] Deleting neutron.network object s_rally_99ec6f16_18w2I4Vg (a2f3bf25-8e33-4b67-b6e3-edf44de97d12)
2020-04-09 05:10:31.189 15 RALLYDEBUG rally_openstack.cleanup.manager [-] Deleting neutron.network object s_rally_99ec6f16_sxJHJTeR (a5e6fa0d-9f8f-44ea-adee-ff90af2fa08c)
2020-04-09 05:10:31.195 15 RALLYDEBUG rally_openstack.cleanup.manager [-] Deleting neutron.network object s_rally_99ec6f16_4GG6CuVR (ab80dc7c-8840-4282-a9af-ee578c777292)
2020-04-09 05:10:31.335 15 RALLYDEBUG rally_openstack.cleanup.manager [-] Deleting neutron.network object s_rally_99ec6f16_5yboSFUq (bef77cb2-287d-4d34-ad62-043a1bb4b1dc)
2020-04-09 05:10:31.607 15 RALLYDEBUG rally_openstack.cleanup.manager [-] Deleting neutron.network object s_rally_99ec6f16_3efyTs9n (cb3ebbbb-de30-4308-8646-2998c5b28781)
2020-04-09 05:10:31.672 15 RALLYDEBUG rally_openstack.cleanup.manager [-] Deleting neutron.network object s_rally_99ec6f16_0p7xzjqI (cf7fe9b6-e310-4293-97c0-09fa9e3f821d)
2020-04-09 05:10:31.881 15 RALLYDEBUG rally_openstack.cleanup.manager [-] Deleting neutron.network object s_rally_99ec6f16_ptnMLwOZ (d5e8d10d-1ac4-4bc1-95dd-2b52670af280)
2020-04-09 05:10:31.978 15 RALLYDEBUG rally_openstack.cleanup.manager [-] Deleting neutron.network object s_rally_99ec6f16_uflYx0Q1 (db4b9685-2950-46b4-9de8-552afa4838a4)
2020-04-09 05:10:32.367 15 RALLYDEBUG rally_openstack.cleanup.manager [-] Deleting neutron.network object s_rally_99ec6f16_FM0vr7rl (e02027ad-8e2e-41dc-95df-20418a8c1f6e)
2020-04-09 05:10:32.371 15 RALLYDEBUG rally_openstack.cleanup.manager [-] Deleting neutron.network object s_rally_99ec6f16_FpggIB2G (e2094c5e-76aa-4f98-befb-ea43444595b6)
2020-04-09 05:10:32.641 15 RALLYDEBUG rally_openstack.cleanup.manager [-] Deleting neutron.network object s_rally_99ec6f16_WHlVDved (ef71ffc1-60e1-457f-9711-91f6b1d6da93)
2020-04-09 05:10:32.835 15 RALLYDEBUG rally_openstack.cleanup.manager [-] Deleting neutron.network object s_rally_99ec6f16_tXZbvGpk (f423ad52-47a9-4bec-a956-dcd7ec1644a4)
2020-04-09 05:10:32.881 15 RALLYDEBUG rally_openstack.cleanup.manager [-] Deleting neutron.network object s_rally_99ec6f16_njJ7fqiY (f5d26a42-f3fa-4ac7-a151-2462042365b0)
2020-04-09 05:10:32.891 15 RALLYDEBUG rally_openstack.cleanup.manager [-] Deleting neutron.network object s_rally_99ec6f16_80B8hN8W (fbf592b3-a27d-435d-b81f-f9eb925ef8f5)
2020-04-09 05:10:32.956 15 RALLYDEBUG rally_openstack.cleanup.manager [-] Deleting neutron.network object s_rally_99ec6f16_hmzHawRy (ff232828-c365-4555-a562-ce81c328ab69)
2020-04-09 05:10:35.413 15 RALLYDEBUG rally_openstack.cleanup.manager [-] Cleaning up neutron router objects
2020-04-09 05:10:35.692 15 RALLYDEBUG rally_openstack.cleanup.manager [-] Cleaning up neutron security_group objects
2020-04-09 05:10:35.990 15 INFO rally.task.context [-] Task 1dc27f24-047b-43c6-854b-7cb756b12520 | Context cleanup@openstack cleanup() finished in 10.03 sec
2020-04-09 05:10:35.991 15 INFO rally.task.context [-] Task 1dc27f24-047b-43c6-854b-7cb756b12520 | Context quotas@openstack cleanup() started
2020-04-09 05:10:36.029 15 INFO rally.task.context [-] Task 1dc27f24-047b-43c6-854b-7cb756b12520 | Context quotas@openstack cleanup() finished in 38.03 msec
2020-04-09 05:10:36.030 15 INFO rally.task.context [-] Task 1dc27f24-047b-43c6-854b-7cb756b12520 | Context users@openstack cleanup() started
2020-04-09 05:10:37.484 15 INFO rally.task.context [-] Task 1dc27f24-047b-43c6-854b-7cb756b12520 | Context users@openstack cleanup() finished in 1.45 sec
2020-04-09 05:10:38.222 15 INFO rally.task.engine [-] Load duration is: 6.719965
2020-04-09 05:10:38.223 15 INFO rally.task.engine [-] Full runner duration is: 6.765003
2020-04-09 05:10:38.223 15 INFO rally.task.engine [-] Full duration is: 19.368764
2020-04-09 05:10:38.296 15 INFO rally.task.engine [-] Running workload: position = 2 config = { "version": 2, "title": "A cropped version of a bigger task.", "description": "Auto-generated task from a single workload (uuid=6347e1cd-920f-4180-9999-7196de1d20f8)", "subtasks": [ { "title": "NeutronNetworks.create_and_delete_networks", "description": "Create and delete a network.", "scenario": { "NeutronNetworks.create_and_delete_networks": {} }, "contexts": { "users": { "tenants": 1, "users_per_tenant": 1 }, "quotas": { "neutron": { "network": -1, "subnet": -1 } } }, "runner": { "constant": { "times": 40, "concurrency": 20 } }, "hooks": [], "sla": { "failure_rate": { "max": 0 } } } ] }
2020-04-09 05:10:38.311 15 RALLYDEBUG rally_openstack.contexts.keystone.users [-] Creating 1 tenants using 20 threads
2020-04-09 05:10:38.659 15 RALLYDEBUG rally_openstack.contexts.keystone.users [-] Creating 1 users using 20 threads
2020-04-09 05:10:39.125 15 INFO rally.task.context [-] Task 1dc27f24-047b-43c6-854b-7cb756b12520 | Context users@openstack setup() finished in 0.82 sec
2020-04-09 05:10:39.493 15 INFO rally.task.context [-] Task 1dc27f24-047b-43c6-854b-7cb756b12520 | Context quotas@openstack setup() finished in 0.37 sec
2020-04-09 05:10:39.493 15 INFO rally.task.context [-] Task 1dc27f24-047b-43c6-854b-7cb756b12520 | Context cleanup@openstack setup() finished in 0.01 msec
2020-04-09 05:10:39.501 15 RALLYDEBUG rally.task.runner [-] Starting the constant runner (task UUID: 1dc27f24-047b-43c6-854b-7cb756b12520). timeout: 0 concurrency: 20 concurrency_per_worker: 1 times: 40 concurrency_overhead: 0 processes_to_start: 20 max_cpu_used: 88
2020-04-09 05:10:39.516 1003 RALLYDEBUG rally.task.runner [-] Starting a worker. concurrency: 1 args: {} times: 40 method_name: run timeout: 0 duration: None cls:
2020-04-09 05:10:39.518 1004 RALLYDEBUG rally.task.runner [-] Starting a worker. concurrency: 1 args: {} times: 40 method_name: run timeout: 0 duration: None cls:
2020-04-09 05:10:39.521 1005 RALLYDEBUG rally.task.runner [-] Starting a worker. concurrency: 1 args: {} times: 40 method_name: run timeout: 0 duration: None cls:
2020-04-09 05:10:39.522 1003 INFO rally.task.runner [-] Task 1dc27f24-047b-43c6-854b-7cb756b12520 | ITER: 1 START
2020-04-09 05:10:39.524 1006 RALLYDEBUG rally.task.runner [-] Starting a worker. concurrency: 1 args: {} times: 40 method_name: run timeout: 0 duration: None cls:
2020-04-09 05:10:39.524 1004 INFO rally.task.runner [-] Task 1dc27f24-047b-43c6-854b-7cb756b12520 | ITER: 2 START
2020-04-09 05:10:39.527 1005 INFO rally.task.runner [-] Task 1dc27f24-047b-43c6-854b-7cb756b12520 | ITER: 3 START
2020-04-09 05:10:39.527 1007 RALLYDEBUG rally.task.runner [-] Starting a worker. concurrency: 1 args: {} times: 40 method_name: run timeout: 0 duration: None cls:
2020-04-09 05:10:39.530 1006 INFO rally.task.runner [-] Task 1dc27f24-047b-43c6-854b-7cb756b12520 | ITER: 4 START
2020-04-09 05:10:39.529 1010 RALLYDEBUG rally.task.runner [-] Starting a worker. concurrency: 1 args: {} times: 40 method_name: run timeout: 0 duration: None cls:
2020-04-09 05:10:39.532 1013 RALLYDEBUG rally.task.runner [-] Starting a worker. concurrency: 1 args: {} times: 40 method_name: run timeout: 0 duration: None cls:
2020-04-09 05:10:39.533 1007 INFO rally.task.runner [-] Task 1dc27f24-047b-43c6-854b-7cb756b12520 | ITER: 5 START
2020-04-09 05:10:39.535 1010 INFO rally.task.runner [-] Task 1dc27f24-047b-43c6-854b-7cb756b12520 | ITER: 6 START
2020-04-09 05:10:39.536 1016 RALLYDEBUG rally.task.runner [-] Starting a worker. concurrency: 1 args: {} times: 40 method_name: run timeout: 0 duration: None cls:
2020-04-09 05:10:39.536 1019 RALLYDEBUG rally.task.runner [-] Starting a worker. concurrency: 1 args: {} times: 40 method_name: run timeout: 0 duration: None cls:
2020-04-09 05:10:39.538 1013 INFO rally.task.runner [-] Task 1dc27f24-047b-43c6-854b-7cb756b12520 | ITER: 7 START
2020-04-09 05:10:39.541 1019 INFO rally.task.runner [-] Task 1dc27f24-047b-43c6-854b-7cb756b12520 | ITER: 9 START
2020-04-09 05:10:39.541 1016 INFO rally.task.runner [-] Task 1dc27f24-047b-43c6-854b-7cb756b12520 | ITER: 8 START
2020-04-09 05:10:39.541 1024 RALLYDEBUG rally.task.runner [-] Starting a worker. concurrency: 1 args: {} times: 40 method_name: run timeout: 0 duration: None cls:
2020-04-09 05:10:39.544 1026 RALLYDEBUG rally.task.runner [-] Starting a worker. concurrency: 1 args: {} times: 40 method_name: run timeout: 0 duration: None cls:
2020-04-09 05:10:39.545 1030 RALLYDEBUG rally.task.runner [-] Starting a worker. concurrency: 1 args: {} times: 40 method_name: run timeout: 0 duration: None cls:
2020-04-09 05:10:39.547 1024 INFO rally.task.runner [-] Task 1dc27f24-047b-43c6-854b-7cb756b12520 | ITER: 10 START
2020-04-09 05:10:39.549 1030 INFO rally.task.runner [-] Task 1dc27f24-047b-43c6-854b-7cb756b12520 | ITER: 12 START
2020-04-09 05:10:39.549 1026 INFO rally.task.runner [-] Task 1dc27f24-047b-43c6-854b-7cb756b12520 | ITER: 11 START
2020-04-09 05:10:39.550 1033 RALLYDEBUG rally.task.runner [-] Starting a worker. concurrency: 1 args: {} times: 40 method_name: run timeout: 0 duration: None cls:
2020-04-09 05:10:39.553 1035 RALLYDEBUG rally.task.runner [-] Starting a worker. concurrency: 1 args: {} times: 40 method_name: run timeout: 0 duration: None cls:
2020-04-09 05:10:39.556 1033 INFO rally.task.runner [-] Task 1dc27f24-047b-43c6-854b-7cb756b12520 | ITER: 13 START
2020-04-09 05:10:39.556 1040 RALLYDEBUG rally.task.runner [-] Starting a worker. concurrency: 1 args: {} times: 40 method_name: run timeout: 0 duration: None cls:
2020-04-09 05:10:39.559 1035 INFO rally.task.runner [-] Task 1dc27f24-047b-43c6-854b-7cb756b12520 | ITER: 14 START
2020-04-09 05:10:39.558 1042 RALLYDEBUG rally.task.runner [-] Starting a worker. concurrency: 1 args: {} times: 40 method_name: run timeout: 0 duration: None cls:
2020-04-09 05:10:39.562 1040 INFO rally.task.runner [-] Task 1dc27f24-047b-43c6-854b-7cb756b12520 | ITER: 15 START
2020-04-09 05:10:39.561 1043 RALLYDEBUG rally.task.runner [-] Starting a worker. concurrency: 1 args: {} times: 40 method_name: run timeout: 0 duration: None cls:
2020-04-09 05:10:39.562 1047 RALLYDEBUG rally.task.runner [-] Starting a worker. concurrency: 1 args: {} times: 40 method_name: run timeout: 0 duration: None cls:
2020-04-09 05:10:39.563 1042 INFO rally.task.runner [-] Task 1dc27f24-047b-43c6-854b-7cb756b12520 | ITER: 16 START
2020-04-09 05:10:39.566 1047 INFO rally.task.runner [-] Task 1dc27f24-047b-43c6-854b-7cb756b12520 | ITER: 18 START
2020-04-09 05:10:39.566 1043 INFO rally.task.runner [-] Task 1dc27f24-047b-43c6-854b-7cb756b12520 | ITER: 17 START
2020-04-09 05:10:39.566 1049 RALLYDEBUG rally.task.runner [-] Starting a worker. concurrency: 1 args: {} times: 40 method_name: run timeout: 0 duration: None cls:
2020-04-09 05:10:39.571 1054 RALLYDEBUG rally.task.runner [-] Starting a worker. concurrency: 1 args: {} times: 40 method_name: run timeout: 0 duration: None cls:
2020-04-09 05:10:39.571 1049 INFO rally.task.runner [-] Task 1dc27f24-047b-43c6-854b-7cb756b12520 | ITER: 19 START
2020-04-09 05:10:39.575 1054 INFO rally.task.runner [-] Task 1dc27f24-047b-43c6-854b-7cb756b12520 | ITER: 20 START
2020-04-09 05:10:41.488 1024 INFO rally.task.runner [-] Task 1dc27f24-047b-43c6-854b-7cb756b12520 | ITER: 10 END: OK
2020-04-09 05:10:41.493 1024 INFO rally.task.runner [-] Task 1dc27f24-047b-43c6-854b-7cb756b12520 | ITER: 21 START
2020-04-09 05:10:41.564 1054 INFO rally.task.runner [-] Task 1dc27f24-047b-43c6-854b-7cb756b12520 | ITER: 20 END: OK
2020-04-09 05:10:41.568 1054 INFO rally.task.runner [-] Task 1dc27f24-047b-43c6-854b-7cb756b12520 | ITER: 22 START
2020-04-09 05:10:41.698 1005 INFO rally.task.runner [-] Task 1dc27f24-047b-43c6-854b-7cb756b12520 | ITER: 3 END: OK
2020-04-09 05:10:41.703 1005 INFO rally.task.runner [-] Task 1dc27f24-047b-43c6-854b-7cb756b12520 | ITER: 23 START
2020-04-09 05:10:41.727 1035 INFO rally.task.runner [-] Task 1dc27f24-047b-43c6-854b-7cb756b12520 | ITER: 14 END: OK
2020-04-09 05:10:41.732 1035 INFO rally.task.runner [-] Task 1dc27f24-047b-43c6-854b-7cb756b12520 | ITER: 24 START
2020-04-09 05:10:41.818 1030 INFO rally.task.runner [-] Task 1dc27f24-047b-43c6-854b-7cb756b12520 | ITER: 12 END: OK
2020-04-09 05:10:41.823 1030 INFO rally.task.runner [-] Task 1dc27f24-047b-43c6-854b-7cb756b12520 | ITER: 25 START
2020-04-09 05:10:41.847 1013 INFO rally.task.runner [-] Task 1dc27f24-047b-43c6-854b-7cb756b12520 | ITER: 7 END: OK
2020-04-09 05:10:41.852 1013 INFO rally.task.runner [-] Task 1dc27f24-047b-43c6-854b-7cb756b12520 | ITER: 26 START
2020-04-09 05:10:41.978 1042 INFO rally.task.runner [-] Task 1dc27f24-047b-43c6-854b-7cb756b12520 | ITER: 16 END: OK
2020-04-09 05:10:41.983 1042 INFO rally.task.runner [-] Task 1dc27f24-047b-43c6-854b-7cb756b12520 | ITER: 27 START
2020-04-09 05:10:42.072 1040 INFO rally.task.runner [-] Task 1dc27f24-047b-43c6-854b-7cb756b12520 | ITER: 15 END: OK
2020-04-09 05:10:42.077 1040 INFO rally.task.runner [-] Task 1dc27f24-047b-43c6-854b-7cb756b12520 | ITER: 28 START
2020-04-09 05:10:42.487 1010 INFO rally.task.runner [-] Task 1dc27f24-047b-43c6-854b-7cb756b12520 | ITER: 6 END: OK
2020-04-09 05:10:42.492 1010 INFO rally.task.runner [-] Task 1dc27f24-047b-43c6-854b-7cb756b12520 | ITER: 29 START
2020-04-09 05:10:42.622 1003 INFO rally.task.runner [-] Task 1dc27f24-047b-43c6-854b-7cb756b12520 | ITER: 1 END: OK
2020-04-09 05:10:42.626 1003 INFO rally.task.runner [-] Task 1dc27f24-047b-43c6-854b-7cb756b12520 | ITER: 30 START
2020-04-09 05:10:42.648 1033 INFO rally.task.runner [-] Task 1dc27f24-047b-43c6-854b-7cb756b12520 | ITER: 13 END: OK
2020-04-09 05:10:42.651 1033 INFO rally.task.runner [-] Task 1dc27f24-047b-43c6-854b-7cb756b12520 | ITER: 31 START
2020-04-09 05:10:42.662 1049 INFO rally.task.runner [-] Task 1dc27f24-047b-43c6-854b-7cb756b12520 | ITER: 19 END: OK
2020-04-09 05:10:42.666 1049 INFO rally.task.runner [-] Task 1dc27f24-047b-43c6-854b-7cb756b12520 | ITER: 32 START
2020-04-09 05:10:42.672 1007 INFO rally.task.runner [-] Task 1dc27f24-047b-43c6-854b-7cb756b12520 | ITER: 5 END: OK
2020-04-09 05:10:42.677 1007 INFO rally.task.runner [-] Task 1dc27f24-047b-43c6-854b-7cb756b12520 | ITER: 33 START
2020-04-09 05:10:42.809 1026 INFO rally.task.runner [-] Task 1dc27f24-047b-43c6-854b-7cb756b12520 | ITER: 11 END: OK
2020-04-09 05:10:42.814 1026 INFO rally.task.runner [-] Task 1dc27f24-047b-43c6-854b-7cb756b12520 | ITER: 34 START
