2020-04-09 05:31:35.292 15 ERROR rally_openstack.osclients BadGateway: Bad Gateway (HTTP 502)
2020-04-09 05:31:35.292 15 ERROR rally_openstack.osclients
2020-04-09 05:31:38.300 15 RALLYDEBUG rally_openstack.cleanup.manager [-] Cleaning up neutron subnet objects
2020-04-09 05:31:38.546 15 RALLYDEBUG rally_openstack.cleanup.manager [-] Cleaning up neutron network objects
2020-04-09 05:31:39.013 15 RALLYDEBUG rally_openstack.cleanup.manager [-] Deleting neutron.network object s_rally_c34973da_eHAnr7t5 (0690cacb-26be-4ebd-8a71-433fda9139fd)
2020-04-09 05:31:39.020 15 RALLYDEBUG rally_openstack.cleanup.manager [-] Deleting neutron.network object s_rally_c34973da_p7nlv8Vr (0694ebf8-426c-4cea-905f-def85ce7164c)
2020-04-09 05:31:39.030 15 RALLYDEBUG rally_openstack.cleanup.manager [-] Deleting neutron.network object s_rally_c34973da_yL4QvjLM (220f86c4-8519-4102-9a3e-8acef06818eb)
2020-04-09 05:31:39.038 15 RALLYDEBUG rally_openstack.cleanup.manager [-] Deleting neutron.network object s_rally_c34973da_WecnJ9m1 (21309ec8-78f9-4445-8804-e0d01bb037a2)
2020-04-09 05:31:39.045 15 RALLYDEBUG rally_openstack.cleanup.manager [-] Deleting neutron.network object s_rally_c34973da_4AQgcepF (37e332ec-c562-4bf9-bb28-5eb0f5190c54)
2020-04-09 05:31:39.050 15 RALLYDEBUG rally_openstack.cleanup.manager [-] Deleting neutron.network object s_rally_c34973da_Kaf5xgva (24073d90-e13a-4a9b-ad67-aba326ddec81)
2020-04-09 05:31:39.066 15 RALLYDEBUG rally_openstack.cleanup.manager [-] Deleting neutron.network object s_rally_c34973da_Un3PYugp (4c9c3886-7c0f-4199-b381-4e6bd3d3e63b)
2020-04-09 05:31:39.082 15 RALLYDEBUG rally_openstack.cleanup.manager [-] Deleting neutron.network object s_rally_c34973da_fINx6vik (54d2b68b-ff82-4491-8595-79d5cc2a1b19)
2020-04-09 05:31:39.087 15 RALLYDEBUG rally_openstack.cleanup.manager [-] Deleting neutron.network object s_rally_c34973da_Fd3FJXNM (4d2db864-b78b-4ecf-908c-dc43d8430a4b)
2020-04-09 05:31:39.157 15 RALLYDEBUG rally_openstack.cleanup.manager [-] Deleting neutron.network object s_rally_c34973da_xHy47kDA (61f52cc9-0ab7-4c2b-a85f-d71e7c0c161c)
2020-04-09 05:31:39.180 15 RALLYDEBUG rally_openstack.cleanup.manager [-] Deleting neutron.network object s_rally_c34973da_hUa92SUP (740a79ce-df21-4387-ab8f-3af73052e8a0)
2020-04-09 05:31:39.188 15 RALLYDEBUG rally_openstack.cleanup.manager [-] Deleting neutron.network object s_rally_c34973da_xarOOhye (67ebf208-d5d7-4704-ab45-74bab3639d9e)
2020-04-09 05:31:39.196 15 RALLYDEBUG rally_openstack.cleanup.manager [-] Deleting neutron.network object s_rally_c34973da_poPnE9St (59129433-a73d-4b2c-93f0-a29c169f09aa)
2020-04-09 05:31:39.204 15 RALLYDEBUG rally_openstack.cleanup.manager [-] Deleting neutron.network object s_rally_c34973da_KZPcdZ2w (910dc10e-cdd9-4317-b193-2f68121fbb07)
2020-04-09 05:31:39.204 15 RALLYDEBUG rally_openstack.cleanup.manager [-] Deleting neutron.network object s_rally_c34973da_wjJZDddH (76b9bdc4-aa9e-45c8-8e0e-1e91891926cd)
2020-04-09 05:31:39.212 15 RALLYDEBUG rally_openstack.cleanup.manager [-] Deleting neutron.network object s_rally_c34973da_6zOyYsh9 (750e63f3-df4b-4ffc-8601-874556fd3fb2)
2020-04-09 05:31:39.240 15 RALLYDEBUG rally_openstack.cleanup.manager [-] Deleting neutron.network object s_rally_c34973da_ZL4yBMj6 (93af33c6-818f-4779-8d4a-34802214173e)
2020-04-09 05:31:39.246 15 RALLYDEBUG rally_openstack.cleanup.manager [-] Deleting neutron.network object s_rally_c34973da_pTL8RdRB (8252e75e-81d6-4512-aa57-eb774db9eaa9)
2020-04-09 05:31:39.280 15 RALLYDEBUG rally_openstack.cleanup.manager [-] Deleting neutron.network object s_rally_c34973da_s3OfVVBJ (93a34743-adc5-4198-8d28-287e1077b905)
2020-04-09 05:31:39.283 15 RALLYDEBUG rally_openstack.cleanup.manager [-] Deleting neutron.network object s_rally_c34973da_RicspIbX (9be9353b-e8d8-4afb-b8c0-3484acbbee29)
2020-04-09 05:31:41.406 15 RALLYDEBUG rally_openstack.cleanup.manager [-] Deleting neutron.network object s_rally_c34973da_hpWEugWi (a3187a02-b6e0-4521-b828-7cf87ec3084e)
2020-04-09 05:31:41.435 15 RALLYDEBUG rally_openstack.cleanup.manager [-] Deleting neutron.network object s_rally_c34973da_JrFkFXdz (a935e4c1-0212-4fbe-bd55-f7164af92497)
2020-04-09 05:31:41.656 15 RALLYDEBUG rally_openstack.cleanup.manager [-] Deleting neutron.network object s_rally_c34973da_midmD0qp (a9569df5-6924-4e8b-bd2d-9efb4e85bc1d)
2020-04-09 05:31:41.748 15 RALLYDEBUG rally_openstack.cleanup.manager [-] Deleting neutron.network object s_rally_c34973da_uYnCtoUn (b4049e5d-465f-46de-bb32-e8d224c608a3)
2020-04-09 05:31:41.778 15 RALLYDEBUG rally_openstack.cleanup.manager [-] Deleting neutron.network object s_rally_c34973da_iraOGLJ3 (b414fe22-7d71-4350-a5df-695195eb23eb)
2020-04-09 05:31:42.077 15 RALLYDEBUG rally_openstack.cleanup.manager [-] Deleting neutron.network object s_rally_c34973da_3MPUFsMJ (c1cc31a8-266e-476b-a53a-c7e30eeffc26)
2020-04-09 05:31:42.713 15 RALLYDEBUG rally_openstack.cleanup.manager [-] Deleting neutron.network object s_rally_c34973da_7916HhJ4 (c2c919af-fe40-4a6d-bdf0-14044d44153c)
2020-04-09 05:31:42.765 15 RALLYDEBUG rally_openstack.cleanup.manager [-] Deleting neutron.network object s_rally_c34973da_2sNo5xUh (c761bdcd-2728-44af-894f-1ef66b84a847)
2020-04-09 05:31:42.770 15 RALLYDEBUG rally_openstack.cleanup.manager [-] Deleting neutron.network object s_rally_c34973da_EGSiNEdy (c82db246-e620-4f3f-be82-53db95dd8b67)
2020-04-09 05:31:43.080 15 RALLYDEBUG rally_openstack.cleanup.manager [-] Deleting neutron.network object s_rally_c34973da_uIf1X1dj (cc1f6d0f-8881-4312-8e1a-c5dc4f6451be)
2020-04-09 05:31:43.096 15 RALLYDEBUG rally_openstack.cleanup.manager [-] Deleting neutron.network object s_rally_c34973da_jwyBKHAk (d439d65f-a3cd-4447-a523-fd28d8361058)
2020-04-09 05:31:43.363 15 RALLYDEBUG rally_openstack.cleanup.manager [-] Deleting neutron.network object s_rally_c34973da_SGmphtit (d7193898-6105-4498-84e3-b881dcf9bd22)
2020-04-09 05:31:43.434 15 RALLYDEBUG rally_openstack.cleanup.manager [-] Deleting neutron.network object s_rally_c34973da_Zg4IXgct (d7d28d30-9584-4d69-b6a2-31cdbfbab7f9)
2020-04-09 05:31:43.493 15 RALLYDEBUG rally_openstack.cleanup.manager [-] Deleting neutron.network object s_rally_c34973da_oP9FMJlo (e46496d1-7a76-410e-ba16-40cdf0edad45)
2020-04-09 05:31:43.497 15 RALLYDEBUG rally_openstack.cleanup.manager [-] Deleting neutron.network object s_rally_c34973da_1InbrUPj (e57b367c-337a-42f0-abd8-9f931acdfcd5)
2020-04-09 05:31:43.616 15 RALLYDEBUG rally_openstack.cleanup.manager [-] Deleting neutron.network object s_rally_c34973da_f0URUqRn (e7f22be4-9cba-4f9d-91ec-e83db2d371f6)
2020-04-09 05:31:43.659 15 RALLYDEBUG rally_openstack.cleanup.manager [-] Deleting neutron.network object s_rally_c34973da_qap4veTB (f49ede89-6e00-484b-a84c-47eed9444931)
2020-04-09 05:31:43.879 15 RALLYDEBUG rally_openstack.cleanup.manager [-] Deleting neutron.network object s_rally_c34973da_0Qzot2iy (f60ce76e-1a4a-44e0-8abd-46bc213592ec)
2020-04-09 05:31:44.029 15 RALLYDEBUG rally_openstack.cleanup.manager [-] Deleting neutron.network object s_rally_c34973da_0cPOfjq3 (f833e1e7-dae4-4f15-8fc6-40bdaa8c6838)
2020-04-09 05:31:44.033 15 RALLYDEBUG rally_openstack.cleanup.manager [-] Deleting neutron.network object s_rally_c34973da_GKnGeE7j (ffb41fd8-9aa3-4e74-be65-a7fef6ccea35)
2020-04-09 05:31:46.798 15 RALLYDEBUG rally_openstack.cleanup.manager [-] Cleaning up neutron router objects
2020-04-09 05:31:47.285 15 RALLYDEBUG rally_openstack.cleanup.manager [-] Cleaning up neutron security_group objects
2020-04-09 05:31:50.585 15 INFO rally.task.context [-] Task 1dc27f24-047b-43c6-854b-7cb756b12520 | Context cleanup@openstack cleanup() finished in 2.48 min
2020-04-09 05:31:50.586 15 INFO rally.task.context [-] Task 1dc27f24-047b-43c6-854b-7cb756b12520 | Context quotas@openstack cleanup() started
2020-04-09 05:31:50.637 15 INFO rally.task.context [-] Task 1dc27f24-047b-43c6-854b-7cb756b12520 | Context quotas@openstack cleanup() finished in 51.80 msec
2020-04-09 05:31:50.638 15 INFO rally.task.context [-] Task 1dc27f24-047b-43c6-854b-7cb756b12520 | Context users@openstack cleanup() started
2020-04-09 05:32:04.478 15 INFO rally.task.context [-] Task 1dc27f24-047b-43c6-854b-7cb756b12520 | Context users@openstack cleanup() finished in 13.84 sec
2020-04-09 05:32:04.888 15 INFO rally.task.engine [-] Load duration is: 44.329764
2020-04-09 05:32:04.888 15 INFO rally.task.engine [-] Full runner duration is: 44.377701
2020-04-09 05:32:04.888 15 INFO rally.task.engine [-] Full duration is: 208.406931
2020-04-09 05:32:04.980 15 INFO rally.task.engine [-] Running workload: position = 2 config = { "version": 2, "title": "A cropped version of a bigger task.", "description": "Auto-generated task from a single workload (uuid=5f451ed1-42c1-41e8-b6b4-d9222109a11a)", "subtasks": [ { "title": "NeutronNetworks.create_and_delete_ports", "description": "Create and delete a port.", "scenario": { "NeutronNetworks.create_and_delete_ports": { "network_create_args": {}, "port_create_args": {}, "ports_per_network": 5 } }, "contexts": { "users": { "tenants": 1, "users_per_tenant": 1 }, "quotas": { "neutron": { "network": -1, "port": -1 } } }, "runner": { "constant": { "times": 40, "concurrency": 20 } }, "hooks": [], "sla": { "failure_rate": { "max": 0 } } } ] }
2020-04-09 05:32:04.992 15 RALLYDEBUG rally_openstack.contexts.keystone.users [-] Creating 1 tenants using 20 threads
2020-04-09 05:32:05.342 15 RALLYDEBUG rally_openstack.contexts.keystone.users [-] Creating 1 users using 20 threads
2020-04-09 05:32:05.799 15 INFO rally.task.context [-] Task 1dc27f24-047b-43c6-854b-7cb756b12520 | Context users@openstack setup() finished in 0.81 sec
2020-04-09 05:32:06.168 15 INFO rally.task.context [-] Task 1dc27f24-047b-43c6-854b-7cb756b12520 | Context quotas@openstack setup() finished in 0.37 sec
2020-04-09 05:32:06.169 15 INFO rally.task.context [-] Task 1dc27f24-047b-43c6-854b-7cb756b12520 | Context cleanup@openstack setup() finished in 0.01 msec
2020-04-09 05:32:06.178 15 RALLYDEBUG rally.task.runner [-] Starting the constant runner (task UUID: 1dc27f24-047b-43c6-854b-7cb756b12520). timeout: 0 concurrency: 20 concurrency_per_worker: 1 times: 40 concurrency_overhead: 0 processes_to_start: 20 max_cpu_used: 88
2020-04-09 05:32:06.193 4601 RALLYDEBUG rally.task.runner [-] Starting a worker. concurrency: 1 args: {"network_create_args": {}, "port_create_args": {}, "ports_per_network": 5} times: 40 method_name: run timeout: 0 duration: None cls:
2020-04-09 05:32:06.196 4602 RALLYDEBUG rally.task.runner [-] Starting a worker. concurrency: 1 args: {"network_create_args": {}, "port_create_args": {}, "ports_per_network": 5} times: 40 method_name: run timeout: 0 duration: None cls:
2020-04-09 05:32:06.198 4603 RALLYDEBUG rally.task.runner [-] Starting a worker. concurrency: 1 args: {"network_create_args": {}, "port_create_args": {}, "ports_per_network": 5} times: 40 method_name: run timeout: 0 duration: None cls:
2020-04-09 05:32:06.200 4601 INFO rally.task.runner [-] Task 1dc27f24-047b-43c6-854b-7cb756b12520 | ITER: 1 START
2020-04-09 05:32:06.201 4601 WARNING rally_openstack.scenarios.neutron.utils [-] Running this scenario without either the 'network' or 'existing_network' context is deprecated
2020-04-09 05:32:06.201 4604 RALLYDEBUG rally.task.runner [-] Starting a worker. concurrency: 1 args: {"network_create_args": {}, "port_create_args": {}, "ports_per_network": 5} times: 40 method_name: run timeout: 0 duration: None cls:
2020-04-09 05:32:06.202 4602 INFO rally.task.runner [-] Task 1dc27f24-047b-43c6-854b-7cb756b12520 | ITER: 2 START
2020-04-09 05:32:06.204 4602 WARNING rally_openstack.scenarios.neutron.utils [-] Running this scenario without either the 'network' or 'existing_network' context is deprecated
2020-04-09 05:32:06.205 4603 INFO rally.task.runner [-] Task 1dc27f24-047b-43c6-854b-7cb756b12520 | ITER: 3 START
2020-04-09 05:32:06.204 4605 RALLYDEBUG rally.task.runner [-] Starting a worker. concurrency: 1 args: {"network_create_args": {}, "port_create_args": {}, "ports_per_network": 5} times: 40 method_name: run timeout: 0 duration: None cls:
2020-04-09 05:32:06.206 4603 WARNING rally_openstack.scenarios.neutron.utils [-] Running this scenario without either the 'network' or 'existing_network' context is deprecated
2020-04-09 05:32:06.207 4608 RALLYDEBUG rally.task.runner [-] Starting a worker. concurrency: 1 args: {"network_create_args": {}, "port_create_args": {}, "ports_per_network": 5} times: 40 method_name: run timeout: 0 duration: None cls:
2020-04-09 05:32:06.208 4604 INFO rally.task.runner [-] Task 1dc27f24-047b-43c6-854b-7cb756b12520 | ITER: 4 START
2020-04-09 05:32:06.209 4604 WARNING rally_openstack.scenarios.neutron.utils [-] Running this scenario without either the 'network' or 'existing_network' context is deprecated
2020-04-09 05:32:06.209 4611 RALLYDEBUG rally.task.runner [-] Starting a worker. concurrency: 1 args: {"network_create_args": {}, "port_create_args": {}, "ports_per_network": 5} times: 40 method_name: run timeout: 0 duration: None cls:
2020-04-09 05:32:06.211 4605 INFO rally.task.runner [-] Task 1dc27f24-047b-43c6-854b-7cb756b12520 | ITER: 5 START
2020-04-09 05:32:06.212 4605 WARNING rally_openstack.scenarios.neutron.utils [-] Running this scenario without either the 'network' or 'existing_network' context is deprecated
2020-04-09 05:32:06.213 4608 INFO rally.task.runner [-] Task 1dc27f24-047b-43c6-854b-7cb756b12520 | ITER: 6 START
2020-04-09 05:32:06.212 4614 RALLYDEBUG rally.task.runner [-] Starting a worker. concurrency: 1 args: {"network_create_args": {}, "port_create_args": {}, "ports_per_network": 5} times: 40 method_name: run timeout: 0 duration: None cls:
2020-04-09 05:32:06.214 4608 WARNING rally_openstack.scenarios.neutron.utils [-] Running this scenario without either the 'network' or 'existing_network' context is deprecated
2020-04-09 05:32:06.215 4611 INFO rally.task.runner [-] Task 1dc27f24-047b-43c6-854b-7cb756b12520 | ITER: 7 START
2020-04-09 05:32:06.215 4617 RALLYDEBUG rally.task.runner [-] Starting a worker. concurrency: 1 args: {"network_create_args": {}, "port_create_args": {}, "ports_per_network": 5} times: 40 method_name: run timeout: 0 duration: None cls:
2020-04-09 05:32:06.217 4611 WARNING rally_openstack.scenarios.neutron.utils [-] Running this scenario without either the 'network' or 'existing_network' context is deprecated
2020-04-09 05:32:06.218 4614 INFO rally.task.runner [-] Task 1dc27f24-047b-43c6-854b-7cb756b12520 | ITER: 8 START
2020-04-09 05:32:06.218 4620 RALLYDEBUG rally.task.runner [-] Starting a worker. concurrency: 1 args: {"network_create_args": {}, "port_create_args": {}, "ports_per_network": 5} times: 40 method_name: run timeout: 0 duration: None cls:
2020-04-09 05:32:06.220 4614 WARNING rally_openstack.scenarios.neutron.utils [-] Running this scenario without either the 'network' or 'existing_network' context is deprecated
2020-04-09 05:32:06.221 4623 RALLYDEBUG rally.task.runner [-] Starting a worker. concurrency: 1 args: {"network_create_args": {}, "port_create_args": {}, "ports_per_network": 5} times: 40 method_name: run timeout: 0 duration: None cls:
2020-04-09 05:32:06.221 4617 INFO rally.task.runner [-] Task 1dc27f24-047b-43c6-854b-7cb756b12520 | ITER: 9 START
2020-04-09 05:32:06.222 4617 WARNING rally_openstack.scenarios.neutron.utils [-] Running this scenario without either the 'network' or 'existing_network' context is deprecated
2020-04-09 05:32:06.224 4620 INFO rally.task.runner [-] Task 1dc27f24-047b-43c6-854b-7cb756b12520 | ITER: 10 START
2020-04-09 05:32:06.224 4626 RALLYDEBUG rally.task.runner [-] Starting a worker. concurrency: 1 args: {"network_create_args": {}, "port_create_args": {}, "ports_per_network": 5} times: 40 method_name: run timeout: 0 duration: None cls:
2020-04-09 05:32:06.225 4620 WARNING rally_openstack.scenarios.neutron.utils [-] Running this scenario without either the 'network' or 'existing_network' context is deprecated
2020-04-09 05:32:06.227 4623 INFO rally.task.runner [-] Task 1dc27f24-047b-43c6-854b-7cb756b12520 | ITER: 11 START
2020-04-09 05:32:06.227 4632 RALLYDEBUG rally.task.runner [-] Starting a worker. concurrency: 1 args: {"network_create_args": {}, "port_create_args": {}, "ports_per_network": 5} times: 40 method_name: run timeout: 0 duration: None cls:
2020-04-09 05:32:06.226 4629 RALLYDEBUG rally.task.runner [-] Starting a worker. concurrency: 1 args: {"network_create_args": {}, "port_create_args": {}, "ports_per_network": 5} times: 40 method_name: run timeout: 0 duration: None cls:
2020-04-09 05:32:06.228 4623 WARNING rally_openstack.scenarios.neutron.utils [-] Running this scenario without either the 'network' or 'existing_network' context is deprecated
2020-04-09 05:32:06.231 4626 INFO rally.task.runner [-] Task 1dc27f24-047b-43c6-854b-7cb756b12520 | ITER: 12 START
2020-04-09 05:32:06.231 4632 INFO rally.task.runner [-] Task 1dc27f24-047b-43c6-854b-7cb756b12520 | ITER: 13 START
2020-04-09 05:32:06.232 4626 WARNING rally_openstack.scenarios.neutron.utils [-] Running this scenario without either the 'network' or 'existing_network' context is deprecated
2020-04-09 05:32:06.232 4629 INFO rally.task.runner [-] Task 1dc27f24-047b-43c6-854b-7cb756b12520 | ITER: 14 START
2020-04-09 05:32:06.232 4632 WARNING rally_openstack.scenarios.neutron.utils [-] Running this scenario without either the 'network' or 'existing_network' context is deprecated
2020-04-09 05:32:06.233 4629 WARNING rally_openstack.scenarios.neutron.utils [-] Running this scenario without either the 'network' or 'existing_network' context is deprecated
2020-04-09 05:32:06.232 4635 RALLYDEBUG rally.task.runner [-] Starting a worker. concurrency: 1 args: {"network_create_args": {}, "port_create_args": {}, "ports_per_network": 5} times: 40 method_name: run timeout: 0 duration: None cls:
2020-04-09 05:32:06.234 4638 RALLYDEBUG rally.task.runner [-] Starting a worker. concurrency: 1 args: {"network_create_args": {}, "port_create_args": {}, "ports_per_network": 5} times: 40 method_name: run timeout: 0 duration: None cls:
2020-04-09 05:32:06.236 4643 RALLYDEBUG rally.task.runner [-] Starting a worker. concurrency: 1 args: {"network_create_args": {}, "port_create_args": {}, "ports_per_network": 5} times: 40 method_name: run timeout: 0 duration: None cls:
2020-04-09 05:32:06.238 4635 INFO rally.task.runner [-] Task 1dc27f24-047b-43c6-854b-7cb756b12520 | ITER: 15 START
2020-04-09 05:32:06.239 4635 WARNING rally_openstack.scenarios.neutron.utils [-] Running this scenario without either the 'network' or 'existing_network' context is deprecated
2020-04-09 05:32:06.240 4646 RALLYDEBUG rally.task.runner [-] Starting a worker. concurrency: 1 args: {"network_create_args": {}, "port_create_args": {}, "ports_per_network": 5} times: 40 method_name: run timeout: 0 duration: None cls:
2020-04-09 05:32:06.240 4638 INFO rally.task.runner [-] Task 1dc27f24-047b-43c6-854b-7cb756b12520 | ITER: 16 START
2020-04-09 05:32:06.241 4638 WARNING rally_openstack.scenarios.neutron.utils [-] Running this scenario without either the 'network' or 'existing_network' context is deprecated
2020-04-09 05:32:06.242 4643 INFO rally.task.runner [-] Task 1dc27f24-047b-43c6-854b-7cb756b12520 | ITER: 17 START
2020-04-09 05:32:06.243 4643 WARNING rally_openstack.scenarios.neutron.utils [-] Running this scenario without either the 'network' or 'existing_network' context is deprecated
2020-04-09 05:32:06.243 4647 RALLYDEBUG rally.task.runner [-] Starting a worker. concurrency: 1 args: {"network_create_args": {}, "port_create_args": {}, "ports_per_network": 5} times: 40 method_name: run timeout: 0 duration: None cls:
2020-04-09 05:32:06.245 4646 INFO rally.task.runner [-] Task 1dc27f24-047b-43c6-854b-7cb756b12520 | ITER: 18 START
2020-04-09 05:32:06.244 4650 RALLYDEBUG rally.task.runner [-] Starting a worker. concurrency: 1 args: {"network_create_args": {}, "port_create_args": {}, "ports_per_network": 5} times: 40 method_name: run timeout: 0 duration: None cls:
2020-04-09 05:32:06.246 4646 WARNING rally_openstack.scenarios.neutron.utils [-] Running this scenario without either the 'network' or 'existing_network' context is deprecated
2020-04-09 05:32:06.248 4647 INFO rally.task.runner [-] Task 1dc27f24-047b-43c6-854b-7cb756b12520 | ITER: 19 START
2020-04-09 05:32:06.249 4650 INFO rally.task.runner [-] Task 1dc27f24-047b-43c6-854b-7cb756b12520 | ITER: 20 START
2020-04-09 05:32:06.249 4647 WARNING rally_openstack.scenarios.neutron.utils [-] Running this scenario without either the 'network' or 'existing_network' context is deprecated
2020-04-09 05:32:06.250 4650 WARNING rally_openstack.scenarios.neutron.utils [-] Running this scenario without either the 'network' or 'existing_network' context is deprecated
2020-04-09 05:32:20.289 4626 INFO rally.task.runner [-] Task 1dc27f24-047b-43c6-854b-7cb756b12520 | ITER: 12 END: OK
2020-04-09 05:32:20.294 4626 INFO rally.task.runner [-] Task 1dc27f24-047b-43c6-854b-7cb756b12520 | ITER: 21 START
2020-04-09 05:32:20.295 4626 WARNING rally_openstack.scenarios.neutron.utils [-] Running this scenario without either the 'network' or 'existing_network' context is deprecated
2020-04-09 05:32:22.168 4635 INFO rally.task.runner [-] Task 1dc27f24-047b-43c6-854b-7cb756b12520 | ITER: 15 END: OK
2020-04-09 05:32:22.174 4635 INFO rally.task.runner [-] Task 1dc27f24-047b-43c6-854b-7cb756b12520 | ITER: 22 START
2020-04-09 05:32:22.174 4635 WARNING rally_openstack.scenarios.neutron.utils [-] Running this scenario without either the 'network' or 'existing_network' context is deprecated
2020-04-09 05:32:22.516 4647 INFO rally.task.runner [-] Task 1dc27f24-047b-43c6-854b-7cb756b12520 | ITER: 19 END: OK
2020-04-09 05:32:22.521 4647 INFO rally.task.runner [-] Task 1dc27f24-047b-43c6-854b-7cb756b12520 | ITER: 23 START
2020-04-09 05:32:22.522 4647 WARNING rally_openstack.scenarios.neutron.utils [-] Running this scenario without either the 'network' or 'existing_network' context is deprecated
2020-04-09 05:32:23.146 4611 INFO rally.task.runner [-] Task 1dc27f24-047b-43c6-854b-7cb756b12520 | ITER: 7 END: OK
2020-04-09 05:32:23.151 4611 INFO rally.task.runner [-] Task 1dc27f24-047b-43c6-854b-7cb756b12520 | ITER: 24 START
2020-04-09 05:32:23.152 4611 WARNING rally_openstack.scenarios.neutron.utils [-] Running this scenario without either the 'network' or 'existing_network' context is deprecated
2020-04-09 05:32:23.372 4602 INFO rally.task.runner [-] Task 1dc27f24-047b-43c6-854b-7cb756b12520 | ITER: 2 END: OK
2020-04-09 05:32:23.377 4602 INFO rally.task.runner [-] Task 1dc27f24-047b-43c6-854b-7cb756b12520 | ITER: 25 START
2020-04-09 05:32:23.378 4602 WARNING rally_openstack.scenarios.neutron.utils [-] Running this scenario without either the 'network' or 'existing_network' context is deprecated
2020-04-09 05:32:23.721 4614 INFO rally.task.runner [-] Task 1dc27f24-047b-43c6-854b-7cb756b12520 | ITER: 8 END: OK
2020-04-09 05:32:23.727 4614 INFO rally.task.runner [-] Task 1dc27f24-047b-43c6-854b-7cb756b12520 | ITER: 26 START
2020-04-09 05:32:23.727 4614 WARNING rally_openstack.scenarios.neutron.utils [-] Running this scenario without either the 'network' or 'existing_network' context is deprecated
2020-04-09 05:32:23.730 4617 INFO rally.task.runner [-] Task 1dc27f24-047b-43c6-854b-7cb756b12520 | ITER: 9 END: OK
2020-04-09 05:32:23.735 4617 INFO rally.task.runner [-] Task 1dc27f24-047b-43c6-854b-7cb756b12520 | ITER: 27 START
2020-04-09 05:32:23.735 4650 INFO rally.task.runner [-] Task 1dc27f24-047b-43c6-854b-7cb756b12520 | ITER: 20 END: OK
2020-04-09 05:32:23.736 4617 WARNING rally_openstack.scenarios.neutron.utils [-] Running this scenario without either the 'network' or 'existing_network' context is deprecated
2020-04-09 05:32:23.740 4650 INFO rally.task.runner [-] Task 1dc27f24-047b-43c6-854b-7cb756b12520 | ITER: 28 START
2020-04-09 05:32:23.741 4650 WARNING rally_openstack.scenarios.neutron.utils [-] Running this scenario without either the 'network' or 'existing_network' context is deprecated
2020-04-09 05:32:23.792 4638 INFO rally.task.runner [-] Task 1dc27f24-047b-43c6-854b-7cb756b12520 | ITER: 16 END: OK
2020-04-09 05:32:23.798 4638 INFO rally.task.runner [-] Task 1dc27f24-047b-43c6-854b-7cb756b12520 | ITER: 29 START
2020-04-09 05:32:23.798 4638 WARNING rally_openstack.scenarios.neutron.utils [-] Running this scenario without either the 'network' or 'existing_network' context is deprecated
2020-04-09 05:32:24.385 4629 INFO rally.task.runner [-] Task 1dc27f24-047b-43c6-854b-7cb756b12520 | ITER: 14 END: OK
2020-04-09 05:32:24.390 4629 INFO rally.task.runner [-] Task 1dc27f24-047b-43c6-854b-7cb756b12520 | ITER: 30 START
2020-04-09 05:32:24.390 4629 WARNING rally_openstack.scenarios.neutron.utils [-] Running this scenario without either the 'network' or 'existing_network' context is deprecated
2020-04-09 05:32:25.012 4632 INFO rally.task.runner [-] Task 1dc27f24-047b-43c6-854b-7cb756b12520 | ITER: 13 END: OK
2020-04-09 05:32:25.017 4632 INFO rally.task.runner [-] Task 1dc27f24-047b-43c6-854b-7cb756b12520 | ITER: 31 START
2020-04-09 05:32:25.018 4632 WARNING rally_openstack.scenarios.neutron.utils [-] Running this scenario without either the 'network' or 'existing_network' context is deprecated
2020-04-09 05:32:25.051 4601 INFO rally.task.runner [-] Task 1dc27f24-047b-43c6-854b-7cb756b12520 | ITER: 1 END: OK
2020-04-09 05:32:25.056 4601 INFO rally.task.runner [-] Task 1dc27f24-047b-43c6-854b-7cb756b12520 | ITER: 32 START
2020-04-09 05:32:25.057 4601 WARNING rally_openstack.scenarios.neutron.utils [-] Running this scenario without either the 'network' or 'existing_network' context is deprecated
2020-04-09 05:32:26.166 4620 INFO rally.task.runner [-] Task 1dc27f24-047b-43c6-854b-7cb756b12520 | ITER: 10 END: OK
2020-04-09 05:32:26.171 4620 INFO rally.task.runner [-] Task 1dc27f24-047b-43c6-854b-7cb756b12520 | ITER: 33 START
2020-04-09 05:32:26.172 4620 WARNING rally_openstack.scenarios.neutron.utils [-] Running this scenario without either the 'network' or 'existing_network' context is deprecated
2020-04-09 05:32:26.825 4605 INFO rally.task.runner [-] Task 1dc27f24-047b-43c6-854b-7cb756b12520 | ITER: 5 END: OK
2020-04-09 05:32:26.830 4605 INFO rally.task.runner [-] Task 1dc27f24-047b-43c6-854b-7cb756b12520 | ITER: 34 START
2020-04-09 05:32:26.831 4605 WARNING rally_openstack.scenarios.neutron.utils [-] Running this scenario without either the 'network' or 'existing_network' context is deprecated
2020-04-09 05:32:28.031 4604 INFO rally.task.runner [-] Task 1dc27f24-047b-43c6-854b-7cb756b12520 | ITER: 4 END: OK
2020-04-09 05:32:28.037 4604 INFO rally.task.runner [-] Task 1dc27f24-047b-43c6-854b-7cb756b12520 | ITER: 35 START
2020-04-09 05:32:28.038 4604 WARNING rally_openstack.scenarios.neutron.utils [-] Running this scenario without either the 'network' or 'existing_network' context is deprecated
2020-04-09 05:32:30.234 4643 INFO rally.task.runner [-] Task 1dc27f24-047b-43c6-854b-7cb756b12520 | ITER: 17 END: OK
2020-04-09 05:32:30.238 4643 INFO rally.task.runner [-] Task 1dc27f24-047b-43c6-854b-7cb756b12520 | ITER: 36 START
2020-04-09 05:32:30.239 4643 WARNING rally_openstack.scenarios.neutron.utils [-] Running this scenario without either the 'network' or 'existing_network' context is deprecated
2020-04-09 05:32:30.528 4608 INFO rally.task.runner [-] Task 1dc27f24-047b-43c6-854b-7cb756b12520 | ITER: 6 END: OK
2020-04-09 05:32:30.533 4608 INFO rally.task.runner [-] Task 1dc27f24-047b-43c6-854b-7cb756b12520 | ITER: 37 START
2020-04-09 05:32:30.533 4608 WARNING rally_openstack.scenarios.neutron.utils [-] Running this scenario without either the 'network' or 'existing_network' context is deprecated
2020-04-09 05:32:30.574 4603 INFO rally.task.runner [-] Task 1dc27f24-047b-43c6-854b-7cb756b12520 | ITER: 3 END: OK
2020-04-09 05:32:30.579 4603 INFO rally.task.runner [-] Task 1dc27f24-047b-43c6-854b-7cb756b12520 | ITER: 38 START
2020-04-09 05:32:30.580 4603 WARNING rally_openstack.scenarios.neutron.utils [-] Running this scenario without either the 'network' or 'existing_network' context is deprecated
2020-04-09 05:32:31.489 4623 INFO rally.task.runner [-] Task 1dc27f24-047b-43c6-854b-7cb756b12520 | ITER: 11 END: OK
2020-04-09 05:32:31.494 4623 INFO rally.task.runner [-] Task 1dc27f24-047b-43c6-854b-7cb756b12520 | ITER: 39 START
2020-04-09 05:32:31.495 4623 WARNING rally_openstack.scenarios.neutron.utils [-] Running this scenario without either the 'network' or 'existing_network' context is deprecated
2020-04-09 05:32:32.938 4646 INFO rally.task.runner [-] Task 1dc27f24-047b-43c6-854b-7cb756b12520 | ITER: 18 END: OK
2020-04-09 05:32:32.943 4646 INFO rally.task.runner [-] Task 1dc27f24-047b-43c6-854b-7cb756b12520 | ITER: 40 START
2020-04-09 05:32:32.944 4646 WARNING rally_openstack.scenarios.neutron.utils [-] Running this scenario without either the 'network' or 'existing_network' context is deprecated
2020-04-09 05:32:36.075 4602 INFO rally.task.runner [-] Task 1dc27f24-047b-43c6-854b-7cb756b12520 | ITER: 25 END: OK
2020-04-09 05:32:37.511 4650 INFO rally.task.runner [-] Task 1dc27f24-047b-43c6-854b-7cb756b12520 | ITER: 28 END: OK
2020-04-09 05:32:37.804 4632 INFO rally.task.runner [-] Task 1dc27f24-047b-43c6-854b-7cb756b12520 | ITER: 31 END: OK
2020-04-09 05:32:37.935 4614 INFO rally.task.runner [-] Task 1dc27f24-047b-43c6-854b-7cb756b12520 | ITER: 26 END: OK
2020-04-09 05:32:38.159 4626 INFO rally.task.runner [-] Task 1dc27f24-047b-43c6-854b-7cb756b12520 | ITER: 21 END: OK
2020-04-09 05:32:38.702 4647 INFO rally.task.runner [-] Task 1dc27f24-047b-43c6-854b-7cb756b12520 | ITER: 23 END: OK
2020-04-09 05:32:38.988 4635 INFO rally.task.runner [-] Task 1dc27f24-047b-43c6-854b-7cb756b12520 | ITER: 22 END: OK
2020-04-09 05:32:39.537 4629 INFO rally.task.runner [-] Task 1dc27f24-047b-43c6-854b-7cb756b12520 | ITER: 30 END: OK
2020-04-09 05:32:39.699 4601 INFO rally.task.runner [-] Task 1dc27f24-047b-43c6-854b-7cb756b12520 | ITER: 32 END: OK
2020-04-09 05:32:40.178 4605 INFO rally.task.runner [-] Task 1dc27f24-047b-43c6-854b-7cb756b12520 | ITER: 34 END: OK
2020-04-09 05:32:40.426 4638 INFO rally.task.runner [-] Task 1dc27f24-047b-43c6-854b-7cb756b12520 | ITER: 29 END: OK
2020-04-09 05:32:42.180 4623 INFO rally.task.runner [-] Task 1dc27f24-047b-43c6-854b-7cb756b12520 | ITER: 39 END: OK
2020-04-09 05:32:42.577 4611 INFO rally.task.runner [-] Task 1dc27f24-047b-43c6-854b-7cb756b12520 | ITER: 24 END: OK
2020-04-09 05:32:43.940 4617 INFO rally.task.runner [-] Task 1dc27f24-047b-43c6-854b-7cb756b12520 | ITER: 27 END: OK
2020-04-09 05:32:46.105 4620 INFO rally.task.runner [-] Task 1dc27f24-047b-43c6-854b-7cb756b12520 | ITER: 33 END: OK
2020-04-09 05:32:51.596 4604 INFO rally.task.runner [-] Task 1dc27f24-047b-43c6-854b-7cb756b12520 | ITER: 35 END: OK
2020-04-09 05:32:59.074 4608 INFO rally.task.runner [-] Task 1dc27f24-047b-43c6-854b-7cb756b12520 | ITER: 37 END: OK
2020-04-09 05:33:05.006 4603 INFO rally.task.runner [-] Task 1dc27f24-047b-43c6-854b-7cb756b12520 | ITER: 38 END: OK
2020-04-09 05:33:14.003 4646 INFO rally.task.runner [-] Task 1dc27f24-047b-43c6-854b-7cb756b12520 | ITER: 40 END: OK
2020-04-09 05:33:20.065 4643 INFO rally.task.runner [-] Task 1dc27f24-047b-43c6-854b-7cb756b12520 | ITER: 36 END: OK
2020-04-09 05:33:20.092 15 INFO rally.task.context [-] Task 1dc27f24-047b-43c6-854b-7cb756b12520 | Context cleanup@openstack cleanup() started
2020-04-09 05:33:20.098 15 RALLYDEBUG rally_openstack.cleanup.manager [-] Cleaning up neutron vip objects
2020-04-09 05:33:20.322 15 RALLYDEBUG rally_openstack.cleanup.manager [-] Cleaning up neutron health_monitor objects
2020-04-09 05:33:20.527 15 RALLYDEBUG rally_openstack.cleanup.manager [-] Cleaning up neutron pool objects
2020-04-09 05:33:20.739 15 RALLYDEBUG rally_openstack.cleanup.manager [-] Cleaning up neutron loadbalancer objects
2020-04-09 05:33:20.958 15 RALLYDEBUG rally_openstack.cleanup.manager [-] Cleaning up neutron floatingip objects
2020-04-09 05:33:21.177 15 RALLYDEBUG rally_openstack.cleanup.manager [-] Cleaning up neutron trunk objects
2020-04-09 05:33:21.369 15 DEBUG neutronclient.v2_0.client [-] Error message: {"NeutronError": {"message": "Invalid input for operation: 'tenant_id' is not supported for filtering.", "type": "InvalidInput", "detail": ""}} _handle_fault_response /usr/lib/python2.7/site-packages/neutronclient/v2_0/client.py:259
2020-04-09 05:33:21.405 15 DEBUG neutronclient.v2_0.client [-] Error message: {"NeutronError": {"message": "Invalid input for operation: 'tenant_id' is not supported for filtering.", "type": "InvalidInput", "detail": ""}} _handle_fault_response /usr/lib/python2.7/site-packages/neutronclient/v2_0/client.py:259
2020-04-09 05:33:21.435 15 DEBUG neutronclient.v2_0.client [-] Error message: {"NeutronError": {"message": "Invalid input for operation: 'tenant_id' is not supported for filtering.", "type": "InvalidInput", "detail": ""}} _handle_fault_response /usr/lib/python2.7/site-packages/neutronclient/v2_0/client.py:259
2020-04-09 05:33:21.436 15 ERROR rally_openstack.cleanup.manager [-] Seems like rally_openstack.cleanup.resources.NeutronTrunk.list(self) method is broken. It shouldn't raise any exceptions.: BadRequest: Invalid input for operation: 'tenant_id' is not supported for filtering. Neutron server returns request_ids: ['req-74152c04-1624-4848-b33b-bd9150b1e810']
2020-04-09 05:33:21.436 15 ERROR rally_openstack.cleanup.manager
Traceback (most recent call last):
2020-04-09 05:33:21.436 15 ERROR rally_openstack.cleanup.manager
File "/usr/lib/python2.7/site-packages/rally_openstack/cleanup/manager.py", line 133, in _publish
2020-04-09 05:33:21.436 15 ERROR rally_openstack.cleanup.manager for raw_resource in rutils.retry(3, manager.list):
2020-04-09 05:33:21.436 15 ERROR rally_openstack.cleanup.manager
File "/usr/lib/python2.7/site-packages/rally/common/utils.py", line 230, in retry
2020-04-09 05:33:21.436 15 ERROR rally_openstack.cleanup.manager return func(*args, **kwargs)
2020-04-09 05:33:21.436 15 ERROR rally_openstack.cleanup.manager
File "/usr/lib/python2.7/site-packages/rally_openstack/cleanup/resources.py", line 396, in list
2020-04-09 05:33:21.436 15 ERROR rally_openstack.cleanup.manager return super(NeutronTrunk, self).list()
2020-04-09 05:33:21.436 15 ERROR rally_openstack.cleanup.manager
File "/usr/lib/python2.7/site-packages/rally_openstack/cleanup/resources.py", line 273, in list
2020-04-09 05:33:21.436 15 ERROR rally_openstack.cleanup.manager result = list_method(tenant_id=self.tenant_uuid)[resources]
2020-04-09 05:33:21.436 15 ERROR rally_openstack.cleanup.manager
File "/usr/lib/python2.7/site-packages/neutronclient/v2_0/client.py", line 2105, in list_trunks
2020-04-09 05:33:21.436 15 ERROR rally_openstack.cleanup.manager **_params)
2020-04-09 05:33:21.436 15 ERROR rally_openstack.cleanup.manager
File "/usr/lib/python2.7/site-packages/neutronclient/v2_0/client.py", line 369, in list
2020-04-09 05:33:21.436 15 ERROR rally_openstack.cleanup.manager for r in self._pagination(collection, path, **params):
2020-04-09 05:33:21.436 15 ERROR rally_openstack.cleanup.manager
File "/usr/lib/python2.7/site-packages/neutronclient/v2_0/client.py", line 384, in _pagination
2020-04-09 05:33:21.436 15 ERROR rally_openstack.cleanup.manager res = self.get(path, params=params)
2020-04-09 05:33:21.436 15 ERROR rally_openstack.cleanup.manager
File "/usr/lib/python2.7/site-packages/neutronclient/v2_0/client.py", line 354, in get
2020-04-09 05:33:21.436 15 ERROR rally_openstack.cleanup.manager headers=headers, params=params)
2020-04-09 05:33:21.436 15 ERROR rally_openstack.cleanup.manager
File "/usr/lib/python2.7/site-packages/neutronclient/v2_0/client.py", line 331, in retry_request
2020-04-09 05:33:21.436 15 ERROR rally_openstack.cleanup.manager headers=headers, params=params)
2020-04-09 05:33:21.436 15 ERROR rally_openstack.cleanup.manager
File "/usr/lib/python2.7/site-packages/neutronclient/v2_0/client.py", line 294, in do_request
2020-04-09 05:33:21.436 15 ERROR rally_openstack.cleanup.manager self._handle_fault_response(status_code, replybody, resp)
2020-04-09 05:33:21.436 15 ERROR rally_openstack.cleanup.manager
File "/usr/lib/python2.7/site-packages/neutronclient/v2_0/client.py", line 269, in _handle_fault_response
2020-04-09 05:33:21.436 15 ERROR rally_openstack.cleanup.manager exception_handler_v20(status_code, error_body)
2020-04-09 05:33:21.436 15 ERROR rally_openstack.cleanup.manager
File "/usr/lib/python2.7/site-packages/neutronclient/v2_0/client.py", line 93, in exception_handler_v20
2020-04-09 05:33:21.436 15 ERROR rally_openstack.cleanup.manager request_ids=request_ids)
2020-04-09 05:33:21.436 15 ERROR rally_openstack.cleanup.manager BadRequest: Invalid input for operation: 'tenant_id' is not supported for filtering.
2020-04-09 05:33:21.436 15 ERROR rally_openstack.cleanup.manager Neutron server returns request_ids: ['req-74152c04-1624-4848-b33b-bd9150b1e810']
2020-04-09 05:33:21.436 15 ERROR rally_openstack.cleanup.manager
2020-04-09 05:33:21.446 15 RALLYDEBUG rally_openstack.cleanup.manager [-] Cleaning up neutron port objects
2020-04-09 05:33:21.684 15 RALLYDEBUG rally_openstack.cleanup.manager [-] Cleaning up neutron subnet objects
2020-04-09 05:33:21.908 15 RALLYDEBUG rally_openstack.cleanup.manager [-] Cleaning up neutron network objects
2020-04-09 05:33:22.369 15 RALLYDEBUG rally_openstack.cleanup.manager [-] Deleting neutron.network object s_rally_5f451ed1_PjsOKOjb (0b698e52-a372-4396-872f-8c89a11f7c6c)
2020-04-09 05:33:22.375 15 RALLYDEBUG rally_openstack.cleanup.manager [-] Deleting neutron.network object s_rally_5f451ed1_OK7pNCi0 (0eb96ffd-4ae4-4a66-bb90-3511c2a3dd0d)
2020-04-09 05:33:22.381 15 RALLYDEBUG rally_openstack.cleanup.manager [-] Deleting neutron.network object s_rally_5f451ed1_hc433QcW (02f52d59-6549-4161-8703-0b6e76fa455f)
2020-04-09 05:33:22.386 15 RALLYDEBUG rally_openstack.cleanup.manager [-] Deleting neutron.network object s_rally_5f451ed1_MO8dWq3I (1e45dd17-1c62-4466-b6ae-abc456307192)
2020-04-09 05:33:22.401 15 RALLYDEBUG rally_openstack.cleanup.manager [-] Deleting neutron.network object s_rally_5f451ed1_MRPQgO4e (27e048a8-6b6f-4184-a471-4fed2aa95297)
2020-04-09 05:33:22.415 15 RALLYDEBUG rally_openstack.cleanup.manager [-] Deleting neutron.network object s_rally_5f451ed1_Blth89Ss (2bea50b9-6cb5-4cd8-b99e-bfd21d1bf7c5)
2020-04-09 05:33:22.431 15 RALLYDEBUG rally_openstack.cleanup.manager [-] Deleting neutron.network object s_rally_5f451ed1_J1PvbVNz (290543d1-f8e5-4e50-be45-b2b63e23b14c)
2020-04-09 05:33:22.454 15 RALLYDEBUG rally_openstack.cleanup.manager [-] Deleting neutron.network object s_rally_5f451ed1_x5ieQGX6 (2d39efca-7d02-4775-8db8-38a50b37cc60)
2020-04-09 05:33:22.487 15 RALLYDEBUG rally_openstack.cleanup.manager [-] Deleting neutron.network object s_rally_5f451ed1_9VaCW2sk (2fadb40b-fdf1-4e25-8e8d-064865210b76)
2020-04-09 05:33:22.498 15 RALLYDEBUG rally_openstack.cleanup.manager [-] Deleting neutron.network object s_rally_5f451ed1_QiFwtu8Y (2f4afbf5-1ec9-4562-9295-8f15ad96b851)
2020-04-09 05:33:22.507 15 RALLYDEBUG rally_openstack.cleanup.manager [-] Deleting neutron.network object s_rally_5f451ed1_QNlaKd6b (331578c1-ba32-421f-b0ed-9f1f5fdb94b2)
2020-04-09 05:33:22.526 15 RALLYDEBUG rally_openstack.cleanup.manager [-] Deleting neutron.network object s_rally_5f451ed1_s7tzIAHU (3a26d6ad-240d-4428-8160-d3f6a5891df3)
2020-04-09 05:33:22.529 15 RALLYDEBUG rally_openstack.cleanup.manager [-] Deleting neutron.network object s_rally_5f451ed1_OGceB6IG (3421687a-4bd6-4787-aca6-8c7fd23b279c)
2020-04-09 05:33:22.535 15 RALLYDEBUG rally_openstack.cleanup.manager [-] Deleting neutron.network object s_rally_5f451ed1_VOFCMQhA (56c4b677-f091-4261-8c51-a4b205134134)
2020-04-09 05:33:22.558 15 RALLYDEBUG rally_openstack.cleanup.manager [-] Deleting neutron.network object s_rally_5f451ed1_aq89kYxj (5abb4804-3fe8-4c1c-af63-0fb792e40ab6)
2020-04-09 05:33:22.571 15 RALLYDEBUG rally_openstack.cleanup.manager [-] Deleting neutron.network object s_rally_5f451ed1_QuTVW6zd (61c80f92-3001-4b11-9820-f53b9fc535e9)
2020-04-09 05:33:22.595 15 RALLYDEBUG rally_openstack.cleanup.manager [-] Deleting neutron.network object s_rally_5f451ed1_VuPhU0yv (48e24208-2583-4653-9348-96081b30da84)
2020-04-09 05:33:22.599 15 RALLYDEBUG rally_openstack.cleanup.manager [-] Deleting neutron.network object s_rally_5f451ed1_kUTiXCGq (58f1ee13-7395-4c8c-bdce-b921a3a6e27e)
2020-04-09 05:33:22.763 15 RALLYDEBUG rally_openstack.cleanup.manager [-] Deleting neutron.network object s_rally_5f451ed1_Uq4sAjVt (6edfa7d5-4e18-4594-901a-81ca4466f6c4)
2020-04-09 05:33:22.778 15 RALLYDEBUG rally_openstack.cleanup.manager [-] Deleting neutron.network object s_rally_5f451ed1_ynqnUvs5 (70c8f2b9-4d99-42f2-acbe-f147ac874c1d)
2020-04-09 05:33:24.819 15 RALLYDEBUG rally_openstack.cleanup.manager [-] Deleting neutron.network object s_rally_5f451ed1_gtrz3ecw (72fb069a-8277-45b7-ae0a-fb33b04e8b84)
2020-04-09 05:33:24.922 15 RALLYDEBUG rally_openstack.cleanup.manager [-] Deleting neutron.network object s_rally_5f451ed1_IPGJ7eHn (7921874b-a683-42cb-80f0-4f0d929f3359)
2020-04-09 05:33:24.944 15 RALLYDEBUG rally_openstack.cleanup.manager [-] Deleting neutron.network object s_rally_5f451ed1_J2M7MAHJ (79df7ba1-3dff-46b3-991b-67acbeaf1416)
2020-04-09 05:33:25.380 15 RALLYDEBUG rally_openstack.cleanup.manager [-] Deleting neutron.network object s_rally_5f451ed1_RAODLuZ7 (7c1d5090-ec54-4aee-acbe-d6ddfbcdb78e)
2020-04-09 05:33:25.413 15 RALLYDEBUG rally_openstack.cleanup.manager [-] Deleting neutron.network object s_rally_5f451ed1_npJ8Axqr (8122d1b2-35d5-4937-818d-38d3c4b4e162)
2020-04-09 05:33:25.734 15 RALLYDEBUG rally_openstack.cleanup.manager [-] Deleting neutron.network object s_rally_5f451ed1_3UgUQ7Ab (8772cbc9-af91-4bfd-adb7-4a1872b02054)
2020-04-09 05:33:25.749 15 RALLYDEBUG rally_openstack.cleanup.manager [-] Deleting neutron.network object s_rally_5f451ed1_BKx03RTq (99aefa91-93f1-49c9-995c-60a5bd6584da)
2020-04-09 05:33:25.848 15 RALLYDEBUG rally_openstack.cleanup.manager [-] Deleting neutron.network object s_rally_5f451ed1_nfPZPLJX (9d748547-2585-41ca-9839-f8de9da63a95)
2020-04-09 05:33:25.924 15 RALLYDEBUG rally_openstack.cleanup.manager [-] Deleting neutron.network object s_rally_5f451ed1_h1gOzKZg (9f1607bf-91f5-4aa4-80d2-0f027d9cc07c)
2020-04-09 05:33:25.932 15 RALLYDEBUG rally_openstack.cleanup.manager [-] Deleting neutron.network object s_rally_5f451ed1_g9jnop9q (b35cc1ef-3910-41f6-be8b-a823e29f22f5)
2020-04-09 05:33:26.005 15 RALLYDEBUG rally_openstack.cleanup.manager [-] Deleting neutron.network object s_rally_5f451ed1_2NJMDEDJ (c26681cf-629c-4ecb-bcc0-ca4920c59092)
2020-04-09 05:33:26.157 15 RALLYDEBUG rally_openstack.cleanup.manager [-] Deleting neutron.network object s_rally_5f451ed1_QdKFENUy (c39b7f01-4a2f-4046-8ad9-98b618d786a7)
2020-04-09 05:33:26.191 15 RALLYDEBUG rally_openstack.cleanup.manager [-] Deleting neutron.network object s_rally_5f451ed1_IkPp1H3R (c4ff38e1-a90c-4327-951e-e7a1460ea595)
2020-04-09 05:33:26.324 15 RALLYDEBUG rally_openstack.cleanup.manager [-] Deleting neutron.network object s_rally_5f451ed1_Nj153TSz (d556d04a-854d-4b97-92af-bb59347f2ee4)
2020-04-09 05:33:26.439 15 RALLYDEBUG rally_openstack.cleanup.manager [-] Deleting neutron.network object s_rally_5f451ed1_liglNO91 (da7768cb-8a76-418e-ab46-be2f3e6f0a1b)
2020-04-09 05:33:26.654 15 RALLYDEBUG rally_openstack.cleanup.manager [-] Deleting neutron.network object s_rally_5f451ed1_jDc40hXi (dc740853-8264-4dd9-8695-098017a30987)
2020-04-09 05:33:26.680 15 RALLYDEBUG rally_openstack.cleanup.manager [-] Deleting neutron.network object s_rally_5f451ed1_kL1gEeSo (dd512051-2f34-43aa-990b-b3a5b613821b)
2020-04-09 05:33:26.747 15 RALLYDEBUG rally_openstack.cleanup.manager [-] Deleting neutron.network object s_rally_5f451ed1_WOdRHdJ0 (e031f9d1-b9fe-4593-8f4c-0c4e9f5b1255)
2020-04-09 05:33:26.913 15 RALLYDEBUG rally_openstack.cleanup.manager [-] Deleting neutron.network object s_rally_5f451ed1_JGffooup (ebcd5c78-e2a1-4d0d-bdc6-022f861bdf1e)
2020-04-09 05:33:26.951 15 RALLYDEBUG rally_openstack.cleanup.manager [-] Deleting neutron.network object s_rally_5f451ed1_datWhfta (fe9d7884-1e8b-4b8f-ae73-b07501d55431)
2020-04-09 05:33:30.410 15 RALLYDEBUG rally_openstack.cleanup.manager [-] Cleaning up neutron router objects
2020-04-09 05:33:30.682 15 RALLYDEBUG rally_openstack.cleanup.manager [-] Cleaning up neutron security_group objects
2020-04-09 05:33:30.979 15 INFO rally.task.context [-] Task 1dc27f24-047b-43c6-854b-7cb756b12520 | Context cleanup@openstack cleanup() finished in 10.89 sec
2020-04-09 05:33:30.979 15 INFO rally.task.context [-] Task 1dc27f24-047b-43c6-854b-7cb756b12520 | Context quotas@openstack cleanup() started
2020-04-09 05:33:31.030 15 INFO rally.task.context [-] Task 1dc27f24-047b-43c6-854b-7cb756b12520 | Context quotas@openstack cleanup() finished in 51.09 msec
2020-04-09 05:33:31.031 15 INFO rally.task.context [-] Task 1dc27f24-047b-43c6-854b-7cb756b12520 | Context users@openstack cleanup() started
2020-04-09 05:33:32.481 15 INFO rally.task.context [-] Task 1dc27f24-047b-43c6-854b-7cb756b12520 | Context users@openstack cleanup() finished in 1.45 sec
2020-04-09 05:33:33.357 15 INFO rally.task.engine [-] Load duration is: 73.863671
2020-04-09 05:33:33.357 15 INFO rally.task.engine [-] Full runner duration is: 73.914031
2020-04-09 05:33:33.358 15 INFO rally.task.engine [-] Full duration is: 87.490879
2020-04-09 05:33:33.476 15 INFO rally.task.engine [-] Running workload: position = 0 config = { "version": 2, "title": "A cropped version of a bigger task.", "description": "Auto-generated task from a single workload (uuid=e2493b3a-14a6-469d-8acf-9060c284219a)", "subtasks": [ { "title": "Quotas.neutron_update", "description": "Update quotas for neutron.", "scenario": { "Quotas.neutron_update": { "max_quota": 1024 } }, "contexts": { "users": { "tenants": 20, "users_per_tenant": 1 } }, "runner": { "constant": { "times": 40, "concurrency": 20 } }, "hooks": [], "sla": { "failure_rate": { "max": 0 } } } ] }
2020-04-09 05:33:33.489 15 RALLYDEBUG rally_openstack.contexts.keystone.users [-] Creating 20 tenants using 20 threads
2020-04-09 05:33:35.574 15 RALLYDEBUG rally_openstack.contexts.keystone.users [-] Creating 20 users using 20 threads
2020-04-09 05:33:38.034 15 INFO rally.task.context [-] Task 1dc27f24-047b-43c6-854b-7cb756b12520 | Context users@openstack setup() finished in 4.55 sec
2020-04-09 05:33:38.035 15 INFO rally.task.context [-] Task 1dc27f24-047b-43c6-854b-7cb756b12520 | Context admin_cleanup@openstack setup() finished in 0.01 msec
2020-04-09 05:33:38.044 15 RALLYDEBUG rally.task.runner [-] Starting the constant runner (task UUID: 1dc27f24-047b-43c6-854b-7cb756b12520). timeout: 0 concurrency: 20 concurrency_per_worker: 1 times: 40 concurrency_overhead: 0 processes_to_start: 20 max_cpu_used: 88
2020-04-09 05:33:38.060 5003 RALLYDEBUG rally.task.runner [-] Starting a worker. concurrency: 1 args: {"max_quota": 1024} times: 40 method_name: run timeout: 0 duration: None cls:
2020-04-09 05:33:38.062 5004 RALLYDEBUG rally.task.runner [-] Starting a worker. concurrency: 1 args: {"max_quota": 1024} times: 40 method_name: run timeout: 0 duration: None cls:
2020-04-09 05:33:38.065 5005 RALLYDEBUG rally.task.runner [-] Starting a worker. concurrency: 1 args: {"max_quota": 1024} times: 40 method_name: run timeout: 0 duration: None cls:
2020-04-09 05:33:38.068 5006 RALLYDEBUG rally.task.runner [-] Starting a worker. concurrency: 1 args: {"max_quota": 1024} times: 40 method_name: run timeout: 0 duration: None cls:
2020-04-09 05:33:38.070 5003 INFO rally.task.runner [-] Task 1dc27f24-047b-43c6-854b-7cb756b12520 | ITER: 1 START
2020-04-09 05:33:38.070 5007 RALLYDEBUG rally.task.runner [-] Starting a worker. concurrency: 1 args: {"max_quota": 1024} times: 40 method_name: run timeout: 0 duration: None cls:
2020-04-09 05:33:38.072 5004 INFO rally.task.runner [-] Task 1dc27f24-047b-43c6-854b-7cb756b12520 | ITER: 2 START
2020-04-09 05:33:38.074 5008 RALLYDEBUG rally.task.runner [-] Starting a worker. concurrency: 1 args: {"max_quota": 1024} times: 40 method_name: run timeout: 0 duration: None cls:
2020-04-09 05:33:38.075 5005 INFO rally.task.runner [-] Task 1dc27f24-047b-43c6-854b-7cb756b12520 | ITER: 3 START
2020-04-09 05:33:38.077 5009 RALLYDEBUG rally.task.runner [-] Starting a worker. concurrency: 1 args: {"max_quota": 1024} times: 40 method_name: run timeout: 0 duration: None cls:
2020-04-09 05:33:38.078 5006 INFO rally.task.runner [-] Task 1dc27f24-047b-43c6-854b-7cb756b12520 | ITER: 4 START
2020-04-09 05:33:38.080 5007 INFO rally.task.runner [-] Task 1dc27f24-047b-43c6-854b-7cb756b12520 | ITER: 5 START
2020-04-09 05:33:38.079 5014 RALLYDEBUG rally.task.runner [-] Starting a worker. concurrency: 1 args: {"max_quota": 1024} times: 40 method_name: run timeout: 0 duration: None cls:
2020-04-09 05:33:38.082 5017 RALLYDEBUG rally.task.runner [-] Starting a worker. concurrency: 1 args: {"max_quota": 1024} times: 40 method_name: run timeout: 0 duration: None cls:
2020-04-09 05:33:38.083 5008 INFO rally.task.runner [-] Task 1dc27f24-047b-43c6-854b-7cb756b12520 | ITER: 6 START
2020-04-09 05:33:38.085 5020 RALLYDEBUG rally.task.runner [-] Starting a worker. concurrency: 1 args: {"max_quota": 1024} times: 40 method_name: run timeout: 0 duration: None cls:
2020-04-09 05:33:38.087 5009 INFO rally.task.runner [-] Task 1dc27f24-047b-43c6-854b-7cb756b12520 | ITER: 7 START
2020-04-09 05:33:38.088 5023 RALLYDEBUG rally.task.runner [-] Starting a worker. concurrency: 1 args: {"max_quota": 1024} times: 40 method_name: run timeout: 0 duration: None cls:
2020-04-09 05:33:38.090 5014 INFO rally.task.runner [-] Task 1dc27f24-047b-43c6-854b-7cb756b12520 | ITER: 8 START
2020-04-09 05:33:38.091 5017 INFO rally.task.runner [-] Task 1dc27f24-047b-43c6-854b-7cb756b12520 | ITER: 9 START
2020-04-09 05:33:38.091 5026 RALLYDEBUG rally.task.runner [-] Starting a worker. concurrency: 1 args: {"max_quota": 1024} times: 40 method_name: run timeout: 0 duration: None cls:
