2020-04-09 05:10:42.946 1004 INFO rally.task.runner [-] Task 1dc27f24-047b-43c6-854b-7cb756b12520 | ITER: 2 END: OK
2020-04-09 05:10:42.950 1004 INFO rally.task.runner [-] Task 1dc27f24-047b-43c6-854b-7cb756b12520 | ITER: 35 START
2020-04-09 05:10:43.054 1047 INFO rally.task.runner [-] Task 1dc27f24-047b-43c6-854b-7cb756b12520 | ITER: 18 END: OK
2020-04-09 05:10:43.059 1047 INFO rally.task.runner [-] Task 1dc27f24-047b-43c6-854b-7cb756b12520 | ITER: 36 START
2020-04-09 05:10:43.135 1006 INFO rally.task.runner [-] Task 1dc27f24-047b-43c6-854b-7cb756b12520 | ITER: 4 END: OK
2020-04-09 05:10:43.140 1006 INFO rally.task.runner [-] Task 1dc27f24-047b-43c6-854b-7cb756b12520 | ITER: 37 START
2020-04-09 05:10:43.767 1016 INFO rally.task.runner [-] Task 1dc27f24-047b-43c6-854b-7cb756b12520 | ITER: 8 END: OK
2020-04-09 05:10:43.772 1016 INFO rally.task.runner [-] Task 1dc27f24-047b-43c6-854b-7cb756b12520 | ITER: 38 START
2020-04-09 05:10:43.805 1043 INFO rally.task.runner [-] Task 1dc27f24-047b-43c6-854b-7cb756b12520 | ITER: 17 END: OK
2020-04-09 05:10:43.810 1043 INFO rally.task.runner [-] Task 1dc27f24-047b-43c6-854b-7cb756b12520 | ITER: 39 START
2020-04-09 05:10:44.051 1035 INFO rally.task.runner [-] Task 1dc27f24-047b-43c6-854b-7cb756b12520 | ITER: 24 END: OK
2020-04-09 05:10:44.054 1035 INFO rally.task.runner [-] Task 1dc27f24-047b-43c6-854b-7cb756b12520 | ITER: 40 START
2020-04-09 05:10:44.073 1033 INFO rally.task.runner [-] Task 1dc27f24-047b-43c6-854b-7cb756b12520 | ITER: 31 END: OK
2020-04-09 05:10:44.109 1042 INFO rally.task.runner [-] Task 1dc27f24-047b-43c6-854b-7cb756b12520 | ITER: 27 END: OK
2020-04-09 05:10:44.246 1030 INFO rally.task.runner [-] Task 1dc27f24-047b-43c6-854b-7cb756b12520 | ITER: 25 END: OK
2020-04-09 05:10:44.362 1047 INFO rally.task.runner [-] Task 1dc27f24-047b-43c6-854b-7cb756b12520 | ITER: 36 END: OK
2020-04-09 05:10:44.539 1006 INFO rally.task.runner [-] Task 1dc27f24-047b-43c6-854b-7cb756b12520 | ITER: 37 END: OK
2020-04-09 05:10:44.689 1007 INFO rally.task.runner [-] Task 1dc27f24-047b-43c6-854b-7cb756b12520 | ITER: 33 END: OK
2020-04-09 05:10:44.895 1005 INFO rally.task.runner [-] Task 1dc27f24-047b-43c6-854b-7cb756b12520 | ITER: 23 END: OK
2020-04-09 05:10:44.907 1024 INFO rally.task.runner [-] Task 1dc27f24-047b-43c6-854b-7cb756b12520 | ITER: 21 END: OK
2020-04-09 05:10:45.113 1054 INFO rally.task.runner [-] Task 1dc27f24-047b-43c6-854b-7cb756b12520 | ITER: 22 END: OK
2020-04-09 05:10:45.155 1010 INFO rally.task.runner [-] Task 1dc27f24-047b-43c6-854b-7cb756b12520 | ITER: 29 END: OK
2020-04-09 05:10:45.402 1035 INFO rally.task.runner [-] Task 1dc27f24-047b-43c6-854b-7cb756b12520 | ITER: 40 END: OK
2020-04-09 05:10:45.539 1019 INFO rally.task.runner [-] Task 1dc27f24-047b-43c6-854b-7cb756b12520 | ITER: 9 END: OK
2020-04-09 05:10:45.548 1043 INFO rally.task.runner [-] Task 1dc27f24-047b-43c6-854b-7cb756b12520 | ITER: 39 END: OK
2020-04-09 05:10:45.657 1016 INFO rally.task.runner [-] Task 1dc27f24-047b-43c6-854b-7cb756b12520 | ITER: 38 END: OK
2020-04-09 05:10:46.130 1013 INFO rally.task.runner [-] Task 1dc27f24-047b-43c6-854b-7cb756b12520 | ITER: 26 END: OK
2020-04-09 05:10:46.280 1003 INFO rally.task.runner [-] Task 1dc27f24-047b-43c6-854b-7cb756b12520 | ITER: 30 END: OK
2020-04-09 05:10:46.330 1040 INFO rally.task.runner [-] Task 1dc27f24-047b-43c6-854b-7cb756b12520 | ITER: 28 END: OK
2020-04-09 05:10:46.997 1049 INFO rally.task.runner [-] Task 1dc27f24-047b-43c6-854b-7cb756b12520 | ITER: 32 END: OK
2020-04-09 05:10:47.035 1026 INFO rally.task.runner [-] Task 1dc27f24-047b-43c6-854b-7cb756b12520 | ITER: 34 END: OK
2020-04-09 05:10:47.152 1004 INFO rally.task.runner [-] Task 1dc27f24-047b-43c6-854b-7cb756b12520 | ITER: 35 END: OK
2020-04-09 05:10:47.176 15 INFO rally.task.context [-] Task 1dc27f24-047b-43c6-854b-7cb756b12520 | Context cleanup@openstack cleanup() started
2020-04-09 05:10:47.180 15 RALLYDEBUG rally_openstack.cleanup.manager [-] Cleaning up neutron vip objects
2020-04-09 05:10:47.383 15 RALLYDEBUG rally_openstack.cleanup.manager [-] Cleaning up neutron health_monitor objects
2020-04-09 05:10:47.571 15 RALLYDEBUG rally_openstack.cleanup.manager [-] Cleaning up neutron pool objects
2020-04-09 05:10:47.772 15 RALLYDEBUG rally_openstack.cleanup.manager [-] Cleaning up neutron loadbalancer objects
2020-04-09 05:10:47.975 15 RALLYDEBUG rally_openstack.cleanup.manager [-] Cleaning up neutron floatingip objects
2020-04-09 05:10:48.171 15 RALLYDEBUG rally_openstack.cleanup.manager [-] Cleaning up neutron trunk objects
2020-04-09 05:10:48.381 15 DEBUG neutronclient.v2_0.client [-] Error message: {"NeutronError": {"message": "Invalid input for operation: 'tenant_id' is not supported for filtering.", "type": "InvalidInput", "detail": ""}} _handle_fault_response /usr/lib/python2.7/site-packages/neutronclient/v2_0/client.py:259
2020-04-09 05:10:48.415 15 DEBUG neutronclient.v2_0.client [-] Error message: {"NeutronError": {"message": "Invalid input for operation: 'tenant_id' is not supported for filtering.", "type": "InvalidInput", "detail": ""}} _handle_fault_response /usr/lib/python2.7/site-packages/neutronclient/v2_0/client.py:259
2020-04-09 05:10:48.446 15 DEBUG neutronclient.v2_0.client [-] Error message: {"NeutronError": {"message": "Invalid input for operation: 'tenant_id' is not supported for filtering.", "type": "InvalidInput", "detail": ""}} _handle_fault_response /usr/lib/python2.7/site-packages/neutronclient/v2_0/client.py:259
2020-04-09 05:10:48.447 15 ERROR rally_openstack.cleanup.manager [-] Seems like rally_openstack.cleanup.resources.NeutronTrunk.list(self) method is broken. It shouldn't raise any exceptions.: BadRequest: Invalid input for operation: 'tenant_id' is not supported for filtering. Neutron server returns request_ids: ['req-0c91fe6d-ed02-4f1f-921b-02e722fad674']
2020-04-09 05:10:48.447 15 ERROR rally_openstack.cleanup.manager
Traceback (most recent call last):
2020-04-09 05:10:48.447 15 ERROR rally_openstack.cleanup.manager
File "/usr/lib/python2.7/site-packages/rally_openstack/cleanup/manager.py", line 133, in _publish
2020-04-09 05:10:48.447 15 ERROR rally_openstack.cleanup.manager for raw_resource in rutils.retry(3, manager.list):
2020-04-09 05:10:48.447 15 ERROR rally_openstack.cleanup.manager
File "/usr/lib/python2.7/site-packages/rally/common/utils.py", line 230, in retry
2020-04-09 05:10:48.447 15 ERROR rally_openstack.cleanup.manager return func(*args, **kwargs)
2020-04-09 05:10:48.447 15 ERROR rally_openstack.cleanup.manager
File "/usr/lib/python2.7/site-packages/rally_openstack/cleanup/resources.py", line 396, in list
2020-04-09 05:10:48.447 15 ERROR rally_openstack.cleanup.manager return super(NeutronTrunk, self).list()
2020-04-09 05:10:48.447 15 ERROR rally_openstack.cleanup.manager
File "/usr/lib/python2.7/site-packages/rally_openstack/cleanup/resources.py", line 273, in list
2020-04-09 05:10:48.447 15 ERROR rally_openstack.cleanup.manager result = list_method(tenant_id=self.tenant_uuid)[resources]
2020-04-09 05:10:48.447 15 ERROR rally_openstack.cleanup.manager
File "/usr/lib/python2.7/site-packages/neutronclient/v2_0/client.py", line 2105, in list_trunks
2020-04-09 05:10:48.447 15 ERROR rally_openstack.cleanup.manager **_params)
2020-04-09 05:10:48.447 15 ERROR rally_openstack.cleanup.manager
File "/usr/lib/python2.7/site-packages/neutronclient/v2_0/client.py", line 369, in list
2020-04-09 05:10:48.447 15 ERROR rally_openstack.cleanup.manager for r in self._pagination(collection, path, **params):
2020-04-09 05:10:48.447 15 ERROR rally_openstack.cleanup.manager
File "/usr/lib/python2.7/site-packages/neutronclient/v2_0/client.py", line 384, in _pagination
2020-04-09 05:10:48.447 15 ERROR rally_openstack.cleanup.manager res = self.get(path, params=params)
2020-04-09 05:10:48.447 15 ERROR rally_openstack.cleanup.manager
File "/usr/lib/python2.7/site-packages/neutronclient/v2_0/client.py", line 354, in get
2020-04-09 05:10:48.447 15 ERROR rally_openstack.cleanup.manager headers=headers, params=params)
2020-04-09 05:10:48.447 15 ERROR rally_openstack.cleanup.manager
File "/usr/lib/python2.7/site-packages/neutronclient/v2_0/client.py", line 331, in retry_request
2020-04-09 05:10:48.447 15 ERROR rally_openstack.cleanup.manager headers=headers, params=params)
2020-04-09 05:10:48.447 15 ERROR rally_openstack.cleanup.manager
File "/usr/lib/python2.7/site-packages/neutronclient/v2_0/client.py", line 294, in do_request
2020-04-09 05:10:48.447 15 ERROR rally_openstack.cleanup.manager self._handle_fault_response(status_code, replybody, resp)
2020-04-09 05:10:48.447 15 ERROR rally_openstack.cleanup.manager
File "/usr/lib/python2.7/site-packages/neutronclient/v2_0/client.py", line 269, in _handle_fault_response
2020-04-09 05:10:48.447 15 ERROR rally_openstack.cleanup.manager exception_handler_v20(status_code, error_body)
2020-04-09 05:10:48.447 15 ERROR rally_openstack.cleanup.manager
File "/usr/lib/python2.7/site-packages/neutronclient/v2_0/client.py", line 93, in exception_handler_v20
2020-04-09 05:10:48.447 15 ERROR rally_openstack.cleanup.manager request_ids=request_ids)
2020-04-09 05:10:48.447 15 ERROR rally_openstack.cleanup.manager BadRequest: Invalid input for operation: 'tenant_id' is not supported for filtering.
2020-04-09 05:10:48.447 15 ERROR rally_openstack.cleanup.manager Neutron server returns request_ids: ['req-0c91fe6d-ed02-4f1f-921b-02e722fad674']
2020-04-09 05:10:48.447 15 ERROR rally_openstack.cleanup.manager
2020-04-09 05:10:48.457 15 RALLYDEBUG rally_openstack.cleanup.manager [-] Cleaning up neutron port objects
2020-04-09 05:10:48.688 15 RALLYDEBUG rally_openstack.cleanup.manager [-] Cleaning up neutron subnet objects
2020-04-09 05:10:48.917 15 RALLYDEBUG rally_openstack.cleanup.manager [-] Cleaning up neutron network objects
2020-04-09 05:10:49.153 15 RALLYDEBUG rally_openstack.cleanup.manager [-] Cleaning up neutron router objects
2020-04-09 05:10:49.425 15 RALLYDEBUG rally_openstack.cleanup.manager [-] Cleaning up neutron security_group objects
2020-04-09 05:10:49.704 15 INFO rally.task.context [-] Task 1dc27f24-047b-43c6-854b-7cb756b12520 | Context cleanup@openstack cleanup() finished in 2.53 sec
2020-04-09 05:10:49.704 15 INFO rally.task.context [-] Task 1dc27f24-047b-43c6-854b-7cb756b12520 | Context quotas@openstack cleanup() started
2020-04-09 05:10:49.747 15 INFO rally.task.context [-] Task 1dc27f24-047b-43c6-854b-7cb756b12520 | Context quotas@openstack cleanup() finished in 43.28 msec
2020-04-09 05:10:49.748 15 INFO rally.task.context [-] Task 1dc27f24-047b-43c6-854b-7cb756b12520 | Context users@openstack cleanup() started
2020-04-09 05:10:51.093 15 INFO rally.task.context [-] Task 1dc27f24-047b-43c6-854b-7cb756b12520 | Context users@openstack cleanup() finished in 1.35 sec
2020-04-09 05:10:52.378 15 INFO rally.task.engine [-] Load duration is: 7.628822
2020-04-09 05:10:52.378 15 INFO rally.task.engine [-] Full runner duration is: 7.675053
2020-04-09 05:10:52.379 15 INFO rally.task.engine [-] Full duration is: 12.785998
2020-04-09 05:10:52.480 15 INFO rally.task.engine [-] Running workload: position = 0 config = { "version": 2, "title": "A cropped version of a bigger task.", "description": "Auto-generated task from a single workload (uuid=fd76ed04-f614-4a3a-a9ca-d6618dd772d6)", "subtasks": [ { "title": "NeutronNetworks.create_and_list_subnets", "description": "Create and a given number of subnets and list all subnets.", "scenario": { "NeutronNetworks.create_and_list_subnets": { "subnets_per_network": 2 } }, "contexts": { "users": { "tenants": 1, "users_per_tenant": 1 }, "quotas": { "neutron": { "subnet": -1, "network": -1 } } }, "runner": { "constant": { "times": 40, "concurrency": 20 } }, "hooks": [], "sla": { "failure_rate": { "max": 0 } } } ] }
2020-04-09 05:10:52.494 15 RALLYDEBUG rally_openstack.contexts.keystone.users [-] Creating 1 tenants using 20 threads
2020-04-09 05:10:52.838 15 RALLYDEBUG rally_openstack.contexts.keystone.users [-] Creating 1 users using 20 threads
2020-04-09 05:10:53.293 15 INFO rally.task.context [-] Task 1dc27f24-047b-43c6-854b-7cb756b12520 | Context users@openstack setup() finished in 0.80 sec
2020-04-09 05:10:53.663 15 INFO rally.task.context [-] Task 1dc27f24-047b-43c6-854b-7cb756b12520 | Context quotas@openstack setup() finished in 0.37 sec
2020-04-09 05:10:53.663 15 INFO rally.task.context [-] Task 1dc27f24-047b-43c6-854b-7cb756b12520 | Context cleanup@openstack setup() finished in 0.01 msec
2020-04-09 05:10:53.673 15 RALLYDEBUG rally.task.runner [-] Starting the constant runner (task UUID: 1dc27f24-047b-43c6-854b-7cb756b12520). timeout: 0 concurrency: 20 concurrency_per_worker: 1 times: 40 concurrency_overhead: 0 processes_to_start: 20 max_cpu_used: 88
2020-04-09 05:10:53.688 1405 RALLYDEBUG rally.task.runner [-] Starting a worker. concurrency: 1 args: {"subnets_per_network": 2} times: 40 method_name: run timeout: 0 duration: None cls:
2020-04-09 05:10:53.691 1406 RALLYDEBUG rally.task.runner [-] Starting a worker. concurrency: 1 args: {"subnets_per_network": 2} times: 40 method_name: run timeout: 0 duration: None cls:
2020-04-09 05:10:53.693 1405 INFO rally.task.runner [-] Task 1dc27f24-047b-43c6-854b-7cb756b12520 | ITER: 1 START
2020-04-09 05:10:53.695 1407 RALLYDEBUG rally.task.runner [-] Starting a worker. concurrency: 1 args: {"subnets_per_network": 2} times: 40 method_name: run timeout: 0 duration: None cls:
2020-04-09 05:10:53.698 1406 INFO rally.task.runner [-] Task 1dc27f24-047b-43c6-854b-7cb756b12520 | ITER: 2 START
2020-04-09 05:10:53.697 1408 RALLYDEBUG rally.task.runner [-] Starting a worker. concurrency: 1 args: {"subnets_per_network": 2} times: 40 method_name: run timeout: 0 duration: None cls:
2020-04-09 05:10:53.701 1407 INFO rally.task.runner [-] Task 1dc27f24-047b-43c6-854b-7cb756b12520 | ITER: 3 START
2020-04-09 05:10:53.701 1411 RALLYDEBUG rally.task.runner [-] Starting a worker. concurrency: 1 args: {"subnets_per_network": 2} times: 40 method_name: run timeout: 0 duration: None cls:
2020-04-09 05:10:53.703 1408 INFO rally.task.runner [-] Task 1dc27f24-047b-43c6-854b-7cb756b12520 | ITER: 4 START
2020-04-09 05:10:53.704 1413 RALLYDEBUG rally.task.runner [-] Starting a worker. concurrency: 1 args: {"subnets_per_network": 2} times: 40 method_name: run timeout: 0 duration: None cls:
2020-04-09 05:10:53.707 1411 INFO rally.task.runner [-] Task 1dc27f24-047b-43c6-854b-7cb756b12520 | ITER: 5 START
2020-04-09 05:10:53.706 1416 RALLYDEBUG rally.task.runner [-] Starting a worker. concurrency: 1 args: {"subnets_per_network": 2} times: 40 method_name: run timeout: 0 duration: None cls:
2020-04-09 05:10:53.710 1413 INFO rally.task.runner [-] Task 1dc27f24-047b-43c6-854b-7cb756b12520 | ITER: 6 START
2020-04-09 05:10:53.710 1420 RALLYDEBUG rally.task.runner [-] Starting a worker. concurrency: 1 args: {"subnets_per_network": 2} times: 40 method_name: run timeout: 0 duration: None cls:
2020-04-09 05:10:53.712 1416 INFO rally.task.runner [-] Task 1dc27f24-047b-43c6-854b-7cb756b12520 | ITER: 7 START
2020-04-09 05:10:53.713 1423 RALLYDEBUG rally.task.runner [-] Starting a worker. concurrency: 1 args: {"subnets_per_network": 2} times: 40 method_name: run timeout: 0 duration: None cls:
2020-04-09 05:10:53.716 1420 INFO rally.task.runner [-] Task 1dc27f24-047b-43c6-854b-7cb756b12520 | ITER: 8 START
2020-04-09 05:10:53.716 1426 RALLYDEBUG rally.task.runner [-] Starting a worker. concurrency: 1 args: {"subnets_per_network": 2} times: 40 method_name: run timeout: 0 duration: None cls:
2020-04-09 05:10:53.719 1423 INFO rally.task.runner [-] Task 1dc27f24-047b-43c6-854b-7cb756b12520 | ITER: 9 START
2020-04-09 05:10:53.719 1429 RALLYDEBUG rally.task.runner [-] Starting a worker. concurrency: 1 args: {"subnets_per_network": 2} times: 40 method_name: run timeout: 0 duration: None cls:
2020-04-09 05:10:53.721 1426 INFO rally.task.runner [-] Task 1dc27f24-047b-43c6-854b-7cb756b12520 | ITER: 10 START
2020-04-09 05:10:53.721 1431 RALLYDEBUG rally.task.runner [-] Starting a worker. concurrency: 1 args: {"subnets_per_network": 2} times: 40 method_name: run timeout: 0 duration: None cls:
2020-04-09 05:10:53.725 1429 INFO rally.task.runner [-] Task 1dc27f24-047b-43c6-854b-7cb756b12520 | ITER: 11 START
2020-04-09 05:10:53.724 1434 RALLYDEBUG rally.task.runner [-] Starting a worker. concurrency: 1 args: {"subnets_per_network": 2} times: 40 method_name: run timeout: 0 duration: None cls:
2020-04-09 05:10:53.727 1431 INFO rally.task.runner [-] Task 1dc27f24-047b-43c6-854b-7cb756b12520 | ITER: 12 START
2020-04-09 05:10:53.727 1437 RALLYDEBUG rally.task.runner [-] Starting a worker. concurrency: 1 args: {"subnets_per_network": 2} times: 40 method_name: run timeout: 0 duration: None cls:
2020-04-09 05:10:53.729 1439 RALLYDEBUG rally.task.runner [-] Starting a worker. concurrency: 1 args: {"subnets_per_network": 2} times: 40 method_name: run timeout: 0 duration: None cls:
2020-04-09 05:10:53.730 1434 INFO rally.task.runner [-] Task 1dc27f24-047b-43c6-854b-7cb756b12520 | ITER: 13 START
2020-04-09 05:10:53.731 1443 RALLYDEBUG rally.task.runner [-] Starting a worker. concurrency: 1 args: {"subnets_per_network": 2} times: 40 method_name: run timeout: 0 duration: None cls:
2020-04-09 05:10:53.732 1437 INFO rally.task.runner [-] Task 1dc27f24-047b-43c6-854b-7cb756b12520 | ITER: 14 START
2020-04-09 05:10:53.734 1439 INFO rally.task.runner [-] Task 1dc27f24-047b-43c6-854b-7cb756b12520 | ITER: 15 START
2020-04-09 05:10:53.735 1443 INFO rally.task.runner [-] Task 1dc27f24-047b-43c6-854b-7cb756b12520 | ITER: 16 START
2020-04-09 05:10:53.736 1450 RALLYDEBUG rally.task.runner [-] Starting a worker. concurrency: 1 args: {"subnets_per_network": 2} times: 40 method_name: run timeout: 0 duration: None cls:
2020-04-09 05:10:53.736 1446 RALLYDEBUG rally.task.runner [-] Starting a worker. concurrency: 1 args: {"subnets_per_network": 2} times: 40 method_name: run timeout: 0 duration: None cls:
2020-04-09 05:10:53.740 1450 INFO rally.task.runner [-] Task 1dc27f24-047b-43c6-854b-7cb756b12520 | ITER: 17 START
2020-04-09 05:10:53.742 1446 INFO rally.task.runner [-] Task 1dc27f24-047b-43c6-854b-7cb756b12520 | ITER: 18 START
2020-04-09 05:10:53.741 1455 RALLYDEBUG rally.task.runner [-] Starting a worker. concurrency: 1 args: {"subnets_per_network": 2} times: 40 method_name: run timeout: 0 duration: None cls:
2020-04-09 05:10:53.744 1456 RALLYDEBUG rally.task.runner [-] Starting a worker. concurrency: 1 args: {"subnets_per_network": 2} times: 40 method_name: run timeout: 0 duration: None cls:
2020-04-09 05:10:53.747 1455 INFO rally.task.runner [-] Task 1dc27f24-047b-43c6-854b-7cb756b12520 | ITER: 19 START
2020-04-09 05:10:53.750 1456 INFO rally.task.runner [-] Task 1dc27f24-047b-43c6-854b-7cb756b12520 | ITER: 20 START
2020-04-09 05:10:54.545 1413 RALLYDEBUG rally_openstack.wrappers.network [-] CIDR generated: 10.2.0.0/24
2020-04-09 05:10:54.569 1406 RALLYDEBUG rally_openstack.wrappers.network [-] CIDR generated: 10.2.1.0/24
2020-04-09 05:10:54.691 1455 RALLYDEBUG rally_openstack.wrappers.network [-] CIDR generated: 10.2.2.0/24
2020-04-09 05:10:54.700 1408 RALLYDEBUG rally_openstack.wrappers.network [-] CIDR generated: 10.2.3.0/24
2020-04-09 05:10:54.766 1416 RALLYDEBUG rally_openstack.wrappers.network [-] CIDR generated: 10.2.4.0/24
2020-04-09 05:10:54.961 1423 RALLYDEBUG rally_openstack.wrappers.network [-] CIDR generated: 10.2.5.0/24
2020-04-09 05:10:55.106 1439 RALLYDEBUG rally_openstack.wrappers.network [-] CIDR generated: 10.2.6.0/24
2020-04-09 05:10:55.136 1426 RALLYDEBUG rally_openstack.wrappers.network [-] CIDR generated: 10.2.7.0/24
2020-04-09 05:10:55.288 1450 RALLYDEBUG rally_openstack.wrappers.network [-] CIDR generated: 10.2.8.0/24
2020-04-09 05:10:55.472 1406 RALLYDEBUG rally_openstack.wrappers.network [-] CIDR generated: 10.2.9.0/24
2020-04-09 05:10:55.583 1413 RALLYDEBUG rally_openstack.wrappers.network [-] CIDR generated: 10.2.10.0/24
2020-04-09 05:10:55.972 1437 RALLYDEBUG rally_openstack.wrappers.network [-] CIDR generated: 10.2.11.0/24
2020-04-09 05:10:56.084 1455 RALLYDEBUG rally_openstack.wrappers.network [-] CIDR generated: 10.2.12.0/24
2020-04-09 05:10:56.092 1443 RALLYDEBUG rally_openstack.wrappers.network [-] CIDR generated: 10.2.13.0/24
2020-04-09 05:10:56.118 1423 RALLYDEBUG rally_openstack.wrappers.network [-] CIDR generated: 10.2.14.0/24
2020-04-09 05:10:56.375 1456 RALLYDEBUG rally_openstack.wrappers.network [-] CIDR generated: 10.2.15.0/24
2020-04-09 05:10:56.478 1406 INFO rally.task.runner [-] Task 1dc27f24-047b-43c6-854b-7cb756b12520 | ITER: 2 END: OK
2020-04-09 05:10:56.483 1406 INFO rally.task.runner [-] Task 1dc27f24-047b-43c6-854b-7cb756b12520 | ITER: 21 START
2020-04-09 05:10:57.387 1426 RALLYDEBUG rally_openstack.wrappers.network [-] CIDR generated: 10.2.16.0/24
2020-04-09 05:10:57.433 1450 RALLYDEBUG rally_openstack.wrappers.network [-] CIDR generated: 10.2.17.0/24
2020-04-09 05:10:57.518 1455 INFO rally.task.runner [-] Task 1dc27f24-047b-43c6-854b-7cb756b12520 | ITER: 19 END: OK
2020-04-09 05:10:57.523 1455 INFO rally.task.runner [-] Task 1dc27f24-047b-43c6-854b-7cb756b12520 | ITER: 22 START
2020-04-09 05:10:57.559 1408 RALLYDEBUG rally_openstack.wrappers.network [-] CIDR generated: 10.2.18.0/24
2020-04-09 05:10:57.570 1423 INFO rally.task.runner [-] Task 1dc27f24-047b-43c6-854b-7cb756b12520 | ITER: 9 END: OK
2020-04-09 05:10:57.574 1423 INFO rally.task.runner [-] Task 1dc27f24-047b-43c6-854b-7cb756b12520 | ITER: 23 START
2020-04-09 05:10:57.641 1416 RALLYDEBUG rally_openstack.wrappers.network [-] CIDR generated: 10.2.19.0/24
2020-04-09 05:10:57.732 1439 RALLYDEBUG rally_openstack.wrappers.network [-] CIDR generated: 10.2.20.0/24
2020-04-09 05:10:58.044 1455 RALLYDEBUG rally_openstack.wrappers.network [-] CIDR generated: 10.2.21.0/24
2020-04-09 05:10:58.732 1455 RALLYDEBUG rally_openstack.wrappers.network [-] CIDR generated: 10.2.22.0/24
2020-04-09 05:10:58.785 1413 INFO rally.task.runner [-] Task 1dc27f24-047b-43c6-854b-7cb756b12520 | ITER: 6 END: OK
2020-04-09 05:10:58.790 1413 INFO rally.task.runner [-] Task 1dc27f24-047b-43c6-854b-7cb756b12520 | ITER: 24 START
2020-04-09 05:10:58.959 1450 INFO rally.task.runner [-] Task 1dc27f24-047b-43c6-854b-7cb756b12520 | ITER: 17 END: OK
2020-04-09 05:10:58.961 1426 INFO rally.task.runner [-] Task 1dc27f24-047b-43c6-854b-7cb756b12520 | ITER: 10 END: OK
2020-04-09 05:10:58.964 1450 INFO rally.task.runner [-] Task 1dc27f24-047b-43c6-854b-7cb756b12520 | ITER: 25 START
2020-04-09 05:10:58.966 1426 INFO rally.task.runner [-] Task 1dc27f24-047b-43c6-854b-7cb756b12520 | ITER: 26 START
2020-04-09 05:10:59.003 1437 RALLYDEBUG rally_openstack.wrappers.network [-] CIDR generated: 10.2.23.0/24
2020-04-09 05:10:59.145 1443 RALLYDEBUG rally_openstack.wrappers.network [-] CIDR generated: 10.2.24.0/24
2020-04-09 05:10:59.268 1456 RALLYDEBUG rally_openstack.wrappers.network [-] CIDR generated: 10.2.25.0/24
2020-04-09 05:10:59.461 1426 RALLYDEBUG rally_openstack.wrappers.network [-] CIDR generated: 10.2.26.0/24
2020-04-09 05:10:59.790 1455 INFO rally.task.runner [-] Task 1dc27f24-047b-43c6-854b-7cb756b12520 | ITER: 22 END: OK
2020-04-09 05:10:59.794 1455 INFO rally.task.runner [-] Task 1dc27f24-047b-43c6-854b-7cb756b12520 | ITER: 27 START
2020-04-09 05:11:00.114 1426 RALLYDEBUG rally_openstack.wrappers.network [-] CIDR generated: 10.2.27.0/24
2020-04-09 05:11:00.359 1405 RALLYDEBUG rally_openstack.wrappers.network [-] CIDR generated: 10.2.28.0/24
2020-04-09 05:11:01.044 1405 RALLYDEBUG rally_openstack.wrappers.network [-] CIDR generated: 10.2.29.0/24
2020-04-09 05:11:01.054 1408 INFO rally.task.runner [-] Task 1dc27f24-047b-43c6-854b-7cb756b12520 | ITER: 4 END: OK
2020-04-09 05:11:01.059 1408 INFO rally.task.runner [-] Task 1dc27f24-047b-43c6-854b-7cb756b12520 | ITER: 28 START
2020-04-09 05:11:01.066 1439 INFO rally.task.runner [-] Task 1dc27f24-047b-43c6-854b-7cb756b12520 | ITER: 15 END: OK
2020-04-09 05:11:01.071 1439 INFO rally.task.runner [-] Task 1dc27f24-047b-43c6-854b-7cb756b12520 | ITER: 29 START
2020-04-09 05:11:01.119 1416 INFO rally.task.runner [-] Task 1dc27f24-047b-43c6-854b-7cb756b12520 | ITER: 7 END: OK
2020-04-09 05:11:01.124 1416 INFO rally.task.runner [-] Task 1dc27f24-047b-43c6-854b-7cb756b12520 | ITER: 30 START
2020-04-09 05:11:01.196 1426 INFO rally.task.runner [-] Task 1dc27f24-047b-43c6-854b-7cb756b12520 | ITER: 26 END: OK
2020-04-09 05:11:01.200 1426 INFO rally.task.runner [-] Task 1dc27f24-047b-43c6-854b-7cb756b12520 | ITER: 31 START
2020-04-09 05:11:01.438 1437 INFO rally.task.runner [-] Task 1dc27f24-047b-43c6-854b-7cb756b12520 | ITER: 14 END: OK
2020-04-09 05:11:01.443 1437 INFO rally.task.runner [-] Task 1dc27f24-047b-43c6-854b-7cb756b12520 | ITER: 32 START
2020-04-09 05:11:01.534 1439 RALLYDEBUG rally_openstack.wrappers.network [-] CIDR generated: 10.2.30.0/24
2020-04-09 05:11:01.712 1443 INFO rally.task.runner [-] Task 1dc27f24-047b-43c6-854b-7cb756b12520 | ITER: 16 END: OK
2020-04-09 05:11:01.716 1443 INFO rally.task.runner [-] Task 1dc27f24-047b-43c6-854b-7cb756b12520 | ITER: 33 START
2020-04-09 05:11:01.834 1456 INFO rally.task.runner [-] Task 1dc27f24-047b-43c6-854b-7cb756b12520 | ITER: 20 END: OK
2020-04-09 05:11:01.839 1456 INFO rally.task.runner [-] Task 1dc27f24-047b-43c6-854b-7cb756b12520 | ITER: 34 START
2020-04-09 05:11:02.112 1405 INFO rally.task.runner [-] Task 1dc27f24-047b-43c6-854b-7cb756b12520 | ITER: 1 END: OK
2020-04-09 05:11:02.116 1405 INFO rally.task.runner [-] Task 1dc27f24-047b-43c6-854b-7cb756b12520 | ITER: 35 START
2020-04-09 05:11:02.282 1439 RALLYDEBUG rally_openstack.wrappers.network [-] CIDR generated: 10.2.31.0/24
2020-04-09 05:11:02.371 1443 RALLYDEBUG rally_openstack.wrappers.network [-] CIDR generated: 10.2.32.0/24
2020-04-09 05:11:02.386 1456 RALLYDEBUG rally_openstack.wrappers.network [-] CIDR generated: 10.2.33.0/24
2020-04-09 05:11:03.037 1456 RALLYDEBUG rally_openstack.wrappers.network [-] CIDR generated: 10.2.34.0/24
2020-04-09 05:11:03.194 1439 INFO rally.task.runner [-] Task 1dc27f24-047b-43c6-854b-7cb756b12520 | ITER: 29 END: OK
2020-04-09 05:11:03.197 1439 INFO rally.task.runner [-] Task 1dc27f24-047b-43c6-854b-7cb756b12520 | ITER: 36 START
2020-04-09 05:11:03.297 1443 RALLYDEBUG rally_openstack.wrappers.network [-] CIDR generated: 10.2.35.0/24
2020-04-09 05:11:03.671 1439 RALLYDEBUG rally_openstack.wrappers.network [-] CIDR generated: 10.2.36.0/24
2020-04-09 05:11:04.087 1456 INFO rally.task.runner [-] Task 1dc27f24-047b-43c6-854b-7cb756b12520 | ITER: 34 END: OK
2020-04-09 05:11:04.091 1456 INFO rally.task.runner [-] Task 1dc27f24-047b-43c6-854b-7cb756b12520 | ITER: 37 START
2020-04-09 05:11:04.445 1443 INFO rally.task.runner [-] Task 1dc27f24-047b-43c6-854b-7cb756b12520 | ITER: 33 END: OK
2020-04-09 05:11:04.448 1443 INFO rally.task.runner [-] Task 1dc27f24-047b-43c6-854b-7cb756b12520 | ITER: 38 START
2020-04-09 05:11:04.752 1456 RALLYDEBUG rally_openstack.wrappers.network [-] CIDR generated: 10.2.37.0/24
2020-04-09 05:11:04.757 1439 RALLYDEBUG rally_openstack.wrappers.network [-] CIDR generated: 10.2.38.0/24
2020-04-09 05:11:06.278 1456 RALLYDEBUG rally_openstack.wrappers.network [-] CIDR generated: 10.2.39.0/24
2020-04-09 05:11:06.348 1420 RALLYDEBUG rally_openstack.wrappers.network [-] CIDR generated: 10.2.40.0/24
2020-04-09 05:11:06.419 1431 RALLYDEBUG rally_openstack.wrappers.network [-] CIDR generated: 10.2.41.0/24
2020-04-09 05:11:06.470 1446 RALLYDEBUG rally_openstack.wrappers.network [-] CIDR generated: 10.2.42.0/24
2020-04-09 05:11:06.530 1411 RALLYDEBUG rally_openstack.wrappers.network [-] CIDR generated: 10.2.43.0/24
2020-04-09 05:11:06.580 1429 RALLYDEBUG rally_openstack.wrappers.network [-] CIDR generated: 10.2.44.0/24
2020-04-09 05:11:06.742 1407 RALLYDEBUG rally_openstack.wrappers.network [-] CIDR generated: 10.2.45.0/24
2020-04-09 05:11:06.757 1437 RALLYDEBUG rally_openstack.wrappers.network [-] CIDR generated: 10.2.46.0/24
2020-04-09 05:11:06.897 1434 RALLYDEBUG rally_openstack.wrappers.network [-] CIDR generated: 10.2.47.0/24
2020-04-09 05:11:06.980 1408 RALLYDEBUG rally_openstack.wrappers.network [-] CIDR generated: 10.2.48.0/24
2020-04-09 05:11:07.009 1450 RALLYDEBUG rally_openstack.wrappers.network [-] CIDR generated: 10.2.49.0/24
2020-04-09 05:11:07.040 1420 RALLYDEBUG rally_openstack.wrappers.network [-] CIDR generated: 10.2.50.0/24
2020-04-09 05:11:07.053 1426 RALLYDEBUG rally_openstack.wrappers.network [-] CIDR generated: 10.2.51.0/24
2020-04-09 05:11:07.059 1455 RALLYDEBUG rally_openstack.wrappers.network [-] CIDR generated: 10.2.52.0/24
2020-04-09 05:11:07.095 1439 INFO rally.task.runner [-] Task 1dc27f24-047b-43c6-854b-7cb756b12520 | ITER: 36 END: OK
2020-04-09 05:11:07.098 1439 INFO rally.task.runner [-] Task 1dc27f24-047b-43c6-854b-7cb756b12520 | ITER: 39 START
2020-04-09 05:11:07.150 1423 RALLYDEBUG rally_openstack.wrappers.network [-] CIDR generated: 10.2.53.0/24
2020-04-09 05:11:07.343 1416 RALLYDEBUG rally_openstack.wrappers.network [-] CIDR generated: 10.2.54.0/24
2020-04-09 05:11:07.406 1413 RALLYDEBUG rally_openstack.wrappers.network [-] CIDR generated: 10.2.55.0/24
2020-04-09 05:11:07.606 1406 RALLYDEBUG rally_openstack.wrappers.network [-] CIDR generated: 10.2.56.0/24
2020-04-09 05:11:07.652 1405 RALLYDEBUG rally_openstack.wrappers.network [-] CIDR generated: 10.2.57.0/24
2020-04-09 05:11:07.697 1443 RALLYDEBUG rally_openstack.wrappers.network [-] CIDR generated: 10.2.58.0/24
2020-04-09 05:11:07.880 1423 RALLYDEBUG rally_openstack.wrappers.network [-] CIDR generated: 10.2.59.0/24
2020-04-09 05:11:08.041 1446 RALLYDEBUG rally_openstack.wrappers.network [-] CIDR generated: 10.2.60.0/24
2020-04-09 05:11:08.170 1408 RALLYDEBUG rally_openstack.wrappers.network [-] CIDR generated: 10.2.61.0/24
2020-04-09 05:11:08.301 1431 RALLYDEBUG rally_openstack.wrappers.network [-] CIDR generated: 10.2.62.0/24
2020-04-09 05:11:08.499 1420 INFO rally.task.runner [-] Task 1dc27f24-047b-43c6-854b-7cb756b12520 | ITER: 8 END: OK
2020-04-09 05:11:08.504 1420 INFO rally.task.runner [-] Task 1dc27f24-047b-43c6-854b-7cb756b12520 | ITER: 40 START
2020-04-09 05:11:08.505 1443 RALLYDEBUG rally_openstack.wrappers.network [-] CIDR generated: 10.2.63.0/24
2020-04-09 05:11:08.614 1437 RALLYDEBUG rally_openstack.wrappers.network [-] CIDR generated: 10.2.64.0/24
2020-04-09 05:11:08.615 1426 RALLYDEBUG rally_openstack.wrappers.network [-] CIDR generated: 10.2.65.0/24
2020-04-09 05:11:08.672 1411 RALLYDEBUG rally_openstack.wrappers.network [-] CIDR generated: 10.2.66.0/24
2020-04-09 05:11:08.675 1429 RALLYDEBUG rally_openstack.wrappers.network [-] CIDR generated: 10.2.67.0/24
2020-04-09 05:11:08.736 1450 RALLYDEBUG rally_openstack.wrappers.network [-] CIDR generated: 10.2.68.0/24
2020-04-09 05:11:08.756 1439 RALLYDEBUG rally_openstack.wrappers.network [-] CIDR generated: 10.2.69.0/24
2020-04-09 05:11:08.852 1456 INFO rally.task.runner [-] Task 1dc27f24-047b-43c6-854b-7cb756b12520 | ITER: 37 END: OK
2020-04-09 05:11:09.209 1413 RALLYDEBUG rally_openstack.wrappers.network [-] CIDR generated: 10.2.70.0/24
2020-04-09 05:11:09.274 1434 RALLYDEBUG rally_openstack.wrappers.network [-] CIDR generated: 10.2.71.0/24
2020-04-09 05:11:09.337 1455 RALLYDEBUG rally_openstack.wrappers.network [-] CIDR generated: 10.2.72.0/24
2020-04-09 05:11:09.384 1420 RALLYDEBUG rally_openstack.wrappers.network [-] CIDR generated: 10.2.73.0/24
2020-04-09 05:11:09.468 1407 RALLYDEBUG rally_openstack.wrappers.network [-] CIDR generated: 10.2.74.0/24
2020-04-09 05:11:09.587 1416 RALLYDEBUG rally_openstack.wrappers.network [-] CIDR generated: 10.2.75.0/24
2020-04-09 05:11:10.088 1431 INFO rally.task.runner [-] Task 1dc27f24-047b-43c6-854b-7cb756b12520 | ITER: 12 END: OK
2020-04-09 05:11:10.172 1443 INFO rally.task.runner [-] Task 1dc27f24-047b-43c6-854b-7cb756b12520 | ITER: 38 END: OK
2020-04-09 05:11:10.254 1405 RALLYDEBUG rally_openstack.wrappers.network [-] CIDR generated: 10.2.76.0/24
2020-04-09 05:11:10.262 1406 RALLYDEBUG rally_openstack.wrappers.network [-] CIDR generated: 10.2.77.0/24
2020-04-09 05:11:10.414 1437 INFO rally.task.runner [-] Task 1dc27f24-047b-43c6-854b-7cb756b12520 | ITER: 32 END: OK
2020-04-09 05:11:10.588 1426 INFO rally.task.runner [-] Task 1dc27f24-047b-43c6-854b-7cb756b12520 | ITER: 31 END: OK
2020-04-09 05:11:10.731 1423 INFO rally.task.runner [-] Task 1dc27f24-047b-43c6-854b-7cb756b12520 | ITER: 23 END: OK
2020-04-09 05:11:11.066 1407 INFO rally.task.runner [-] Task 1dc27f24-047b-43c6-854b-7cb756b12520 | ITER: 3 END: OK
2020-04-09 05:11:11.306 1408 INFO rally.task.runner [-] Task 1dc27f24-047b-43c6-854b-7cb756b12520 | ITER: 28 END: OK
2020-04-09 05:11:11.318 1446 INFO rally.task.runner [-] Task 1dc27f24-047b-43c6-854b-7cb756b12520 | ITER: 18 END: OK
2020-04-09 05:11:11.318 1420 RALLYDEBUG rally_openstack.wrappers.network [-] CIDR generated: 10.2.78.0/24
2020-04-09 05:11:11.324 1439 RALLYDEBUG rally_openstack.wrappers.network [-] CIDR generated: 10.2.79.0/24
2020-04-09 05:11:11.952 1429 INFO rally.task.runner [-] Task 1dc27f24-047b-43c6-854b-7cb756b12520 | ITER: 11 END: OK
2020-04-09 05:11:12.093 1413 INFO rally.task.runner [-] Task 1dc27f24-047b-43c6-854b-7cb756b12520 | ITER: 24 END: OK
2020-04-09 05:11:12.096 1411 INFO rally.task.runner [-] Task 1dc27f24-047b-43c6-854b-7cb756b12520 | ITER: 5 END: OK
2020-04-09 05:11:12.111 1450 INFO rally.task.runner [-] Task 1dc27f24-047b-43c6-854b-7cb756b12520 | ITER: 25 END: OK
2020-04-09 05:11:12.504 1406 INFO rally.task.runner [-] Task 1dc27f24-047b-43c6-854b-7cb756b12520 | ITER: 21 END: OK
2020-04-09 05:11:12.507 1405 INFO rally.task.runner [-] Task 1dc27f24-047b-43c6-854b-7cb756b12520 | ITER: 35 END: OK
2020-04-09 05:11:12.558 1455 INFO rally.task.runner [-] Task 1dc27f24-047b-43c6-854b-7cb756b12520 | ITER: 27 END: OK
2020-04-09 05:11:12.560 1434 INFO rally.task.runner [-] Task 1dc27f24-047b-43c6-854b-7cb756b12520 | ITER: 13 END: OK
2020-04-09 05:11:12.568 1416 INFO rally.task.runner [-] Task 1dc27f24-047b-43c6-854b-7cb756b12520 | ITER: 30 END: OK
2020-04-09 05:11:13.104 1420 INFO rally.task.runner [-] Task 1dc27f24-047b-43c6-854b-7cb756b12520 | ITER: 40 END: OK
2020-04-09 05:11:13.170 1439 INFO rally.task.runner [-] Task 1dc27f24-047b-43c6-854b-7cb756b12520 | ITER: 39 END: OK
2020-04-09 05:11:13.197 15 INFO rally.task.context [-] Task 1dc27f24-047b-43c6-854b-7cb756b12520 | Context cleanup@openstack cleanup() started
2020-04-09 05:11:13.203 15 RALLYDEBUG rally_openstack.cleanup.manager [-] Cleaning up neutron vip objects
2020-04-09 05:11:13.429 15 RALLYDEBUG rally_openstack.cleanup.manager [-] Cleaning up neutron health_monitor objects
2020-04-09 05:11:13.701 15 RALLYDEBUG rally_openstack.cleanup.manager [-] Cleaning up neutron pool objects
2020-04-09 05:11:13.921 15 RALLYDEBUG rally_openstack.cleanup.manager [-] Cleaning up neutron loadbalancer objects
2020-04-09 05:11:14.122 15 RALLYDEBUG rally_openstack.cleanup.manager [-] Cleaning up neutron floatingip objects
2020-04-09 05:11:14.327 15 RALLYDEBUG rally_openstack.cleanup.manager [-] Cleaning up neutron trunk objects
2020-04-09 05:11:14.534 15 DEBUG neutronclient.v2_0.client [-] Error message: {"NeutronError": {"message": "Invalid input for operation: 'tenant_id' is not supported for filtering.", "type": "InvalidInput", "detail": ""}} _handle_fault_response /usr/lib/python2.7/site-packages/neutronclient/v2_0/client.py:259
2020-04-09 05:11:14.569 15 DEBUG neutronclient.v2_0.client [-] Error message: {"NeutronError": {"message": "Invalid input for operation: 'tenant_id' is not supported for filtering.", "type": "InvalidInput", "detail": ""}} _handle_fault_response /usr/lib/python2.7/site-packages/neutronclient/v2_0/client.py:259
2020-04-09 05:11:14.603 15 DEBUG neutronclient.v2_0.client [-] Error message: {"NeutronError": {"message": "Invalid input for operation: 'tenant_id' is not supported for filtering.", "type": "InvalidInput", "detail": ""}} _handle_fault_response /usr/lib/python2.7/site-packages/neutronclient/v2_0/client.py:259
2020-04-09 05:11:14.603 15 ERROR rally_openstack.cleanup.manager [-] Seems like rally_openstack.cleanup.resources.NeutronTrunk.list(self) method is broken. It shouldn't raise any exceptions.: BadRequest: Invalid input for operation: 'tenant_id' is not supported for filtering. Neutron server returns request_ids: ['req-3f8cdd34-ac5e-4933-b0c2-5750c8ad6660']
2020-04-09 05:11:14.603 15 ERROR rally_openstack.cleanup.manager
Traceback (most recent call last):
2020-04-09 05:11:14.603 15 ERROR rally_openstack.cleanup.manager
File "/usr/lib/python2.7/site-packages/rally_openstack/cleanup/manager.py", line 133, in _publish
2020-04-09 05:11:14.603 15 ERROR rally_openstack.cleanup.manager for raw_resource in rutils.retry(3, manager.list):
2020-04-09 05:11:14.603 15 ERROR rally_openstack.cleanup.manager
File "/usr/lib/python2.7/site-packages/rally/common/utils.py", line 230, in retry
2020-04-09 05:11:14.603 15 ERROR rally_openstack.cleanup.manager return func(*args, **kwargs)
2020-04-09 05:11:14.603 15 ERROR rally_openstack.cleanup.manager
File "/usr/lib/python2.7/site-packages/rally_openstack/cleanup/resources.py", line 396, in list
2020-04-09 05:11:14.603 15 ERROR rally_openstack.cleanup.manager return super(NeutronTrunk, self).list()
2020-04-09 05:11:14.603 15 ERROR rally_openstack.cleanup.manager
File "/usr/lib/python2.7/site-packages/rally_openstack/cleanup/resources.py", line 273, in list
2020-04-09 05:11:14.603 15 ERROR rally_openstack.cleanup.manager result = list_method(tenant_id=self.tenant_uuid)[resources]
2020-04-09 05:11:14.603 15 ERROR rally_openstack.cleanup.manager
File "/usr/lib/python2.7/site-packages/neutronclient/v2_0/client.py", line 2105, in list_trunks
2020-04-09 05:11:14.603 15 ERROR rally_openstack.cleanup.manager **_params)
2020-04-09 05:11:14.603 15 ERROR rally_openstack.cleanup.manager
File "/usr/lib/python2.7/site-packages/neutronclient/v2_0/client.py", line 369, in list
2020-04-09 05:11:14.603 15 ERROR rally_openstack.cleanup.manager for r in self._pagination(collection, path, **params):
2020-04-09 05:11:14.603 15 ERROR rally_openstack.cleanup.manager
File "/usr/lib/python2.7/site-packages/neutronclient/v2_0/client.py", line 384, in _pagination
2020-04-09 05:11:14.603 15 ERROR rally_openstack.cleanup.manager res = self.get(path, params=params)
2020-04-09 05:11:14.603 15 ERROR rally_openstack.cleanup.manager
File "/usr/lib/python2.7/site-packages/neutronclient/v2_0/client.py", line 354, in get
2020-04-09 05:11:14.603 15 ERROR rally_openstack.cleanup.manager headers=headers, params=params)
2020-04-09 05:11:14.603 15 ERROR rally_openstack.cleanup.manager
File "/usr/lib/python2.7/site-packages/neutronclient/v2_0/client.py", line 331, in retry_request
2020-04-09 05:11:14.603 15 ERROR rally_openstack.cleanup.manager headers=headers, params=params)
2020-04-09 05:11:14.603 15 ERROR rally_openstack.cleanup.manager
File "/usr/lib/python2.7/site-packages/neutronclient/v2_0/client.py", line 294, in do_request
2020-04-09 05:11:14.603 15 ERROR rally_openstack.cleanup.manager self._handle_fault_response(status_code, replybody, resp)
2020-04-09 05:11:14.603 15 ERROR rally_openstack.cleanup.manager
File "/usr/lib/python2.7/site-packages/neutronclient/v2_0/client.py", line 269, in _handle_fault_response
2020-04-09 05:11:14.603 15 ERROR rally_openstack.cleanup.manager exception_handler_v20(status_code, error_body)
2020-04-09 05:11:14.603 15 ERROR rally_openstack.cleanup.manager
File "/usr/lib/python2.7/site-packages/neutronclient/v2_0/client.py", line 93, in exception_handler_v20
2020-04-09 05:11:14.603 15 ERROR rally_openstack.cleanup.manager request_ids=request_ids)
2020-04-09 05:11:14.603 15 ERROR rally_openstack.cleanup.manager BadRequest: Invalid input for operation: 'tenant_id' is not supported for filtering.
2020-04-09 05:11:14.603 15 ERROR rally_openstack.cleanup.manager Neutron server returns request_ids: ['req-3f8cdd34-ac5e-4933-b0c2-5750c8ad6660']
2020-04-09 05:11:14.603 15 ERROR rally_openstack.cleanup.manager
2020-04-09 05:11:14.619 15 RALLYDEBUG rally_openstack.cleanup.manager [-] Cleaning up neutron port objects
2020-04-09 05:11:15.157 15 RALLYDEBUG rally_openstack.cleanup.manager [-] Cleaning up neutron subnet objects
2020-04-09 05:11:15.681 15 RALLYDEBUG rally_openstack.cleanup.manager [-] Deleting neutron.subnet object s_rally_fd76ed04_2CGMkSJU (0678eb92-7117-48d6-ac46-e3fe67f7a191)
2020-04-09 05:11:15.686 15 RALLYDEBUG rally_openstack.cleanup.manager [-] Deleting neutron.subnet object s_rally_fd76ed04_3Ks5jy9E (0daf13d5-531b-48dc-b36a-0d128fffd7e3)
2020-04-09 05:11:15.699 15 RALLYDEBUG rally_openstack.cleanup.manager [-] Deleting neutron.subnet object s_rally_fd76ed04_8sOiGkYJ (104a4bb3-3adb-4d59-b667-12fd2679eeec)
2020-04-09 05:11:15.708 15 RALLYDEBUG rally_openstack.cleanup.manager [-] Deleting neutron.subnet object s_rally_fd76ed04_tDgQBu1n (16e3a3d9-23f1-445b-b3ad-9d9d6af2e62b)
2020-04-09 05:11:15.725 15 RALLYDEBUG rally_openstack.cleanup.manager [-] Deleting neutron.subnet object s_rally_fd76ed04_4JJSQkgg (1d5691c3-4b2c-4ced-bba1-068afb00b7d7)
2020-04-09 05:11:15.725 15 RALLYDEBUG rally_openstack.cleanup.manager [-] Deleting neutron.subnet object s_rally_fd76ed04_ty7TOr64 (1756c1da-44bc-49bb-bc18-afd540e5eb82)
2020-04-09 05:11:15.794 15 RALLYDEBUG rally_openstack.cleanup.manager [-] Deleting neutron.subnet object s_rally_fd76ed04_CegAxqYZ (202910d0-0ba3-4733-8a61-1248431c09af)
2020-04-09 05:11:15.806 15 RALLYDEBUG rally_openstack.cleanup.manager [-] Deleting neutron.subnet object s_rally_fd76ed04_BlWpHxD1 (244252fd-e4ee-4e5a-92f0-6ba527cd9986)
2020-04-09 05:11:15.837 15 RALLYDEBUG rally_openstack.cleanup.manager [-] Deleting neutron.subnet object s_rally_fd76ed04_zmdKALlj (23f3db45-82bd-48f4-ac55-a5d293b4791b)
2020-04-09 05:11:15.832 15 RALLYDEBUG rally_openstack.cleanup.manager [-] Deleting neutron.subnet object s_rally_fd76ed04_s77WLt05 (31eddea1-ea9b-4571-9239-409004d5dcda)
2020-04-09 05:11:15.848 15 RALLYDEBUG rally_openstack.cleanup.manager [-] Deleting neutron.subnet object s_rally_fd76ed04_KcTt8On9 (2754aad5-b188-4c4f-a62a-fd272a2a08d8)
2020-04-09 05:11:15.855 15 RALLYDEBUG rally_openstack.cleanup.manager [-] Deleting neutron.subnet object s_rally_fd76ed04_ubbHYqyS (355d1038-474a-41d8-801b-196c8a23f55d)
2020-04-09 05:11:15.851 15 RALLYDEBUG rally_openstack.cleanup.manager [-] Deleting neutron.subnet object s_rally_fd76ed04_He32T00Z (282070c8-3dc8-416a-84d7-994835d8edbe)
2020-04-09 05:11:15.853 15 RALLYDEBUG rally_openstack.cleanup.manager [-] Deleting neutron.subnet object s_rally_fd76ed04_PAAyD5nz (2fe35939-1c86-4a9a-be4f-eb42d12f765d)
2020-04-09 05:11:15.877 15 RALLYDEBUG rally_openstack.cleanup.manager [-] Deleting neutron.subnet object s_rally_fd76ed04_oA8hVQhn (2b5a7374-03b6-4fc9-a95a-7496f879e694)
2020-04-09 05:11:15.884 15 RALLYDEBUG rally_openstack.cleanup.manager [-] Deleting neutron.subnet object s_rally_fd76ed04_JpQYkTI9 (3d27fa42-3013-4e30-a34d-f042f981d193)
2020-04-09 05:11:15.874 15 RALLYDEBUG rally_openstack.cleanup.manager [-] Deleting neutron.subnet object s_rally_fd76ed04_WWDSdcRk (323ce653-0d4a-4cca-be90-24bbc8096472)
2020-04-09 05:11:15.888 15 RALLYDEBUG rally_openstack.cleanup.manager [-] Deleting neutron.subnet object s_rally_fd76ed04_1ZnOV1gt (37c439a2-4661-4139-9bae-afe02a8ba1a7)
2020-04-09 05:11:15.904 15 RALLYDEBUG rally_openstack.cleanup.manager [-] Deleting neutron.subnet object s_rally_fd76ed04_oUtYhCqc (38be2b94-37ca-4572-b7d0-657ba4282ac5)
2020-04-09 05:11:15.975 15 RALLYDEBUG rally_openstack.cleanup.manager [-] Deleting neutron.subnet object s_rally_fd76ed04_0v3oanXs (3ea7e233-5c6f-4cd5-85b0-b4367ded1100)
2020-04-09 05:11:18.554 15 RALLYDEBUG rally_openstack.cleanup.manager [-] Deleting neutron.subnet object s_rally_fd76ed04_7WkrJsk5 (41836c30-baf2-4fd7-be16-e9296c6783b4)
2020-04-09 05:11:18.592 15 RALLYDEBUG rally_openstack.cleanup.manager [-] Deleting neutron.subnet object s_rally_fd76ed04_ss5jEYoC (45478c35-2aa6-4663-a223-29fe661ed53f)
2020-04-09 05:11:18.602 15 RALLYDEBUG rally_openstack.cleanup.manager [-] Deleting neutron.subnet object s_rally_fd76ed04_eaIsGpEp (4924e1fc-9d7a-4827-ba2c-b1f28601a594)
2020-04-09 05:11:18.699 15 RALLYDEBUG rally_openstack.cleanup.manager [-] Deleting neutron.subnet object s_rally_fd76ed04_01AEJlf8 (4fdb0874-815d-4056-9ff0-5a937135330c)
2020-04-09 05:11:18.716 15 RALLYDEBUG rally_openstack.cleanup.manager [-] Deleting neutron.subnet object s_rally_fd76ed04_1WdgGMPs (50623df2-9be5-4a70-826c-96a87b1344b3)
2020-04-09 05:11:18.812 15 RALLYDEBUG rally_openstack.cleanup.manager [-] Deleting neutron.subnet object s_rally_fd76ed04_B0brLuOF (51cc23af-fca1-4adc-972a-b29ab9865831)
2020-04-09 05:11:18.848 15 RALLYDEBUG rally_openstack.cleanup.manager [-] Deleting neutron.subnet object s_rally_fd76ed04_C9wKDSZ5 (583b8983-f6bc-4e7c-a2c0-81eb13bde879)
2020-04-09 05:11:18.914 15 RALLYDEBUG rally_openstack.cleanup.manager [-] Deleting neutron.subnet object s_rally_fd76ed04_21MiXIon (5ed32e6c-2213-4095-b0a0-98d8b2720c07)
2020-04-09 05:11:18.917 15 RALLYDEBUG rally_openstack.cleanup.manager [-] Deleting neutron.subnet object s_rally_fd76ed04_vCJ7WRVu (5b1c5ac6-4b96-4ddf-9382-dfd6fe067e7d)
2020-04-09 05:11:18.919 15 RALLYDEBUG rally_openstack.cleanup.manager [-] Deleting neutron.subnet object s_rally_fd76ed04_2j6PlI6K (644c31e8-147e-4c81-8f9b-9b63e86a69c4)
2020-04-09 05:11:19.166 15 RALLYDEBUG rally_openstack.cleanup.manager [-] Deleting neutron.subnet object s_rally_fd76ed04_mpxnqm2K (6747f115-6c51-49cf-8f68-1563b5cc56db)
2020-04-09 05:11:19.200 15 RALLYDEBUG rally_openstack.cleanup.manager [-] Deleting neutron.subnet object s_rally_fd76ed04_k8LPDpal (682fe0d5-6daf-48cb-bac5-d9f84883cbb7)
2020-04-09 05:11:19.465 15 RALLYDEBUG rally_openstack.cleanup.manager [-] Deleting neutron.subnet object s_rally_fd76ed04_xxda0PqR (68f95824-4681-4464-93c4-6fe121dcd019)
2020-04-09 05:11:19.488 15 RALLYDEBUG rally_openstack.cleanup.manager [-] Deleting neutron.subnet object s_rally_fd76ed04_6LABahdE (6a98db17-bbd6-41c3-8c29-4d7b635c4a73)
2020-04-09 05:11:19.529 15 RALLYDEBUG rally_openstack.cleanup.manager [-] Deleting neutron.subnet object s_rally_fd76ed04_K3WVf9Of (7116b089-0772-4244-b9c9-ed40b027ca92)
2020-04-09 05:11:19.900 15 RALLYDEBUG rally_openstack.cleanup.manager [-] Deleting neutron.subnet object s_rally_fd76ed04_tLyrQirr (75387e1a-1d12-4dea-b37c-e74c6b87fbdb)
2020-04-09 05:11:20.113 15 RALLYDEBUG rally_openstack.cleanup.manager [-] Deleting neutron.subnet object s_rally_fd76ed04_lBZPbaFk (757f9c2a-ae02-407b-9a73-6e75e1d54b6b)
2020-04-09 05:11:20.118 15 RALLYDEBUG rally_openstack.cleanup.manager [-] Deleting neutron.subnet object s_rally_fd76ed04_pP4p8UJz (75a9c01a-865b-4e48-a28c-37c4a62ea302)
2020-04-09 05:11:20.930 15 RALLYDEBUG rally_openstack.cleanup.manager [-] Deleting neutron.subnet object s_rally_fd76ed04_BpgRqupG (76dd0149-d5ad-4575-8e77-1151b70ee5f2)
2020-04-09 05:11:21.025 15 RALLYDEBUG rally_openstack.cleanup.manager [-] Deleting neutron.subnet object s_rally_fd76ed04_q8cErMSF (7d389386-deeb-471a-adc2-36112d77c5be)
2020-04-09 05:11:21.105 15 RALLYDEBUG rally_openstack.cleanup.manager [-] Deleting neutron.subnet object s_rally_fd76ed04_BhhbuJ5c (7e596772-6f14-4f1f-a515-9a7684d10927)
2020-04-09 05:11:21.114 15 RALLYDEBUG rally_openstack.cleanup.manager [-] Deleting neutron.subnet object s_rally_fd76ed04_5y8kdkEO (81df6582-8e87-49cc-ad31-bd5d64a008af)
2020-04-09 05:11:21.341 15 RALLYDEBUG rally_openstack.cleanup.manager [-] Deleting neutron.subnet object s_rally_fd76ed04_jkfc4Vo3 (83bb661b-e71a-44c8-a00e-22e9c563b4ed)
2020-04-09 05:11:21.455 15 RALLYDEBUG rally_openstack.cleanup.manager [-] Deleting neutron.subnet object s_rally_fd76ed04_qdoYCNE9 (8532ed62-c4d3-4f48-b688-dfd46f40ce28)
2020-04-09 05:11:21.481 15 RALLYDEBUG rally_openstack.cleanup.manager [-] Deleting neutron.subnet object s_rally_fd76ed04_GqFDlRvO (89c14877-a2f0-4958-9bf4-c1b65b730893)
2020-04-09 05:11:21.971 15 RALLYDEBUG rally_openstack.cleanup.manager [-] Deleting neutron.subnet object s_rally_fd76ed04_6BqFkbND (89e20fa8-1a12-4b61-a2a9-36c9c64481b4)
2020-04-09 05:11:22.037 15 RALLYDEBUG rally_openstack.cleanup.manager [-] Deleting neutron.subnet object s_rally_fd76ed04_4sNuVgRK (94813d4c-5734-4846-a593-28657d4ec4d9)
2020-04-09 05:11:22.087 15 RALLYDEBUG rally_openstack.cleanup.manager [-] Deleting neutron.subnet object s_rally_fd76ed04_W6hrRJg3 (95d4232a-6679-493c-9cb2-cecc01989de6)
2020-04-09 05:11:22.355 15 RALLYDEBUG rally_openstack.cleanup.manager [-] Deleting neutron.subnet object s_rally_fd76ed04_Wdfl5yIn (9e46e675-20e4-427d-b943-be7b08e9c9c6)
2020-04-09 05:11:22.626 15 RALLYDEBUG rally_openstack.cleanup.manager [-] Deleting neutron.subnet object s_rally_fd76ed04_MKmZy0Jl (a12b8b67-3078-46a5-8287-18efcbf05cef)
2020-04-09 05:11:22.638 15 RALLYDEBUG rally_openstack.cleanup.manager [-] Deleting neutron.subnet object s_rally_fd76ed04_KJL3pqcM (a22ffe4b-d735-4d5a-a380-10b8ee27c7ed)
2020-04-09 05:11:22.769 15 RALLYDEBUG rally_openstack.cleanup.manager [-] Deleting neutron.subnet object s_rally_fd76ed04_Xs8MviP1 (a2b2c55c-3b84-4182-b435-3c5a74e5e704)
2020-04-09 05:11:22.822 15 RALLYDEBUG rally_openstack.cleanup.manager [-] Deleting neutron.subnet object s_rally_fd76ed04_MqTQHyoj (a3ce3cf1-8dde-4cda-b33d-c55813cb468b)
2020-04-09 05:11:22.832 15 RALLYDEBUG rally_openstack.cleanup.manager [-] Deleting neutron.subnet object s_rally_fd76ed04_g1EKwfga (a40f30f4-03ee-4858-8ebd-ad539f0502e6)
2020-04-09 05:11:22.997 15 RALLYDEBUG rally_openstack.cleanup.manager [-] Deleting neutron.subnet object s_rally_fd76ed04_gWyhTGnJ (ba85719f-83b0-440c-8fb6-a1607ced79b9)
2020-04-09 05:11:23.136 15 RALLYDEBUG rally_openstack.cleanup.manager [-] Deleting neutron.subnet object s_rally_fd76ed04_JaAyMros (bc3ccffe-256b-45f4-8a5f-8b966fbdc6de)
2020-04-09 05:11:23.354 15 RALLYDEBUG rally_openstack.cleanup.manager [-] Deleting neutron.subnet object s_rally_fd76ed04_SmilvI4F (c28a8667-d087-4118-8e80-11d8f8e093eb)
