2020-04-09 05:09:29.007 6 RALLYDEBUG rally.api [-] INFO logs from urllib3 and requests module are hide.
2020-04-09 05:09:29.008 6 RALLYDEBUG rally.api [-] urllib3 insecure warnings are hidden.
2020-04-09 05:09:29.008 6 RALLYDEBUG rally.api [-] ERROR log from boto module is hide.
2020-04-09 05:09:30.322 6 ERROR rally.cli.cliutils [-] Unexpected exception in CLI: DBRecordNotFound: Record for uuid or name is opnfv-rally not found in table envs
2020-04-09 05:09:30.322 6 ERROR rally.cli.cliutils
Traceback (most recent call last):
2020-04-09 05:09:30.322 6 ERROR rally.cli.cliutils
File "/usr/lib/python2.7/site-packages/rally/cli/cliutils.py", line 674, in run
2020-04-09 05:09:30.322 6 ERROR rally.cli.cliutils ret = fn(*fn_args, **fn_kwargs)
2020-04-09 05:09:30.322 6 ERROR rally.cli.cliutils File "", line 2, in destroy
2020-04-09 05:09:30.322 6 ERROR rally.cli.cliutils
File "/usr/lib/python2.7/site-packages/rally/cli/envutils.py", line 68, in default_from_global
2020-04-09 05:09:30.322 6 ERROR rally.cli.cliutils return f(*args, **kwargs)
2020-04-09 05:09:30.322 6 ERROR rally.cli.cliutils File "", line 2, in destroy
2020-04-09 05:09:30.322 6 ERROR rally.cli.cliutils
File "/usr/lib/python2.7/site-packages/rally/plugins/__init__.py", line 51, in ensure_plugins_are_loaded
2020-04-09 05:09:30.322 6 ERROR rally.cli.cliutils return f(*args, **kwargs)
2020-04-09 05:09:30.322 6 ERROR rally.cli.cliutils
File "/usr/lib/python2.7/site-packages/rally/cli/commands/deployment.py", line 157, in destroy
2020-04-09 05:09:30.322 6 ERROR rally.cli.cliutils api.deployment.destroy(deployment=deployment)
2020-04-09 05:09:30.322 6 ERROR rally.cli.cliutils
File "/usr/lib/python2.7/site-packages/rally/api.py", line 115, in destroy
2020-04-09 05:09:30.322 6 ERROR rally.cli.cliutils deploy = objects.Deployment.get(deployment)
2020-04-09 05:09:30.322 6 ERROR rally.cli.cliutils
File "/usr/lib/python2.7/site-packages/rally/common/objects/deploy.py", line 124, in get
2020-04-09 05:09:30.322 6 ERROR rally.cli.cliutils return Deployment(env_mgr.EnvManager.get(deploy))
2020-04-09 05:09:30.322 6 ERROR rally.cli.cliutils
File "/usr/lib/python2.7/site-packages/rally/env/env_mgr.py", line 212, in get
2020-04-09 05:09:30.322 6 ERROR rally.cli.cliutils return cls(db.env_get(uuid_or_name))
2020-04-09 05:09:30.322 6 ERROR rally.cli.cliutils
File "/usr/lib/python2.7/site-packages/rally/common/db/api.py", line 135, in wrapper
2020-04-09 05:09:30.322 6 ERROR rally.cli.cliutils result = f(session, *args, **kwargs)
2020-04-09 05:09:30.322 6 ERROR rally.cli.cliutils
File "/usr/lib/python2.7/site-packages/rally/common/db/api.py", line 521, in env_get
2020-04-09 05:09:30.322 6 ERROR rally.cli.cliutils criteria="uuid or name is %s" % uuid_or_name, table="envs")
2020-04-09 05:09:30.322 6 ERROR rally.cli.cliutils DBRecordNotFound: Record for uuid or name is opnfv-rally not found in table envs
2020-04-09 05:09:30.322 6 ERROR rally.cli.cliutils
2020-04-09 05:09:31.126 8 RALLYDEBUG rally.api [-] INFO logs from urllib3 and requests module are hide.
2020-04-09 05:09:31.127 8 RALLYDEBUG rally.api [-] urllib3 insecure warnings are hidden.
2020-04-09 05:09:31.127 8 RALLYDEBUG rally.api [-] ERROR log from boto module is hide.
2020-04-09 05:09:33.391 10 RALLYDEBUG rally.api [-] INFO logs from urllib3 and requests module are hide.
2020-04-09 05:09:33.391 10 RALLYDEBUG rally.api [-] urllib3 insecure warnings are hidden.
2020-04-09 05:09:33.391 10 RALLYDEBUG rally.api [-] ERROR log from boto module is hide.
2020-04-09 05:09:36.043 13 RALLYDEBUG rally.api [-] INFO logs from urllib3 and requests module are hide.
2020-04-09 05:09:36.043 13 RALLYDEBUG rally.api [-] urllib3 insecure warnings are hidden.
2020-04-09 05:09:36.043 13 RALLYDEBUG rally.api [-] ERROR log from boto module is hide.
2020-04-09 05:09:37.576 15 RALLYDEBUG rally.api [-] INFO logs from urllib3 and requests module are hide.
2020-04-09 05:09:37.577 15 RALLYDEBUG rally.api [-] urllib3 insecure warnings are hidden.
2020-04-09 05:09:37.577 15 RALLYDEBUG rally.api [-] ERROR log from boto module is hide.
2020-04-09 05:09:38.844 15 INFO rally.common.plugin.discover [-] Loading plugins from directories /root/.rally/plugins/*
2020-04-09 05:09:38.845 15 INFO rally.common.plugin.discover [-] Loaded module with plugins: /root/.rally/plugins/__init__.py
2020-04-09 05:09:38.847 15 INFO rally.common.plugin.discover [-] Loaded module with plugins: /root/.rally/plugins/trunk_scenario.py
2020-04-09 05:09:39.021 15 INFO rally.task.engine [-] Task 1dc27f24-047b-43c6-854b-7cb756b12520 | Starting: Task validation.
2020-04-09 05:09:39.034 15 INFO rally.task.engine [-] Task 1dc27f24-047b-43c6-854b-7cb756b12520 | Starting: Task validation of syntax.
2020-04-09 05:09:39.195 15 INFO rally.task.engine [-] Task 1dc27f24-047b-43c6-854b-7cb756b12520 | Completed: Task validation of syntax.
2020-04-09 05:09:39.195 15 INFO rally.task.engine [-] Task 1dc27f24-047b-43c6-854b-7cb756b12520 | Starting: Task validation of required platforms.
2020-04-09 05:09:39.267 15 INFO rally.task.engine [-] Task 1dc27f24-047b-43c6-854b-7cb756b12520 | Completed: Task validation of required platforms.
2020-04-09 05:09:39.267 15 INFO rally.task.engine [-] Task 1dc27f24-047b-43c6-854b-7cb756b12520 | Starting: Task validation of semantic.
2020-04-09 05:09:39.267 15 INFO rally.task.engine [-] Check health of the environment '87ffcef3-a819-4382-85e9-ff5b6760fe5b'.
2020-04-09 05:09:39.721 15 INFO rally.task.engine [-] Platform existing@openstack (available: True): OK!
2020-04-09 05:09:39.733 15 RALLYDEBUG rally_openstack.contexts.keystone.users [-] Creating 1 tenants using 20 threads
2020-04-09 05:09:40.010 15 RALLYDEBUG rally_openstack.contexts.keystone.users [-] Creating 1 users using 20 threads
2020-04-09 05:09:40.434 15 INFO rally.task.context [-] Task 1dc27f24-047b-43c6-854b-7cb756b12520 | Context users@openstack setup() finished in 0.70 sec
2020-04-09 05:09:41.976 15 INFO rally.task.context [-] Task 1dc27f24-047b-43c6-854b-7cb756b12520 | Context users@openstack cleanup() started
2020-04-09 05:09:43.674 15 INFO rally.task.context [-] Task 1dc27f24-047b-43c6-854b-7cb756b12520 | Context users@openstack cleanup() finished in 1.70 sec
2020-04-09 05:09:43.675 15 INFO rally.task.engine [-] Task 1dc27f24-047b-43c6-854b-7cb756b12520 | Completed: Task validation of semantic.
2020-04-09 05:09:43.675 15 INFO rally.task.engine [-] Task 1dc27f24-047b-43c6-854b-7cb756b12520 | Completed: Task validation.
2020-04-09 05:09:43.675 15 INFO rally.api [-] Task 1dc27f24-047b-43c6-854b-7cb756b12520 input file is valid.
2020-04-09 05:09:43.676 15 INFO rally.api [-] Run Task 1dc27f24-047b-43c6-854b-7cb756b12520 against Deployment 87ffcef3-a819-4382-85e9-ff5b6760fe5b
2020-04-09 05:09:43.676 15 INFO rally.task.engine [-] Task 1dc27f24-047b-43c6-854b-7cb756b12520 | Starting: Running task.
2020-04-09 05:09:43.731 15 INFO rally.task.engine [-] Running workload: position = 0 config = { "version": 2, "title": "A cropped version of a bigger task.", "description": "Auto-generated task from a single workload (uuid=db6f53d5-7e21-485f-a777-f8de08b08f15)", "subtasks": [ { "title": "NeutronNetworks.create_and_list_networks", "description": "Check performance of list_networks action and ensure > network quotas are not exceeded", "scenario": { "NeutronNetworks.create_and_list_networks": {} }, "contexts": { "users": { "tenants": 1, "users_per_tenant": 1 }, "quotas": { "neutron": { "network": 119 } } }, "runner": { "constant": { "times": 100, "concurrency": 20 } }, "hooks": [], "sla": { "max_avg_duration_per_atomic": { "neutron.list_networks": 15 }, "failure_rate": { "max": 0 } } } ] }
2020-04-09 05:09:43.745 15 RALLYDEBUG rally_openstack.contexts.keystone.users [-] Creating 1 tenants using 20 threads
2020-04-09 05:09:44.087 15 RALLYDEBUG rally_openstack.contexts.keystone.users [-] Creating 1 users using 20 threads
2020-04-09 05:09:44.532 15 INFO rally.task.context [-] Task 1dc27f24-047b-43c6-854b-7cb756b12520 | Context users@openstack setup() finished in 0.79 sec
2020-04-09 05:09:44.946 15 INFO rally.task.context [-] Task 1dc27f24-047b-43c6-854b-7cb756b12520 | Context quotas@openstack setup() finished in 0.41 sec
2020-04-09 05:09:44.947 15 INFO rally.task.context [-] Task 1dc27f24-047b-43c6-854b-7cb756b12520 | Context cleanup@openstack setup() finished in 0.02 msec
2020-04-09 05:09:44.956 15 RALLYDEBUG rally.task.runner [-] Starting the constant runner (task UUID: 1dc27f24-047b-43c6-854b-7cb756b12520). timeout: 0 concurrency: 20 concurrency_per_worker: 1 times: 100 concurrency_overhead: 0 processes_to_start: 20 max_cpu_used: 88
2020-04-09 05:09:44.973 139 RALLYDEBUG rally.task.runner [-] Starting a worker. concurrency: 1 args: {} times: 100 method_name: run timeout: 0 duration: None cls:
2020-04-09 05:09:44.976 140 RALLYDEBUG rally.task.runner [-] Starting a worker. concurrency: 1 args: {} times: 100 method_name: run timeout: 0 duration: None cls:
2020-04-09 05:09:44.978 141 RALLYDEBUG rally.task.runner [-] Starting a worker. concurrency: 1 args: {} times: 100 method_name: run timeout: 0 duration: None cls:
2020-04-09 05:09:44.979 139 INFO rally.task.runner [-] Task 1dc27f24-047b-43c6-854b-7cb756b12520 | ITER: 1 START
2020-04-09 05:09:44.981 140 INFO rally.task.runner [-] Task 1dc27f24-047b-43c6-854b-7cb756b12520 | ITER: 2 START
2020-04-09 05:09:44.980 142 RALLYDEBUG rally.task.runner [-] Starting a worker. concurrency: 1 args: {} times: 100 method_name: run timeout: 0 duration: None cls:
2020-04-09 05:09:44.984 141 INFO rally.task.runner [-] Task 1dc27f24-047b-43c6-854b-7cb756b12520 | ITER: 3 START
2020-04-09 05:09:44.983 144 RALLYDEBUG rally.task.runner [-] Starting a worker. concurrency: 1 args: {} times: 100 method_name: run timeout: 0 duration: None cls:
2020-04-09 05:09:44.986 142 INFO rally.task.runner [-] Task 1dc27f24-047b-43c6-854b-7cb756b12520 | ITER: 4 START
2020-04-09 05:09:44.985 147 RALLYDEBUG rally.task.runner [-] Starting a worker. concurrency: 1 args: {} times: 100 method_name: run timeout: 0 duration: None cls:
2020-04-09 05:09:44.989 144 INFO rally.task.runner [-] Task 1dc27f24-047b-43c6-854b-7cb756b12520 | ITER: 5 START
2020-04-09 05:09:44.988 150 RALLYDEBUG rally.task.runner [-] Starting a worker. concurrency: 1 args: {} times: 100 method_name: run timeout: 0 duration: None cls:
2020-04-09 05:09:44.991 147 INFO rally.task.runner [-] Task 1dc27f24-047b-43c6-854b-7cb756b12520 | ITER: 6 START
2020-04-09 05:09:44.991 154 RALLYDEBUG rally.task.runner [-] Starting a worker. concurrency: 1 args: {} times: 100 method_name: run timeout: 0 duration: None cls:
2020-04-09 05:09:44.993 150 INFO rally.task.runner [-] Task 1dc27f24-047b-43c6-854b-7cb756b12520 | ITER: 7 START
2020-04-09 05:09:44.993 156 RALLYDEBUG rally.task.runner [-] Starting a worker. concurrency: 1 args: {} times: 100 method_name: run timeout: 0 duration: None cls:
2020-04-09 05:09:44.996 154 INFO rally.task.runner [-] Task 1dc27f24-047b-43c6-854b-7cb756b12520 | ITER: 8 START
2020-04-09 05:09:44.996 160 RALLYDEBUG rally.task.runner [-] Starting a worker. concurrency: 1 args: {} times: 100 method_name: run timeout: 0 duration: None cls:
2020-04-09 05:09:44.998 163 RALLYDEBUG rally.task.runner [-] Starting a worker. concurrency: 1 args: {} times: 100 method_name: run timeout: 0 duration: None cls:
2020-04-09 05:09:44.999 156 INFO rally.task.runner [-] Task 1dc27f24-047b-43c6-854b-7cb756b12520 | ITER: 9 START
2020-04-09 05:09:45.001 160 INFO rally.task.runner [-] Task 1dc27f24-047b-43c6-854b-7cb756b12520 | ITER: 10 START
2020-04-09 05:09:45.000 166 RALLYDEBUG rally.task.runner [-] Starting a worker. concurrency: 1 args: {} times: 100 method_name: run timeout: 0 duration: None cls:
2020-04-09 05:09:45.004 163 INFO rally.task.runner [-] Task 1dc27f24-047b-43c6-854b-7cb756b12520 | ITER: 11 START
2020-04-09 05:09:45.004 168 RALLYDEBUG rally.task.runner [-] Starting a worker. concurrency: 1 args: {} times: 100 method_name: run timeout: 0 duration: None cls:
2020-04-09 05:09:45.006 166 INFO rally.task.runner [-] Task 1dc27f24-047b-43c6-854b-7cb756b12520 | ITER: 12 START
2020-04-09 05:09:45.006 172 RALLYDEBUG rally.task.runner [-] Starting a worker. concurrency: 1 args: {} times: 100 method_name: run timeout: 0 duration: None cls:
2020-04-09 05:09:45.009 175 RALLYDEBUG rally.task.runner [-] Starting a worker. concurrency: 1 args: {} times: 100 method_name: run timeout: 0 duration: None cls:
2020-04-09 05:09:45.009 168 INFO rally.task.runner [-] Task 1dc27f24-047b-43c6-854b-7cb756b12520 | ITER: 13 START
2020-04-09 05:09:45.012 172 INFO rally.task.runner [-] Task 1dc27f24-047b-43c6-854b-7cb756b12520 | ITER: 14 START
2020-04-09 05:09:45.012 178 RALLYDEBUG rally.task.runner [-] Starting a worker. concurrency: 1 args: {} times: 100 method_name: run timeout: 0 duration: None cls:
2020-04-09 05:09:45.014 175 INFO rally.task.runner [-] Task 1dc27f24-047b-43c6-854b-7cb756b12520 | ITER: 15 START
2020-04-09 05:09:45.014 181 RALLYDEBUG rally.task.runner [-] Starting a worker. concurrency: 1 args: {} times: 100 method_name: run timeout: 0 duration: None cls:
2020-04-09 05:09:45.017 184 RALLYDEBUG rally.task.runner [-] Starting a worker. concurrency: 1 args: {} times: 100 method_name: run timeout: 0 duration: None cls:
2020-04-09 05:09:45.017 178 INFO rally.task.runner [-] Task 1dc27f24-047b-43c6-854b-7cb756b12520 | ITER: 16 START
2020-04-09 05:09:45.019 187 RALLYDEBUG rally.task.runner [-] Starting a worker. concurrency: 1 args: {} times: 100 method_name: run timeout: 0 duration: None cls:
2020-04-09 05:09:45.020 181 INFO rally.task.runner [-] Task 1dc27f24-047b-43c6-854b-7cb756b12520 | ITER: 17 START
2020-04-09 05:09:45.021 184 INFO rally.task.runner [-] Task 1dc27f24-047b-43c6-854b-7cb756b12520 | ITER: 18 START
2020-04-09 05:09:45.021 190 RALLYDEBUG rally.task.runner [-] Starting a worker. concurrency: 1 args: {} times: 100 method_name: run timeout: 0 duration: None cls:
2020-04-09 05:09:45.023 187 INFO rally.task.runner [-] Task 1dc27f24-047b-43c6-854b-7cb756b12520 | ITER: 19 START
2020-04-09 05:09:45.027 190 INFO rally.task.runner [-] Task 1dc27f24-047b-43c6-854b-7cb756b12520 | ITER: 20 START
2020-04-09 05:09:46.044 168 INFO rally.task.runner [-] Task 1dc27f24-047b-43c6-854b-7cb756b12520 | ITER: 13 END: OK
2020-04-09 05:09:46.049 168 INFO rally.task.runner [-] Task 1dc27f24-047b-43c6-854b-7cb756b12520 | ITER: 21 START
2020-04-09 05:09:46.277 141 INFO rally.task.runner [-] Task 1dc27f24-047b-43c6-854b-7cb756b12520 | ITER: 3 END: OK
2020-04-09 05:09:46.282 141 INFO rally.task.runner [-] Task 1dc27f24-047b-43c6-854b-7cb756b12520 | ITER: 22 START
2020-04-09 05:09:46.284 154 INFO rally.task.runner [-] Task 1dc27f24-047b-43c6-854b-7cb756b12520 | ITER: 8 END: OK
2020-04-09 05:09:46.288 154 INFO rally.task.runner [-] Task 1dc27f24-047b-43c6-854b-7cb756b12520 | ITER: 23 START
2020-04-09 05:09:46.317 150 INFO rally.task.runner [-] Task 1dc27f24-047b-43c6-854b-7cb756b12520 | ITER: 7 END: OK
2020-04-09 05:09:46.317 163 INFO rally.task.runner [-] Task 1dc27f24-047b-43c6-854b-7cb756b12520 | ITER: 11 END: OK
2020-04-09 05:09:46.321 150 INFO rally.task.runner [-] Task 1dc27f24-047b-43c6-854b-7cb756b12520 | ITER: 24 START
2020-04-09 05:09:46.322 163 INFO rally.task.runner [-] Task 1dc27f24-047b-43c6-854b-7cb756b12520 | ITER: 25 START
2020-04-09 05:09:46.370 190 INFO rally.task.runner [-] Task 1dc27f24-047b-43c6-854b-7cb756b12520 | ITER: 20 END: OK
2020-04-09 05:09:46.375 190 INFO rally.task.runner [-] Task 1dc27f24-047b-43c6-854b-7cb756b12520 | ITER: 26 START
2020-04-09 05:09:46.398 181 INFO rally.task.runner [-] Task 1dc27f24-047b-43c6-854b-7cb756b12520 | ITER: 17 END: OK
2020-04-09 05:09:46.403 181 INFO rally.task.runner [-] Task 1dc27f24-047b-43c6-854b-7cb756b12520 | ITER: 27 START
2020-04-09 05:09:46.434 156 INFO rally.task.runner [-] Task 1dc27f24-047b-43c6-854b-7cb756b12520 | ITER: 9 END: OK
2020-04-09 05:09:46.439 156 INFO rally.task.runner [-] Task 1dc27f24-047b-43c6-854b-7cb756b12520 | ITER: 28 START
2020-04-09 05:09:46.696 184 INFO rally.task.runner [-] Task 1dc27f24-047b-43c6-854b-7cb756b12520 | ITER: 18 END: OK
2020-04-09 05:09:46.700 184 INFO rally.task.runner [-] Task 1dc27f24-047b-43c6-854b-7cb756b12520 | ITER: 29 START
2020-04-09 05:09:46.824 142 INFO rally.task.runner [-] Task 1dc27f24-047b-43c6-854b-7cb756b12520 | ITER: 4 END: OK
2020-04-09 05:09:46.827 140 INFO rally.task.runner [-] Task 1dc27f24-047b-43c6-854b-7cb756b12520 | ITER: 2 END: OK
2020-04-09 05:09:46.828 142 INFO rally.task.runner [-] Task 1dc27f24-047b-43c6-854b-7cb756b12520 | ITER: 30 START
2020-04-09 05:09:46.831 140 INFO rally.task.runner [-] Task 1dc27f24-047b-43c6-854b-7cb756b12520 | ITER: 31 START
2020-04-09 05:09:46.910 144 INFO rally.task.runner [-] Task 1dc27f24-047b-43c6-854b-7cb756b12520 | ITER: 5 END: OK
2020-04-09 05:09:46.914 144 INFO rally.task.runner [-] Task 1dc27f24-047b-43c6-854b-7cb756b12520 | ITER: 32 START
2020-04-09 05:09:46.925 139 INFO rally.task.runner [-] Task 1dc27f24-047b-43c6-854b-7cb756b12520 | ITER: 1 END: OK
2020-04-09 05:09:46.930 139 INFO rally.task.runner [-] Task 1dc27f24-047b-43c6-854b-7cb756b12520 | ITER: 33 START
2020-04-09 05:09:47.252 166 INFO rally.task.runner [-] Task 1dc27f24-047b-43c6-854b-7cb756b12520 | ITER: 12 END: OK
2020-04-09 05:09:47.257 166 INFO rally.task.runner [-] Task 1dc27f24-047b-43c6-854b-7cb756b12520 | ITER: 34 START
2020-04-09 05:09:47.389 160 INFO rally.task.runner [-] Task 1dc27f24-047b-43c6-854b-7cb756b12520 | ITER: 10 END: OK
2020-04-09 05:09:47.394 160 INFO rally.task.runner [-] Task 1dc27f24-047b-43c6-854b-7cb756b12520 | ITER: 35 START
2020-04-09 05:09:47.491 172 INFO rally.task.runner [-] Task 1dc27f24-047b-43c6-854b-7cb756b12520 | ITER: 14 END: OK
2020-04-09 05:09:47.495 172 INFO rally.task.runner [-] Task 1dc27f24-047b-43c6-854b-7cb756b12520 | ITER: 36 START
2020-04-09 05:09:47.508 147 INFO rally.task.runner [-] Task 1dc27f24-047b-43c6-854b-7cb756b12520 | ITER: 6 END: OK
2020-04-09 05:09:47.513 147 INFO rally.task.runner [-] Task 1dc27f24-047b-43c6-854b-7cb756b12520 | ITER: 37 START
2020-04-09 05:09:47.666 175 INFO rally.task.runner [-] Task 1dc27f24-047b-43c6-854b-7cb756b12520 | ITER: 15 END: OK
2020-04-09 05:09:47.670 175 INFO rally.task.runner [-] Task 1dc27f24-047b-43c6-854b-7cb756b12520 | ITER: 38 START
2020-04-09 05:09:47.813 168 INFO rally.task.runner [-] Task 1dc27f24-047b-43c6-854b-7cb756b12520 | ITER: 21 END: OK
2020-04-09 05:09:47.816 168 INFO rally.task.runner [-] Task 1dc27f24-047b-43c6-854b-7cb756b12520 | ITER: 39 START
2020-04-09 05:09:48.070 141 INFO rally.task.runner [-] Task 1dc27f24-047b-43c6-854b-7cb756b12520 | ITER: 22 END: OK
2020-04-09 05:09:48.074 141 INFO rally.task.runner [-] Task 1dc27f24-047b-43c6-854b-7cb756b12520 | ITER: 40 START
2020-04-09 05:09:48.133 187 INFO rally.task.runner [-] Task 1dc27f24-047b-43c6-854b-7cb756b12520 | ITER: 19 END: OK
2020-04-09 05:09:48.137 187 INFO rally.task.runner [-] Task 1dc27f24-047b-43c6-854b-7cb756b12520 | ITER: 41 START
2020-04-09 05:09:48.151 156 INFO rally.task.runner [-] Task 1dc27f24-047b-43c6-854b-7cb756b12520 | ITER: 28 END: OK
2020-04-09 05:09:48.152 184 INFO rally.task.runner [-] Task 1dc27f24-047b-43c6-854b-7cb756b12520 | ITER: 29 END: OK
2020-04-09 05:09:48.155 156 INFO rally.task.runner [-] Task 1dc27f24-047b-43c6-854b-7cb756b12520 | ITER: 42 START
2020-04-09 05:09:48.156 184 INFO rally.task.runner [-] Task 1dc27f24-047b-43c6-854b-7cb756b12520 | ITER: 43 START
2020-04-09 05:09:48.180 178 INFO rally.task.runner [-] Task 1dc27f24-047b-43c6-854b-7cb756b12520 | ITER: 16 END: OK
2020-04-09 05:09:48.184 178 INFO rally.task.runner [-] Task 1dc27f24-047b-43c6-854b-7cb756b12520 | ITER: 44 START
2020-04-09 05:09:48.242 140 INFO rally.task.runner [-] Task 1dc27f24-047b-43c6-854b-7cb756b12520 | ITER: 31 END: OK
2020-04-09 05:09:48.245 140 INFO rally.task.runner [-] Task 1dc27f24-047b-43c6-854b-7cb756b12520 | ITER: 45 START
2020-04-09 05:09:48.252 181 INFO rally.task.runner [-] Task 1dc27f24-047b-43c6-854b-7cb756b12520 | ITER: 27 END: OK
2020-04-09 05:09:48.256 181 INFO rally.task.runner [-] Task 1dc27f24-047b-43c6-854b-7cb756b12520 | ITER: 46 START
2020-04-09 05:09:48.256 163 INFO rally.task.runner [-] Task 1dc27f24-047b-43c6-854b-7cb756b12520 | ITER: 25 END: OK
2020-04-09 05:09:48.260 163 INFO rally.task.runner [-] Task 1dc27f24-047b-43c6-854b-7cb756b12520 | ITER: 47 START
2020-04-09 05:09:48.280 144 INFO rally.task.runner [-] Task 1dc27f24-047b-43c6-854b-7cb756b12520 | ITER: 32 END: OK
2020-04-09 05:09:48.284 144 INFO rally.task.runner [-] Task 1dc27f24-047b-43c6-854b-7cb756b12520 | ITER: 48 START
2020-04-09 05:09:48.602 172 INFO rally.task.runner [-] Task 1dc27f24-047b-43c6-854b-7cb756b12520 | ITER: 36 END: OK
2020-04-09 05:09:48.605 172 INFO rally.task.runner [-] Task 1dc27f24-047b-43c6-854b-7cb756b12520 | ITER: 49 START
2020-04-09 05:09:48.685 166 INFO rally.task.runner [-] Task 1dc27f24-047b-43c6-854b-7cb756b12520 | ITER: 34 END: OK
2020-04-09 05:09:48.689 166 INFO rally.task.runner [-] Task 1dc27f24-047b-43c6-854b-7cb756b12520 | ITER: 50 START
2020-04-09 05:09:48.695 150 INFO rally.task.runner [-] Task 1dc27f24-047b-43c6-854b-7cb756b12520 | ITER: 24 END: OK
2020-04-09 05:09:48.699 150 INFO rally.task.runner [-] Task 1dc27f24-047b-43c6-854b-7cb756b12520 | ITER: 51 START
2020-04-09 05:09:48.727 147 INFO rally.task.runner [-] Task 1dc27f24-047b-43c6-854b-7cb756b12520 | ITER: 37 END: OK
2020-04-09 05:09:48.730 147 INFO rally.task.runner [-] Task 1dc27f24-047b-43c6-854b-7cb756b12520 | ITER: 52 START
2020-04-09 05:09:48.893 168 INFO rally.task.runner [-] Task 1dc27f24-047b-43c6-854b-7cb756b12520 | ITER: 39 END: OK
2020-04-09 05:09:48.897 168 INFO rally.task.runner [-] Task 1dc27f24-047b-43c6-854b-7cb756b12520 | ITER: 53 START
2020-04-09 05:09:48.902 190 INFO rally.task.runner [-] Task 1dc27f24-047b-43c6-854b-7cb756b12520 | ITER: 26 END: OK
2020-04-09 05:09:48.906 190 INFO rally.task.runner [-] Task 1dc27f24-047b-43c6-854b-7cb756b12520 | ITER: 54 START
2020-04-09 05:09:49.004 142 INFO rally.task.runner [-] Task 1dc27f24-047b-43c6-854b-7cb756b12520 | ITER: 30 END: OK
2020-04-09 05:09:49.008 142 INFO rally.task.runner [-] Task 1dc27f24-047b-43c6-854b-7cb756b12520 | ITER: 55 START
2020-04-09 05:09:49.251 139 INFO rally.task.runner [-] Task 1dc27f24-047b-43c6-854b-7cb756b12520 | ITER: 33 END: OK
2020-04-09 05:09:49.254 139 INFO rally.task.runner [-] Task 1dc27f24-047b-43c6-854b-7cb756b12520 | ITER: 56 START
2020-04-09 05:09:49.262 154 INFO rally.task.runner [-] Task 1dc27f24-047b-43c6-854b-7cb756b12520 | ITER: 23 END: OK
2020-04-09 05:09:49.265 154 INFO rally.task.runner [-] Task 1dc27f24-047b-43c6-854b-7cb756b12520 | ITER: 57 START
2020-04-09 05:09:49.634 141 INFO rally.task.runner [-] Task 1dc27f24-047b-43c6-854b-7cb756b12520 | ITER: 40 END: OK
2020-04-09 05:09:49.638 141 INFO rally.task.runner [-] Task 1dc27f24-047b-43c6-854b-7cb756b12520 | ITER: 58 START
2020-04-09 05:09:49.835 160 INFO rally.task.runner [-] Task 1dc27f24-047b-43c6-854b-7cb756b12520 | ITER: 35 END: OK
2020-04-09 05:09:49.839 160 INFO rally.task.runner [-] Task 1dc27f24-047b-43c6-854b-7cb756b12520 | ITER: 59 START
2020-04-09 05:09:49.881 175 INFO rally.task.runner [-] Task 1dc27f24-047b-43c6-854b-7cb756b12520 | ITER: 38 END: OK
2020-04-09 05:09:49.884 175 INFO rally.task.runner [-] Task 1dc27f24-047b-43c6-854b-7cb756b12520 | ITER: 60 START
2020-04-09 05:09:49.954 184 INFO rally.task.runner [-] Task 1dc27f24-047b-43c6-854b-7cb756b12520 | ITER: 43 END: OK
2020-04-09 05:09:49.958 184 INFO rally.task.runner [-] Task 1dc27f24-047b-43c6-854b-7cb756b12520 | ITER: 61 START
2020-04-09 05:09:49.968 156 INFO rally.task.runner [-] Task 1dc27f24-047b-43c6-854b-7cb756b12520 | ITER: 42 END: OK
2020-04-09 05:09:49.972 156 INFO rally.task.runner [-] Task 1dc27f24-047b-43c6-854b-7cb756b12520 | ITER: 62 START
2020-04-09 05:09:50.030 168 INFO rally.task.runner [-] Task 1dc27f24-047b-43c6-854b-7cb756b12520 | ITER: 53 END: OK
2020-04-09 05:09:50.034 168 INFO rally.task.runner [-] Task 1dc27f24-047b-43c6-854b-7cb756b12520 | ITER: 63 START
2020-04-09 05:09:50.103 187 INFO rally.task.runner [-] Task 1dc27f24-047b-43c6-854b-7cb756b12520 | ITER: 41 END: OK
2020-04-09 05:09:50.107 187 INFO rally.task.runner [-] Task 1dc27f24-047b-43c6-854b-7cb756b12520 | ITER: 64 START
2020-04-09 05:09:50.140 163 INFO rally.task.runner [-] Task 1dc27f24-047b-43c6-854b-7cb756b12520 | ITER: 47 END: OK
2020-04-09 05:09:50.144 163 INFO rally.task.runner [-] Task 1dc27f24-047b-43c6-854b-7cb756b12520 | ITER: 65 START
2020-04-09 05:09:50.169 181 INFO rally.task.runner [-] Task 1dc27f24-047b-43c6-854b-7cb756b12520 | ITER: 46 END: OK
2020-04-09 05:09:50.173 181 INFO rally.task.runner [-] Task 1dc27f24-047b-43c6-854b-7cb756b12520 | ITER: 66 START
2020-04-09 05:09:50.307 139 INFO rally.task.runner [-] Task 1dc27f24-047b-43c6-854b-7cb756b12520 | ITER: 56 END: OK
2020-04-09 05:09:50.310 139 INFO rally.task.runner [-] Task 1dc27f24-047b-43c6-854b-7cb756b12520 | ITER: 67 START
2020-04-09 05:09:50.314 144 INFO rally.task.runner [-] Task 1dc27f24-047b-43c6-854b-7cb756b12520 | ITER: 48 END: OK
2020-04-09 05:09:50.317 144 INFO rally.task.runner [-] Task 1dc27f24-047b-43c6-854b-7cb756b12520 | ITER: 68 START
2020-04-09 05:09:50.322 166 INFO rally.task.runner [-] Task 1dc27f24-047b-43c6-854b-7cb756b12520 | ITER: 50 END: OK
2020-04-09 05:09:50.326 166 INFO rally.task.runner [-] Task 1dc27f24-047b-43c6-854b-7cb756b12520 | ITER: 69 START
2020-04-09 05:09:50.523 190 INFO rally.task.runner [-] Task 1dc27f24-047b-43c6-854b-7cb756b12520 | ITER: 54 END: OK
2020-04-09 05:09:50.527 190 INFO rally.task.runner [-] Task 1dc27f24-047b-43c6-854b-7cb756b12520 | ITER: 70 START
2020-04-09 05:09:50.565 178 INFO rally.task.runner [-] Task 1dc27f24-047b-43c6-854b-7cb756b12520 | ITER: 44 END: OK
2020-04-09 05:09:50.569 178 INFO rally.task.runner [-] Task 1dc27f24-047b-43c6-854b-7cb756b12520 | ITER: 71 START
2020-04-09 05:09:50.820 147 INFO rally.task.runner [-] Task 1dc27f24-047b-43c6-854b-7cb756b12520 | ITER: 52 END: OK
2020-04-09 05:09:50.824 147 INFO rally.task.runner [-] Task 1dc27f24-047b-43c6-854b-7cb756b12520 | ITER: 72 START
2020-04-09 05:09:51.271 140 INFO rally.task.runner [-] Task 1dc27f24-047b-43c6-854b-7cb756b12520 | ITER: 45 END: OK
2020-04-09 05:09:51.275 140 INFO rally.task.runner [-] Task 1dc27f24-047b-43c6-854b-7cb756b12520 | ITER: 73 START
2020-04-09 05:09:51.302 172 INFO rally.task.runner [-] Task 1dc27f24-047b-43c6-854b-7cb756b12520 | ITER: 49 END: OK
2020-04-09 05:09:51.306 172 INFO rally.task.runner [-] Task 1dc27f24-047b-43c6-854b-7cb756b12520 | ITER: 74 START
2020-04-09 05:09:51.444 150 INFO rally.task.runner [-] Task 1dc27f24-047b-43c6-854b-7cb756b12520 | ITER: 51 END: OK
2020-04-09 05:09:51.447 150 INFO rally.task.runner [-] Task 1dc27f24-047b-43c6-854b-7cb756b12520 | ITER: 75 START
2020-04-09 05:09:51.464 154 INFO rally.task.runner [-] Task 1dc27f24-047b-43c6-854b-7cb756b12520 | ITER: 57 END: OK
2020-04-09 05:09:51.468 154 INFO rally.task.runner [-] Task 1dc27f24-047b-43c6-854b-7cb756b12520 | ITER: 76 START
2020-04-09 05:09:51.805 141 INFO rally.task.runner [-] Task 1dc27f24-047b-43c6-854b-7cb756b12520 | ITER: 58 END: OK
2020-04-09 05:09:51.808 141 INFO rally.task.runner [-] Task 1dc27f24-047b-43c6-854b-7cb756b12520 | ITER: 77 START
2020-04-09 05:09:52.135 187 INFO rally.task.runner [-] Task 1dc27f24-047b-43c6-854b-7cb756b12520 | ITER: 64 END: OK
2020-04-09 05:09:52.139 187 INFO rally.task.runner [-] Task 1dc27f24-047b-43c6-854b-7cb756b12520 | ITER: 78 START
2020-04-09 05:09:52.182 142 INFO rally.task.runner [-] Task 1dc27f24-047b-43c6-854b-7cb756b12520 | ITER: 55 END: OK
2020-04-09 05:09:52.185 184 INFO rally.task.runner [-] Task 1dc27f24-047b-43c6-854b-7cb756b12520 | ITER: 61 END: OK
2020-04-09 05:09:52.185 156 INFO rally.task.runner [-] Task 1dc27f24-047b-43c6-854b-7cb756b12520 | ITER: 62 END: OK
2020-04-09 05:09:52.186 142 INFO rally.task.runner [-] Task 1dc27f24-047b-43c6-854b-7cb756b12520 | ITER: 79 START
2020-04-09 05:09:52.189 184 INFO rally.task.runner [-] Task 1dc27f24-047b-43c6-854b-7cb756b12520 | ITER: 80 START
2020-04-09 05:09:52.189 156 INFO rally.task.runner [-] Task 1dc27f24-047b-43c6-854b-7cb756b12520 | ITER: 81 START
2020-04-09 05:09:52.269 139 INFO rally.task.runner [-] Task 1dc27f24-047b-43c6-854b-7cb756b12520 | ITER: 67 END: OK
2020-04-09 05:09:52.272 139 INFO rally.task.runner [-] Task 1dc27f24-047b-43c6-854b-7cb756b12520 | ITER: 82 START
2020-04-09 05:09:52.300 190 INFO rally.task.runner [-] Task 1dc27f24-047b-43c6-854b-7cb756b12520 | ITER: 70 END: OK
2020-04-09 05:09:52.302 160 INFO rally.task.runner [-] Task 1dc27f24-047b-43c6-854b-7cb756b12520 | ITER: 59 END: OK
2020-04-09 05:09:52.304 190 INFO rally.task.runner [-] Task 1dc27f24-047b-43c6-854b-7cb756b12520 | ITER: 83 START
2020-04-09 05:09:52.305 160 INFO rally.task.runner [-] Task 1dc27f24-047b-43c6-854b-7cb756b12520 | ITER: 84 START
2020-04-09 05:09:52.317 166 INFO rally.task.runner [-] Task 1dc27f24-047b-43c6-854b-7cb756b12520 | ITER: 69 END: OK
2020-04-09 05:09:52.321 166 INFO rally.task.runner [-] Task 1dc27f24-047b-43c6-854b-7cb756b12520 | ITER: 85 START
2020-04-09 05:09:52.343 175 INFO rally.task.runner [-] Task 1dc27f24-047b-43c6-854b-7cb756b12520 | ITER: 60 END: OK
2020-04-09 05:09:52.347 175 INFO rally.task.runner [-] Task 1dc27f24-047b-43c6-854b-7cb756b12520 | ITER: 86 START
2020-04-09 05:09:52.518 163 INFO rally.task.runner [-] Task 1dc27f24-047b-43c6-854b-7cb756b12520 | ITER: 65 END: OK
2020-04-09 05:09:52.521 163 INFO rally.task.runner [-] Task 1dc27f24-047b-43c6-854b-7cb756b12520 | ITER: 87 START
2020-04-09 05:09:52.628 178 INFO rally.task.runner [-] Task 1dc27f24-047b-43c6-854b-7cb756b12520 | ITER: 71 END: OK
2020-04-09 05:09:52.632 178 INFO rally.task.runner [-] Task 1dc27f24-047b-43c6-854b-7cb756b12520 | ITER: 88 START
2020-04-09 05:09:52.881 140 INFO rally.task.runner [-] Task 1dc27f24-047b-43c6-854b-7cb756b12520 | ITER: 73 END: OK
2020-04-09 05:09:52.885 140 INFO rally.task.runner [-] Task 1dc27f24-047b-43c6-854b-7cb756b12520 | ITER: 89 START
2020-04-09 05:09:53.009 172 INFO rally.task.runner [-] Task 1dc27f24-047b-43c6-854b-7cb756b12520 | ITER: 74 END: OK
2020-04-09 05:09:53.013 172 INFO rally.task.runner [-] Task 1dc27f24-047b-43c6-854b-7cb756b12520 | ITER: 90 START
2020-04-09 05:09:53.043 144 INFO rally.task.runner [-] Task 1dc27f24-047b-43c6-854b-7cb756b12520 | ITER: 68 END: OK
2020-04-09 05:09:53.047 144 INFO rally.task.runner [-] Task 1dc27f24-047b-43c6-854b-7cb756b12520 | ITER: 91 START
2020-04-09 05:09:53.133 187 INFO rally.task.runner [-] Task 1dc27f24-047b-43c6-854b-7cb756b12520 | ITER: 78 END: OK
2020-04-09 05:09:53.137 187 INFO rally.task.runner [-] Task 1dc27f24-047b-43c6-854b-7cb756b12520 | ITER: 92 START
2020-04-09 05:09:53.200 147 INFO rally.task.runner [-] Task 1dc27f24-047b-43c6-854b-7cb756b12520 | ITER: 72 END: OK
2020-04-09 05:09:53.204 147 INFO rally.task.runner [-] Task 1dc27f24-047b-43c6-854b-7cb756b12520 | ITER: 93 START
2020-04-09 05:09:53.350 181 INFO rally.task.runner [-] Task 1dc27f24-047b-43c6-854b-7cb756b12520 | ITER: 66 END: OK
2020-04-09 05:09:53.354 181 INFO rally.task.runner [-] Task 1dc27f24-047b-43c6-854b-7cb756b12520 | ITER: 94 START
2020-04-09 05:09:53.478 168 INFO rally.task.runner [-] Task 1dc27f24-047b-43c6-854b-7cb756b12520 | ITER: 63 END: OK
2020-04-09 05:09:53.482 168 INFO rally.task.runner [-] Task 1dc27f24-047b-43c6-854b-7cb756b12520 | ITER: 95 START
2020-04-09 05:09:53.652 154 INFO rally.task.runner [-] Task 1dc27f24-047b-43c6-854b-7cb756b12520 | ITER: 76 END: OK
2020-04-09 05:09:53.656 154 INFO rally.task.runner [-] Task 1dc27f24-047b-43c6-854b-7cb756b12520 | ITER: 96 START
2020-04-09 05:09:54.185 156 INFO rally.task.runner [-] Task 1dc27f24-047b-43c6-854b-7cb756b12520 | ITER: 81 END: OK
2020-04-09 05:09:54.189 156 INFO rally.task.runner [-] Task 1dc27f24-047b-43c6-854b-7cb756b12520 | ITER: 97 START
2020-04-09 05:09:54.200 150 INFO rally.task.runner [-] Task 1dc27f24-047b-43c6-854b-7cb756b12520 | ITER: 75 END: OK
2020-04-09 05:09:54.203 150 INFO rally.task.runner [-] Task 1dc27f24-047b-43c6-854b-7cb756b12520 | ITER: 98 START
2020-04-09 05:09:54.366 178 INFO rally.task.runner [-] Task 1dc27f24-047b-43c6-854b-7cb756b12520 | ITER: 88 END: OK
2020-04-09 05:09:54.369 178 INFO rally.task.runner [-] Task 1dc27f24-047b-43c6-854b-7cb756b12520 | ITER: 99 START
2020-04-09 05:09:54.405 175 INFO rally.task.runner [-] Task 1dc27f24-047b-43c6-854b-7cb756b12520 | ITER: 86 END: OK
2020-04-09 05:09:54.408 175 INFO rally.task.runner [-] Task 1dc27f24-047b-43c6-854b-7cb756b12520 | ITER: 100 START
2020-04-09 05:09:54.615 168 INFO rally.task.runner [-] Task 1dc27f24-047b-43c6-854b-7cb756b12520 | ITER: 95 END: OK
2020-04-09 05:09:54.669 163 INFO rally.task.runner [-] Task 1dc27f24-047b-43c6-854b-7cb756b12520 | ITER: 87 END: OK
2020-04-09 05:09:54.751 142 INFO rally.task.runner [-] Task 1dc27f24-047b-43c6-854b-7cb756b12520 | ITER: 79 END: OK
2020-04-09 05:09:54.796 160 INFO rally.task.runner [-] Task 1dc27f24-047b-43c6-854b-7cb756b12520 | ITER: 84 END: OK
2020-04-09 05:09:54.833 141 INFO rally.task.runner [-] Task 1dc27f24-047b-43c6-854b-7cb756b12520 | ITER: 77 END: OK
2020-04-09 05:09:55.091 154 INFO rally.task.runner [-] Task 1dc27f24-047b-43c6-854b-7cb756b12520 | ITER: 96 END: OK
2020-04-09 05:09:55.105 144 INFO rally.task.runner [-] Task 1dc27f24-047b-43c6-854b-7cb756b12520 | ITER: 91 END: OK
2020-04-09 05:09:55.133 184 INFO rally.task.runner [-] Task 1dc27f24-047b-43c6-854b-7cb756b12520 | ITER: 80 END: OK
2020-04-09 05:09:55.257 139 INFO rally.task.runner [-] Task 1dc27f24-047b-43c6-854b-7cb756b12520 | ITER: 82 END: OK
2020-04-09 05:09:55.313 166 INFO rally.task.runner [-] Task 1dc27f24-047b-43c6-854b-7cb756b12520 | ITER: 85 END: OK
2020-04-09 05:09:55.322 140 INFO rally.task.runner [-] Task 1dc27f24-047b-43c6-854b-7cb756b12520 | ITER: 89 END: OK
2020-04-09 05:09:55.346 178 INFO rally.task.runner [-] Task 1dc27f24-047b-43c6-854b-7cb756b12520 | ITER: 99 END: OK
2020-04-09 05:09:55.346 187 INFO rally.task.runner [-] Task 1dc27f24-047b-43c6-854b-7cb756b12520 | ITER: 92 END: OK
2020-04-09 05:09:55.453 181 INFO rally.task.runner [-] Task 1dc27f24-047b-43c6-854b-7cb756b12520 | ITER: 94 END: OK
2020-04-09 05:09:55.579 175 INFO rally.task.runner [-] Task 1dc27f24-047b-43c6-854b-7cb756b12520 | ITER: 100 END: OK
2020-04-09 05:09:55.585 172 INFO rally.task.runner [-] Task 1dc27f24-047b-43c6-854b-7cb756b12520 | ITER: 90 END: OK
2020-04-09 05:09:55.792 147 INFO rally.task.runner [-] Task 1dc27f24-047b-43c6-854b-7cb756b12520 | ITER: 93 END: OK
2020-04-09 05:09:55.796 190 INFO rally.task.runner [-] Task 1dc27f24-047b-43c6-854b-7cb756b12520 | ITER: 83 END: OK
2020-04-09 05:09:55.796 156 INFO rally.task.runner [-] Task 1dc27f24-047b-43c6-854b-7cb756b12520 | ITER: 97 END: OK
2020-04-09 05:09:55.806 150 INFO rally.task.runner [-] Task 1dc27f24-047b-43c6-854b-7cb756b12520 | ITER: 98 END: OK
2020-04-09 05:09:55.827 15 INFO rally.task.context [-] Task 1dc27f24-047b-43c6-854b-7cb756b12520 | Context cleanup@openstack cleanup() started
2020-04-09 05:09:55.830 15 RALLYDEBUG rally_openstack.cleanup.manager [-] Cleaning up neutron vip objects
2020-04-09 05:09:56.025 15 RALLYDEBUG rally_openstack.cleanup.manager [-] Cleaning up neutron health_monitor objects
2020-04-09 05:09:56.211 15 RALLYDEBUG rally_openstack.cleanup.manager [-] Cleaning up neutron pool objects
2020-04-09 05:09:56.404 15 RALLYDEBUG rally_openstack.cleanup.manager [-] Cleaning up neutron loadbalancer objects
2020-04-09 05:09:56.592 15 RALLYDEBUG rally_openstack.cleanup.manager [-] Cleaning up neutron floatingip objects
2020-04-09 05:09:56.811 15 RALLYDEBUG rally_openstack.cleanup.manager [-] Cleaning up neutron trunk objects
2020-04-09 05:09:56.997 15 DEBUG neutronclient.v2_0.client [-] Error message: {"NeutronError": {"message": "Invalid input for operation: 'tenant_id' is not supported for filtering.", "type": "InvalidInput", "detail": ""}} _handle_fault_response /usr/lib/python2.7/site-packages/neutronclient/v2_0/client.py:259
2020-04-09 05:09:57.027 15 DEBUG neutronclient.v2_0.client [-] Error message: {"NeutronError": {"message": "Invalid input for operation: 'tenant_id' is not supported for filtering.", "type": "InvalidInput", "detail": ""}} _handle_fault_response /usr/lib/python2.7/site-packages/neutronclient/v2_0/client.py:259
2020-04-09 05:09:57.064 15 DEBUG neutronclient.v2_0.client [-] Error message: {"NeutronError": {"message": "Invalid input for operation: 'tenant_id' is not supported for filtering.", "type": "InvalidInput", "detail": ""}} _handle_fault_response /usr/lib/python2.7/site-packages/neutronclient/v2_0/client.py:259
2020-04-09 05:09:57.064 15 ERROR rally_openstack.cleanup.manager [-] Seems like rally_openstack.cleanup.resources.NeutronTrunk.list(self) method is broken. It shouldn't raise any exceptions.: BadRequest: Invalid input for operation: 'tenant_id' is not supported for filtering. Neutron server returns request_ids: ['req-f9c7f61a-ed82-4cf8-a96f-17566db18324']
2020-04-09 05:09:57.064 15 ERROR rally_openstack.cleanup.manager
Traceback (most recent call last):
2020-04-09 05:09:57.064 15 ERROR rally_openstack.cleanup.manager
File "/usr/lib/python2.7/site-packages/rally_openstack/cleanup/manager.py", line 133, in _publish
2020-04-09 05:09:57.064 15 ERROR rally_openstack.cleanup.manager for raw_resource in rutils.retry(3, manager.list):
2020-04-09 05:09:57.064 15 ERROR rally_openstack.cleanup.manager
File "/usr/lib/python2.7/site-packages/rally/common/utils.py", line 230, in retry
2020-04-09 05:09:57.064 15 ERROR rally_openstack.cleanup.manager return func(*args, **kwargs)
2020-04-09 05:09:57.064 15 ERROR rally_openstack.cleanup.manager
File "/usr/lib/python2.7/site-packages/rally_openstack/cleanup/resources.py", line 396, in list
2020-04-09 05:09:57.064 15 ERROR rally_openstack.cleanup.manager return super(NeutronTrunk, self).list()
2020-04-09 05:09:57.064 15 ERROR rally_openstack.cleanup.manager
File "/usr/lib/python2.7/site-packages/rally_openstack/cleanup/resources.py", line 273, in list
2020-04-09 05:09:57.064 15 ERROR rally_openstack.cleanup.manager result = list_method(tenant_id=self.tenant_uuid)[resources]
2020-04-09 05:09:57.064 15 ERROR rally_openstack.cleanup.manager
File "/usr/lib/python2.7/site-packages/neutronclient/v2_0/client.py", line 2105, in list_trunks
2020-04-09 05:09:57.064 15 ERROR rally_openstack.cleanup.manager **_params)
2020-04-09 05:09:57.064 15 ERROR rally_openstack.cleanup.manager
File "/usr/lib/python2.7/site-packages/neutronclient/v2_0/client.py", line 369, in list
2020-04-09 05:09:57.064 15 ERROR rally_openstack.cleanup.manager for r in self._pagination(collection, path, **params):
2020-04-09 05:09:57.064 15 ERROR rally_openstack.cleanup.manager
File "/usr/lib/python2.7/site-packages/neutronclient/v2_0/client.py", line 384, in _pagination
2020-04-09 05:09:57.064 15 ERROR rally_openstack.cleanup.manager res = self.get(path, params=params)
2020-04-09 05:09:57.064 15 ERROR rally_openstack.cleanup.manager
File "/usr/lib/python2.7/site-packages/neutronclient/v2_0/client.py", line 354, in get
2020-04-09 05:09:57.064 15 ERROR rally_openstack.cleanup.manager headers=headers, params=params)
2020-04-09 05:09:57.064 15 ERROR rally_openstack.cleanup.manager
File "/usr/lib/python2.7/site-packages/neutronclient/v2_0/client.py", line 331, in retry_request
2020-04-09 05:09:57.064 15 ERROR rally_openstack.cleanup.manager headers=headers, params=params)
2020-04-09 05:09:57.064 15 ERROR rally_openstack.cleanup.manager
File "/usr/lib/python2.7/site-packages/neutronclient/v2_0/client.py", line 294, in do_request
2020-04-09 05:09:57.064 15 ERROR rally_openstack.cleanup.manager self._handle_fault_response(status_code, replybody, resp)
2020-04-09 05:09:57.064 15 ERROR rally_openstack.cleanup.manager
File "/usr/lib/python2.7/site-packages/neutronclient/v2_0/client.py", line 269, in _handle_fault_response
2020-04-09 05:09:57.064 15 ERROR rally_openstack.cleanup.manager exception_handler_v20(status_code, error_body)
2020-04-09 05:09:57.064 15 ERROR rally_openstack.cleanup.manager
File "/usr/lib/python2.7/site-packages/neutronclient/v2_0/client.py", line 93, in exception_handler_v20
2020-04-09 05:09:57.064 15 ERROR rally_openstack.cleanup.manager request_ids=request_ids)
2020-04-09 05:09:57.064 15 ERROR rally_openstack.cleanup.manager BadRequest: Invalid input for operation: 'tenant_id' is not supported for filtering.
2020-04-09 05:09:57.064 15 ERROR rally_openstack.cleanup.manager Neutron server returns request_ids: ['req-f9c7f61a-ed82-4cf8-a96f-17566db18324']
2020-04-09 05:09:57.064 15 ERROR rally_openstack.cleanup.manager
2020-04-09 05:09:57.077 15 RALLYDEBUG rally_openstack.cleanup.manager [-] Cleaning up neutron port objects
2020-04-09 05:09:57.322 15 RALLYDEBUG rally_openstack.cleanup.manager [-] Cleaning up neutron subnet objects
2020-04-09 05:09:57.547 15 RALLYDEBUG rally_openstack.cleanup.manager [-] Cleaning up neutron network objects
2020-04-09 05:09:58.282 15 RALLYDEBUG rally_openstack.cleanup.manager [-] Deleting neutron.network object s_rally_db6f53d5_HYJZA3D9 (0caefe4e-ee86-4521-bf82-63e326f1b973)
2020-04-09 05:09:58.289 15 RALLYDEBUG rally_openstack.cleanup.manager [-] Deleting neutron.network object s_rally_db6f53d5_gekBeVJR (0c484db6-bb6b-49ee-a5c7-cae1441ccf93)
2020-04-09 05:09:58.291 15 RALLYDEBUG rally_openstack.cleanup.manager [-] Deleting neutron.network object s_rally_db6f53d5_sAOaTjMO (069cc19a-c989-428c-ac9b-641282431dd1)
2020-04-09 05:09:58.301 15 RALLYDEBUG rally_openstack.cleanup.manager [-] Deleting neutron.network object s_rally_db6f53d5_QhM9kjGM (010a9336-f21d-4e8d-a88c-5abd5b8d11dd)
2020-04-09 05:09:58.307 15 RALLYDEBUG rally_openstack.cleanup.manager [-] Deleting neutron.network object s_rally_db6f53d5_vr0egLhi (0dbef5fb-eb5a-4b06-b91c-50f83342ccf8)
2020-04-09 05:09:58.308 15 RALLYDEBUG rally_openstack.cleanup.manager [-] Deleting neutron.network object s_rally_db6f53d5_P2LNIeLR (0ef155e9-c215-4909-a534-d8bec33a39fc)
2020-04-09 05:09:58.321 15 RALLYDEBUG rally_openstack.cleanup.manager [-] Deleting neutron.network object s_rally_db6f53d5_gOyzbIKA (0e7f752d-ab39-40f6-87fa-279ff32b9a09)
2020-04-09 05:09:58.329 15 RALLYDEBUG rally_openstack.cleanup.manager [-] Deleting neutron.network object s_rally_db6f53d5_Cdn96Yfq (1c267244-c630-4fa0-a7af-9b0729b72e22)
2020-04-09 05:09:58.337 15 RALLYDEBUG rally_openstack.cleanup.manager [-] Deleting neutron.network object s_rally_db6f53d5_381tjlfB (172df489-6d28-4044-bf24-df6fa29d8216)
2020-04-09 05:09:58.343 15 RALLYDEBUG rally_openstack.cleanup.manager [-] Deleting neutron.network object s_rally_db6f53d5_06Vsh9W3 (14eacd97-f329-4cce-92fb-b94cd071c1d9)
2020-04-09 05:09:58.355 15 RALLYDEBUG rally_openstack.cleanup.manager [-] Deleting neutron.network object s_rally_db6f53d5_1R7MnBWG (172523d7-9888-411b-9c46-90c659c130f8)
2020-04-09 05:09:58.358 15 RALLYDEBUG rally_openstack.cleanup.manager [-] Deleting neutron.network object s_rally_db6f53d5_cgIkFEXi (19df910d-39a3-4b63-868f-e22d54c2cfd3)
2020-04-09 05:09:58.362 15 RALLYDEBUG rally_openstack.cleanup.manager [-] Deleting neutron.network object s_rally_db6f53d5_EvVhgILu (21cc168b-8b1b-4ffc-bd50-b93f42978db5)
2020-04-09 05:09:58.384 15 RALLYDEBUG rally_openstack.cleanup.manager [-] Deleting neutron.network object s_rally_db6f53d5_vbbvgoyG (21d88ae7-c9e7-4d24-9b39-163013de12ad)
2020-04-09 05:09:58.384 15 RALLYDEBUG rally_openstack.cleanup.manager [-] Deleting neutron.network object s_rally_db6f53d5_2z5uQH3a (1e5a4a63-57c7-4cd0-8321-170793119b0c)
2020-04-09 05:09:58.412 15 RALLYDEBUG rally_openstack.cleanup.manager [-] Deleting neutron.network object s_rally_db6f53d5_fFBnY4lL (21508806-a066-4981-bf85-7bd514b03481)
2020-04-09 05:09:58.417 15 RALLYDEBUG rally_openstack.cleanup.manager [-] Deleting neutron.network object s_rally_db6f53d5_QIxKCs3A (232ffb57-a1d4-4ce7-a581-e7be3681b41e)
2020-04-09 05:09:58.418 15 RALLYDEBUG rally_openstack.cleanup.manager [-] Deleting neutron.network object s_rally_db6f53d5_I3KntDWk (2de25d29-6a79-4b06-967d-e4790d7adbfc)
2020-04-09 05:09:58.428 15 RALLYDEBUG rally_openstack.cleanup.manager [-] Deleting neutron.network object s_rally_db6f53d5_e5iqhPvR (122724c5-f0bc-4b60-ba3b-d568dc1bccbc)
2020-04-09 05:09:58.434 15 RALLYDEBUG rally_openstack.cleanup.manager [-] Deleting neutron.network object s_rally_db6f53d5_A9jeguOn (28731763-4924-44e6-b5c6-56eb39a3425b)
2020-04-09 05:10:00.684 15 RALLYDEBUG rally_openstack.cleanup.manager [-] Deleting neutron.network object s_rally_db6f53d5_aPIjqKQi (315da1fb-9dc1-4fe9-9383-5841f945f80f)
2020-04-09 05:10:00.719 15 RALLYDEBUG rally_openstack.cleanup.manager [-] Deleting neutron.network object s_rally_db6f53d5_AYsIfiRS (33987cee-1eab-4c97-ba3a-35e05231cc99)
2020-04-09 05:10:00.768 15 RALLYDEBUG rally_openstack.cleanup.manager [-] Deleting neutron.network object s_rally_db6f53d5_4TAGvlHc (3d7b0962-2537-4adc-846b-c50d9c0b9ef6)
2020-04-09 05:10:00.823 15 RALLYDEBUG rally_openstack.cleanup.manager [-] Deleting neutron.network object s_rally_db6f53d5_2GSPHQkG (405a4934-da9f-4154-b0a8-7cf13c543f61)
2020-04-09 05:10:00.974 15 RALLYDEBUG rally_openstack.cleanup.manager [-] Deleting neutron.network object s_rally_db6f53d5_U3Sy0ktk (4177c85a-3892-4255-a5e3-cde03ab0f04c)
2020-04-09 05:10:01.155 15 RALLYDEBUG rally_openstack.cleanup.manager [-] Deleting neutron.network object s_rally_db6f53d5_Q2vNj5uz (43494f8b-ad5a-4d65-83b0-b68a58634a8b)
2020-04-09 05:10:01.160 15 RALLYDEBUG rally_openstack.cleanup.manager [-] Deleting neutron.network object s_rally_db6f53d5_2PyVkYMJ (4764136a-cc09-4fdf-b8a9-762d661560ba)
2020-04-09 05:10:01.360 15 RALLYDEBUG rally_openstack.cleanup.manager [-] Deleting neutron.network object s_rally_db6f53d5_Z1KQI8mu (4923169f-239e-4737-806e-53dd1ab0807d)
2020-04-09 05:10:01.810 15 RALLYDEBUG rally_openstack.cleanup.manager [-] Deleting neutron.network object s_rally_db6f53d5_bUXVvoft (4a32b7e8-4985-4b91-97eb-6a746598c164)
2020-04-09 05:10:02.109 15 RALLYDEBUG rally_openstack.cleanup.manager [-] Deleting neutron.network object s_rally_db6f53d5_0BKcLMjM (4b3594ac-a4c4-45c9-82e1-17ea46cbcef9)
2020-04-09 05:10:02.145 15 RALLYDEBUG rally_openstack.cleanup.manager [-] Deleting neutron.network object s_rally_db6f53d5_sGkalng9 (4c74b968-ec99-4d37-a930-a6dfaae8badf)
2020-04-09 05:10:02.182 15 RALLYDEBUG rally_openstack.cleanup.manager [-] Deleting neutron.network object s_rally_db6f53d5_0z5MzMaq (4ca6b4ec-4206-48b7-a914-d4a889229c85)
2020-04-09 05:10:02.274 15 RALLYDEBUG rally_openstack.cleanup.manager [-] Deleting neutron.network object s_rally_db6f53d5_fuwAC2pM (50b069c1-db35-4eae-b135-834366e9f021)
2020-04-09 05:10:02.632 15 RALLYDEBUG rally_openstack.cleanup.manager [-] Deleting neutron.network object s_rally_db6f53d5_HvCLfApg (526ca74a-8e5c-48c5-ba43-7bd58cd3a7a2)
2020-04-09 05:10:02.727 15 RALLYDEBUG rally_openstack.cleanup.manager [-] Deleting neutron.network object s_rally_db6f53d5_9qr9Cu6E (53b29fec-0b24-42c6-b021-c5cb3e27a9ea)
2020-04-09 05:10:02.731 15 RALLYDEBUG rally_openstack.cleanup.manager [-] Deleting neutron.network object s_rally_db6f53d5_2i7cBXF0 (56dd9124-eac2-44e3-9a04-ac952a97a742)
2020-04-09 05:10:02.851 15 RALLYDEBUG rally_openstack.cleanup.manager [-] Deleting neutron.network object s_rally_db6f53d5_drhuAQWP (585e2688-d16c-429e-85f9-df5021309eab)
2020-04-09 05:10:02.867 15 RALLYDEBUG rally_openstack.cleanup.manager [-] Deleting neutron.network object s_rally_db6f53d5_ubk9FE8B (58dc475b-4275-4547-af3b-b2e7aa40ea6b)
2020-04-09 05:10:02.920 15 RALLYDEBUG rally_openstack.cleanup.manager [-] Deleting neutron.network object s_rally_db6f53d5_QSysQCfb (5fef0a93-1482-4f06-a0a1-5676189773d0)
2020-04-09 05:10:02.936 15 RALLYDEBUG rally_openstack.cleanup.manager [-] Deleting neutron.network object s_rally_db6f53d5_WGPFRtGO (63b5c68e-6d90-4a97-aa93-836ecd32c05c)
2020-04-09 05:10:03.063 15 RALLYDEBUG rally_openstack.cleanup.manager [-] Deleting neutron.network object s_rally_db6f53d5_XdCelpYd (664478e3-f14b-41ef-8435-45b5491a5785)
2020-04-09 05:10:03.096 15 RALLYDEBUG rally_openstack.cleanup.manager [-] Deleting neutron.network object s_rally_db6f53d5_Y4LJOp39 (6b5a6a0c-47c9-4b38-8f7f-d8567051dd79)
2020-04-09 05:10:03.344 15 RALLYDEBUG rally_openstack.cleanup.manager [-] Deleting neutron.network object s_rally_db6f53d5_jYNuDtBB (6c4bff70-aa2e-441d-8af2-f7a1eb015bc4)
2020-04-09 05:10:03.504 15 RALLYDEBUG rally_openstack.cleanup.manager [-] Deleting neutron.network object s_rally_db6f53d5_bdEwMOjF (6ea48da1-bb1d-41a7-972c-caddcf667f5f)
2020-04-09 05:10:03.911 15 RALLYDEBUG rally_openstack.cleanup.manager [-] Deleting neutron.network object s_rally_db6f53d5_SxSYIZmj (7003af7d-3b88-4ee4-9427-d36346cfeae3)
2020-04-09 05:10:03.976 15 RALLYDEBUG rally_openstack.cleanup.manager [-] Deleting neutron.network object s_rally_db6f53d5_5UZONWtR (73588156-0a48-4d34-a84d-9f79743118eb)
2020-04-09 05:10:04.088 15 RALLYDEBUG rally_openstack.cleanup.manager [-] Deleting neutron.network object s_rally_db6f53d5_spDA2yWW (74c29fcd-b2c4-46a6-97e1-82de8a376177)
2020-04-09 05:10:04.117 15 RALLYDEBUG rally_openstack.cleanup.manager [-] Deleting neutron.network object s_rally_db6f53d5_KgztUW89 (7917bb78-b42a-4263-b7e7-58a3a6051583)
2020-04-09 05:10:04.139 15 RALLYDEBUG rally_openstack.cleanup.manager [-] Deleting neutron.network object s_rally_db6f53d5_czgeb3qw (795e1de3-3a76-4200-80b2-9308b2c97d6e)
2020-04-09 05:10:04.225 15 RALLYDEBUG rally_openstack.cleanup.manager [-] Deleting neutron.network object s_rally_db6f53d5_B6jQcyGw (7fa4c3fc-0379-42cd-a3b6-e9f3bb5370a0)
2020-04-09 05:10:04.260 15 RALLYDEBUG rally_openstack.cleanup.manager [-] Deleting neutron.network object s_rally_db6f53d5_lJVrc9IU (85021b73-201e-4976-a3d8-4ea3c6cd936a)
2020-04-09 05:10:04.627 15 RALLYDEBUG rally_openstack.cleanup.manager [-] Deleting neutron.network object s_rally_db6f53d5_A6CSLdas (882d8ff8-1f8b-4ebb-a35c-79c0f088e969)
2020-04-09 05:10:04.636 15 RALLYDEBUG rally_openstack.cleanup.manager [-] Deleting neutron.network object s_rally_db6f53d5_OUenYGw8 (88ae1322-085e-4496-b5f9-98f9c2a8a355)
