2020-04-09 05:17:57.438 15 ERROR rally_openstack.osclients
File "/usr/lib/python2.7/site-packages/keystoneauth1/identity/v3/base.py", line 178, in get_auth_ref
2020-04-09 05:17:57.438 15 ERROR rally_openstack.osclients authenticated=False, log=False, **rkwargs)
2020-04-09 05:17:57.438 15 ERROR rally_openstack.osclients
File "/usr/lib/python2.7/site-packages/keystoneauth1/session.py", line 1019, in post
2020-04-09 05:17:57.438 15 ERROR rally_openstack.osclients return self.request(url, 'POST', **kwargs)
2020-04-09 05:17:57.438 15 ERROR rally_openstack.osclients
File "/usr/lib/python2.7/site-packages/keystoneauth1/session.py", line 869, in request
2020-04-09 05:17:57.438 15 ERROR rally_openstack.osclients raise exceptions.from_response(resp, method, url)
2020-04-09 05:17:57.438 15 ERROR rally_openstack.osclients BadGateway: Bad Gateway (HTTP 502)
2020-04-09 05:17:57.438 15 ERROR rally_openstack.osclients
2020-04-09 05:17:59.882 15 RALLYDEBUG rally_openstack.cleanup.manager [-] Deleting neutron.router object s_rally_ed67c532_igwORgAq (df3f2b9e-639d-4faf-9437-41e7a8982d0f)
2020-04-09 05:18:00.289 15 RALLYDEBUG rally_openstack.cleanup.manager [-] Deleting neutron.router object s_rally_ed67c532_12dX5aVo (e03667fb-4669-441f-92b7-2d0746489dc4)
2020-04-09 05:18:01.317 15 RALLYDEBUG rally_openstack.cleanup.manager [-] Deleting neutron.router object s_rally_ed67c532_2ZcLw33C (e3398018-4ffa-4f53-92e3-56ff8891f45f)
2020-04-09 05:18:02.462 15 RALLYDEBUG rally_openstack.cleanup.manager [-] Deleting neutron.router object s_rally_ed67c532_T5lZ1cKn (e40d424c-3a9f-481c-b5d2-633e135c01f2)
2020-04-09 05:18:02.540 15 RALLYDEBUG rally_openstack.cleanup.manager [-] Deleting neutron.router object s_rally_ed67c532_EZCC8Af8 (f1cd6b3c-a0b0-4910-ae08-1fb2b31f7992)
2020-04-09 05:18:02.679 15 RALLYDEBUG rally_openstack.cleanup.manager [-] Deleting neutron.router object s_rally_ed67c532_Shc3jPCn (fdb0443b-29c8-4a97-bda5-30b12ce09d82)
2020-04-09 05:18:15.286 15 ERROR rally_openstack.osclients [-] Unable to authenticate for user c_rally_ed67c532_v91ayDN9 in project c_rally_ed67c532_9wk8yJ0b: BadGateway: Bad Gateway (HTTP 502)
2020-04-09 05:18:15.286 15 ERROR rally_openstack.osclients
Traceback (most recent call last):
2020-04-09 05:18:15.286 15 ERROR rally_openstack.osclients
File "/usr/lib/python2.7/site-packages/rally_openstack/osclients.py", line 273, in auth_ref
2020-04-09 05:18:15.286 15 ERROR rally_openstack.osclients self.cache["keystone_auth_ref"] = plugin.get_access(sess)
2020-04-09 05:18:15.286 15 ERROR rally_openstack.osclients
File "/usr/lib/python2.7/site-packages/keystoneauth1/identity/base.py", line 134, in get_access
2020-04-09 05:18:15.286 15 ERROR rally_openstack.osclients self.auth_ref = self.get_auth_ref(session)
2020-04-09 05:18:15.286 15 ERROR rally_openstack.osclients
File "/usr/lib/python2.7/site-packages/keystoneauth1/identity/generic/base.py", line 208, in get_auth_ref
2020-04-09 05:18:15.286 15 ERROR rally_openstack.osclients return self._plugin.get_auth_ref(session, **kwargs)
2020-04-09 05:18:15.286 15 ERROR rally_openstack.osclients
File "/usr/lib/python2.7/site-packages/keystoneauth1/identity/v3/base.py", line 178, in get_auth_ref
2020-04-09 05:18:15.286 15 ERROR rally_openstack.osclients authenticated=False, log=False, **rkwargs)
2020-04-09 05:18:15.286 15 ERROR rally_openstack.osclients
File "/usr/lib/python2.7/site-packages/keystoneauth1/session.py", line 1019, in post
2020-04-09 05:18:15.286 15 ERROR rally_openstack.osclients return self.request(url, 'POST', **kwargs)
2020-04-09 05:18:15.286 15 ERROR rally_openstack.osclients
File "/usr/lib/python2.7/site-packages/keystoneauth1/session.py", line 869, in request
2020-04-09 05:18:15.286 15 ERROR rally_openstack.osclients raise exceptions.from_response(resp, method, url)
2020-04-09 05:18:15.286 15 ERROR rally_openstack.osclients BadGateway: Bad Gateway (HTTP 502)
2020-04-09 05:18:15.286 15 ERROR rally_openstack.osclients
2020-04-09 05:18:33.007 15 DEBUG neutronclient.v2_0.client [-] Error message: {"NeutronError": {"message": "Router 9959283f-c0d2-49fe-a252-ba3dcb5e1e3e could not be found", "type": "RouterNotFound", "detail": ""}} _handle_fault_response /usr/lib/python2.7/site-packages/neutronclient/v2_0/client.py:259
2020-04-09 05:18:33.107 15 DEBUG neutronclient.v2_0.client [-] Error message: {"NeutronError": {"message": "Router 9959283f-c0d2-49fe-a252-ba3dcb5e1e3e could not be found", "type": "RouterNotFound", "detail": ""}} _handle_fault_response /usr/lib/python2.7/site-packages/neutronclient/v2_0/client.py:259
2020-04-09 05:18:33.193 15 DEBUG neutronclient.v2_0.client [-] Error message: {"NeutronError": {"message": "Router 9959283f-c0d2-49fe-a252-ba3dcb5e1e3e could not be found", "type": "RouterNotFound", "detail": ""}} _handle_fault_response /usr/lib/python2.7/site-packages/neutronclient/v2_0/client.py:259
2020-04-09 05:18:33.194 15 ERROR rally_openstack.cleanup.manager [-] Resource deletion failed, max retries exceeded for neutron.router: 9959283f-c0d2-49fe-a252-ba3dcb5e1e3e.: NotFound: Router 9959283f-c0d2-49fe-a252-ba3dcb5e1e3e could not be found Neutron server returns request_ids: ['req-7471f123-5795-4a7b-8b49-ff375bdfd67b']
2020-04-09 05:18:33.194 15 ERROR rally_openstack.cleanup.manager
Traceback (most recent call last):
2020-04-09 05:18:33.194 15 ERROR rally_openstack.cleanup.manager
File "/usr/lib/python2.7/site-packages/rally_openstack/cleanup/manager.py", line 85, in _delete_single_resource
2020-04-09 05:18:33.194 15 ERROR rally_openstack.cleanup.manager rutils.retry(resource._max_attempts, resource.delete)
2020-04-09 05:18:33.194 15 ERROR rally_openstack.cleanup.manager
File "/usr/lib/python2.7/site-packages/rally/common/utils.py", line 230, in retry
2020-04-09 05:18:33.194 15 ERROR rally_openstack.cleanup.manager return func(*args, **kwargs)
2020-04-09 05:18:33.194 15 ERROR rally_openstack.cleanup.manager
File "/usr/lib/python2.7/site-packages/rally_openstack/cleanup/resources.py", line 265, in delete
2020-04-09 05:18:33.194 15 ERROR rally_openstack.cleanup.manager delete_method(self.id())
2020-04-09 05:18:33.194 15 ERROR rally_openstack.cleanup.manager
File "/usr/lib/python2.7/site-packages/neutronclient/v2_0/client.py", line 894, in delete_router
2020-04-09 05:18:33.194 15 ERROR rally_openstack.cleanup.manager return self.delete(self.router_path % (router))
2020-04-09 05:18:33.194 15 ERROR rally_openstack.cleanup.manager
File "/usr/lib/python2.7/site-packages/neutronclient/v2_0/client.py", line 350, in delete
2020-04-09 05:18:33.194 15 ERROR rally_openstack.cleanup.manager headers=headers, params=params)
2020-04-09 05:18:33.194 15 ERROR rally_openstack.cleanup.manager
File "/usr/lib/python2.7/site-packages/neutronclient/v2_0/client.py", line 331, in retry_request
2020-04-09 05:18:33.194 15 ERROR rally_openstack.cleanup.manager headers=headers, params=params)
2020-04-09 05:18:33.194 15 ERROR rally_openstack.cleanup.manager
File "/usr/lib/python2.7/site-packages/neutronclient/v2_0/client.py", line 294, in do_request
2020-04-09 05:18:33.194 15 ERROR rally_openstack.cleanup.manager self._handle_fault_response(status_code, replybody, resp)
2020-04-09 05:18:33.194 15 ERROR rally_openstack.cleanup.manager
File "/usr/lib/python2.7/site-packages/neutronclient/v2_0/client.py", line 269, in _handle_fault_response
2020-04-09 05:18:33.194 15 ERROR rally_openstack.cleanup.manager exception_handler_v20(status_code, error_body)
2020-04-09 05:18:33.194 15 ERROR rally_openstack.cleanup.manager
File "/usr/lib/python2.7/site-packages/neutronclient/v2_0/client.py", line 93, in exception_handler_v20
2020-04-09 05:18:33.194 15 ERROR rally_openstack.cleanup.manager request_ids=request_ids)
2020-04-09 05:18:33.194 15 ERROR rally_openstack.cleanup.manager NotFound: Router 9959283f-c0d2-49fe-a252-ba3dcb5e1e3e could not be found
2020-04-09 05:18:33.194 15 ERROR rally_openstack.cleanup.manager Neutron server returns request_ids: ['req-7471f123-5795-4a7b-8b49-ff375bdfd67b']
2020-04-09 05:18:33.194 15 ERROR rally_openstack.cleanup.manager
2020-04-09 05:18:34.428 15 RALLYDEBUG rally_openstack.cleanup.manager [-] Cleaning up neutron security_group objects
2020-04-09 05:18:34.881 15 INFO rally.task.context [-] Task 1dc27f24-047b-43c6-854b-7cb756b12520 | Context cleanup@openstack cleanup() finished in 2.41 min
2020-04-09 05:18:34.882 15 INFO rally.task.context [-] Task 1dc27f24-047b-43c6-854b-7cb756b12520 | Context quotas@openstack cleanup() started
2020-04-09 05:18:34.927 15 INFO rally.task.context [-] Task 1dc27f24-047b-43c6-854b-7cb756b12520 | Context quotas@openstack cleanup() finished in 45.32 msec
2020-04-09 05:18:34.928 15 INFO rally.task.context [-] Task 1dc27f24-047b-43c6-854b-7cb756b12520 | Context users@openstack cleanup() started
2020-04-09 05:18:36.245 15 INFO rally.task.context [-] Task 1dc27f24-047b-43c6-854b-7cb756b12520 | Context users@openstack cleanup() finished in 1.32 sec
2020-04-09 05:18:37.034 15 INFO rally.task.engine [-] Load duration is: 94.901659
2020-04-09 05:18:37.034 15 INFO rally.task.engine [-] Full runner duration is: 94.949343
2020-04-09 05:18:37.034 15 INFO rally.task.engine [-] Full duration is: 242.227992
2020-04-09 05:18:37.124 15 INFO rally.task.engine [-] Running workload: position = 1 config = { "version": 2, "title": "A cropped version of a bigger task.", "description": "Auto-generated task from a single workload (uuid=70e26133-6b8d-431c-bb76-ef0186eeea92)", "subtasks": [ { "title": "NeutronNetworks.create_and_update_routers", "description": "Create and update a given number of routers.", "scenario": { "NeutronNetworks.create_and_update_routers": { "network_create_args": {}, "subnet_create_args": {}, "subnet_cidr_start": "1.1.0.0/30", "subnets_per_network": 2, "router_create_args": {}, "router_update_args": { "admin_state_up": false, "name": "_router_updated" } } }, "contexts": { "users": { "tenants": 1, "users_per_tenant": 1 }, "quotas": { "neutron": { "network": -1, "subnet": -1, "router": -1 } } }, "runner": { "constant": { "times": 40, "concurrency": 20 } }, "hooks": [], "sla": { "failure_rate": { "max": 0 } } } ] }
2020-04-09 05:18:37.142 15 RALLYDEBUG rally_openstack.contexts.keystone.users [-] Creating 1 tenants using 20 threads
2020-04-09 05:18:37.483 15 RALLYDEBUG rally_openstack.contexts.keystone.users [-] Creating 1 users using 20 threads
2020-04-09 05:18:37.947 15 INFO rally.task.context [-] Task 1dc27f24-047b-43c6-854b-7cb756b12520 | Context users@openstack setup() finished in 0.81 sec
2020-04-09 05:18:38.321 15 INFO rally.task.context [-] Task 1dc27f24-047b-43c6-854b-7cb756b12520 | Context quotas@openstack setup() finished in 0.37 sec
2020-04-09 05:18:38.321 15 INFO rally.task.context [-] Task 1dc27f24-047b-43c6-854b-7cb756b12520 | Context cleanup@openstack setup() finished in 0.01 msec
2020-04-09 05:18:38.331 15 RALLYDEBUG rally.task.runner [-] Starting the constant runner (task UUID: 1dc27f24-047b-43c6-854b-7cb756b12520). timeout: 0 concurrency: 20 concurrency_per_worker: 1 times: 40 concurrency_overhead: 0 processes_to_start: 20 max_cpu_used: 88
2020-04-09 05:18:38.345 3073 RALLYDEBUG rally.task.runner [-] Starting a worker. concurrency: 1 args: {"network_create_args": {}, "subnet_create_args": {}, "subnet_cidr_start": "1.1.0.0/30", "subnets_per_network": 2, "router_create_args": {}, "router_update_args": {"admin_state_up": false, "name": "_router_updated"}} times: 40 method_name: run timeout: 0 duration: None cls:
2020-04-09 05:18:38.348 3074 RALLYDEBUG rally.task.runner [-] Starting a worker. concurrency: 1 args: {"network_create_args": {}, "subnet_create_args": {}, "subnet_cidr_start": "1.1.0.0/30", "subnets_per_network": 2, "router_create_args": {}, "router_update_args": {"admin_state_up": false, "name": "_router_updated"}} times: 40 method_name: run timeout: 0 duration: None cls:
2020-04-09 05:18:38.351 3075 RALLYDEBUG rally.task.runner [-] Starting a worker. concurrency: 1 args: {"network_create_args": {}, "subnet_create_args": {}, "subnet_cidr_start": "1.1.0.0/30", "subnets_per_network": 2, "router_create_args": {}, "router_update_args": {"admin_state_up": false, "name": "_router_updated"}} times: 40 method_name: run timeout: 0 duration: None cls:
2020-04-09 05:18:38.351 3073 INFO rally.task.runner [-] Task 1dc27f24-047b-43c6-854b-7cb756b12520 | ITER: 1 START
2020-04-09 05:18:38.354 3076 RALLYDEBUG rally.task.runner [-] Starting a worker. concurrency: 1 args: {"network_create_args": {}, "subnet_create_args": {}, "subnet_cidr_start": "1.1.0.0/30", "subnets_per_network": 2, "router_create_args": {}, "router_update_args": {"admin_state_up": false, "name": "_router_updated"}} times: 40 method_name: run timeout: 0 duration: None cls:
2020-04-09 05:18:38.355 3074 INFO rally.task.runner [-] Task 1dc27f24-047b-43c6-854b-7cb756b12520 | ITER: 2 START
2020-04-09 05:18:38.356 3077 RALLYDEBUG rally.task.runner [-] Starting a worker. concurrency: 1 args: {"network_create_args": {}, "subnet_create_args": {}, "subnet_cidr_start": "1.1.0.0/30", "subnets_per_network": 2, "router_create_args": {}, "router_update_args": {"admin_state_up": false, "name": "_router_updated"}} times: 40 method_name: run timeout: 0 duration: None cls:
2020-04-09 05:18:38.357 3075 INFO rally.task.runner [-] Task 1dc27f24-047b-43c6-854b-7cb756b12520 | ITER: 3 START
2020-04-09 05:18:38.359 3080 RALLYDEBUG rally.task.runner [-] Starting a worker. concurrency: 1 args: {"network_create_args": {}, "subnet_create_args": {}, "subnet_cidr_start": "1.1.0.0/30", "subnets_per_network": 2, "router_create_args": {}, "router_update_args": {"admin_state_up": false, "name": "_router_updated"}} times: 40 method_name: run timeout: 0 duration: None cls:
2020-04-09 05:18:38.360 3076 INFO rally.task.runner [-] Task 1dc27f24-047b-43c6-854b-7cb756b12520 | ITER: 4 START
2020-04-09 05:18:38.362 3083 RALLYDEBUG rally.task.runner [-] Starting a worker. concurrency: 1 args: {"network_create_args": {}, "subnet_create_args": {}, "subnet_cidr_start": "1.1.0.0/30", "subnets_per_network": 2, "router_create_args": {}, "router_update_args": {"admin_state_up": false, "name": "_router_updated"}} times: 40 method_name: run timeout: 0 duration: None cls:
2020-04-09 05:18:38.363 3077 INFO rally.task.runner [-] Task 1dc27f24-047b-43c6-854b-7cb756b12520 | ITER: 5 START
2020-04-09 05:18:38.364 3086 RALLYDEBUG rally.task.runner [-] Starting a worker. concurrency: 1 args: {"network_create_args": {}, "subnet_create_args": {}, "subnet_cidr_start": "1.1.0.0/30", "subnets_per_network": 2, "router_create_args": {}, "router_update_args": {"admin_state_up": false, "name": "_router_updated"}} times: 40 method_name: run timeout: 0 duration: None cls:
2020-04-09 05:18:38.366 3080 INFO rally.task.runner [-] Task 1dc27f24-047b-43c6-854b-7cb756b12520 | ITER: 6 START
2020-04-09 05:18:38.367 3089 RALLYDEBUG rally.task.runner [-] Starting a worker. concurrency: 1 args: {"network_create_args": {}, "subnet_create_args": {}, "subnet_cidr_start": "1.1.0.0/30", "subnets_per_network": 2, "router_create_args": {}, "router_update_args": {"admin_state_up": false, "name": "_router_updated"}} times: 40 method_name: run timeout: 0 duration: None cls:
2020-04-09 05:18:38.368 3083 INFO rally.task.runner [-] Task 1dc27f24-047b-43c6-854b-7cb756b12520 | ITER: 7 START
2020-04-09 05:18:38.370 3092 RALLYDEBUG rally.task.runner [-] Starting a worker. concurrency: 1 args: {"network_create_args": {}, "subnet_create_args": {}, "subnet_cidr_start": "1.1.0.0/30", "subnets_per_network": 2, "router_create_args": {}, "router_update_args": {"admin_state_up": false, "name": "_router_updated"}} times: 40 method_name: run timeout: 0 duration: None cls:
2020-04-09 05:18:38.371 3086 INFO rally.task.runner [-] Task 1dc27f24-047b-43c6-854b-7cb756b12520 | ITER: 8 START
2020-04-09 05:18:38.373 3095 RALLYDEBUG rally.task.runner [-] Starting a worker. concurrency: 1 args: {"network_create_args": {}, "subnet_create_args": {}, "subnet_cidr_start": "1.1.0.0/30", "subnets_per_network": 2, "router_create_args": {}, "router_update_args": {"admin_state_up": false, "name": "_router_updated"}} times: 40 method_name: run timeout: 0 duration: None cls:
2020-04-09 05:18:38.374 3089 INFO rally.task.runner [-] Task 1dc27f24-047b-43c6-854b-7cb756b12520 | ITER: 9 START
2020-04-09 05:18:38.376 3098 RALLYDEBUG rally.task.runner [-] Starting a worker. concurrency: 1 args: {"network_create_args": {}, "subnet_create_args": {}, "subnet_cidr_start": "1.1.0.0/30", "subnets_per_network": 2, "router_create_args": {}, "router_update_args": {"admin_state_up": false, "name": "_router_updated"}} times: 40 method_name: run timeout: 0 duration: None cls:
2020-04-09 05:18:38.377 3092 INFO rally.task.runner [-] Task 1dc27f24-047b-43c6-854b-7cb756b12520 | ITER: 10 START
2020-04-09 05:18:38.378 3101 RALLYDEBUG rally.task.runner [-] Starting a worker. concurrency: 1 args: {"network_create_args": {}, "subnet_create_args": {}, "subnet_cidr_start": "1.1.0.0/30", "subnets_per_network": 2, "router_create_args": {}, "router_update_args": {"admin_state_up": false, "name": "_router_updated"}} times: 40 method_name: run timeout: 0 duration: None cls:
2020-04-09 05:18:38.380 3095 INFO rally.task.runner [-] Task 1dc27f24-047b-43c6-854b-7cb756b12520 | ITER: 11 START
2020-04-09 05:18:38.382 3104 RALLYDEBUG rally.task.runner [-] Starting a worker. concurrency: 1 args: {"network_create_args": {}, "subnet_create_args": {}, "subnet_cidr_start": "1.1.0.0/30", "subnets_per_network": 2, "router_create_args": {}, "router_update_args": {"admin_state_up": false, "name": "_router_updated"}} times: 40 method_name: run timeout: 0 duration: None cls:
2020-04-09 05:18:38.383 3098 INFO rally.task.runner [-] Task 1dc27f24-047b-43c6-854b-7cb756b12520 | ITER: 12 START
2020-04-09 05:18:38.384 3107 RALLYDEBUG rally.task.runner [-] Starting a worker. concurrency: 1 args: {"network_create_args": {}, "subnet_create_args": {}, "subnet_cidr_start": "1.1.0.0/30", "subnets_per_network": 2, "router_create_args": {}, "router_update_args": {"admin_state_up": false, "name": "_router_updated"}} times: 40 method_name: run timeout: 0 duration: None cls:
2020-04-09 05:18:38.385 3101 INFO rally.task.runner [-] Task 1dc27f24-047b-43c6-854b-7cb756b12520 | ITER: 13 START
2020-04-09 05:18:38.386 3110 RALLYDEBUG rally.task.runner [-] Starting a worker. concurrency: 1 args: {"network_create_args": {}, "subnet_create_args": {}, "subnet_cidr_start": "1.1.0.0/30", "subnets_per_network": 2, "router_create_args": {}, "router_update_args": {"admin_state_up": false, "name": "_router_updated"}} times: 40 method_name: run timeout: 0 duration: None cls:
2020-04-09 05:18:38.388 3104 INFO rally.task.runner [-] Task 1dc27f24-047b-43c6-854b-7cb756b12520 | ITER: 14 START
2020-04-09 05:18:38.390 3107 INFO rally.task.runner [-] Task 1dc27f24-047b-43c6-854b-7cb756b12520 | ITER: 15 START
2020-04-09 05:18:38.390 3113 RALLYDEBUG rally.task.runner [-] Starting a worker. concurrency: 1 args: {"network_create_args": {}, "subnet_create_args": {}, "subnet_cidr_start": "1.1.0.0/30", "subnets_per_network": 2, "router_create_args": {}, "router_update_args": {"admin_state_up": false, "name": "_router_updated"}} times: 40 method_name: run timeout: 0 duration: None cls:
2020-04-09 05:18:38.393 3110 INFO rally.task.runner [-] Task 1dc27f24-047b-43c6-854b-7cb756b12520 | ITER: 16 START
2020-04-09 05:18:38.393 3116 RALLYDEBUG rally.task.runner [-] Starting a worker. concurrency: 1 args: {"network_create_args": {}, "subnet_create_args": {}, "subnet_cidr_start": "1.1.0.0/30", "subnets_per_network": 2, "router_create_args": {}, "router_update_args": {"admin_state_up": false, "name": "_router_updated"}} times: 40 method_name: run timeout: 0 duration: None cls:
2020-04-09 05:18:38.394 3120 RALLYDEBUG rally.task.runner [-] Starting a worker. concurrency: 1 args: {"network_create_args": {}, "subnet_create_args": {}, "subnet_cidr_start": "1.1.0.0/30", "subnets_per_network": 2, "router_create_args": {}, "router_update_args": {"admin_state_up": false, "name": "_router_updated"}} times: 40 method_name: run timeout: 0 duration: None cls:
2020-04-09 05:18:38.396 3113 INFO rally.task.runner [-] Task 1dc27f24-047b-43c6-854b-7cb756b12520 | ITER: 17 START
2020-04-09 05:18:38.397 3124 RALLYDEBUG rally.task.runner [-] Starting a worker. concurrency: 1 args: {"network_create_args": {}, "subnet_create_args": {}, "subnet_cidr_start": "1.1.0.0/30", "subnets_per_network": 2, "router_create_args": {}, "router_update_args": {"admin_state_up": false, "name": "_router_updated"}} times: 40 method_name: run timeout: 0 duration: None cls:
2020-04-09 05:18:38.399 3116 INFO rally.task.runner [-] Task 1dc27f24-047b-43c6-854b-7cb756b12520 | ITER: 18 START
2020-04-09 05:18:38.400 3120 INFO rally.task.runner [-] Task 1dc27f24-047b-43c6-854b-7cb756b12520 | ITER: 19 START
2020-04-09 05:18:38.403 3124 INFO rally.task.runner [-] Task 1dc27f24-047b-43c6-854b-7cb756b12520 | ITER: 20 START
2020-04-09 05:18:39.146 3074 RALLYDEBUG rally_openstack.wrappers.network [-] CIDR generated: 1.1.6.224/30
2020-04-09 05:18:39.202 3075 RALLYDEBUG rally_openstack.wrappers.network [-] CIDR generated: 1.1.6.228/30
2020-04-09 05:18:39.308 3089 RALLYDEBUG rally_openstack.wrappers.network [-] CIDR generated: 1.1.6.232/30
2020-04-09 05:18:39.413 3104 RALLYDEBUG rally_openstack.wrappers.network [-] CIDR generated: 1.1.6.236/30
2020-04-09 05:18:39.525 3076 RALLYDEBUG rally_openstack.wrappers.network [-] CIDR generated: 1.1.6.240/30
2020-04-09 05:18:39.532 3124 RALLYDEBUG rally_openstack.wrappers.network [-] CIDR generated: 1.1.6.244/30
2020-04-09 05:18:39.542 3083 RALLYDEBUG rally_openstack.wrappers.network [-] CIDR generated: 1.1.6.248/30
2020-04-09 05:18:39.595 3107 RALLYDEBUG rally_openstack.wrappers.network [-] CIDR generated: 1.1.6.252/30
2020-04-09 05:18:39.697 3095 RALLYDEBUG rally_openstack.wrappers.network [-] CIDR generated: 1.1.7.0/30
2020-04-09 05:18:39.751 3080 RALLYDEBUG rally_openstack.wrappers.network [-] CIDR generated: 1.1.7.4/30
2020-04-09 05:18:39.785 3110 RALLYDEBUG rally_openstack.wrappers.network [-] CIDR generated: 1.1.7.8/30
2020-04-09 05:18:39.800 3120 RALLYDEBUG rally_openstack.wrappers.network [-] CIDR generated: 1.1.7.12/30
2020-04-09 05:18:39.837 3113 RALLYDEBUG rally_openstack.wrappers.network [-] CIDR generated: 1.1.7.16/30
2020-04-09 05:18:39.839 3073 RALLYDEBUG rally_openstack.wrappers.network [-] CIDR generated: 1.1.7.20/30
2020-04-09 05:18:39.856 3077 RALLYDEBUG rally_openstack.wrappers.network [-] CIDR generated: 1.1.7.24/30
2020-04-09 05:18:39.875 3101 RALLYDEBUG rally_openstack.wrappers.network [-] CIDR generated: 1.1.7.28/30
2020-04-09 05:18:39.974 3092 RALLYDEBUG rally_openstack.wrappers.network [-] CIDR generated: 1.1.7.32/30
2020-04-09 05:18:40.068 3086 RALLYDEBUG rally_openstack.wrappers.network [-] CIDR generated: 1.1.7.36/30
2020-04-09 05:18:40.194 3116 RALLYDEBUG rally_openstack.wrappers.network [-] CIDR generated: 1.1.7.40/30
2020-04-09 05:18:40.401 3089 RALLYDEBUG rally_openstack.wrappers.network [-] CIDR generated: 1.1.7.44/30
2020-04-09 05:18:40.582 3120 RALLYDEBUG rally_openstack.wrappers.network [-] CIDR generated: 1.1.7.48/30
2020-04-09 05:18:40.662 3077 RALLYDEBUG rally_openstack.wrappers.network [-] CIDR generated: 1.1.7.52/30
2020-04-09 05:18:40.729 3075 RALLYDEBUG rally_openstack.wrappers.network [-] CIDR generated: 1.1.7.56/30
2020-04-09 05:18:40.872 3113 RALLYDEBUG rally_openstack.wrappers.network [-] CIDR generated: 1.1.7.60/30
2020-04-09 05:18:40.955 3098 RALLYDEBUG rally_openstack.wrappers.network [-] CIDR generated: 1.1.7.64/30
2020-04-09 05:18:41.262 3080 RALLYDEBUG rally_openstack.wrappers.network [-] CIDR generated: 1.1.7.68/30
2020-04-09 05:18:41.479 3095 RALLYDEBUG rally_openstack.wrappers.network [-] CIDR generated: 1.1.7.72/30
2020-04-09 05:18:41.502 3101 RALLYDEBUG rally_openstack.wrappers.network [-] CIDR generated: 1.1.7.76/30
2020-04-09 05:18:41.544 3086 RALLYDEBUG rally_openstack.wrappers.network [-] CIDR generated: 1.1.7.80/30
2020-04-09 05:18:41.609 3104 RALLYDEBUG rally_openstack.wrappers.network [-] CIDR generated: 1.1.7.84/30
2020-04-09 05:18:41.819 3073 RALLYDEBUG rally_openstack.wrappers.network [-] CIDR generated: 1.1.7.88/30
2020-04-09 05:18:41.889 3116 RALLYDEBUG rally_openstack.wrappers.network [-] CIDR generated: 1.1.7.92/30
2020-04-09 05:18:42.236 3074 RALLYDEBUG rally_openstack.wrappers.network [-] CIDR generated: 1.1.7.96/30
2020-04-09 05:18:42.281 3098 RALLYDEBUG rally_openstack.wrappers.network [-] CIDR generated: 1.1.7.100/30
2020-04-09 05:18:42.318 3124 RALLYDEBUG rally_openstack.wrappers.network [-] CIDR generated: 1.1.7.104/30
2020-04-09 05:18:42.369 3076 RALLYDEBUG rally_openstack.wrappers.network [-] CIDR generated: 1.1.7.108/30
2020-04-09 05:18:42.559 3092 RALLYDEBUG rally_openstack.wrappers.network [-] CIDR generated: 1.1.7.112/30
2020-04-09 05:18:42.725 3107 RALLYDEBUG rally_openstack.wrappers.network [-] CIDR generated: 1.1.7.116/30
2020-04-09 05:18:42.727 3083 RALLYDEBUG rally_openstack.wrappers.network [-] CIDR generated: 1.1.7.120/30
2020-04-09 05:18:42.737 3110 RALLYDEBUG rally_openstack.wrappers.network [-] CIDR generated: 1.1.7.124/30
2020-04-09 05:18:59.695 3074 INFO rally.task.runner [-] Task 1dc27f24-047b-43c6-854b-7cb756b12520 | ITER: 2 END: OK
2020-04-09 05:18:59.700 3074 INFO rally.task.runner [-] Task 1dc27f24-047b-43c6-854b-7cb756b12520 | ITER: 21 START
2020-04-09 05:19:01.008 3074 RALLYDEBUG rally_openstack.wrappers.network [-] CIDR generated: 1.1.7.128/30
2020-04-09 05:19:02.637 3074 RALLYDEBUG rally_openstack.wrappers.network [-] CIDR generated: 1.1.7.132/30
2020-04-09 05:19:03.303 3095 INFO rally.task.runner [-] Task 1dc27f24-047b-43c6-854b-7cb756b12520 | ITER: 11 END: OK
2020-04-09 05:19:03.309 3095 INFO rally.task.runner [-] Task 1dc27f24-047b-43c6-854b-7cb756b12520 | ITER: 22 START
2020-04-09 05:19:03.826 3095 RALLYDEBUG rally_openstack.wrappers.network [-] CIDR generated: 1.1.7.136/30
2020-04-09 05:19:05.299 3095 RALLYDEBUG rally_openstack.wrappers.network [-] CIDR generated: 1.1.7.140/30
2020-04-09 05:19:07.284 3120 INFO rally.task.runner [-] Task 1dc27f24-047b-43c6-854b-7cb756b12520 | ITER: 19 END: OK
2020-04-09 05:19:07.293 3120 INFO rally.task.runner [-] Task 1dc27f24-047b-43c6-854b-7cb756b12520 | ITER: 23 START
2020-04-09 05:19:07.804 3120 RALLYDEBUG rally_openstack.wrappers.network [-] CIDR generated: 1.1.7.144/30
2020-04-09 05:19:08.478 3120 RALLYDEBUG rally_openstack.wrappers.network [-] CIDR generated: 1.1.7.148/30
2020-04-09 05:19:09.538 3104 INFO rally.task.runner [-] Task 1dc27f24-047b-43c6-854b-7cb756b12520 | ITER: 14 END: OK
2020-04-09 05:19:09.547 3104 INFO rally.task.runner [-] Task 1dc27f24-047b-43c6-854b-7cb756b12520 | ITER: 24 START
2020-04-09 05:19:10.436 3089 INFO rally.task.runner [-] Task 1dc27f24-047b-43c6-854b-7cb756b12520 | ITER: 9 END: OK
2020-04-09 05:19:10.443 3089 INFO rally.task.runner [-] Task 1dc27f24-047b-43c6-854b-7cb756b12520 | ITER: 25 START
2020-04-09 05:19:11.102 3075 INFO rally.task.runner [-] Task 1dc27f24-047b-43c6-854b-7cb756b12520 | ITER: 3 END: OK
2020-04-09 05:19:11.109 3075 INFO rally.task.runner [-] Task 1dc27f24-047b-43c6-854b-7cb756b12520 | ITER: 26 START
2020-04-09 05:19:11.148 3104 RALLYDEBUG rally_openstack.wrappers.network [-] CIDR generated: 1.1.7.152/30
2020-04-09 05:19:11.262 3089 RALLYDEBUG rally_openstack.wrappers.network [-] CIDR generated: 1.1.7.156/30
2020-04-09 05:19:11.653 3107 INFO rally.task.runner [-] Task 1dc27f24-047b-43c6-854b-7cb756b12520 | ITER: 15 END: OK
2020-04-09 05:19:11.662 3107 INFO rally.task.runner [-] Task 1dc27f24-047b-43c6-854b-7cb756b12520 | ITER: 27 START
2020-04-09 05:19:11.934 3104 RALLYDEBUG rally_openstack.wrappers.network [-] CIDR generated: 1.1.7.160/30
2020-04-09 05:19:12.272 3075 RALLYDEBUG rally_openstack.wrappers.network [-] CIDR generated: 1.1.7.164/30
2020-04-09 05:19:12.921 3107 RALLYDEBUG rally_openstack.wrappers.network [-] CIDR generated: 1.1.7.168/30
2020-04-09 05:19:13.380 3075 RALLYDEBUG rally_openstack.wrappers.network [-] CIDR generated: 1.1.7.172/30
2020-04-09 05:19:13.672 3110 INFO rally.task.runner [-] Task 1dc27f24-047b-43c6-854b-7cb756b12520 | ITER: 16 END: OK
2020-04-09 05:19:13.679 3110 INFO rally.task.runner [-] Task 1dc27f24-047b-43c6-854b-7cb756b12520 | ITER: 28 START
2020-04-09 05:19:13.700 3107 RALLYDEBUG rally_openstack.wrappers.network [-] CIDR generated: 1.1.7.176/30
2020-04-09 05:19:14.512 3089 RALLYDEBUG rally_openstack.wrappers.network [-] CIDR generated: 1.1.7.180/30
2020-04-09 05:19:14.597 3101 INFO rally.task.runner [-] Task 1dc27f24-047b-43c6-854b-7cb756b12520 | ITER: 13 END: OK
2020-04-09 05:19:14.605 3101 INFO rally.task.runner [-] Task 1dc27f24-047b-43c6-854b-7cb756b12520 | ITER: 29 START
2020-04-09 05:19:15.217 3101 RALLYDEBUG rally_openstack.wrappers.network [-] CIDR generated: 1.1.7.184/30
2020-04-09 05:19:15.609 3110 RALLYDEBUG rally_openstack.wrappers.network [-] CIDR generated: 1.1.7.188/30
2020-04-09 05:19:16.004 3098 INFO rally.task.runner [-] Task 1dc27f24-047b-43c6-854b-7cb756b12520 | ITER: 12 END: OK
2020-04-09 05:19:16.013 3098 INFO rally.task.runner [-] Task 1dc27f24-047b-43c6-854b-7cb756b12520 | ITER: 30 START
2020-04-09 05:19:16.962 3098 RALLYDEBUG rally_openstack.wrappers.network [-] CIDR generated: 1.1.7.192/30
2020-04-09 05:19:17.094 3110 RALLYDEBUG rally_openstack.wrappers.network [-] CIDR generated: 1.1.7.196/30
2020-04-09 05:19:17.770 3101 RALLYDEBUG rally_openstack.wrappers.network [-] CIDR generated: 1.1.7.200/30
2020-04-09 05:19:18.438 3098 RALLYDEBUG rally_openstack.wrappers.network [-] CIDR generated: 1.1.7.204/30
2020-04-09 05:19:18.781 3077 INFO rally.task.runner [-] Task 1dc27f24-047b-43c6-854b-7cb756b12520 | ITER: 5 END: OK
2020-04-09 05:19:18.789 3077 INFO rally.task.runner [-] Task 1dc27f24-047b-43c6-854b-7cb756b12520 | ITER: 31 START
2020-04-09 05:19:20.269 3077 RALLYDEBUG rally_openstack.wrappers.network [-] CIDR generated: 1.1.7.208/30
2020-04-09 05:19:20.364 3116 INFO rally.task.runner [-] Task 1dc27f24-047b-43c6-854b-7cb756b12520 | ITER: 18 END: OK
2020-04-09 05:19:20.372 3116 INFO rally.task.runner [-] Task 1dc27f24-047b-43c6-854b-7cb756b12520 | ITER: 32 START
2020-04-09 05:19:21.039 3116 RALLYDEBUG rally_openstack.wrappers.network [-] CIDR generated: 1.1.7.212/30
2020-04-09 05:19:21.144 3077 RALLYDEBUG rally_openstack.wrappers.network [-] CIDR generated: 1.1.7.216/30
2020-04-09 05:19:21.889 3073 INFO rally.task.runner [-] Task 1dc27f24-047b-43c6-854b-7cb756b12520 | ITER: 1 END: OK
2020-04-09 05:19:21.896 3073 INFO rally.task.runner [-] Task 1dc27f24-047b-43c6-854b-7cb756b12520 | ITER: 33 START
2020-04-09 05:19:22.517 3083 INFO rally.task.runner [-] Task 1dc27f24-047b-43c6-854b-7cb756b12520 | ITER: 7 END: OK
2020-04-09 05:19:22.523 3083 INFO rally.task.runner [-] Task 1dc27f24-047b-43c6-854b-7cb756b12520 | ITER: 34 START
2020-04-09 05:19:22.564 3086 INFO rally.task.runner [-] Task 1dc27f24-047b-43c6-854b-7cb756b12520 | ITER: 8 END: OK
2020-04-09 05:19:22.570 3086 INFO rally.task.runner [-] Task 1dc27f24-047b-43c6-854b-7cb756b12520 | ITER: 35 START
2020-04-09 05:19:22.643 3073 RALLYDEBUG rally_openstack.wrappers.network [-] CIDR generated: 1.1.7.220/30
2020-04-09 05:19:23.339 3116 RALLYDEBUG rally_openstack.wrappers.network [-] CIDR generated: 1.1.7.224/30
2020-04-09 05:19:23.707 3086 RALLYDEBUG rally_openstack.wrappers.network [-] CIDR generated: 1.1.7.228/30
2020-04-09 05:19:23.908 3083 RALLYDEBUG rally_openstack.wrappers.network [-] CIDR generated: 1.1.7.232/30
2020-04-09 05:19:25.014 3073 RALLYDEBUG rally_openstack.wrappers.network [-] CIDR generated: 1.1.7.236/30
2020-04-09 05:19:25.388 3086 RALLYDEBUG rally_openstack.wrappers.network [-] CIDR generated: 1.1.7.240/30
2020-04-09 05:19:25.901 3083 RALLYDEBUG rally_openstack.wrappers.network [-] CIDR generated: 1.1.7.244/30
2020-04-09 05:19:27.165 3080 INFO rally.task.runner [-] Task 1dc27f24-047b-43c6-854b-7cb756b12520 | ITER: 6 END: OK
2020-04-09 05:19:27.174 3080 INFO rally.task.runner [-] Task 1dc27f24-047b-43c6-854b-7cb756b12520 | ITER: 36 START
2020-04-09 05:19:28.331 3113 INFO rally.task.runner [-] Task 1dc27f24-047b-43c6-854b-7cb756b12520 | ITER: 17 END: OK
2020-04-09 05:19:28.340 3113 INFO rally.task.runner [-] Task 1dc27f24-047b-43c6-854b-7cb756b12520 | ITER: 37 START
2020-04-09 05:19:28.674 3080 RALLYDEBUG rally_openstack.wrappers.network [-] CIDR generated: 1.1.7.248/30
2020-04-09 05:19:30.350 3113 RALLYDEBUG rally_openstack.wrappers.network [-] CIDR generated: 1.1.7.252/30
2020-04-09 05:19:30.641 3080 RALLYDEBUG rally_openstack.wrappers.network [-] CIDR generated: 1.1.8.0/30
2020-04-09 05:19:30.710 3092 INFO rally.task.runner [-] Task 1dc27f24-047b-43c6-854b-7cb756b12520 | ITER: 10 END: OK
2020-04-09 05:19:30.717 3092 INFO rally.task.runner [-] Task 1dc27f24-047b-43c6-854b-7cb756b12520 | ITER: 38 START
2020-04-09 05:19:31.395 3092 RALLYDEBUG rally_openstack.wrappers.network [-] CIDR generated: 1.1.8.4/30
2020-04-09 05:19:32.077 3113 RALLYDEBUG rally_openstack.wrappers.network [-] CIDR generated: 1.1.8.8/30
2020-04-09 05:19:32.881 3074 INFO rally.task.runner [-] Task 1dc27f24-047b-43c6-854b-7cb756b12520 | ITER: 21 END: OK
2020-04-09 05:19:32.888 3074 INFO rally.task.runner [-] Task 1dc27f24-047b-43c6-854b-7cb756b12520 | ITER: 39 START
2020-04-09 05:19:33.521 3074 RALLYDEBUG rally_openstack.wrappers.network [-] CIDR generated: 1.1.8.12/30
2020-04-09 05:19:33.864 3092 RALLYDEBUG rally_openstack.wrappers.network [-] CIDR generated: 1.1.8.16/30
2020-04-09 05:19:35.295 3095 INFO rally.task.runner [-] Task 1dc27f24-047b-43c6-854b-7cb756b12520 | ITER: 22 END: OK
2020-04-09 05:19:35.302 3095 INFO rally.task.runner [-] Task 1dc27f24-047b-43c6-854b-7cb756b12520 | ITER: 40 START
2020-04-09 05:19:35.766 3095 RALLYDEBUG rally_openstack.wrappers.network [-] CIDR generated: 1.1.8.20/30
2020-04-09 05:19:36.568 3074 RALLYDEBUG rally_openstack.wrappers.network [-] CIDR generated: 1.1.8.24/30
2020-04-09 05:19:36.902 3089 INFO rally.task.runner [-] Task 1dc27f24-047b-43c6-854b-7cb756b12520 | ITER: 25 END: OK
2020-04-09 05:19:37.001 3095 RALLYDEBUG rally_openstack.wrappers.network [-] CIDR generated: 1.1.8.28/30
2020-04-09 05:19:37.995 3124 INFO rally.task.runner [-] Task 1dc27f24-047b-43c6-854b-7cb756b12520 | ITER: 20 END: OK
2020-04-09 05:19:38.000 3076 INFO rally.task.runner [-] Task 1dc27f24-047b-43c6-854b-7cb756b12520 | ITER: 4 END: OK
2020-04-09 05:19:40.624 3104 INFO rally.task.runner [-] Task 1dc27f24-047b-43c6-854b-7cb756b12520 | ITER: 24 END: OK
2020-04-09 05:19:45.911 3098 INFO rally.task.runner [-] Task 1dc27f24-047b-43c6-854b-7cb756b12520 | ITER: 30 END: OK
2020-04-09 05:19:48.031 3110 INFO rally.task.runner [-] Task 1dc27f24-047b-43c6-854b-7cb756b12520 | ITER: 28 END: OK
2020-04-09 05:19:50.738 3101 INFO rally.task.runner [-] Task 1dc27f24-047b-43c6-854b-7cb756b12520 | ITER: 29 END: OK
2020-04-09 05:19:51.230 3080 INFO rally.task.runner [-] Task 1dc27f24-047b-43c6-854b-7cb756b12520 | ITER: 36 END: OK
2020-04-09 05:19:54.340 3077 INFO rally.task.runner [-] Task 1dc27f24-047b-43c6-854b-7cb756b12520 | ITER: 31 END: OK
2020-04-09 05:19:57.132 3120 INFO rally.task.runner [-] Task 1dc27f24-047b-43c6-854b-7cb756b12520 | ITER: 23 END: OK
2020-04-09 05:19:58.859 3092 INFO rally.task.runner [-] Task 1dc27f24-047b-43c6-854b-7cb756b12520 | ITER: 38 END: OK
2020-04-09 05:20:01.106 3086 INFO rally.task.runner [-] Task 1dc27f24-047b-43c6-854b-7cb756b12520 | ITER: 35 END: OK
2020-04-09 05:20:03.767 3095 INFO rally.task.runner [-] Task 1dc27f24-047b-43c6-854b-7cb756b12520 | ITER: 40 END: OK
2020-04-09 05:20:05.821 3073 INFO rally.task.runner [-] Task 1dc27f24-047b-43c6-854b-7cb756b12520 | ITER: 33 END: OK
2020-04-09 05:20:06.202 3113 INFO rally.task.runner [-] Task 1dc27f24-047b-43c6-854b-7cb756b12520 | ITER: 37 END: OK
2020-04-09 05:20:07.210 3075 INFO rally.task.runner [-] Task 1dc27f24-047b-43c6-854b-7cb756b12520 | ITER: 26 END: OK
2020-04-09 05:20:07.214 3107 INFO rally.task.runner [-] Task 1dc27f24-047b-43c6-854b-7cb756b12520 | ITER: 27 END: OK
2020-04-09 05:20:08.833 3116 INFO rally.task.runner [-] Task 1dc27f24-047b-43c6-854b-7cb756b12520 | ITER: 32 END: OK
2020-04-09 05:20:10.302 3083 INFO rally.task.runner [-] Task 1dc27f24-047b-43c6-854b-7cb756b12520 | ITER: 34 END: OK
2020-04-09 05:20:12.148 3074 INFO rally.task.runner [-] Task 1dc27f24-047b-43c6-854b-7cb756b12520 | ITER: 39 END: OK
2020-04-09 05:20:12.174 15 INFO rally.task.context [-] Task 1dc27f24-047b-43c6-854b-7cb756b12520 | Context cleanup@openstack cleanup() started
2020-04-09 05:20:12.180 15 RALLYDEBUG rally_openstack.cleanup.manager [-] Cleaning up neutron vip objects
2020-04-09 05:20:12.390 15 RALLYDEBUG rally_openstack.cleanup.manager [-] Cleaning up neutron health_monitor objects
2020-04-09 05:20:12.576 15 RALLYDEBUG rally_openstack.cleanup.manager [-] Cleaning up neutron pool objects
2020-04-09 05:20:12.775 15 RALLYDEBUG rally_openstack.cleanup.manager [-] Cleaning up neutron loadbalancer objects
2020-04-09 05:20:13.002 15 RALLYDEBUG rally_openstack.cleanup.manager [-] Cleaning up neutron floatingip objects
2020-04-09 05:20:13.223 15 RALLYDEBUG rally_openstack.cleanup.manager [-] Cleaning up neutron trunk objects
2020-04-09 05:20:13.547 15 DEBUG neutronclient.v2_0.client [-] Error message: {"NeutronError": {"message": "Invalid input for operation: 'tenant_id' is not supported for filtering.", "type": "InvalidInput", "detail": ""}} _handle_fault_response /usr/lib/python2.7/site-packages/neutronclient/v2_0/client.py:259
2020-04-09 05:20:13.579 15 DEBUG neutronclient.v2_0.client [-] Error message: {"NeutronError": {"message": "Invalid input for operation: 'tenant_id' is not supported for filtering.", "type": "InvalidInput", "detail": ""}} _handle_fault_response /usr/lib/python2.7/site-packages/neutronclient/v2_0/client.py:259
2020-04-09 05:20:13.612 15 DEBUG neutronclient.v2_0.client [-] Error message: {"NeutronError": {"message": "Invalid input for operation: 'tenant_id' is not supported for filtering.", "type": "InvalidInput", "detail": ""}} _handle_fault_response /usr/lib/python2.7/site-packages/neutronclient/v2_0/client.py:259
2020-04-09 05:20:13.613 15 ERROR rally_openstack.cleanup.manager [-] Seems like rally_openstack.cleanup.resources.NeutronTrunk.list(self) method is broken. It shouldn't raise any exceptions.: BadRequest: Invalid input for operation: 'tenant_id' is not supported for filtering. Neutron server returns request_ids: ['req-3424f073-28f5-43e2-9c2c-545062da1e80']
2020-04-09 05:20:13.613 15 ERROR rally_openstack.cleanup.manager
Traceback (most recent call last):
2020-04-09 05:20:13.613 15 ERROR rally_openstack.cleanup.manager
File "/usr/lib/python2.7/site-packages/rally_openstack/cleanup/manager.py", line 133, in _publish
2020-04-09 05:20:13.613 15 ERROR rally_openstack.cleanup.manager for raw_resource in rutils.retry(3, manager.list):
2020-04-09 05:20:13.613 15 ERROR rally_openstack.cleanup.manager
File "/usr/lib/python2.7/site-packages/rally/common/utils.py", line 230, in retry
2020-04-09 05:20:13.613 15 ERROR rally_openstack.cleanup.manager return func(*args, **kwargs)
2020-04-09 05:20:13.613 15 ERROR rally_openstack.cleanup.manager
File "/usr/lib/python2.7/site-packages/rally_openstack/cleanup/resources.py", line 396, in list
2020-04-09 05:20:13.613 15 ERROR rally_openstack.cleanup.manager return super(NeutronTrunk, self).list()
2020-04-09 05:20:13.613 15 ERROR rally_openstack.cleanup.manager
File "/usr/lib/python2.7/site-packages/rally_openstack/cleanup/resources.py", line 273, in list
2020-04-09 05:20:13.613 15 ERROR rally_openstack.cleanup.manager result = list_method(tenant_id=self.tenant_uuid)[resources]
2020-04-09 05:20:13.613 15 ERROR rally_openstack.cleanup.manager
File "/usr/lib/python2.7/site-packages/neutronclient/v2_0/client.py", line 2105, in list_trunks
2020-04-09 05:20:13.613 15 ERROR rally_openstack.cleanup.manager **_params)
2020-04-09 05:20:13.613 15 ERROR rally_openstack.cleanup.manager
File "/usr/lib/python2.7/site-packages/neutronclient/v2_0/client.py", line 369, in list
2020-04-09 05:20:13.613 15 ERROR rally_openstack.cleanup.manager for r in self._pagination(collection, path, **params):
2020-04-09 05:20:13.613 15 ERROR rally_openstack.cleanup.manager
File "/usr/lib/python2.7/site-packages/neutronclient/v2_0/client.py", line 384, in _pagination
2020-04-09 05:20:13.613 15 ERROR rally_openstack.cleanup.manager res = self.get(path, params=params)
2020-04-09 05:20:13.613 15 ERROR rally_openstack.cleanup.manager
File "/usr/lib/python2.7/site-packages/neutronclient/v2_0/client.py", line 354, in get
2020-04-09 05:20:13.613 15 ERROR rally_openstack.cleanup.manager headers=headers, params=params)
2020-04-09 05:20:13.613 15 ERROR rally_openstack.cleanup.manager
File "/usr/lib/python2.7/site-packages/neutronclient/v2_0/client.py", line 331, in retry_request
2020-04-09 05:20:13.613 15 ERROR rally_openstack.cleanup.manager headers=headers, params=params)
2020-04-09 05:20:13.613 15 ERROR rally_openstack.cleanup.manager
File "/usr/lib/python2.7/site-packages/neutronclient/v2_0/client.py", line 294, in do_request
2020-04-09 05:20:13.613 15 ERROR rally_openstack.cleanup.manager self._handle_fault_response(status_code, replybody, resp)
2020-04-09 05:20:13.613 15 ERROR rally_openstack.cleanup.manager
File "/usr/lib/python2.7/site-packages/neutronclient/v2_0/client.py", line 269, in _handle_fault_response
2020-04-09 05:20:13.613 15 ERROR rally_openstack.cleanup.manager exception_handler_v20(status_code, error_body)
2020-04-09 05:20:13.613 15 ERROR rally_openstack.cleanup.manager
File "/usr/lib/python2.7/site-packages/neutronclient/v2_0/client.py", line 93, in exception_handler_v20
2020-04-09 05:20:13.613 15 ERROR rally_openstack.cleanup.manager request_ids=request_ids)
2020-04-09 05:20:13.613 15 ERROR rally_openstack.cleanup.manager BadRequest: Invalid input for operation: 'tenant_id' is not supported for filtering.
2020-04-09 05:20:13.613 15 ERROR rally_openstack.cleanup.manager Neutron server returns request_ids: ['req-3424f073-28f5-43e2-9c2c-545062da1e80']
2020-04-09 05:20:13.613 15 ERROR rally_openstack.cleanup.manager
2020-04-09 05:20:13.623 15 RALLYDEBUG rally_openstack.cleanup.manager [-] Cleaning up neutron port objects
2020-04-09 05:20:14.665 15 RALLYDEBUG rally_openstack.cleanup.manager [-] Deleting neutron.port object s_rally_70e26133_iMMwVcny (00457f5b-97f1-43db-815d-d6124033b206)
2020-04-09 05:20:14.669 15 RALLYDEBUG rally_openstack.cleanup.manager [-] Deleting neutron.port object s_rally_70e26133_Vp6UHiaR (040384b3-7b94-4f37-9742-9bf5dee3f8cc)
2020-04-09 05:20:14.668 15 RALLYDEBUG rally_openstack.cleanup.manager [-] Deleting neutron.port object s_rally_70e26133_JIj1zloa (05300b47-b667-46e6-b62b-25be16ab2612)
2020-04-09 05:20:14.686 15 RALLYDEBUG rally_openstack.cleanup.manager [-] Deleting neutron.port object s_rally_70e26133_2WVxGDJg (121711af-5fe0-4997-bf21-570405b142fb)
2020-04-09 05:20:14.689 15 RALLYDEBUG rally_openstack.cleanup.manager [-] Deleting neutron.port object s_rally_70e26133_FzXInEDq (01e019b5-c286-4f89-976f-779e981aeaa9)
2020-04-09 05:20:14.725 15 RALLYDEBUG rally_openstack.cleanup.manager [-] Deleting neutron.port object s_rally_70e26133_P7PoK162 (0ea975a8-49a9-42d5-86f3-e3a8a0f95c4c)
2020-04-09 05:20:14.723 15 RALLYDEBUG rally_openstack.cleanup.manager [-] Deleting neutron.port object s_rally_70e26133_pKSm6FJH (0a3808b4-fc3d-4503-8eb0-4d7c87f61501)
2020-04-09 05:20:14.762 15 RALLYDEBUG rally_openstack.cleanup.manager [-] Deleting neutron.port object s_rally_70e26133_d96DYv84 (1d12393c-b65b-4517-bbfa-4af0bb919b2c)
2020-04-09 05:20:14.767 15 RALLYDEBUG rally_openstack.cleanup.manager [-] Deleting neutron.port object s_rally_70e26133_6JhYoLiu (190bf386-bd69-466b-b1cd-f71c2c166b29)
2020-04-09 05:20:14.779 15 RALLYDEBUG rally_openstack.cleanup.manager [-] Deleting neutron.port object s_rally_70e26133_WJo88uma (1c98383f-b2ff-4eb9-b381-80aec11203b7)
2020-04-09 05:20:14.789 15 RALLYDEBUG rally_openstack.cleanup.manager [-] Deleting neutron.port object s_rally_70e26133_MmgqzxFO (2b43d86e-3251-4996-a5a8-b8cdf9d3ac75)
2020-04-09 05:20:14.796 15 RALLYDEBUG rally_openstack.cleanup.manager [-] Deleting neutron.port object s_rally_70e26133_9LAJCQrg (2f03c15a-7a3e-493d-a2df-73c5b32fe46b)
2020-04-09 05:20:14.803 15 RALLYDEBUG rally_openstack.cleanup.manager [-] Deleting neutron.port object s_rally_70e26133_PIZqlxFx (25dad1eb-6a85-4784-a71f-7c9b72ec74bd)
2020-04-09 05:20:14.809 15 RALLYDEBUG rally_openstack.cleanup.manager [-] Deleting neutron.port object s_rally_70e26133_nn7WvelS (34aa6133-7276-42b9-96d5-ecd88afa0a65)
2020-04-09 05:20:14.824 15 RALLYDEBUG rally_openstack.cleanup.manager [-] Deleting neutron.port object s_rally_70e26133_Uw2JuKmT (38ef82b2-6559-4647-a76b-8a96e9be12fb)
2020-04-09 05:20:14.851 15 RALLYDEBUG rally_openstack.cleanup.manager [-] Deleting neutron.port object s_rally_70e26133_uD9DpLT7 (3b937148-ae1b-4710-9353-c4567a525ebb)
2020-04-09 05:20:14.864 15 RALLYDEBUG rally_openstack.cleanup.manager [-] Deleting neutron.port object s_rally_70e26133_iWBYdfsg (3b88bad2-b75c-4e55-9897-71c747a12c5a)
2020-04-09 05:20:14.901 15 RALLYDEBUG rally_openstack.cleanup.manager [-] Deleting neutron.port object s_rally_70e26133_MIGEIeJi (3d4fa033-e855-4fdb-bbf7-32ac5eae9aeb)
2020-04-09 05:20:14.905 15 RALLYDEBUG rally_openstack.cleanup.manager [-] Deleting neutron.port object s_rally_70e26133_RqqF7bz2 (3bbabd56-dadd-4c39-863d-455a59a70cc4)
2020-04-09 05:20:14.930 15 RALLYDEBUG rally_openstack.cleanup.manager [-] Deleting neutron.port object s_rally_70e26133_Hb0CnW6A (3c40b781-5114-4505-ac40-923d44074b14)
2020-04-09 05:20:18.084 15 RALLYDEBUG rally_openstack.cleanup.manager [-] Deleting neutron.port object s_rally_70e26133_ivRJL6QU (3d5b5221-e2f8-4ab5-a542-cbde84796c05)
2020-04-09 05:20:18.610 15 RALLYDEBUG rally_openstack.cleanup.manager [-] Deleting neutron.port object s_rally_70e26133_IGWPHxEN (4021a6e6-714e-4fa0-aa6d-1c54a763aa39)
2020-04-09 05:20:19.537 15 RALLYDEBUG rally_openstack.cleanup.manager [-] Deleting neutron.port object s_rally_70e26133_JstjL3AP (4794c08b-cfca-4f97-8dbe-cd826dbbfdb2)
2020-04-09 05:20:19.543 15 RALLYDEBUG rally_openstack.cleanup.manager [-] Deleting neutron.port object s_rally_70e26133_9sJsY07k (488f56f7-27b7-4e80-8a28-f1b6b3c09b63)
2020-04-09 05:20:19.622 15 RALLYDEBUG rally_openstack.cleanup.manager [-] Deleting neutron.port object s_rally_70e26133_nXTzIAVB (4b1cf29b-4393-4610-af8e-27c1d4cefb2d)
2020-04-09 05:20:19.748 15 RALLYDEBUG rally_openstack.cleanup.manager [-] Deleting neutron.port object s_rally_70e26133_67G0ugEk (52728bd7-6f70-4c13-a4fc-a05396deb984)
2020-04-09 05:20:20.097 15 RALLYDEBUG rally_openstack.cleanup.manager [-] Deleting neutron.port object s_rally_70e26133_qEv92yq1 (56b468c0-16d7-4bb7-9334-faf91c3e4dc2)
2020-04-09 05:20:20.173 15 RALLYDEBUG rally_openstack.cleanup.manager [-] Deleting neutron.port object s_rally_70e26133_UzzmgEQS (570216d4-5fe7-4ef5-9aec-d0a4b1c747a6)
2020-04-09 05:20:20.186 15 RALLYDEBUG rally_openstack.cleanup.manager [-] Deleting neutron.port object s_rally_70e26133_1YZAMvfS (59926abe-5827-4d5d-8714-5360419e43fd)
2020-04-09 05:20:20.253 15 RALLYDEBUG rally_openstack.cleanup.manager [-] Deleting neutron.port object s_rally_70e26133_Q9zlykQq (5a99f223-8aca-4675-b2bb-dbd739225d3b)
2020-04-09 05:20:20.851 15 RALLYDEBUG rally_openstack.cleanup.manager [-] Deleting neutron.port object s_rally_70e26133_o9SO3NRi (5cba89b2-3744-4594-81c0-0ccbf67d2c79)
2020-04-09 05:20:21.019 15 RALLYDEBUG rally_openstack.cleanup.manager [-] Deleting neutron.port object s_rally_70e26133_SxD1ngyn (62b5b664-4f58-48bb-bf4d-605e4ee40ff4)
2020-04-09 05:20:21.056 15 RALLYDEBUG rally_openstack.cleanup.manager [-] Deleting neutron.port object s_rally_70e26133_FqOvqULT (65196c15-0750-49d7-8299-f72fb4f5a13b)
2020-04-09 05:20:21.765 15 RALLYDEBUG rally_openstack.cleanup.manager [-] Deleting neutron.port object s_rally_70e26133_JaIKz2sm (69230cae-571b-441c-9ce4-e62b19033803)
2020-04-09 05:20:22.338 15 RALLYDEBUG rally_openstack.cleanup.manager [-] Deleting neutron.port object s_rally_70e26133_FY3cLso9 (6a19435b-35ae-4533-9461-3fdf689289f9)
2020-04-09 05:20:22.711 15 RALLYDEBUG rally_openstack.cleanup.manager [-] Deleting neutron.port object s_rally_70e26133_comRGHOe (6c5c5288-ea17-4157-bed4-9ad560d59af2)
2020-04-09 05:20:23.675 15 RALLYDEBUG rally_openstack.cleanup.manager [-] Deleting neutron.port object s_rally_70e26133_MTAYA2Rq (6f0a2bb8-2e0a-4a59-9ed1-87847e28c9fc)
2020-04-09 05:20:24.351 15 RALLYDEBUG rally_openstack.cleanup.manager [-] Deleting neutron.port object s_rally_70e26133_354jXebW (70c552c8-8b48-4fd5-ad87-220d8c7a9d51)
2020-04-09 05:20:25.787 15 RALLYDEBUG rally_openstack.cleanup.manager [-] Deleting neutron.port object s_rally_70e26133_mOCVA1j5 (75977c1f-1a7f-499b-a57c-5f7435277a0f)
2020-04-09 05:20:25.897 15 RALLYDEBUG rally_openstack.cleanup.manager [-] Deleting neutron.port object s_rally_70e26133_K0fBAvLs (7b7a99fe-80f8-44d7-8712-b807397d80e4)
2020-04-09 05:20:25.902 15 RALLYDEBUG rally_openstack.cleanup.manager [-] Deleting neutron.port object s_rally_70e26133_vF9ZAxFB (7b927514-129e-4b8d-b99e-9d037bfde381)
2020-04-09 05:20:25.966 15 RALLYDEBUG rally_openstack.cleanup.manager [-] Deleting neutron.port object s_rally_70e26133_EZ4zejEt (7f9be165-53ab-44d8-a3c0-9528fa609d2d)
2020-04-09 05:20:25.974 15 RALLYDEBUG rally_openstack.cleanup.manager [-] Deleting neutron.port object s_rally_70e26133_reSFUUcK (8546142b-cb49-4deb-8376-5ffa1363085a)
2020-04-09 05:20:26.006 15 RALLYDEBUG rally_openstack.cleanup.manager [-] Deleting neutron.port object s_rally_70e26133_iORCQwpU (8559215a-28ac-4487-a326-a379a3bb0d6a)
2020-04-09 05:20:26.011 15 RALLYDEBUG rally_openstack.cleanup.manager [-] Deleting neutron.port object s_rally_70e26133_0hJxFK4w (86b10a31-73df-4a46-a3aa-1de41ecae137)
2020-04-09 05:20:26.136 15 RALLYDEBUG rally_openstack.cleanup.manager [-] Deleting neutron.port object s_rally_70e26133_fQYYArAP (8d1a6696-2620-4569-9232-1c36fb282fdd)
