2020-04-09 05:33:38.094 5031 RALLYDEBUG rally.task.runner [-] Starting a worker. concurrency: 1 args: {"max_quota": 1024} times: 40 method_name: run timeout: 0 duration: None cls:
2020-04-09 05:33:38.094 5028 RALLYDEBUG rally.task.runner [-] Starting a worker. concurrency: 1 args: {"max_quota": 1024} times: 40 method_name: run timeout: 0 duration: None cls:
2020-04-09 05:33:38.095 5020 INFO rally.task.runner [-] Task 1dc27f24-047b-43c6-854b-7cb756b12520 | ITER: 10 START
2020-04-09 05:33:38.098 5023 INFO rally.task.runner [-] Task 1dc27f24-047b-43c6-854b-7cb756b12520 | ITER: 11 START
2020-04-09 05:33:38.099 5035 RALLYDEBUG rally.task.runner [-] Starting a worker. concurrency: 1 args: {"max_quota": 1024} times: 40 method_name: run timeout: 0 duration: None cls:
2020-04-09 05:33:38.101 5026 INFO rally.task.runner [-] Task 1dc27f24-047b-43c6-854b-7cb756b12520 | ITER: 12 START
2020-04-09 05:33:38.101 5038 RALLYDEBUG rally.task.runner [-] Starting a worker. concurrency: 1 args: {"max_quota": 1024} times: 40 method_name: run timeout: 0 duration: None cls:
2020-04-09 05:33:38.102 5031 INFO rally.task.runner [-] Task 1dc27f24-047b-43c6-854b-7cb756b12520 | ITER: 13 START
2020-04-09 05:33:38.103 5028 INFO rally.task.runner [-] Task 1dc27f24-047b-43c6-854b-7cb756b12520 | ITER: 14 START
2020-04-09 05:33:38.104 5041 RALLYDEBUG rally.task.runner [-] Starting a worker. concurrency: 1 args: {"max_quota": 1024} times: 40 method_name: run timeout: 0 duration: None cls:
2020-04-09 05:33:38.108 5043 RALLYDEBUG rally.task.runner [-] Starting a worker. concurrency: 1 args: {"max_quota": 1024} times: 40 method_name: run timeout: 0 duration: None cls:
2020-04-09 05:33:38.109 5035 INFO rally.task.runner [-] Task 1dc27f24-047b-43c6-854b-7cb756b12520 | ITER: 15 START
2020-04-09 05:33:38.111 5038 INFO rally.task.runner [-] Task 1dc27f24-047b-43c6-854b-7cb756b12520 | ITER: 16 START
2020-04-09 05:33:38.111 5049 RALLYDEBUG rally.task.runner [-] Starting a worker. concurrency: 1 args: {"max_quota": 1024} times: 40 method_name: run timeout: 0 duration: None cls:
2020-04-09 05:33:38.112 5041 INFO rally.task.runner [-] Task 1dc27f24-047b-43c6-854b-7cb756b12520 | ITER: 17 START
2020-04-09 05:33:38.113 5050 RALLYDEBUG rally.task.runner [-] Starting a worker. concurrency: 1 args: {"max_quota": 1024} times: 40 method_name: run timeout: 0 duration: None cls:
2020-04-09 05:33:38.117 5043 INFO rally.task.runner [-] Task 1dc27f24-047b-43c6-854b-7cb756b12520 | ITER: 18 START
2020-04-09 05:33:38.121 5049 INFO rally.task.runner [-] Task 1dc27f24-047b-43c6-854b-7cb756b12520 | ITER: 19 START
2020-04-09 05:33:38.123 5050 INFO rally.task.runner [-] Task 1dc27f24-047b-43c6-854b-7cb756b12520 | ITER: 20 START
2020-04-09 05:33:38.558 5005 INFO rally.task.runner [-] Task 1dc27f24-047b-43c6-854b-7cb756b12520 | ITER: 3 END: OK
2020-04-09 05:33:38.567 5005 INFO rally.task.runner [-] Task 1dc27f24-047b-43c6-854b-7cb756b12520 | ITER: 21 START
2020-04-09 05:33:38.578 5006 INFO rally.task.runner [-] Task 1dc27f24-047b-43c6-854b-7cb756b12520 | ITER: 4 END: OK
2020-04-09 05:33:38.587 5006 INFO rally.task.runner [-] Task 1dc27f24-047b-43c6-854b-7cb756b12520 | ITER: 22 START
2020-04-09 05:33:38.598 5007 INFO rally.task.runner [-] Task 1dc27f24-047b-43c6-854b-7cb756b12520 | ITER: 5 END: OK
2020-04-09 05:33:38.608 5007 INFO rally.task.runner [-] Task 1dc27f24-047b-43c6-854b-7cb756b12520 | ITER: 23 START
2020-04-09 05:33:38.669 5008 INFO rally.task.runner [-] Task 1dc27f24-047b-43c6-854b-7cb756b12520 | ITER: 6 END: OK
2020-04-09 05:33:38.674 5004 INFO rally.task.runner [-] Task 1dc27f24-047b-43c6-854b-7cb756b12520 | ITER: 2 END: OK
2020-04-09 05:33:38.679 5008 INFO rally.task.runner [-] Task 1dc27f24-047b-43c6-854b-7cb756b12520 | ITER: 24 START
2020-04-09 05:33:38.682 5004 INFO rally.task.runner [-] Task 1dc27f24-047b-43c6-854b-7cb756b12520 | ITER: 25 START
2020-04-09 05:33:38.691 5009 INFO rally.task.runner [-] Task 1dc27f24-047b-43c6-854b-7cb756b12520 | ITER: 7 END: OK
2020-04-09 05:33:38.696 5020 INFO rally.task.runner [-] Task 1dc27f24-047b-43c6-854b-7cb756b12520 | ITER: 10 END: OK
2020-04-09 05:33:38.699 5009 INFO rally.task.runner [-] Task 1dc27f24-047b-43c6-854b-7cb756b12520 | ITER: 26 START
2020-04-09 05:33:38.705 5020 INFO rally.task.runner [-] Task 1dc27f24-047b-43c6-854b-7cb756b12520 | ITER: 27 START
2020-04-09 05:33:38.739 5043 INFO rally.task.runner [-] Task 1dc27f24-047b-43c6-854b-7cb756b12520 | ITER: 18 END: OK
2020-04-09 05:33:38.747 5043 INFO rally.task.runner [-] Task 1dc27f24-047b-43c6-854b-7cb756b12520 | ITER: 28 START
2020-04-09 05:33:38.777 5017 INFO rally.task.runner [-] Task 1dc27f24-047b-43c6-854b-7cb756b12520 | ITER: 9 END: OK
2020-04-09 05:33:38.786 5017 INFO rally.task.runner [-] Task 1dc27f24-047b-43c6-854b-7cb756b12520 | ITER: 29 START
2020-04-09 05:33:38.815 5026 INFO rally.task.runner [-] Task 1dc27f24-047b-43c6-854b-7cb756b12520 | ITER: 12 END: OK
2020-04-09 05:33:38.823 5026 INFO rally.task.runner [-] Task 1dc27f24-047b-43c6-854b-7cb756b12520 | ITER: 30 START
2020-04-09 05:33:38.865 5031 INFO rally.task.runner [-] Task 1dc27f24-047b-43c6-854b-7cb756b12520 | ITER: 13 END: OK
2020-04-09 05:33:38.871 5028 INFO rally.task.runner [-] Task 1dc27f24-047b-43c6-854b-7cb756b12520 | ITER: 14 END: OK
2020-04-09 05:33:38.875 5031 INFO rally.task.runner [-] Task 1dc27f24-047b-43c6-854b-7cb756b12520 | ITER: 31 START
2020-04-09 05:33:38.880 5028 INFO rally.task.runner [-] Task 1dc27f24-047b-43c6-854b-7cb756b12520 | ITER: 32 START
2020-04-09 05:33:38.888 5014 INFO rally.task.runner [-] Task 1dc27f24-047b-43c6-854b-7cb756b12520 | ITER: 8 END: OK
2020-04-09 05:33:38.898 5014 INFO rally.task.runner [-] Task 1dc27f24-047b-43c6-854b-7cb756b12520 | ITER: 33 START
2020-04-09 05:33:38.905 5035 INFO rally.task.runner [-] Task 1dc27f24-047b-43c6-854b-7cb756b12520 | ITER: 15 END: OK
2020-04-09 05:33:38.915 5035 INFO rally.task.runner [-] Task 1dc27f24-047b-43c6-854b-7cb756b12520 | ITER: 34 START
2020-04-09 05:33:38.942 5049 INFO rally.task.runner [-] Task 1dc27f24-047b-43c6-854b-7cb756b12520 | ITER: 19 END: OK
2020-04-09 05:33:38.952 5049 INFO rally.task.runner [-] Task 1dc27f24-047b-43c6-854b-7cb756b12520 | ITER: 35 START
2020-04-09 05:33:38.971 5038 INFO rally.task.runner [-] Task 1dc27f24-047b-43c6-854b-7cb756b12520 | ITER: 16 END: OK
2020-04-09 05:33:38.978 5038 INFO rally.task.runner [-] Task 1dc27f24-047b-43c6-854b-7cb756b12520 | ITER: 36 START
2020-04-09 05:33:38.985 5003 INFO rally.task.runner [-] Task 1dc27f24-047b-43c6-854b-7cb756b12520 | ITER: 1 END: OK
2020-04-09 05:33:38.994 5003 INFO rally.task.runner [-] Task 1dc27f24-047b-43c6-854b-7cb756b12520 | ITER: 37 START
2020-04-09 05:33:38.997 5050 INFO rally.task.runner [-] Task 1dc27f24-047b-43c6-854b-7cb756b12520 | ITER: 20 END: OK
2020-04-09 05:33:39.005 5050 INFO rally.task.runner [-] Task 1dc27f24-047b-43c6-854b-7cb756b12520 | ITER: 38 START
2020-04-09 05:33:39.115 5043 INFO rally.task.runner [-] Task 1dc27f24-047b-43c6-854b-7cb756b12520 | ITER: 28 END: OK
2020-04-09 05:33:39.122 5043 INFO rally.task.runner [-] Task 1dc27f24-047b-43c6-854b-7cb756b12520 | ITER: 39 START
2020-04-09 05:33:39.126 5004 INFO rally.task.runner [-] Task 1dc27f24-047b-43c6-854b-7cb756b12520 | ITER: 25 END: OK
2020-04-09 05:33:39.134 5004 INFO rally.task.runner [-] Task 1dc27f24-047b-43c6-854b-7cb756b12520 | ITER: 40 START
2020-04-09 05:33:39.164 5023 INFO rally.task.runner [-] Task 1dc27f24-047b-43c6-854b-7cb756b12520 | ITER: 11 END: OK
2020-04-09 05:33:39.211 5006 INFO rally.task.runner [-] Task 1dc27f24-047b-43c6-854b-7cb756b12520 | ITER: 22 END: OK
2020-04-09 05:33:39.213 5007 INFO rally.task.runner [-] Task 1dc27f24-047b-43c6-854b-7cb756b12520 | ITER: 23 END: OK
2020-04-09 05:33:39.226 5026 INFO rally.task.runner [-] Task 1dc27f24-047b-43c6-854b-7cb756b12520 | ITER: 30 END: OK
2020-04-09 05:33:39.260 5041 INFO rally.task.runner [-] Task 1dc27f24-047b-43c6-854b-7cb756b12520 | ITER: 17 END: OK
2020-04-09 05:33:39.371 5020 INFO rally.task.runner [-] Task 1dc27f24-047b-43c6-854b-7cb756b12520 | ITER: 27 END: OK
2020-04-09 05:33:39.399 5035 INFO rally.task.runner [-] Task 1dc27f24-047b-43c6-854b-7cb756b12520 | ITER: 34 END: OK
2020-04-09 05:33:39.485 5017 INFO rally.task.runner [-] Task 1dc27f24-047b-43c6-854b-7cb756b12520 | ITER: 29 END: OK
2020-04-09 05:33:39.489 5005 INFO rally.task.runner [-] Task 1dc27f24-047b-43c6-854b-7cb756b12520 | ITER: 21 END: OK
2020-04-09 05:33:39.521 5031 INFO rally.task.runner [-] Task 1dc27f24-047b-43c6-854b-7cb756b12520 | ITER: 31 END: OK
2020-04-09 05:33:39.599 5014 INFO rally.task.runner [-] Task 1dc27f24-047b-43c6-854b-7cb756b12520 | ITER: 33 END: OK
2020-04-09 05:33:39.640 5028 INFO rally.task.runner [-] Task 1dc27f24-047b-43c6-854b-7cb756b12520 | ITER: 32 END: OK
2020-04-09 05:33:39.743 5008 INFO rally.task.runner [-] Task 1dc27f24-047b-43c6-854b-7cb756b12520 | ITER: 24 END: OK
2020-04-09 05:33:39.746 5043 INFO rally.task.runner [-] Task 1dc27f24-047b-43c6-854b-7cb756b12520 | ITER: 39 END: OK
2020-04-09 05:33:39.777 5049 INFO rally.task.runner [-] Task 1dc27f24-047b-43c6-854b-7cb756b12520 | ITER: 35 END: OK
2020-04-09 05:33:39.859 5038 INFO rally.task.runner [-] Task 1dc27f24-047b-43c6-854b-7cb756b12520 | ITER: 36 END: OK
2020-04-09 05:33:39.894 5050 INFO rally.task.runner [-] Task 1dc27f24-047b-43c6-854b-7cb756b12520 | ITER: 38 END: OK
2020-04-09 05:33:39.900 5009 INFO rally.task.runner [-] Task 1dc27f24-047b-43c6-854b-7cb756b12520 | ITER: 26 END: OK
2020-04-09 05:33:39.930 5004 INFO rally.task.runner [-] Task 1dc27f24-047b-43c6-854b-7cb756b12520 | ITER: 40 END: OK
2020-04-09 05:33:39.938 5003 INFO rally.task.runner [-] Task 1dc27f24-047b-43c6-854b-7cb756b12520 | ITER: 37 END: OK
2020-04-09 05:33:39.969 15 INFO rally.task.context [-] Task 1dc27f24-047b-43c6-854b-7cb756b12520 | Context admin_cleanup@openstack cleanup() started
2020-04-09 05:33:39.972 15 RALLYDEBUG rally_openstack.cleanup.manager [-] Cleaning up neutron quota objects
2020-04-09 05:33:40.908 15 INFO rally.task.context [-] Task 1dc27f24-047b-43c6-854b-7cb756b12520 | Context admin_cleanup@openstack cleanup() finished in 0.94 sec
2020-04-09 05:33:40.908 15 INFO rally.task.context [-] Task 1dc27f24-047b-43c6-854b-7cb756b12520 | Context users@openstack cleanup() started
2020-04-09 05:33:58.372 15 INFO rally.task.context [-] Task 1dc27f24-047b-43c6-854b-7cb756b12520 | Context users@openstack cleanup() finished in 17.46 sec
2020-04-09 05:33:59.861 15 INFO rally.task.engine [-] Load duration is: 1.866043
2020-04-09 05:33:59.862 15 INFO rally.task.engine [-] Full runner duration is: 1.924861
2020-04-09 05:33:59.862 15 INFO rally.task.engine [-] Full duration is: 24.887531
2020-04-09 05:33:59.957 15 INFO rally.task.engine [-] Running workload: position = 0 config = { "version": 2, "title": "A cropped version of a bigger task.", "description": "Auto-generated task from a single workload (uuid=611cde33-fd66-40b9-ae3a-8ce6fb9a480f)", "subtasks": [ { "title": "NeutronTrunks.create_and_list_trunk_subports", "description": "", "scenario": { "NeutronTrunks.create_and_list_trunk_subports": { "subport_count": 125 } }, "contexts": { "users": { "tenants": 1, "users_per_tenant": 1 }, "quotas": { "neutron": { "network": -1, "port": 1000 } } }, "runner": { "constant": { "times": 4, "concurrency": 4 } }, "hooks": [], "sla": { "failure_rate": { "max": 0 } } } ] }
2020-04-09 05:33:59.973 15 RALLYDEBUG rally_openstack.contexts.keystone.users [-] Creating 1 tenants using 20 threads
2020-04-09 05:34:00.307 15 RALLYDEBUG rally_openstack.contexts.keystone.users [-] Creating 1 users using 20 threads
2020-04-09 05:34:00.764 15 INFO rally.task.context [-] Task 1dc27f24-047b-43c6-854b-7cb756b12520 | Context users@openstack setup() finished in 0.79 sec
2020-04-09 05:34:01.123 15 INFO rally.task.context [-] Task 1dc27f24-047b-43c6-854b-7cb756b12520 | Context quotas@openstack setup() finished in 0.36 sec
2020-04-09 05:34:01.124 15 INFO rally.task.context [-] Task 1dc27f24-047b-43c6-854b-7cb756b12520 | Context cleanup@openstack setup() finished in 0.01 msec
2020-04-09 05:34:01.133 15 RALLYDEBUG rally.task.runner [-] Starting the constant runner (task UUID: 1dc27f24-047b-43c6-854b-7cb756b12520). timeout: 0 concurrency: 4 concurrency_per_worker: 1 times: 4 concurrency_overhead: 0 processes_to_start: 4 max_cpu_used: 88
2020-04-09 05:34:01.148 5205 RALLYDEBUG rally.task.runner [-] Starting a worker. concurrency: 1 args: {"subport_count": 125} times: 4 method_name: run timeout: 0 duration: None cls:
2020-04-09 05:34:01.151 5206 RALLYDEBUG rally.task.runner [-] Starting a worker. concurrency: 1 args: {"subport_count": 125} times: 4 method_name: run timeout: 0 duration: None cls:
2020-04-09 05:34:01.154 5205 INFO rally.task.runner [-] Task 1dc27f24-047b-43c6-854b-7cb756b12520 | ITER: 1 START
2020-04-09 05:34:01.154 5207 RALLYDEBUG rally.task.runner [-] Starting a worker. concurrency: 1 args: {"subport_count": 125} times: 4 method_name: run timeout: 0 duration: None cls:
2020-04-09 05:34:01.156 5208 RALLYDEBUG rally.task.runner [-] Starting a worker. concurrency: 1 args: {"subport_count": 125} times: 4 method_name: run timeout: 0 duration: None cls:
2020-04-09 05:34:01.157 5206 INFO rally.task.runner [-] Task 1dc27f24-047b-43c6-854b-7cb756b12520 | ITER: 2 START
2020-04-09 05:34:01.160 5207 INFO rally.task.runner [-] Task 1dc27f24-047b-43c6-854b-7cb756b12520 | ITER: 3 START
2020-04-09 05:34:01.162 5208 INFO rally.task.runner [-] Task 1dc27f24-047b-43c6-854b-7cb756b12520 | ITER: 4 START
2020-04-09 05:39:11.191 5207 WARNING rally.task.atomic [-] 'optional_action_timer' is deprecated since rally v0.10.0.Please use action_timer instead, we have improved atomic actions, now do not need to explicitly close original action.
2020-04-09 05:39:11.262 5207 WARNING rally.task.atomic [-] 'optional_action_timer' is deprecated since rally v0.10.0.Please use action_timer instead, we have improved atomic actions, now do not need to explicitly close original action.
2020-04-09 05:39:12.081 5207 INFO rally.task.runner [-] Task 1dc27f24-047b-43c6-854b-7cb756b12520 | ITER: 3 END: OK
2020-04-09 05:39:18.097 5206 WARNING rally.task.atomic [-] 'optional_action_timer' is deprecated since rally v0.10.0.Please use action_timer instead, we have improved atomic actions, now do not need to explicitly close original action.
2020-04-09 05:39:18.196 5206 WARNING rally.task.atomic [-] 'optional_action_timer' is deprecated since rally v0.10.0.Please use action_timer instead, we have improved atomic actions, now do not need to explicitly close original action.
2020-04-09 05:39:19.339 5206 INFO rally.task.runner [-] Task 1dc27f24-047b-43c6-854b-7cb756b12520 | ITER: 2 END: OK
2020-04-09 05:39:29.451 5205 WARNING rally.task.atomic [-] 'optional_action_timer' is deprecated since rally v0.10.0.Please use action_timer instead, we have improved atomic actions, now do not need to explicitly close original action.
2020-04-09 05:39:29.527 5205 WARNING rally.task.atomic [-] 'optional_action_timer' is deprecated since rally v0.10.0.Please use action_timer instead, we have improved atomic actions, now do not need to explicitly close original action.
2020-04-09 05:39:30.477 5205 INFO rally.task.runner [-] Task 1dc27f24-047b-43c6-854b-7cb756b12520 | ITER: 1 END: OK
2020-04-09 05:39:32.856 5208 WARNING rally.task.atomic [-] 'optional_action_timer' is deprecated since rally v0.10.0.Please use action_timer instead, we have improved atomic actions, now do not need to explicitly close original action.
2020-04-09 05:39:32.940 5208 WARNING rally.task.atomic [-] 'optional_action_timer' is deprecated since rally v0.10.0.Please use action_timer instead, we have improved atomic actions, now do not need to explicitly close original action.
2020-04-09 05:39:33.713 5208 INFO rally.task.runner [-] Task 1dc27f24-047b-43c6-854b-7cb756b12520 | ITER: 4 END: OK
2020-04-09 05:39:33.737 15 INFO rally.task.context [-] Task 1dc27f24-047b-43c6-854b-7cb756b12520 | Context cleanup@openstack cleanup() started
2020-04-09 05:39:33.742 15 RALLYDEBUG rally_openstack.cleanup.manager [-] Cleaning up neutron vip objects
2020-04-09 05:39:33.969 15 RALLYDEBUG rally_openstack.cleanup.manager [-] Cleaning up neutron health_monitor objects
2020-04-09 05:39:34.178 15 RALLYDEBUG rally_openstack.cleanup.manager [-] Cleaning up neutron pool objects
2020-04-09 05:39:34.394 15 RALLYDEBUG rally_openstack.cleanup.manager [-] Cleaning up neutron loadbalancer objects
2020-04-09 05:39:34.609 15 RALLYDEBUG rally_openstack.cleanup.manager [-] Cleaning up neutron floatingip objects
2020-04-09 05:39:34.822 15 RALLYDEBUG rally_openstack.cleanup.manager [-] Cleaning up neutron trunk objects
2020-04-09 05:39:35.023 15 DEBUG neutronclient.v2_0.client [-] Error message: {"NeutronError": {"message": "Invalid input for operation: 'tenant_id' is not supported for filtering.", "type": "InvalidInput", "detail": ""}} _handle_fault_response /usr/lib/python2.7/site-packages/neutronclient/v2_0/client.py:259
2020-04-09 05:39:35.056 15 DEBUG neutronclient.v2_0.client [-] Error message: {"NeutronError": {"message": "Invalid input for operation: 'tenant_id' is not supported for filtering.", "type": "InvalidInput", "detail": ""}} _handle_fault_response /usr/lib/python2.7/site-packages/neutronclient/v2_0/client.py:259
2020-04-09 05:39:35.088 15 DEBUG neutronclient.v2_0.client [-] Error message: {"NeutronError": {"message": "Invalid input for operation: 'tenant_id' is not supported for filtering.", "type": "InvalidInput", "detail": ""}} _handle_fault_response /usr/lib/python2.7/site-packages/neutronclient/v2_0/client.py:259
2020-04-09 05:39:35.089 15 ERROR rally_openstack.cleanup.manager [-] Seems like rally_openstack.cleanup.resources.NeutronTrunk.list(self) method is broken. It shouldn't raise any exceptions.: BadRequest: Invalid input for operation: 'tenant_id' is not supported for filtering. Neutron server returns request_ids: ['req-6c6cb6f5-0b8c-4c0e-8890-60fd0574dd85']
2020-04-09 05:39:35.089 15 ERROR rally_openstack.cleanup.manager
Traceback (most recent call last):
2020-04-09 05:39:35.089 15 ERROR rally_openstack.cleanup.manager
File "/usr/lib/python2.7/site-packages/rally_openstack/cleanup/manager.py", line 133, in _publish
2020-04-09 05:39:35.089 15 ERROR rally_openstack.cleanup.manager for raw_resource in rutils.retry(3, manager.list):
2020-04-09 05:39:35.089 15 ERROR rally_openstack.cleanup.manager
File "/usr/lib/python2.7/site-packages/rally/common/utils.py", line 230, in retry
2020-04-09 05:39:35.089 15 ERROR rally_openstack.cleanup.manager return func(*args, **kwargs)
2020-04-09 05:39:35.089 15 ERROR rally_openstack.cleanup.manager
File "/usr/lib/python2.7/site-packages/rally_openstack/cleanup/resources.py", line 396, in list
2020-04-09 05:39:35.089 15 ERROR rally_openstack.cleanup.manager return super(NeutronTrunk, self).list()
2020-04-09 05:39:35.089 15 ERROR rally_openstack.cleanup.manager
File "/usr/lib/python2.7/site-packages/rally_openstack/cleanup/resources.py", line 273, in list
2020-04-09 05:39:35.089 15 ERROR rally_openstack.cleanup.manager result = list_method(tenant_id=self.tenant_uuid)[resources]
2020-04-09 05:39:35.089 15 ERROR rally_openstack.cleanup.manager
File "/usr/lib/python2.7/site-packages/neutronclient/v2_0/client.py", line 2105, in list_trunks
2020-04-09 05:39:35.089 15 ERROR rally_openstack.cleanup.manager **_params)
2020-04-09 05:39:35.089 15 ERROR rally_openstack.cleanup.manager
File "/usr/lib/python2.7/site-packages/neutronclient/v2_0/client.py", line 369, in list
2020-04-09 05:39:35.089 15 ERROR rally_openstack.cleanup.manager for r in self._pagination(collection, path, **params):
2020-04-09 05:39:35.089 15 ERROR rally_openstack.cleanup.manager
File "/usr/lib/python2.7/site-packages/neutronclient/v2_0/client.py", line 384, in _pagination
2020-04-09 05:39:35.089 15 ERROR rally_openstack.cleanup.manager res = self.get(path, params=params)
2020-04-09 05:39:35.089 15 ERROR rally_openstack.cleanup.manager
File "/usr/lib/python2.7/site-packages/neutronclient/v2_0/client.py", line 354, in get
2020-04-09 05:39:35.089 15 ERROR rally_openstack.cleanup.manager headers=headers, params=params)
2020-04-09 05:39:35.089 15 ERROR rally_openstack.cleanup.manager
File "/usr/lib/python2.7/site-packages/neutronclient/v2_0/client.py", line 331, in retry_request
2020-04-09 05:39:35.089 15 ERROR rally_openstack.cleanup.manager headers=headers, params=params)
2020-04-09 05:39:35.089 15 ERROR rally_openstack.cleanup.manager
File "/usr/lib/python2.7/site-packages/neutronclient/v2_0/client.py", line 294, in do_request
2020-04-09 05:39:35.089 15 ERROR rally_openstack.cleanup.manager self._handle_fault_response(status_code, replybody, resp)
2020-04-09 05:39:35.089 15 ERROR rally_openstack.cleanup.manager
File "/usr/lib/python2.7/site-packages/neutronclient/v2_0/client.py", line 269, in _handle_fault_response
2020-04-09 05:39:35.089 15 ERROR rally_openstack.cleanup.manager exception_handler_v20(status_code, error_body)
2020-04-09 05:39:35.089 15 ERROR rally_openstack.cleanup.manager
File "/usr/lib/python2.7/site-packages/neutronclient/v2_0/client.py", line 93, in exception_handler_v20
2020-04-09 05:39:35.089 15 ERROR rally_openstack.cleanup.manager request_ids=request_ids)
2020-04-09 05:39:35.089 15 ERROR rally_openstack.cleanup.manager BadRequest: Invalid input for operation: 'tenant_id' is not supported for filtering.
2020-04-09 05:39:35.089 15 ERROR rally_openstack.cleanup.manager Neutron server returns request_ids: ['req-6c6cb6f5-0b8c-4c0e-8890-60fd0574dd85']
2020-04-09 05:39:35.089 15 ERROR rally_openstack.cleanup.manager
2020-04-09 05:39:35.099 15 RALLYDEBUG rally_openstack.cleanup.manager [-] Cleaning up neutron port objects
2020-04-09 05:39:36.739 15 RALLYDEBUG rally_openstack.cleanup.manager [-] Deleting neutron.port object s_rally_611cde33_iHH0hMoW (0094f8be-fd78-43de-8ab2-9b6fb0d215f2)
2020-04-09 05:39:36.747 15 RALLYDEBUG rally_openstack.cleanup.manager [-] Deleting neutron.port object s_rally_611cde33_v5G1CmAe (00a51adb-55c8-4ab5-9ad8-76e71414f382)
2020-04-09 05:39:36.756 15 RALLYDEBUG rally_openstack.cleanup.manager [-] Deleting neutron.port object s_rally_611cde33_ANsXXAF6 (00c79796-6c58-4a83-8380-366c3d4b8ea6)
2020-04-09 05:39:36.765 15 RALLYDEBUG rally_openstack.cleanup.manager [-] Deleting neutron.port object s_rally_611cde33_5xcpNHWI (008abc13-4bce-48d7-a084-a0b91744ee11)
2020-04-09 05:39:36.772 15 RALLYDEBUG rally_openstack.cleanup.manager [-] Deleting neutron.port object s_rally_611cde33_1iqvHqks (0094f254-bab6-42ef-b255-6ef0c814e3c6)
2020-04-09 05:39:36.771 15 RALLYDEBUG rally_openstack.cleanup.manager [-] Deleting neutron.port object s_rally_611cde33_lMaZy8oz (000e18e9-0cfc-4d35-b2c8-1ef168b948ce)
2020-04-09 05:39:36.813 15 RALLYDEBUG rally_openstack.cleanup.manager [-] Deleting neutron.port object s_rally_611cde33_qFsnVymm (00eb28ef-a630-4cd6-9f47-4a66e3c7cc20)
2020-04-09 05:39:36.827 15 RALLYDEBUG rally_openstack.cleanup.manager [-] Deleting neutron.port object s_rally_611cde33_utXw7YRM (00c9d914-0333-4869-9131-3fd0dc6afe06)
2020-04-09 05:39:36.838 15 RALLYDEBUG rally_openstack.cleanup.manager [-] Deleting neutron.port object s_rally_611cde33_maqk8hZZ (021e8206-7895-4665-89af-d476b0c39a61)
2020-04-09 05:39:36.867 15 RALLYDEBUG rally_openstack.cleanup.manager [-] Deleting neutron.port object s_rally_611cde33_u0qB6Nmn (03a00a3f-dd2e-4de0-bce0-ba849c104277)
2020-04-09 05:39:36.857 15 RALLYDEBUG rally_openstack.cleanup.manager [-] Deleting neutron.port object s_rally_611cde33_Kqz87V6y (05deb462-de69-4e85-9eeb-5a5cc9e38876)
2020-04-09 05:39:36.883 15 RALLYDEBUG rally_openstack.cleanup.manager [-] Deleting neutron.port object s_rally_611cde33_1ZAx1M04 (062a6770-a841-44d3-981a-72e8c84df75d)
2020-04-09 05:39:36.874 15 RALLYDEBUG rally_openstack.cleanup.manager [-] Deleting neutron.port object s_rally_611cde33_GLxORzpi (02ef7ff7-ebb0-47ff-ac1b-3b620b2166ac)
2020-04-09 05:39:36.894 15 RALLYDEBUG rally_openstack.cleanup.manager [-] Deleting neutron.port object s_rally_611cde33_I1LT1dcN (034d2036-24c7-4c65-ba77-8f517f950908)
2020-04-09 05:39:36.906 15 RALLYDEBUG rally_openstack.cleanup.manager [-] Deleting neutron.port object s_rally_611cde33_kan6fUdM (065573d2-1d88-4d89-9cff-bdf1c2475d68)
2020-04-09 05:39:36.910 15 RALLYDEBUG rally_openstack.cleanup.manager [-] Deleting neutron.port object s_rally_611cde33_2ItqxoB4 (03ade658-944b-4e8b-8ef3-bf70b96a0f75)
2020-04-09 05:39:36.924 15 RALLYDEBUG rally_openstack.cleanup.manager [-] Deleting neutron.port object s_rally_611cde33_wdNlCLTI (0655fffc-33f9-4ea4-a87b-a47a2c6ada7f)
2020-04-09 05:39:36.927 15 RALLYDEBUG rally_openstack.cleanup.manager [-] Deleting neutron.port object s_rally_611cde33_1nfyWPBg (0742fcf4-6707-40e4-bc71-78af653ddd93)
2020-04-09 05:39:36.956 15 RALLYDEBUG rally_openstack.cleanup.manager [-] Deleting neutron.port object s_rally_611cde33_w8j5tfZh (071df63d-271f-4c9d-be1a-4a8f09377c0a)
2020-04-09 05:39:36.973 15 RALLYDEBUG rally_openstack.cleanup.manager [-] Deleting neutron.port object s_rally_611cde33_tOK6kWlk (07a383f7-9fcc-4d47-b12e-4965a2dd09af)
2020-04-09 05:39:39.481 15 RALLYDEBUG rally_openstack.cleanup.manager [-] Deleting neutron.port object s_rally_611cde33_X1s9FJtp (07bea715-4ec3-4689-9b43-1560bcb9866b)
2020-04-09 05:39:39.585 15 RALLYDEBUG rally_openstack.cleanup.manager [-] Deleting neutron.port object s_rally_611cde33_WwoLkpll (07e00ce6-218e-4e79-b9f0-5c8f67a68b1e)
2020-04-09 05:39:39.904 15 RALLYDEBUG rally_openstack.cleanup.manager [-] Deleting neutron.port object s_rally_611cde33_NlXpma7R (08a5d258-23f8-4ae1-8cfd-549c38365936)
2020-04-09 05:39:39.983 15 RALLYDEBUG rally_openstack.cleanup.manager [-] Deleting neutron.port object s_rally_611cde33_FSWIhOp3 (08bf2ac1-8c34-49a1-ac4a-296c01495288)
2020-04-09 05:39:40.009 15 RALLYDEBUG rally_openstack.cleanup.manager [-] Deleting neutron.port object s_rally_611cde33_98EQjZij (0a4c1868-6715-4f12-aa40-edbaafc2295b)
2020-04-09 05:39:40.043 15 RALLYDEBUG rally_openstack.cleanup.manager [-] Deleting neutron.port object s_rally_611cde33_0EV8mJY1 (0aca8538-8839-448e-8a38-49ada291e370)
2020-04-09 05:39:40.159 15 RALLYDEBUG rally_openstack.cleanup.manager [-] Deleting neutron.port object s_rally_611cde33_MFiuAP6V (0bfeb5dd-0f2b-48c3-8fc0-6e3b34452142)
2020-04-09 05:39:40.242 15 RALLYDEBUG rally_openstack.cleanup.manager [-] Deleting neutron.port object s_rally_611cde33_Iy6EhCW3 (0cd4b36d-587e-4b57-ac38-6e693ca6c614)
2020-04-09 05:39:40.317 15 RALLYDEBUG rally_openstack.cleanup.manager [-] Deleting neutron.port object s_rally_611cde33_N8R2pXqs (0e6d7ec1-cb9e-48f6-8a2b-571b841736d1)
2020-04-09 05:39:40.364 15 RALLYDEBUG rally_openstack.cleanup.manager [-] Deleting neutron.port object s_rally_611cde33_LYhB2s4U (0ee4cd40-4e81-4bc7-9f32-e2322c04556e)
2020-04-09 05:39:40.427 15 RALLYDEBUG rally_openstack.cleanup.manager [-] Deleting neutron.port object s_rally_611cde33_a8q9tzj1 (0f81e0a2-7029-462b-9590-ef6216eacbb4)
2020-04-09 05:39:40.459 15 RALLYDEBUG rally_openstack.cleanup.manager [-] Deleting neutron.port object s_rally_611cde33_fjYU0ZDK (0fac66d2-2f83-4980-a0f8-66196d5c673c)
2020-04-09 05:39:40.480 15 RALLYDEBUG rally_openstack.cleanup.manager [-] Deleting neutron.port object s_rally_611cde33_KxInBmCR (1041ab16-e448-4aa9-9b78-c582ac2b6f7c)
2020-04-09 05:39:40.586 15 RALLYDEBUG rally_openstack.cleanup.manager [-] Deleting neutron.port object s_rally_611cde33_OKf2AGw6 (111c78cc-5616-4c51-97d9-fa4069211119)
2020-04-09 05:39:40.673 15 RALLYDEBUG rally_openstack.cleanup.manager [-] Deleting neutron.port object s_rally_611cde33_DQwqngq9 (1241ecd9-7db7-4b58-b86f-cb4e9498a9ee)
2020-04-09 05:39:40.785 15 RALLYDEBUG rally_openstack.cleanup.manager [-] Deleting neutron.port object s_rally_611cde33_nEEsf1r0 (131c0e47-7086-4f37-827d-79d8419e6e68)
2020-04-09 05:39:40.857 15 RALLYDEBUG rally_openstack.cleanup.manager [-] Deleting neutron.port object s_rally_611cde33_ExDjiFln (138f9b93-85be-47c0-b9e1-37c86a3dffe8)
2020-04-09 05:39:41.217 15 RALLYDEBUG rally_openstack.cleanup.manager [-] Deleting neutron.port object s_rally_611cde33_JLc6sDuJ (13c53bd2-3276-4a7a-8e89-92b301e0a3dc)
2020-04-09 05:39:41.381 15 RALLYDEBUG rally_openstack.cleanup.manager [-] Deleting neutron.port object s_rally_611cde33_xvOfokkg (14be081d-4b02-4b45-9987-c2a3da98f67e)
2020-04-09 05:39:41.459 15 RALLYDEBUG rally_openstack.cleanup.manager [-] Deleting neutron.port object s_rally_611cde33_Tz9lluwe (14f3c664-7c4f-4b8a-aecc-610ccebab672)
2020-04-09 05:39:42.160 15 RALLYDEBUG rally_openstack.cleanup.manager [-] Deleting neutron.port object s_rally_611cde33_gyEwqqnU (15662d1e-7528-419f-a793-f5ad0c1dd140)
2020-04-09 05:39:42.231 15 RALLYDEBUG rally_openstack.cleanup.manager [-] Deleting neutron.port object s_rally_611cde33_pSfR6ReG (16286b57-b9b9-4504-8675-2f2ed5537c89)
2020-04-09 05:39:42.307 15 RALLYDEBUG rally_openstack.cleanup.manager [-] Deleting neutron.port object s_rally_611cde33_ngndYGAX (16a94c44-74d2-47ff-b454-8e0e5bb80913)
2020-04-09 05:39:42.479 15 RALLYDEBUG rally_openstack.cleanup.manager [-] Deleting neutron.port object s_rally_611cde33_JfMyPTsG (16ec56ca-a32d-4df2-95a7-b43be297a9bc)
2020-04-09 05:39:42.771 15 RALLYDEBUG rally_openstack.cleanup.manager [-] Deleting neutron.port object s_rally_611cde33_d2FAYLX5 (180f911e-79f7-4b18-b443-567193d4df5d)
2020-04-09 05:39:42.778 15 RALLYDEBUG rally_openstack.cleanup.manager [-] Deleting neutron.port object s_rally_611cde33_mOu1sFLs (18e9b184-16a5-450d-a667-87258359e703)
2020-04-09 05:39:42.909 15 RALLYDEBUG rally_openstack.cleanup.manager [-] Deleting neutron.port object s_rally_611cde33_zsxCw230 (190a6ec8-0aba-497a-9b0e-9c3a88897864)
2020-04-09 05:39:42.969 15 RALLYDEBUG rally_openstack.cleanup.manager [-] Deleting neutron.port object s_rally_611cde33_2icAeNUa (19be5819-48bf-4c71-8411-42ee91fb77e7)
2020-04-09 05:39:43.001 15 RALLYDEBUG rally_openstack.cleanup.manager [-] Deleting neutron.port object s_rally_611cde33_kdALR3P5 (19d11ffc-3b0e-4719-a1c6-a994d74e1713)
2020-04-09 05:39:43.013 15 RALLYDEBUG rally_openstack.cleanup.manager [-] Deleting neutron.port object s_rally_611cde33_cXlrPaN3 (1ad95cf2-a069-4db7-9b58-aba4ce55c553)
2020-04-09 05:39:43.160 15 RALLYDEBUG rally_openstack.cleanup.manager [-] Deleting neutron.port object s_rally_611cde33_VqAFbB9p (1b61940a-4926-4360-bd15-e4a5949b4efe)
2020-04-09 05:39:43.347 15 RALLYDEBUG rally_openstack.cleanup.manager [-] Deleting neutron.port object s_rally_611cde33_484St4wA (1bb5302b-b8d6-4ae9-b6af-7997e4b635ba)
2020-04-09 05:39:43.517 15 RALLYDEBUG rally_openstack.cleanup.manager [-] Deleting neutron.port object s_rally_611cde33_nncGAK4o (1e12ddde-2acf-4905-bc9e-3b7e8d58db78)
2020-04-09 05:39:43.727 15 RALLYDEBUG rally_openstack.cleanup.manager [-] Deleting neutron.port object s_rally_611cde33_ZW8uFQgp (1eddb28d-d733-4b7b-adfb-da78dc642ef9)
2020-04-09 05:39:43.845 15 RALLYDEBUG rally_openstack.cleanup.manager [-] Deleting neutron.port object s_rally_611cde33_UKuFd7l7 (1f1d5eda-bfa2-45c2-af2c-3b5830d4eec9)
2020-04-09 05:39:44.053 15 RALLYDEBUG rally_openstack.cleanup.manager [-] Deleting neutron.port object s_rally_611cde33_XupImrpH (1fb3d964-a5c0-4e65-8d13-ab317e306afb)
2020-04-09 05:39:44.153 15 RALLYDEBUG rally_openstack.cleanup.manager [-] Deleting neutron.port object s_rally_611cde33_3ZUgW5Xg (1fc4a2b5-309c-4ac7-9dfc-0bdf0214541e)
2020-04-09 05:39:44.191 15 RALLYDEBUG rally_openstack.cleanup.manager [-] Deleting neutron.port object s_rally_611cde33_rhMjU4HG (20dbffd1-17fc-4224-b0d8-6bfe297406d5)
2020-04-09 05:39:44.257 15 RALLYDEBUG rally_openstack.cleanup.manager [-] Deleting neutron.port object s_rally_611cde33_RyZIVk8N (213107ca-dcc2-4f97-840d-d2c35a6e971c)
2020-04-09 05:39:44.386 15 RALLYDEBUG rally_openstack.cleanup.manager [-] Deleting neutron.port object s_rally_611cde33_WGeN8OsW (21d0c60c-7d6d-4755-9adf-4abf97af03a9)
2020-04-09 05:39:44.943 15 RALLYDEBUG rally_openstack.cleanup.manager [-] Deleting neutron.port object s_rally_611cde33_aFjc3Zsc (222a3924-89d4-4f28-bb1f-2775acf66043)
2020-04-09 05:39:45.191 15 RALLYDEBUG rally_openstack.cleanup.manager [-] Deleting neutron.port object s_rally_611cde33_CikSg87k (22683e74-b5a0-4992-bfe1-cf12f4057558)
2020-04-09 05:39:45.200 15 RALLYDEBUG rally_openstack.cleanup.manager [-] Deleting neutron.port object s_rally_611cde33_ltofFwyS (238a89c4-81d6-4ec0-89e6-0180e58bc44b)
2020-04-09 05:39:45.304 15 RALLYDEBUG rally_openstack.cleanup.manager [-] Deleting neutron.port object s_rally_611cde33_DOlwAp7D (23af2eee-8421-4588-84b4-efcd5b7d5d67)
2020-04-09 05:39:45.654 15 RALLYDEBUG rally_openstack.cleanup.manager [-] Deleting neutron.port object s_rally_611cde33_EpwFVD9H (2458520d-f4db-4960-a495-eb282460c78a)
2020-04-09 05:39:45.676 15 RALLYDEBUG rally_openstack.cleanup.manager [-] Deleting neutron.port object s_rally_611cde33_phCgk2ok (2487bcfd-0ce0-4fb2-bb49-e915caaacae5)
2020-04-09 05:39:45.970 15 RALLYDEBUG rally_openstack.cleanup.manager [-] Deleting neutron.port object s_rally_611cde33_salg3IQP (24a1b222-eb9b-4d56-8dd6-4800edeaf3e8)
2020-04-09 05:39:45.979 15 RALLYDEBUG rally_openstack.cleanup.manager [-] Deleting neutron.port object s_rally_611cde33_xH25WZRN (24bc3619-9a3d-4137-83fb-9e9527b56b62)
2020-04-09 05:39:45.986 15 RALLYDEBUG rally_openstack.cleanup.manager [-] Deleting neutron.port object s_rally_611cde33_tzPh6XWc (24ee72fe-013d-4fe7-a6f1-ed79a4b4a5e0)
2020-04-09 05:39:46.012 15 RALLYDEBUG rally_openstack.cleanup.manager [-] Deleting neutron.port object s_rally_611cde33_zwlIN4F2 (24f61b4b-8ec5-43f3-8890-88b507169177)
2020-04-09 05:39:46.190 15 RALLYDEBUG rally_openstack.cleanup.manager [-] Deleting neutron.port object s_rally_611cde33_RoQZGXsl (250042a8-82be-4ba5-b2ae-eff1c373822e)
2020-04-09 05:39:46.220 15 RALLYDEBUG rally_openstack.cleanup.manager [-] Deleting neutron.port object s_rally_611cde33_1xiYQuKJ (252456f2-6437-4367-8e09-9b0df5f29452)
2020-04-09 05:39:46.250 15 RALLYDEBUG rally_openstack.cleanup.manager [-] Deleting neutron.port object s_rally_611cde33_RkLD1W9V (26975efc-1055-403d-a84a-5c7a25a0cef2)
2020-04-09 05:39:46.500 15 RALLYDEBUG rally_openstack.cleanup.manager [-] Deleting neutron.port object s_rally_611cde33_DsRNmsaN (2758ba1e-0976-43eb-80ff-6425e16892d5)
2020-04-09 05:39:46.540 15 RALLYDEBUG rally_openstack.cleanup.manager [-] Deleting neutron.port object s_rally_611cde33_ebWtvKtZ (27f49ca4-f7b1-48de-8474-8ef54557de9d)
2020-04-09 05:39:46.645 15 RALLYDEBUG rally_openstack.cleanup.manager [-] Deleting neutron.port object s_rally_611cde33_K7PEYmHs (27f7bf46-58f3-4434-af73-d2a9f3114f81)
2020-04-09 05:39:46.667 15 RALLYDEBUG rally_openstack.cleanup.manager [-] Deleting neutron.port object s_rally_611cde33_Ia6ksZlx (28748777-9f53-43ea-8b1d-0d5241f4fa75)
2020-04-09 05:39:46.707 15 RALLYDEBUG rally_openstack.cleanup.manager [-] Deleting neutron.port object s_rally_611cde33_FJjiNBfH (2879ea78-26d9-4fe8-b9ce-92acf4ce4da3)
2020-04-09 05:39:46.898 15 RALLYDEBUG rally_openstack.cleanup.manager [-] Deleting neutron.port object s_rally_611cde33_vwWAtoy4 (29259a56-0a2d-4f12-926f-7d59802f2527)
2020-04-09 05:39:47.363 15 RALLYDEBUG rally_openstack.cleanup.manager [-] Deleting neutron.port object s_rally_611cde33_23OKkSFY (29909b37-bbaa-4143-8aae-0ae01e40a017)
2020-04-09 05:39:47.366 15 RALLYDEBUG rally_openstack.cleanup.manager [-] Deleting neutron.port object s_rally_611cde33_Iq2ElkFD (2985c0a6-db9c-411a-a86e-43621afa483b)
2020-04-09 05:39:47.508 15 RALLYDEBUG rally_openstack.cleanup.manager [-] Deleting neutron.port object s_rally_611cde33_tO4Jonhu (2ab0d1a2-b777-4ce8-8d73-0af5b20e966b)
2020-04-09 05:39:47.645 15 RALLYDEBUG rally_openstack.cleanup.manager [-] Deleting neutron.port object s_rally_611cde33_FBtmXgY9 (2ac661d1-7faa-4d25-8a9e-6a5d4d9db9c7)
2020-04-09 05:39:48.128 15 RALLYDEBUG rally_openstack.cleanup.manager [-] Deleting neutron.port object s_rally_611cde33_k4IvBUBy (2ae7db9b-dfba-4b43-b60e-3975358f0ccc)
2020-04-09 05:39:48.221 15 RALLYDEBUG rally_openstack.cleanup.manager [-] Deleting neutron.port object s_rally_611cde33_1lYLrLTz (2b54fdf1-4a3e-43a3-b6e6-cbbc1ed5b1a5)
2020-04-09 05:39:48.293 15 RALLYDEBUG rally_openstack.cleanup.manager [-] Deleting neutron.port object s_rally_611cde33_NFBAz9IL (2bfb8fd2-3b9c-467b-b833-a3b0858a57ba)
2020-04-09 05:39:48.320 15 RALLYDEBUG rally_openstack.cleanup.manager [-] Deleting neutron.port object s_rally_611cde33_9xFKXUYL (2c78077c-a900-42cf-b0d7-78026ee8ad3c)
2020-04-09 05:39:48.329 15 RALLYDEBUG rally_openstack.cleanup.manager [-] Deleting neutron.port object s_rally_611cde33_pzpPRepw (2dc0e644-aefc-49b3-b7fe-b71e4db4d725)
2020-04-09 05:39:48.533 15 RALLYDEBUG rally_openstack.cleanup.manager [-] Deleting neutron.port object s_rally_611cde33_NlM8J67J (2e4c5ad6-96a8-4f8c-9963-128a596306a1)
2020-04-09 05:39:48.543 15 RALLYDEBUG rally_openstack.cleanup.manager [-] Deleting neutron.port object s_rally_611cde33_2UfFYG8v (2e5b0839-94db-4bac-9881-2a4a5f025c4d)
2020-04-09 05:39:48.862 15 RALLYDEBUG rally_openstack.cleanup.manager [-] Deleting neutron.port object s_rally_611cde33_nWF2fDXx (2ea7c027-f1a8-4760-bfea-c089a32da9d3)
2020-04-09 05:39:48.968 15 RALLYDEBUG rally_openstack.cleanup.manager [-] Deleting neutron.port object s_rally_611cde33_kd3G7NaI (3092ef03-61ee-4f0a-aa32-4fafa15e3f4e)
2020-04-09 05:39:49.077 15 RALLYDEBUG rally_openstack.cleanup.manager [-] Deleting neutron.port object s_rally_611cde33_CtnTRppo (3154fcc2-65a5-4492-ae29-a2c64b9b521f)
2020-04-09 05:39:49.155 15 RALLYDEBUG rally_openstack.cleanup.manager [-] Deleting neutron.port object s_rally_611cde33_GTd3MndI (318febd6-b892-4f68-a458-8fe7ae3da097)
2020-04-09 05:39:49.235 15 RALLYDEBUG rally_openstack.cleanup.manager [-] Deleting neutron.port object s_rally_611cde33_AL20UBxG (327a4027-7154-4e56-bf5e-2f6f7f070403)
2020-04-09 05:39:49.267 15 RALLYDEBUG rally_openstack.cleanup.manager [-] Deleting neutron.port object s_rally_611cde33_eFQv3LVL (3288535c-f939-4b08-826a-5fb2bf37281c)
2020-04-09 05:39:49.276 15 RALLYDEBUG rally_openstack.cleanup.manager [-] Deleting neutron.port object s_rally_611cde33_Xhsr8lmA (348281cf-6c3e-476b-a8a9-230003a24775)
2020-04-09 05:39:49.286 15 RALLYDEBUG rally_openstack.cleanup.manager [-] Deleting neutron.port object s_rally_611cde33_2jaKhI71 (34aa9d84-e856-45b9-a7ec-9df4d96a0f8a)
2020-04-09 05:39:49.364 15 RALLYDEBUG rally_openstack.cleanup.manager [-] Deleting neutron.port object s_rally_611cde33_qrjoUTwn (34e17348-05cf-44f9-8a1d-e8d9cf1e74db)
2020-04-09 05:39:49.451 15 RALLYDEBUG rally_openstack.cleanup.manager [-] Deleting neutron.port object s_rally_611cde33_3VMPFyjU (3519c4f2-0946-4596-83e1-2d625080fc61)
2020-04-09 05:39:49.494 15 RALLYDEBUG rally_openstack.cleanup.manager [-] Deleting neutron.port object s_rally_611cde33_AmBz3vqN (3530d442-6d7b-424d-911f-21c034238910)
2020-04-09 05:39:49.794 15 RALLYDEBUG rally_openstack.cleanup.manager [-] Deleting neutron.port object s_rally_611cde33_3amiKCS3 (35503c96-d22d-400a-a355-a69fa7bb33d6)
2020-04-09 05:39:50.184 15 RALLYDEBUG rally_openstack.cleanup.manager [-] Deleting neutron.port object s_rally_611cde33_iEg3x4zS (36a79755-3014-456c-9483-11b2a5a4ca73)
2020-04-09 05:39:50.550 15 RALLYDEBUG rally_openstack.cleanup.manager [-] Deleting neutron.port object s_rally_611cde33_Ms5kyuA9 (37c40a0d-cd5a-42ab-be8f-cccdfed894a7)
2020-04-09 05:39:50.728 15 RALLYDEBUG rally_openstack.cleanup.manager [-] Deleting neutron.port object s_rally_611cde33_vFmbGMoP (37e62878-10e5-45b5-83ad-51ca715399fc)
2020-04-09 05:39:50.959 15 RALLYDEBUG rally_openstack.cleanup.manager [-] Deleting neutron.port object s_rally_611cde33_rCscJgNx (38236c75-6fd5-4348-a092-9e2e77693dc5)
2020-04-09 05:39:51.051 15 RALLYDEBUG rally_openstack.cleanup.manager [-] Deleting neutron.port object s_rally_611cde33_MN5J5D5F (38dd0668-6eb5-4fcd-bae3-cab4063ab646)
2020-04-09 05:39:51.073 15 RALLYDEBUG rally_openstack.cleanup.manager [-] Deleting neutron.port object s_rally_611cde33_KTLgDHJ0 (39711fbe-5aeb-4a71-b3ff-2f79d7ec2284)
2020-04-09 05:39:51.079 15 RALLYDEBUG rally_openstack.cleanup.manager [-] Deleting neutron.port object s_rally_611cde33_t7ZWVxBZ (3a625f2a-e9c2-4f4d-ac4a-4af3e2608ba6)
2020-04-09 05:39:51.112 15 RALLYDEBUG rally_openstack.cleanup.manager [-] Deleting neutron.port object s_rally_611cde33_wrlZmUUY (3afd15dc-8313-4093-8017-15ace67ba1ce)
2020-04-09 05:39:51.121 15 RALLYDEBUG rally_openstack.cleanup.manager [-] Deleting neutron.port object s_rally_611cde33_cFvV9z4M (3be20d8d-8bb9-4fd8-9505-f784e0d989e5)
2020-04-09 05:39:51.210 15 RALLYDEBUG rally_openstack.cleanup.manager [-] Deleting neutron.port object s_rally_611cde33_x0ZrIxpX (3c003e4b-fb15-40f5-b7cb-5bc870e5cac7)
2020-04-09 05:39:51.774 15 RALLYDEBUG rally_openstack.cleanup.manager [-] Deleting neutron.port object s_rally_611cde33_K5fGvOZq (3c123f8c-92c0-4f3b-a5c3-f46ea384e925)
2020-04-09 05:39:52.047 15 RALLYDEBUG rally_openstack.cleanup.manager [-] Deleting neutron.port object s_rally_611cde33_nyUySDzn (3c5c7481-042e-4c43-8adb-124ef0e92ddc)
2020-04-09 05:39:52.079 15 RALLYDEBUG rally_openstack.cleanup.manager [-] Deleting neutron.port object s_rally_611cde33_IOAoGmpa (3d09ba7a-f595-473f-8223-b275d6e9d8cf)
2020-04-09 05:39:52.086 15 RALLYDEBUG rally_openstack.cleanup.manager [-] Deleting neutron.port object s_rally_611cde33_lZGZNxD6 (3d17fcfd-4131-4824-b9c9-ac4193ffd974)
2020-04-09 05:39:52.129 15 RALLYDEBUG rally_openstack.cleanup.manager [-] Deleting neutron.port object s_rally_611cde33_uh2ASQVd (3e7fe67e-7246-4f9b-a4dd-8682ea077a8d)
2020-04-09 05:39:52.601 15 RALLYDEBUG rally_openstack.cleanup.manager [-] Deleting neutron.port object s_rally_611cde33_j9vBLuiE (3eee0724-0b70-4043-8198-d54ca0978e80)
2020-04-09 05:39:52.838 15 RALLYDEBUG rally_openstack.cleanup.manager [-] Deleting neutron.port object s_rally_611cde33_zxzdm0UI (3ffdfb86-a806-47ef-b976-186b0d819adf)
2020-04-09 05:39:53.004 15 RALLYDEBUG rally_openstack.cleanup.manager [-] Deleting neutron.port object s_rally_611cde33_MFctiS6I (406ac4e0-6eea-40cf-8641-b6fac1f7f6f5)
2020-04-09 05:39:53.180 15 RALLYDEBUG rally_openstack.cleanup.manager [-] Deleting neutron.port object s_rally_611cde33_SrCWaimF (418cab44-8a57-4181-b6a1-2b396a100ad2)
2020-04-09 05:39:53.184 15 RALLYDEBUG rally_openstack.cleanup.manager [-] Deleting neutron.port object s_rally_611cde33_SxrfrGhD (4259be70-9fbb-4132-840e-4a62715625e3)
2020-04-09 05:39:53.229 15 RALLYDEBUG rally_openstack.cleanup.manager [-] Deleting neutron.port object s_rally_611cde33_vlYCtnou (427fd91f-2f86-43fe-8210-4d4355e038c8)
2020-04-09 05:39:53.313 15 RALLYDEBUG rally_openstack.cleanup.manager [-] Deleting neutron.port object s_rally_611cde33_dT4XKGKn (42e63dc8-1fc0-47b9-a22e-5aebaf070461)
2020-04-09 05:39:53.439 15 RALLYDEBUG rally_openstack.cleanup.manager [-] Deleting neutron.port object s_rally_611cde33_bUvXvfa1 (43190202-60d0-4bfc-ac51-1c7829629c8e)
2020-04-09 05:39:53.448 15 RALLYDEBUG rally_openstack.cleanup.manager [-] Deleting neutron.port object s_rally_611cde33_LJ2IXCxN (43877a1d-f055-4a90-bfbd-3a41041e070d)
2020-04-09 05:39:53.480 15 RALLYDEBUG rally_openstack.cleanup.manager [-] Deleting neutron.port object s_rally_611cde33_8yhwz4Q1 (43baff34-83bf-4a55-af34-6afdd9eca0f5)
2020-04-09 05:39:53.525 15 RALLYDEBUG rally_openstack.cleanup.manager [-] Deleting neutron.port object s_rally_611cde33_LBl9MrdZ (43d96ffb-6fc9-41e7-bb8c-94b7faef7707)
2020-04-09 05:39:53.814 15 RALLYDEBUG rally_openstack.cleanup.manager [-] Deleting neutron.port object s_rally_611cde33_cEsvIwWo (44044656-bfb9-420c-9dfd-7f42720ef4f9)
2020-04-09 05:39:53.969 15 RALLYDEBUG rally_openstack.cleanup.manager [-] Deleting neutron.port object s_rally_611cde33_OrkGMrrC (4568172f-5550-4270-b1a2-ebb9b3c29a78)
2020-04-09 05:39:54.091 15 RALLYDEBUG rally_openstack.cleanup.manager [-] Deleting neutron.port object s_rally_611cde33_1kvf3tYB (45722cae-afb8-40f9-884f-d35aa4920b60)
2020-04-09 05:39:54.157 15 RALLYDEBUG rally_openstack.cleanup.manager [-] Deleting neutron.port object s_rally_611cde33_yJid6Df4 (45778a69-3071-40d2-9669-e2afa75cb14a)
2020-04-09 05:39:54.243 15 RALLYDEBUG rally_openstack.cleanup.manager [-] Deleting neutron.port object s_rally_611cde33_ZmzqVgYa (45f5dc61-29d3-4926-96ed-77bcf3c0f173)
2020-04-09 05:39:54.260 15 RALLYDEBUG rally_openstack.cleanup.manager [-] Deleting neutron.port object s_rally_611cde33_57ZrkNtZ (463cb243-8f3e-46dd-8fa6-4a65bb9a4be7)
2020-04-09 05:39:54.361 15 RALLYDEBUG rally_openstack.cleanup.manager [-] Deleting neutron.port object s_rally_611cde33_sbgMXtYH (4729a706-2679-4743-a809-8cb19f99c0b9)
2020-04-09 05:39:54.559 15 RALLYDEBUG rally_openstack.cleanup.manager [-] Deleting neutron.port object s_rally_611cde33_an9bfc7a (47be7122-dbb1-4b59-bdca-11a9a60f99ec)
2020-04-09 05:39:54.679 15 RALLYDEBUG rally_openstack.cleanup.manager [-] Deleting neutron.port object s_rally_611cde33_aM6Ytp35 (48313b1f-f15b-47cb-9aea-e899ce3721b8)
2020-04-09 05:39:54.700 15 RALLYDEBUG rally_openstack.cleanup.manager [-] Deleting neutron.port object s_rally_611cde33_8bNkug03 (48beeca8-f161-455e-88d0-5fd6fc763fa8)
2020-04-09 05:39:54.858 15 RALLYDEBUG rally_openstack.cleanup.manager [-] Deleting neutron.port object s_rally_611cde33_3K6h4LQ9 (494267dc-d97b-493b-96be-de53561bd238)
2020-04-09 05:39:55.260 15 RALLYDEBUG rally_openstack.cleanup.manager [-] Deleting neutron.port object s_rally_611cde33_JU78eIaz (4942a7cf-4822-4637-8910-542b90b20738)
2020-04-09 05:39:55.339 15 RALLYDEBUG rally_openstack.cleanup.manager [-] Deleting neutron.port object s_rally_611cde33_LSPvtyK0 (498e9fb1-904a-46c4-9710-e81a4b0a0042)
2020-04-09 05:39:55.513 15 RALLYDEBUG rally_openstack.cleanup.manager [-] Deleting neutron.port object s_rally_611cde33_dP5q155H (4ac079de-09f9-46ef-ba42-efd751a00d93)
2020-04-09 05:39:55.521 15 RALLYDEBUG rally_openstack.cleanup.manager [-] Deleting neutron.port object s_rally_611cde33_HMnW2L6u (4cc233ab-645a-4e62-98f3-2cb541d6aeec)
2020-04-09 05:39:55.728 15 RALLYDEBUG rally_openstack.cleanup.manager [-] Deleting neutron.port object s_rally_611cde33_G25d0zGm (4d9fe9e7-00fe-4375-aa60-35e6a159a287)
2020-04-09 05:39:55.732 15 RALLYDEBUG rally_openstack.cleanup.manager [-] Deleting neutron.port object s_rally_611cde33_MycWJfOA (4da07829-992f-454d-b77e-0156029c4f08)
2020-04-09 05:39:55.745 15 RALLYDEBUG rally_openstack.cleanup.manager [-] Deleting neutron.port object s_rally_611cde33_NlbON2fY (4e1e52af-ee91-463f-84de-f4044d25e5dc)
2020-04-09 05:39:56.138 15 RALLYDEBUG rally_openstack.cleanup.manager [-] Deleting neutron.port object s_rally_611cde33_aN6HJiY7 (4e4c9bb8-6fbc-469a-a4b2-17632645e10d)
2020-04-09 05:39:56.284 15 RALLYDEBUG rally_openstack.cleanup.manager [-] Deleting neutron.port object s_rally_611cde33_csZ4Axij (4eb1a6c8-bc4d-4621-9d90-1d65c677f8df)
2020-04-09 05:39:56.368 15 RALLYDEBUG rally_openstack.cleanup.manager [-] Deleting neutron.port object s_rally_611cde33_EXvBIzfa (4ebf9bfa-086f-47fd-a334-ca11d4abc188)
2020-04-09 05:39:56.417 15 RALLYDEBUG rally_openstack.cleanup.manager [-] Deleting neutron.port object s_rally_611cde33_OvLP3pAB (4edb0ecf-5398-47d1-a263-ca08b0d06d6e)
2020-04-09 05:39:56.422 15 RALLYDEBUG rally_openstack.cleanup.manager [-] Deleting neutron.port object s_rally_611cde33_lY22aoq6 (4ee00f97-92ae-4d30-b5c0-4a777de36690)
2020-04-09 05:39:56.429 15 RALLYDEBUG rally_openstack.cleanup.manager [-] Deleting neutron.port object s_rally_611cde33_wmCoTPdg (4fa3cd77-a0ae-4460-9314-3ee77d17fd13)
2020-04-09 05:39:56.572 15 RALLYDEBUG rally_openstack.cleanup.manager [-] Deleting neutron.port object s_rally_611cde33_VrpW4PFc (4fcd438f-bdc2-4ab9-a5ea-9795cdc3cf0f)
2020-04-09 05:39:56.686 15 RALLYDEBUG rally_openstack.cleanup.manager [-] Deleting neutron.port object s_rally_611cde33_UOo7VTQE (4feb50db-9885-4d39-abea-b662d07d25a6)
2020-04-09 05:39:56.950 15 RALLYDEBUG rally_openstack.cleanup.manager [-] Deleting neutron.port object s_rally_611cde33_cuK7aZb4 (50070881-d937-4a23-9c18-2036e2dbf2eb)
2020-04-09 05:39:57.005 15 RALLYDEBUG rally_openstack.cleanup.manager [-] Deleting neutron.port object s_rally_611cde33_8meSvhQp (50438cc3-5e60-4990-a7c9-b89208880627)
2020-04-09 05:39:57.108 15 RALLYDEBUG rally_openstack.cleanup.manager [-] Deleting neutron.port object s_rally_611cde33_5XjwesFf (504d3428-7f6f-4226-941f-bee556d83249)
2020-04-09 05:39:57.357 15 RALLYDEBUG rally_openstack.cleanup.manager [-] Deleting neutron.port object s_rally_611cde33_m3bt4Mdb (50539b7e-103f-4b60-98c0-7e3f37fd0470)
2020-04-09 05:39:57.390 15 RALLYDEBUG rally_openstack.cleanup.manager [-] Deleting neutron.port object s_rally_611cde33_kJnBtC4x (519c143b-846a-4d91-80e2-8ccdfc8dac5e)
2020-04-09 05:39:57.527 15 RALLYDEBUG rally_openstack.cleanup.manager [-] Deleting neutron.port object s_rally_611cde33_wkOUBcGY (522ff6f7-9b1b-4a9c-825e-706628706fbe)
2020-04-09 05:39:57.624 15 RALLYDEBUG rally_openstack.cleanup.manager [-] Deleting neutron.port object s_rally_611cde33_FfTB0YoL (5297c302-3014-4847-a0c3-62a69a853dfa)
2020-04-09 05:39:58.157 15 RALLYDEBUG rally_openstack.cleanup.manager [-] Deleting neutron.port object s_rally_611cde33_4Y7Vm1fn (53f4a0af-feb7-43e3-b631-2c77a1f3a3e6)
2020-04-09 05:39:58.290 15 RALLYDEBUG rally_openstack.cleanup.manager [-] Deleting neutron.port object s_rally_611cde33_Xy231Wh1 (54a8ad0e-9b02-42bf-8ded-0f8466b14699)
2020-04-09 05:39:58.483 15 RALLYDEBUG rally_openstack.cleanup.manager [-] Deleting neutron.port object s_rally_611cde33_fuL9kFTD (5574a3cf-8486-433c-b654-8efc204f0e0f)
2020-04-09 05:39:58.540 15 RALLYDEBUG rally_openstack.cleanup.manager [-] Deleting neutron.port object s_rally_611cde33_wSvCcrhP (55df7495-e1b5-4654-9870-6217d6dd5d2d)
2020-04-09 05:39:58.600 15 RALLYDEBUG rally_openstack.cleanup.manager [-] Deleting neutron.port object s_rally_611cde33_OXny5tHL (56127280-a84e-4bab-a926-b7122e6b9e1e)
2020-04-09 05:39:58.604 15 RALLYDEBUG rally_openstack.cleanup.manager [-] Deleting neutron.port object s_rally_611cde33_kgVRUPkC (56316570-6da9-402a-b709-1bcfd50fad8a)
2020-04-09 05:39:58.725 15 RALLYDEBUG rally_openstack.cleanup.manager [-] Deleting neutron.port object s_rally_611cde33_ROA8tbVS (567d0e50-7b77-49f0-a63a-1ecb6cda8677)
