2020-04-09 05:22:27.443 3515 RALLYDEBUG rally.task.runner [-] Starting a worker. concurrency: 1 args: {"network_create_args": {}, "subnet_create_args": {}, "subnet_cidr_start": "1.1.0.0/30", "subnets_per_network": 2, "router_create_args": {}} times: 40 method_name: run timeout: 0 duration: None cls:
2020-04-09 05:22:27.445 3509 INFO rally.task.runner [-] Task 1dc27f24-047b-43c6-854b-7cb756b12520 | ITER: 15 START
2020-04-09 05:22:27.447 3512 INFO rally.task.runner [-] Task 1dc27f24-047b-43c6-854b-7cb756b12520 | ITER: 16 START
2020-04-09 05:22:27.447 3518 RALLYDEBUG rally.task.runner [-] Starting a worker. concurrency: 1 args: {"network_create_args": {}, "subnet_create_args": {}, "subnet_cidr_start": "1.1.0.0/30", "subnets_per_network": 2, "router_create_args": {}} times: 40 method_name: run timeout: 0 duration: None cls:
2020-04-09 05:22:27.449 3515 INFO rally.task.runner [-] Task 1dc27f24-047b-43c6-854b-7cb756b12520 | ITER: 17 START
2020-04-09 05:22:27.451 3521 RALLYDEBUG rally.task.runner [-] Starting a worker. concurrency: 1 args: {"network_create_args": {}, "subnet_create_args": {}, "subnet_cidr_start": "1.1.0.0/30", "subnets_per_network": 2, "router_create_args": {}} times: 40 method_name: run timeout: 0 duration: None cls:
2020-04-09 05:22:27.452 3526 RALLYDEBUG rally.task.runner [-] Starting a worker. concurrency: 1 args: {"network_create_args": {}, "subnet_create_args": {}, "subnet_cidr_start": "1.1.0.0/30", "subnets_per_network": 2, "router_create_args": {}} times: 40 method_name: run timeout: 0 duration: None cls:
2020-04-09 05:22:27.453 3518 INFO rally.task.runner [-] Task 1dc27f24-047b-43c6-854b-7cb756b12520 | ITER: 18 START
2020-04-09 05:22:27.457 3521 INFO rally.task.runner [-] Task 1dc27f24-047b-43c6-854b-7cb756b12520 | ITER: 19 START
2020-04-09 05:22:27.457 3526 INFO rally.task.runner [-] Task 1dc27f24-047b-43c6-854b-7cb756b12520 | ITER: 20 START
2020-04-09 05:22:28.116 3477 RALLYDEBUG rally_openstack.wrappers.network [-] CIDR generated: 1.1.8.32/30
2020-04-09 05:22:28.149 3478 RALLYDEBUG rally_openstack.wrappers.network [-] CIDR generated: 1.1.8.36/30
2020-04-09 05:22:28.150 3485 RALLYDEBUG rally_openstack.wrappers.network [-] CIDR generated: 1.1.8.40/30
2020-04-09 05:22:28.184 3482 RALLYDEBUG rally_openstack.wrappers.network [-] CIDR generated: 1.1.8.44/30
2020-04-09 05:22:28.495 3476 RALLYDEBUG rally_openstack.wrappers.network [-] CIDR generated: 1.1.8.48/30
2020-04-09 05:22:28.511 3518 RALLYDEBUG rally_openstack.wrappers.network [-] CIDR generated: 1.1.8.52/30
2020-04-09 05:22:28.590 3506 RALLYDEBUG rally_openstack.wrappers.network [-] CIDR generated: 1.1.8.56/30
2020-04-09 05:22:28.696 3515 RALLYDEBUG rally_openstack.wrappers.network [-] CIDR generated: 1.1.8.60/30
2020-04-09 05:22:28.713 3488 RALLYDEBUG rally_openstack.wrappers.network [-] CIDR generated: 1.1.8.64/30
2020-04-09 05:22:28.773 3503 RALLYDEBUG rally_openstack.wrappers.network [-] CIDR generated: 1.1.8.68/30
2020-04-09 05:22:28.817 3475 RALLYDEBUG rally_openstack.wrappers.network [-] CIDR generated: 1.1.8.72/30
2020-04-09 05:22:28.869 3497 RALLYDEBUG rally_openstack.wrappers.network [-] CIDR generated: 1.1.8.76/30
2020-04-09 05:22:28.924 3526 RALLYDEBUG rally_openstack.wrappers.network [-] CIDR generated: 1.1.8.80/30
2020-04-09 05:22:28.993 3500 RALLYDEBUG rally_openstack.wrappers.network [-] CIDR generated: 1.1.8.84/30
2020-04-09 05:22:29.109 3509 RALLYDEBUG rally_openstack.wrappers.network [-] CIDR generated: 1.1.8.88/30
2020-04-09 05:22:29.347 3478 RALLYDEBUG rally_openstack.wrappers.network [-] CIDR generated: 1.1.8.92/30
2020-04-09 05:22:29.419 3479 RALLYDEBUG rally_openstack.wrappers.network [-] CIDR generated: 1.1.8.96/30
2020-04-09 05:22:29.450 3491 RALLYDEBUG rally_openstack.wrappers.network [-] CIDR generated: 1.1.8.100/30
2020-04-09 05:22:29.554 3521 RALLYDEBUG rally_openstack.wrappers.network [-] CIDR generated: 1.1.8.104/30
2020-04-09 05:22:29.671 3495 RALLYDEBUG rally_openstack.wrappers.network [-] CIDR generated: 1.1.8.108/30
2020-04-09 05:22:29.699 3485 RALLYDEBUG rally_openstack.wrappers.network [-] CIDR generated: 1.1.8.112/30
2020-04-09 05:22:29.732 3515 RALLYDEBUG rally_openstack.wrappers.network [-] CIDR generated: 1.1.8.116/30
2020-04-09 05:22:29.792 3512 RALLYDEBUG rally_openstack.wrappers.network [-] CIDR generated: 1.1.8.120/30
2020-04-09 05:22:29.874 3497 RALLYDEBUG rally_openstack.wrappers.network [-] CIDR generated: 1.1.8.124/30
2020-04-09 05:22:29.921 3482 RALLYDEBUG rally_openstack.wrappers.network [-] CIDR generated: 1.1.8.128/30
2020-04-09 05:22:29.957 3506 RALLYDEBUG rally_openstack.wrappers.network [-] CIDR generated: 1.1.8.132/30
2020-04-09 05:22:29.985 3488 RALLYDEBUG rally_openstack.wrappers.network [-] CIDR generated: 1.1.8.136/30
2020-04-09 05:22:30.006 3518 RALLYDEBUG rally_openstack.wrappers.network [-] CIDR generated: 1.1.8.140/30
2020-04-09 05:22:30.472 3526 RALLYDEBUG rally_openstack.wrappers.network [-] CIDR generated: 1.1.8.144/30
2020-04-09 05:22:30.493 3500 RALLYDEBUG rally_openstack.wrappers.network [-] CIDR generated: 1.1.8.148/30
2020-04-09 05:22:30.735 3495 RALLYDEBUG rally_openstack.wrappers.network [-] CIDR generated: 1.1.8.152/30
2020-04-09 05:22:30.736 3477 RALLYDEBUG rally_openstack.wrappers.network [-] CIDR generated: 1.1.8.156/30
2020-04-09 05:22:30.987 3503 RALLYDEBUG rally_openstack.wrappers.network [-] CIDR generated: 1.1.8.160/30
2020-04-09 05:22:31.435 3509 RALLYDEBUG rally_openstack.wrappers.network [-] CIDR generated: 1.1.8.164/30
2020-04-09 05:22:31.770 3476 RALLYDEBUG rally_openstack.wrappers.network [-] CIDR generated: 1.1.8.168/30
2020-04-09 05:22:32.224 3475 RALLYDEBUG rally_openstack.wrappers.network [-] CIDR generated: 1.1.8.172/30
2020-04-09 05:22:32.287 3491 RALLYDEBUG rally_openstack.wrappers.network [-] CIDR generated: 1.1.8.176/30
2020-04-09 05:22:32.311 3512 RALLYDEBUG rally_openstack.wrappers.network [-] CIDR generated: 1.1.8.180/30
2020-04-09 05:22:32.684 3479 RALLYDEBUG rally_openstack.wrappers.network [-] CIDR generated: 1.1.8.184/30
2020-04-09 05:22:32.719 3521 RALLYDEBUG rally_openstack.wrappers.network [-] CIDR generated: 1.1.8.188/30
2020-04-09 05:23:07.952 3476 INFO rally.task.runner [-] Task 1dc27f24-047b-43c6-854b-7cb756b12520 | ITER: 2 END: OK
2020-04-09 05:23:07.959 3476 INFO rally.task.runner [-] Task 1dc27f24-047b-43c6-854b-7cb756b12520 | ITER: 21 START
2020-04-09 05:23:08.479 3476 RALLYDEBUG rally_openstack.wrappers.network [-] CIDR generated: 1.1.8.192/30
2020-04-09 05:23:09.262 3476 RALLYDEBUG rally_openstack.wrappers.network [-] CIDR generated: 1.1.8.196/30
2020-04-09 05:23:10.432 3488 INFO rally.task.runner [-] Task 1dc27f24-047b-43c6-854b-7cb756b12520 | ITER: 8 END: OK
2020-04-09 05:23:10.440 3488 INFO rally.task.runner [-] Task 1dc27f24-047b-43c6-854b-7cb756b12520 | ITER: 22 START
2020-04-09 05:23:10.509 3506 INFO rally.task.runner [-] Task 1dc27f24-047b-43c6-854b-7cb756b12520 | ITER: 14 END: OK
2020-04-09 05:23:10.517 3506 INFO rally.task.runner [-] Task 1dc27f24-047b-43c6-854b-7cb756b12520 | ITER: 23 START
2020-04-09 05:23:11.012 3488 RALLYDEBUG rally_openstack.wrappers.network [-] CIDR generated: 1.1.8.200/30
2020-04-09 05:23:12.137 3509 INFO rally.task.runner [-] Task 1dc27f24-047b-43c6-854b-7cb756b12520 | ITER: 15 END: OK
2020-04-09 05:23:12.147 3509 INFO rally.task.runner [-] Task 1dc27f24-047b-43c6-854b-7cb756b12520 | ITER: 24 START
2020-04-09 05:23:12.766 3509 RALLYDEBUG rally_openstack.wrappers.network [-] CIDR generated: 1.1.8.204/30
2020-04-09 05:23:12.859 3506 RALLYDEBUG rally_openstack.wrappers.network [-] CIDR generated: 1.1.8.208/30
2020-04-09 05:23:13.015 3482 INFO rally.task.runner [-] Task 1dc27f24-047b-43c6-854b-7cb756b12520 | ITER: 6 END: OK
2020-04-09 05:23:13.022 3482 INFO rally.task.runner [-] Task 1dc27f24-047b-43c6-854b-7cb756b12520 | ITER: 25 START
2020-04-09 05:23:13.477 3509 RALLYDEBUG rally_openstack.wrappers.network [-] CIDR generated: 1.1.8.212/30
2020-04-09 05:23:13.882 3488 RALLYDEBUG rally_openstack.wrappers.network [-] CIDR generated: 1.1.8.216/30
2020-04-09 05:23:13.953 3497 INFO rally.task.runner [-] Task 1dc27f24-047b-43c6-854b-7cb756b12520 | ITER: 11 END: OK
2020-04-09 05:23:13.960 3497 INFO rally.task.runner [-] Task 1dc27f24-047b-43c6-854b-7cb756b12520 | ITER: 26 START
2020-04-09 05:23:14.434 3478 INFO rally.task.runner [-] Task 1dc27f24-047b-43c6-854b-7cb756b12520 | ITER: 4 END: OK
2020-04-09 05:23:14.440 3478 INFO rally.task.runner [-] Task 1dc27f24-047b-43c6-854b-7cb756b12520 | ITER: 27 START
2020-04-09 05:23:14.574 3497 RALLYDEBUG rally_openstack.wrappers.network [-] CIDR generated: 1.1.8.220/30
2020-04-09 05:23:15.039 3518 INFO rally.task.runner [-] Task 1dc27f24-047b-43c6-854b-7cb756b12520 | ITER: 18 END: OK
2020-04-09 05:23:15.046 3518 INFO rally.task.runner [-] Task 1dc27f24-047b-43c6-854b-7cb756b12520 | ITER: 28 START
2020-04-09 05:23:15.144 3482 RALLYDEBUG rally_openstack.wrappers.network [-] CIDR generated: 1.1.8.224/30
2020-04-09 05:23:15.625 3491 INFO rally.task.runner [-] Task 1dc27f24-047b-43c6-854b-7cb756b12520 | ITER: 9 END: OK
2020-04-09 05:23:15.632 3491 INFO rally.task.runner [-] Task 1dc27f24-047b-43c6-854b-7cb756b12520 | ITER: 29 START
2020-04-09 05:23:15.894 3482 RALLYDEBUG rally_openstack.wrappers.network [-] CIDR generated: 1.1.8.228/30
2020-04-09 05:23:15.900 3506 RALLYDEBUG rally_openstack.wrappers.network [-] CIDR generated: 1.1.8.232/30
2020-04-09 05:23:16.094 3478 RALLYDEBUG rally_openstack.wrappers.network [-] CIDR generated: 1.1.8.236/30
2020-04-09 05:23:16.324 3497 RALLYDEBUG rally_openstack.wrappers.network [-] CIDR generated: 1.1.8.240/30
2020-04-09 05:23:16.370 3495 INFO rally.task.runner [-] Task 1dc27f24-047b-43c6-854b-7cb756b12520 | ITER: 10 END: OK
2020-04-09 05:23:16.379 3495 INFO rally.task.runner [-] Task 1dc27f24-047b-43c6-854b-7cb756b12520 | ITER: 30 START
2020-04-09 05:23:16.398 3518 RALLYDEBUG rally_openstack.wrappers.network [-] CIDR generated: 1.1.8.244/30
2020-04-09 05:23:16.958 3491 RALLYDEBUG rally_openstack.wrappers.network [-] CIDR generated: 1.1.8.248/30
2020-04-09 05:23:17.105 3503 INFO rally.task.runner [-] Task 1dc27f24-047b-43c6-854b-7cb756b12520 | ITER: 13 END: OK
2020-04-09 05:23:17.110 3477 INFO rally.task.runner [-] Task 1dc27f24-047b-43c6-854b-7cb756b12520 | ITER: 3 END: OK
2020-04-09 05:23:17.113 3503 INFO rally.task.runner [-] Task 1dc27f24-047b-43c6-854b-7cb756b12520 | ITER: 31 START
2020-04-09 05:23:17.119 3477 INFO rally.task.runner [-] Task 1dc27f24-047b-43c6-854b-7cb756b12520 | ITER: 32 START
2020-04-09 05:23:17.305 3518 RALLYDEBUG rally_openstack.wrappers.network [-] CIDR generated: 1.1.8.252/30
2020-04-09 05:23:17.401 3495 RALLYDEBUG rally_openstack.wrappers.network [-] CIDR generated: 1.1.9.0/30
2020-04-09 05:23:17.599 3477 RALLYDEBUG rally_openstack.wrappers.network [-] CIDR generated: 1.1.9.4/30
2020-04-09 05:23:18.019 3512 INFO rally.task.runner [-] Task 1dc27f24-047b-43c6-854b-7cb756b12520 | ITER: 16 END: OK
2020-04-09 05:23:18.028 3512 INFO rally.task.runner [-] Task 1dc27f24-047b-43c6-854b-7cb756b12520 | ITER: 33 START
2020-04-09 05:23:18.323 3503 RALLYDEBUG rally_openstack.wrappers.network [-] CIDR generated: 1.1.9.8/30
2020-04-09 05:23:18.771 3512 RALLYDEBUG rally_openstack.wrappers.network [-] CIDR generated: 1.1.9.12/30
2020-04-09 05:23:18.775 3526 INFO rally.task.runner [-] Task 1dc27f24-047b-43c6-854b-7cb756b12520 | ITER: 20 END: OK
2020-04-09 05:23:18.783 3526 INFO rally.task.runner [-] Task 1dc27f24-047b-43c6-854b-7cb756b12520 | ITER: 34 START
2020-04-09 05:23:18.918 3475 INFO rally.task.runner [-] Task 1dc27f24-047b-43c6-854b-7cb756b12520 | ITER: 1 END: OK
2020-04-09 05:23:18.930 3475 INFO rally.task.runner [-] Task 1dc27f24-047b-43c6-854b-7cb756b12520 | ITER: 35 START
2020-04-09 05:23:18.970 3477 RALLYDEBUG rally_openstack.wrappers.network [-] CIDR generated: 1.1.9.16/30
2020-04-09 05:23:19.243 3526 RALLYDEBUG rally_openstack.wrappers.network [-] CIDR generated: 1.1.9.20/30
2020-04-09 05:23:19.445 3475 RALLYDEBUG rally_openstack.wrappers.network [-] CIDR generated: 1.1.9.24/30
2020-04-09 05:23:19.877 3526 RALLYDEBUG rally_openstack.wrappers.network [-] CIDR generated: 1.1.9.28/30
2020-04-09 05:23:20.397 3475 RALLYDEBUG rally_openstack.wrappers.network [-] CIDR generated: 1.1.9.32/30
2020-04-09 05:23:20.416 3478 RALLYDEBUG rally_openstack.wrappers.network [-] CIDR generated: 1.1.9.36/30
2020-04-09 05:23:21.070 3491 RALLYDEBUG rally_openstack.wrappers.network [-] CIDR generated: 1.1.9.40/30
2020-04-09 05:23:21.869 3495 RALLYDEBUG rally_openstack.wrappers.network [-] CIDR generated: 1.1.9.44/30
2020-04-09 05:23:22.178 3503 RALLYDEBUG rally_openstack.wrappers.network [-] CIDR generated: 1.1.9.48/30
2020-04-09 05:23:22.220 3512 RALLYDEBUG rally_openstack.wrappers.network [-] CIDR generated: 1.1.9.52/30
2020-04-09 05:23:22.574 3521 INFO rally.task.runner [-] Task 1dc27f24-047b-43c6-854b-7cb756b12520 | ITER: 19 END: OK
2020-04-09 05:23:22.583 3521 INFO rally.task.runner [-] Task 1dc27f24-047b-43c6-854b-7cb756b12520 | ITER: 36 START
2020-04-09 05:23:22.591 3479 INFO rally.task.runner [-] Task 1dc27f24-047b-43c6-854b-7cb756b12520 | ITER: 5 END: OK
2020-04-09 05:23:22.598 3479 INFO rally.task.runner [-] Task 1dc27f24-047b-43c6-854b-7cb756b12520 | ITER: 37 START
2020-04-09 05:23:23.024 3515 INFO rally.task.runner [-] Task 1dc27f24-047b-43c6-854b-7cb756b12520 | ITER: 17 END: OK
2020-04-09 05:23:23.031 3515 INFO rally.task.runner [-] Task 1dc27f24-047b-43c6-854b-7cb756b12520 | ITER: 38 START
2020-04-09 05:23:23.366 3521 RALLYDEBUG rally_openstack.wrappers.network [-] CIDR generated: 1.1.9.56/30
2020-04-09 05:23:23.419 3479 RALLYDEBUG rally_openstack.wrappers.network [-] CIDR generated: 1.1.9.60/30
2020-04-09 05:23:23.804 3485 INFO rally.task.runner [-] Task 1dc27f24-047b-43c6-854b-7cb756b12520 | ITER: 7 END: OK
2020-04-09 05:23:23.811 3485 INFO rally.task.runner [-] Task 1dc27f24-047b-43c6-854b-7cb756b12520 | ITER: 39 START
2020-04-09 05:23:24.199 3515 RALLYDEBUG rally_openstack.wrappers.network [-] CIDR generated: 1.1.9.64/30
2020-04-09 05:23:24.516 3485 RALLYDEBUG rally_openstack.wrappers.network [-] CIDR generated: 1.1.9.68/30
2020-04-09 05:23:25.035 3479 RALLYDEBUG rally_openstack.wrappers.network [-] CIDR generated: 1.1.9.72/30
2020-04-09 05:23:25.185 3521 RALLYDEBUG rally_openstack.wrappers.network [-] CIDR generated: 1.1.9.76/30
2020-04-09 05:23:25.321 3515 RALLYDEBUG rally_openstack.wrappers.network [-] CIDR generated: 1.1.9.80/30
2020-04-09 05:23:25.610 3500 INFO rally.task.runner [-] Task 1dc27f24-047b-43c6-854b-7cb756b12520 | ITER: 12 END: OK
2020-04-09 05:23:25.617 3500 INFO rally.task.runner [-] Task 1dc27f24-047b-43c6-854b-7cb756b12520 | ITER: 40 START
2020-04-09 05:23:26.842 3500 RALLYDEBUG rally_openstack.wrappers.network [-] CIDR generated: 1.1.9.84/30
2020-04-09 05:23:27.030 3485 RALLYDEBUG rally_openstack.wrappers.network [-] CIDR generated: 1.1.9.88/30
2020-04-09 05:23:29.170 3500 RALLYDEBUG rally_openstack.wrappers.network [-] CIDR generated: 1.1.9.92/30
2020-04-09 05:23:54.085 3497 INFO rally.task.runner [-] Task 1dc27f24-047b-43c6-854b-7cb756b12520 | ITER: 26 END: OK
2020-04-09 05:23:54.332 3476 INFO rally.task.runner [-] Task 1dc27f24-047b-43c6-854b-7cb756b12520 | ITER: 21 END: OK
2020-04-09 05:23:56.341 3491 INFO rally.task.runner [-] Task 1dc27f24-047b-43c6-854b-7cb756b12520 | ITER: 29 END: OK
2020-04-09 05:23:56.418 3503 INFO rally.task.runner [-] Task 1dc27f24-047b-43c6-854b-7cb756b12520 | ITER: 31 END: OK
2020-04-09 05:23:57.913 3518 INFO rally.task.runner [-] Task 1dc27f24-047b-43c6-854b-7cb756b12520 | ITER: 28 END: OK
2020-04-09 05:23:59.554 3475 INFO rally.task.runner [-] Task 1dc27f24-047b-43c6-854b-7cb756b12520 | ITER: 35 END: OK
2020-04-09 05:23:59.563 3509 INFO rally.task.runner [-] Task 1dc27f24-047b-43c6-854b-7cb756b12520 | ITER: 24 END: OK
2020-04-09 05:24:01.290 3477 INFO rally.task.runner [-] Task 1dc27f24-047b-43c6-854b-7cb756b12520 | ITER: 32 END: OK
2020-04-09 05:24:01.506 3488 INFO rally.task.runner [-] Task 1dc27f24-047b-43c6-854b-7cb756b12520 | ITER: 22 END: OK
2020-04-09 05:24:01.762 3500 INFO rally.task.runner [-] Task 1dc27f24-047b-43c6-854b-7cb756b12520 | ITER: 40 END: OK
2020-04-09 05:24:01.981 3478 INFO rally.task.runner [-] Task 1dc27f24-047b-43c6-854b-7cb756b12520 | ITER: 27 END: OK
2020-04-09 05:24:02.205 3506 INFO rally.task.runner [-] Task 1dc27f24-047b-43c6-854b-7cb756b12520 | ITER: 23 END: OK
2020-04-09 05:24:03.739 3526 INFO rally.task.runner [-] Task 1dc27f24-047b-43c6-854b-7cb756b12520 | ITER: 34 END: OK
2020-04-09 05:24:05.392 3495 INFO rally.task.runner [-] Task 1dc27f24-047b-43c6-854b-7cb756b12520 | ITER: 30 END: OK
2020-04-09 05:24:05.393 3512 INFO rally.task.runner [-] Task 1dc27f24-047b-43c6-854b-7cb756b12520 | ITER: 33 END: OK
2020-04-09 05:24:05.593 3479 INFO rally.task.runner [-] Task 1dc27f24-047b-43c6-854b-7cb756b12520 | ITER: 37 END: OK
2020-04-09 05:24:05.634 3485 INFO rally.task.runner [-] Task 1dc27f24-047b-43c6-854b-7cb756b12520 | ITER: 39 END: OK
2020-04-09 05:24:06.710 3482 INFO rally.task.runner [-] Task 1dc27f24-047b-43c6-854b-7cb756b12520 | ITER: 25 END: OK
2020-04-09 05:24:06.731 3515 INFO rally.task.runner [-] Task 1dc27f24-047b-43c6-854b-7cb756b12520 | ITER: 38 END: OK
2020-04-09 05:24:10.300 3521 INFO rally.task.runner [-] Task 1dc27f24-047b-43c6-854b-7cb756b12520 | ITER: 36 END: OK
2020-04-09 05:24:10.328 15 INFO rally.task.context [-] Task 1dc27f24-047b-43c6-854b-7cb756b12520 | Context cleanup@openstack cleanup() started
2020-04-09 05:24:10.331 15 RALLYDEBUG rally_openstack.cleanup.manager [-] Cleaning up neutron vip objects
2020-04-09 05:24:10.542 15 RALLYDEBUG rally_openstack.cleanup.manager [-] Cleaning up neutron health_monitor objects
2020-04-09 05:24:10.750 15 RALLYDEBUG rally_openstack.cleanup.manager [-] Cleaning up neutron pool objects
2020-04-09 05:24:10.972 15 RALLYDEBUG rally_openstack.cleanup.manager [-] Cleaning up neutron loadbalancer objects
2020-04-09 05:24:11.176 15 RALLYDEBUG rally_openstack.cleanup.manager [-] Cleaning up neutron floatingip objects
2020-04-09 05:24:11.382 15 RALLYDEBUG rally_openstack.cleanup.manager [-] Cleaning up neutron trunk objects
2020-04-09 05:24:11.563 15 DEBUG neutronclient.v2_0.client [-] Error message: {"NeutronError": {"message": "Invalid input for operation: 'tenant_id' is not supported for filtering.", "type": "InvalidInput", "detail": ""}} _handle_fault_response /usr/lib/python2.7/site-packages/neutronclient/v2_0/client.py:259
2020-04-09 05:24:11.602 15 DEBUG neutronclient.v2_0.client [-] Error message: {"NeutronError": {"message": "Invalid input for operation: 'tenant_id' is not supported for filtering.", "type": "InvalidInput", "detail": ""}} _handle_fault_response /usr/lib/python2.7/site-packages/neutronclient/v2_0/client.py:259
2020-04-09 05:24:11.632 15 DEBUG neutronclient.v2_0.client [-] Error message: {"NeutronError": {"message": "Invalid input for operation: 'tenant_id' is not supported for filtering.", "type": "InvalidInput", "detail": ""}} _handle_fault_response /usr/lib/python2.7/site-packages/neutronclient/v2_0/client.py:259
2020-04-09 05:24:11.633 15 ERROR rally_openstack.cleanup.manager [-] Seems like rally_openstack.cleanup.resources.NeutronTrunk.list(self) method is broken. It shouldn't raise any exceptions.: BadRequest: Invalid input for operation: 'tenant_id' is not supported for filtering. Neutron server returns request_ids: ['req-3df8883b-4ed3-4b4f-9fa2-6040e66c63c1']
2020-04-09 05:24:11.633 15 ERROR rally_openstack.cleanup.manager
Traceback (most recent call last):
2020-04-09 05:24:11.633 15 ERROR rally_openstack.cleanup.manager
File "/usr/lib/python2.7/site-packages/rally_openstack/cleanup/manager.py", line 133, in _publish
2020-04-09 05:24:11.633 15 ERROR rally_openstack.cleanup.manager for raw_resource in rutils.retry(3, manager.list):
2020-04-09 05:24:11.633 15 ERROR rally_openstack.cleanup.manager
File "/usr/lib/python2.7/site-packages/rally/common/utils.py", line 230, in retry
2020-04-09 05:24:11.633 15 ERROR rally_openstack.cleanup.manager return func(*args, **kwargs)
2020-04-09 05:24:11.633 15 ERROR rally_openstack.cleanup.manager
File "/usr/lib/python2.7/site-packages/rally_openstack/cleanup/resources.py", line 396, in list
2020-04-09 05:24:11.633 15 ERROR rally_openstack.cleanup.manager return super(NeutronTrunk, self).list()
2020-04-09 05:24:11.633 15 ERROR rally_openstack.cleanup.manager
File "/usr/lib/python2.7/site-packages/rally_openstack/cleanup/resources.py", line 273, in list
2020-04-09 05:24:11.633 15 ERROR rally_openstack.cleanup.manager result = list_method(tenant_id=self.tenant_uuid)[resources]
2020-04-09 05:24:11.633 15 ERROR rally_openstack.cleanup.manager
File "/usr/lib/python2.7/site-packages/neutronclient/v2_0/client.py", line 2105, in list_trunks
2020-04-09 05:24:11.633 15 ERROR rally_openstack.cleanup.manager **_params)
2020-04-09 05:24:11.633 15 ERROR rally_openstack.cleanup.manager
File "/usr/lib/python2.7/site-packages/neutronclient/v2_0/client.py", line 369, in list
2020-04-09 05:24:11.633 15 ERROR rally_openstack.cleanup.manager for r in self._pagination(collection, path, **params):
2020-04-09 05:24:11.633 15 ERROR rally_openstack.cleanup.manager
File "/usr/lib/python2.7/site-packages/neutronclient/v2_0/client.py", line 384, in _pagination
2020-04-09 05:24:11.633 15 ERROR rally_openstack.cleanup.manager res = self.get(path, params=params)
2020-04-09 05:24:11.633 15 ERROR rally_openstack.cleanup.manager
File "/usr/lib/python2.7/site-packages/neutronclient/v2_0/client.py", line 354, in get
2020-04-09 05:24:11.633 15 ERROR rally_openstack.cleanup.manager headers=headers, params=params)
2020-04-09 05:24:11.633 15 ERROR rally_openstack.cleanup.manager
File "/usr/lib/python2.7/site-packages/neutronclient/v2_0/client.py", line 331, in retry_request
2020-04-09 05:24:11.633 15 ERROR rally_openstack.cleanup.manager headers=headers, params=params)
2020-04-09 05:24:11.633 15 ERROR rally_openstack.cleanup.manager
File "/usr/lib/python2.7/site-packages/neutronclient/v2_0/client.py", line 294, in do_request
2020-04-09 05:24:11.633 15 ERROR rally_openstack.cleanup.manager self._handle_fault_response(status_code, replybody, resp)
2020-04-09 05:24:11.633 15 ERROR rally_openstack.cleanup.manager
File "/usr/lib/python2.7/site-packages/neutronclient/v2_0/client.py", line 269, in _handle_fault_response
2020-04-09 05:24:11.633 15 ERROR rally_openstack.cleanup.manager exception_handler_v20(status_code, error_body)
2020-04-09 05:24:11.633 15 ERROR rally_openstack.cleanup.manager
File "/usr/lib/python2.7/site-packages/neutronclient/v2_0/client.py", line 93, in exception_handler_v20
2020-04-09 05:24:11.633 15 ERROR rally_openstack.cleanup.manager request_ids=request_ids)
2020-04-09 05:24:11.633 15 ERROR rally_openstack.cleanup.manager BadRequest: Invalid input for operation: 'tenant_id' is not supported for filtering.
2020-04-09 05:24:11.633 15 ERROR rally_openstack.cleanup.manager Neutron server returns request_ids: ['req-3df8883b-4ed3-4b4f-9fa2-6040e66c63c1']
2020-04-09 05:24:11.633 15 ERROR rally_openstack.cleanup.manager
2020-04-09 05:24:11.643 15 RALLYDEBUG rally_openstack.cleanup.manager [-] Cleaning up neutron port objects
2020-04-09 05:24:12.188 15 RALLYDEBUG rally_openstack.cleanup.manager [-] Cleaning up neutron subnet objects
2020-04-09 05:24:12.685 15 RALLYDEBUG rally_openstack.cleanup.manager [-] Deleting neutron.subnet object s_rally_4a4cffee_PQYfVTC7 (012e1bad-e5a9-48ab-a861-a988c6cbe1f7)
2020-04-09 05:24:12.692 15 RALLYDEBUG rally_openstack.cleanup.manager [-] Deleting neutron.subnet object s_rally_4a4cffee_j19DsJYG (18dfab71-5882-452d-858b-9767ea9eeb9c)
2020-04-09 05:24:12.703 15 RALLYDEBUG rally_openstack.cleanup.manager [-] Deleting neutron.subnet object s_rally_4a4cffee_fMYVhmaU (1b230db0-1792-4ef3-9f42-ee7f41b60037)
2020-04-09 05:24:12.710 15 RALLYDEBUG rally_openstack.cleanup.manager [-] Deleting neutron.subnet object s_rally_4a4cffee_6cTUbUtw (1d8f4333-2f03-4f86-8faa-36f3c2015e9d)
2020-04-09 05:24:12.716 15 RALLYDEBUG rally_openstack.cleanup.manager [-] Deleting neutron.subnet object s_rally_4a4cffee_1BaKcV1D (1e81e95d-1442-480e-acd7-d01c5c671ee1)
2020-04-09 05:24:12.738 15 RALLYDEBUG rally_openstack.cleanup.manager [-] Deleting neutron.subnet object s_rally_4a4cffee_CvOFfwcQ (210ab433-6d4d-4269-904b-6293da3dc883)
2020-04-09 05:24:12.740 15 RALLYDEBUG rally_openstack.cleanup.manager [-] Deleting neutron.subnet object s_rally_4a4cffee_poWiUx2o (21954001-9c5e-48a4-8db5-f789c26eeda3)
2020-04-09 05:24:12.796 15 RALLYDEBUG rally_openstack.cleanup.manager [-] Deleting neutron.subnet object s_rally_4a4cffee_ukVKv9u9 (282316b5-c4d6-4ea4-97b3-9d6ebb4e5434)
2020-04-09 05:24:12.831 15 RALLYDEBUG rally_openstack.cleanup.manager [-] Deleting neutron.subnet object s_rally_4a4cffee_kXgeKSvh (34484ed6-0882-4698-af4a-d45be9171a72)
2020-04-09 05:24:12.832 15 RALLYDEBUG rally_openstack.cleanup.manager [-] Deleting neutron.subnet object s_rally_4a4cffee_1CIBLJHf (2affda04-5dec-4c6d-8997-8b31f8dc17f7)
2020-04-09 05:24:12.834 15 RALLYDEBUG rally_openstack.cleanup.manager [-] Deleting neutron.subnet object s_rally_4a4cffee_5p8HUA9n (219d8ca5-bb17-4fe5-9c0d-cd1cbbdd0720)
2020-04-09 05:24:12.848 15 RALLYDEBUG rally_openstack.cleanup.manager [-] Deleting neutron.subnet object s_rally_4a4cffee_axtPBzQf (404f483c-910d-48ec-8a70-3dc2c1b66964)
2020-04-09 05:24:12.848 15 RALLYDEBUG rally_openstack.cleanup.manager [-] Deleting neutron.subnet object s_rally_4a4cffee_MJ9mJ6NU (4ac11db9-d62f-4450-acaa-65fc0b3d9f5f)
2020-04-09 05:24:12.855 15 RALLYDEBUG rally_openstack.cleanup.manager [-] Deleting neutron.subnet object s_rally_4a4cffee_cWG0EkrZ (2f99abde-0640-4e68-af5b-1055e84f1f5e)
2020-04-09 05:24:12.862 15 RALLYDEBUG rally_openstack.cleanup.manager [-] Deleting neutron.subnet object s_rally_4a4cffee_Wvz2XZMZ (4851b4c4-7d3a-464b-aeca-77b18a23dad7)
2020-04-09 05:24:12.864 15 RALLYDEBUG rally_openstack.cleanup.manager [-] Deleting neutron.subnet object s_rally_4a4cffee_00XnJ42h (3399eaeb-60bf-460a-820e-11ae7008981b)
2020-04-09 05:24:12.885 15 RALLYDEBUG rally_openstack.cleanup.manager [-] Deleting neutron.subnet object s_rally_4a4cffee_H8Wp3LgN (42a42398-bcfe-4e2d-b3e9-0a723a176cdc)
2020-04-09 05:24:12.916 15 RALLYDEBUG rally_openstack.cleanup.manager [-] Deleting neutron.subnet object s_rally_4a4cffee_XTFYZ8Bo (310d4272-c468-4346-b5b4-6a9bf57e1990)
2020-04-09 05:24:12.910 15 RALLYDEBUG rally_openstack.cleanup.manager [-] Deleting neutron.subnet object s_rally_4a4cffee_Wbat3QBZ (5537c3e3-af8c-4abd-b5e4-fdf359704aea)
2020-04-09 05:24:12.941 15 RALLYDEBUG rally_openstack.cleanup.manager [-] Deleting neutron.subnet object s_rally_4a4cffee_lSTYXJ5o (5817b378-8fa2-4095-ae4a-8ab12c3d8e09)
2020-04-09 05:24:15.257 15 RALLYDEBUG rally_openstack.cleanup.manager [-] Deleting neutron.subnet object s_rally_4a4cffee_yXYn8v9Z (5837d313-6514-455c-bb6c-79bb0856ee31)
2020-04-09 05:24:15.465 15 RALLYDEBUG rally_openstack.cleanup.manager [-] Deleting neutron.subnet object s_rally_4a4cffee_Smwepfsi (5963b7f4-a937-4149-bbfc-efad5c747b01)
2020-04-09 05:24:15.550 15 RALLYDEBUG rally_openstack.cleanup.manager [-] Deleting neutron.subnet object s_rally_4a4cffee_Dh80gwXi (5a41d304-d905-49ac-b383-c98c04694022)
2020-04-09 05:24:15.704 15 RALLYDEBUG rally_openstack.cleanup.manager [-] Deleting neutron.subnet object s_rally_4a4cffee_dNw7o5no (60493cd0-9ab7-4d1b-902e-ce55593762ef)
2020-04-09 05:24:16.163 15 RALLYDEBUG rally_openstack.cleanup.manager [-] Deleting neutron.subnet object s_rally_4a4cffee_tG4DruCq (6730be19-265b-4e01-8843-49313f3e4d87)
2020-04-09 05:24:16.247 15 RALLYDEBUG rally_openstack.cleanup.manager [-] Deleting neutron.subnet object s_rally_4a4cffee_TQTrxBS2 (6d6d8938-b0a7-40c4-92da-ccfac28fd9cb)
2020-04-09 05:24:16.522 15 RALLYDEBUG rally_openstack.cleanup.manager [-] Deleting neutron.subnet object s_rally_4a4cffee_FVbdN2Wh (6dae2ab3-bad7-4b90-9d5c-d743a23e9056)
2020-04-09 05:24:16.567 15 RALLYDEBUG rally_openstack.cleanup.manager [-] Deleting neutron.subnet object s_rally_4a4cffee_9lUI1yaU (6de4b567-1f85-4ded-89a8-c5d629358b54)
2020-04-09 05:24:16.570 15 RALLYDEBUG rally_openstack.cleanup.manager [-] Deleting neutron.subnet object s_rally_4a4cffee_d74b9bqE (6e995168-fdec-4f76-b735-98b249c1c887)
2020-04-09 05:24:16.675 15 RALLYDEBUG rally_openstack.cleanup.manager [-] Deleting neutron.subnet object s_rally_4a4cffee_gb4jokNb (6eaf398a-c95e-4472-a701-c7c3b1aa1f06)
2020-04-09 05:24:16.686 15 RALLYDEBUG rally_openstack.cleanup.manager [-] Deleting neutron.subnet object s_rally_4a4cffee_eXU6sc0H (7608dc12-36af-4f31-92fa-d5ea6535ce8b)
2020-04-09 05:24:16.746 15 RALLYDEBUG rally_openstack.cleanup.manager [-] Deleting neutron.subnet object s_rally_4a4cffee_N4aYlS4a (7692636e-20de-4fa0-91f0-c9b846cfcc5c)
2020-04-09 05:24:17.120 15 RALLYDEBUG rally_openstack.cleanup.manager [-] Deleting neutron.subnet object s_rally_4a4cffee_yBinlPLx (79eb0ae7-3a83-44d2-8933-6aba6e30a4ac)
2020-04-09 05:24:17.184 15 RALLYDEBUG rally_openstack.cleanup.manager [-] Deleting neutron.subnet object s_rally_4a4cffee_izjpNpim (7a59fe5b-c831-4760-9c49-15d00a4d1675)
2020-04-09 05:24:17.213 15 RALLYDEBUG rally_openstack.cleanup.manager [-] Deleting neutron.subnet object s_rally_4a4cffee_ZPp0tqO5 (7b6651a3-168d-413b-ae1a-abc45d6819ee)
2020-04-09 05:24:17.232 15 RALLYDEBUG rally_openstack.cleanup.manager [-] Deleting neutron.subnet object s_rally_4a4cffee_KW5slGc6 (7bddd507-2438-42bf-8e0c-4db0327be4cb)
2020-04-09 05:24:17.640 15 RALLYDEBUG rally_openstack.cleanup.manager [-] Deleting neutron.subnet object s_rally_4a4cffee_5qRCoqOu (7c4bb0d2-2a19-438f-a284-c7ecfe57d51c)
2020-04-09 05:24:17.950 15 RALLYDEBUG rally_openstack.cleanup.manager [-] Deleting neutron.subnet object s_rally_4a4cffee_5FFJ2VED (7d6573de-edb1-4531-8f37-7db3de4892cd)
2020-04-09 05:24:18.229 15 RALLYDEBUG rally_openstack.cleanup.manager [-] Deleting neutron.subnet object s_rally_4a4cffee_kRBdKc2a (7d93af90-d99b-49cb-89b8-7441afeb9a98)
2020-04-09 05:24:18.607 15 RALLYDEBUG rally_openstack.cleanup.manager [-] Deleting neutron.subnet object s_rally_4a4cffee_PdTtiSs9 (8272528d-50b4-4e1b-a147-63ef67430852)
2020-04-09 05:24:18.658 15 RALLYDEBUG rally_openstack.cleanup.manager [-] Deleting neutron.subnet object s_rally_4a4cffee_ixjODEFM (84e97880-3f39-4f2c-b674-207398e2f9ea)
2020-04-09 05:24:18.850 15 RALLYDEBUG rally_openstack.cleanup.manager [-] Deleting neutron.subnet object s_rally_4a4cffee_HRqlIIQG (8a6d1dce-5f88-45ad-9592-b9c9f5816fad)
2020-04-09 05:24:19.019 15 RALLYDEBUG rally_openstack.cleanup.manager [-] Deleting neutron.subnet object s_rally_4a4cffee_1MGnRKBq (8c0dd063-a16f-48ed-982a-8fa7060adec6)
2020-04-09 05:24:19.320 15 RALLYDEBUG rally_openstack.cleanup.manager [-] Deleting neutron.subnet object s_rally_4a4cffee_I6kRlJXL (9259d159-7850-46e4-8aec-d721631d5e6f)
2020-04-09 05:24:20.100 15 RALLYDEBUG rally_openstack.cleanup.manager [-] Deleting neutron.subnet object s_rally_4a4cffee_twTgt0CW (9814a2c0-29a8-4aed-95c8-755573560e9c)
2020-04-09 05:24:20.286 15 RALLYDEBUG rally_openstack.cleanup.manager [-] Deleting neutron.subnet object s_rally_4a4cffee_jAq8e3iO (9b35d3e1-5eaa-42a8-ba7f-615dd129118b)
2020-04-09 05:24:20.380 15 RALLYDEBUG rally_openstack.cleanup.manager [-] Deleting neutron.subnet object s_rally_4a4cffee_J0k6Uayp (9d292173-d46e-483c-8a11-36c4af17810c)
2020-04-09 05:24:20.439 15 RALLYDEBUG rally_openstack.cleanup.manager [-] Deleting neutron.subnet object s_rally_4a4cffee_hLnZBztX (9d892742-852a-4c7d-9a5d-5209de9059cc)
2020-04-09 05:24:20.528 15 RALLYDEBUG rally_openstack.cleanup.manager [-] Deleting neutron.subnet object s_rally_4a4cffee_c9wCnCpU (9e81a993-36be-4dd2-b9a3-5bcb6cce6087)
2020-04-09 05:24:20.597 15 RALLYDEBUG rally_openstack.cleanup.manager [-] Deleting neutron.subnet object s_rally_4a4cffee_w0lyk1bx (9ef8074c-b5e7-42ab-926b-d94a7a66e007)
2020-04-09 05:24:20.660 15 RALLYDEBUG rally_openstack.cleanup.manager [-] Deleting neutron.subnet object s_rally_4a4cffee_vAYJiUMq (a0476b71-3bd7-403d-89a2-865bd24e65a9)
2020-04-09 05:24:20.912 15 RALLYDEBUG rally_openstack.cleanup.manager [-] Deleting neutron.subnet object s_rally_4a4cffee_GHVYWziZ (a423b7de-ee24-44e5-bc4e-57fc41861e57)
2020-04-09 05:24:20.915 15 RALLYDEBUG rally_openstack.cleanup.manager [-] Deleting neutron.subnet object s_rally_4a4cffee_A88jjAbk (a08d17dd-01e8-4ae3-8485-9608ba82df70)
2020-04-09 05:24:21.052 15 RALLYDEBUG rally_openstack.cleanup.manager [-] Deleting neutron.subnet object s_rally_4a4cffee_Q57ba3Ig (a76e989e-f517-4083-bd9b-c2ad80625f68)
2020-04-09 05:24:21.749 15 RALLYDEBUG rally_openstack.cleanup.manager [-] Deleting neutron.subnet object s_rally_4a4cffee_QehbASCg (acd43fe7-a221-4a81-b1f4-2203dc980e03)
2020-04-09 05:24:21.908 15 RALLYDEBUG rally_openstack.cleanup.manager [-] Deleting neutron.subnet object s_rally_4a4cffee_hxEyVmbO (b14a70b1-16a9-44a5-a06a-a04a9e486d5a)
2020-04-09 05:24:21.983 15 RALLYDEBUG rally_openstack.cleanup.manager [-] Deleting neutron.subnet object s_rally_4a4cffee_ZgSvrft6 (b2e9ae19-19a7-4e7c-9859-fced9dad9972)
2020-04-09 05:24:22.303 15 RALLYDEBUG rally_openstack.cleanup.manager [-] Deleting neutron.subnet object s_rally_4a4cffee_MUKTAT5o (b3d2ee30-1d79-49b6-a74c-e347964cb3bf)
2020-04-09 05:24:22.612 15 RALLYDEBUG rally_openstack.cleanup.manager [-] Deleting neutron.subnet object s_rally_4a4cffee_OufUOeVW (b5b76fac-3c19-4beb-9330-d049fbf9cd79)
2020-04-09 05:24:23.141 15 RALLYDEBUG rally_openstack.cleanup.manager [-] Deleting neutron.subnet object s_rally_4a4cffee_JNHwcJeq (b8968619-5ac1-4157-9be0-8eb3973b2bbb)
2020-04-09 05:24:23.146 15 RALLYDEBUG rally_openstack.cleanup.manager [-] Deleting neutron.subnet object s_rally_4a4cffee_o7BE7uw7 (be388fd3-9760-4396-8aa1-3f9772789a6a)
2020-04-09 05:24:23.245 15 RALLYDEBUG rally_openstack.cleanup.manager [-] Deleting neutron.subnet object s_rally_4a4cffee_sher6JRF (bf4faa24-75b3-48f7-a888-f489b8bf2f2b)
2020-04-09 05:24:23.257 15 RALLYDEBUG rally_openstack.cleanup.manager [-] Deleting neutron.subnet object s_rally_4a4cffee_W62ymXDv (c3c6872b-91f8-4c4b-aa91-61a7b61a84d6)
2020-04-09 05:24:23.353 15 RALLYDEBUG rally_openstack.cleanup.manager [-] Deleting neutron.subnet object s_rally_4a4cffee_0DWnDeOL (c6949505-8011-4277-873d-54d063f1e375)
2020-04-09 05:24:23.459 15 RALLYDEBUG rally_openstack.cleanup.manager [-] Deleting neutron.subnet object s_rally_4a4cffee_2NC6jlXh (cc16351d-b194-4880-bba8-5c2e9f0da038)
2020-04-09 05:24:23.985 15 RALLYDEBUG rally_openstack.cleanup.manager [-] Deleting neutron.subnet object s_rally_4a4cffee_CIfJyVxL (cdfe6e5d-c6e1-48d5-a56f-d1f8b65c9bbf)
2020-04-09 05:24:23.990 15 RALLYDEBUG rally_openstack.cleanup.manager [-] Deleting neutron.subnet object s_rally_4a4cffee_EwsPYrwl (d3d7c500-5e87-4e1d-991f-4d377d6fc4cd)
2020-04-09 05:24:24.076 15 RALLYDEBUG rally_openstack.cleanup.manager [-] Deleting neutron.subnet object s_rally_4a4cffee_eFBk26yi (d8955307-2186-45fa-bee4-b21e7b6ab23e)
2020-04-09 05:24:24.122 15 RALLYDEBUG rally_openstack.cleanup.manager [-] Deleting neutron.subnet object s_rally_4a4cffee_BUTsKuD8 (d9133863-d6fd-4719-afee-14b5bd751e92)
2020-04-09 05:24:24.144 15 RALLYDEBUG rally_openstack.cleanup.manager [-] Deleting neutron.subnet object s_rally_4a4cffee_p0idG5UL (e3f4e2d0-71ec-4854-85fd-82c96c3423d5)
2020-04-09 05:24:24.263 15 RALLYDEBUG rally_openstack.cleanup.manager [-] Deleting neutron.subnet object s_rally_4a4cffee_WDh0deP1 (e679fbdf-800b-48a5-aa78-1abb4dfa165d)
2020-04-09 05:24:24.700 15 RALLYDEBUG rally_openstack.cleanup.manager [-] Deleting neutron.subnet object s_rally_4a4cffee_Dy15Uese (e7fda204-8a59-459e-9e8d-cfc49c957f61)
2020-04-09 05:24:24.721 15 RALLYDEBUG rally_openstack.cleanup.manager [-] Deleting neutron.subnet object s_rally_4a4cffee_00VSBfK6 (eebaef81-61db-45e8-97c2-ad3b50347003)
2020-04-09 05:24:25.241 15 RALLYDEBUG rally_openstack.cleanup.manager [-] Deleting neutron.subnet object s_rally_4a4cffee_niELrBkp (eec588dc-9cb7-4c59-b699-cd7d68d5a406)
2020-04-09 05:24:25.327 15 RALLYDEBUG rally_openstack.cleanup.manager [-] Deleting neutron.subnet object s_rally_4a4cffee_yKnBlGaC (f0592fc8-7f2d-4106-a548-51a82f2550f7)
2020-04-09 05:24:25.336 15 RALLYDEBUG rally_openstack.cleanup.manager [-] Deleting neutron.subnet object s_rally_4a4cffee_l9NSN4EK (f0c6b50a-f87f-4629-a1fb-271fccc69460)
2020-04-09 05:24:25.462 15 RALLYDEBUG rally_openstack.cleanup.manager [-] Deleting neutron.subnet object s_rally_4a4cffee_M23hxE6E (f27fb2d3-aae0-487a-a3b6-d33f5fd482b9)
2020-04-09 05:24:25.510 15 RALLYDEBUG rally_openstack.cleanup.manager [-] Deleting neutron.subnet object s_rally_4a4cffee_fstQiKaa (f427bd55-7b01-460a-8a54-539197ea7748)
2020-04-09 05:24:26.211 15 RALLYDEBUG rally_openstack.cleanup.manager [-] Deleting neutron.subnet object s_rally_4a4cffee_q9WVZuXH (f6fbaacf-0cbc-46a6-8369-9cd82f8c2689)
2020-04-09 05:24:26.353 15 RALLYDEBUG rally_openstack.cleanup.manager [-] Deleting neutron.subnet object s_rally_4a4cffee_QmgljWlu (fd636ea8-2b45-46e9-a916-bd74b24f7a0e)
2020-04-09 05:24:30.580 15 RALLYDEBUG rally_openstack.cleanup.manager [-] Cleaning up neutron network objects
2020-04-09 05:24:30.983 15 RALLYDEBUG rally_openstack.cleanup.manager [-] Deleting neutron.network object s_rally_4a4cffee_mG6BSnhQ (085ebfe8-8b30-4f3f-bae6-32b268bed449)
2020-04-09 05:24:30.990 15 RALLYDEBUG rally_openstack.cleanup.manager [-] Deleting neutron.network object s_rally_4a4cffee_rZtjsphC (0cea2cc8-3122-410e-b1c5-135fb3f381c5)
2020-04-09 05:24:31.004 15 RALLYDEBUG rally_openstack.cleanup.manager [-] Deleting neutron.network object s_rally_4a4cffee_94Ksny5g (2616cb83-0a1a-4f1e-9ec0-a8be1187a160)
2020-04-09 05:24:31.005 15 RALLYDEBUG rally_openstack.cleanup.manager [-] Deleting neutron.network object s_rally_4a4cffee_oHhmzGi0 (167a7211-9e51-45ee-bb25-a71abf3ea609)
2020-04-09 05:24:31.019 15 RALLYDEBUG rally_openstack.cleanup.manager [-] Deleting neutron.network object s_rally_4a4cffee_QVKzyGva (28cec10e-343e-481f-8424-1116397bc281)
2020-04-09 05:24:31.032 15 RALLYDEBUG rally_openstack.cleanup.manager [-] Deleting neutron.network object s_rally_4a4cffee_52TGvmCv (2e08ec85-4f13-4822-8f25-560af0714aa3)
2020-04-09 05:24:31.061 15 RALLYDEBUG rally_openstack.cleanup.manager [-] Deleting neutron.network object s_rally_4a4cffee_jHOSphjC (28dfaaed-4f2b-4ab0-b34f-6e66c57bc6eb)
2020-04-09 05:24:31.078 15 RALLYDEBUG rally_openstack.cleanup.manager [-] Deleting neutron.network object s_rally_4a4cffee_w5wuSULM (382e40e7-7258-4cf9-a946-05dee8c35d01)
2020-04-09 05:24:31.090 15 RALLYDEBUG rally_openstack.cleanup.manager [-] Deleting neutron.network object s_rally_4a4cffee_LJeOxmnY (39f2cbc2-aed1-4674-bf20-7a7c9d17c3dc)
2020-04-09 05:24:31.101 15 RALLYDEBUG rally_openstack.cleanup.manager [-] Deleting neutron.network object s_rally_4a4cffee_4BlGwiJS (3eed29bd-846e-443b-a71a-f3a73b8c7f07)
2020-04-09 05:24:31.125 15 RALLYDEBUG rally_openstack.cleanup.manager [-] Deleting neutron.network object s_rally_4a4cffee_LKqLStIw (3cbce0c9-97eb-45ed-a117-d9e5d4856fb2)
2020-04-09 05:24:31.136 15 RALLYDEBUG rally_openstack.cleanup.manager [-] Deleting neutron.network object s_rally_4a4cffee_DVREQf8H (5e7fb1d6-f566-4b52-a786-af7401743cfc)
2020-04-09 05:24:31.155 15 RALLYDEBUG rally_openstack.cleanup.manager [-] Deleting neutron.network object s_rally_4a4cffee_mKbk5Kd1 (64726696-c877-4d74-a443-38704582fae9)
2020-04-09 05:24:31.159 15 RALLYDEBUG rally_openstack.cleanup.manager [-] Deleting neutron.network object s_rally_4a4cffee_vlzD08to (5f3897e6-dbf2-4b62-8c6a-3998085e3e43)
2020-04-09 05:24:31.159 15 RALLYDEBUG rally_openstack.cleanup.manager [-] Deleting neutron.network object s_rally_4a4cffee_JUGevEME (6af9f4f9-841a-48cb-b311-082629234dcc)
2020-04-09 05:24:31.178 15 RALLYDEBUG rally_openstack.cleanup.manager [-] Deleting neutron.network object s_rally_4a4cffee_L9GN4vJ4 (708400af-e630-4935-bd5c-3d8d15e7f6a6)
2020-04-09 05:24:31.177 15 RALLYDEBUG rally_openstack.cleanup.manager [-] Deleting neutron.network object s_rally_4a4cffee_fWUDO0oH (5f8f0cc8-8b2e-4a01-bc89-caaf3ec746ca)
2020-04-09 05:24:31.220 15 RALLYDEBUG rally_openstack.cleanup.manager [-] Deleting neutron.network object s_rally_4a4cffee_3oWNMMQC (7d144c2e-9158-49fb-b463-c5727448e8ef)
2020-04-09 05:24:31.223 15 RALLYDEBUG rally_openstack.cleanup.manager [-] Deleting neutron.network object s_rally_4a4cffee_4YfEdN87 (9527dcff-961d-41d0-9870-555ac5579fe2)
2020-04-09 05:24:31.229 15 RALLYDEBUG rally_openstack.cleanup.manager [-] Deleting neutron.network object s_rally_4a4cffee_LqeLAeYk (716111d7-ff9a-4f7d-94df-fce8ab47087f)
2020-04-09 05:24:33.423 15 RALLYDEBUG rally_openstack.cleanup.manager [-] Deleting neutron.network object s_rally_4a4cffee_kGD75HSp (9ab33fa5-001f-466e-a1e9-e1f2e3494d68)
2020-04-09 05:24:33.487 15 RALLYDEBUG rally_openstack.cleanup.manager [-] Deleting neutron.network object s_rally_4a4cffee_9h0DXbwQ (a2fac35e-8ee1-4d2a-9306-00d0dd055ef9)
2020-04-09 05:24:33.827 15 RALLYDEBUG rally_openstack.cleanup.manager [-] Deleting neutron.network object s_rally_4a4cffee_nCeP3mHm (a3c55c6f-b31d-4618-9057-817a8802d25a)
2020-04-09 05:24:33.911 15 RALLYDEBUG rally_openstack.cleanup.manager [-] Deleting neutron.network object s_rally_4a4cffee_fyW9H9rN (a45f7e9d-b1e6-4761-9be9-b944ae6aaaa3)
2020-04-09 05:24:34.082 15 RALLYDEBUG rally_openstack.cleanup.manager [-] Deleting neutron.network object s_rally_4a4cffee_jazpFX4A (a9cb5129-4c9b-4770-96d4-0ba35459c0a7)
2020-04-09 05:24:34.182 15 RALLYDEBUG rally_openstack.cleanup.manager [-] Deleting neutron.network object s_rally_4a4cffee_4f32ku3n (ac2f3d00-3074-4507-8a67-cbac530c9f6f)
2020-04-09 05:24:34.269 15 RALLYDEBUG rally_openstack.cleanup.manager [-] Deleting neutron.network object s_rally_4a4cffee_GDGIfDdy (b0744ab3-0575-48bc-ba11-d757b0a71c4e)
2020-04-09 05:24:34.393 15 RALLYDEBUG rally_openstack.cleanup.manager [-] Deleting neutron.network object s_rally_4a4cffee_4AKVvKi8 (b500f967-3596-4516-a5fe-d7f80fbf8f5b)
2020-04-09 05:24:34.405 15 RALLYDEBUG rally_openstack.cleanup.manager [-] Deleting neutron.network object s_rally_4a4cffee_m09KEACf (b5a38ed3-2df8-4a39-9ffd-0e6602cd09f1)
2020-04-09 05:24:34.646 15 RALLYDEBUG rally_openstack.cleanup.manager [-] Deleting neutron.network object s_rally_4a4cffee_7KEgqPEn (bd017275-6bb6-4727-8d94-0263546f3b3e)
2020-04-09 05:24:34.928 15 RALLYDEBUG rally_openstack.cleanup.manager [-] Deleting neutron.network object s_rally_4a4cffee_g3kBIuvU (bd507a7a-a89f-470d-941a-200ec7ff8a07)
2020-04-09 05:24:34.940 15 RALLYDEBUG rally_openstack.cleanup.manager [-] Deleting neutron.network object s_rally_4a4cffee_z6kwEpdT (c17fe7bf-12f0-4b41-a01f-533387bd253e)
2020-04-09 05:24:34.980 15 RALLYDEBUG rally_openstack.cleanup.manager [-] Deleting neutron.network object s_rally_4a4cffee_nCnXRJSo (cbd8c2ce-b816-4649-bd64-c0f6c50fb662)
2020-04-09 05:24:34.991 15 RALLYDEBUG rally_openstack.cleanup.manager [-] Deleting neutron.network object s_rally_4a4cffee_IPfuqHKJ (cc0660ce-ad3a-4243-8df0-a43d7a4d61be)
2020-04-09 05:24:34.995 15 RALLYDEBUG rally_openstack.cleanup.manager [-] Deleting neutron.network object s_rally_4a4cffee_rBOW3dP4 (d01899ff-65e9-40e6-a8ac-b20b9b86655d)
2020-04-09 05:24:35.080 15 RALLYDEBUG rally_openstack.cleanup.manager [-] Deleting neutron.network object s_rally_4a4cffee_ynfYJOJj (d9bfc1dc-9974-4453-a24f-a4d6f3133f2c)
2020-04-09 05:24:35.140 15 RALLYDEBUG rally_openstack.cleanup.manager [-] Deleting neutron.network object s_rally_4a4cffee_g7Yuly1k (e63f3b90-a5db-4725-a5f9-7332f9410229)
2020-04-09 05:24:35.189 15 RALLYDEBUG rally_openstack.cleanup.manager [-] Deleting neutron.network object s_rally_4a4cffee_SJqT9Xqu (e6abeda6-9b5a-4eb0-8b6a-1fe914e21e86)
2020-04-09 05:24:35.404 15 RALLYDEBUG rally_openstack.cleanup.manager [-] Deleting neutron.network object s_rally_4a4cffee_RGOEeHAA (e9891a8e-2e84-4e4d-8dc0-f4f401b4961a)
2020-04-09 05:24:35.451 15 RALLYDEBUG rally_openstack.cleanup.manager [-] Deleting neutron.network object s_rally_4a4cffee_4iJB6BQi (fa27fa15-e053-47ee-833b-da1ad8da98b9)
2020-04-09 05:24:39.899 15 RALLYDEBUG rally_openstack.cleanup.manager [-] Cleaning up neutron router objects
2020-04-09 05:24:40.173 15 RALLYDEBUG rally_openstack.cleanup.manager [-] Cleaning up neutron security_group objects
2020-04-09 05:24:40.481 15 INFO rally.task.context [-] Task 1dc27f24-047b-43c6-854b-7cb756b12520 | Context cleanup@openstack cleanup() finished in 30.15 sec
2020-04-09 05:24:40.482 15 INFO rally.task.context [-] Task 1dc27f24-047b-43c6-854b-7cb756b12520 | Context quotas@openstack cleanup() started
2020-04-09 05:24:40.529 15 INFO rally.task.context [-] Task 1dc27f24-047b-43c6-854b-7cb756b12520 | Context quotas@openstack cleanup() finished in 46.60 msec
2020-04-09 05:24:40.529 15 INFO rally.task.context [-] Task 1dc27f24-047b-43c6-854b-7cb756b12520 | Context users@openstack cleanup() started
2020-04-09 05:24:41.901 15 INFO rally.task.context [-] Task 1dc27f24-047b-43c6-854b-7cb756b12520 | Context users@openstack cleanup() finished in 1.37 sec
2020-04-09 05:24:42.826 15 INFO rally.task.engine [-] Load duration is: 102.891779
2020-04-09 05:24:42.826 15 INFO rally.task.engine [-] Full runner duration is: 102.942545
2020-04-09 05:24:42.826 15 INFO rally.task.engine [-] Full duration is: 135.696713
2020-04-09 05:24:42.947 15 INFO rally.task.engine [-] Running workload: position = 0 config = { "version": 2, "title": "A cropped version of a bigger task.", "description": "Auto-generated task from a single workload (uuid=5020ccdc-9620-4a06-989d-3e2cb94dc9da)", "subtasks": [ { "title": "NeutronNetworks.create_and_list_ports", "description": "Check performance of list ports action and ensure > network quotas are not exceeded", "scenario": { "NeutronNetworks.create_and_list_ports": { "network_create_args": null, "port_create_args": null, "ports_per_network": 50 } }, "contexts": { "users": { "tenants": 1, "users_per_tenant": 1 }, "quotas": { "neutron": { "network": -1, "subnet": -1, "router": -1, "port": 811 } } }, "runner": { "constant": { "times": 8, "concurrency": 4 } }, "hooks": [], "sla": { "max_avg_duration_per_atomic": { "neutron.list_ports": 15 }, "failure_rate": { "max": 0 } } } ] }
2020-04-09 05:24:42.961 15 RALLYDEBUG rally_openstack.contexts.keystone.users [-] Creating 1 tenants using 20 threads
2020-04-09 05:24:43.315 15 RALLYDEBUG rally_openstack.contexts.keystone.users [-] Creating 1 users using 20 threads
2020-04-09 05:24:43.742 15 INFO rally.task.context [-] Task 1dc27f24-047b-43c6-854b-7cb756b12520 | Context users@openstack setup() finished in 0.78 sec
2020-04-09 05:24:44.123 15 INFO rally.task.context [-] Task 1dc27f24-047b-43c6-854b-7cb756b12520 | Context quotas@openstack setup() finished in 0.38 sec
2020-04-09 05:24:44.124 15 INFO rally.task.context [-] Task 1dc27f24-047b-43c6-854b-7cb756b12520 | Context cleanup@openstack setup() finished in 0.13 msec
2020-04-09 05:24:44.133 15 RALLYDEBUG rally.task.runner [-] Starting the constant runner (task UUID: 1dc27f24-047b-43c6-854b-7cb756b12520). timeout: 0 concurrency: 4 concurrency_per_worker: 1 times: 8 concurrency_overhead: 0 processes_to_start: 4 max_cpu_used: 88
2020-04-09 05:24:44.152 3877 RALLYDEBUG rally.task.runner [-] Starting a worker. concurrency: 1 args: {"network_create_args": null, "port_create_args": null, "ports_per_network": 50} times: 8 method_name: run timeout: 0 duration: None cls:
2020-04-09 05:24:44.154 3878 RALLYDEBUG rally.task.runner [-] Starting a worker. concurrency: 1 args: {"network_create_args": null, "port_create_args": null, "ports_per_network": 50} times: 8 method_name: run timeout: 0 duration: None cls:
2020-04-09 05:24:44.157 3879 RALLYDEBUG rally.task.runner [-] Starting a worker. concurrency: 1 args: {"network_create_args": null, "port_create_args": null, "ports_per_network": 50} times: 8 method_name: run timeout: 0 duration: None cls:
2020-04-09 05:24:44.158 3877 INFO rally.task.runner [-] Task 1dc27f24-047b-43c6-854b-7cb756b12520 | ITER: 1 START
2020-04-09 05:24:44.160 3877 WARNING rally_openstack.scenarios.neutron.utils [-] Running this scenario without either the 'network' or 'existing_network' context is deprecated
2020-04-09 05:24:44.159 3880 RALLYDEBUG rally.task.runner [-] Starting a worker. concurrency: 1 args: {"network_create_args": null, "port_create_args": null, "ports_per_network": 50} times: 8 method_name: run timeout: 0 duration: None cls:
2020-04-09 05:24:44.161 3878 INFO rally.task.runner [-] Task 1dc27f24-047b-43c6-854b-7cb756b12520 | ITER: 2 START
2020-04-09 05:24:44.162 3878 WARNING rally_openstack.scenarios.neutron.utils [-] Running this scenario without either the 'network' or 'existing_network' context is deprecated
2020-04-09 05:24:44.163 3879 INFO rally.task.runner [-] Task 1dc27f24-047b-43c6-854b-7cb756b12520 | ITER: 3 START
2020-04-09 05:24:44.164 3879 WARNING rally_openstack.scenarios.neutron.utils [-] Running this scenario without either the 'network' or 'existing_network' context is deprecated
2020-04-09 05:24:44.166 3880 INFO rally.task.runner [-] Task 1dc27f24-047b-43c6-854b-7cb756b12520 | ITER: 4 START
2020-04-09 05:24:44.167 3880 WARNING rally_openstack.scenarios.neutron.utils [-] Running this scenario without either the 'network' or 'existing_network' context is deprecated
2020-04-09 05:26:09.512 3880 INFO rally.task.runner [-] Task 1dc27f24-047b-43c6-854b-7cb756b12520 | ITER: 4 END: OK
2020-04-09 05:26:09.519 3880 INFO rally.task.runner [-] Task 1dc27f24-047b-43c6-854b-7cb756b12520 | ITER: 5 START
2020-04-09 05:26:09.519 3880 WARNING rally_openstack.scenarios.neutron.utils [-] Running this scenario without either the 'network' or 'existing_network' context is deprecated
2020-04-09 05:26:14.913 3877 INFO rally.task.runner [-] Task 1dc27f24-047b-43c6-854b-7cb756b12520 | ITER: 1 END: OK
2020-04-09 05:26:14.919 3877 INFO rally.task.runner [-] Task 1dc27f24-047b-43c6-854b-7cb756b12520 | ITER: 6 START
2020-04-09 05:26:14.920 3877 WARNING rally_openstack.scenarios.neutron.utils [-] Running this scenario without either the 'network' or 'existing_network' context is deprecated
2020-04-09 05:26:19.984 3878 INFO rally.task.runner [-] Task 1dc27f24-047b-43c6-854b-7cb756b12520 | ITER: 2 END: OK
