2020-04-09 05:28:11.966 15 RALLYDEBUG rally_openstack.cleanup.manager [-] Deleting neutron.port object s_rally_5020ccdc_DJNIUDHH (a497a78b-95ed-42cc-a1fa-48f4e37dd1ac)
2020-04-09 05:28:12.013 15 RALLYDEBUG rally_openstack.cleanup.manager [-] Deleting neutron.port object s_rally_5020ccdc_xPiQ9hk1 (a8e92003-121d-431e-8841-c9dbee6d286d)
2020-04-09 05:28:12.189 15 RALLYDEBUG rally_openstack.cleanup.manager [-] Deleting neutron.port object s_rally_5020ccdc_cGFsES3V (a9922001-3ff1-4139-b996-9bfcd6eabcbc)
2020-04-09 05:28:12.266 15 RALLYDEBUG rally_openstack.cleanup.manager [-] Deleting neutron.port object s_rally_5020ccdc_9rpI8j1s (aa0e1d31-9951-4489-954f-8bd228b8a1b8)
2020-04-09 05:28:12.272 15 RALLYDEBUG rally_openstack.cleanup.manager [-] Deleting neutron.port object s_rally_5020ccdc_AplzLf9l (aa0ee596-21be-499f-853d-9aecdf61a781)
2020-04-09 05:28:12.331 15 RALLYDEBUG rally_openstack.cleanup.manager [-] Deleting neutron.port object s_rally_5020ccdc_cqnw5AYU (aae21d7c-799e-4193-810c-dba933f78879)
2020-04-09 05:28:12.546 15 RALLYDEBUG rally_openstack.cleanup.manager [-] Deleting neutron.port object s_rally_5020ccdc_P1qjwsBc (ab11833f-9e3c-4a2e-b29a-537f66a0bde4)
2020-04-09 05:28:12.553 15 RALLYDEBUG rally_openstack.cleanup.manager [-] Deleting neutron.port object s_rally_5020ccdc_H05nQgah (abfaf997-e667-4517-9ebc-8995b9639340)
2020-04-09 05:28:12.913 15 RALLYDEBUG rally_openstack.cleanup.manager [-] Deleting neutron.port object s_rally_5020ccdc_JCJbDM9H (ac267ac5-cdeb-47b6-abfc-01742fffb97e)
2020-04-09 05:28:13.071 15 RALLYDEBUG rally_openstack.cleanup.manager [-] Deleting neutron.port object s_rally_5020ccdc_t7tjy0oj (ac353641-a2a1-4ded-ad77-44d789ae4f39)
2020-04-09 05:28:13.161 15 RALLYDEBUG rally_openstack.cleanup.manager [-] Deleting neutron.port object s_rally_5020ccdc_QtD6hXLS (aca48dc8-34e8-4668-bb08-9cb30f379e8c)
2020-04-09 05:28:13.165 15 RALLYDEBUG rally_openstack.cleanup.manager [-] Deleting neutron.port object s_rally_5020ccdc_VLN3N3eW (ad1a9be9-119e-4357-9404-32ad6cd5375a)
2020-04-09 05:28:13.228 15 RALLYDEBUG rally_openstack.cleanup.manager [-] Deleting neutron.port object s_rally_5020ccdc_tsMPNToN (ad26d6f5-ec7f-433e-9156-9ce9157643d4)
2020-04-09 05:28:13.276 15 RALLYDEBUG rally_openstack.cleanup.manager [-] Deleting neutron.port object s_rally_5020ccdc_7jmrNgSd (ad395b3a-da55-4eb2-b8b3-31bc9e760abb)
2020-04-09 05:28:13.291 15 RALLYDEBUG rally_openstack.cleanup.manager [-] Deleting neutron.port object s_rally_5020ccdc_nIjwWSic (ad486836-8232-4a8a-a812-788338683343)
2020-04-09 05:28:13.332 15 RALLYDEBUG rally_openstack.cleanup.manager [-] Deleting neutron.port object s_rally_5020ccdc_pFQvVh6y (ad6b772c-c7e5-4804-9270-9d0e20316bfe)
2020-04-09 05:28:13.422 15 RALLYDEBUG rally_openstack.cleanup.manager [-] Deleting neutron.port object s_rally_5020ccdc_xnJh09XG (ad99825e-d702-4b5a-85e1-7313a49c5e32)
2020-04-09 05:28:13.753 15 RALLYDEBUG rally_openstack.cleanup.manager [-] Deleting neutron.port object s_rally_5020ccdc_eT6CLRXw (ae06bbac-5146-45d5-8b6f-90141cf2b177)
2020-04-09 05:28:13.858 15 RALLYDEBUG rally_openstack.cleanup.manager [-] Deleting neutron.port object s_rally_5020ccdc_A0mO73hW (ae38c5f5-db57-4201-8a6c-0aad780521b2)
2020-04-09 05:28:13.962 15 RALLYDEBUG rally_openstack.cleanup.manager [-] Deleting neutron.port object s_rally_5020ccdc_5SNZsLRi (ae5d9d5f-7590-4bfb-a103-822368556b7d)
2020-04-09 05:28:14.099 15 RALLYDEBUG rally_openstack.cleanup.manager [-] Deleting neutron.port object s_rally_5020ccdc_VIeLAC4G (ae77e8ad-22fc-4773-b7ff-eafed2e29542)
2020-04-09 05:28:14.266 15 RALLYDEBUG rally_openstack.cleanup.manager [-] Deleting neutron.port object s_rally_5020ccdc_dnqEdh12 (af152657-0d8c-4055-9edd-3403b5d3e76c)
2020-04-09 05:28:14.331 15 RALLYDEBUG rally_openstack.cleanup.manager [-] Deleting neutron.port object s_rally_5020ccdc_MbVqe3Ci (af347dbd-7d25-42e4-874b-98ec5aa335b1)
2020-04-09 05:28:14.467 15 RALLYDEBUG rally_openstack.cleanup.manager [-] Deleting neutron.port object s_rally_5020ccdc_PiOPk6MS (af87f78a-48cc-4c5d-9abc-94dee7aef7bc)
2020-04-09 05:28:14.779 15 RALLYDEBUG rally_openstack.cleanup.manager [-] Deleting neutron.port object s_rally_5020ccdc_yT21ge4T (b03d14b5-9ac2-41a3-9241-6421d40ce170)
2020-04-09 05:28:14.805 15 RALLYDEBUG rally_openstack.cleanup.manager [-] Deleting neutron.port object s_rally_5020ccdc_DKDHMxis (b0b52deb-99da-4401-8849-02a2072373e4)
2020-04-09 05:28:14.892 15 RALLYDEBUG rally_openstack.cleanup.manager [-] Deleting neutron.port object s_rally_5020ccdc_F5HbrZ9K (b17c084f-110d-4a3f-b57b-b168a42fb33b)
2020-04-09 05:28:14.989 15 RALLYDEBUG rally_openstack.cleanup.manager [-] Deleting neutron.port object s_rally_5020ccdc_sUcZUyMx (b1a3ff7b-70b1-4d91-ad14-9f5942e0d9ea)
2020-04-09 05:28:15.047 15 RALLYDEBUG rally_openstack.cleanup.manager [-] Deleting neutron.port object s_rally_5020ccdc_mu67NwsV (b2c63053-a19c-436c-a4b7-4e25acb8c9f4)
2020-04-09 05:28:15.145 15 RALLYDEBUG rally_openstack.cleanup.manager [-] Deleting neutron.port object s_rally_5020ccdc_29K0bKWb (b3227fa0-db07-417f-8a0d-50d1cda2465f)
2020-04-09 05:28:15.203 15 RALLYDEBUG rally_openstack.cleanup.manager [-] Deleting neutron.port object s_rally_5020ccdc_bwa4ebZH (b40d7e1a-ccfd-4e52-a068-ac9f7ef311ae)
2020-04-09 05:28:15.208 15 RALLYDEBUG rally_openstack.cleanup.manager [-] Deleting neutron.port object s_rally_5020ccdc_yBO0Jd1P (b482219f-1bb8-4e76-9bf8-78313700f083)
2020-04-09 05:28:15.337 15 RALLYDEBUG rally_openstack.cleanup.manager [-] Deleting neutron.port object s_rally_5020ccdc_GZQ17raZ (b4d9b077-7ae7-4c8a-a1e1-482ff504c20b)
2020-04-09 05:28:15.373 15 RALLYDEBUG rally_openstack.cleanup.manager [-] Deleting neutron.port object s_rally_5020ccdc_kAHxy7PR (b4eedd01-0616-4a2c-bcb2-906fb697798e)
2020-04-09 05:28:15.462 15 RALLYDEBUG rally_openstack.cleanup.manager [-] Deleting neutron.port object s_rally_5020ccdc_Fd7EZ3QJ (b637e7bf-f84e-4394-9a12-5caf03f580ca)
2020-04-09 05:28:15.585 15 RALLYDEBUG rally_openstack.cleanup.manager [-] Deleting neutron.port object s_rally_5020ccdc_cyhEkthW (b64f0ef1-49f2-42ea-b4c6-e4db5c4960bc)
2020-04-09 05:28:15.644 15 RALLYDEBUG rally_openstack.cleanup.manager [-] Deleting neutron.port object s_rally_5020ccdc_FFar2FrI (b6757633-917b-47c1-b814-0b7b6fc4ffcb)
2020-04-09 05:28:15.703 15 RALLYDEBUG rally_openstack.cleanup.manager [-] Deleting neutron.port object s_rally_5020ccdc_z9ljgho2 (b6d0214c-cf37-4d37-815f-fafd53ca0e44)
2020-04-09 05:28:15.776 15 RALLYDEBUG rally_openstack.cleanup.manager [-] Deleting neutron.port object s_rally_5020ccdc_5oKC0OrZ (b73b6069-e4ca-4303-9bf1-88c8d3fce70d)
2020-04-09 05:28:16.072 15 RALLYDEBUG rally_openstack.cleanup.manager [-] Deleting neutron.port object s_rally_5020ccdc_ktnZ4TVe (b745a387-7c98-4ca2-8df5-d3b41ce09802)
2020-04-09 05:28:16.102 15 RALLYDEBUG rally_openstack.cleanup.manager [-] Deleting neutron.port object s_rally_5020ccdc_w0OviGFt (b75280d5-1f27-415d-af53-6e0933a698b1)
2020-04-09 05:28:16.252 15 RALLYDEBUG rally_openstack.cleanup.manager [-] Deleting neutron.port object s_rally_5020ccdc_Fvqfmf1C (b778e236-e84b-491c-8e2d-dcb439f74543)
2020-04-09 05:28:16.657 15 RALLYDEBUG rally_openstack.cleanup.manager [-] Deleting neutron.port object s_rally_5020ccdc_PgSWCGQQ (bb04e4a6-12b3-4d53-b05f-9ed3604badfa)
2020-04-09 05:28:16.728 15 RALLYDEBUG rally_openstack.cleanup.manager [-] Deleting neutron.port object s_rally_5020ccdc_7HazyGYl (bb523308-8398-4761-a1fa-e3868d587805)
2020-04-09 05:28:16.735 15 RALLYDEBUG rally_openstack.cleanup.manager [-] Deleting neutron.port object s_rally_5020ccdc_U0W7endQ (bbabd47f-2d8a-4a6d-80ab-dd9d27d80f2d)
2020-04-09 05:28:16.865 15 RALLYDEBUG rally_openstack.cleanup.manager [-] Deleting neutron.port object s_rally_5020ccdc_W5JkzULy (bbbc7332-ffe6-439e-917a-e1334d9731b0)
2020-04-09 05:28:16.895 15 RALLYDEBUG rally_openstack.cleanup.manager [-] Deleting neutron.port object s_rally_5020ccdc_ygRKOxdt (bbc139ea-5d13-4613-998c-12440f7e6096)
2020-04-09 05:28:16.913 15 RALLYDEBUG rally_openstack.cleanup.manager [-] Deleting neutron.port object s_rally_5020ccdc_gsjuOavp (bbf82021-ce7a-445f-9b18-3fb93e4840ac)
2020-04-09 05:28:16.950 15 RALLYDEBUG rally_openstack.cleanup.manager [-] Deleting neutron.port object s_rally_5020ccdc_zOZwiFZm (bef0676e-dec3-465f-bf5b-d9197cfe3734)
2020-04-09 05:28:17.150 15 RALLYDEBUG rally_openstack.cleanup.manager [-] Deleting neutron.port object s_rally_5020ccdc_NOXfJphK (bf19bb55-d66f-4c28-ac7e-243335774252)
2020-04-09 05:28:17.181 15 RALLYDEBUG rally_openstack.cleanup.manager [-] Deleting neutron.port object s_rally_5020ccdc_GtJpMWEW (bfc7943c-187c-4285-9c9c-8b3046881aae)
2020-04-09 05:28:17.217 15 RALLYDEBUG rally_openstack.cleanup.manager [-] Deleting neutron.port object s_rally_5020ccdc_xrVepFzN (c142fda5-41ed-461c-a720-d973da29c419)
2020-04-09 05:28:17.340 15 RALLYDEBUG rally_openstack.cleanup.manager [-] Deleting neutron.port object s_rally_5020ccdc_kBeP5NO4 (c15e348c-1901-4561-a152-83d10afb0f81)
2020-04-09 05:28:17.422 15 RALLYDEBUG rally_openstack.cleanup.manager [-] Deleting neutron.port object s_rally_5020ccdc_KZZDfbmk (c191fa5e-a22f-49b5-b62e-3539b5e14a57)
2020-04-09 05:28:17.610 15 RALLYDEBUG rally_openstack.cleanup.manager [-] Deleting neutron.port object s_rally_5020ccdc_Mzcrs3pr (c21f5fdc-39b0-40f8-ac73-1880f595dc82)
2020-04-09 05:28:17.613 15 RALLYDEBUG rally_openstack.cleanup.manager [-] Deleting neutron.port object s_rally_5020ccdc_70bEUfNY (c23229fb-8e49-4e37-b6ce-1426123898fc)
2020-04-09 05:28:17.704 15 RALLYDEBUG rally_openstack.cleanup.manager [-] Deleting neutron.port object s_rally_5020ccdc_1YJ8nu2p (c41631b4-4840-4268-b4a6-b5117f734e2c)
2020-04-09 05:28:17.726 15 RALLYDEBUG rally_openstack.cleanup.manager [-] Deleting neutron.port object s_rally_5020ccdc_3sA1GUr4 (c46633d3-b8ff-4c98-a48d-a6107605b7f6)
2020-04-09 05:28:17.851 15 RALLYDEBUG rally_openstack.cleanup.manager [-] Deleting neutron.port object s_rally_5020ccdc_artxfrAl (c5613a38-e443-4b7f-abfe-bcb9e320bdfe)
2020-04-09 05:28:18.079 15 RALLYDEBUG rally_openstack.cleanup.manager [-] Deleting neutron.port object s_rally_5020ccdc_XXpI053L (c7e66de5-3774-4831-b6d7-5def5e59b307)
2020-04-09 05:28:18.139 15 RALLYDEBUG rally_openstack.cleanup.manager [-] Deleting neutron.port object s_rally_5020ccdc_m6bgGNS1 (c7f4d3a7-7fe7-4c1a-af12-19a66f487a2e)
2020-04-09 05:28:18.156 15 RALLYDEBUG rally_openstack.cleanup.manager [-] Deleting neutron.port object s_rally_5020ccdc_53914aQt (c7fb6fe0-39a5-431a-b33a-970be4f87e3f)
2020-04-09 05:28:18.545 15 RALLYDEBUG rally_openstack.cleanup.manager [-] Deleting neutron.port object s_rally_5020ccdc_HNqGyqaz (c83fd88e-d898-4857-b0df-071dffd42245)
2020-04-09 05:28:18.591 15 RALLYDEBUG rally_openstack.cleanup.manager [-] Deleting neutron.port object s_rally_5020ccdc_Pm704rJc (c8518e4e-c8d8-4add-8a5a-fc803928e3b0)
2020-04-09 05:28:18.774 15 RALLYDEBUG rally_openstack.cleanup.manager [-] Deleting neutron.port object s_rally_5020ccdc_mheDWleb (c94820fb-4c14-461e-980e-99a0aafa342a)
2020-04-09 05:28:19.061 15 RALLYDEBUG rally_openstack.cleanup.manager [-] Deleting neutron.port object s_rally_5020ccdc_bIuAKPNr (c9487a99-df09-4bfa-8fe8-f9d513f77d79)
2020-04-09 05:28:19.130 15 RALLYDEBUG rally_openstack.cleanup.manager [-] Deleting neutron.port object s_rally_5020ccdc_4DDbRsao (c968728e-1900-437a-b983-0e8dec15c3ac)
2020-04-09 05:28:19.152 15 RALLYDEBUG rally_openstack.cleanup.manager [-] Deleting neutron.port object s_rally_5020ccdc_Oki8OYjJ (c9ba11f3-8c2a-44cd-b282-0746228a5566)
2020-04-09 05:28:19.284 15 RALLYDEBUG rally_openstack.cleanup.manager [-] Deleting neutron.port object s_rally_5020ccdc_1sexW1qR (ca77d6ad-6605-4a82-9fbf-a89ff5cfc954)
2020-04-09 05:28:19.369 15 RALLYDEBUG rally_openstack.cleanup.manager [-] Deleting neutron.port object s_rally_5020ccdc_DZuf5pAt (cb7ed2c8-2a7e-4f4a-b072-d5557767f40a)
2020-04-09 05:28:19.398 15 RALLYDEBUG rally_openstack.cleanup.manager [-] Deleting neutron.port object s_rally_5020ccdc_yVp0PmZm (cc98ad2c-7fb7-4f5f-b4a7-96cec5805d72)
2020-04-09 05:28:19.532 15 RALLYDEBUG rally_openstack.cleanup.manager [-] Deleting neutron.port object s_rally_5020ccdc_6QLhjMxz (cd7d4de3-5ca6-4c88-b7e6-6461c63fa7d6)
2020-04-09 05:28:19.607 15 RALLYDEBUG rally_openstack.cleanup.manager [-] Deleting neutron.port object s_rally_5020ccdc_sJlg5qEE (cda83e2a-b039-47ac-8887-5d65be8d62ab)
2020-04-09 05:28:19.618 15 RALLYDEBUG rally_openstack.cleanup.manager [-] Deleting neutron.port object s_rally_5020ccdc_aCENIDPn (cf7b63f6-2649-48c5-858f-b04d356dfef6)
2020-04-09 05:28:19.640 15 RALLYDEBUG rally_openstack.cleanup.manager [-] Deleting neutron.port object s_rally_5020ccdc_tKNu6tLA (cfca1470-03d7-46fc-bb05-eef52ad62a69)
2020-04-09 05:28:19.689 15 RALLYDEBUG rally_openstack.cleanup.manager [-] Deleting neutron.port object s_rally_5020ccdc_nvklrFcy (d0379f78-1619-4786-a802-b38c8e83fc39)
2020-04-09 05:28:19.804 15 RALLYDEBUG rally_openstack.cleanup.manager [-] Deleting neutron.port object s_rally_5020ccdc_MfWtWzfx (d0bf0239-696f-48d2-83c9-8a857ac56a1f)
2020-04-09 05:28:19.952 15 RALLYDEBUG rally_openstack.cleanup.manager [-] Deleting neutron.port object s_rally_5020ccdc_DwrtEeGy (d0fe7181-c9c2-48ae-8bd5-4aba21377296)
2020-04-09 05:28:19.965 15 RALLYDEBUG rally_openstack.cleanup.manager [-] Deleting neutron.port object s_rally_5020ccdc_zGkdqD7f (d246255a-965d-458a-a4ac-9cdd46d97e75)
2020-04-09 05:28:19.969 15 RALLYDEBUG rally_openstack.cleanup.manager [-] Deleting neutron.port object s_rally_5020ccdc_dWynSzmk (d25544e0-42bb-4dc5-bfd3-0f3090bf64e7)
2020-04-09 05:28:20.220 15 RALLYDEBUG rally_openstack.cleanup.manager [-] Deleting neutron.port object s_rally_5020ccdc_1LnIjeWQ (d37f346f-a19a-4e5e-a2a2-92cb053a8a16)
2020-04-09 05:28:20.419 15 RALLYDEBUG rally_openstack.cleanup.manager [-] Deleting neutron.port object s_rally_5020ccdc_HAoxn9Gq (d3c8e59c-4ae2-4435-a877-74b9758f8303)
2020-04-09 05:28:20.718 15 RALLYDEBUG rally_openstack.cleanup.manager [-] Deleting neutron.port object s_rally_5020ccdc_OdG6vtIB (d531218d-2c30-4709-bd53-6e9f96a92409)
2020-04-09 05:28:20.923 15 RALLYDEBUG rally_openstack.cleanup.manager [-] Deleting neutron.port object s_rally_5020ccdc_KXwNkGHt (d562ee14-c1cb-4817-b0a4-f15622561790)
2020-04-09 05:28:20.930 15 RALLYDEBUG rally_openstack.cleanup.manager [-] Deleting neutron.port object s_rally_5020ccdc_TfFSE8UQ (d6b7d8aa-171b-4978-83ca-a3950e61cda1)
2020-04-09 05:28:21.124 15 RALLYDEBUG rally_openstack.cleanup.manager [-] Deleting neutron.port object s_rally_5020ccdc_qbmLzTdv (d6d4a542-3096-48a5-8d75-6c8a15e4dc3c)
2020-04-09 05:28:21.228 15 RALLYDEBUG rally_openstack.cleanup.manager [-] Deleting neutron.port object s_rally_5020ccdc_FIBCwZ2t (d702b8ea-a738-4d85-9f11-054329b42bca)
2020-04-09 05:28:21.289 15 RALLYDEBUG rally_openstack.cleanup.manager [-] Deleting neutron.port object s_rally_5020ccdc_siMV9lqT (d77655ae-1e21-4209-ba93-241ba3256599)
2020-04-09 05:28:21.297 15 RALLYDEBUG rally_openstack.cleanup.manager [-] Deleting neutron.port object s_rally_5020ccdc_MXWIvvqy (d7968600-d8d7-42bb-bd04-10cdef05ddb4)
2020-04-09 05:28:21.428 15 RALLYDEBUG rally_openstack.cleanup.manager [-] Deleting neutron.port object s_rally_5020ccdc_zbVvKso2 (d7b0c65f-391f-4201-8a6f-9442b596a7a2)
2020-04-09 05:28:21.505 15 RALLYDEBUG rally_openstack.cleanup.manager [-] Deleting neutron.port object s_rally_5020ccdc_giYuYovH (d84b5279-67c2-42f7-97f6-3c273c63b3c5)
2020-04-09 05:28:21.538 15 RALLYDEBUG rally_openstack.cleanup.manager [-] Deleting neutron.port object s_rally_5020ccdc_8AzOJLLe (d87176ec-6031-4205-be2b-34f793854d16)
2020-04-09 05:28:21.601 15 RALLYDEBUG rally_openstack.cleanup.manager [-] Deleting neutron.port object s_rally_5020ccdc_rBOpFZcf (d9a20e09-2987-400f-905f-00f2537a097f)
2020-04-09 05:28:21.664 15 RALLYDEBUG rally_openstack.cleanup.manager [-] Deleting neutron.port object s_rally_5020ccdc_aBvPdSBE (d9c650e2-6b1f-44e2-98e0-2c39342ee349)
2020-04-09 05:28:21.733 15 RALLYDEBUG rally_openstack.cleanup.manager [-] Deleting neutron.port object s_rally_5020ccdc_xYjPSptg (d9d7747b-9921-42bc-8e52-d276b79c6fbd)
2020-04-09 05:28:21.906 15 RALLYDEBUG rally_openstack.cleanup.manager [-] Deleting neutron.port object s_rally_5020ccdc_pqn4LemC (daec3567-fe3a-403e-b1dd-d504a28955ad)
2020-04-09 05:28:22.014 15 RALLYDEBUG rally_openstack.cleanup.manager [-] Deleting neutron.port object s_rally_5020ccdc_HFaIELWI (db2df1ca-2d19-4b6e-8e97-1bbc0a55f9af)
2020-04-09 05:28:22.031 15 RALLYDEBUG rally_openstack.cleanup.manager [-] Deleting neutron.port object s_rally_5020ccdc_tzkwvmJM (dec93017-4ac2-43a1-aa2b-d4abc0aa71e6)
2020-04-09 05:28:22.222 15 RALLYDEBUG rally_openstack.cleanup.manager [-] Deleting neutron.port object s_rally_5020ccdc_9rUbh1Vc (df5b8559-a3aa-4b9e-9b91-3404340e4c2a)
2020-04-09 05:28:22.443 15 RALLYDEBUG rally_openstack.cleanup.manager [-] Deleting neutron.port object s_rally_5020ccdc_jkxnv4jg (e1c79751-5d42-441a-8b7b-b2dba87f03f1)
2020-04-09 05:28:22.574 15 RALLYDEBUG rally_openstack.cleanup.manager [-] Deleting neutron.port object s_rally_5020ccdc_bLHoiSCo (e205129f-b2e7-4249-8edf-3277cf9051c9)
2020-04-09 05:28:22.702 15 RALLYDEBUG rally_openstack.cleanup.manager [-] Deleting neutron.port object s_rally_5020ccdc_gdtQOlZz (e250ff9b-40c6-4d2c-a4b0-d78e7f6f5b8f)
2020-04-09 05:28:22.717 15 RALLYDEBUG rally_openstack.cleanup.manager [-] Deleting neutron.port object s_rally_5020ccdc_S1fd3q7G (e273d007-dd4d-4016-bb7a-85a1512c6990)
2020-04-09 05:28:22.729 15 RALLYDEBUG rally_openstack.cleanup.manager [-] Deleting neutron.port object s_rally_5020ccdc_eBbg3Ix6 (e2bb28d4-2504-4e9e-979c-e6c1dbe086fd)
2020-04-09 05:28:23.119 15 RALLYDEBUG rally_openstack.cleanup.manager [-] Deleting neutron.port object s_rally_5020ccdc_on5CWHXa (e31adcbe-c716-47e8-ac0b-f865c6abb8f4)
2020-04-09 05:28:23.167 15 RALLYDEBUG rally_openstack.cleanup.manager [-] Deleting neutron.port object s_rally_5020ccdc_NvdZ0EvL (e3f91443-deeb-42ec-a975-2231a0ca61b5)
2020-04-09 05:28:23.586 15 RALLYDEBUG rally_openstack.cleanup.manager [-] Deleting neutron.port object s_rally_5020ccdc_omNtWAKw (e537b9ba-6a94-4ee8-b0f7-f1cf885244a1)
2020-04-09 05:28:23.619 15 RALLYDEBUG rally_openstack.cleanup.manager [-] Deleting neutron.port object s_rally_5020ccdc_JY8ynbEp (e6aa71c1-c0cd-4da3-bd22-bae6e83832b2)
2020-04-09 05:28:23.641 15 RALLYDEBUG rally_openstack.cleanup.manager [-] Deleting neutron.port object s_rally_5020ccdc_DTkPkPHi (e6f5d096-1f33-4ccc-a12e-97f6d1684699)
2020-04-09 05:28:23.714 15 RALLYDEBUG rally_openstack.cleanup.manager [-] Deleting neutron.port object s_rally_5020ccdc_GIXy46J9 (e7ee3a09-cfdd-4bbe-8a51-cd24ee021eac)
2020-04-09 05:28:23.890 15 RALLYDEBUG rally_openstack.cleanup.manager [-] Deleting neutron.port object s_rally_5020ccdc_BBIVflrU (e83732d7-3c8e-4e75-aadc-acd69126922d)
2020-04-09 05:28:24.087 15 RALLYDEBUG rally_openstack.cleanup.manager [-] Deleting neutron.port object s_rally_5020ccdc_BSt0RpA7 (e894a0ae-210c-419d-980b-5a7f72ba5efc)
2020-04-09 05:28:24.101 15 RALLYDEBUG rally_openstack.cleanup.manager [-] Deleting neutron.port object s_rally_5020ccdc_ik0e0QBc (e9a35beb-6b17-43e4-b199-9e2505a2894b)
2020-04-09 05:28:24.127 15 RALLYDEBUG rally_openstack.cleanup.manager [-] Deleting neutron.port object s_rally_5020ccdc_GQLzpqLl (ea6eafb2-b247-499f-8710-54800d9a3038)
2020-04-09 05:28:24.151 15 RALLYDEBUG rally_openstack.cleanup.manager [-] Deleting neutron.port object s_rally_5020ccdc_khD1gFaq (ea82eb36-f646-4e05-8af3-c4111d435fd3)
2020-04-09 05:28:24.165 15 RALLYDEBUG rally_openstack.cleanup.manager [-] Deleting neutron.port object s_rally_5020ccdc_CO9i4OIf (ea8be7ad-e2b5-4084-b0d0-cd23781c93c8)
2020-04-09 05:28:24.213 15 RALLYDEBUG rally_openstack.cleanup.manager [-] Deleting neutron.port object s_rally_5020ccdc_l0BE8c2I (eb068534-1b6c-4864-b128-dcba1c5e6b0e)
2020-04-09 05:28:24.221 15 RALLYDEBUG rally_openstack.cleanup.manager [-] Deleting neutron.port object s_rally_5020ccdc_QOiOYbsF (eb12d5b3-20ff-4ec2-ac7f-1d3e065d8a6d)
2020-04-09 05:28:24.382 15 RALLYDEBUG rally_openstack.cleanup.manager [-] Deleting neutron.port object s_rally_5020ccdc_7gZMeYk9 (ecfd2453-5356-4bf6-827c-1393fd18be62)
2020-04-09 05:28:24.538 15 RALLYDEBUG rally_openstack.cleanup.manager [-] Deleting neutron.port object s_rally_5020ccdc_7i46PPpj (ee0a9713-c80d-4204-b77f-07dbbcdb2d4a)
2020-04-09 05:28:24.563 15 RALLYDEBUG rally_openstack.cleanup.manager [-] Deleting neutron.port object s_rally_5020ccdc_WrJiwMPV (ee2aa336-0031-4cb9-b7bf-b9c9025e4102)
2020-04-09 05:28:24.832 15 RALLYDEBUG rally_openstack.cleanup.manager [-] Deleting neutron.port object s_rally_5020ccdc_rRHp1zmU (eeca109d-e000-4010-972f-67c4887257c4)
2020-04-09 05:28:24.856 15 RALLYDEBUG rally_openstack.cleanup.manager [-] Deleting neutron.port object s_rally_5020ccdc_C2VMLQWM (ef5d1b87-ba02-4fe1-a099-806288594bb8)
2020-04-09 05:28:24.918 15 RALLYDEBUG rally_openstack.cleanup.manager [-] Deleting neutron.port object s_rally_5020ccdc_H1j9pnx4 (efa896e6-7fad-4f08-b3b9-37aecf407363)
2020-04-09 05:28:25.064 15 RALLYDEBUG rally_openstack.cleanup.manager [-] Deleting neutron.port object s_rally_5020ccdc_vKZTNjja (f07d86da-e933-44dd-8e0a-ed96ca20d327)
2020-04-09 05:28:25.369 15 RALLYDEBUG rally_openstack.cleanup.manager [-] Deleting neutron.port object s_rally_5020ccdc_jf6CPi3e (f0a46ef6-a3e1-427a-8827-14f54b210deb)
2020-04-09 05:28:25.416 15 RALLYDEBUG rally_openstack.cleanup.manager [-] Deleting neutron.port object s_rally_5020ccdc_hSaeowCz (f229c4db-cf14-4c14-bb5d-f8d7dc04fd94)
2020-04-09 05:28:25.633 15 RALLYDEBUG rally_openstack.cleanup.manager [-] Deleting neutron.port object s_rally_5020ccdc_DLNSPPvn (f2a073be-356a-473f-bafa-d514919dfbfa)
2020-04-09 05:28:25.895 15 RALLYDEBUG rally_openstack.cleanup.manager [-] Deleting neutron.port object s_rally_5020ccdc_Xk7TwX4c (f2fe4834-7cb1-4bc7-8776-28a540647fdb)
2020-04-09 05:28:26.065 15 RALLYDEBUG rally_openstack.cleanup.manager [-] Deleting neutron.port object s_rally_5020ccdc_iGmhm4ED (f4b17531-6747-417b-9c75-380a74a985b9)
2020-04-09 05:28:26.164 15 RALLYDEBUG rally_openstack.cleanup.manager [-] Deleting neutron.port object s_rally_5020ccdc_2Hi00ZoR (f58be27a-5bb5-4010-82a7-f93841b06912)
2020-04-09 05:28:26.177 15 RALLYDEBUG rally_openstack.cleanup.manager [-] Deleting neutron.port object s_rally_5020ccdc_015jthga (f6dfcf3e-a0de-45b5-a8d4-4c018bc4483b)
2020-04-09 05:28:26.193 15 RALLYDEBUG rally_openstack.cleanup.manager [-] Deleting neutron.port object s_rally_5020ccdc_c2y8au7H (f6f02d23-13b0-49fe-bf00-a78e309773ed)
2020-04-09 05:28:26.300 15 RALLYDEBUG rally_openstack.cleanup.manager [-] Deleting neutron.port object s_rally_5020ccdc_ySAzcDT1 (f745466c-af3d-49d1-ae45-1f59f213e19b)
2020-04-09 05:28:26.406 15 RALLYDEBUG rally_openstack.cleanup.manager [-] Deleting neutron.port object s_rally_5020ccdc_TxirxkDL (f7521bd6-5f3a-45b8-855e-7a48e4b7c284)
2020-04-09 05:28:26.575 15 RALLYDEBUG rally_openstack.cleanup.manager [-] Deleting neutron.port object s_rally_5020ccdc_WRi5hi6U (f75d9305-626c-4c94-8e78-df552e3144f0)
2020-04-09 05:28:26.647 15 RALLYDEBUG rally_openstack.cleanup.manager [-] Deleting neutron.port object s_rally_5020ccdc_N28T8GeC (f842b714-5027-4d4c-a6bf-d870365b84cd)
2020-04-09 05:28:26.705 15 RALLYDEBUG rally_openstack.cleanup.manager [-] Deleting neutron.port object s_rally_5020ccdc_qniSgeTB (faa5c72f-f92c-480c-94ee-d8ef8ed4d464)
2020-04-09 05:28:26.760 15 RALLYDEBUG rally_openstack.cleanup.manager [-] Deleting neutron.port object s_rally_5020ccdc_J1TA1k0D (fbed93a6-5287-451e-9607-e39bfb693d0c)
2020-04-09 05:28:26.794 15 RALLYDEBUG rally_openstack.cleanup.manager [-] Deleting neutron.port object s_rally_5020ccdc_59IKybLG (fc2ad13a-53c5-4230-8761-48816bb8660c)
2020-04-09 05:28:26.810 15 RALLYDEBUG rally_openstack.cleanup.manager [-] Deleting neutron.port object s_rally_5020ccdc_ngD1u2df (fc65954b-7a35-42a3-8b05-87481d151431)
2020-04-09 05:28:26.968 15 RALLYDEBUG rally_openstack.cleanup.manager [-] Deleting neutron.port object s_rally_5020ccdc_oUeqUGKB (fc692a25-de75-4967-9286-d1c8307279a4)
2020-04-09 05:28:27.057 15 RALLYDEBUG rally_openstack.cleanup.manager [-] Deleting neutron.port object s_rally_5020ccdc_DniAMMvO (fc85d86c-58ff-470d-ba5b-4ffe518ed555)
2020-04-09 05:28:27.086 15 RALLYDEBUG rally_openstack.cleanup.manager [-] Deleting neutron.port object s_rally_5020ccdc_adCh41qP (fd9339aa-216a-4d8c-ba02-62330607aee4)
2020-04-09 05:28:27.142 15 RALLYDEBUG rally_openstack.cleanup.manager [-] Deleting neutron.port object s_rally_5020ccdc_wmq93MpB (fe7030e3-9242-4320-8cad-9191f273797e)
2020-04-09 05:28:29.436 15 RALLYDEBUG rally_openstack.cleanup.manager [-] Cleaning up neutron subnet objects
2020-04-09 05:28:29.676 15 RALLYDEBUG rally_openstack.cleanup.manager [-] Cleaning up neutron network objects
2020-04-09 05:28:30.027 15 RALLYDEBUG rally_openstack.cleanup.manager [-] Deleting neutron.network object s_rally_5020ccdc_I3xyJuKf (31013227-7e41-4d2e-bf0d-46f3db3004e9)
2020-04-09 05:28:30.035 15 RALLYDEBUG rally_openstack.cleanup.manager [-] Deleting neutron.network object s_rally_5020ccdc_emSuA07p (513287c7-cd0f-46b7-bee9-7c7456494bb4)
2020-04-09 05:28:30.043 15 RALLYDEBUG rally_openstack.cleanup.manager [-] Deleting neutron.network object s_rally_5020ccdc_oXnF9fyE (68a705dd-d937-4547-a6dc-0ea3cabb8cec)
2020-04-09 05:28:30.049 15 RALLYDEBUG rally_openstack.cleanup.manager [-] Deleting neutron.network object s_rally_5020ccdc_QsetmkfV (6f688bca-c07d-4f61-95f1-de3a31e8b077)
2020-04-09 05:28:30.058 15 RALLYDEBUG rally_openstack.cleanup.manager [-] Deleting neutron.network object s_rally_5020ccdc_mGPNmN76 (8945abc9-3d6d-4870-a18d-a6c6a66b4dfe)
2020-04-09 05:28:30.073 15 RALLYDEBUG rally_openstack.cleanup.manager [-] Deleting neutron.network object s_rally_5020ccdc_YRv4JR0i (b24b543f-6534-4998-8419-465edf506730)
2020-04-09 05:28:30.094 15 RALLYDEBUG rally_openstack.cleanup.manager [-] Deleting neutron.network object s_rally_5020ccdc_nETofMjp (cd557c13-dfee-4d60-aaee-bd718ba929f6)
2020-04-09 05:28:30.095 15 RALLYDEBUG rally_openstack.cleanup.manager [-] Deleting neutron.network object s_rally_5020ccdc_SXcI4lqf (bad3d4b5-99ca-4ef1-a522-43c09bb8f58d)
2020-04-09 05:28:32.635 15 RALLYDEBUG rally_openstack.cleanup.manager [-] Cleaning up neutron router objects
2020-04-09 05:28:32.905 15 RALLYDEBUG rally_openstack.cleanup.manager [-] Cleaning up neutron security_group objects
2020-04-09 05:28:33.198 15 INFO rally.task.context [-] Task 1dc27f24-047b-43c6-854b-7cb756b12520 | Context cleanup@openstack cleanup() finished in 52.73 sec
2020-04-09 05:28:33.198 15 INFO rally.task.context [-] Task 1dc27f24-047b-43c6-854b-7cb756b12520 | Context quotas@openstack cleanup() started
2020-04-09 05:28:33.247 15 INFO rally.task.context [-] Task 1dc27f24-047b-43c6-854b-7cb756b12520 | Context quotas@openstack cleanup() finished in 48.61 msec
2020-04-09 05:28:33.248 15 INFO rally.task.context [-] Task 1dc27f24-047b-43c6-854b-7cb756b12520 | Context users@openstack cleanup() started
2020-04-09 05:28:34.835 15 INFO rally.task.context [-] Task 1dc27f24-047b-43c6-854b-7cb756b12520 | Context users@openstack cleanup() finished in 1.59 sec
2020-04-09 05:28:35.971 15 INFO rally.task.engine [-] Load duration is: 176.282746
2020-04-09 05:28:35.971 15 INFO rally.task.engine [-] Full runner duration is: 176.336672
2020-04-09 05:28:35.971 15 INFO rally.task.engine [-] Full duration is: 231.876376
2020-04-09 05:28:36.055 15 INFO rally.task.engine [-] Running workload: position = 1 config = { "version": 2, "title": "A cropped version of a bigger task.", "description": "Auto-generated task from a single workload (uuid=c34973da-7a07-48b5-9512-20d49a85bd2f)", "subtasks": [ { "title": "NeutronNetworks.create_and_update_ports", "description": "Create and update a given number of ports.", "scenario": { "NeutronNetworks.create_and_update_ports": { "network_create_args": {}, "port_create_args": {}, "ports_per_network": 5, "port_update_args": { "admin_state_up": false, "device_id": "dummy_id", "device_owner": "dummy_owner", "name": "_port_updated" } } }, "contexts": { "users": { "tenants": 1, "users_per_tenant": 1 }, "quotas": { "neutron": { "network": -1, "port": -1 } } }, "runner": { "constant": { "times": 40, "concurrency": 20 } }, "hooks": [], "sla": { "failure_rate": { "max": 0 } } } ] }
2020-04-09 05:28:36.077 15 RALLYDEBUG rally_openstack.contexts.keystone.users [-] Creating 1 tenants using 20 threads
2020-04-09 05:28:36.415 15 RALLYDEBUG rally_openstack.contexts.keystone.users [-] Creating 1 users using 20 threads
2020-04-09 05:28:36.852 15 INFO rally.task.context [-] Task 1dc27f24-047b-43c6-854b-7cb756b12520 | Context users@openstack setup() finished in 0.78 sec
2020-04-09 05:28:37.219 15 INFO rally.task.context [-] Task 1dc27f24-047b-43c6-854b-7cb756b12520 | Context quotas@openstack setup() finished in 0.37 sec
2020-04-09 05:28:37.219 15 INFO rally.task.context [-] Task 1dc27f24-047b-43c6-854b-7cb756b12520 | Context cleanup@openstack setup() finished in 0.01 msec
2020-04-09 05:28:37.228 15 RALLYDEBUG rally.task.runner [-] Starting the constant runner (task UUID: 1dc27f24-047b-43c6-854b-7cb756b12520). timeout: 0 concurrency: 20 concurrency_per_worker: 1 times: 40 concurrency_overhead: 0 processes_to_start: 20 max_cpu_used: 88
2020-04-09 05:28:37.242 4199 RALLYDEBUG rally.task.runner [-] Starting a worker. concurrency: 1 args: {"network_create_args": {}, "port_create_args": {}, "ports_per_network": 5, "port_update_args": {"admin_state_up": false, "device_id": "dummy_id", "device_owner": "dummy_owner", "name": "_port_updated"}} times: 40 method_name: run timeout: 0 duration: None cls:
2020-04-09 05:28:37.245 4200 RALLYDEBUG rally.task.runner [-] Starting a worker. concurrency: 1 args: {"network_create_args": {}, "port_create_args": {}, "ports_per_network": 5, "port_update_args": {"admin_state_up": false, "device_id": "dummy_id", "device_owner": "dummy_owner", "name": "_port_updated"}} times: 40 method_name: run timeout: 0 duration: None cls:
2020-04-09 05:28:37.246 4201 RALLYDEBUG rally.task.runner [-] Starting a worker. concurrency: 1 args: {"network_create_args": {}, "port_create_args": {}, "ports_per_network": 5, "port_update_args": {"admin_state_up": false, "device_id": "dummy_id", "device_owner": "dummy_owner", "name": "_port_updated"}} times: 40 method_name: run timeout: 0 duration: None cls:
2020-04-09 05:28:37.248 4199 INFO rally.task.runner [-] Task 1dc27f24-047b-43c6-854b-7cb756b12520 | ITER: 1 START
2020-04-09 05:28:37.250 4199 WARNING rally_openstack.scenarios.neutron.utils [-] Running this scenario without either the 'network' or 'existing_network' context is deprecated
2020-04-09 05:28:37.250 4202 RALLYDEBUG rally.task.runner [-] Starting a worker. concurrency: 1 args: {"network_create_args": {}, "port_create_args": {}, "ports_per_network": 5, "port_update_args": {"admin_state_up": false, "device_id": "dummy_id", "device_owner": "dummy_owner", "name": "_port_updated"}} times: 40 method_name: run timeout: 0 duration: None cls:
2020-04-09 05:28:37.251 4200 INFO rally.task.runner [-] Task 1dc27f24-047b-43c6-854b-7cb756b12520 | ITER: 2 START
2020-04-09 05:28:37.252 4201 INFO rally.task.runner [-] Task 1dc27f24-047b-43c6-854b-7cb756b12520 | ITER: 3 START
2020-04-09 05:28:37.253 4200 WARNING rally_openstack.scenarios.neutron.utils [-] Running this scenario without either the 'network' or 'existing_network' context is deprecated
2020-04-09 05:28:37.253 4201 WARNING rally_openstack.scenarios.neutron.utils [-] Running this scenario without either the 'network' or 'existing_network' context is deprecated
2020-04-09 05:28:37.252 4203 RALLYDEBUG rally.task.runner [-] Starting a worker. concurrency: 1 args: {"network_create_args": {}, "port_create_args": {}, "ports_per_network": 5, "port_update_args": {"admin_state_up": false, "device_id": "dummy_id", "device_owner": "dummy_owner", "name": "_port_updated"}} times: 40 method_name: run timeout: 0 duration: None cls:
2020-04-09 05:28:37.255 4206 RALLYDEBUG rally.task.runner [-] Starting a worker. concurrency: 1 args: {"network_create_args": {}, "port_create_args": {}, "ports_per_network": 5, "port_update_args": {"admin_state_up": false, "device_id": "dummy_id", "device_owner": "dummy_owner", "name": "_port_updated"}} times: 40 method_name: run timeout: 0 duration: None cls:
2020-04-09 05:28:37.256 4202 INFO rally.task.runner [-] Task 1dc27f24-047b-43c6-854b-7cb756b12520 | ITER: 4 START
2020-04-09 05:28:37.258 4202 WARNING rally_openstack.scenarios.neutron.utils [-] Running this scenario without either the 'network' or 'existing_network' context is deprecated
2020-04-09 05:28:37.258 4211 RALLYDEBUG rally.task.runner [-] Starting a worker. concurrency: 1 args: {"network_create_args": {}, "port_create_args": {}, "ports_per_network": 5, "port_update_args": {"admin_state_up": false, "device_id": "dummy_id", "device_owner": "dummy_owner", "name": "_port_updated"}} times: 40 method_name: run timeout: 0 duration: None cls:
2020-04-09 05:28:37.259 4203 INFO rally.task.runner [-] Task 1dc27f24-047b-43c6-854b-7cb756b12520 | ITER: 5 START
2020-04-09 05:28:37.260 4203 WARNING rally_openstack.scenarios.neutron.utils [-] Running this scenario without either the 'network' or 'existing_network' context is deprecated
2020-04-09 05:28:37.261 4212 RALLYDEBUG rally.task.runner [-] Starting a worker. concurrency: 1 args: {"network_create_args": {}, "port_create_args": {}, "ports_per_network": 5, "port_update_args": {"admin_state_up": false, "device_id": "dummy_id", "device_owner": "dummy_owner", "name": "_port_updated"}} times: 40 method_name: run timeout: 0 duration: None cls:
2020-04-09 05:28:37.262 4206 INFO rally.task.runner [-] Task 1dc27f24-047b-43c6-854b-7cb756b12520 | ITER: 6 START
2020-04-09 05:28:37.263 4206 WARNING rally_openstack.scenarios.neutron.utils [-] Running this scenario without either the 'network' or 'existing_network' context is deprecated
2020-04-09 05:28:37.263 4215 RALLYDEBUG rally.task.runner [-] Starting a worker. concurrency: 1 args: {"network_create_args": {}, "port_create_args": {}, "ports_per_network": 5, "port_update_args": {"admin_state_up": false, "device_id": "dummy_id", "device_owner": "dummy_owner", "name": "_port_updated"}} times: 40 method_name: run timeout: 0 duration: None cls:
2020-04-09 05:28:37.265 4211 INFO rally.task.runner [-] Task 1dc27f24-047b-43c6-854b-7cb756b12520 | ITER: 7 START
2020-04-09 05:28:37.266 4211 WARNING rally_openstack.scenarios.neutron.utils [-] Running this scenario without either the 'network' or 'existing_network' context is deprecated
2020-04-09 05:28:37.266 4218 RALLYDEBUG rally.task.runner [-] Starting a worker. concurrency: 1 args: {"network_create_args": {}, "port_create_args": {}, "ports_per_network": 5, "port_update_args": {"admin_state_up": false, "device_id": "dummy_id", "device_owner": "dummy_owner", "name": "_port_updated"}} times: 40 method_name: run timeout: 0 duration: None cls:
2020-04-09 05:28:37.267 4212 INFO rally.task.runner [-] Task 1dc27f24-047b-43c6-854b-7cb756b12520 | ITER: 8 START
2020-04-09 05:28:37.269 4212 WARNING rally_openstack.scenarios.neutron.utils [-] Running this scenario without either the 'network' or 'existing_network' context is deprecated
2020-04-09 05:28:37.269 4221 RALLYDEBUG rally.task.runner [-] Starting a worker. concurrency: 1 args: {"network_create_args": {}, "port_create_args": {}, "ports_per_network": 5, "port_update_args": {"admin_state_up": false, "device_id": "dummy_id", "device_owner": "dummy_owner", "name": "_port_updated"}} times: 40 method_name: run timeout: 0 duration: None cls:
2020-04-09 05:28:37.270 4215 INFO rally.task.runner [-] Task 1dc27f24-047b-43c6-854b-7cb756b12520 | ITER: 9 START
2020-04-09 05:28:37.271 4215 WARNING rally_openstack.scenarios.neutron.utils [-] Running this scenario without either the 'network' or 'existing_network' context is deprecated
2020-04-09 05:28:37.272 4224 RALLYDEBUG rally.task.runner [-] Starting a worker. concurrency: 1 args: {"network_create_args": {}, "port_create_args": {}, "ports_per_network": 5, "port_update_args": {"admin_state_up": false, "device_id": "dummy_id", "device_owner": "dummy_owner", "name": "_port_updated"}} times: 40 method_name: run timeout: 0 duration: None cls:
2020-04-09 05:28:37.273 4218 INFO rally.task.runner [-] Task 1dc27f24-047b-43c6-854b-7cb756b12520 | ITER: 10 START
2020-04-09 05:28:37.274 4218 WARNING rally_openstack.scenarios.neutron.utils [-] Running this scenario without either the 'network' or 'existing_network' context is deprecated
2020-04-09 05:28:37.274 4227 RALLYDEBUG rally.task.runner [-] Starting a worker. concurrency: 1 args: {"network_create_args": {}, "port_create_args": {}, "ports_per_network": 5, "port_update_args": {"admin_state_up": false, "device_id": "dummy_id", "device_owner": "dummy_owner", "name": "_port_updated"}} times: 40 method_name: run timeout: 0 duration: None cls:
2020-04-09 05:28:37.275 4221 INFO rally.task.runner [-] Task 1dc27f24-047b-43c6-854b-7cb756b12520 | ITER: 11 START
2020-04-09 05:28:37.277 4221 WARNING rally_openstack.scenarios.neutron.utils [-] Running this scenario without either the 'network' or 'existing_network' context is deprecated
2020-04-09 05:28:37.278 4224 INFO rally.task.runner [-] Task 1dc27f24-047b-43c6-854b-7cb756b12520 | ITER: 12 START
2020-04-09 05:28:37.278 4230 RALLYDEBUG rally.task.runner [-] Starting a worker. concurrency: 1 args: {"network_create_args": {}, "port_create_args": {}, "ports_per_network": 5, "port_update_args": {"admin_state_up": false, "device_id": "dummy_id", "device_owner": "dummy_owner", "name": "_port_updated"}} times: 40 method_name: run timeout: 0 duration: None cls:
2020-04-09 05:28:37.280 4224 WARNING rally_openstack.scenarios.neutron.utils [-] Running this scenario without either the 'network' or 'existing_network' context is deprecated
2020-04-09 05:28:37.280 4233 RALLYDEBUG rally.task.runner [-] Starting a worker. concurrency: 1 args: {"network_create_args": {}, "port_create_args": {}, "ports_per_network": 5, "port_update_args": {"admin_state_up": false, "device_id": "dummy_id", "device_owner": "dummy_owner", "name": "_port_updated"}} times: 40 method_name: run timeout: 0 duration: None cls:
2020-04-09 05:28:37.281 4227 INFO rally.task.runner [-] Task 1dc27f24-047b-43c6-854b-7cb756b12520 | ITER: 13 START
2020-04-09 05:28:37.282 4227 WARNING rally_openstack.scenarios.neutron.utils [-] Running this scenario without either the 'network' or 'existing_network' context is deprecated
2020-04-09 05:28:37.283 4237 RALLYDEBUG rally.task.runner [-] Starting a worker. concurrency: 1 args: {"network_create_args": {}, "port_create_args": {}, "ports_per_network": 5, "port_update_args": {"admin_state_up": false, "device_id": "dummy_id", "device_owner": "dummy_owner", "name": "_port_updated"}} times: 40 method_name: run timeout: 0 duration: None cls:
2020-04-09 05:28:37.284 4240 RALLYDEBUG rally.task.runner [-] Starting a worker. concurrency: 1 args: {"network_create_args": {}, "port_create_args": {}, "ports_per_network": 5, "port_update_args": {"admin_state_up": false, "device_id": "dummy_id", "device_owner": "dummy_owner", "name": "_port_updated"}} times: 40 method_name: run timeout: 0 duration: None cls:
2020-04-09 05:28:37.284 4230 INFO rally.task.runner [-] Task 1dc27f24-047b-43c6-854b-7cb756b12520 | ITER: 14 START
2020-04-09 05:28:37.286 4230 WARNING rally_openstack.scenarios.neutron.utils [-] Running this scenario without either the 'network' or 'existing_network' context is deprecated
2020-04-09 05:28:37.286 4233 INFO rally.task.runner [-] Task 1dc27f24-047b-43c6-854b-7cb756b12520 | ITER: 15 START
2020-04-09 05:28:37.287 4233 WARNING rally_openstack.scenarios.neutron.utils [-] Running this scenario without either the 'network' or 'existing_network' context is deprecated
2020-04-09 05:28:37.289 4237 INFO rally.task.runner [-] Task 1dc27f24-047b-43c6-854b-7cb756b12520 | ITER: 16 START
2020-04-09 05:28:37.289 4240 INFO rally.task.runner [-] Task 1dc27f24-047b-43c6-854b-7cb756b12520 | ITER: 17 START
2020-04-09 05:28:37.289 4242 RALLYDEBUG rally.task.runner [-] Starting a worker. concurrency: 1 args: {"network_create_args": {}, "port_create_args": {}, "ports_per_network": 5, "port_update_args": {"admin_state_up": false, "device_id": "dummy_id", "device_owner": "dummy_owner", "name": "_port_updated"}} times: 40 method_name: run timeout: 0 duration: None cls:
2020-04-09 05:28:37.290 4237 WARNING rally_openstack.scenarios.neutron.utils [-] Running this scenario without either the 'network' or 'existing_network' context is deprecated
2020-04-09 05:28:37.290 4240 WARNING rally_openstack.scenarios.neutron.utils [-] Running this scenario without either the 'network' or 'existing_network' context is deprecated
2020-04-09 05:28:37.291 4247 RALLYDEBUG rally.task.runner [-] Starting a worker. concurrency: 1 args: {"network_create_args": {}, "port_create_args": {}, "ports_per_network": 5, "port_update_args": {"admin_state_up": false, "device_id": "dummy_id", "device_owner": "dummy_owner", "name": "_port_updated"}} times: 40 method_name: run timeout: 0 duration: None cls:
2020-04-09 05:28:37.295 4242 INFO rally.task.runner [-] Task 1dc27f24-047b-43c6-854b-7cb756b12520 | ITER: 18 START
2020-04-09 05:28:37.296 4247 INFO rally.task.runner [-] Task 1dc27f24-047b-43c6-854b-7cb756b12520 | ITER: 19 START
2020-04-09 05:28:37.295 4251 RALLYDEBUG rally.task.runner [-] Starting a worker. concurrency: 1 args: {"network_create_args": {}, "port_create_args": {}, "ports_per_network": 5, "port_update_args": {"admin_state_up": false, "device_id": "dummy_id", "device_owner": "dummy_owner", "name": "_port_updated"}} times: 40 method_name: run timeout: 0 duration: None cls:
2020-04-09 05:28:37.296 4242 WARNING rally_openstack.scenarios.neutron.utils [-] Running this scenario without either the 'network' or 'existing_network' context is deprecated
2020-04-09 05:28:37.297 4247 WARNING rally_openstack.scenarios.neutron.utils [-] Running this scenario without either the 'network' or 'existing_network' context is deprecated
2020-04-09 05:28:37.301 4251 INFO rally.task.runner [-] Task 1dc27f24-047b-43c6-854b-7cb756b12520 | ITER: 20 START
2020-04-09 05:28:37.302 4251 WARNING rally_openstack.scenarios.neutron.utils [-] Running this scenario without either the 'network' or 'existing_network' context is deprecated
2020-04-09 05:28:54.211 4242 INFO rally.task.runner [-] Task 1dc27f24-047b-43c6-854b-7cb756b12520 | ITER: 18 END: OK
2020-04-09 05:28:54.216 4242 INFO rally.task.runner [-] Task 1dc27f24-047b-43c6-854b-7cb756b12520 | ITER: 21 START
2020-04-09 05:28:54.216 4242 WARNING rally_openstack.scenarios.neutron.utils [-] Running this scenario without either the 'network' or 'existing_network' context is deprecated
2020-04-09 05:28:54.431 4203 INFO rally.task.runner [-] Task 1dc27f24-047b-43c6-854b-7cb756b12520 | ITER: 5 END: OK
2020-04-09 05:28:54.436 4203 INFO rally.task.runner [-] Task 1dc27f24-047b-43c6-854b-7cb756b12520 | ITER: 22 START
2020-04-09 05:28:54.437 4203 WARNING rally_openstack.scenarios.neutron.utils [-] Running this scenario without either the 'network' or 'existing_network' context is deprecated
2020-04-09 05:28:54.657 4237 INFO rally.task.runner [-] Task 1dc27f24-047b-43c6-854b-7cb756b12520 | ITER: 16 END: OK
2020-04-09 05:28:54.661 4237 INFO rally.task.runner [-] Task 1dc27f24-047b-43c6-854b-7cb756b12520 | ITER: 23 START
2020-04-09 05:28:54.662 4237 WARNING rally_openstack.scenarios.neutron.utils [-] Running this scenario without either the 'network' or 'existing_network' context is deprecated
2020-04-09 05:28:54.663 4206 INFO rally.task.runner [-] Task 1dc27f24-047b-43c6-854b-7cb756b12520 | ITER: 6 END: OK
2020-04-09 05:28:54.669 4206 INFO rally.task.runner [-] Task 1dc27f24-047b-43c6-854b-7cb756b12520 | ITER: 24 START
2020-04-09 05:28:54.670 4206 WARNING rally_openstack.scenarios.neutron.utils [-] Running this scenario without either the 'network' or 'existing_network' context is deprecated
2020-04-09 05:28:55.727 4247 INFO rally.task.runner [-] Task 1dc27f24-047b-43c6-854b-7cb756b12520 | ITER: 19 END: OK
2020-04-09 05:28:55.731 4247 INFO rally.task.runner [-] Task 1dc27f24-047b-43c6-854b-7cb756b12520 | ITER: 25 START
2020-04-09 05:28:55.732 4247 WARNING rally_openstack.scenarios.neutron.utils [-] Running this scenario without either the 'network' or 'existing_network' context is deprecated
2020-04-09 05:28:56.477 4201 INFO rally.task.runner [-] Task 1dc27f24-047b-43c6-854b-7cb756b12520 | ITER: 3 END: OK
2020-04-09 05:28:56.482 4201 INFO rally.task.runner [-] Task 1dc27f24-047b-43c6-854b-7cb756b12520 | ITER: 26 START
2020-04-09 05:28:56.483 4201 WARNING rally_openstack.scenarios.neutron.utils [-] Running this scenario without either the 'network' or 'existing_network' context is deprecated
2020-04-09 05:28:56.613 4218 INFO rally.task.runner [-] Task 1dc27f24-047b-43c6-854b-7cb756b12520 | ITER: 10 END: OK
2020-04-09 05:28:56.617 4218 INFO rally.task.runner [-] Task 1dc27f24-047b-43c6-854b-7cb756b12520 | ITER: 27 START
2020-04-09 05:28:56.618 4218 WARNING rally_openstack.scenarios.neutron.utils [-] Running this scenario without either the 'network' or 'existing_network' context is deprecated
2020-04-09 05:28:56.832 4200 INFO rally.task.runner [-] Task 1dc27f24-047b-43c6-854b-7cb756b12520 | ITER: 2 END: OK
2020-04-09 05:28:56.837 4200 INFO rally.task.runner [-] Task 1dc27f24-047b-43c6-854b-7cb756b12520 | ITER: 28 START
2020-04-09 05:28:56.838 4200 WARNING rally_openstack.scenarios.neutron.utils [-] Running this scenario without either the 'network' or 'existing_network' context is deprecated
2020-04-09 05:28:56.915 4202 INFO rally.task.runner [-] Task 1dc27f24-047b-43c6-854b-7cb756b12520 | ITER: 4 END: OK
2020-04-09 05:28:56.920 4202 INFO rally.task.runner [-] Task 1dc27f24-047b-43c6-854b-7cb756b12520 | ITER: 29 START
2020-04-09 05:28:56.921 4202 WARNING rally_openstack.scenarios.neutron.utils [-] Running this scenario without either the 'network' or 'existing_network' context is deprecated
2020-04-09 05:28:57.019 4251 INFO rally.task.runner [-] Task 1dc27f24-047b-43c6-854b-7cb756b12520 | ITER: 20 END: OK
2020-04-09 05:28:57.023 4251 INFO rally.task.runner [-] Task 1dc27f24-047b-43c6-854b-7cb756b12520 | ITER: 30 START
2020-04-09 05:28:57.024 4251 WARNING rally_openstack.scenarios.neutron.utils [-] Running this scenario without either the 'network' or 'existing_network' context is deprecated
2020-04-09 05:28:57.344 4224 INFO rally.task.runner [-] Task 1dc27f24-047b-43c6-854b-7cb756b12520 | ITER: 12 END: OK
2020-04-09 05:28:57.349 4224 INFO rally.task.runner [-] Task 1dc27f24-047b-43c6-854b-7cb756b12520 | ITER: 31 START
2020-04-09 05:28:57.349 4224 WARNING rally_openstack.scenarios.neutron.utils [-] Running this scenario without either the 'network' or 'existing_network' context is deprecated
2020-04-09 05:28:57.387 4230 INFO rally.task.runner [-] Task 1dc27f24-047b-43c6-854b-7cb756b12520 | ITER: 14 END: OK
2020-04-09 05:28:57.391 4233 INFO rally.task.runner [-] Task 1dc27f24-047b-43c6-854b-7cb756b12520 | ITER: 15 END: OK
2020-04-09 05:28:57.392 4230 INFO rally.task.runner [-] Task 1dc27f24-047b-43c6-854b-7cb756b12520 | ITER: 32 START
2020-04-09 05:28:57.393 4230 WARNING rally_openstack.scenarios.neutron.utils [-] Running this scenario without either the 'network' or 'existing_network' context is deprecated
2020-04-09 05:28:57.396 4233 INFO rally.task.runner [-] Task 1dc27f24-047b-43c6-854b-7cb756b12520 | ITER: 33 START
2020-04-09 05:28:57.396 4233 WARNING rally_openstack.scenarios.neutron.utils [-] Running this scenario without either the 'network' or 'existing_network' context is deprecated
2020-04-09 05:28:57.606 4221 INFO rally.task.runner [-] Task 1dc27f24-047b-43c6-854b-7cb756b12520 | ITER: 11 END: OK
2020-04-09 05:28:57.612 4221 INFO rally.task.runner [-] Task 1dc27f24-047b-43c6-854b-7cb756b12520 | ITER: 34 START
2020-04-09 05:28:57.612 4221 WARNING rally_openstack.scenarios.neutron.utils [-] Running this scenario without either the 'network' or 'existing_network' context is deprecated
2020-04-09 05:28:59.014 4240 INFO rally.task.runner [-] Task 1dc27f24-047b-43c6-854b-7cb756b12520 | ITER: 17 END: OK
2020-04-09 05:28:59.019 4240 INFO rally.task.runner [-] Task 1dc27f24-047b-43c6-854b-7cb756b12520 | ITER: 35 START
2020-04-09 05:28:59.019 4240 WARNING rally_openstack.scenarios.neutron.utils [-] Running this scenario without either the 'network' or 'existing_network' context is deprecated
2020-04-09 05:29:01.433 4211 INFO rally.task.runner [-] Task 1dc27f24-047b-43c6-854b-7cb756b12520 | ITER: 7 END: OK
2020-04-09 05:29:01.438 4211 INFO rally.task.runner [-] Task 1dc27f24-047b-43c6-854b-7cb756b12520 | ITER: 36 START
2020-04-09 05:29:01.439 4211 WARNING rally_openstack.scenarios.neutron.utils [-] Running this scenario without either the 'network' or 'existing_network' context is deprecated
2020-04-09 05:29:01.698 4215 INFO rally.task.runner [-] Task 1dc27f24-047b-43c6-854b-7cb756b12520 | ITER: 9 END: OK
2020-04-09 05:29:01.703 4215 INFO rally.task.runner [-] Task 1dc27f24-047b-43c6-854b-7cb756b12520 | ITER: 37 START
2020-04-09 05:29:01.703 4215 WARNING rally_openstack.scenarios.neutron.utils [-] Running this scenario without either the 'network' or 'existing_network' context is deprecated
2020-04-09 05:29:02.383 4227 INFO rally.task.runner [-] Task 1dc27f24-047b-43c6-854b-7cb756b12520 | ITER: 13 END: OK
2020-04-09 05:29:02.388 4227 INFO rally.task.runner [-] Task 1dc27f24-047b-43c6-854b-7cb756b12520 | ITER: 38 START
2020-04-09 05:29:02.389 4227 WARNING rally_openstack.scenarios.neutron.utils [-] Running this scenario without either the 'network' or 'existing_network' context is deprecated
2020-04-09 05:29:02.406 4212 INFO rally.task.runner [-] Task 1dc27f24-047b-43c6-854b-7cb756b12520 | ITER: 8 END: OK
2020-04-09 05:29:02.411 4212 INFO rally.task.runner [-] Task 1dc27f24-047b-43c6-854b-7cb756b12520 | ITER: 39 START
2020-04-09 05:29:02.412 4212 WARNING rally_openstack.scenarios.neutron.utils [-] Running this scenario without either the 'network' or 'existing_network' context is deprecated
2020-04-09 05:29:02.456 4199 INFO rally.task.runner [-] Task 1dc27f24-047b-43c6-854b-7cb756b12520 | ITER: 1 END: OK
