2020-04-09 02:41:42.462 852 RALLYDEBUG rally.task.utils [-] Waiting for resource u'0a69a599-d70b-4dc4-b5f1-376848419377'. Status changed: NONE => QUEUED in 0.0763189792633
2020-04-09 02:41:42.468 850 RALLYDEBUG rally.task.utils [-] Waiting for resource u'a535d360-e776-419a-8819-05146d1e93da'. Status changed: NONE => QUEUED in 0.0905110836029
2020-04-09 02:41:42.796 851 RALLYDEBUG rally.task.utils [-] Waiting for resource u'dbf99b7b-adbc-4f75-9689-b1a10b9bbade'. Status changed: NONE => QUEUED in 0.0836989879608
2020-04-09 02:41:42.888 849 RALLYDEBUG rally.task.utils [-] Waiting for resource u'10c905ef-bac4-4350-9c5a-a77a69955b01'. Status changed: NONE => QUEUED in 0.0808439254761
2020-04-09 02:41:43.555 850 RALLYDEBUG rally.task.utils [-] Waiting for resource s_rally_9f263e55_uYlTZVpG. Status changed: QUEUED => ACTIVE in 0.0328760147095
2020-04-09 02:41:43.579 852 RALLYDEBUG rally.task.utils [-] Waiting for resource s_rally_9f263e55_0PHJd7hE. Status changed: QUEUED => ACTIVE in 0.0453989505768
2020-04-09 02:41:43.948 849 RALLYDEBUG rally.task.utils [-] Waiting for resource s_rally_9f263e55_v1C383mi. Status changed: QUEUED => ACTIVE in 0.0492839813232
2020-04-09 02:41:43.949 851 RALLYDEBUG rally.task.utils [-] Waiting for resource s_rally_9f263e55_6BzMRxDz. Status changed: QUEUED => ACTIVE in 0.0515401363373
2020-04-09 02:41:44.138 850 INFO rally.task.runner [-] Task 31359bf2-e3e5-4e27-b908-502db2d5d036 | ITER: 5 END: OK
2020-04-09 02:41:44.142 850 INFO rally.task.runner [-] Task 31359bf2-e3e5-4e27-b908-502db2d5d036 | ITER: 9 START
2020-04-09 02:41:44.143 852 INFO rally.task.runner [-] Task 31359bf2-e3e5-4e27-b908-502db2d5d036 | ITER: 6 END: OK
2020-04-09 02:41:44.147 852 INFO rally.task.runner [-] Task 31359bf2-e3e5-4e27-b908-502db2d5d036 | ITER: 10 START
2020-04-09 02:41:44.497 851 INFO rally.task.runner [-] Task 31359bf2-e3e5-4e27-b908-502db2d5d036 | ITER: 7 END: OK
2020-04-09 02:41:44.531 849 INFO rally.task.runner [-] Task 31359bf2-e3e5-4e27-b908-502db2d5d036 | ITER: 8 END: OK
2020-04-09 02:41:46.701 850 RALLYDEBUG rally.task.utils [-] Waiting for resource u'8e97c021-0ae5-42ad-9e7a-0efdffd21621'. Status changed: NONE => QUEUED in 0.106504917145
2020-04-09 02:41:46.712 852 RALLYDEBUG rally.task.utils [-] Waiting for resource u'dd0d64ee-83be-4b2d-bc07-1fb3dab9261c'. Status changed: NONE => QUEUED in 0.100142002106
2020-04-09 02:41:47.980 850 RALLYDEBUG rally.task.utils [-] Waiting for resource s_rally_9f263e55_xQyJRwXY. Status changed: QUEUED => ACTIVE in 0.0629358291626
2020-04-09 02:41:47.989 852 RALLYDEBUG rally.task.utils [-] Waiting for resource s_rally_9f263e55_l6QjXKji. Status changed: QUEUED => ACTIVE in 0.0572319030762
2020-04-09 02:41:48.635 852 INFO rally.task.runner [-] Task 31359bf2-e3e5-4e27-b908-502db2d5d036 | ITER: 10 END: OK
2020-04-09 02:41:48.653 850 INFO rally.task.runner [-] Task 31359bf2-e3e5-4e27-b908-502db2d5d036 | ITER: 9 END: OK
2020-04-09 02:41:48.676 725 INFO rally.task.context [-] Task 31359bf2-e3e5-4e27-b908-502db2d5d036 | Context cleanup@openstack cleanup() started
2020-04-09 02:41:48.681 725 RALLYDEBUG rally_openstack.cleanup.manager [-] Cleaning up glance images objects
2020-04-09 02:41:49.760 725 INFO rally.task.context [-] Task 31359bf2-e3e5-4e27-b908-502db2d5d036 | Context cleanup@openstack cleanup() finished in 1.08 sec
2020-04-09 02:41:49.761 725 INFO rally.task.context [-] Task 31359bf2-e3e5-4e27-b908-502db2d5d036 | Context users@openstack cleanup() started
2020-04-09 02:41:52.774 725 INFO rally.task.context [-] Task 31359bf2-e3e5-4e27-b908-502db2d5d036 | Context users@openstack cleanup() finished in 3.01 sec
2020-04-09 02:41:54.098 725 INFO rally.task.engine [-] Load duration is: 12.946846
2020-04-09 02:41:54.099 725 INFO rally.task.engine [-] Full runner duration is: 13.380773
2020-04-09 02:41:54.099 725 INFO rally.task.engine [-] Full duration is: 18.786284
2020-04-09 02:41:54.188 725 INFO rally.task.engine [-] Running workload: position = 0 config = { "version": 2, "title": "A cropped version of a bigger task.", "description": "Auto-generated task from a single workload (uuid=ed3e6ffe-2c45-4335-ab68-5b1b34d9e283)", "subtasks": [ { "title": "GlanceImages.create_and_list_image", "description": "Create an image and then list all images.", "scenario": { "GlanceImages.create_and_list_image": { "container_format": "bare", "disk_format": "qcow2", "image_location": "/home/opnfv/functest/images/cirros-0.4.0-x86_64-disk.img" } }, "contexts": { "users": { "tenants": 3, "users_per_tenant": 2 } }, "runner": { "constant": { "concurrency": 4, "times": 10 } }, "hooks": [], "sla": { "failure_rate": { "max": 0 } } } ] }
2020-04-09 02:41:54.201 725 RALLYDEBUG rally_openstack.contexts.keystone.users [-] Creating 3 tenants using 20 threads
2020-04-09 02:41:54.686 725 RALLYDEBUG rally_openstack.contexts.keystone.users [-] Creating 6 users using 20 threads
2020-04-09 02:41:55.570 725 INFO rally.task.context [-] Task 31359bf2-e3e5-4e27-b908-502db2d5d036 | Context users@openstack setup() finished in 1.37 sec
2020-04-09 02:41:55.571 725 INFO rally.task.context [-] Task 31359bf2-e3e5-4e27-b908-502db2d5d036 | Context cleanup@openstack setup() finished in 0.01 msec
2020-04-09 02:41:55.580 725 RALLYDEBUG rally.task.runner [-] Starting the constant runner (task UUID: 31359bf2-e3e5-4e27-b908-502db2d5d036). timeout: 0 concurrency: 4 concurrency_per_worker: 1 times: 10 concurrency_overhead: 0 processes_to_start: 4 max_cpu_used: 88
2020-04-09 02:41:55.592 973 RALLYDEBUG rally.task.runner [-] Starting a worker. concurrency: 1 args: {"container_format": "bare", "disk_format": "qcow2", "image_location": "/home/opnfv/functest/images/cirros-0.4.0-x86_64-disk.img"} times: 10 method_name: run timeout: 0 duration: None cls:
2020-04-09 02:41:55.595 974 RALLYDEBUG rally.task.runner [-] Starting a worker. concurrency: 1 args: {"container_format": "bare", "disk_format": "qcow2", "image_location": "/home/opnfv/functest/images/cirros-0.4.0-x86_64-disk.img"} times: 10 method_name: run timeout: 0 duration: None cls:
2020-04-09 02:41:55.597 975 RALLYDEBUG rally.task.runner [-] Starting a worker. concurrency: 1 args: {"container_format": "bare", "disk_format": "qcow2", "image_location": "/home/opnfv/functest/images/cirros-0.4.0-x86_64-disk.img"} times: 10 method_name: run timeout: 0 duration: None cls:
2020-04-09 02:41:55.599 973 INFO rally.task.runner [-] Task 31359bf2-e3e5-4e27-b908-502db2d5d036 | ITER: 1 START
2020-04-09 02:41:55.600 976 RALLYDEBUG rally.task.runner [-] Starting a worker. concurrency: 1 args: {"container_format": "bare", "disk_format": "qcow2", "image_location": "/home/opnfv/functest/images/cirros-0.4.0-x86_64-disk.img"} times: 10 method_name: run timeout: 0 duration: None cls:
2020-04-09 02:41:55.602 974 INFO rally.task.runner [-] Task 31359bf2-e3e5-4e27-b908-502db2d5d036 | ITER: 2 START
2020-04-09 02:41:55.604 975 INFO rally.task.runner [-] Task 31359bf2-e3e5-4e27-b908-502db2d5d036 | ITER: 3 START
2020-04-09 02:41:55.607 976 INFO rally.task.runner [-] Task 31359bf2-e3e5-4e27-b908-502db2d5d036 | ITER: 4 START
2020-04-09 02:41:58.351 975 RALLYDEBUG rally.task.utils [-] Waiting for resource u'c229564a-c55f-46a0-bf9d-304fa560b089'. Status changed: NONE => QUEUED in 0.0909900665283
2020-04-09 02:41:58.352 974 RALLYDEBUG rally.task.utils [-] Waiting for resource u'ef2528b4-76e5-47f8-a54c-d8180f5e26df'. Status changed: NONE => QUEUED in 0.0947799682617
2020-04-09 02:41:58.366 973 RALLYDEBUG rally.task.utils [-] Waiting for resource u'f1e3d947-6250-437f-8455-605728afddbc'. Status changed: NONE => QUEUED in 0.0785090923309
2020-04-09 02:41:58.384 976 RALLYDEBUG rally.task.utils [-] Waiting for resource u'b45e1e9b-3724-4be6-a441-8c4ba5cf5419'. Status changed: NONE => QUEUED in 0.0862281322479
2020-04-09 02:41:59.849 973 RALLYDEBUG rally.task.utils [-] Waiting for resource s_rally_ed3e6ffe_v7ZsI7SN. Status changed: QUEUED => ACTIVE in 0.0435540676117
2020-04-09 02:41:59.926 973 INFO rally.task.runner [-] Task 31359bf2-e3e5-4e27-b908-502db2d5d036 | ITER: 1 END: OK
2020-04-09 02:41:59.932 973 INFO rally.task.runner [-] Task 31359bf2-e3e5-4e27-b908-502db2d5d036 | ITER: 5 START
2020-04-09 02:41:59.933 974 RALLYDEBUG rally.task.utils [-] Waiting for resource s_rally_ed3e6ffe_lpe8HQFw. Status changed: QUEUED => ACTIVE in 0.0956048965454
2020-04-09 02:42:00.006 974 INFO rally.task.runner [-] Task 31359bf2-e3e5-4e27-b908-502db2d5d036 | ITER: 2 END: OK
2020-04-09 02:42:00.011 974 INFO rally.task.runner [-] Task 31359bf2-e3e5-4e27-b908-502db2d5d036 | ITER: 6 START
2020-04-09 02:42:00.064 975 RALLYDEBUG rally.task.utils [-] Waiting for resource s_rally_ed3e6ffe_jfTI5InO. Status changed: QUEUED => ACTIVE in 0.0644578933716
2020-04-09 02:42:00.083 976 RALLYDEBUG rally.task.utils [-] Waiting for resource s_rally_ed3e6ffe_AAeNiJv0. Status changed: QUEUED => ACTIVE in 0.0514509677887
2020-04-09 02:42:00.169 975 INFO rally.task.runner [-] Task 31359bf2-e3e5-4e27-b908-502db2d5d036 | ITER: 3 END: OK
2020-04-09 02:42:00.173 975 INFO rally.task.runner [-] Task 31359bf2-e3e5-4e27-b908-502db2d5d036 | ITER: 7 START
2020-04-09 02:42:00.178 976 INFO rally.task.runner [-] Task 31359bf2-e3e5-4e27-b908-502db2d5d036 | ITER: 4 END: OK
2020-04-09 02:42:00.183 976 INFO rally.task.runner [-] Task 31359bf2-e3e5-4e27-b908-502db2d5d036 | ITER: 8 START
2020-04-09 02:42:02.530 973 RALLYDEBUG rally.task.utils [-] Waiting for resource u'45467797-8512-4bb6-afb4-437adac499c1'. Status changed: NONE => QUEUED in 0.0807981491089
2020-04-09 02:42:02.609 974 RALLYDEBUG rally.task.utils [-] Waiting for resource u'bdd18375-1c0c-47ee-aea4-613a2b120acd'. Status changed: NONE => QUEUED in 0.0802669525146
2020-04-09 02:42:02.812 975 RALLYDEBUG rally.task.utils [-] Waiting for resource u'5044a560-b1d2-4d24-9b2a-d0ab41167cd1'. Status changed: NONE => QUEUED in 0.0943210124969
2020-04-09 02:42:02.822 976 RALLYDEBUG rally.task.utils [-] Waiting for resource u'5d01b623-9c32-4e39-b013-a7391427dd53'. Status changed: NONE => QUEUED in 0.0879118442535
2020-04-09 02:42:03.803 974 RALLYDEBUG rally.task.utils [-] Waiting for resource s_rally_ed3e6ffe_yMshcrbC. Status changed: QUEUED => ACTIVE in 0.0592119693756
2020-04-09 02:42:03.811 973 RALLYDEBUG rally.task.utils [-] Waiting for resource s_rally_ed3e6ffe_XJ2mQZjH. Status changed: QUEUED => ACTIVE in 0.0510189533234
2020-04-09 02:42:04.000 974 INFO rally.task.runner [-] Task 31359bf2-e3e5-4e27-b908-502db2d5d036 | ITER: 6 END: OK
2020-04-09 02:42:04.002 973 INFO rally.task.runner [-] Task 31359bf2-e3e5-4e27-b908-502db2d5d036 | ITER: 5 END: OK
2020-04-09 02:42:04.004 974 INFO rally.task.runner [-] Task 31359bf2-e3e5-4e27-b908-502db2d5d036 | ITER: 9 START
2020-04-09 02:42:04.006 973 INFO rally.task.runner [-] Task 31359bf2-e3e5-4e27-b908-502db2d5d036 | ITER: 10 START
2020-04-09 02:42:04.336 976 RALLYDEBUG rally.task.utils [-] Waiting for resource s_rally_ed3e6ffe_8xXI6AxE. Status changed: QUEUED => ACTIVE in 0.0597829818726
2020-04-09 02:42:04.344 975 RALLYDEBUG rally.task.utils [-] Waiting for resource s_rally_ed3e6ffe_KSnBQs37. Status changed: QUEUED => ACTIVE in 0.0491840839386
2020-04-09 02:42:04.440 976 INFO rally.task.runner [-] Task 31359bf2-e3e5-4e27-b908-502db2d5d036 | ITER: 8 END: OK
2020-04-09 02:42:04.446 975 INFO rally.task.runner [-] Task 31359bf2-e3e5-4e27-b908-502db2d5d036 | ITER: 7 END: OK
2020-04-09 02:42:06.623 974 RALLYDEBUG rally.task.utils [-] Waiting for resource u'184f4e24-4267-4c52-bdfe-0850dcdf5676'. Status changed: NONE => QUEUED in 0.0699288845062
2020-04-09 02:42:07.090 973 RALLYDEBUG rally.task.utils [-] Waiting for resource u'942219ba-c4a7-42c7-afe2-22cb255a8f97'. Status changed: NONE => QUEUED in 0.0722041130066
2020-04-09 02:42:07.594 974 RALLYDEBUG rally.task.utils [-] Waiting for resource s_rally_ed3e6ffe_LOR43St2. Status changed: QUEUED => ACTIVE in 0.0449271202087
2020-04-09 02:42:07.671 974 INFO rally.task.runner [-] Task 31359bf2-e3e5-4e27-b908-502db2d5d036 | ITER: 9 END: OK
2020-04-09 02:42:08.054 973 RALLYDEBUG rally.task.utils [-] Waiting for resource s_rally_ed3e6ffe_zntf8YWd. Status changed: QUEUED => ACTIVE in 0.0453760623932
2020-04-09 02:42:08.125 973 INFO rally.task.runner [-] Task 31359bf2-e3e5-4e27-b908-502db2d5d036 | ITER: 10 END: OK
2020-04-09 02:42:08.146 725 INFO rally.task.context [-] Task 31359bf2-e3e5-4e27-b908-502db2d5d036 | Context cleanup@openstack cleanup() started
2020-04-09 02:42:08.149 725 RALLYDEBUG rally_openstack.cleanup.manager [-] Cleaning up glance images objects
2020-04-09 02:42:09.206 725 RALLYDEBUG rally_openstack.cleanup.manager [-] Deleting glance.images object s_rally_ed3e6ffe_LOR43St2 (184f4e24-4267-4c52-bdfe-0850dcdf5676)
2020-04-09 02:42:09.204 725 RALLYDEBUG rally_openstack.cleanup.manager [-] Deleting glance.images object s_rally_ed3e6ffe_AAeNiJv0 (b45e1e9b-3724-4be6-a441-8c4ba5cf5419)
2020-04-09 02:42:09.212 725 RALLYDEBUG rally_openstack.cleanup.manager [-] Deleting glance.images object s_rally_ed3e6ffe_yMshcrbC (bdd18375-1c0c-47ee-aea4-613a2b120acd)
2020-04-09 02:42:09.214 725 RALLYDEBUG rally_openstack.cleanup.manager [-] Deleting glance.images object s_rally_ed3e6ffe_8xXI6AxE (5d01b623-9c32-4e39-b013-a7391427dd53)
2020-04-09 02:42:09.214 725 RALLYDEBUG rally_openstack.cleanup.manager [-] Deleting glance.images object s_rally_ed3e6ffe_KSnBQs37 (5044a560-b1d2-4d24-9b2a-d0ab41167cd1)
2020-04-09 02:42:09.225 725 RALLYDEBUG rally_openstack.cleanup.manager [-] Deleting glance.images object s_rally_ed3e6ffe_v7ZsI7SN (f1e3d947-6250-437f-8455-605728afddbc)
2020-04-09 02:42:09.228 725 RALLYDEBUG rally_openstack.cleanup.manager [-] Deleting glance.images object s_rally_ed3e6ffe_zntf8YWd (942219ba-c4a7-42c7-afe2-22cb255a8f97)
2020-04-09 02:42:09.238 725 RALLYDEBUG rally_openstack.cleanup.manager [-] Deleting glance.images object s_rally_ed3e6ffe_XJ2mQZjH (45467797-8512-4bb6-afb4-437adac499c1)
2020-04-09 02:42:09.274 725 RALLYDEBUG rally_openstack.cleanup.manager [-] Deleting glance.images object s_rally_ed3e6ffe_lpe8HQFw (ef2528b4-76e5-47f8-a54c-d8180f5e26df)
2020-04-09 02:42:09.290 725 RALLYDEBUG rally_openstack.cleanup.manager [-] Deleting glance.images object s_rally_ed3e6ffe_jfTI5InO (c229564a-c55f-46a0-bf9d-304fa560b089)
2020-04-09 02:42:10.372 725 DEBUG glanceclient.common.http [-] Request returned failure status 404. _handle_response /usr/lib/python2.7/site-packages/glanceclient/common/http.py:125
2020-04-09 02:42:10.385 725 DEBUG glanceclient.common.http [-] Request returned failure status 404. _handle_response /usr/lib/python2.7/site-packages/glanceclient/common/http.py:125
2020-04-09 02:42:10.457 725 DEBUG glanceclient.common.http [-] Request returned failure status 404. _handle_response /usr/lib/python2.7/site-packages/glanceclient/common/http.py:125
2020-04-09 02:42:10.464 725 DEBUG glanceclient.common.http [-] Request returned failure status 404. _handle_response /usr/lib/python2.7/site-packages/glanceclient/common/http.py:125
2020-04-09 02:42:10.476 725 DEBUG glanceclient.common.http [-] Request returned failure status 404. _handle_response /usr/lib/python2.7/site-packages/glanceclient/common/http.py:125
2020-04-09 02:42:10.661 725 DEBUG glanceclient.common.http [-] Request returned failure status 404. _handle_response /usr/lib/python2.7/site-packages/glanceclient/common/http.py:125
2020-04-09 02:42:10.663 725 DEBUG glanceclient.common.http [-] Request returned failure status 404. _handle_response /usr/lib/python2.7/site-packages/glanceclient/common/http.py:125
2020-04-09 02:42:10.668 725 DEBUG glanceclient.common.http [-] Request returned failure status 404. _handle_response /usr/lib/python2.7/site-packages/glanceclient/common/http.py:125
2020-04-09 02:42:10.679 725 DEBUG glanceclient.common.http [-] Request returned failure status 404. _handle_response /usr/lib/python2.7/site-packages/glanceclient/common/http.py:125
2020-04-09 02:42:10.738 725 DEBUG glanceclient.common.http [-] Request returned failure status 404. _handle_response /usr/lib/python2.7/site-packages/glanceclient/common/http.py:125
2020-04-09 02:42:10.741 725 DEBUG glanceclient.common.http [-] Request returned failure status 404. _handle_response /usr/lib/python2.7/site-packages/glanceclient/common/http.py:125
2020-04-09 02:42:10.741 725 DEBUG glanceclient.common.http [-] Request returned failure status 404. _handle_response /usr/lib/python2.7/site-packages/glanceclient/common/http.py:125
2020-04-09 02:42:10.787 725 DEBUG glanceclient.common.http [-] Request returned failure status 404. _handle_response /usr/lib/python2.7/site-packages/glanceclient/common/http.py:125
2020-04-09 02:42:10.827 725 DEBUG glanceclient.common.http [-] Request returned failure status 404. _handle_response /usr/lib/python2.7/site-packages/glanceclient/common/http.py:125
2020-04-09 02:42:10.838 725 DEBUG glanceclient.common.http [-] Request returned failure status 404. _handle_response /usr/lib/python2.7/site-packages/glanceclient/common/http.py:125
2020-04-09 02:42:10.841 725 DEBUG glanceclient.common.http [-] Request returned failure status 404. _handle_response /usr/lib/python2.7/site-packages/glanceclient/common/http.py:125
2020-04-09 02:42:10.847 725 DEBUG glanceclient.common.http [-] Request returned failure status 404. _handle_response /usr/lib/python2.7/site-packages/glanceclient/common/http.py:125
2020-04-09 02:42:10.859 725 DEBUG glanceclient.common.http [-] Request returned failure status 404. _handle_response /usr/lib/python2.7/site-packages/glanceclient/common/http.py:125
2020-04-09 02:42:10.881 725 DEBUG glanceclient.common.http [-] Request returned failure status 404. _handle_response /usr/lib/python2.7/site-packages/glanceclient/common/http.py:125
2020-04-09 02:42:10.894 725 DEBUG glanceclient.common.http [-] Request returned failure status 404. _handle_response /usr/lib/python2.7/site-packages/glanceclient/common/http.py:125
2020-04-09 02:42:11.897 725 INFO rally.task.context [-] Task 31359bf2-e3e5-4e27-b908-502db2d5d036 | Context cleanup@openstack cleanup() finished in 3.75 sec
2020-04-09 02:42:11.898 725 INFO rally.task.context [-] Task 31359bf2-e3e5-4e27-b908-502db2d5d036 | Context users@openstack cleanup() started
2020-04-09 02:42:15.096 725 INFO rally.task.context [-] Task 31359bf2-e3e5-4e27-b908-502db2d5d036 | Context users@openstack cleanup() finished in 3.20 sec
2020-04-09 02:42:16.313 725 INFO rally.task.engine [-] Load duration is: 12.142727
2020-04-09 02:42:16.314 725 INFO rally.task.engine [-] Full runner duration is: 12.565521
2020-04-09 02:42:16.314 725 INFO rally.task.engine [-] Full duration is: 20.896486
2020-04-09 02:42:16.399 725 INFO rally.task.engine [-] Running workload: position = 0 config = { "version": 2, "title": "A cropped version of a bigger task.", "description": "Auto-generated task from a single workload (uuid=41aaf0c1-36a2-4e71-a0c1-87b3626c6eed)", "subtasks": [ { "title": "GlanceImages.list_images", "description": "List all images.", "scenario": { "GlanceImages.list_images": {} }, "contexts": { "users": { "tenants": 3, "users_per_tenant": 2 } }, "runner": { "constant": { "concurrency": 4, "times": 10 } }, "hooks": [], "sla": { "failure_rate": { "max": 0 } } } ] }
2020-04-09 02:42:16.411 725 RALLYDEBUG rally_openstack.contexts.keystone.users [-] Creating 3 tenants using 20 threads
2020-04-09 02:42:16.908 725 RALLYDEBUG rally_openstack.contexts.keystone.users [-] Creating 6 users using 20 threads
2020-04-09 02:42:17.686 725 INFO rally.task.context [-] Task 31359bf2-e3e5-4e27-b908-502db2d5d036 | Context users@openstack setup() finished in 1.27 sec
2020-04-09 02:42:17.695 725 RALLYDEBUG rally.task.runner [-] Starting the constant runner (task UUID: 31359bf2-e3e5-4e27-b908-502db2d5d036). timeout: 0 concurrency: 4 concurrency_per_worker: 1 times: 10 concurrency_overhead: 0 processes_to_start: 4 max_cpu_used: 88
2020-04-09 02:42:17.708 1097 RALLYDEBUG rally.task.runner [-] Starting a worker. concurrency: 1 args: {} times: 10 method_name: run timeout: 0 duration: None cls:
2020-04-09 02:42:17.710 1098 RALLYDEBUG rally.task.runner [-] Starting a worker. concurrency: 1 args: {} times: 10 method_name: run timeout: 0 duration: None cls:
2020-04-09 02:42:17.712 1099 RALLYDEBUG rally.task.runner [-] Starting a worker. concurrency: 1 args: {} times: 10 method_name: run timeout: 0 duration: None cls:
2020-04-09 02:42:17.715 1097 INFO rally.task.runner [-] Task 31359bf2-e3e5-4e27-b908-502db2d5d036 | ITER: 1 START
2020-04-09 02:42:17.715 1100 RALLYDEBUG rally.task.runner [-] Starting a worker. concurrency: 1 args: {} times: 10 method_name: run timeout: 0 duration: None cls:
2020-04-09 02:42:17.717 1098 INFO rally.task.runner [-] Task 31359bf2-e3e5-4e27-b908-502db2d5d036 | ITER: 2 START
2020-04-09 02:42:17.719 1099 INFO rally.task.runner [-] Task 31359bf2-e3e5-4e27-b908-502db2d5d036 | ITER: 3 START
2020-04-09 02:42:17.722 1100 INFO rally.task.runner [-] Task 31359bf2-e3e5-4e27-b908-502db2d5d036 | ITER: 4 START
2020-04-09 02:42:18.413 1097 INFO rally.task.runner [-] Task 31359bf2-e3e5-4e27-b908-502db2d5d036 | ITER: 1 END: OK
2020-04-09 02:42:18.417 1097 INFO rally.task.runner [-] Task 31359bf2-e3e5-4e27-b908-502db2d5d036 | ITER: 5 START
2020-04-09 02:42:18.440 1100 INFO rally.task.runner [-] Task 31359bf2-e3e5-4e27-b908-502db2d5d036 | ITER: 4 END: OK
2020-04-09 02:42:18.444 1100 INFO rally.task.runner [-] Task 31359bf2-e3e5-4e27-b908-502db2d5d036 | ITER: 6 START
2020-04-09 02:42:18.460 1098 INFO rally.task.runner [-] Task 31359bf2-e3e5-4e27-b908-502db2d5d036 | ITER: 2 END: OK
2020-04-09 02:42:18.464 1098 INFO rally.task.runner [-] Task 31359bf2-e3e5-4e27-b908-502db2d5d036 | ITER: 7 START
2020-04-09 02:42:18.596 1099 INFO rally.task.runner [-] Task 31359bf2-e3e5-4e27-b908-502db2d5d036 | ITER: 3 END: OK
2020-04-09 02:42:18.601 1099 INFO rally.task.runner [-] Task 31359bf2-e3e5-4e27-b908-502db2d5d036 | ITER: 8 START
2020-04-09 02:42:18.816 1100 INFO rally.task.runner [-] Task 31359bf2-e3e5-4e27-b908-502db2d5d036 | ITER: 6 END: OK
2020-04-09 02:42:18.821 1100 INFO rally.task.runner [-] Task 31359bf2-e3e5-4e27-b908-502db2d5d036 | ITER: 9 START
2020-04-09 02:42:18.849 1097 INFO rally.task.runner [-] Task 31359bf2-e3e5-4e27-b908-502db2d5d036 | ITER: 5 END: OK
2020-04-09 02:42:18.853 1097 INFO rally.task.runner [-] Task 31359bf2-e3e5-4e27-b908-502db2d5d036 | ITER: 10 START
2020-04-09 02:42:19.184 1099 INFO rally.task.runner [-] Task 31359bf2-e3e5-4e27-b908-502db2d5d036 | ITER: 8 END: OK
2020-04-09 02:42:19.230 1098 INFO rally.task.runner [-] Task 31359bf2-e3e5-4e27-b908-502db2d5d036 | ITER: 7 END: OK
2020-04-09 02:42:19.247 1097 INFO rally.task.runner [-] Task 31359bf2-e3e5-4e27-b908-502db2d5d036 | ITER: 10 END: OK
2020-04-09 02:42:19.301 1100 INFO rally.task.runner [-] Task 31359bf2-e3e5-4e27-b908-502db2d5d036 | ITER: 9 END: OK
2020-04-09 02:42:19.328 725 INFO rally.task.context [-] Task 31359bf2-e3e5-4e27-b908-502db2d5d036 | Context users@openstack cleanup() started
2020-04-09 02:42:22.967 725 INFO rally.task.context [-] Task 31359bf2-e3e5-4e27-b908-502db2d5d036 | Context users@openstack cleanup() finished in 3.64 sec
2020-04-09 02:42:24.465 725 INFO rally.task.engine [-] Load duration is: 1.214736
2020-04-09 02:42:24.466 725 INFO rally.task.engine [-] Full runner duration is: 1.633253
2020-04-09 02:42:24.466 725 INFO rally.task.engine [-] Full duration is: 6.557008
2020-04-09 02:42:24.548 725 INFO rally.task.engine [-] Running workload: position = 0 config = { "version": 2, "title": "A cropped version of a bigger task.", "description": "Auto-generated task from a single workload (uuid=1ae4cf41-b309-454d-9c01-592108e7cd97)", "subtasks": [ { "title": "GlanceImages.create_image_and_boot_instances", "description": "Create an image and boot several instances from it.", "scenario": { "GlanceImages.create_image_and_boot_instances": { "container_format": "bare", "disk_format": "qcow2", "image_location": "/home/opnfv/functest/images/cirros-0.4.0-x86_64-disk.img", "flavor": { "name": "rally_full-flavor_6252850b-5303-413f-acf3-3ffbcddee9c2" }, "number_instances": 2, "boot_server_kwargs": { "nics": [ { "net-id": "d16d435a-acc9-4712-82fd-c069d6cae155" } ] } } }, "contexts": { "users": { "tenants": 3, "users_per_tenant": 2 }, "quotas": { "nova": { "cores": -1, "floating_ips": -1, "instances": -1, "ram": -1, "security_group_rules": -1, "security_groups": -1 } } }, "runner": { "constant": { "concurrency": 4, "times": 10 } }, "hooks": [], "sla": { "failure_rate": { "max": 0 } } } ] }
2020-04-09 02:42:24.561 725 RALLYDEBUG rally_openstack.contexts.keystone.users [-] Creating 3 tenants using 20 threads
2020-04-09 02:42:24.983 725 RALLYDEBUG rally_openstack.contexts.keystone.users [-] Creating 6 users using 20 threads
2020-04-09 02:42:25.785 725 INFO rally.task.context [-] Task 31359bf2-e3e5-4e27-b908-502db2d5d036 | Context users@openstack setup() finished in 1.22 sec
2020-04-09 02:42:25.927 725 DEBUG novaclient.v2.client [-] REQ: curl -g -i -X PUT http://compute-airship.intel-pod17.opnfv.org/v2.1/os-quota-sets/bec78c1f23b34e44b53e430d49095e35 -H "Accept: application/json" -H "Content-Type: application/json" -H "User-Agent: python-novaclient" -H "X-Auth-Token: {SHA1}8ec5809333087a5951728223f8784d76e2fffe9d" -d '{"quota_set": {"ram": -1, "floating_ips": -1, "security_group_rules": -1, "instances": -1, "cores": -1, "security_groups": -1}}' _http_log_request /usr/lib/python2.7/site-packages/keystoneauth1/session.py:448
2020-04-09 02:42:26.176 725 DEBUG novaclient.v2.client [-] RESP: [200] Connection: keep-alive Content-Encoding: gzip Content-Type: application/json Date: Thu, 09 Apr 2020 02:42:26 GMT Openstack-Api-Version: compute 2.1 Transfer-Encoding: chunked Vary: Accept-Encoding, OpenStack-API-Version, X-OpenStack-Nova-API-Version X-Compute-Request-Id: req-bd488624-1cc6-44bc-b230-68176e0011b7 X-Openstack-Nova-Api-Version: 2.1 _http_log_response /usr/lib/python2.7/site-packages/keystoneauth1/session.py:479
2020-04-09 02:42:26.177 725 DEBUG novaclient.v2.client [-] RESP BODY: {"quota_set": {"injected_file_content_bytes": 10240, "metadata_items": 128, "server_group_members": 10, "server_groups": 10, "ram": -1, "floating_ips": -1, "key_pairs": 100, "instances": -1, "security_group_rules": -1, "injected_files": 5, "cores": -1, "fixed_ips": -1, "injected_file_path_bytes": 255, "security_groups": -1}} _http_log_response /usr/lib/python2.7/site-packages/keystoneauth1/session.py:511
2020-04-09 02:42:26.177 725 DEBUG novaclient.v2.client [-] PUT call to compute for http://compute-airship.intel-pod17.opnfv.org/v2.1/os-quota-sets/bec78c1f23b34e44b53e430d49095e35 used request id req-bd488624-1cc6-44bc-b230-68176e0011b7 request /usr/lib/python2.7/site-packages/keystoneauth1/session.py:844
2020-04-09 02:42:26.180 725 DEBUG novaclient.v2.client [-] REQ: curl -g -i -X PUT http://compute-airship.intel-pod17.opnfv.org/v2.1/os-quota-sets/7b47c5e63f4d44b3a2cc9723e1ab11d1 -H "Accept: application/json" -H "Content-Type: application/json" -H "User-Agent: python-novaclient" -H "X-Auth-Token: {SHA1}8ec5809333087a5951728223f8784d76e2fffe9d" -d '{"quota_set": {"ram": -1, "floating_ips": -1, "security_group_rules": -1, "instances": -1, "cores": -1, "security_groups": -1}}' _http_log_request /usr/lib/python2.7/site-packages/keystoneauth1/session.py:448
2020-04-09 02:42:26.304 725 DEBUG novaclient.v2.client [-] RESP: [200] Connection: keep-alive Content-Encoding: gzip Content-Type: application/json Date: Thu, 09 Apr 2020 02:42:26 GMT Openstack-Api-Version: compute 2.1 Transfer-Encoding: chunked Vary: Accept-Encoding, OpenStack-API-Version, X-OpenStack-Nova-API-Version X-Compute-Request-Id: req-8afa115c-dcac-447a-9c97-e550b6b93b34 X-Openstack-Nova-Api-Version: 2.1 _http_log_response /usr/lib/python2.7/site-packages/keystoneauth1/session.py:479
2020-04-09 02:42:26.305 725 DEBUG novaclient.v2.client [-] RESP BODY: {"quota_set": {"injected_file_content_bytes": 10240, "metadata_items": 128, "server_group_members": 10, "server_groups": 10, "ram": -1, "floating_ips": -1, "key_pairs": 100, "instances": -1, "security_group_rules": -1, "injected_files": 5, "cores": -1, "fixed_ips": -1, "injected_file_path_bytes": 255, "security_groups": -1}} _http_log_response /usr/lib/python2.7/site-packages/keystoneauth1/session.py:511
2020-04-09 02:42:26.305 725 DEBUG novaclient.v2.client [-] PUT call to compute for http://compute-airship.intel-pod17.opnfv.org/v2.1/os-quota-sets/7b47c5e63f4d44b3a2cc9723e1ab11d1 used request id req-8afa115c-dcac-447a-9c97-e550b6b93b34 request /usr/lib/python2.7/site-packages/keystoneauth1/session.py:844
2020-04-09 02:42:26.307 725 DEBUG novaclient.v2.client [-] REQ: curl -g -i -X PUT http://compute-airship.intel-pod17.opnfv.org/v2.1/os-quota-sets/29b1953cdcc74e19b734aaa11cce1112 -H "Accept: application/json" -H "Content-Type: application/json" -H "User-Agent: python-novaclient" -H "X-Auth-Token: {SHA1}8ec5809333087a5951728223f8784d76e2fffe9d" -d '{"quota_set": {"ram": -1, "floating_ips": -1, "security_group_rules": -1, "instances": -1, "cores": -1, "security_groups": -1}}' _http_log_request /usr/lib/python2.7/site-packages/keystoneauth1/session.py:448
2020-04-09 02:42:26.442 725 DEBUG novaclient.v2.client [-] RESP: [200] Connection: keep-alive Content-Encoding: gzip Content-Type: application/json Date: Thu, 09 Apr 2020 02:42:26 GMT Openstack-Api-Version: compute 2.1 Transfer-Encoding: chunked Vary: Accept-Encoding, OpenStack-API-Version, X-OpenStack-Nova-API-Version X-Compute-Request-Id: req-7564f109-9a40-4741-8f0c-fc3d211d927d X-Openstack-Nova-Api-Version: 2.1 _http_log_response /usr/lib/python2.7/site-packages/keystoneauth1/session.py:479
2020-04-09 02:42:26.443 725 DEBUG novaclient.v2.client [-] RESP BODY: {"quota_set": {"injected_file_content_bytes": 10240, "metadata_items": 128, "server_group_members": 10, "server_groups": 10, "ram": -1, "floating_ips": -1, "key_pairs": 100, "instances": -1, "security_group_rules": -1, "injected_files": 5, "cores": -1, "fixed_ips": -1, "injected_file_path_bytes": 255, "security_groups": -1}} _http_log_response /usr/lib/python2.7/site-packages/keystoneauth1/session.py:511
2020-04-09 02:42:26.443 725 DEBUG novaclient.v2.client [-] PUT call to compute for http://compute-airship.intel-pod17.opnfv.org/v2.1/os-quota-sets/29b1953cdcc74e19b734aaa11cce1112 used request id req-7564f109-9a40-4741-8f0c-fc3d211d927d request /usr/lib/python2.7/site-packages/keystoneauth1/session.py:844
2020-04-09 02:42:26.444 725 INFO rally.task.context [-] Task 31359bf2-e3e5-4e27-b908-502db2d5d036 | Context quotas@openstack setup() finished in 0.66 sec
2020-04-09 02:42:26.445 725 INFO rally.task.context [-] Task 31359bf2-e3e5-4e27-b908-502db2d5d036 | Context cleanup@openstack setup() finished in 0.02 msec
2020-04-09 02:42:26.546 725 DEBUG novaclient.v2.client [-] REQ: curl -g -i -X GET http://compute-airship.intel-pod17.opnfv.org/v2.1/flavors/detail -H "Accept: application/json" -H "User-Agent: python-novaclient" -H "X-Auth-Token: {SHA1}0985ffde70c3ec0b17bb418d543121689ee48a8a" _http_log_request /usr/lib/python2.7/site-packages/keystoneauth1/session.py:448
2020-04-09 02:42:26.761 725 DEBUG novaclient.v2.client [-] RESP: [200] Connection: keep-alive Content-Encoding: gzip Content-Type: application/json Date: Thu, 09 Apr 2020 02:42:26 GMT Openstack-Api-Version: compute 2.1 Transfer-Encoding: chunked Vary: Accept-Encoding, OpenStack-API-Version, X-OpenStack-Nova-API-Version X-Compute-Request-Id: req-ee0239e9-4593-47bf-a280-4be23d106a72 X-Openstack-Nova-Api-Version: 2.1 _http_log_response /usr/lib/python2.7/site-packages/keystoneauth1/session.py:479
2020-04-09 02:42:26.762 725 DEBUG novaclient.v2.client [-] RESP BODY: {"flavors": [{"links": [{"href": "http://compute-airship.intel-pod17.opnfv.org/v2.1/flavors/27f86f78-9d55-4733-bbaa-62e67d1a17e9", "rel": "self"}, {"href": "http://compute-airship.intel-pod17.opnfv.org/flavors/27f86f78-9d55-4733-bbaa-62e67d1a17e9", "rel": "bookmark"}], "ram": 8192, "OS-FLV-DISABLED:disabled": false, "os-flavor-access:is_public": true, "rxtx_factor": 1.0, "disk": 80, "id": "27f86f78-9d55-4733-bbaa-62e67d1a17e9", "name": "m1.large", "vcpus": 4, "swap": "", "OS-FLV-EXT-DATA:ephemeral": 0}, {"links": [{"href": "http://compute-airship.intel-pod17.opnfv.org/v2.1/flavors/901e5142-220a-4624-b4b3-498a254b5cee", "rel": "self"}, {"href": "http://compute-airship.intel-pod17.opnfv.org/flavors/901e5142-220a-4624-b4b3-498a254b5cee", "rel": "bookmark"}], "ram": 1024, "OS-FLV-DISABLED:disabled": false, "os-flavor-access:is_public": true, "rxtx_factor": 1.0, "disk": 1, "id": "901e5142-220a-4624-b4b3-498a254b5cee", "name": "rally_full-flavor_alt_6252850b-5303-413f-acf3-3ffbcddee9c2", "vcpus": 1, "swap": "", "OS-FLV-EXT-DATA:ephemeral": 0}, {"links": [{"href": "http://compute-airship.intel-pod17.opnfv.org/v2.1/flavors/9b24c380-e9e7-4c58-90de-76428f4ecdab", "rel": "self"}, {"href": "http://compute-airship.intel-pod17.opnfv.org/flavors/9b24c380-e9e7-4c58-90de-76428f4ecdab", "rel": "bookmark"}], "ram": 16384, "OS-FLV-DISABLED:disabled": false, "os-flavor-access:is_public": true, "rxtx_factor": 1.0, "disk": 160, "id": "9b24c380-e9e7-4c58-90de-76428f4ecdab", "name": "m1.xlarge", "vcpus": 8, "swap": "", "OS-FLV-EXT-DATA:ephemeral": 0}, {"links": [{"href": "http://compute-airship.intel-pod17.opnfv.org/v2.1/flavors/c6cba628-6c74-43b2-a9e6-1538747e9ef2", "rel": "self"}, {"href": "http://compute-airship.intel-pod17.opnfv.org/flavors/c6cba628-6c74-43b2-a9e6-1538747e9ef2", "rel": "bookmark"}], "ram": 4096, "OS-FLV-DISABLED:disabled": false, "os-flavor-access:is_public": true, "rxtx_factor": 1.0, "disk": 40, "id": "c6cba628-6c74-43b2-a9e6-1538747e9ef2", "name": "m1.medium", "vcpus": 2, "swap": "", "OS-FLV-EXT-DATA:ephemeral": 0}, {"links": [{"href": "http://compute-airship.intel-pod17.opnfv.org/v2.1/flavors/d8aa5b9c-d3de-473e-b650-fd24806ec137", "rel": "self"}, {"href": "http://compute-airship.intel-pod17.opnfv.org/flavors/d8aa5b9c-d3de-473e-b650-fd24806ec137", "rel": "bookmark"}], "ram": 2048, "OS-FLV-DISABLED:disabled": false, "os-flavor-access:is_public": true, "rxtx_factor": 1.0, "disk": 20, "id": "d8aa5b9c-d3de-473e-b650-fd24806ec137", "name": "m1.small", "vcpus": 1, "swap": "", "OS-FLV-EXT-DATA:ephemeral": 0}, {"links": [{"href": "http://compute-airship.intel-pod17.opnfv.org/v2.1/flavors/db3961f1-56c3-453f-bcf2-cb0cc2394543", "rel": "self"}, {"href": "http://compute-airship.intel-pod17.opnfv.org/flavors/db3961f1-56c3-453f-bcf2-cb0cc2394543", "rel": "bookmark"}], "ram": 512, "OS-FLV-DISABLED:disabled": false, "os-flavor-access:is_public": true, "rxtx_factor": 1.0, "disk": 1, "id": "db3961f1-56c3-453f-bcf2-cb0cc2394543", "name": "rally_full-flavor_6252850b-5303-413f-acf3-3ffbcddee9c2", "vcpus": 1, "swap": "", "OS-FLV-EXT-DATA:ephemeral": 0}, {"links": [{"href": "http://compute-airship.intel-pod17.opnfv.org/v2.1/flavors/f98deba6-95f0-429a-ba93-4d345b5b5726", "rel": "self"}, {"href": "http://compute-airship.intel-pod17.opnfv.org/flavors/f98deba6-95f0-429a-ba93-4d345b5b5726", "rel": "bookmark"}], "ram": 512, "OS-FLV-DISABLED:disabled": false, "os-flavor-access:is_public": true, "rxtx_factor": 1.0, "disk": 1, "id": "f98deba6-95f0-429a-ba93-4d345b5b5726", "name": "m1.tiny", "vcpus": 1, "swap": "", "OS-FLV-EXT-DATA:ephemeral": 0}]} _http_log_response /usr/lib/python2.7/site-packages/keystoneauth1/session.py:511
2020-04-09 02:42:26.762 725 DEBUG novaclient.v2.client [-] GET call to compute for http://compute-airship.intel-pod17.opnfv.org/v2.1/flavors/detail used request id req-ee0239e9-4593-47bf-a280-4be23d106a72 request /usr/lib/python2.7/site-packages/keystoneauth1/session.py:844
2020-04-09 02:42:26.765 725 RALLYDEBUG rally.task.runner [-] Starting the constant runner (task UUID: 31359bf2-e3e5-4e27-b908-502db2d5d036). timeout: 0 concurrency: 4 concurrency_per_worker: 1 times: 10 concurrency_overhead: 0 processes_to_start: 4 max_cpu_used: 88
2020-04-09 02:42:26.776 1201 RALLYDEBUG rally.task.runner [-] Starting a worker. concurrency: 1 args: {"container_format": "bare", "disk_format": "qcow2", "image_location": "/home/opnfv/functest/images/cirros-0.4.0-x86_64-disk.img", "flavor": "db3961f1-56c3-453f-bcf2-cb0cc2394543", "number_instances": 2, "boot_server_kwargs": {"nics": [{"net-id": "d16d435a-acc9-4712-82fd-c069d6cae155"}]}} times: 10 method_name: run timeout: 0 duration: None cls:
2020-04-09 02:42:26.779 1202 RALLYDEBUG rally.task.runner [-] Starting a worker. concurrency: 1 args: {"container_format": "bare", "disk_format": "qcow2", "image_location": "/home/opnfv/functest/images/cirros-0.4.0-x86_64-disk.img", "flavor": "db3961f1-56c3-453f-bcf2-cb0cc2394543", "number_instances": 2, "boot_server_kwargs": {"nics": [{"net-id": "d16d435a-acc9-4712-82fd-c069d6cae155"}]}} times: 10 method_name: run timeout: 0 duration: None cls:
2020-04-09 02:42:26.782 1203 RALLYDEBUG rally.task.runner [-] Starting a worker. concurrency: 1 args: {"container_format": "bare", "disk_format": "qcow2", "image_location": "/home/opnfv/functest/images/cirros-0.4.0-x86_64-disk.img", "flavor": "db3961f1-56c3-453f-bcf2-cb0cc2394543", "number_instances": 2, "boot_server_kwargs": {"nics": [{"net-id": "d16d435a-acc9-4712-82fd-c069d6cae155"}]}} times: 10 method_name: run timeout: 0 duration: None cls:
2020-04-09 02:42:26.785 1201 INFO rally.task.runner [-] Task 31359bf2-e3e5-4e27-b908-502db2d5d036 | ITER: 1 START
2020-04-09 02:42:26.785 1204 RALLYDEBUG rally.task.runner [-] Starting a worker. concurrency: 1 args: {"container_format": "bare", "disk_format": "qcow2", "image_location": "/home/opnfv/functest/images/cirros-0.4.0-x86_64-disk.img", "flavor": "db3961f1-56c3-453f-bcf2-cb0cc2394543", "number_instances": 2, "boot_server_kwargs": {"nics": [{"net-id": "d16d435a-acc9-4712-82fd-c069d6cae155"}]}} times: 10 method_name: run timeout: 0 duration: None cls:
2020-04-09 02:42:26.788 1202 INFO rally.task.runner [-] Task 31359bf2-e3e5-4e27-b908-502db2d5d036 | ITER: 2 START
2020-04-09 02:42:26.790 1203 INFO rally.task.runner [-] Task 31359bf2-e3e5-4e27-b908-502db2d5d036 | ITER: 3 START
2020-04-09 02:42:26.793 1204 INFO rally.task.runner [-] Task 31359bf2-e3e5-4e27-b908-502db2d5d036 | ITER: 4 START
2020-04-09 02:42:29.621 1203 RALLYDEBUG rally.task.utils [-] Waiting for resource u'5d298e8d-0d3b-4392-b428-d3f2f567bcf3'. Status changed: NONE => QUEUED in 0.132435083389
2020-04-09 02:42:29.622 1201 RALLYDEBUG rally.task.utils [-] Waiting for resource u'ddfb5973-367f-4245-a74a-13ec02b299fc'. Status changed: NONE => QUEUED in 0.141491174698
2020-04-09 02:42:29.669 1202 RALLYDEBUG rally.task.utils [-] Waiting for resource u'f17d5de8-8a31-429b-831a-7465cbdac659'. Status changed: NONE => QUEUED in 0.154692173004
2020-04-09 02:42:29.690 1204 RALLYDEBUG rally.task.utils [-] Waiting for resource u'98f5d7e6-fc94-4b94-98c4-2615fe5c531d'. Status changed: NONE => QUEUED in 0.116035938263
2020-04-09 02:42:30.811 1204 RALLYDEBUG rally.task.utils [-] Waiting for resource s_rally_1ae4cf41_TaFImc9v. Status changed: QUEUED => ACTIVE in 0.0471029281616
2020-04-09 02:42:30.818 1204 DEBUG novaclient.v2.client [-] REQ: curl -g -i -X POST http://compute-airship.intel-pod17.opnfv.org/v2.1/servers -H "Accept: application/json" -H "Content-Type: application/json" -H "User-Agent: python-novaclient" -H "X-Auth-Token: {SHA1}2fe0442322f598e0c8e0003566916765144fb588" -d '{"server": {"name": "s_rally_1ae4cf41_PpqwbUFw_0", "imageRef": "98f5d7e6-fc94-4b94-98c4-2615fe5c531d", "flavorRef": "db3961f1-56c3-453f-bcf2-cb0cc2394543", "max_count": 1, "min_count": 1, "networks": [{"uuid": "d16d435a-acc9-4712-82fd-c069d6cae155"}]}}' _http_log_request /usr/lib/python2.7/site-packages/keystoneauth1/session.py:448
2020-04-09 02:42:31.362 1201 RALLYDEBUG rally.task.utils [-] Waiting for resource s_rally_1ae4cf41_PkjtLDsR. Status changed: QUEUED => ACTIVE in 0.0892910957336
2020-04-09 02:42:31.367 1203 RALLYDEBUG rally.task.utils [-] Waiting for resource s_rally_1ae4cf41_lYg4iAzv. Status changed: QUEUED => ACTIVE in 0.0912549495697
2020-04-09 02:42:31.369 1202 RALLYDEBUG rally.task.utils [-] Waiting for resource s_rally_1ae4cf41_cFg0qVir. Status changed: QUEUED => ACTIVE in 0.0724010467529
2020-04-09 02:42:31.369 1201 DEBUG novaclient.v2.client [-] REQ: curl -g -i -X POST http://compute-airship.intel-pod17.opnfv.org/v2.1/servers -H "Accept: application/json" -H "Content-Type: application/json" -H "User-Agent: python-novaclient" -H "X-Auth-Token: {SHA1}758158e1099455c5e42673ad98e2dd3f2c6fb27a" -d '{"server": {"name": "s_rally_1ae4cf41_6zXjKdQz_0", "imageRef": "ddfb5973-367f-4245-a74a-13ec02b299fc", "flavorRef": "db3961f1-56c3-453f-bcf2-cb0cc2394543", "max_count": 1, "min_count": 1, "networks": [{"uuid": "d16d435a-acc9-4712-82fd-c069d6cae155"}]}}' _http_log_request /usr/lib/python2.7/site-packages/keystoneauth1/session.py:448
2020-04-09 02:42:31.375 1203 DEBUG novaclient.v2.client [-] REQ: curl -g -i -X POST http://compute-airship.intel-pod17.opnfv.org/v2.1/servers -H "Accept: application/json" -H "Content-Type: application/json" -H "User-Agent: python-novaclient" -H "X-Auth-Token: {SHA1}0e5d8c9482bde5cb810a0a951ddefcb7e15a87ef" -d '{"server": {"name": "s_rally_1ae4cf41_5A4y5NgI_0", "imageRef": "5d298e8d-0d3b-4392-b428-d3f2f567bcf3", "flavorRef": "db3961f1-56c3-453f-bcf2-cb0cc2394543", "max_count": 1, "min_count": 1, "networks": [{"uuid": "d16d435a-acc9-4712-82fd-c069d6cae155"}]}}' _http_log_request /usr/lib/python2.7/site-packages/keystoneauth1/session.py:448
2020-04-09 02:42:31.376 1202 DEBUG novaclient.v2.client [-] REQ: curl -g -i -X POST http://compute-airship.intel-pod17.opnfv.org/v2.1/servers -H "Accept: application/json" -H "Content-Type: application/json" -H "User-Agent: python-novaclient" -H "X-Auth-Token: {SHA1}6591d20ce5f50d4005c6a64fdd8a0071b900b369" -d '{"server": {"name": "s_rally_1ae4cf41_hhwxgcKF_0", "imageRef": "f17d5de8-8a31-429b-831a-7465cbdac659", "flavorRef": "db3961f1-56c3-453f-bcf2-cb0cc2394543", "max_count": 1, "min_count": 1, "networks": [{"uuid": "d16d435a-acc9-4712-82fd-c069d6cae155"}]}}' _http_log_request /usr/lib/python2.7/site-packages/keystoneauth1/session.py:448
2020-04-09 02:42:31.639 1204 DEBUG novaclient.v2.client [-] RESP: [202] Connection: keep-alive Content-Length: 416 Content-Type: application/json Date: Thu, 09 Apr 2020 02:42:31 GMT Location: http://compute-airship.intel-pod17.opnfv.org/v2.1/servers/e64438b5-faa6-4e2a-9ab1-622f7022e552 Openstack-Api-Version: compute 2.1 Vary: OpenStack-API-Version, X-OpenStack-Nova-API-Version X-Compute-Request-Id: req-a0f4c0a1-c9f0-4633-b7b5-b00fa8474978 X-Openstack-Nova-Api-Version: 2.1 _http_log_response /usr/lib/python2.7/site-packages/keystoneauth1/session.py:479
2020-04-09 02:42:31.639 1204 DEBUG novaclient.v2.client [-] RESP BODY: {"server": {"security_groups": [{"name": "default"}], "OS-DCF:diskConfig": "MANUAL", "id": "e64438b5-faa6-4e2a-9ab1-622f7022e552", "links": [{"href": "http://compute-airship.intel-pod17.opnfv.org/v2.1/servers/e64438b5-faa6-4e2a-9ab1-622f7022e552", "rel": "self"}, {"href": "http://compute-airship.intel-pod17.opnfv.org/servers/e64438b5-faa6-4e2a-9ab1-622f7022e552", "rel": "bookmark"}], "adminPass": "Vz5jAyreF84S"}} _http_log_response /usr/lib/python2.7/site-packages/keystoneauth1/session.py:511
2020-04-09 02:42:31.640 1204 DEBUG novaclient.v2.client [-] POST call to compute for http://compute-airship.intel-pod17.opnfv.org/v2.1/servers used request id req-a0f4c0a1-c9f0-4633-b7b5-b00fa8474978 request /usr/lib/python2.7/site-packages/keystoneauth1/session.py:844
2020-04-09 02:42:31.642 1204 DEBUG novaclient.v2.client [-] REQ: curl -g -i -X POST http://compute-airship.intel-pod17.opnfv.org/v2.1/servers -H "Accept: application/json" -H "Content-Type: application/json" -H "User-Agent: python-novaclient" -H "X-Auth-Token: {SHA1}2fe0442322f598e0c8e0003566916765144fb588" -d '{"server": {"name": "s_rally_1ae4cf41_PpqwbUFw_1", "imageRef": "98f5d7e6-fc94-4b94-98c4-2615fe5c531d", "flavorRef": "db3961f1-56c3-453f-bcf2-cb0cc2394543", "max_count": 1, "min_count": 1, "networks": [{"uuid": "d16d435a-acc9-4712-82fd-c069d6cae155"}]}}' _http_log_request /usr/lib/python2.7/site-packages/keystoneauth1/session.py:448
2020-04-09 02:42:32.217 1201 DEBUG novaclient.v2.client [-] RESP: [202] Connection: keep-alive Content-Length: 416 Content-Type: application/json Date: Thu, 09 Apr 2020 02:42:32 GMT Location: http://compute-airship.intel-pod17.opnfv.org/v2.1/servers/1ed96d2b-2a03-4901-a30c-20f6586afcf4 Openstack-Api-Version: compute 2.1 Vary: OpenStack-API-Version, X-OpenStack-Nova-API-Version X-Compute-Request-Id: req-8f49ccd9-18de-4cfa-9413-0a7bfd16b350 X-Openstack-Nova-Api-Version: 2.1 _http_log_response /usr/lib/python2.7/site-packages/keystoneauth1/session.py:479
2020-04-09 02:42:32.218 1201 DEBUG novaclient.v2.client [-] RESP BODY: {"server": {"security_groups": [{"name": "default"}], "OS-DCF:diskConfig": "MANUAL", "id": "1ed96d2b-2a03-4901-a30c-20f6586afcf4", "links": [{"href": "http://compute-airship.intel-pod17.opnfv.org/v2.1/servers/1ed96d2b-2a03-4901-a30c-20f6586afcf4", "rel": "self"}, {"href": "http://compute-airship.intel-pod17.opnfv.org/servers/1ed96d2b-2a03-4901-a30c-20f6586afcf4", "rel": "bookmark"}], "adminPass": "U22vLFduXzNf"}} _http_log_response /usr/lib/python2.7/site-packages/keystoneauth1/session.py:511
2020-04-09 02:42:32.218 1201 DEBUG novaclient.v2.client [-] POST call to compute for http://compute-airship.intel-pod17.opnfv.org/v2.1/servers used request id req-8f49ccd9-18de-4cfa-9413-0a7bfd16b350 request /usr/lib/python2.7/site-packages/keystoneauth1/session.py:844
2020-04-09 02:42:32.220 1201 DEBUG novaclient.v2.client [-] REQ: curl -g -i -X POST http://compute-airship.intel-pod17.opnfv.org/v2.1/servers -H "Accept: application/json" -H "Content-Type: application/json" -H "User-Agent: python-novaclient" -H "X-Auth-Token: {SHA1}758158e1099455c5e42673ad98e2dd3f2c6fb27a" -d '{"server": {"name": "s_rally_1ae4cf41_6zXjKdQz_1", "imageRef": "ddfb5973-367f-4245-a74a-13ec02b299fc", "flavorRef": "db3961f1-56c3-453f-bcf2-cb0cc2394543", "max_count": 1, "min_count": 1, "networks": [{"uuid": "d16d435a-acc9-4712-82fd-c069d6cae155"}]}}' _http_log_request /usr/lib/python2.7/site-packages/keystoneauth1/session.py:448
2020-04-09 02:42:32.241 1204 DEBUG novaclient.v2.client [-] RESP: [202] Connection: keep-alive Content-Length: 416 Content-Type: application/json Date: Thu, 09 Apr 2020 02:42:32 GMT Location: http://compute-airship.intel-pod17.opnfv.org/v2.1/servers/f2499aea-e596-440f-8a18-8f3b2367a9ff Openstack-Api-Version: compute 2.1 Vary: OpenStack-API-Version, X-OpenStack-Nova-API-Version X-Compute-Request-Id: req-7530a02b-d577-4255-91e4-d38225ef4ccd X-Openstack-Nova-Api-Version: 2.1 _http_log_response /usr/lib/python2.7/site-packages/keystoneauth1/session.py:479
2020-04-09 02:42:32.242 1204 DEBUG novaclient.v2.client [-] RESP BODY: {"server": {"security_groups": [{"name": "default"}], "OS-DCF:diskConfig": "MANUAL", "id": "f2499aea-e596-440f-8a18-8f3b2367a9ff", "links": [{"href": "http://compute-airship.intel-pod17.opnfv.org/v2.1/servers/f2499aea-e596-440f-8a18-8f3b2367a9ff", "rel": "self"}, {"href": "http://compute-airship.intel-pod17.opnfv.org/servers/f2499aea-e596-440f-8a18-8f3b2367a9ff", "rel": "bookmark"}], "adminPass": "A6r4TsbaD2fy"}} _http_log_response /usr/lib/python2.7/site-packages/keystoneauth1/session.py:511
2020-04-09 02:42:32.242 1204 DEBUG novaclient.v2.client [-] POST call to compute for http://compute-airship.intel-pod17.opnfv.org/v2.1/servers used request id req-7530a02b-d577-4255-91e4-d38225ef4ccd request /usr/lib/python2.7/site-packages/keystoneauth1/session.py:844
2020-04-09 02:42:32.244 1204 DEBUG novaclient.v2.client [-] REQ: curl -g -i -X GET http://compute-airship.intel-pod17.opnfv.org/v2.1/servers/detail -H "Accept: application/json" -H "User-Agent: python-novaclient" -H "X-Auth-Token: {SHA1}2fe0442322f598e0c8e0003566916765144fb588" _http_log_request /usr/lib/python2.7/site-packages/keystoneauth1/session.py:448
2020-04-09 02:42:32.344 1203 DEBUG novaclient.v2.client [-] RESP: [202] Connection: keep-alive Content-Length: 416 Content-Type: application/json Date: Thu, 09 Apr 2020 02:42:32 GMT Location: http://compute-airship.intel-pod17.opnfv.org/v2.1/servers/be811e32-dc2a-48af-9731-01210a58bfca Openstack-Api-Version: compute 2.1 Vary: OpenStack-API-Version, X-OpenStack-Nova-API-Version X-Compute-Request-Id: req-aa75c178-4624-4a11-8e80-08997645531f X-Openstack-Nova-Api-Version: 2.1 _http_log_response /usr/lib/python2.7/site-packages/keystoneauth1/session.py:479
2020-04-09 02:42:32.344 1203 DEBUG novaclient.v2.client [-] RESP BODY: {"server": {"security_groups": [{"name": "default"}], "OS-DCF:diskConfig": "MANUAL", "id": "be811e32-dc2a-48af-9731-01210a58bfca", "links": [{"href": "http://compute-airship.intel-pod17.opnfv.org/v2.1/servers/be811e32-dc2a-48af-9731-01210a58bfca", "rel": "self"}, {"href": "http://compute-airship.intel-pod17.opnfv.org/servers/be811e32-dc2a-48af-9731-01210a58bfca", "rel": "bookmark"}], "adminPass": "bTF4QR4vYF6C"}} _http_log_response /usr/lib/python2.7/site-packages/keystoneauth1/session.py:511
2020-04-09 02:42:32.345 1203 DEBUG novaclient.v2.client [-] POST call to compute for http://compute-airship.intel-pod17.opnfv.org/v2.1/servers used request id req-aa75c178-4624-4a11-8e80-08997645531f request /usr/lib/python2.7/site-packages/keystoneauth1/session.py:844
2020-04-09 02:42:32.347 1203 DEBUG novaclient.v2.client [-] REQ: curl -g -i -X POST http://compute-airship.intel-pod17.opnfv.org/v2.1/servers -H "Accept: application/json" -H "Content-Type: application/json" -H "User-Agent: python-novaclient" -H "X-Auth-Token: {SHA1}0e5d8c9482bde5cb810a0a951ddefcb7e15a87ef" -d '{"server": {"name": "s_rally_1ae4cf41_5A4y5NgI_1", "imageRef": "5d298e8d-0d3b-4392-b428-d3f2f567bcf3", "flavorRef": "db3961f1-56c3-453f-bcf2-cb0cc2394543", "max_count": 1, "min_count": 1, "networks": [{"uuid": "d16d435a-acc9-4712-82fd-c069d6cae155"}]}}' _http_log_request /usr/lib/python2.7/site-packages/keystoneauth1/session.py:448
