2020-04-18 17:33:33.136 6 RALLYDEBUG rally.api [-] INFO logs from urllib3 and requests module are hide.
2020-04-18 17:33:33.137 6 RALLYDEBUG rally.api [-] urllib3 insecure warnings are hidden.
2020-04-18 17:33:33.137 6 RALLYDEBUG rally.api [-] ERROR log from boto module is hide.
2020-04-18 17:33:34.492 6 ERROR rally.cli.cliutils [-] Unexpected exception in CLI: DBRecordNotFound: Record for uuid or name is opnfv-rally not found in table envs
2020-04-18 17:33:34.492 6 ERROR rally.cli.cliutils
Traceback (most recent call last):
2020-04-18 17:33:34.492 6 ERROR rally.cli.cliutils
File "/usr/lib/python2.7/site-packages/rally/cli/cliutils.py", line 674, in run
2020-04-18 17:33:34.492 6 ERROR rally.cli.cliutils ret = fn(*fn_args, **fn_kwargs)
2020-04-18 17:33:34.492 6 ERROR rally.cli.cliutils File "", line 2, in destroy
2020-04-18 17:33:34.492 6 ERROR rally.cli.cliutils
File "/usr/lib/python2.7/site-packages/rally/cli/envutils.py", line 68, in default_from_global
2020-04-18 17:33:34.492 6 ERROR rally.cli.cliutils return f(*args, **kwargs)
2020-04-18 17:33:34.492 6 ERROR rally.cli.cliutils File "", line 2, in destroy
2020-04-18 17:33:34.492 6 ERROR rally.cli.cliutils
File "/usr/lib/python2.7/site-packages/rally/plugins/__init__.py", line 51, in ensure_plugins_are_loaded
2020-04-18 17:33:34.492 6 ERROR rally.cli.cliutils return f(*args, **kwargs)
2020-04-18 17:33:34.492 6 ERROR rally.cli.cliutils
File "/usr/lib/python2.7/site-packages/rally/cli/commands/deployment.py", line 157, in destroy
2020-04-18 17:33:34.492 6 ERROR rally.cli.cliutils api.deployment.destroy(deployment=deployment)
2020-04-18 17:33:34.492 6 ERROR rally.cli.cliutils
File "/usr/lib/python2.7/site-packages/rally/api.py", line 115, in destroy
2020-04-18 17:33:34.492 6 ERROR rally.cli.cliutils deploy = objects.Deployment.get(deployment)
2020-04-18 17:33:34.492 6 ERROR rally.cli.cliutils
File "/usr/lib/python2.7/site-packages/rally/common/objects/deploy.py", line 124, in get
2020-04-18 17:33:34.492 6 ERROR rally.cli.cliutils return Deployment(env_mgr.EnvManager.get(deploy))
2020-04-18 17:33:34.492 6 ERROR rally.cli.cliutils
File "/usr/lib/python2.7/site-packages/rally/env/env_mgr.py", line 212, in get
2020-04-18 17:33:34.492 6 ERROR rally.cli.cliutils return cls(db.env_get(uuid_or_name))
2020-04-18 17:33:34.492 6 ERROR rally.cli.cliutils
File "/usr/lib/python2.7/site-packages/rally/common/db/api.py", line 135, in wrapper
2020-04-18 17:33:34.492 6 ERROR rally.cli.cliutils result = f(session, *args, **kwargs)
2020-04-18 17:33:34.492 6 ERROR rally.cli.cliutils
File "/usr/lib/python2.7/site-packages/rally/common/db/api.py", line 521, in env_get
2020-04-18 17:33:34.492 6 ERROR rally.cli.cliutils criteria="uuid or name is %s" % uuid_or_name, table="envs")
2020-04-18 17:33:34.492 6 ERROR rally.cli.cliutils DBRecordNotFound: Record for uuid or name is opnfv-rally not found in table envs
2020-04-18 17:33:34.492 6 ERROR rally.cli.cliutils
2020-04-18 17:33:35.283 8 RALLYDEBUG rally.api [-] INFO logs from urllib3 and requests module are hide.
2020-04-18 17:33:35.283 8 RALLYDEBUG rally.api [-] urllib3 insecure warnings are hidden.
2020-04-18 17:33:35.283 8 RALLYDEBUG rally.api [-] ERROR log from boto module is hide.
2020-04-18 17:33:37.497 10 RALLYDEBUG rally.api [-] INFO logs from urllib3 and requests module are hide.
2020-04-18 17:33:37.497 10 RALLYDEBUG rally.api [-] urllib3 insecure warnings are hidden.
2020-04-18 17:33:37.497 10 RALLYDEBUG rally.api [-] ERROR log from boto module is hide.
2020-04-18 17:33:40.127 13 RALLYDEBUG rally.api [-] INFO logs from urllib3 and requests module are hide.
2020-04-18 17:33:40.127 13 RALLYDEBUG rally.api [-] urllib3 insecure warnings are hidden.
2020-04-18 17:33:40.127 13 RALLYDEBUG rally.api [-] ERROR log from boto module is hide.
2020-04-18 17:33:41.505 15 RALLYDEBUG rally.api [-] INFO logs from urllib3 and requests module are hide.
2020-04-18 17:33:41.505 15 RALLYDEBUG rally.api [-] urllib3 insecure warnings are hidden.
2020-04-18 17:33:41.505 15 RALLYDEBUG rally.api [-] ERROR log from boto module is hide.
2020-04-18 17:33:42.750 15 INFO rally.common.plugin.discover [-] Loading plugins from directories /root/.rally/plugins/*
2020-04-18 17:33:42.751 15 INFO rally.common.plugin.discover [-] Loaded module with plugins: /root/.rally/plugins/__init__.py
2020-04-18 17:33:42.753 15 INFO rally.common.plugin.discover [-] Loaded module with plugins: /root/.rally/plugins/trunk_scenario.py
2020-04-18 17:33:42.927 15 INFO rally.task.engine [-] Task fd07b408-f1ec-4d93-bc50-6178f3fbfffc | Starting: Task validation.
2020-04-18 17:33:42.940 15 INFO rally.task.engine [-] Task fd07b408-f1ec-4d93-bc50-6178f3fbfffc | Starting: Task validation of syntax.
2020-04-18 17:33:43.102 15 INFO rally.task.engine [-] Task fd07b408-f1ec-4d93-bc50-6178f3fbfffc | Completed: Task validation of syntax.
2020-04-18 17:33:43.102 15 INFO rally.task.engine [-] Task fd07b408-f1ec-4d93-bc50-6178f3fbfffc | Starting: Task validation of required platforms.
2020-04-18 17:33:43.174 15 INFO rally.task.engine [-] Task fd07b408-f1ec-4d93-bc50-6178f3fbfffc | Completed: Task validation of required platforms.
2020-04-18 17:33:43.174 15 INFO rally.task.engine [-] Task fd07b408-f1ec-4d93-bc50-6178f3fbfffc | Starting: Task validation of semantic.
2020-04-18 17:33:43.174 15 INFO rally.task.engine [-] Check health of the environment '6ba4b416-6a29-4535-a8d1-4bae7fb2dd7e'.
2020-04-18 17:33:43.611 15 INFO rally.task.engine [-] Platform existing@openstack (available: True): OK!
2020-04-18 17:33:43.620 15 RALLYDEBUG rally_openstack.contexts.keystone.users [-] Creating 1 tenants using 20 threads
2020-04-18 17:33:43.890 15 RALLYDEBUG rally_openstack.contexts.keystone.users [-] Creating 1 users using 20 threads
2020-04-18 17:33:44.331 15 INFO rally.task.context [-] Task fd07b408-f1ec-4d93-bc50-6178f3fbfffc | Context users@openstack setup() finished in 0.71 sec
2020-04-18 17:33:45.797 15 INFO rally.task.context [-] Task fd07b408-f1ec-4d93-bc50-6178f3fbfffc | Context users@openstack cleanup() started
2020-04-18 17:33:47.319 15 INFO rally.task.context [-] Task fd07b408-f1ec-4d93-bc50-6178f3fbfffc | Context users@openstack cleanup() finished in 1.52 sec
2020-04-18 17:33:47.320 15 INFO rally.task.engine [-] Task fd07b408-f1ec-4d93-bc50-6178f3fbfffc | Completed: Task validation of semantic.
2020-04-18 17:33:47.320 15 INFO rally.task.engine [-] Task fd07b408-f1ec-4d93-bc50-6178f3fbfffc | Completed: Task validation.
2020-04-18 17:33:47.320 15 INFO rally.api [-] Task fd07b408-f1ec-4d93-bc50-6178f3fbfffc input file is valid.
2020-04-18 17:33:47.320 15 INFO rally.api [-] Run Task fd07b408-f1ec-4d93-bc50-6178f3fbfffc against Deployment 6ba4b416-6a29-4535-a8d1-4bae7fb2dd7e
2020-04-18 17:33:47.321 15 INFO rally.task.engine [-] Task fd07b408-f1ec-4d93-bc50-6178f3fbfffc | Starting: Running task.
2020-04-18 17:33:47.367 15 INFO rally.task.engine [-] Running workload: position = 0 config = { "version": 2, "title": "A cropped version of a bigger task.", "description": "Auto-generated task from a single workload (uuid=f09e2b1b-1a3b-42b4-bf5d-6f35503e6e55)", "subtasks": [ { "title": "NeutronNetworks.create_and_list_networks", "description": "Check performance of list_networks action and ensure > network quotas are not exceeded", "scenario": { "NeutronNetworks.create_and_list_networks": {} }, "contexts": { "users": { "tenants": 1, "users_per_tenant": 1 }, "quotas": { "neutron": { "network": 119 } } }, "runner": { "constant": { "times": 100, "concurrency": 20 } }, "hooks": [], "sla": { "max_avg_duration_per_atomic": { "neutron.list_networks": 15 }, "failure_rate": { "max": 0 } } } ] }
2020-04-18 17:33:47.380 15 RALLYDEBUG rally_openstack.contexts.keystone.users [-] Creating 1 tenants using 20 threads
2020-04-18 17:33:47.712 15 RALLYDEBUG rally_openstack.contexts.keystone.users [-] Creating 1 users using 20 threads
2020-04-18 17:33:48.136 15 INFO rally.task.context [-] Task fd07b408-f1ec-4d93-bc50-6178f3fbfffc | Context users@openstack setup() finished in 0.76 sec
2020-04-18 17:33:48.510 15 INFO rally.task.context [-] Task fd07b408-f1ec-4d93-bc50-6178f3fbfffc | Context quotas@openstack setup() finished in 0.37 sec
2020-04-18 17:33:48.510 15 INFO rally.task.context [-] Task fd07b408-f1ec-4d93-bc50-6178f3fbfffc | Context cleanup@openstack setup() finished in 0.00 msec
2020-04-18 17:33:48.520 15 RALLYDEBUG rally.task.runner [-] Starting the constant runner (task UUID: fd07b408-f1ec-4d93-bc50-6178f3fbfffc). timeout: 0 concurrency: 20 concurrency_per_worker: 1 times: 100 concurrency_overhead: 0 processes_to_start: 20 max_cpu_used: 88
2020-04-18 17:33:48.532 139 RALLYDEBUG rally.task.runner [-] Starting a worker. concurrency: 1 args: {} times: 100 method_name: run timeout: 0 duration: None cls:
2020-04-18 17:33:48.535 140 RALLYDEBUG rally.task.runner [-] Starting a worker. concurrency: 1 args: {} times: 100 method_name: run timeout: 0 duration: None cls:
2020-04-18 17:33:48.537 139 INFO rally.task.runner [-] Task fd07b408-f1ec-4d93-bc50-6178f3fbfffc | ITER: 1 START
2020-04-18 17:33:48.537 141 RALLYDEBUG rally.task.runner [-] Starting a worker. concurrency: 1 args: {} times: 100 method_name: run timeout: 0 duration: None cls:
2020-04-18 17:33:48.540 142 RALLYDEBUG rally.task.runner [-] Starting a worker. concurrency: 1 args: {} times: 100 method_name: run timeout: 0 duration: None cls:
2020-04-18 17:33:48.540 140 INFO rally.task.runner [-] Task fd07b408-f1ec-4d93-bc50-6178f3fbfffc | ITER: 2 START
2020-04-18 17:33:48.542 141 INFO rally.task.runner [-] Task fd07b408-f1ec-4d93-bc50-6178f3fbfffc | ITER: 3 START
2020-04-18 17:33:48.542 145 RALLYDEBUG rally.task.runner [-] Starting a worker. concurrency: 1 args: {} times: 100 method_name: run timeout: 0 duration: None cls:
2020-04-18 17:33:48.545 142 INFO rally.task.runner [-] Task fd07b408-f1ec-4d93-bc50-6178f3fbfffc | ITER: 4 START
2020-04-18 17:33:48.545 147 RALLYDEBUG rally.task.runner [-] Starting a worker. concurrency: 1 args: {} times: 100 method_name: run timeout: 0 duration: None cls:
2020-04-18 17:33:48.547 145 INFO rally.task.runner [-] Task fd07b408-f1ec-4d93-bc50-6178f3fbfffc | ITER: 5 START
2020-04-18 17:33:48.547 151 RALLYDEBUG rally.task.runner [-] Starting a worker. concurrency: 1 args: {} times: 100 method_name: run timeout: 0 duration: None cls:
2020-04-18 17:33:48.550 147 INFO rally.task.runner [-] Task fd07b408-f1ec-4d93-bc50-6178f3fbfffc | ITER: 6 START
2020-04-18 17:33:48.550 154 RALLYDEBUG rally.task.runner [-] Starting a worker. concurrency: 1 args: {} times: 100 method_name: run timeout: 0 duration: None cls:
2020-04-18 17:33:48.552 151 INFO rally.task.runner [-] Task fd07b408-f1ec-4d93-bc50-6178f3fbfffc | ITER: 7 START
2020-04-18 17:33:48.553 157 RALLYDEBUG rally.task.runner [-] Starting a worker. concurrency: 1 args: {} times: 100 method_name: run timeout: 0 duration: None cls:
2020-04-18 17:33:48.555 154 INFO rally.task.runner [-] Task fd07b408-f1ec-4d93-bc50-6178f3fbfffc | ITER: 8 START
2020-04-18 17:33:48.555 160 RALLYDEBUG rally.task.runner [-] Starting a worker. concurrency: 1 args: {} times: 100 method_name: run timeout: 0 duration: None cls:
2020-04-18 17:33:48.558 157 INFO rally.task.runner [-] Task fd07b408-f1ec-4d93-bc50-6178f3fbfffc | ITER: 9 START
2020-04-18 17:33:48.558 163 RALLYDEBUG rally.task.runner [-] Starting a worker. concurrency: 1 args: {} times: 100 method_name: run timeout: 0 duration: None cls:
2020-04-18 17:33:48.559 166 RALLYDEBUG rally.task.runner [-] Starting a worker. concurrency: 1 args: {} times: 100 method_name: run timeout: 0 duration: None cls:
2020-04-18 17:33:48.561 160 INFO rally.task.runner [-] Task fd07b408-f1ec-4d93-bc50-6178f3fbfffc | ITER: 10 START
2020-04-18 17:33:48.563 166 INFO rally.task.runner [-] Task fd07b408-f1ec-4d93-bc50-6178f3fbfffc | ITER: 12 START
2020-04-18 17:33:48.563 163 INFO rally.task.runner [-] Task fd07b408-f1ec-4d93-bc50-6178f3fbfffc | ITER: 11 START
2020-04-18 17:33:48.563 169 RALLYDEBUG rally.task.runner [-] Starting a worker. concurrency: 1 args: {} times: 100 method_name: run timeout: 0 duration: None cls:
2020-04-18 17:33:48.566 172 RALLYDEBUG rally.task.runner [-] Starting a worker. concurrency: 1 args: {} times: 100 method_name: run timeout: 0 duration: None cls:
2020-04-18 17:33:48.569 169 INFO rally.task.runner [-] Task fd07b408-f1ec-4d93-bc50-6178f3fbfffc | ITER: 13 START
2020-04-18 17:33:48.569 177 RALLYDEBUG rally.task.runner [-] Starting a worker. concurrency: 1 args: {} times: 100 method_name: run timeout: 0 duration: None cls:
2020-04-18 17:33:48.571 172 INFO rally.task.runner [-] Task fd07b408-f1ec-4d93-bc50-6178f3fbfffc | ITER: 14 START
2020-04-18 17:33:48.571 178 RALLYDEBUG rally.task.runner [-] Starting a worker. concurrency: 1 args: {} times: 100 method_name: run timeout: 0 duration: None cls:
2020-04-18 17:33:48.574 177 INFO rally.task.runner [-] Task fd07b408-f1ec-4d93-bc50-6178f3fbfffc | ITER: 15 START
2020-04-18 17:33:48.574 181 RALLYDEBUG rally.task.runner [-] Starting a worker. concurrency: 1 args: {} times: 100 method_name: run timeout: 0 duration: None cls:
2020-04-18 17:33:48.576 178 INFO rally.task.runner [-] Task fd07b408-f1ec-4d93-bc50-6178f3fbfffc | ITER: 16 START
2020-04-18 17:33:48.577 184 RALLYDEBUG rally.task.runner [-] Starting a worker. concurrency: 1 args: {} times: 100 method_name: run timeout: 0 duration: None cls:
2020-04-18 17:33:48.579 181 INFO rally.task.runner [-] Task fd07b408-f1ec-4d93-bc50-6178f3fbfffc | ITER: 17 START
2020-04-18 17:33:48.579 187 RALLYDEBUG rally.task.runner [-] Starting a worker. concurrency: 1 args: {} times: 100 method_name: run timeout: 0 duration: None cls:
2020-04-18 17:33:48.582 190 RALLYDEBUG rally.task.runner [-] Starting a worker. concurrency: 1 args: {} times: 100 method_name: run timeout: 0 duration: None cls:
2020-04-18 17:33:48.582 184 INFO rally.task.runner [-] Task fd07b408-f1ec-4d93-bc50-6178f3fbfffc | ITER: 18 START
2020-04-18 17:33:48.585 187 INFO rally.task.runner [-] Task fd07b408-f1ec-4d93-bc50-6178f3fbfffc | ITER: 19 START
2020-04-18 17:33:48.587 190 INFO rally.task.runner [-] Task fd07b408-f1ec-4d93-bc50-6178f3fbfffc | ITER: 20 START
2020-04-18 17:33:49.664 140 INFO rally.task.runner [-] Task fd07b408-f1ec-4d93-bc50-6178f3fbfffc | ITER: 2 END: OK
2020-04-18 17:33:49.669 140 INFO rally.task.runner [-] Task fd07b408-f1ec-4d93-bc50-6178f3fbfffc | ITER: 21 START
2020-04-18 17:33:49.755 141 INFO rally.task.runner [-] Task fd07b408-f1ec-4d93-bc50-6178f3fbfffc | ITER: 3 END: OK
2020-04-18 17:33:49.760 141 INFO rally.task.runner [-] Task fd07b408-f1ec-4d93-bc50-6178f3fbfffc | ITER: 22 START
2020-04-18 17:33:49.972 139 INFO rally.task.runner [-] Task fd07b408-f1ec-4d93-bc50-6178f3fbfffc | ITER: 1 END: OK
2020-04-18 17:33:49.977 139 INFO rally.task.runner [-] Task fd07b408-f1ec-4d93-bc50-6178f3fbfffc | ITER: 23 START
2020-04-18 17:33:50.597 142 INFO rally.task.runner [-] Task fd07b408-f1ec-4d93-bc50-6178f3fbfffc | ITER: 4 END: OK
2020-04-18 17:33:50.602 142 INFO rally.task.runner [-] Task fd07b408-f1ec-4d93-bc50-6178f3fbfffc | ITER: 24 START
2020-04-18 17:33:50.843 145 INFO rally.task.runner [-] Task fd07b408-f1ec-4d93-bc50-6178f3fbfffc | ITER: 5 END: OK
2020-04-18 17:33:50.847 145 INFO rally.task.runner [-] Task fd07b408-f1ec-4d93-bc50-6178f3fbfffc | ITER: 25 START
2020-04-18 17:33:50.931 147 INFO rally.task.runner [-] Task fd07b408-f1ec-4d93-bc50-6178f3fbfffc | ITER: 6 END: OK
2020-04-18 17:33:50.936 147 INFO rally.task.runner [-] Task fd07b408-f1ec-4d93-bc50-6178f3fbfffc | ITER: 26 START
2020-04-18 17:33:51.059 151 INFO rally.task.runner [-] Task fd07b408-f1ec-4d93-bc50-6178f3fbfffc | ITER: 7 END: OK
2020-04-18 17:33:51.064 151 INFO rally.task.runner [-] Task fd07b408-f1ec-4d93-bc50-6178f3fbfffc | ITER: 27 START
2020-04-18 17:33:51.475 166 INFO rally.task.runner [-] Task fd07b408-f1ec-4d93-bc50-6178f3fbfffc | ITER: 12 END: OK
2020-04-18 17:33:51.480 166 INFO rally.task.runner [-] Task fd07b408-f1ec-4d93-bc50-6178f3fbfffc | ITER: 28 START
2020-04-18 17:33:51.501 157 INFO rally.task.runner [-] Task fd07b408-f1ec-4d93-bc50-6178f3fbfffc | ITER: 9 END: OK
2020-04-18 17:33:51.506 157 INFO rally.task.runner [-] Task fd07b408-f1ec-4d93-bc50-6178f3fbfffc | ITER: 29 START
2020-04-18 17:33:51.543 163 INFO rally.task.runner [-] Task fd07b408-f1ec-4d93-bc50-6178f3fbfffc | ITER: 11 END: OK
2020-04-18 17:33:51.547 163 INFO rally.task.runner [-] Task fd07b408-f1ec-4d93-bc50-6178f3fbfffc | ITER: 30 START
2020-04-18 17:33:51.594 172 INFO rally.task.runner [-] Task fd07b408-f1ec-4d93-bc50-6178f3fbfffc | ITER: 14 END: OK
2020-04-18 17:33:51.598 172 INFO rally.task.runner [-] Task fd07b408-f1ec-4d93-bc50-6178f3fbfffc | ITER: 31 START
2020-04-18 17:33:51.600 154 INFO rally.task.runner [-] Task fd07b408-f1ec-4d93-bc50-6178f3fbfffc | ITER: 8 END: OK
2020-04-18 17:33:51.604 154 INFO rally.task.runner [-] Task fd07b408-f1ec-4d93-bc50-6178f3fbfffc | ITER: 32 START
2020-04-18 17:33:51.685 190 INFO rally.task.runner [-] Task fd07b408-f1ec-4d93-bc50-6178f3fbfffc | ITER: 20 END: OK
2020-04-18 17:33:51.689 190 INFO rally.task.runner [-] Task fd07b408-f1ec-4d93-bc50-6178f3fbfffc | ITER: 33 START
2020-04-18 17:33:52.078 184 INFO rally.task.runner [-] Task fd07b408-f1ec-4d93-bc50-6178f3fbfffc | ITER: 18 END: OK
2020-04-18 17:33:52.082 184 INFO rally.task.runner [-] Task fd07b408-f1ec-4d93-bc50-6178f3fbfffc | ITER: 34 START
2020-04-18 17:33:52.137 169 INFO rally.task.runner [-] Task fd07b408-f1ec-4d93-bc50-6178f3fbfffc | ITER: 13 END: OK
2020-04-18 17:33:52.142 169 INFO rally.task.runner [-] Task fd07b408-f1ec-4d93-bc50-6178f3fbfffc | ITER: 35 START
2020-04-18 17:33:52.227 160 INFO rally.task.runner [-] Task fd07b408-f1ec-4d93-bc50-6178f3fbfffc | ITER: 10 END: OK
2020-04-18 17:33:52.231 160 INFO rally.task.runner [-] Task fd07b408-f1ec-4d93-bc50-6178f3fbfffc | ITER: 36 START
2020-04-18 17:33:52.250 177 INFO rally.task.runner [-] Task fd07b408-f1ec-4d93-bc50-6178f3fbfffc | ITER: 15 END: OK
2020-04-18 17:33:52.253 181 INFO rally.task.runner [-] Task fd07b408-f1ec-4d93-bc50-6178f3fbfffc | ITER: 17 END: OK
2020-04-18 17:33:52.254 177 INFO rally.task.runner [-] Task fd07b408-f1ec-4d93-bc50-6178f3fbfffc | ITER: 37 START
2020-04-18 17:33:52.258 181 INFO rally.task.runner [-] Task fd07b408-f1ec-4d93-bc50-6178f3fbfffc | ITER: 38 START
2020-04-18 17:33:52.463 178 INFO rally.task.runner [-] Task fd07b408-f1ec-4d93-bc50-6178f3fbfffc | ITER: 16 END: OK
2020-04-18 17:33:52.467 178 INFO rally.task.runner [-] Task fd07b408-f1ec-4d93-bc50-6178f3fbfffc | ITER: 39 START
2020-04-18 17:33:52.483 139 INFO rally.task.runner [-] Task fd07b408-f1ec-4d93-bc50-6178f3fbfffc | ITER: 23 END: OK
2020-04-18 17:33:52.486 139 INFO rally.task.runner [-] Task fd07b408-f1ec-4d93-bc50-6178f3fbfffc | ITER: 40 START
2020-04-18 17:33:52.595 140 INFO rally.task.runner [-] Task fd07b408-f1ec-4d93-bc50-6178f3fbfffc | ITER: 21 END: OK
2020-04-18 17:33:52.599 140 INFO rally.task.runner [-] Task fd07b408-f1ec-4d93-bc50-6178f3fbfffc | ITER: 41 START
2020-04-18 17:33:52.724 147 INFO rally.task.runner [-] Task fd07b408-f1ec-4d93-bc50-6178f3fbfffc | ITER: 26 END: OK
2020-04-18 17:33:52.727 147 INFO rally.task.runner [-] Task fd07b408-f1ec-4d93-bc50-6178f3fbfffc | ITER: 42 START
2020-04-18 17:33:52.752 187 INFO rally.task.runner [-] Task fd07b408-f1ec-4d93-bc50-6178f3fbfffc | ITER: 19 END: OK
2020-04-18 17:33:52.756 187 INFO rally.task.runner [-] Task fd07b408-f1ec-4d93-bc50-6178f3fbfffc | ITER: 43 START
2020-04-18 17:33:52.988 141 INFO rally.task.runner [-] Task fd07b408-f1ec-4d93-bc50-6178f3fbfffc | ITER: 22 END: OK
2020-04-18 17:33:52.992 141 INFO rally.task.runner [-] Task fd07b408-f1ec-4d93-bc50-6178f3fbfffc | ITER: 44 START
2020-04-18 17:33:53.082 145 INFO rally.task.runner [-] Task fd07b408-f1ec-4d93-bc50-6178f3fbfffc | ITER: 25 END: OK
2020-04-18 17:33:53.085 145 INFO rally.task.runner [-] Task fd07b408-f1ec-4d93-bc50-6178f3fbfffc | ITER: 45 START
2020-04-18 17:33:53.127 163 INFO rally.task.runner [-] Task fd07b408-f1ec-4d93-bc50-6178f3fbfffc | ITER: 30 END: OK
2020-04-18 17:33:53.131 163 INFO rally.task.runner [-] Task fd07b408-f1ec-4d93-bc50-6178f3fbfffc | ITER: 46 START
2020-04-18 17:33:53.159 166 INFO rally.task.runner [-] Task fd07b408-f1ec-4d93-bc50-6178f3fbfffc | ITER: 28 END: OK
2020-04-18 17:33:53.162 166 INFO rally.task.runner [-] Task fd07b408-f1ec-4d93-bc50-6178f3fbfffc | ITER: 47 START
2020-04-18 17:33:53.196 142 INFO rally.task.runner [-] Task fd07b408-f1ec-4d93-bc50-6178f3fbfffc | ITER: 24 END: OK
2020-04-18 17:33:53.199 142 INFO rally.task.runner [-] Task fd07b408-f1ec-4d93-bc50-6178f3fbfffc | ITER: 48 START
2020-04-18 17:33:53.398 151 INFO rally.task.runner [-] Task fd07b408-f1ec-4d93-bc50-6178f3fbfffc | ITER: 27 END: OK
2020-04-18 17:33:53.401 151 INFO rally.task.runner [-] Task fd07b408-f1ec-4d93-bc50-6178f3fbfffc | ITER: 49 START
2020-04-18 17:33:53.484 190 INFO rally.task.runner [-] Task fd07b408-f1ec-4d93-bc50-6178f3fbfffc | ITER: 33 END: OK
2020-04-18 17:33:53.488 190 INFO rally.task.runner [-] Task fd07b408-f1ec-4d93-bc50-6178f3fbfffc | ITER: 50 START
2020-04-18 17:33:53.489 172 INFO rally.task.runner [-] Task fd07b408-f1ec-4d93-bc50-6178f3fbfffc | ITER: 31 END: OK
2020-04-18 17:33:53.493 172 INFO rally.task.runner [-] Task fd07b408-f1ec-4d93-bc50-6178f3fbfffc | ITER: 51 START
2020-04-18 17:33:53.578 157 INFO rally.task.runner [-] Task fd07b408-f1ec-4d93-bc50-6178f3fbfffc | ITER: 29 END: OK
2020-04-18 17:33:53.581 157 INFO rally.task.runner [-] Task fd07b408-f1ec-4d93-bc50-6178f3fbfffc | ITER: 52 START
2020-04-18 17:33:53.723 154 INFO rally.task.runner [-] Task fd07b408-f1ec-4d93-bc50-6178f3fbfffc | ITER: 32 END: OK
2020-04-18 17:33:53.726 154 INFO rally.task.runner [-] Task fd07b408-f1ec-4d93-bc50-6178f3fbfffc | ITER: 53 START
2020-04-18 17:33:53.885 177 INFO rally.task.runner [-] Task fd07b408-f1ec-4d93-bc50-6178f3fbfffc | ITER: 37 END: OK
2020-04-18 17:33:53.889 177 INFO rally.task.runner [-] Task fd07b408-f1ec-4d93-bc50-6178f3fbfffc | ITER: 54 START
2020-04-18 17:33:53.992 169 INFO rally.task.runner [-] Task fd07b408-f1ec-4d93-bc50-6178f3fbfffc | ITER: 35 END: OK
2020-04-18 17:33:53.995 169 INFO rally.task.runner [-] Task fd07b408-f1ec-4d93-bc50-6178f3fbfffc | ITER: 55 START
2020-04-18 17:33:54.191 181 INFO rally.task.runner [-] Task fd07b408-f1ec-4d93-bc50-6178f3fbfffc | ITER: 38 END: OK
2020-04-18 17:33:54.194 181 INFO rally.task.runner [-] Task fd07b408-f1ec-4d93-bc50-6178f3fbfffc | ITER: 56 START
2020-04-18 17:33:54.316 160 INFO rally.task.runner [-] Task fd07b408-f1ec-4d93-bc50-6178f3fbfffc | ITER: 36 END: OK
2020-04-18 17:33:54.320 160 INFO rally.task.runner [-] Task fd07b408-f1ec-4d93-bc50-6178f3fbfffc | ITER: 57 START
2020-04-18 17:33:54.329 184 INFO rally.task.runner [-] Task fd07b408-f1ec-4d93-bc50-6178f3fbfffc | ITER: 34 END: OK
2020-04-18 17:33:54.331 178 INFO rally.task.runner [-] Task fd07b408-f1ec-4d93-bc50-6178f3fbfffc | ITER: 39 END: OK
2020-04-18 17:33:54.333 184 INFO rally.task.runner [-] Task fd07b408-f1ec-4d93-bc50-6178f3fbfffc | ITER: 58 START
2020-04-18 17:33:54.335 178 INFO rally.task.runner [-] Task fd07b408-f1ec-4d93-bc50-6178f3fbfffc | ITER: 59 START
2020-04-18 17:33:54.457 147 INFO rally.task.runner [-] Task fd07b408-f1ec-4d93-bc50-6178f3fbfffc | ITER: 42 END: OK
2020-04-18 17:33:54.460 147 INFO rally.task.runner [-] Task fd07b408-f1ec-4d93-bc50-6178f3fbfffc | ITER: 60 START
2020-04-18 17:33:54.572 139 INFO rally.task.runner [-] Task fd07b408-f1ec-4d93-bc50-6178f3fbfffc | ITER: 40 END: OK
2020-04-18 17:33:54.576 139 INFO rally.task.runner [-] Task fd07b408-f1ec-4d93-bc50-6178f3fbfffc | ITER: 61 START
2020-04-18 17:33:54.604 140 INFO rally.task.runner [-] Task fd07b408-f1ec-4d93-bc50-6178f3fbfffc | ITER: 41 END: OK
2020-04-18 17:33:54.607 140 INFO rally.task.runner [-] Task fd07b408-f1ec-4d93-bc50-6178f3fbfffc | ITER: 62 START
2020-04-18 17:33:54.937 187 INFO rally.task.runner [-] Task fd07b408-f1ec-4d93-bc50-6178f3fbfffc | ITER: 43 END: OK
2020-04-18 17:33:54.941 187 INFO rally.task.runner [-] Task fd07b408-f1ec-4d93-bc50-6178f3fbfffc | ITER: 63 START
2020-04-18 17:33:55.185 141 INFO rally.task.runner [-] Task fd07b408-f1ec-4d93-bc50-6178f3fbfffc | ITER: 44 END: OK
2020-04-18 17:33:55.188 141 INFO rally.task.runner [-] Task fd07b408-f1ec-4d93-bc50-6178f3fbfffc | ITER: 64 START
2020-04-18 17:33:55.460 163 INFO rally.task.runner [-] Task fd07b408-f1ec-4d93-bc50-6178f3fbfffc | ITER: 46 END: OK
2020-04-18 17:33:55.464 163 INFO rally.task.runner [-] Task fd07b408-f1ec-4d93-bc50-6178f3fbfffc | ITER: 65 START
2020-04-18 17:33:55.743 172 INFO rally.task.runner [-] Task fd07b408-f1ec-4d93-bc50-6178f3fbfffc | ITER: 51 END: OK
2020-04-18 17:33:55.747 172 INFO rally.task.runner [-] Task fd07b408-f1ec-4d93-bc50-6178f3fbfffc | ITER: 66 START
2020-04-18 17:33:55.811 142 INFO rally.task.runner [-] Task fd07b408-f1ec-4d93-bc50-6178f3fbfffc | ITER: 48 END: OK
2020-04-18 17:33:55.815 142 INFO rally.task.runner [-] Task fd07b408-f1ec-4d93-bc50-6178f3fbfffc | ITER: 67 START
2020-04-18 17:33:55.994 160 INFO rally.task.runner [-] Task fd07b408-f1ec-4d93-bc50-6178f3fbfffc | ITER: 57 END: OK
2020-04-18 17:33:55.997 160 INFO rally.task.runner [-] Task fd07b408-f1ec-4d93-bc50-6178f3fbfffc | ITER: 68 START
2020-04-18 17:33:56.050 177 INFO rally.task.runner [-] Task fd07b408-f1ec-4d93-bc50-6178f3fbfffc | ITER: 54 END: OK
2020-04-18 17:33:56.054 177 INFO rally.task.runner [-] Task fd07b408-f1ec-4d93-bc50-6178f3fbfffc | ITER: 69 START
2020-04-18 17:33:56.165 154 INFO rally.task.runner [-] Task fd07b408-f1ec-4d93-bc50-6178f3fbfffc | ITER: 53 END: OK
2020-04-18 17:33:56.169 154 INFO rally.task.runner [-] Task fd07b408-f1ec-4d93-bc50-6178f3fbfffc | ITER: 70 START
2020-04-18 17:33:56.437 151 INFO rally.task.runner [-] Task fd07b408-f1ec-4d93-bc50-6178f3fbfffc | ITER: 49 END: OK
2020-04-18 17:33:56.441 151 INFO rally.task.runner [-] Task fd07b408-f1ec-4d93-bc50-6178f3fbfffc | ITER: 71 START
2020-04-18 17:33:56.443 187 INFO rally.task.runner [-] Task fd07b408-f1ec-4d93-bc50-6178f3fbfffc | ITER: 63 END: OK
2020-04-18 17:33:56.447 187 INFO rally.task.runner [-] Task fd07b408-f1ec-4d93-bc50-6178f3fbfffc | ITER: 72 START
2020-04-18 17:33:56.460 166 INFO rally.task.runner [-] Task fd07b408-f1ec-4d93-bc50-6178f3fbfffc | ITER: 47 END: OK
2020-04-18 17:33:56.464 166 INFO rally.task.runner [-] Task fd07b408-f1ec-4d93-bc50-6178f3fbfffc | ITER: 73 START
2020-04-18 17:33:56.614 145 INFO rally.task.runner [-] Task fd07b408-f1ec-4d93-bc50-6178f3fbfffc | ITER: 45 END: OK
2020-04-18 17:33:56.617 145 INFO rally.task.runner [-] Task fd07b408-f1ec-4d93-bc50-6178f3fbfffc | ITER: 74 START
2020-04-18 17:33:56.715 190 INFO rally.task.runner [-] Task fd07b408-f1ec-4d93-bc50-6178f3fbfffc | ITER: 50 END: OK
2020-04-18 17:33:56.718 190 INFO rally.task.runner [-] Task fd07b408-f1ec-4d93-bc50-6178f3fbfffc | ITER: 75 START
2020-04-18 17:33:56.740 157 INFO rally.task.runner [-] Task fd07b408-f1ec-4d93-bc50-6178f3fbfffc | ITER: 52 END: OK
2020-04-18 17:33:56.743 157 INFO rally.task.runner [-] Task fd07b408-f1ec-4d93-bc50-6178f3fbfffc | ITER: 76 START
2020-04-18 17:33:56.831 140 INFO rally.task.runner [-] Task fd07b408-f1ec-4d93-bc50-6178f3fbfffc | ITER: 62 END: OK
2020-04-18 17:33:56.835 140 INFO rally.task.runner [-] Task fd07b408-f1ec-4d93-bc50-6178f3fbfffc | ITER: 77 START
2020-04-18 17:33:56.863 147 INFO rally.task.runner [-] Task fd07b408-f1ec-4d93-bc50-6178f3fbfffc | ITER: 60 END: OK
2020-04-18 17:33:56.867 147 INFO rally.task.runner [-] Task fd07b408-f1ec-4d93-bc50-6178f3fbfffc | ITER: 78 START
2020-04-18 17:33:56.868 184 INFO rally.task.runner [-] Task fd07b408-f1ec-4d93-bc50-6178f3fbfffc | ITER: 58 END: OK
2020-04-18 17:33:56.872 184 INFO rally.task.runner [-] Task fd07b408-f1ec-4d93-bc50-6178f3fbfffc | ITER: 79 START
2020-04-18 17:33:56.917 178 INFO rally.task.runner [-] Task fd07b408-f1ec-4d93-bc50-6178f3fbfffc | ITER: 59 END: OK
2020-04-18 17:33:56.920 178 INFO rally.task.runner [-] Task fd07b408-f1ec-4d93-bc50-6178f3fbfffc | ITER: 80 START
2020-04-18 17:33:57.164 181 INFO rally.task.runner [-] Task fd07b408-f1ec-4d93-bc50-6178f3fbfffc | ITER: 56 END: OK
2020-04-18 17:33:57.168 181 INFO rally.task.runner [-] Task fd07b408-f1ec-4d93-bc50-6178f3fbfffc | ITER: 81 START
2020-04-18 17:33:57.180 169 INFO rally.task.runner [-] Task fd07b408-f1ec-4d93-bc50-6178f3fbfffc | ITER: 55 END: OK
2020-04-18 17:33:57.184 169 INFO rally.task.runner [-] Task fd07b408-f1ec-4d93-bc50-6178f3fbfffc | ITER: 82 START
2020-04-18 17:33:57.979 163 INFO rally.task.runner [-] Task fd07b408-f1ec-4d93-bc50-6178f3fbfffc | ITER: 65 END: OK
2020-04-18 17:33:57.983 163 INFO rally.task.runner [-] Task fd07b408-f1ec-4d93-bc50-6178f3fbfffc | ITER: 83 START
2020-04-18 17:33:58.220 141 INFO rally.task.runner [-] Task fd07b408-f1ec-4d93-bc50-6178f3fbfffc | ITER: 64 END: OK
2020-04-18 17:33:58.223 141 INFO rally.task.runner [-] Task fd07b408-f1ec-4d93-bc50-6178f3fbfffc | ITER: 84 START
2020-04-18 17:33:58.358 139 INFO rally.task.runner [-] Task fd07b408-f1ec-4d93-bc50-6178f3fbfffc | ITER: 61 END: OK
2020-04-18 17:33:58.362 139 INFO rally.task.runner [-] Task fd07b408-f1ec-4d93-bc50-6178f3fbfffc | ITER: 85 START
2020-04-18 17:33:59.762 172 INFO rally.task.runner [-] Task fd07b408-f1ec-4d93-bc50-6178f3fbfffc | ITER: 66 END: OK
2020-04-18 17:33:59.765 172 INFO rally.task.runner [-] Task fd07b408-f1ec-4d93-bc50-6178f3fbfffc | ITER: 86 START
2020-04-18 17:34:02.654 142 INFO rally.task.runner [-] Task fd07b408-f1ec-4d93-bc50-6178f3fbfffc | ITER: 67 END: OK
2020-04-18 17:34:02.658 142 INFO rally.task.runner [-] Task fd07b408-f1ec-4d93-bc50-6178f3fbfffc | ITER: 87 START
2020-04-18 17:34:05.635 160 INFO rally.task.runner [-] Task fd07b408-f1ec-4d93-bc50-6178f3fbfffc | ITER: 68 END: OK
2020-04-18 17:34:05.639 160 INFO rally.task.runner [-] Task fd07b408-f1ec-4d93-bc50-6178f3fbfffc | ITER: 88 START
2020-04-18 17:34:24.101 166 INFO rally.task.runner [-] Task fd07b408-f1ec-4d93-bc50-6178f3fbfffc | ITER: 73 END: OK
2020-04-18 17:34:24.105 166 INFO rally.task.runner [-] Task fd07b408-f1ec-4d93-bc50-6178f3fbfffc | ITER: 89 START
2020-04-18 17:34:26.851 145 INFO rally.task.runner [-] Task fd07b408-f1ec-4d93-bc50-6178f3fbfffc | ITER: 74 END: OK
2020-04-18 17:34:26.855 145 INFO rally.task.runner [-] Task fd07b408-f1ec-4d93-bc50-6178f3fbfffc | ITER: 90 START
2020-04-18 17:34:27.731 145 INFO rally.task.runner [-] Task fd07b408-f1ec-4d93-bc50-6178f3fbfffc | ITER: 90 END: OK
2020-04-18 17:34:27.735 145 INFO rally.task.runner [-] Task fd07b408-f1ec-4d93-bc50-6178f3fbfffc | ITER: 91 START
2020-04-18 17:34:28.588 145 INFO rally.task.runner [-] Task fd07b408-f1ec-4d93-bc50-6178f3fbfffc | ITER: 91 END: OK
2020-04-18 17:34:28.592 145 INFO rally.task.runner [-] Task fd07b408-f1ec-4d93-bc50-6178f3fbfffc | ITER: 92 START
2020-04-18 17:34:29.479 145 INFO rally.task.runner [-] Task fd07b408-f1ec-4d93-bc50-6178f3fbfffc | ITER: 92 END: OK
2020-04-18 17:34:29.483 145 INFO rally.task.runner [-] Task fd07b408-f1ec-4d93-bc50-6178f3fbfffc | ITER: 93 START
2020-04-18 17:34:30.457 145 INFO rally.task.runner [-] Task fd07b408-f1ec-4d93-bc50-6178f3fbfffc | ITER: 93 END: OK
2020-04-18 17:34:30.460 145 INFO rally.task.runner [-] Task fd07b408-f1ec-4d93-bc50-6178f3fbfffc | ITER: 94 START
2020-04-18 17:34:31.392 145 INFO rally.task.runner [-] Task fd07b408-f1ec-4d93-bc50-6178f3fbfffc | ITER: 94 END: OK
2020-04-18 17:34:31.396 145 INFO rally.task.runner [-] Task fd07b408-f1ec-4d93-bc50-6178f3fbfffc | ITER: 95 START
2020-04-18 17:34:32.302 145 INFO rally.task.runner [-] Task fd07b408-f1ec-4d93-bc50-6178f3fbfffc | ITER: 95 END: OK
2020-04-18 17:34:32.306 145 INFO rally.task.runner [-] Task fd07b408-f1ec-4d93-bc50-6178f3fbfffc | ITER: 96 START
2020-04-18 17:34:32.736 190 INFO rally.task.runner [-] Task fd07b408-f1ec-4d93-bc50-6178f3fbfffc | ITER: 75 END: OK
2020-04-18 17:34:32.740 190 INFO rally.task.runner [-] Task fd07b408-f1ec-4d93-bc50-6178f3fbfffc | ITER: 97 START
2020-04-18 17:34:33.333 145 INFO rally.task.runner [-] Task fd07b408-f1ec-4d93-bc50-6178f3fbfffc | ITER: 96 END: OK
2020-04-18 17:34:33.336 145 INFO rally.task.runner [-] Task fd07b408-f1ec-4d93-bc50-6178f3fbfffc | ITER: 98 START
2020-04-18 17:34:33.916 190 INFO rally.task.runner [-] Task fd07b408-f1ec-4d93-bc50-6178f3fbfffc | ITER: 97 END: OK
2020-04-18 17:34:33.920 190 INFO rally.task.runner [-] Task fd07b408-f1ec-4d93-bc50-6178f3fbfffc | ITER: 99 START
2020-04-18 17:34:34.177 145 INFO rally.task.runner [-] Task fd07b408-f1ec-4d93-bc50-6178f3fbfffc | ITER: 98 END: OK
2020-04-18 17:34:34.180 145 INFO rally.task.runner [-] Task fd07b408-f1ec-4d93-bc50-6178f3fbfffc | ITER: 100 START
2020-04-18 17:34:34.854 190 INFO rally.task.runner [-] Task fd07b408-f1ec-4d93-bc50-6178f3fbfffc | ITER: 99 END: OK
2020-04-18 17:34:35.185 145 INFO rally.task.runner [-] Task fd07b408-f1ec-4d93-bc50-6178f3fbfffc | ITER: 100 END: OK
2020-04-18 17:34:35.912 157 INFO rally.task.runner [-] Task fd07b408-f1ec-4d93-bc50-6178f3fbfffc | ITER: 76 END: OK
2020-04-18 17:34:39.116 140 INFO rally.task.runner [-] Task fd07b408-f1ec-4d93-bc50-6178f3fbfffc | ITER: 77 END: OK
2020-04-18 17:34:41.904 147 INFO rally.task.runner [-] Task fd07b408-f1ec-4d93-bc50-6178f3fbfffc | ITER: 78 END: OK
2020-04-18 17:34:48.201 184 INFO rally.task.runner [-] Task fd07b408-f1ec-4d93-bc50-6178f3fbfffc | ITER: 79 END: OK
2020-04-18 17:34:51.002 178 INFO rally.task.runner [-] Task fd07b408-f1ec-4d93-bc50-6178f3fbfffc | ITER: 80 END: OK
2020-04-18 17:34:54.031 181 INFO rally.task.runner [-] Task fd07b408-f1ec-4d93-bc50-6178f3fbfffc | ITER: 81 END: OK
2020-04-18 17:34:57.132 169 INFO rally.task.runner [-] Task fd07b408-f1ec-4d93-bc50-6178f3fbfffc | ITER: 82 END: OK
2020-04-18 17:34:59.058 163 INFO rally.task.runner [-] Task fd07b408-f1ec-4d93-bc50-6178f3fbfffc | ITER: 83 END: OK
2020-04-18 17:34:59.519 139 INFO rally.task.runner [-] Task fd07b408-f1ec-4d93-bc50-6178f3fbfffc | ITER: 85 END: OK
2020-04-18 17:34:59.652 141 INFO rally.task.runner [-] Task fd07b408-f1ec-4d93-bc50-6178f3fbfffc | ITER: 84 END: OK
2020-04-18 17:35:00.695 172 INFO rally.task.runner [-] Task fd07b408-f1ec-4d93-bc50-6178f3fbfffc | ITER: 86 END: OK
2020-04-18 17:35:01.002 166 ERROR rally_openstack.osclients [-] Unable to authenticate for user c_rally_f09e2b1b_gLGkAVnQ in project c_rally_f09e2b1b_ayPBFwaX: BadGateway: Bad Gateway (HTTP 502)
2020-04-18 17:35:01.002 166 ERROR rally_openstack.osclients
Traceback (most recent call last):
2020-04-18 17:35:01.002 166 ERROR rally_openstack.osclients
File "/usr/lib/python2.7/site-packages/rally_openstack/osclients.py", line 273, in auth_ref
2020-04-18 17:35:01.002 166 ERROR rally_openstack.osclients self.cache["keystone_auth_ref"] = plugin.get_access(sess)
2020-04-18 17:35:01.002 166 ERROR rally_openstack.osclients
File "/usr/lib/python2.7/site-packages/keystoneauth1/identity/base.py", line 134, in get_access
2020-04-18 17:35:01.002 166 ERROR rally_openstack.osclients self.auth_ref = self.get_auth_ref(session)
2020-04-18 17:35:01.002 166 ERROR rally_openstack.osclients
File "/usr/lib/python2.7/site-packages/keystoneauth1/identity/generic/base.py", line 208, in get_auth_ref
2020-04-18 17:35:01.002 166 ERROR rally_openstack.osclients return self._plugin.get_auth_ref(session, **kwargs)
2020-04-18 17:35:01.002 166 ERROR rally_openstack.osclients
File "/usr/lib/python2.7/site-packages/keystoneauth1/identity/v3/base.py", line 178, in get_auth_ref
2020-04-18 17:35:01.002 166 ERROR rally_openstack.osclients authenticated=False, log=False, **rkwargs)
2020-04-18 17:35:01.002 166 ERROR rally_openstack.osclients
File "/usr/lib/python2.7/site-packages/keystoneauth1/session.py", line 1019, in post
2020-04-18 17:35:01.002 166 ERROR rally_openstack.osclients return self.request(url, 'POST', **kwargs)
2020-04-18 17:35:01.002 166 ERROR rally_openstack.osclients
File "/usr/lib/python2.7/site-packages/keystoneauth1/session.py", line 869, in request
2020-04-18 17:35:01.002 166 ERROR rally_openstack.osclients raise exceptions.from_response(resp, method, url)
2020-04-18 17:35:01.002 166 ERROR rally_openstack.osclients BadGateway: Bad Gateway (HTTP 502)
2020-04-18 17:35:01.002 166 ERROR rally_openstack.osclients
2020-04-18 17:35:01.004 142 ERROR rally_openstack.osclients [-] Unable to authenticate for user c_rally_f09e2b1b_gLGkAVnQ in project c_rally_f09e2b1b_ayPBFwaX: BadGateway: Bad Gateway (HTTP 502)
2020-04-18 17:35:01.004 142 ERROR rally_openstack.osclients
Traceback (most recent call last):
2020-04-18 17:35:01.004 142 ERROR rally_openstack.osclients
File "/usr/lib/python2.7/site-packages/rally_openstack/osclients.py", line 273, in auth_ref
2020-04-18 17:35:01.004 142 ERROR rally_openstack.osclients self.cache["keystone_auth_ref"] = plugin.get_access(sess)
2020-04-18 17:35:01.004 142 ERROR rally_openstack.osclients
File "/usr/lib/python2.7/site-packages/keystoneauth1/identity/base.py", line 134, in get_access
2020-04-18 17:35:01.004 142 ERROR rally_openstack.osclients self.auth_ref = self.get_auth_ref(session)
2020-04-18 17:35:01.004 142 ERROR rally_openstack.osclients
File "/usr/lib/python2.7/site-packages/keystoneauth1/identity/generic/base.py", line 208, in get_auth_ref
2020-04-18 17:35:01.004 142 ERROR rally_openstack.osclients return self._plugin.get_auth_ref(session, **kwargs)
2020-04-18 17:35:01.004 142 ERROR rally_openstack.osclients
File "/usr/lib/python2.7/site-packages/keystoneauth1/identity/v3/base.py", line 178, in get_auth_ref
2020-04-18 17:35:01.004 142 ERROR rally_openstack.osclients authenticated=False, log=False, **rkwargs)
2020-04-18 17:35:01.004 142 ERROR rally_openstack.osclients
File "/usr/lib/python2.7/site-packages/keystoneauth1/session.py", line 1019, in post
2020-04-18 17:35:01.004 142 ERROR rally_openstack.osclients return self.request(url, 'POST', **kwargs)
2020-04-18 17:35:01.004 142 ERROR rally_openstack.osclients
File "/usr/lib/python2.7/site-packages/keystoneauth1/session.py", line 869, in request
2020-04-18 17:35:01.004 142 ERROR rally_openstack.osclients raise exceptions.from_response(resp, method, url)
2020-04-18 17:35:01.004 142 ERROR rally_openstack.osclients BadGateway: Bad Gateway (HTTP 502)
2020-04-18 17:35:01.004 142 ERROR rally_openstack.osclients
2020-04-18 17:35:01.008 166 ERROR rally.task.runner [-] Iteration 89 raised Exception: AuthenticationFailed: Failed to authenticate to http://identity-airship.intel-pod17.opnfv.org:80/v3 for user 'c_rally_f09e2b1b_gLGkAVnQ' in project 'c_rally_f09e2b1b_ayPBFwaX': [BadGateway] Bad Gateway (HTTP 502)
2020-04-18 17:35:01.008 166 ERROR rally.task.runner
Traceback (most recent call last):
2020-04-18 17:35:01.008 166 ERROR rally.task.runner
File "/usr/lib/python2.7/site-packages/rally/task/runner.py", line 71, in _run_scenario_once
2020-04-18 17:35:01.008 166 ERROR rally.task.runner getattr(scenario_inst, method_name)(**scenario_kwargs)
2020-04-18 17:35:01.008 166 ERROR rally.task.runner
File "/usr/lib/python2.7/site-packages/rally_openstack/scenarios/neutron/network.py", line 47, in run
2020-04-18 17:35:01.008 166 ERROR rally.task.runner self._create_network(network_create_args or {})
2020-04-18 17:35:01.008 166 ERROR rally.task.runner
File "/usr/lib/python2.7/site-packages/rally/task/atomic.py", line 91, in func_atomic_actions
2020-04-18 17:35:01.008 166 ERROR rally.task.runner f = func(self, *args, **kwargs)
2020-04-18 17:35:01.008 166 ERROR rally.task.runner
File "/usr/lib/python2.7/site-packages/rally_openstack/scenarios/neutron/utils.py", line 79, in _create_network
2020-04-18 17:35:01.008 166 ERROR rally.task.runner return self.clients("neutron").create_network(
2020-04-18 17:35:01.008 166 ERROR rally.task.runner
File "/usr/lib/python2.7/site-packages/rally_openstack/scenario.py", line 96, in clients
2020-04-18 17:35:01.008 166 ERROR rally.task.runner return client(version) if version is not None else client()
2020-04-18 17:35:01.008 166 ERROR rally.task.runner
File "/usr/lib/python2.7/site-packages/rally_openstack/osclients.py", line 244, in __call__
2020-04-18 17:35:01.008 166 ERROR rally.task.runner self.cache[key] = self.create_client(*args, **kwargs)
2020-04-18 17:35:01.008 166 ERROR rally.task.runner
File "/usr/lib/python2.7/site-packages/rally_openstack/osclients.py", line 442, in create_client
2020-04-18 17:35:01.008 166 ERROR rally.task.runner endpoint_override=self._get_endpoint(service_type),
2020-04-18 17:35:01.008 166 ERROR rally.task.runner
File "/usr/lib/python2.7/site-packages/rally_openstack/osclients.py", line 199, in _get_endpoint
2020-04-18 17:35:01.008 166 ERROR rally.task.runner api_url = self.keystone.service_catalog.url_for(**kw)
2020-04-18 17:35:01.008 166 ERROR rally.task.runner
File "/usr/lib/python2.7/site-packages/rally_openstack/osclients.py", line 266, in service_catalog
2020-04-18 17:35:01.008 166 ERROR rally.task.runner return self.auth_ref.service_catalog
2020-04-18 17:35:01.008 166 ERROR rally.task.runner
File "/usr/lib/python2.7/site-packages/rally_openstack/osclients.py", line 288, in auth_ref
2020-04-18 17:35:01.008 166 ERROR rally.task.runner raise e
2020-04-18 17:35:01.008 166 ERROR rally.task.runner AuthenticationFailed: Failed to authenticate to http://identity-airship.intel-pod17.opnfv.org:80/v3 for user 'c_rally_f09e2b1b_gLGkAVnQ' in project 'c_rally_f09e2b1b_ayPBFwaX': [BadGateway] Bad Gateway (HTTP 502)
2020-04-18 17:35:01.008 166 ERROR rally.task.runner
2020-04-18 17:35:01.010 166 INFO rally.task.runner [-] Task fd07b408-f1ec-4d93-bc50-6178f3fbfffc | ITER: 89 END: Error AuthenticationFailed: Failed to authenticate to http://identity-airship.intel-pod17.opnfv.org:80/v3 for user 'c_rally_f09e2b1b_gLGkAVnQ' in project 'c_rally_f09e2b1b_ayPBFwaX': [BadGateway] Bad Gateway (HTTP 502)
2020-04-18 17:35:01.011 142 ERROR rally.task.runner [-] Iteration 87 raised Exception: AuthenticationFailed: Failed to authenticate to http://identity-airship.intel-pod17.opnfv.org:80/v3 for user 'c_rally_f09e2b1b_gLGkAVnQ' in project 'c_rally_f09e2b1b_ayPBFwaX': [BadGateway] Bad Gateway (HTTP 502)
2020-04-18 17:35:01.011 142 ERROR rally.task.runner
Traceback (most recent call last):
2020-04-18 17:35:01.011 142 ERROR rally.task.runner
File "/usr/lib/python2.7/site-packages/rally/task/runner.py", line 71, in _run_scenario_once
2020-04-18 17:35:01.011 142 ERROR rally.task.runner getattr(scenario_inst, method_name)(**scenario_kwargs)
2020-04-18 17:35:01.011 142 ERROR rally.task.runner
File "/usr/lib/python2.7/site-packages/rally_openstack/scenarios/neutron/network.py", line 47, in run
2020-04-18 17:35:01.011 142 ERROR rally.task.runner self._create_network(network_create_args or {})
2020-04-18 17:35:01.011 142 ERROR rally.task.runner
File "/usr/lib/python2.7/site-packages/rally/task/atomic.py", line 91, in func_atomic_actions
2020-04-18 17:35:01.011 142 ERROR rally.task.runner f = func(self, *args, **kwargs)
2020-04-18 17:35:01.011 142 ERROR rally.task.runner
File "/usr/lib/python2.7/site-packages/rally_openstack/scenarios/neutron/utils.py", line 79, in _create_network
2020-04-18 17:35:01.011 142 ERROR rally.task.runner return self.clients("neutron").create_network(
2020-04-18 17:35:01.011 142 ERROR rally.task.runner
File "/usr/lib/python2.7/site-packages/rally_openstack/scenario.py", line 96, in clients
2020-04-18 17:35:01.011 142 ERROR rally.task.runner return client(version) if version is not None else client()
2020-04-18 17:35:01.011 142 ERROR rally.task.runner
File "/usr/lib/python2.7/site-packages/rally_openstack/osclients.py", line 244, in __call__
2020-04-18 17:35:01.011 142 ERROR rally.task.runner self.cache[key] = self.create_client(*args, **kwargs)
2020-04-18 17:35:01.011 142 ERROR rally.task.runner
File "/usr/lib/python2.7/site-packages/rally_openstack/osclients.py", line 442, in create_client
2020-04-18 17:35:01.011 142 ERROR rally.task.runner endpoint_override=self._get_endpoint(service_type),
2020-04-18 17:35:01.011 142 ERROR rally.task.runner
File "/usr/lib/python2.7/site-packages/rally_openstack/osclients.py", line 199, in _get_endpoint
2020-04-18 17:35:01.011 142 ERROR rally.task.runner api_url = self.keystone.service_catalog.url_for(**kw)
2020-04-18 17:35:01.011 142 ERROR rally.task.runner
File "/usr/lib/python2.7/site-packages/rally_openstack/osclients.py", line 266, in service_catalog
2020-04-18 17:35:01.011 142 ERROR rally.task.runner return self.auth_ref.service_catalog
2020-04-18 17:35:01.011 142 ERROR rally.task.runner
File "/usr/lib/python2.7/site-packages/rally_openstack/osclients.py", line 288, in auth_ref
2020-04-18 17:35:01.011 142 ERROR rally.task.runner raise e
2020-04-18 17:35:01.011 142 ERROR rally.task.runner AuthenticationFailed: Failed to authenticate to http://identity-airship.intel-pod17.opnfv.org:80/v3 for user 'c_rally_f09e2b1b_gLGkAVnQ' in project 'c_rally_f09e2b1b_ayPBFwaX': [BadGateway] Bad Gateway (HTTP 502)
2020-04-18 17:35:01.011 142 ERROR rally.task.runner
2020-04-18 17:35:01.012 142 INFO rally.task.runner [-] Task fd07b408-f1ec-4d93-bc50-6178f3fbfffc | ITER: 87 END: Error AuthenticationFailed: Failed to authenticate to http://identity-airship.intel-pod17.opnfv.org:80/v3 for user 'c_rally_f09e2b1b_gLGkAVnQ' in project 'c_rally_f09e2b1b_ayPBFwaX': [BadGateway] Bad Gateway (HTTP 502)
2020-04-18 17:35:01.808 187 INFO rally.task.runner [-] Task fd07b408-f1ec-4d93-bc50-6178f3fbfffc | ITER: 72 END: OK
2020-04-18 17:35:02.064 151 INFO rally.task.runner [-] Task fd07b408-f1ec-4d93-bc50-6178f3fbfffc | ITER: 71 END: OK
2020-04-18 17:35:02.122 177 INFO rally.task.runner [-] Task fd07b408-f1ec-4d93-bc50-6178f3fbfffc | ITER: 69 END: OK
2020-04-18 17:35:02.227 154 INFO rally.task.runner [-] Task fd07b408-f1ec-4d93-bc50-6178f3fbfffc | ITER: 70 END: OK
2020-04-18 17:35:02.944 160 INFO rally.task.runner [-] Task fd07b408-f1ec-4d93-bc50-6178f3fbfffc | ITER: 88 END: OK
2020-04-18 17:35:02.970 15 INFO rally.task.context [-] Task fd07b408-f1ec-4d93-bc50-6178f3fbfffc | Context cleanup@openstack cleanup() started
2020-04-18 17:35:02.973 15 RALLYDEBUG rally_openstack.cleanup.manager [-] Cleaning up neutron vip objects
2020-04-18 17:35:03.197 15 RALLYDEBUG rally_openstack.cleanup.manager [-] Cleaning up neutron health_monitor objects
2020-04-18 17:35:03.406 15 RALLYDEBUG rally_openstack.cleanup.manager [-] Cleaning up neutron pool objects
2020-04-18 17:35:03.581 15 RALLYDEBUG rally_openstack.cleanup.manager [-] Cleaning up neutron loadbalancer objects
2020-04-18 17:35:03.755 15 RALLYDEBUG rally_openstack.cleanup.manager [-] Cleaning up neutron floatingip objects
2020-04-18 17:35:03.938 15 RALLYDEBUG rally_openstack.cleanup.manager [-] Cleaning up neutron trunk objects
2020-04-18 17:35:04.137 15 DEBUG neutronclient.v2_0.client [-] Error message: {"NeutronError": {"message": "Invalid input for operation: 'tenant_id' is not supported for filtering.", "type": "InvalidInput", "detail": ""}} _handle_fault_response /usr/lib/python2.7/site-packages/neutronclient/v2_0/client.py:259
2020-04-18 17:35:04.171 15 DEBUG neutronclient.v2_0.client [-] Error message: {"NeutronError": {"message": "Invalid input for operation: 'tenant_id' is not supported for filtering.", "type": "InvalidInput", "detail": ""}} _handle_fault_response /usr/lib/python2.7/site-packages/neutronclient/v2_0/client.py:259
2020-04-18 17:35:04.206 15 DEBUG neutronclient.v2_0.client [-] Error message: {"NeutronError": {"message": "Invalid input for operation: 'tenant_id' is not supported for filtering.", "type": "InvalidInput", "detail": ""}} _handle_fault_response /usr/lib/python2.7/site-packages/neutronclient/v2_0/client.py:259
2020-04-18 17:35:04.206 15 ERROR rally_openstack.cleanup.manager [-] Seems like rally_openstack.cleanup.resources.NeutronTrunk.list(self) method is broken. It shouldn't raise any exceptions.: BadRequest: Invalid input for operation: 'tenant_id' is not supported for filtering. Neutron server returns request_ids: ['req-ab15346f-7e36-49bd-84a7-ce8dfb7efa5e']
2020-04-18 17:35:04.206 15 ERROR rally_openstack.cleanup.manager
Traceback (most recent call last):
2020-04-18 17:35:04.206 15 ERROR rally_openstack.cleanup.manager
File "/usr/lib/python2.7/site-packages/rally_openstack/cleanup/manager.py", line 133, in _publish
2020-04-18 17:35:04.206 15 ERROR rally_openstack.cleanup.manager for raw_resource in rutils.retry(3, manager.list):
2020-04-18 17:35:04.206 15 ERROR rally_openstack.cleanup.manager
File "/usr/lib/python2.7/site-packages/rally/common/utils.py", line 230, in retry
2020-04-18 17:35:04.206 15 ERROR rally_openstack.cleanup.manager return func(*args, **kwargs)
2020-04-18 17:35:04.206 15 ERROR rally_openstack.cleanup.manager
File "/usr/lib/python2.7/site-packages/rally_openstack/cleanup/resources.py", line 396, in list
2020-04-18 17:35:04.206 15 ERROR rally_openstack.cleanup.manager return super(NeutronTrunk, self).list()
2020-04-18 17:35:04.206 15 ERROR rally_openstack.cleanup.manager
File "/usr/lib/python2.7/site-packages/rally_openstack/cleanup/resources.py", line 273, in list
2020-04-18 17:35:04.206 15 ERROR rally_openstack.cleanup.manager result = list_method(tenant_id=self.tenant_uuid)[resources]
2020-04-18 17:35:04.206 15 ERROR rally_openstack.cleanup.manager
File "/usr/lib/python2.7/site-packages/neutronclient/v2_0/client.py", line 2105, in list_trunks
2020-04-18 17:35:04.206 15 ERROR rally_openstack.cleanup.manager **_params)
2020-04-18 17:35:04.206 15 ERROR rally_openstack.cleanup.manager
File "/usr/lib/python2.7/site-packages/neutronclient/v2_0/client.py", line 369, in list
2020-04-18 17:35:04.206 15 ERROR rally_openstack.cleanup.manager for r in self._pagination(collection, path, **params):
2020-04-18 17:35:04.206 15 ERROR rally_openstack.cleanup.manager
File "/usr/lib/python2.7/site-packages/neutronclient/v2_0/client.py", line 384, in _pagination
2020-04-18 17:35:04.206 15 ERROR rally_openstack.cleanup.manager res = self.get(path, params=params)
2020-04-18 17:35:04.206 15 ERROR rally_openstack.cleanup.manager
File "/usr/lib/python2.7/site-packages/neutronclient/v2_0/client.py", line 354, in get
2020-04-18 17:35:04.206 15 ERROR rally_openstack.cleanup.manager headers=headers, params=params)
2020-04-18 17:35:04.206 15 ERROR rally_openstack.cleanup.manager
