2020-04-18 15:55:40.495 849 RALLYDEBUG rally.task.utils [-] Waiting for resource u'29806a18-12f4-4bba-84c2-7bec0d76c195'. Status changed: NONE => QUEUED in 0.0823259353638
2020-04-18 15:55:40.667 850 RALLYDEBUG rally.task.utils [-] Waiting for resource u'a0edb93f-4153-4958-bcb8-d5f490afaa36'. Status changed: NONE => QUEUED in 0.0952579975128
2020-04-18 15:55:40.844 852 RALLYDEBUG rally.task.utils [-] Waiting for resource u'c88946dd-a18f-4d43-aede-bb7d5173978d'. Status changed: NONE => QUEUED in 0.0822510719299
2020-04-18 15:55:40.893 851 RALLYDEBUG rally.task.utils [-] Waiting for resource u'2db6a665-f949-4a2f-9f58-558671108d92'. Status changed: NONE => QUEUED in 0.0745429992676
2020-04-18 15:55:41.702 849 RALLYDEBUG rally.task.utils [-] Waiting for resource s_rally_6e2f1214_zxbNhy97. Status changed: QUEUED => ACTIVE in 0.0400228500366
2020-04-18 15:55:41.794 850 RALLYDEBUG rally.task.utils [-] Waiting for resource s_rally_6e2f1214_ccysQ3Gv. Status changed: QUEUED => ACTIVE in 0.0355880260468
2020-04-18 15:55:42.177 852 RALLYDEBUG rally.task.utils [-] Waiting for resource s_rally_6e2f1214_m2UgOijI. Status changed: QUEUED => ACTIVE in 0.0426261425018
2020-04-18 15:55:42.239 851 RALLYDEBUG rally.task.utils [-] Waiting for resource s_rally_6e2f1214_WXJVBzy8. Status changed: QUEUED => ACTIVE in 0.0364470481873
2020-04-18 15:55:42.293 849 INFO rally.task.runner [-] Task 4acaa081-3bdc-41f3-85b5-979d32d4b962 | ITER: 5 END: OK
2020-04-18 15:55:42.297 849 INFO rally.task.runner [-] Task 4acaa081-3bdc-41f3-85b5-979d32d4b962 | ITER: 9 START
2020-04-18 15:55:42.341 850 INFO rally.task.runner [-] Task 4acaa081-3bdc-41f3-85b5-979d32d4b962 | ITER: 6 END: OK
2020-04-18 15:55:42.345 850 INFO rally.task.runner [-] Task 4acaa081-3bdc-41f3-85b5-979d32d4b962 | ITER: 10 START
2020-04-18 15:55:42.849 852 INFO rally.task.runner [-] Task 4acaa081-3bdc-41f3-85b5-979d32d4b962 | ITER: 8 END: OK
2020-04-18 15:55:42.952 851 INFO rally.task.runner [-] Task 4acaa081-3bdc-41f3-85b5-979d32d4b962 | ITER: 7 END: OK
2020-04-18 15:55:45.022 849 RALLYDEBUG rally.task.utils [-] Waiting for resource u'8cbf9cf7-8909-4029-95a2-7db70361746f'. Status changed: NONE => QUEUED in 0.0783250331879
2020-04-18 15:55:45.024 850 RALLYDEBUG rally.task.utils [-] Waiting for resource u'33b4da87-f948-4559-a8b2-cf40a764d02e'. Status changed: NONE => QUEUED in 0.0889241695404
2020-04-18 15:55:46.032 850 RALLYDEBUG rally.task.utils [-] Waiting for resource s_rally_6e2f1214_wKPoGBu0. Status changed: QUEUED => ACTIVE in 0.0477290153503
2020-04-18 15:55:46.196 849 RALLYDEBUG rally.task.utils [-] Waiting for resource s_rally_6e2f1214_9gU3R4UA. Status changed: QUEUED => ACTIVE in 0.0498909950256
2020-04-18 15:55:46.591 850 INFO rally.task.runner [-] Task 4acaa081-3bdc-41f3-85b5-979d32d4b962 | ITER: 10 END: OK
2020-04-18 15:55:46.727 849 INFO rally.task.runner [-] Task 4acaa081-3bdc-41f3-85b5-979d32d4b962 | ITER: 9 END: OK
2020-04-18 15:55:46.751 725 INFO rally.task.context [-] Task 4acaa081-3bdc-41f3-85b5-979d32d4b962 | Context cleanup@openstack cleanup() started
2020-04-18 15:55:46.754 725 RALLYDEBUG rally_openstack.cleanup.manager [-] Cleaning up glance images objects
2020-04-18 15:55:47.722 725 INFO rally.task.context [-] Task 4acaa081-3bdc-41f3-85b5-979d32d4b962 | Context cleanup@openstack cleanup() finished in 0.97 sec
2020-04-18 15:55:47.723 725 INFO rally.task.context [-] Task 4acaa081-3bdc-41f3-85b5-979d32d4b962 | Context users@openstack cleanup() started
2020-04-18 15:55:50.965 725 INFO rally.task.context [-] Task 4acaa081-3bdc-41f3-85b5-979d32d4b962 | Context users@openstack cleanup() finished in 3.24 sec
2020-04-18 15:55:51.852 725 INFO rally.task.engine [-] Load duration is: 13.283695
2020-04-18 15:55:51.853 725 INFO rally.task.engine [-] Full runner duration is: 13.71853
2020-04-18 15:55:51.853 725 INFO rally.task.engine [-] Full duration is: 19.23051
2020-04-18 15:55:51.938 725 INFO rally.task.engine [-] Running workload: position = 0 config = { "version": 2, "title": "A cropped version of a bigger task.", "description": "Auto-generated task from a single workload (uuid=9f25892f-af59-4869-93aa-66b5250e6c56)", "subtasks": [ { "title": "GlanceImages.create_and_list_image", "description": "Create an image and then list all images.", "scenario": { "GlanceImages.create_and_list_image": { "container_format": "bare", "disk_format": "qcow2", "image_location": "/home/opnfv/functest/images/cirros-0.4.0-x86_64-disk.img" } }, "contexts": { "users": { "tenants": 3, "users_per_tenant": 2 } }, "runner": { "constant": { "concurrency": 4, "times": 10 } }, "hooks": [], "sla": { "failure_rate": { "max": 0 } } } ] }
2020-04-18 15:55:51.948 725 RALLYDEBUG rally_openstack.contexts.keystone.users [-] Creating 3 tenants using 20 threads
2020-04-18 15:55:52.423 725 RALLYDEBUG rally_openstack.contexts.keystone.users [-] Creating 6 users using 20 threads
2020-04-18 15:55:53.322 725 INFO rally.task.context [-] Task 4acaa081-3bdc-41f3-85b5-979d32d4b962 | Context users@openstack setup() finished in 1.37 sec
2020-04-18 15:55:53.323 725 INFO rally.task.context [-] Task 4acaa081-3bdc-41f3-85b5-979d32d4b962 | Context cleanup@openstack setup() finished in 0.01 msec
2020-04-18 15:55:53.332 725 RALLYDEBUG rally.task.runner [-] Starting the constant runner (task UUID: 4acaa081-3bdc-41f3-85b5-979d32d4b962). timeout: 0 concurrency: 4 concurrency_per_worker: 1 times: 10 concurrency_overhead: 0 processes_to_start: 4 max_cpu_used: 88
2020-04-18 15:55:53.343 973 RALLYDEBUG rally.task.runner [-] Starting a worker. concurrency: 1 args: {"container_format": "bare", "disk_format": "qcow2", "image_location": "/home/opnfv/functest/images/cirros-0.4.0-x86_64-disk.img"} times: 10 method_name: run timeout: 0 duration: None cls:
2020-04-18 15:55:53.346 974 RALLYDEBUG rally.task.runner [-] Starting a worker. concurrency: 1 args: {"container_format": "bare", "disk_format": "qcow2", "image_location": "/home/opnfv/functest/images/cirros-0.4.0-x86_64-disk.img"} times: 10 method_name: run timeout: 0 duration: None cls:
2020-04-18 15:55:53.348 975 RALLYDEBUG rally.task.runner [-] Starting a worker. concurrency: 1 args: {"container_format": "bare", "disk_format": "qcow2", "image_location": "/home/opnfv/functest/images/cirros-0.4.0-x86_64-disk.img"} times: 10 method_name: run timeout: 0 duration: None cls:
2020-04-18 15:55:53.350 973 INFO rally.task.runner [-] Task 4acaa081-3bdc-41f3-85b5-979d32d4b962 | ITER: 1 START
2020-04-18 15:55:53.351 976 RALLYDEBUG rally.task.runner [-] Starting a worker. concurrency: 1 args: {"container_format": "bare", "disk_format": "qcow2", "image_location": "/home/opnfv/functest/images/cirros-0.4.0-x86_64-disk.img"} times: 10 method_name: run timeout: 0 duration: None cls:
2020-04-18 15:55:53.353 974 INFO rally.task.runner [-] Task 4acaa081-3bdc-41f3-85b5-979d32d4b962 | ITER: 2 START
2020-04-18 15:55:53.355 975 INFO rally.task.runner [-] Task 4acaa081-3bdc-41f3-85b5-979d32d4b962 | ITER: 3 START
2020-04-18 15:55:53.358 976 INFO rally.task.runner [-] Task 4acaa081-3bdc-41f3-85b5-979d32d4b962 | ITER: 4 START
2020-04-18 15:55:56.141 974 RALLYDEBUG rally.task.utils [-] Waiting for resource u'446ad93d-4523-4984-9453-58b972cb24db'. Status changed: NONE => QUEUED in 0.0998151302338
2020-04-18 15:55:56.168 973 RALLYDEBUG rally.task.utils [-] Waiting for resource u'ae1c17cb-f0fe-4915-b009-282059a6e1a1'. Status changed: NONE => QUEUED in 0.0824708938599
2020-04-18 15:55:56.192 976 RALLYDEBUG rally.task.utils [-] Waiting for resource u'3a201bb0-16f9-4cf3-9002-328cd90c60f8'. Status changed: NONE => QUEUED in 0.0656800270081
2020-04-18 15:55:56.284 975 RALLYDEBUG rally.task.utils [-] Waiting for resource u'cecd84f4-d5b9-40ec-aae4-67786b7e8eff'. Status changed: NONE => QUEUED in 0.0782880783081
2020-04-18 15:55:57.483 973 RALLYDEBUG rally.task.utils [-] Waiting for resource s_rally_9f25892f_RAZqJRil. Status changed: QUEUED => ACTIVE in 0.0488219261169
2020-04-18 15:55:57.544 973 INFO rally.task.runner [-] Task 4acaa081-3bdc-41f3-85b5-979d32d4b962 | ITER: 1 END: OK
2020-04-18 15:55:57.550 973 INFO rally.task.runner [-] Task 4acaa081-3bdc-41f3-85b5-979d32d4b962 | ITER: 5 START
2020-04-18 15:55:57.609 974 RALLYDEBUG rally.task.utils [-] Waiting for resource s_rally_9f25892f_Am3qrFlq. Status changed: QUEUED => ACTIVE in 0.0434188842773
2020-04-18 15:55:57.665 974 INFO rally.task.runner [-] Task 4acaa081-3bdc-41f3-85b5-979d32d4b962 | ITER: 2 END: OK
2020-04-18 15:55:57.670 974 INFO rally.task.runner [-] Task 4acaa081-3bdc-41f3-85b5-979d32d4b962 | ITER: 6 START
2020-04-18 15:55:57.752 976 RALLYDEBUG rally.task.utils [-] Waiting for resource s_rally_9f25892f_Swn9JT83. Status changed: QUEUED => ACTIVE in 0.0461978912354
2020-04-18 15:55:57.805 976 INFO rally.task.runner [-] Task 4acaa081-3bdc-41f3-85b5-979d32d4b962 | ITER: 4 END: OK
2020-04-18 15:55:57.810 976 INFO rally.task.runner [-] Task 4acaa081-3bdc-41f3-85b5-979d32d4b962 | ITER: 7 START
2020-04-18 15:55:57.864 975 RALLYDEBUG rally.task.utils [-] Waiting for resource s_rally_9f25892f_Zp65Msu5. Status changed: QUEUED => ACTIVE in 0.0450539588928
2020-04-18 15:55:57.937 975 INFO rally.task.runner [-] Task 4acaa081-3bdc-41f3-85b5-979d32d4b962 | ITER: 3 END: OK
2020-04-18 15:55:57.941 975 INFO rally.task.runner [-] Task 4acaa081-3bdc-41f3-85b5-979d32d4b962 | ITER: 8 START
2020-04-18 15:56:00.070 973 RALLYDEBUG rally.task.utils [-] Waiting for resource u'bd893b6c-f2bf-4402-80cc-59b9d42afd4f'. Status changed: NONE => QUEUED in 0.0709087848663
2020-04-18 15:56:00.244 974 RALLYDEBUG rally.task.utils [-] Waiting for resource u'6a75cb8a-1072-45a1-a5c9-c17c212ed354'. Status changed: NONE => QUEUED in 0.0868310928345
2020-04-18 15:56:00.541 976 RALLYDEBUG rally.task.utils [-] Waiting for resource u'9937c84d-0628-4918-9fc8-f91ec1736e5d'. Status changed: NONE => QUEUED in 0.0786910057068
2020-04-18 15:56:00.737 975 RALLYDEBUG rally.task.utils [-] Waiting for resource u'9ec18c0e-8e8c-46c8-be40-7fb8af34fac3'. Status changed: NONE => QUEUED in 0.0637588500977
2020-04-18 15:56:01.004 973 RALLYDEBUG rally.task.utils [-] Waiting for resource s_rally_9f25892f_WwiUEz0k. Status changed: QUEUED => ACTIVE in 0.0447211265564
2020-04-18 15:56:01.069 973 INFO rally.task.runner [-] Task 4acaa081-3bdc-41f3-85b5-979d32d4b962 | ITER: 5 END: OK
2020-04-18 15:56:01.074 973 INFO rally.task.runner [-] Task 4acaa081-3bdc-41f3-85b5-979d32d4b962 | ITER: 9 START
2020-04-18 15:56:01.474 974 RALLYDEBUG rally.task.utils [-] Waiting for resource s_rally_9f25892f_REv0Mdty. Status changed: QUEUED => ACTIVE in 0.0484089851379
2020-04-18 15:56:01.541 974 INFO rally.task.runner [-] Task 4acaa081-3bdc-41f3-85b5-979d32d4b962 | ITER: 6 END: OK
2020-04-18 15:56:01.545 974 INFO rally.task.runner [-] Task 4acaa081-3bdc-41f3-85b5-979d32d4b962 | ITER: 10 START
2020-04-18 15:56:01.701 976 RALLYDEBUG rally.task.utils [-] Waiting for resource s_rally_9f25892f_WENMssNm. Status changed: QUEUED => ACTIVE in 0.0439760684967
2020-04-18 15:56:01.778 976 INFO rally.task.runner [-] Task 4acaa081-3bdc-41f3-85b5-979d32d4b962 | ITER: 7 END: OK
2020-04-18 15:56:01.982 975 RALLYDEBUG rally.task.utils [-] Waiting for resource s_rally_9f25892f_kg3Byjvr. Status changed: QUEUED => ACTIVE in 0.0443542003632
2020-04-18 15:56:02.051 975 INFO rally.task.runner [-] Task 4acaa081-3bdc-41f3-85b5-979d32d4b962 | ITER: 8 END: OK
2020-04-18 15:56:03.531 973 RALLYDEBUG rally.task.utils [-] Waiting for resource u'731aebc7-a1bf-4a55-ac04-e464cdea2b01'. Status changed: NONE => QUEUED in 0.0679879188538
2020-04-18 15:56:04.021 974 RALLYDEBUG rally.task.utils [-] Waiting for resource u'e922cbbd-58b1-4009-8993-76b949f2fc14'. Status changed: NONE => QUEUED in 0.0740399360657
2020-04-18 15:56:04.514 973 RALLYDEBUG rally.task.utils [-] Waiting for resource s_rally_9f25892f_KMXki47C. Status changed: QUEUED => ACTIVE in 0.0370469093323
2020-04-18 15:56:04.587 973 INFO rally.task.runner [-] Task 4acaa081-3bdc-41f3-85b5-979d32d4b962 | ITER: 9 END: OK
2020-04-18 15:56:05.026 974 RALLYDEBUG rally.task.utils [-] Waiting for resource s_rally_9f25892f_F5WQoL1Q. Status changed: QUEUED => ACTIVE in 0.0455839633942
2020-04-18 15:56:05.094 974 INFO rally.task.runner [-] Task 4acaa081-3bdc-41f3-85b5-979d32d4b962 | ITER: 10 END: OK
2020-04-18 15:56:05.119 725 INFO rally.task.context [-] Task 4acaa081-3bdc-41f3-85b5-979d32d4b962 | Context cleanup@openstack cleanup() started
2020-04-18 15:56:05.122 725 RALLYDEBUG rally_openstack.cleanup.manager [-] Cleaning up glance images objects
2020-04-18 15:56:15.419 725 RALLYDEBUG rally_openstack.cleanup.manager [-] Deleting glance.images object s_rally_9f25892f_Swn9JT83 (3a201bb0-16f9-4cf3-9002-328cd90c60f8)
2020-04-18 15:56:15.429 725 RALLYDEBUG rally_openstack.cleanup.manager [-] Deleting glance.images object s_rally_9f25892f_F5WQoL1Q (e922cbbd-58b1-4009-8993-76b949f2fc14)
2020-04-18 15:56:15.429 725 RALLYDEBUG rally_openstack.cleanup.manager [-] Deleting glance.images object s_rally_9f25892f_RAZqJRil (ae1c17cb-f0fe-4915-b009-282059a6e1a1)
2020-04-18 15:56:15.431 725 RALLYDEBUG rally_openstack.cleanup.manager [-] Deleting glance.images object s_rally_9f25892f_REv0Mdty (6a75cb8a-1072-45a1-a5c9-c17c212ed354)
2020-04-18 15:56:15.433 725 RALLYDEBUG rally_openstack.cleanup.manager [-] Deleting glance.images object s_rally_9f25892f_KMXki47C (731aebc7-a1bf-4a55-ac04-e464cdea2b01)
2020-04-18 15:56:15.435 725 RALLYDEBUG rally_openstack.cleanup.manager [-] Deleting glance.images object s_rally_9f25892f_kg3Byjvr (9ec18c0e-8e8c-46c8-be40-7fb8af34fac3)
2020-04-18 15:56:15.439 725 RALLYDEBUG rally_openstack.cleanup.manager [-] Deleting glance.images object s_rally_9f25892f_Zp65Msu5 (cecd84f4-d5b9-40ec-aae4-67786b7e8eff)
2020-04-18 15:56:15.448 725 RALLYDEBUG rally_openstack.cleanup.manager [-] Deleting glance.images object s_rally_9f25892f_WwiUEz0k (bd893b6c-f2bf-4402-80cc-59b9d42afd4f)
2020-04-18 15:56:15.502 725 RALLYDEBUG rally_openstack.cleanup.manager [-] Deleting glance.images object s_rally_9f25892f_WENMssNm (9937c84d-0628-4918-9fc8-f91ec1736e5d)
2020-04-18 15:56:15.510 725 RALLYDEBUG rally_openstack.cleanup.manager [-] Deleting glance.images object s_rally_9f25892f_Am3qrFlq (446ad93d-4523-4984-9453-58b972cb24db)
2020-04-18 15:56:16.425 725 DEBUG glanceclient.common.http [-] Request returned failure status 404. _handle_response /usr/lib/python2.7/site-packages/glanceclient/common/http.py:125
2020-04-18 15:56:16.454 725 DEBUG glanceclient.common.http [-] Request returned failure status 404. _handle_response /usr/lib/python2.7/site-packages/glanceclient/common/http.py:125
2020-04-18 15:56:16.473 725 DEBUG glanceclient.common.http [-] Request returned failure status 404. _handle_response /usr/lib/python2.7/site-packages/glanceclient/common/http.py:125
2020-04-18 15:56:16.505 725 DEBUG glanceclient.common.http [-] Request returned failure status 404. _handle_response /usr/lib/python2.7/site-packages/glanceclient/common/http.py:125
2020-04-18 15:56:16.522 725 DEBUG glanceclient.common.http [-] Request returned failure status 404. _handle_response /usr/lib/python2.7/site-packages/glanceclient/common/http.py:125
2020-04-18 15:56:16.571 725 DEBUG glanceclient.common.http [-] Request returned failure status 404. _handle_response /usr/lib/python2.7/site-packages/glanceclient/common/http.py:125
2020-04-18 15:56:16.572 725 DEBUG glanceclient.common.http [-] Request returned failure status 404. _handle_response /usr/lib/python2.7/site-packages/glanceclient/common/http.py:125
2020-04-18 15:56:16.620 725 DEBUG glanceclient.common.http [-] Request returned failure status 404. _handle_response /usr/lib/python2.7/site-packages/glanceclient/common/http.py:125
2020-04-18 15:56:24.871 725 DEBUG glanceclient.common.http [-] Request returned failure status 404. _handle_response /usr/lib/python2.7/site-packages/glanceclient/common/http.py:125
2020-04-18 15:56:24.924 725 DEBUG glanceclient.common.http [-] Request returned failure status 404. _handle_response /usr/lib/python2.7/site-packages/glanceclient/common/http.py:125
2020-04-18 15:56:40.023 725 DEBUG glanceclient.common.http [-] Request returned failure status 404. _handle_response /usr/lib/python2.7/site-packages/glanceclient/common/http.py:125
2020-04-18 15:56:40.066 725 DEBUG glanceclient.common.http [-] Request returned failure status 404. _handle_response /usr/lib/python2.7/site-packages/glanceclient/common/http.py:125
2020-04-18 15:56:46.215 725 DEBUG glanceclient.common.http [-] Request returned failure status 404. _handle_response /usr/lib/python2.7/site-packages/glanceclient/common/http.py:125
2020-04-18 15:56:46.253 725 DEBUG glanceclient.common.http [-] Request returned failure status 404. _handle_response /usr/lib/python2.7/site-packages/glanceclient/common/http.py:125
2020-04-18 15:56:52.152 725 DEBUG glanceclient.common.http [-] Request returned failure status 404. _handle_response /usr/lib/python2.7/site-packages/glanceclient/common/http.py:125
2020-04-18 15:56:52.200 725 DEBUG glanceclient.common.http [-] Request returned failure status 404. _handle_response /usr/lib/python2.7/site-packages/glanceclient/common/http.py:125
2020-04-18 15:57:01.213 725 DEBUG glanceclient.common.http [-] Request returned failure status 404. _handle_response /usr/lib/python2.7/site-packages/glanceclient/common/http.py:125
2020-04-18 15:57:01.250 725 DEBUG glanceclient.common.http [-] Request returned failure status 404. _handle_response /usr/lib/python2.7/site-packages/glanceclient/common/http.py:125
2020-04-18 15:57:04.211 725 DEBUG glanceclient.common.http [-] Request returned failure status 404. _handle_response /usr/lib/python2.7/site-packages/glanceclient/common/http.py:125
2020-04-18 15:57:04.251 725 DEBUG glanceclient.common.http [-] Request returned failure status 404. _handle_response /usr/lib/python2.7/site-packages/glanceclient/common/http.py:125
2020-04-18 15:57:05.254 725 INFO rally.task.context [-] Task 4acaa081-3bdc-41f3-85b5-979d32d4b962 | Context cleanup@openstack cleanup() finished in 1.00 min
2020-04-18 15:57:05.255 725 INFO rally.task.context [-] Task 4acaa081-3bdc-41f3-85b5-979d32d4b962 | Context users@openstack cleanup() started
2020-04-18 15:57:45.846 725 INFO rally.task.context [-] Task 4acaa081-3bdc-41f3-85b5-979d32d4b962 | Context users@openstack cleanup() finished in 40.59 sec
2020-04-18 15:57:46.401 725 INFO rally.task.engine [-] Load duration is: 11.357946
2020-04-18 15:57:46.402 725 INFO rally.task.engine [-] Full runner duration is: 11.787026
2020-04-18 15:57:46.402 725 INFO rally.task.engine [-] Full duration is: 113.899274
2020-04-18 15:57:46.486 725 INFO rally.task.engine [-] Running workload: position = 0 config = { "version": 2, "title": "A cropped version of a bigger task.", "description": "Auto-generated task from a single workload (uuid=462a0e19-3fb5-41f3-91fc-52e56ee60457)", "subtasks": [ { "title": "GlanceImages.list_images", "description": "List all images.", "scenario": { "GlanceImages.list_images": {} }, "contexts": { "users": { "tenants": 3, "users_per_tenant": 2 } }, "runner": { "constant": { "concurrency": 4, "times": 10 } }, "hooks": [], "sla": { "failure_rate": { "max": 0 } } } ] }
2020-04-18 15:57:46.497 725 RALLYDEBUG rally_openstack.contexts.keystone.users [-] Creating 3 tenants using 20 threads
2020-04-18 15:57:47.207 725 RALLYDEBUG rally_openstack.contexts.keystone.users [-] Creating 6 users using 20 threads
2020-04-18 15:57:48.979 725 INFO rally.task.context [-] Task 4acaa081-3bdc-41f3-85b5-979d32d4b962 | Context users@openstack setup() finished in 2.48 sec
2020-04-18 15:57:48.988 725 RALLYDEBUG rally.task.runner [-] Starting the constant runner (task UUID: 4acaa081-3bdc-41f3-85b5-979d32d4b962). timeout: 0 concurrency: 4 concurrency_per_worker: 1 times: 10 concurrency_overhead: 0 processes_to_start: 4 max_cpu_used: 88
2020-04-18 15:57:49.002 1097 RALLYDEBUG rally.task.runner [-] Starting a worker. concurrency: 1 args: {} times: 10 method_name: run timeout: 0 duration: None cls:
2020-04-18 15:57:49.005 1098 RALLYDEBUG rally.task.runner [-] Starting a worker. concurrency: 1 args: {} times: 10 method_name: run timeout: 0 duration: None cls:
2020-04-18 15:57:49.007 1099 RALLYDEBUG rally.task.runner [-] Starting a worker. concurrency: 1 args: {} times: 10 method_name: run timeout: 0 duration: None cls:
2020-04-18 15:57:49.009 1097 INFO rally.task.runner [-] Task 4acaa081-3bdc-41f3-85b5-979d32d4b962 | ITER: 1 START
2020-04-18 15:57:49.010 1100 RALLYDEBUG rally.task.runner [-] Starting a worker. concurrency: 1 args: {} times: 10 method_name: run timeout: 0 duration: None cls:
2020-04-18 15:57:49.012 1098 INFO rally.task.runner [-] Task 4acaa081-3bdc-41f3-85b5-979d32d4b962 | ITER: 2 START
2020-04-18 15:57:49.014 1099 INFO rally.task.runner [-] Task 4acaa081-3bdc-41f3-85b5-979d32d4b962 | ITER: 3 START
2020-04-18 15:57:49.017 1100 INFO rally.task.runner [-] Task 4acaa081-3bdc-41f3-85b5-979d32d4b962 | ITER: 4 START
2020-04-18 15:57:50.016 1097 INFO rally.task.runner [-] Task 4acaa081-3bdc-41f3-85b5-979d32d4b962 | ITER: 1 END: OK
2020-04-18 15:57:50.020 1097 INFO rally.task.runner [-] Task 4acaa081-3bdc-41f3-85b5-979d32d4b962 | ITER: 5 START
2020-04-18 15:57:50.095 1098 INFO rally.task.runner [-] Task 4acaa081-3bdc-41f3-85b5-979d32d4b962 | ITER: 2 END: OK
2020-04-18 15:57:50.100 1098 INFO rally.task.runner [-] Task 4acaa081-3bdc-41f3-85b5-979d32d4b962 | ITER: 6 START
2020-04-18 15:57:50.257 1100 INFO rally.task.runner [-] Task 4acaa081-3bdc-41f3-85b5-979d32d4b962 | ITER: 4 END: OK
2020-04-18 15:57:50.263 1100 INFO rally.task.runner [-] Task 4acaa081-3bdc-41f3-85b5-979d32d4b962 | ITER: 7 START
2020-04-18 15:57:50.303 1099 INFO rally.task.runner [-] Task 4acaa081-3bdc-41f3-85b5-979d32d4b962 | ITER: 3 END: OK
2020-04-18 15:57:50.307 1099 INFO rally.task.runner [-] Task 4acaa081-3bdc-41f3-85b5-979d32d4b962 | ITER: 8 START
2020-04-18 15:57:50.859 1097 INFO rally.task.runner [-] Task 4acaa081-3bdc-41f3-85b5-979d32d4b962 | ITER: 5 END: OK
2020-04-18 15:57:50.863 1097 INFO rally.task.runner [-] Task 4acaa081-3bdc-41f3-85b5-979d32d4b962 | ITER: 9 START
2020-04-18 15:57:50.872 1098 INFO rally.task.runner [-] Task 4acaa081-3bdc-41f3-85b5-979d32d4b962 | ITER: 6 END: OK
2020-04-18 15:57:50.876 1098 INFO rally.task.runner [-] Task 4acaa081-3bdc-41f3-85b5-979d32d4b962 | ITER: 10 START
2020-04-18 15:57:51.022 1099 INFO rally.task.runner [-] Task 4acaa081-3bdc-41f3-85b5-979d32d4b962 | ITER: 8 END: OK
2020-04-18 15:57:51.051 1100 INFO rally.task.runner [-] Task 4acaa081-3bdc-41f3-85b5-979d32d4b962 | ITER: 7 END: OK
2020-04-18 15:57:51.477 1097 INFO rally.task.runner [-] Task 4acaa081-3bdc-41f3-85b5-979d32d4b962 | ITER: 9 END: OK
2020-04-18 15:57:51.740 1098 INFO rally.task.runner [-] Task 4acaa081-3bdc-41f3-85b5-979d32d4b962 | ITER: 10 END: OK
2020-04-18 15:57:51.761 725 INFO rally.task.context [-] Task 4acaa081-3bdc-41f3-85b5-979d32d4b962 | Context users@openstack cleanup() started
2020-04-18 15:57:55.812 725 INFO rally.task.context [-] Task 4acaa081-3bdc-41f3-85b5-979d32d4b962 | Context users@openstack cleanup() finished in 4.05 sec
2020-04-18 15:57:56.562 725 INFO rally.task.engine [-] Load duration is: 2.068072
2020-04-18 15:57:56.563 725 INFO rally.task.engine [-] Full runner duration is: 2.772974
2020-04-18 15:57:56.563 725 INFO rally.task.engine [-] Full duration is: 9.316312
2020-04-18 15:57:56.645 725 INFO rally.task.engine [-] Running workload: position = 0 config = { "version": 2, "title": "A cropped version of a bigger task.", "description": "Auto-generated task from a single workload (uuid=e3eb0c92-3e19-4e45-b5e7-ee2afa65d9ab)", "subtasks": [ { "title": "GlanceImages.create_image_and_boot_instances", "description": "Create an image and boot several instances from it.", "scenario": { "GlanceImages.create_image_and_boot_instances": { "container_format": "bare", "disk_format": "qcow2", "image_location": "/home/opnfv/functest/images/cirros-0.4.0-x86_64-disk.img", "flavor": { "name": "rally_full-flavor_c41c3d1e-78c5-4c35-8fb4-e7692ab389ae" }, "number_instances": 2, "boot_server_kwargs": { "nics": [ { "net-id": "a6b0f229-4d3f-4f6c-9b1b-e7f3b4959aa9" } ] } } }, "contexts": { "users": { "tenants": 3, "users_per_tenant": 2 }, "quotas": { "nova": { "cores": -1, "floating_ips": -1, "instances": -1, "ram": -1, "security_group_rules": -1, "security_groups": -1 } } }, "runner": { "constant": { "concurrency": 4, "times": 10 } }, "hooks": [], "sla": { "failure_rate": { "max": 0 } } } ] }
2020-04-18 15:57:56.658 725 RALLYDEBUG rally_openstack.contexts.keystone.users [-] Creating 3 tenants using 20 threads
2020-04-18 15:57:57.285 725 RALLYDEBUG rally_openstack.contexts.keystone.users [-] Creating 6 users using 20 threads
2020-04-18 15:57:58.932 725 INFO rally.task.context [-] Task 4acaa081-3bdc-41f3-85b5-979d32d4b962 | Context users@openstack setup() finished in 2.27 sec
2020-04-18 15:57:59.067 725 DEBUG novaclient.v2.client [-] REQ: curl -g -i -X PUT http://compute-airship.intel-pod17.opnfv.org/v2.1/os-quota-sets/86913acfa07644d48b38ebd6a3e857d0 -H "Accept: application/json" -H "Content-Type: application/json" -H "User-Agent: python-novaclient" -H "X-Auth-Token: {SHA1}491c61f2828f95ba699ec2af489b610d20a28ab2" -d '{"quota_set": {"ram": -1, "floating_ips": -1, "security_group_rules": -1, "instances": -1, "cores": -1, "security_groups": -1}}' _http_log_request /usr/lib/python2.7/site-packages/keystoneauth1/session.py:448
2020-04-18 15:57:59.345 725 DEBUG novaclient.v2.client [-] RESP: [200] Connection: keep-alive Content-Encoding: gzip Content-Type: application/json Date: Sat, 18 Apr 2020 15:57:59 GMT Openstack-Api-Version: compute 2.1 Transfer-Encoding: chunked Vary: Accept-Encoding, OpenStack-API-Version, X-OpenStack-Nova-API-Version X-Compute-Request-Id: req-57702101-5dc1-4b74-9429-475e69399535 X-Openstack-Nova-Api-Version: 2.1 _http_log_response /usr/lib/python2.7/site-packages/keystoneauth1/session.py:479
2020-04-18 15:57:59.346 725 DEBUG novaclient.v2.client [-] RESP BODY: {"quota_set": {"injected_file_content_bytes": 10240, "metadata_items": 128, "server_group_members": 10, "server_groups": 10, "ram": -1, "floating_ips": -1, "key_pairs": 100, "instances": -1, "security_group_rules": -1, "injected_files": 5, "cores": -1, "fixed_ips": -1, "injected_file_path_bytes": 255, "security_groups": -1}} _http_log_response /usr/lib/python2.7/site-packages/keystoneauth1/session.py:511
2020-04-18 15:57:59.346 725 DEBUG novaclient.v2.client [-] PUT call to compute for http://compute-airship.intel-pod17.opnfv.org/v2.1/os-quota-sets/86913acfa07644d48b38ebd6a3e857d0 used request id req-57702101-5dc1-4b74-9429-475e69399535 request /usr/lib/python2.7/site-packages/keystoneauth1/session.py:844
2020-04-18 15:57:59.348 725 DEBUG novaclient.v2.client [-] REQ: curl -g -i -X PUT http://compute-airship.intel-pod17.opnfv.org/v2.1/os-quota-sets/4a70ac456e0a426b965384bf04f2a937 -H "Accept: application/json" -H "Content-Type: application/json" -H "User-Agent: python-novaclient" -H "X-Auth-Token: {SHA1}491c61f2828f95ba699ec2af489b610d20a28ab2" -d '{"quota_set": {"ram": -1, "floating_ips": -1, "security_group_rules": -1, "instances": -1, "cores": -1, "security_groups": -1}}' _http_log_request /usr/lib/python2.7/site-packages/keystoneauth1/session.py:448
2020-04-18 15:57:59.473 725 DEBUG novaclient.v2.client [-] RESP: [200] Connection: keep-alive Content-Encoding: gzip Content-Type: application/json Date: Sat, 18 Apr 2020 15:57:59 GMT Openstack-Api-Version: compute 2.1 Transfer-Encoding: chunked Vary: Accept-Encoding, OpenStack-API-Version, X-OpenStack-Nova-API-Version X-Compute-Request-Id: req-2308895f-dc7f-440e-93ea-c250ef8c55d9 X-Openstack-Nova-Api-Version: 2.1 _http_log_response /usr/lib/python2.7/site-packages/keystoneauth1/session.py:479
2020-04-18 15:57:59.474 725 DEBUG novaclient.v2.client [-] RESP BODY: {"quota_set": {"injected_file_content_bytes": 10240, "metadata_items": 128, "server_group_members": 10, "server_groups": 10, "ram": -1, "floating_ips": -1, "key_pairs": 100, "instances": -1, "security_group_rules": -1, "injected_files": 5, "cores": -1, "fixed_ips": -1, "injected_file_path_bytes": 255, "security_groups": -1}} _http_log_response /usr/lib/python2.7/site-packages/keystoneauth1/session.py:511
2020-04-18 15:57:59.474 725 DEBUG novaclient.v2.client [-] PUT call to compute for http://compute-airship.intel-pod17.opnfv.org/v2.1/os-quota-sets/4a70ac456e0a426b965384bf04f2a937 used request id req-2308895f-dc7f-440e-93ea-c250ef8c55d9 request /usr/lib/python2.7/site-packages/keystoneauth1/session.py:844
2020-04-18 15:57:59.475 725 DEBUG novaclient.v2.client [-] REQ: curl -g -i -X PUT http://compute-airship.intel-pod17.opnfv.org/v2.1/os-quota-sets/90fb468520de434c8b44c86eb939bfea -H "Accept: application/json" -H "Content-Type: application/json" -H "User-Agent: python-novaclient" -H "X-Auth-Token: {SHA1}491c61f2828f95ba699ec2af489b610d20a28ab2" -d '{"quota_set": {"ram": -1, "floating_ips": -1, "security_group_rules": -1, "instances": -1, "cores": -1, "security_groups": -1}}' _http_log_request /usr/lib/python2.7/site-packages/keystoneauth1/session.py:448
2020-04-18 15:57:59.585 725 DEBUG novaclient.v2.client [-] RESP: [200] Connection: keep-alive Content-Encoding: gzip Content-Type: application/json Date: Sat, 18 Apr 2020 15:57:59 GMT Openstack-Api-Version: compute 2.1 Transfer-Encoding: chunked Vary: Accept-Encoding, OpenStack-API-Version, X-OpenStack-Nova-API-Version X-Compute-Request-Id: req-e13c9ab6-bf04-4a5b-bb37-fd09d811ffd5 X-Openstack-Nova-Api-Version: 2.1 _http_log_response /usr/lib/python2.7/site-packages/keystoneauth1/session.py:479
2020-04-18 15:57:59.586 725 DEBUG novaclient.v2.client [-] RESP BODY: {"quota_set": {"injected_file_content_bytes": 10240, "metadata_items": 128, "server_group_members": 10, "server_groups": 10, "ram": -1, "floating_ips": -1, "key_pairs": 100, "instances": -1, "security_group_rules": -1, "injected_files": 5, "cores": -1, "fixed_ips": -1, "injected_file_path_bytes": 255, "security_groups": -1}} _http_log_response /usr/lib/python2.7/site-packages/keystoneauth1/session.py:511
2020-04-18 15:57:59.586 725 DEBUG novaclient.v2.client [-] PUT call to compute for http://compute-airship.intel-pod17.opnfv.org/v2.1/os-quota-sets/90fb468520de434c8b44c86eb939bfea used request id req-e13c9ab6-bf04-4a5b-bb37-fd09d811ffd5 request /usr/lib/python2.7/site-packages/keystoneauth1/session.py:844
2020-04-18 15:57:59.587 725 INFO rally.task.context [-] Task 4acaa081-3bdc-41f3-85b5-979d32d4b962 | Context quotas@openstack setup() finished in 0.65 sec
2020-04-18 15:57:59.588 725 INFO rally.task.context [-] Task 4acaa081-3bdc-41f3-85b5-979d32d4b962 | Context cleanup@openstack setup() finished in 0.02 msec
2020-04-18 15:57:59.690 725 DEBUG novaclient.v2.client [-] REQ: curl -g -i -X GET http://compute-airship.intel-pod17.opnfv.org/v2.1/flavors/detail -H "Accept: application/json" -H "User-Agent: python-novaclient" -H "X-Auth-Token: {SHA1}8829a8e4dbcb0c1d137955713fc07a6265e1f629" _http_log_request /usr/lib/python2.7/site-packages/keystoneauth1/session.py:448
2020-04-18 15:57:59.836 725 DEBUG novaclient.v2.client [-] RESP: [200] Connection: keep-alive Content-Encoding: gzip Content-Type: application/json Date: Sat, 18 Apr 2020 15:57:59 GMT Openstack-Api-Version: compute 2.1 Transfer-Encoding: chunked Vary: Accept-Encoding, OpenStack-API-Version, X-OpenStack-Nova-API-Version X-Compute-Request-Id: req-c7839846-38b3-4cbc-b935-900200ef5d98 X-Openstack-Nova-Api-Version: 2.1 _http_log_response /usr/lib/python2.7/site-packages/keystoneauth1/session.py:479
2020-04-18 15:57:59.837 725 DEBUG novaclient.v2.client [-] RESP BODY: {"flavors": [{"links": [{"href": "http://compute-airship.intel-pod17.opnfv.org/v2.1/flavors/195a7146-380f-41fc-bfc7-9c8dda2b2bcb", "rel": "self"}, {"href": "http://compute-airship.intel-pod17.opnfv.org/flavors/195a7146-380f-41fc-bfc7-9c8dda2b2bcb", "rel": "bookmark"}], "ram": 2048, "OS-FLV-DISABLED:disabled": false, "os-flavor-access:is_public": true, "rxtx_factor": 1.0, "disk": 20, "id": "195a7146-380f-41fc-bfc7-9c8dda2b2bcb", "name": "m1.small", "vcpus": 1, "swap": "", "OS-FLV-EXT-DATA:ephemeral": 0}, {"links": [{"href": "http://compute-airship.intel-pod17.opnfv.org/v2.1/flavors/8d0c58c5-da33-40d3-be21-a847e5f3d029", "rel": "self"}, {"href": "http://compute-airship.intel-pod17.opnfv.org/flavors/8d0c58c5-da33-40d3-be21-a847e5f3d029", "rel": "bookmark"}], "ram": 1024, "OS-FLV-DISABLED:disabled": false, "os-flavor-access:is_public": true, "rxtx_factor": 1.0, "disk": 1, "id": "8d0c58c5-da33-40d3-be21-a847e5f3d029", "name": "rally_full-flavor_alt_c41c3d1e-78c5-4c35-8fb4-e7692ab389ae", "vcpus": 1, "swap": "", "OS-FLV-EXT-DATA:ephemeral": 0}, {"links": [{"href": "http://compute-airship.intel-pod17.opnfv.org/v2.1/flavors/bce434b0-33a7-429e-a266-218ec9b83795", "rel": "self"}, {"href": "http://compute-airship.intel-pod17.opnfv.org/flavors/bce434b0-33a7-429e-a266-218ec9b83795", "rel": "bookmark"}], "ram": 16384, "OS-FLV-DISABLED:disabled": false, "os-flavor-access:is_public": true, "rxtx_factor": 1.0, "disk": 160, "id": "bce434b0-33a7-429e-a266-218ec9b83795", "name": "m1.xlarge", "vcpus": 8, "swap": "", "OS-FLV-EXT-DATA:ephemeral": 0}, {"links": [{"href": "http://compute-airship.intel-pod17.opnfv.org/v2.1/flavors/bdbb4c06-8389-4a4f-9266-f66add902f4d", "rel": "self"}, {"href": "http://compute-airship.intel-pod17.opnfv.org/flavors/bdbb4c06-8389-4a4f-9266-f66add902f4d", "rel": "bookmark"}], "ram": 8192, "OS-FLV-DISABLED:disabled": false, "os-flavor-access:is_public": true, "rxtx_factor": 1.0, "disk": 80, "id": "bdbb4c06-8389-4a4f-9266-f66add902f4d", "name": "m1.large", "vcpus": 4, "swap": "", "OS-FLV-EXT-DATA:ephemeral": 0}, {"links": [{"href": "http://compute-airship.intel-pod17.opnfv.org/v2.1/flavors/cf6dda75-285e-4576-8eb9-7580e1fe3a8b", "rel": "self"}, {"href": "http://compute-airship.intel-pod17.opnfv.org/flavors/cf6dda75-285e-4576-8eb9-7580e1fe3a8b", "rel": "bookmark"}], "ram": 4096, "OS-FLV-DISABLED:disabled": false, "os-flavor-access:is_public": true, "rxtx_factor": 1.0, "disk": 40, "id": "cf6dda75-285e-4576-8eb9-7580e1fe3a8b", "name": "m1.medium", "vcpus": 2, "swap": "", "OS-FLV-EXT-DATA:ephemeral": 0}, {"links": [{"href": "http://compute-airship.intel-pod17.opnfv.org/v2.1/flavors/e24503f4-8c28-41d4-b393-bf7cc480a3a9", "rel": "self"}, {"href": "http://compute-airship.intel-pod17.opnfv.org/flavors/e24503f4-8c28-41d4-b393-bf7cc480a3a9", "rel": "bookmark"}], "ram": 512, "OS-FLV-DISABLED:disabled": false, "os-flavor-access:is_public": true, "rxtx_factor": 1.0, "disk": 1, "id": "e24503f4-8c28-41d4-b393-bf7cc480a3a9", "name": "m1.tiny", "vcpus": 1, "swap": "", "OS-FLV-EXT-DATA:ephemeral": 0}, {"links": [{"href": "http://compute-airship.intel-pod17.opnfv.org/v2.1/flavors/eb457de3-be00-4260-91d5-b363a76e808c", "rel": "self"}, {"href": "http://compute-airship.intel-pod17.opnfv.org/flavors/eb457de3-be00-4260-91d5-b363a76e808c", "rel": "bookmark"}], "ram": 512, "OS-FLV-DISABLED:disabled": false, "os-flavor-access:is_public": true, "rxtx_factor": 1.0, "disk": 1, "id": "eb457de3-be00-4260-91d5-b363a76e808c", "name": "rally_full-flavor_c41c3d1e-78c5-4c35-8fb4-e7692ab389ae", "vcpus": 1, "swap": "", "OS-FLV-EXT-DATA:ephemeral": 0}]} _http_log_response /usr/lib/python2.7/site-packages/keystoneauth1/session.py:511
2020-04-18 15:57:59.837 725 DEBUG novaclient.v2.client [-] GET call to compute for http://compute-airship.intel-pod17.opnfv.org/v2.1/flavors/detail used request id req-c7839846-38b3-4cbc-b935-900200ef5d98 request /usr/lib/python2.7/site-packages/keystoneauth1/session.py:844
2020-04-18 15:57:59.839 725 RALLYDEBUG rally.task.runner [-] Starting the constant runner (task UUID: 4acaa081-3bdc-41f3-85b5-979d32d4b962). timeout: 0 concurrency: 4 concurrency_per_worker: 1 times: 10 concurrency_overhead: 0 processes_to_start: 4 max_cpu_used: 88
2020-04-18 15:57:59.851 1201 RALLYDEBUG rally.task.runner [-] Starting a worker. concurrency: 1 args: {"container_format": "bare", "disk_format": "qcow2", "image_location": "/home/opnfv/functest/images/cirros-0.4.0-x86_64-disk.img", "flavor": "eb457de3-be00-4260-91d5-b363a76e808c", "number_instances": 2, "boot_server_kwargs": {"nics": [{"net-id": "a6b0f229-4d3f-4f6c-9b1b-e7f3b4959aa9"}]}} times: 10 method_name: run timeout: 0 duration: None cls:
2020-04-18 15:57:59.854 1202 RALLYDEBUG rally.task.runner [-] Starting a worker. concurrency: 1 args: {"container_format": "bare", "disk_format": "qcow2", "image_location": "/home/opnfv/functest/images/cirros-0.4.0-x86_64-disk.img", "flavor": "eb457de3-be00-4260-91d5-b363a76e808c", "number_instances": 2, "boot_server_kwargs": {"nics": [{"net-id": "a6b0f229-4d3f-4f6c-9b1b-e7f3b4959aa9"}]}} times: 10 method_name: run timeout: 0 duration: None cls:
2020-04-18 15:57:59.857 1203 RALLYDEBUG rally.task.runner [-] Starting a worker. concurrency: 1 args: {"container_format": "bare", "disk_format": "qcow2", "image_location": "/home/opnfv/functest/images/cirros-0.4.0-x86_64-disk.img", "flavor": "eb457de3-be00-4260-91d5-b363a76e808c", "number_instances": 2, "boot_server_kwargs": {"nics": [{"net-id": "a6b0f229-4d3f-4f6c-9b1b-e7f3b4959aa9"}]}} times: 10 method_name: run timeout: 0 duration: None cls:
2020-04-18 15:57:59.858 1201 INFO rally.task.runner [-] Task 4acaa081-3bdc-41f3-85b5-979d32d4b962 | ITER: 1 START
2020-04-18 15:57:59.860 1204 RALLYDEBUG rally.task.runner [-] Starting a worker. concurrency: 1 args: {"container_format": "bare", "disk_format": "qcow2", "image_location": "/home/opnfv/functest/images/cirros-0.4.0-x86_64-disk.img", "flavor": "eb457de3-be00-4260-91d5-b363a76e808c", "number_instances": 2, "boot_server_kwargs": {"nics": [{"net-id": "a6b0f229-4d3f-4f6c-9b1b-e7f3b4959aa9"}]}} times: 10 method_name: run timeout: 0 duration: None cls:
2020-04-18 15:57:59.862 1202 INFO rally.task.runner [-] Task 4acaa081-3bdc-41f3-85b5-979d32d4b962 | ITER: 2 START
2020-04-18 15:57:59.864 1203 INFO rally.task.runner [-] Task 4acaa081-3bdc-41f3-85b5-979d32d4b962 | ITER: 3 START
2020-04-18 15:57:59.867 1204 INFO rally.task.runner [-] Task 4acaa081-3bdc-41f3-85b5-979d32d4b962 | ITER: 4 START
2020-04-18 15:58:02.719 1201 RALLYDEBUG rally.task.utils [-] Waiting for resource u'9d753e5d-f0b3-412e-8670-cd6d2c71f8ea'. Status changed: NONE => QUEUED in 0.0749690532684
2020-04-18 15:58:02.817 1202 RALLYDEBUG rally.task.utils [-] Waiting for resource u'acf8cbd7-c753-4b83-a28e-3cb8016afe84'. Status changed: NONE => QUEUED in 0.072685956955
2020-04-18 15:58:02.888 1203 RALLYDEBUG rally.task.utils [-] Waiting for resource u'ca7607ad-2a27-4d3e-bb46-1a0704e24ded'. Status changed: NONE => QUEUED in 0.0726408958435
2020-04-18 15:58:03.097 1204 RALLYDEBUG rally.task.utils [-] Waiting for resource u'f41ede0b-d5f4-468c-a207-cea9e1f8b493'. Status changed: NONE => QUEUED in 0.118232011795
2020-04-18 15:58:04.300 1201 RALLYDEBUG rally.task.utils [-] Waiting for resource s_rally_e3eb0c92_jWMkRqYg. Status changed: QUEUED => ACTIVE in 0.0379710197449
2020-04-18 15:58:04.308 1201 DEBUG novaclient.v2.client [-] REQ: curl -g -i -X POST http://compute-airship.intel-pod17.opnfv.org/v2.1/servers -H "Accept: application/json" -H "Content-Type: application/json" -H "User-Agent: python-novaclient" -H "X-Auth-Token: {SHA1}fcd39b94d20055d19e5115848cb7de292701f0ba" -d '{"server": {"name": "s_rally_e3eb0c92_1EvtRIwp_0", "imageRef": "9d753e5d-f0b3-412e-8670-cd6d2c71f8ea", "flavorRef": "eb457de3-be00-4260-91d5-b363a76e808c", "max_count": 1, "min_count": 1, "networks": [{"uuid": "a6b0f229-4d3f-4f6c-9b1b-e7f3b4959aa9"}]}}' _http_log_request /usr/lib/python2.7/site-packages/keystoneauth1/session.py:448
2020-04-18 15:58:04.342 1202 RALLYDEBUG rally.task.utils [-] Waiting for resource s_rally_e3eb0c92_DyF0nfNj. Status changed: QUEUED => ACTIVE in 0.0423181056976
2020-04-18 15:58:04.349 1202 DEBUG novaclient.v2.client [-] REQ: curl -g -i -X POST http://compute-airship.intel-pod17.opnfv.org/v2.1/servers -H "Accept: application/json" -H "Content-Type: application/json" -H "User-Agent: python-novaclient" -H "X-Auth-Token: {SHA1}4964793dbc660c4c5c072bb87a41d812d07d467c" -d '{"server": {"name": "s_rally_e3eb0c92_xcyHqGlx_0", "imageRef": "acf8cbd7-c753-4b83-a28e-3cb8016afe84", "flavorRef": "eb457de3-be00-4260-91d5-b363a76e808c", "max_count": 1, "min_count": 1, "networks": [{"uuid": "a6b0f229-4d3f-4f6c-9b1b-e7f3b4959aa9"}]}}' _http_log_request /usr/lib/python2.7/site-packages/keystoneauth1/session.py:448
2020-04-18 15:58:04.528 1203 RALLYDEBUG rally.task.utils [-] Waiting for resource s_rally_e3eb0c92_q9rDlZau. Status changed: QUEUED => ACTIVE in 0.0473320484161
2020-04-18 15:58:04.534 1203 DEBUG novaclient.v2.client [-] REQ: curl -g -i -X POST http://compute-airship.intel-pod17.opnfv.org/v2.1/servers -H "Accept: application/json" -H "Content-Type: application/json" -H "User-Agent: python-novaclient" -H "X-Auth-Token: {SHA1}d39aca47c0f2749bec83e4c27e51bf37ec9373ec" -d '{"server": {"name": "s_rally_e3eb0c92_YTXnFiLu_0", "imageRef": "ca7607ad-2a27-4d3e-bb46-1a0704e24ded", "flavorRef": "eb457de3-be00-4260-91d5-b363a76e808c", "max_count": 1, "min_count": 1, "networks": [{"uuid": "a6b0f229-4d3f-4f6c-9b1b-e7f3b4959aa9"}]}}' _http_log_request /usr/lib/python2.7/site-packages/keystoneauth1/session.py:448
2020-04-18 15:58:04.579 1204 RALLYDEBUG rally.task.utils [-] Waiting for resource s_rally_e3eb0c92_lbRbKjyf. Status changed: QUEUED => ACTIVE in 0.0574018955231
2020-04-18 15:58:04.587 1204 DEBUG novaclient.v2.client [-] REQ: curl -g -i -X POST http://compute-airship.intel-pod17.opnfv.org/v2.1/servers -H "Accept: application/json" -H "Content-Type: application/json" -H "User-Agent: python-novaclient" -H "X-Auth-Token: {SHA1}b3f830d3fdd929d8304f619972e0cb9123638e8f" -d '{"server": {"name": "s_rally_e3eb0c92_vaxibq02_0", "imageRef": "f41ede0b-d5f4-468c-a207-cea9e1f8b493", "flavorRef": "eb457de3-be00-4260-91d5-b363a76e808c", "max_count": 1, "min_count": 1, "networks": [{"uuid": "a6b0f229-4d3f-4f6c-9b1b-e7f3b4959aa9"}]}}' _http_log_request /usr/lib/python2.7/site-packages/keystoneauth1/session.py:448
2020-04-18 15:58:05.133 1201 DEBUG novaclient.v2.client [-] RESP: [202] Connection: keep-alive Content-Length: 416 Content-Type: application/json Date: Sat, 18 Apr 2020 15:58:05 GMT Location: http://compute-airship.intel-pod17.opnfv.org/v2.1/servers/f1c1640d-cdc0-4001-9d41-6b9e6abcb179 Openstack-Api-Version: compute 2.1 Vary: OpenStack-API-Version, X-OpenStack-Nova-API-Version X-Compute-Request-Id: req-5ae9d7a1-c0e9-43d9-bd0a-d410c2924449 X-Openstack-Nova-Api-Version: 2.1 _http_log_response /usr/lib/python2.7/site-packages/keystoneauth1/session.py:479
2020-04-18 15:58:05.133 1201 DEBUG novaclient.v2.client [-] RESP BODY: {"server": {"security_groups": [{"name": "default"}], "OS-DCF:diskConfig": "MANUAL", "id": "f1c1640d-cdc0-4001-9d41-6b9e6abcb179", "links": [{"href": "http://compute-airship.intel-pod17.opnfv.org/v2.1/servers/f1c1640d-cdc0-4001-9d41-6b9e6abcb179", "rel": "self"}, {"href": "http://compute-airship.intel-pod17.opnfv.org/servers/f1c1640d-cdc0-4001-9d41-6b9e6abcb179", "rel": "bookmark"}], "adminPass": "YpDHdpWrG3up"}} _http_log_response /usr/lib/python2.7/site-packages/keystoneauth1/session.py:511
2020-04-18 15:58:05.134 1201 DEBUG novaclient.v2.client [-] POST call to compute for http://compute-airship.intel-pod17.opnfv.org/v2.1/servers used request id req-5ae9d7a1-c0e9-43d9-bd0a-d410c2924449 request /usr/lib/python2.7/site-packages/keystoneauth1/session.py:844
2020-04-18 15:58:05.136 1201 DEBUG novaclient.v2.client [-] REQ: curl -g -i -X POST http://compute-airship.intel-pod17.opnfv.org/v2.1/servers -H "Accept: application/json" -H "Content-Type: application/json" -H "User-Agent: python-novaclient" -H "X-Auth-Token: {SHA1}fcd39b94d20055d19e5115848cb7de292701f0ba" -d '{"server": {"name": "s_rally_e3eb0c92_1EvtRIwp_1", "imageRef": "9d753e5d-f0b3-412e-8670-cd6d2c71f8ea", "flavorRef": "eb457de3-be00-4260-91d5-b363a76e808c", "max_count": 1, "min_count": 1, "networks": [{"uuid": "a6b0f229-4d3f-4f6c-9b1b-e7f3b4959aa9"}]}}' _http_log_request /usr/lib/python2.7/site-packages/keystoneauth1/session.py:448
2020-04-18 15:58:05.285 1204 DEBUG novaclient.v2.client [-] RESP: [202] Connection: keep-alive Content-Length: 416 Content-Type: application/json Date: Sat, 18 Apr 2020 15:58:05 GMT Location: http://compute-airship.intel-pod17.opnfv.org/v2.1/servers/1d455073-7330-4d95-8ff5-d5d0603eb3e0 Openstack-Api-Version: compute 2.1 Vary: OpenStack-API-Version, X-OpenStack-Nova-API-Version X-Compute-Request-Id: req-f2a29537-97a4-4074-be47-4e950f1f695e X-Openstack-Nova-Api-Version: 2.1 _http_log_response /usr/lib/python2.7/site-packages/keystoneauth1/session.py:479
2020-04-18 15:58:05.286 1204 DEBUG novaclient.v2.client [-] RESP BODY: {"server": {"security_groups": [{"name": "default"}], "OS-DCF:diskConfig": "MANUAL", "id": "1d455073-7330-4d95-8ff5-d5d0603eb3e0", "links": [{"href": "http://compute-airship.intel-pod17.opnfv.org/v2.1/servers/1d455073-7330-4d95-8ff5-d5d0603eb3e0", "rel": "self"}, {"href": "http://compute-airship.intel-pod17.opnfv.org/servers/1d455073-7330-4d95-8ff5-d5d0603eb3e0", "rel": "bookmark"}], "adminPass": "mV2KHnFZsmjv"}} _http_log_response /usr/lib/python2.7/site-packages/keystoneauth1/session.py:511
2020-04-18 15:58:05.286 1204 DEBUG novaclient.v2.client [-] POST call to compute for http://compute-airship.intel-pod17.opnfv.org/v2.1/servers used request id req-f2a29537-97a4-4074-be47-4e950f1f695e request /usr/lib/python2.7/site-packages/keystoneauth1/session.py:844
2020-04-18 15:58:05.289 1204 DEBUG novaclient.v2.client [-] REQ: curl -g -i -X POST http://compute-airship.intel-pod17.opnfv.org/v2.1/servers -H "Accept: application/json" -H "Content-Type: application/json" -H "User-Agent: python-novaclient" -H "X-Auth-Token: {SHA1}b3f830d3fdd929d8304f619972e0cb9123638e8f" -d '{"server": {"name": "s_rally_e3eb0c92_vaxibq02_1", "imageRef": "f41ede0b-d5f4-468c-a207-cea9e1f8b493", "flavorRef": "eb457de3-be00-4260-91d5-b363a76e808c", "max_count": 1, "min_count": 1, "networks": [{"uuid": "a6b0f229-4d3f-4f6c-9b1b-e7f3b4959aa9"}]}}' _http_log_request /usr/lib/python2.7/site-packages/keystoneauth1/session.py:448
2020-04-18 15:58:05.349 1202 DEBUG novaclient.v2.client [-] RESP: [202] Connection: keep-alive Content-Length: 416 Content-Type: application/json Date: Sat, 18 Apr 2020 15:58:05 GMT Location: http://compute-airship.intel-pod17.opnfv.org/v2.1/servers/a78675ec-50d1-496e-9cb9-64ab7a9b7475 Openstack-Api-Version: compute 2.1 Vary: OpenStack-API-Version, X-OpenStack-Nova-API-Version X-Compute-Request-Id: req-21cf0e9f-b745-47bb-8e73-5e962a0702e5 X-Openstack-Nova-Api-Version: 2.1 _http_log_response /usr/lib/python2.7/site-packages/keystoneauth1/session.py:479
2020-04-18 15:58:05.349 1202 DEBUG novaclient.v2.client [-] RESP BODY: {"server": {"security_groups": [{"name": "default"}], "OS-DCF:diskConfig": "MANUAL", "id": "a78675ec-50d1-496e-9cb9-64ab7a9b7475", "links": [{"href": "http://compute-airship.intel-pod17.opnfv.org/v2.1/servers/a78675ec-50d1-496e-9cb9-64ab7a9b7475", "rel": "self"}, {"href": "http://compute-airship.intel-pod17.opnfv.org/servers/a78675ec-50d1-496e-9cb9-64ab7a9b7475", "rel": "bookmark"}], "adminPass": "bU3wvSQe6isb"}} _http_log_response /usr/lib/python2.7/site-packages/keystoneauth1/session.py:511
2020-04-18 15:58:05.350 1202 DEBUG novaclient.v2.client [-] POST call to compute for http://compute-airship.intel-pod17.opnfv.org/v2.1/servers used request id req-21cf0e9f-b745-47bb-8e73-5e962a0702e5 request /usr/lib/python2.7/site-packages/keystoneauth1/session.py:844
2020-04-18 15:58:05.352 1202 DEBUG novaclient.v2.client [-] REQ: curl -g -i -X POST http://compute-airship.intel-pod17.opnfv.org/v2.1/servers -H "Accept: application/json" -H "Content-Type: application/json" -H "User-Agent: python-novaclient" -H "X-Auth-Token: {SHA1}4964793dbc660c4c5c072bb87a41d812d07d467c" -d '{"server": {"name": "s_rally_e3eb0c92_xcyHqGlx_1", "imageRef": "acf8cbd7-c753-4b83-a28e-3cb8016afe84", "flavorRef": "eb457de3-be00-4260-91d5-b363a76e808c", "max_count": 1, "min_count": 1, "networks": [{"uuid": "a6b0f229-4d3f-4f6c-9b1b-e7f3b4959aa9"}]}}' _http_log_request /usr/lib/python2.7/site-packages/keystoneauth1/session.py:448
2020-04-18 15:58:05.415 1203 DEBUG novaclient.v2.client [-] RESP: [202] Connection: keep-alive Content-Length: 416 Content-Type: application/json Date: Sat, 18 Apr 2020 15:58:05 GMT Location: http://compute-airship.intel-pod17.opnfv.org/v2.1/servers/d047d204-97bf-49e8-a6e7-b94b06ac6719 Openstack-Api-Version: compute 2.1 Vary: OpenStack-API-Version, X-OpenStack-Nova-API-Version X-Compute-Request-Id: req-13233da0-cda9-4535-875c-da8a60b27ef3 X-Openstack-Nova-Api-Version: 2.1 _http_log_response /usr/lib/python2.7/site-packages/keystoneauth1/session.py:479
2020-04-18 15:58:05.416 1203 DEBUG novaclient.v2.client [-] RESP BODY: {"server": {"security_groups": [{"name": "default"}], "OS-DCF:diskConfig": "MANUAL", "id": "d047d204-97bf-49e8-a6e7-b94b06ac6719", "links": [{"href": "http://compute-airship.intel-pod17.opnfv.org/v2.1/servers/d047d204-97bf-49e8-a6e7-b94b06ac6719", "rel": "self"}, {"href": "http://compute-airship.intel-pod17.opnfv.org/servers/d047d204-97bf-49e8-a6e7-b94b06ac6719", "rel": "bookmark"}], "adminPass": "TEsDPx7rjRnh"}} _http_log_response /usr/lib/python2.7/site-packages/keystoneauth1/session.py:511
2020-04-18 15:58:05.417 1203 DEBUG novaclient.v2.client [-] POST call to compute for http://compute-airship.intel-pod17.opnfv.org/v2.1/servers used request id req-13233da0-cda9-4535-875c-da8a60b27ef3 request /usr/lib/python2.7/site-packages/keystoneauth1/session.py:844
