2020-04-07 19:17:12.524 15 RALLYDEBUG rally_openstack.cleanup.manager [-] Deleting neutron.port object s_rally_f470693f_5VDhQrsg (8b71ce46-ef5b-4add-8889-6c86c87e43c1)
2020-04-07 19:17:12.667 15 RALLYDEBUG rally_openstack.cleanup.manager [-] Deleting neutron.port object s_rally_f470693f_sBMp80CB (8ed26f6c-204c-4593-9ece-c7daeac69565)
2020-04-07 19:17:12.676 15 RALLYDEBUG rally_openstack.cleanup.manager [-] Deleting neutron.port object s_rally_f470693f_Om7UCEA4 (9294c87d-da9d-4f3a-b19a-9e0c2cda0b27)
2020-04-07 19:17:12.892 15 RALLYDEBUG rally_openstack.cleanup.manager [-] Deleting neutron.port object s_rally_f470693f_LYnQ5efP (9417a631-3338-45c9-ad41-77b1e9a5ebfe)
2020-04-07 19:17:12.920 15 RALLYDEBUG rally_openstack.cleanup.manager [-] Deleting neutron.port object s_rally_f470693f_kUzxMlkF (94ab84eb-f659-4e27-9784-6fd1287ec7b5)
2020-04-07 19:17:13.058 15 RALLYDEBUG rally_openstack.cleanup.manager [-] Deleting neutron.port object s_rally_f470693f_O74dywzO (95492539-b340-4a2e-984e-ffa6f023e005)
2020-04-07 19:17:13.226 15 RALLYDEBUG rally_openstack.cleanup.manager [-] Deleting neutron.port object s_rally_f470693f_892h1YNC (97c6f453-b009-4050-aa75-1a9ceaf09806)
2020-04-07 19:17:13.240 15 RALLYDEBUG rally_openstack.cleanup.manager [-] Deleting neutron.port object s_rally_f470693f_rH2F7afe (980a8197-71c9-4be8-a96e-336e96a50944)
2020-04-07 19:17:13.669 15 RALLYDEBUG rally_openstack.cleanup.manager [-] Deleting neutron.port object s_rally_f470693f_MPjUbZhy (99f19dbb-3594-40fa-843a-9a6c2fe528e7)
2020-04-07 19:17:13.698 15 RALLYDEBUG rally_openstack.cleanup.manager [-] Deleting neutron.port object s_rally_f470693f_hBjzbyIw (9c574bda-823c-4218-b52a-d49648d0bc5a)
2020-04-07 19:17:14.048 15 RALLYDEBUG rally_openstack.cleanup.manager [-] Deleting neutron.port object s_rally_f470693f_odTrtaSZ (9d1079e6-208a-44f6-a9b5-a339d26c34c0)
2020-04-07 19:17:14.067 15 RALLYDEBUG rally_openstack.cleanup.manager [-] Deleting neutron.port object s_rally_f470693f_gcS0TfIV (9f0df78a-1bc6-4f9b-a32c-745d1ca75e8a)
2020-04-07 19:17:14.317 15 RALLYDEBUG rally_openstack.cleanup.manager [-] Deleting neutron.port object s_rally_f470693f_HlTd6t5x (9f325b17-a748-49ce-a245-de3457a1a9c4)
2020-04-07 19:17:14.503 15 RALLYDEBUG rally_openstack.cleanup.manager [-] Deleting neutron.port object s_rally_f470693f_OxfdWTqJ (9f6813c3-014e-4a3b-b1b7-08e2c9a10838)
2020-04-07 19:17:14.551 15 RALLYDEBUG rally_openstack.cleanup.manager [-] Deleting neutron.port object s_rally_f470693f_TzqBJnPF (a04231b3-497b-4304-aec0-d19da86bc79e)
2020-04-07 19:17:14.697 15 RALLYDEBUG rally_openstack.cleanup.manager [-] Deleting neutron.port object s_rally_f470693f_X0HLk61S (a110e1b4-b96d-4104-a99a-e6d9122c720a)
2020-04-07 19:17:14.827 15 RALLYDEBUG rally_openstack.cleanup.manager [-] Deleting neutron.port object s_rally_f470693f_MFApLmJn (a19b240e-e105-4e0b-9249-2a97f5b3b83e)
2020-04-07 19:17:15.228 15 RALLYDEBUG rally_openstack.cleanup.manager [-] Deleting neutron.port object s_rally_f470693f_LtHq7mQO (a3ae32bc-b256-42d0-8cb3-b5628e63b16b)
2020-04-07 19:17:15.752 15 RALLYDEBUG rally_openstack.cleanup.manager [-] Deleting neutron.port object s_rally_f470693f_C90nYU1L (a3fba73b-db71-4504-81a0-5f4454e240c9)
2020-04-07 19:17:15.879 15 RALLYDEBUG rally_openstack.cleanup.manager [-] Deleting neutron.port object s_rally_f470693f_QU4PeXHh (a44d3e9e-21d1-4876-8929-4637e8dbc887)
2020-04-07 19:17:15.981 15 RALLYDEBUG rally_openstack.cleanup.manager [-] Deleting neutron.port object s_rally_f470693f_kpSRo0hr (a5c3ab0d-75d2-4c96-8e66-bc39da1ab50f)
2020-04-07 19:17:16.261 15 RALLYDEBUG rally_openstack.cleanup.manager [-] Deleting neutron.port object s_rally_f470693f_WmEPYZSG (a5cc8659-2943-4f44-9b02-6e9c93f09d63)
2020-04-07 19:17:16.418 15 RALLYDEBUG rally_openstack.cleanup.manager [-] Deleting neutron.port object s_rally_f470693f_BeqpGd60 (a60ac53a-63b4-4721-9ddd-1ddc072b5cad)
2020-04-07 19:17:16.461 15 RALLYDEBUG rally_openstack.cleanup.manager [-] Deleting neutron.port object s_rally_f470693f_zwSrR7Ep (a698c9cc-563c-4691-a08a-e8b8cb525f8b)
2020-04-07 19:17:16.644 15 RALLYDEBUG rally_openstack.cleanup.manager [-] Deleting neutron.port object s_rally_f470693f_ZtC1FhcW (a6b8294b-a9c1-464d-8283-1ee410b64743)
2020-04-07 19:17:16.989 15 RALLYDEBUG rally_openstack.cleanup.manager [-] Deleting neutron.port object s_rally_f470693f_73HIfdwh (a76dacb8-6853-48b8-bc37-85573fbdb633)
2020-04-07 19:17:17.668 15 RALLYDEBUG rally_openstack.cleanup.manager [-] Deleting neutron.port object s_rally_f470693f_g3YxM0GL (a7bceab6-9f34-4b4d-8989-b9aaca01e8d1)
2020-04-07 19:17:19.120 15 RALLYDEBUG rally_openstack.cleanup.manager [-] Deleting neutron.port object s_rally_f470693f_ur6fIyHu (aa8feeaa-f411-4a23-bcdd-408883affe20)
2020-04-07 19:17:19.409 15 RALLYDEBUG rally_openstack.cleanup.manager [-] Deleting neutron.port object s_rally_f470693f_gaAp5CDS (ab71cde1-dc47-4933-8fe6-0ca27383400c)
2020-04-07 19:17:21.116 15 RALLYDEBUG rally_openstack.cleanup.manager [-] Deleting neutron.port object s_rally_f470693f_OYgHIrbP (ab9bab3c-101c-4fc6-9739-e9eba52375db)
2020-04-07 19:17:21.506 15 RALLYDEBUG rally_openstack.cleanup.manager [-] Deleting neutron.port object s_rally_f470693f_PJbE4fNs (acdebcd2-91b6-4757-b44f-bd2d49e20949)
2020-04-07 19:17:25.216 15 RALLYDEBUG rally_openstack.cleanup.manager [-] Deleting neutron.port object s_rally_f470693f_flJ3QWdb (ad32185b-e3df-450b-b558-769dcfe24a15)
2020-04-07 19:17:31.363 15 RALLYDEBUG rally_openstack.cleanup.manager [-] Deleting neutron.port object s_rally_f470693f_4hzxVILx (ad4944dd-e64a-4840-9d91-400bea1430a1)
2020-04-07 19:17:33.350 15 RALLYDEBUG rally_openstack.cleanup.manager [-] Deleting neutron.port object s_rally_f470693f_4uppb7qF (b3b3f5c5-87d8-480c-b14c-520389628012)
2020-04-07 19:17:34.179 15 RALLYDEBUG rally_openstack.cleanup.manager [-] Deleting neutron.port object s_rally_f470693f_HV9QF8B9 (b3fece55-53ea-46c7-9562-ea4101d0cd86)
2020-04-07 19:17:35.234 15 RALLYDEBUG rally_openstack.cleanup.manager [-] Deleting neutron.port object s_rally_f470693f_TzNOTzBK (b7dedb0e-5a67-40cd-814f-2592c1ea4eac)
2020-04-07 19:17:35.946 15 RALLYDEBUG rally_openstack.cleanup.manager [-] Deleting neutron.port object s_rally_f470693f_Pv8SH53R (b9086d5f-b003-4315-9155-ec7049ee6978)
2020-04-07 19:17:37.094 15 RALLYDEBUG rally_openstack.cleanup.manager [-] Deleting neutron.port object s_rally_f470693f_R7ZuvcAX (bb378966-3cb6-4fb4-bedd-fa1322ac3b56)
2020-04-07 19:17:37.422 15 RALLYDEBUG rally_openstack.cleanup.manager [-] Deleting neutron.port object s_rally_f470693f_ybj1y1sR (be44013b-174e-4357-9ad3-6b3d4308ec50)
2020-04-07 19:17:37.730 15 RALLYDEBUG rally_openstack.cleanup.manager [-] Deleting neutron.port object s_rally_f470693f_gbevG7Tn (be9b5498-d845-4ea7-a515-1b27501013f1)
2020-04-07 19:17:38.857 15 RALLYDEBUG rally_openstack.cleanup.manager [-] Deleting neutron.port object s_rally_f470693f_VQ0Getzs (bec49e56-9231-4eef-8c4d-a92ff70dd884)
2020-04-07 19:17:39.435 15 RALLYDEBUG rally_openstack.cleanup.manager [-] Deleting neutron.port object s_rally_f470693f_sEeyEeIt (bf457c59-bb5c-409f-93fc-e4c3b2fa342b)
2020-04-07 19:17:39.457 15 RALLYDEBUG rally_openstack.cleanup.manager [-] Deleting neutron.port object s_rally_f470693f_vwGHmw3k (c05824f7-6d37-4d1d-b6b3-6488302382a4)
2020-04-07 19:17:40.446 15 RALLYDEBUG rally_openstack.cleanup.manager [-] Deleting neutron.port object s_rally_f470693f_VlJzgR7l (c0939888-8a4b-46cb-98d8-9295f0a3b8b4)
2020-04-07 19:17:40.634 15 RALLYDEBUG rally_openstack.cleanup.manager [-] Deleting neutron.port object s_rally_f470693f_4WhNvy0G (c4e61fc2-3e3c-4ce1-9c40-05e523ab8ffe)
2020-04-07 19:17:41.222 15 RALLYDEBUG rally_openstack.cleanup.manager [-] Deleting neutron.port object s_rally_f470693f_DaGZvHYx (c5625f66-553d-4a54-b14c-bf8a305a8775)
2020-04-07 19:17:41.319 15 RALLYDEBUG rally_openstack.cleanup.manager [-] Deleting neutron.port object s_rally_f470693f_ak3djcXe (c91c173f-9470-4b54-8f7a-5f4b54771655)
2020-04-07 19:17:42.174 15 RALLYDEBUG rally_openstack.cleanup.manager [-] Deleting neutron.port object s_rally_f470693f_LJ6L2wUB (cb423c77-cb5c-4f75-8dc6-1042acdb33a7)
2020-04-07 19:17:42.520 15 RALLYDEBUG rally_openstack.cleanup.manager [-] Deleting neutron.port object s_rally_f470693f_NwByvEOH (cb50f3f3-2541-4491-9368-3eb7f2874893)
2020-04-07 19:17:43.034 15 RALLYDEBUG rally_openstack.cleanup.manager [-] Deleting neutron.port object s_rally_f470693f_hWzuOmrP (cb9258cf-8c43-4710-bc0a-20bcc38cb17d)
2020-04-07 19:17:43.120 15 RALLYDEBUG rally_openstack.cleanup.manager [-] Deleting neutron.port object s_rally_f470693f_ogQr8M4s (ccc794fc-9e7b-498c-aeb8-53b985c3aae1)
2020-04-07 19:17:43.365 15 RALLYDEBUG rally_openstack.cleanup.manager [-] Deleting neutron.port object s_rally_f470693f_yyxJbv7X (cd6b82fc-44ea-4824-ad35-90f18fb70ad3)
2020-04-07 19:17:43.942 15 RALLYDEBUG rally_openstack.cleanup.manager [-] Deleting neutron.port object s_rally_f470693f_a44J3W6o (cdfa1e54-3a20-4b0c-ac16-0cbdb6ff2f43)
2020-04-07 19:17:44.314 15 RALLYDEBUG rally_openstack.cleanup.manager [-] Deleting neutron.port object s_rally_f470693f_h1DCs0TU (ce022761-0848-4202-ad49-8beaa2d957e6)
2020-04-07 19:17:44.791 15 RALLYDEBUG rally_openstack.cleanup.manager [-] Deleting neutron.port object s_rally_f470693f_LDj66c4W (cfa2f5e0-4a8e-4fa7-87ec-a44bf8ea1514)
2020-04-07 19:17:44.913 15 RALLYDEBUG rally_openstack.cleanup.manager [-] Deleting neutron.port object s_rally_f470693f_jcvdEpdx (cfbb0fce-4d88-4325-9587-127b0db1f00a)
2020-04-07 19:17:45.317 15 RALLYDEBUG rally_openstack.cleanup.manager [-] Deleting neutron.port object s_rally_f470693f_pp5TgBct (d13689ee-b27a-4b95-b3a0-6e17e47ea944)
2020-04-07 19:17:45.739 15 RALLYDEBUG rally_openstack.cleanup.manager [-] Deleting neutron.port object s_rally_f470693f_sNGezxCJ (d21603df-9e39-4f42-90de-bcd54999d53d)
2020-04-07 19:17:46.263 15 RALLYDEBUG rally_openstack.cleanup.manager [-] Deleting neutron.port object s_rally_f470693f_tIsYZuss (d2f1b90b-2178-4b07-81bf-89fd923fc601)
2020-04-07 19:17:46.394 15 RALLYDEBUG rally_openstack.cleanup.manager [-] Deleting neutron.port object s_rally_f470693f_rvXgDqGa (d33d96db-9a43-4726-a617-b829ac3f9ed9)
2020-04-07 19:17:46.557 15 RALLYDEBUG rally_openstack.cleanup.manager [-] Deleting neutron.port object s_rally_f470693f_POKA47uc (d9592ad0-4d98-4dec-832d-8bf958cef0c1)
2020-04-07 19:17:46.656 15 RALLYDEBUG rally_openstack.cleanup.manager [-] Deleting neutron.port object s_rally_f470693f_PEtQkgmI (d9ae9bc6-5ca7-4869-b1d3-b6adad06945b)
2020-04-07 19:17:47.173 15 RALLYDEBUG rally_openstack.cleanup.manager [-] Deleting neutron.port object s_rally_f470693f_0VLJzXAH (daeaee5a-bfff-4e8b-857d-9ac509d9095d)
2020-04-07 19:17:47.829 15 RALLYDEBUG rally_openstack.cleanup.manager [-] Deleting neutron.port object s_rally_f470693f_2OtrCjNg (de15db5b-5eb4-4172-9eed-c2416d3bafa2)
2020-04-07 19:17:48.215 15 RALLYDEBUG rally_openstack.cleanup.manager [-] Deleting neutron.port object s_rally_f470693f_eoy1lPoD (dfa27051-f668-456c-9b1c-62d399c3c6f7)
2020-04-07 19:17:48.287 15 RALLYDEBUG rally_openstack.cleanup.manager [-] Deleting neutron.port object s_rally_f470693f_rNmosmCB (dfe503a7-bfaa-45c9-9bb2-72c31e090d53)
2020-04-07 19:17:48.810 15 RALLYDEBUG rally_openstack.cleanup.manager [-] Deleting neutron.port object s_rally_f470693f_8XQNC2MH (e0374a30-5a9c-43e2-b43d-4060be24ee07)
2020-04-07 19:17:48.984 15 RALLYDEBUG rally_openstack.cleanup.manager [-] Deleting neutron.port object s_rally_f470693f_ONnrk5UD (e25d9ed2-27d4-40b6-9cdf-bb59126460a4)
2020-04-07 19:17:48.990 15 RALLYDEBUG rally_openstack.cleanup.manager [-] Deleting neutron.port object s_rally_f470693f_ns4JS1QY (e1d6eb06-dd89-4801-b567-0a6df225c92f)
2020-04-07 19:17:49.590 15 RALLYDEBUG rally_openstack.cleanup.manager [-] Deleting neutron.port object s_rally_f470693f_BbtDWFVL (e4b49122-df6d-411f-a734-7e5abff0c8b5)
2020-04-07 19:17:49.617 15 RALLYDEBUG rally_openstack.cleanup.manager [-] Deleting neutron.port object s_rally_f470693f_6nt2cpn3 (e5a3320f-32fa-43c7-93a1-d705412f3b46)
2020-04-07 19:17:50.080 15 RALLYDEBUG rally_openstack.cleanup.manager [-] Deleting neutron.port object s_rally_f470693f_kOJWTewV (e689e202-48b9-4de6-8deb-5a0e83a62a44)
2020-04-07 19:17:50.289 15 RALLYDEBUG rally_openstack.cleanup.manager [-] Deleting neutron.port object s_rally_f470693f_6A45Bt1k (e761ed29-c852-4927-a6e0-39f5f8bd2d2c)
2020-04-07 19:17:50.777 15 RALLYDEBUG rally_openstack.cleanup.manager [-] Deleting neutron.port object s_rally_f470693f_GKTKqRnc (e7cc652a-620e-42f2-af9e-b8be9af7d70e)
2020-04-07 19:17:50.836 15 RALLYDEBUG rally_openstack.cleanup.manager [-] Deleting neutron.port object s_rally_f470693f_qczz3vw7 (e7ed1877-9c0a-4704-bc19-077fdd6bb259)
2020-04-07 19:17:51.061 15 RALLYDEBUG rally_openstack.cleanup.manager [-] Deleting neutron.port object s_rally_f470693f_DRm1iKTq (e974e07e-dce4-4f20-8350-5fe75bcc70c3)
2020-04-07 19:17:51.406 15 RALLYDEBUG rally_openstack.cleanup.manager [-] Deleting neutron.port object s_rally_f470693f_FxQVw4GI (ea8ed2fe-4550-4228-af71-2a0e90f2e7fd)
2020-04-07 19:17:51.429 15 RALLYDEBUG rally_openstack.cleanup.manager [-] Deleting neutron.port object s_rally_f470693f_2wzg5jbt (eb849e0f-b196-4a7a-98e5-395ce74511a7)
2020-04-07 19:17:52.403 15 RALLYDEBUG rally_openstack.cleanup.manager [-] Deleting neutron.port object s_rally_f470693f_EKPvkhqI (ec4b1c67-e07c-43a0-a7e8-896d00bb029f)
2020-04-07 19:17:52.638 15 RALLYDEBUG rally_openstack.cleanup.manager [-] Deleting neutron.port object s_rally_f470693f_HYa7rltU (ed0ba75e-576d-4439-88d8-b05dfcddbb69)
2020-04-07 19:17:52.873 15 RALLYDEBUG rally_openstack.cleanup.manager [-] Deleting neutron.port object s_rally_f470693f_1NLq9dxY (ed7b6e27-e999-442b-a814-3702f3c11b49)
2020-04-07 19:17:53.043 15 RALLYDEBUG rally_openstack.cleanup.manager [-] Deleting neutron.port object s_rally_f470693f_gU64xKRl (edabcbba-b415-4ba0-893c-3f9395f6a733)
2020-04-07 19:17:53.378 15 RALLYDEBUG rally_openstack.cleanup.manager [-] Deleting neutron.port object s_rally_f470693f_GyKRzD4h (edf46e63-8dad-4f32-8650-e693cb57a7ea)
2020-04-07 19:17:53.385 15 RALLYDEBUG rally_openstack.cleanup.manager [-] Deleting neutron.port object s_rally_f470693f_NPCd1tgU (ee46cbfd-cd2f-4889-9a8f-c15c9cb7b1fd)
2020-04-07 19:17:53.395 15 RALLYDEBUG rally_openstack.cleanup.manager [-] Deleting neutron.port object s_rally_f470693f_n2aH8k5G (ee81c626-81db-4739-a82b-c2ece3b50d24)
2020-04-07 19:17:54.163 15 RALLYDEBUG rally_openstack.cleanup.manager [-] Deleting neutron.port object s_rally_f470693f_LrLu0O4y (ef79edd3-469c-43b0-a441-7d9b801f27cb)
2020-04-07 19:17:54.432 15 RALLYDEBUG rally_openstack.cleanup.manager [-] Deleting neutron.port object s_rally_f470693f_m3Xle0Rv (f1d17ffb-9072-4705-b0c3-b6744a52b566)
2020-04-07 19:17:54.706 15 RALLYDEBUG rally_openstack.cleanup.manager [-] Deleting neutron.port object s_rally_f470693f_qz5yE7hd (f21f1135-7311-4380-966f-b3a6513e87d2)
2020-04-07 19:17:54.935 15 RALLYDEBUG rally_openstack.cleanup.manager [-] Deleting neutron.port object s_rally_f470693f_vnwuRqR4 (f280a66c-3765-483d-9e93-c932b40380fa)
2020-04-07 19:17:55.127 15 RALLYDEBUG rally_openstack.cleanup.manager [-] Deleting neutron.port object s_rally_f470693f_AOfRf38E (f654471a-19b2-4725-94de-d15384de0266)
2020-04-07 19:17:55.173 15 RALLYDEBUG rally_openstack.cleanup.manager [-] Deleting neutron.port object s_rally_f470693f_E0w9cRZW (f92af37e-17cb-4f7c-82a5-a5cda829c094)
2020-04-07 19:17:55.411 15 RALLYDEBUG rally_openstack.cleanup.manager [-] Deleting neutron.port object s_rally_f470693f_ydybEIVX (f9d356b9-9e0f-4af8-ac00-3a05906b4ddb)
2020-04-07 19:17:56.003 15 RALLYDEBUG rally_openstack.cleanup.manager [-] Deleting neutron.port object s_rally_f470693f_9t8l42kQ (fae7e597-49c1-46f4-99b5-15fffb3aac62)
2020-04-07 19:17:56.477 15 RALLYDEBUG rally_openstack.cleanup.manager [-] Deleting neutron.port object s_rally_f470693f_xdTLHjQp (fc08896f-62b8-4a63-bd5a-3d95c57ce36f)
2020-04-07 19:17:56.481 15 RALLYDEBUG rally_openstack.cleanup.manager [-] Deleting neutron.port object s_rally_f470693f_d1ofsrAq (fd68f3da-427b-42bb-a149-c47f2c00994e)
2020-04-07 19:17:56.724 15 RALLYDEBUG rally_openstack.cleanup.manager [-] Deleting neutron.port object s_rally_f470693f_tfg4JqcE (ff8f8fe5-e27d-4687-8659-7947f48cf70b)
2020-04-07 19:18:00.474 15 RALLYDEBUG rally_openstack.cleanup.manager [-] Cleaning up neutron subnet objects
2020-04-07 19:18:00.699 15 RALLYDEBUG rally_openstack.cleanup.manager [-] Cleaning up neutron network objects
2020-04-07 19:18:01.171 15 RALLYDEBUG rally_openstack.cleanup.manager [-] Deleting neutron.network object s_rally_f470693f_YS6vjkty (07e13725-a916-452e-8832-3db75b9c2de8)
2020-04-07 19:18:01.180 15 RALLYDEBUG rally_openstack.cleanup.manager [-] Deleting neutron.network object s_rally_f470693f_HStGnQhV (0b817a47-e491-4ec4-8b7a-e567e391d8dd)
2020-04-07 19:18:01.184 15 RALLYDEBUG rally_openstack.cleanup.manager [-] Deleting neutron.network object s_rally_f470693f_bkr3HUR6 (0defecf5-0a47-4a29-81d4-25dc4ec4da7e)
2020-04-07 19:18:01.191 15 RALLYDEBUG rally_openstack.cleanup.manager [-] Deleting neutron.network object s_rally_f470693f_KW1mnx4C (218f07e0-1083-4202-9d75-4378ba46d95d)
2020-04-07 19:18:01.202 15 RALLYDEBUG rally_openstack.cleanup.manager [-] Deleting neutron.network object s_rally_f470693f_nDcnRj2K (285ad91f-ff00-4637-9756-0a444130f5fb)
2020-04-07 19:18:01.230 15 RALLYDEBUG rally_openstack.cleanup.manager [-] Deleting neutron.network object s_rally_f470693f_YZqx74mv (30ee81ef-efed-40d0-8561-562a0ef2a80d)
2020-04-07 19:18:01.250 15 RALLYDEBUG rally_openstack.cleanup.manager [-] Deleting neutron.network object s_rally_f470693f_FT6DlUVw (58854109-873c-43f6-9573-2ffa00911c67)
2020-04-07 19:18:01.267 15 RALLYDEBUG rally_openstack.cleanup.manager [-] Deleting neutron.network object s_rally_f470693f_y0qTCydo (411ffaad-0e98-46c1-ac9b-3fadb0584211)
2020-04-07 19:18:01.269 15 RALLYDEBUG rally_openstack.cleanup.manager [-] Deleting neutron.network object s_rally_f470693f_Sa7r3nJ4 (42de219f-09c9-402a-aea9-08be7d0ff325)
2020-04-07 19:18:01.284 15 RALLYDEBUG rally_openstack.cleanup.manager [-] Deleting neutron.network object s_rally_f470693f_SppYpJuC (43f4d1be-122c-491b-a4fb-90d8e90ddd21)
2020-04-07 19:18:01.309 15 RALLYDEBUG rally_openstack.cleanup.manager [-] Deleting neutron.network object s_rally_f470693f_yLuLmqyW (60983e97-6fe8-47e4-a850-3f8060fc9e08)
2020-04-07 19:18:01.315 15 RALLYDEBUG rally_openstack.cleanup.manager [-] Deleting neutron.network object s_rally_f470693f_LrVDPGiK (599bf24c-255d-4733-a294-889a39d91156)
2020-04-07 19:18:01.316 15 RALLYDEBUG rally_openstack.cleanup.manager [-] Deleting neutron.network object s_rally_f470693f_vbRT6XgS (61824004-a8af-44e1-b69e-b1c9a74709ce)
2020-04-07 19:18:01.336 15 RALLYDEBUG rally_openstack.cleanup.manager [-] Deleting neutron.network object s_rally_f470693f_jNqPDWNh (608903ef-d89a-49b6-ac4d-156f79c72664)
2020-04-07 19:18:01.346 15 RALLYDEBUG rally_openstack.cleanup.manager [-] Deleting neutron.network object s_rally_f470693f_DQCwoJjf (63e3b94d-be32-4e49-9933-69eac56aa9d6)
2020-04-07 19:18:01.344 15 RALLYDEBUG rally_openstack.cleanup.manager [-] Deleting neutron.network object s_rally_f470693f_J4RMvdK2 (67753c43-6a77-41d9-9ca4-3949e1078fef)
2020-04-07 19:18:01.371 15 RALLYDEBUG rally_openstack.cleanup.manager [-] Deleting neutron.network object s_rally_f470693f_Jd0GoAQc (6c3d7c71-9654-4fe2-bbdc-5dc22fa247cb)
2020-04-07 19:18:01.367 15 RALLYDEBUG rally_openstack.cleanup.manager [-] Deleting neutron.network object s_rally_f470693f_EdNLC9Kt (6a0024f9-de32-49dc-9e8a-52386b67962d)
2020-04-07 19:18:01.407 15 RALLYDEBUG rally_openstack.cleanup.manager [-] Deleting neutron.network object s_rally_f470693f_bu6guvtM (758c1ba8-b6ba-4b61-b1e5-f1c97a358ebd)
2020-04-07 19:18:01.419 15 RALLYDEBUG rally_openstack.cleanup.manager [-] Deleting neutron.network object s_rally_f470693f_DxVKpbf7 (823131b3-f6f2-48da-a74f-29f0142a38c3)
2020-04-07 19:18:03.505 15 RALLYDEBUG rally_openstack.cleanup.manager [-] Deleting neutron.network object s_rally_f470693f_kKO5eVsl (87217011-d5c0-4206-818a-ab5ebf42883a)
2020-04-07 19:18:04.011 15 RALLYDEBUG rally_openstack.cleanup.manager [-] Deleting neutron.network object s_rally_f470693f_mke1XojS (8d6555bd-9e1c-4aed-8804-bf6cfead9d62)
2020-04-07 19:18:04.043 15 RALLYDEBUG rally_openstack.cleanup.manager [-] Deleting neutron.network object s_rally_f470693f_d3XWwAWB (97152dbc-c8b0-474c-ac7e-4429eed13c65)
2020-04-07 19:18:04.071 15 RALLYDEBUG rally_openstack.cleanup.manager [-] Deleting neutron.network object s_rally_f470693f_3hyJqL5T (9a106312-d3c1-42e4-b789-a1d9bec78bfd)
2020-04-07 19:18:04.125 15 RALLYDEBUG rally_openstack.cleanup.manager [-] Deleting neutron.network object s_rally_f470693f_g0Ti64ZE (9aa22cc8-cfa6-4fbc-b575-9e4831589bb7)
2020-04-07 19:18:04.418 15 RALLYDEBUG rally_openstack.cleanup.manager [-] Deleting neutron.network object s_rally_f470693f_01NWltxq (a0f3e14c-743f-43ef-8035-680832dc9e78)
2020-04-07 19:18:04.442 15 RALLYDEBUG rally_openstack.cleanup.manager [-] Deleting neutron.network object s_rally_f470693f_eh0tVofw (a8a44ff4-8306-46e7-b157-723b3f2c645c)
2020-04-07 19:18:04.449 15 RALLYDEBUG rally_openstack.cleanup.manager [-] Deleting neutron.network object s_rally_f470693f_lmaCm691 (b8d56b91-79fc-4594-810b-9c33b967be46)
2020-04-07 19:18:04.522 15 RALLYDEBUG rally_openstack.cleanup.manager [-] Deleting neutron.network object s_rally_f470693f_bXjiBso8 (bb7fcc52-5e87-4868-8dab-306896d97167)
2020-04-07 19:18:04.528 15 RALLYDEBUG rally_openstack.cleanup.manager [-] Deleting neutron.network object s_rally_f470693f_cKAhrygR (c5ad534e-a26a-47b0-895e-f0e7791a9da3)
2020-04-07 19:18:04.555 15 RALLYDEBUG rally_openstack.cleanup.manager [-] Deleting neutron.network object s_rally_f470693f_SSA2PlmK (cd466d75-9167-4715-a117-0791a3b8c823)
2020-04-07 19:18:04.836 15 RALLYDEBUG rally_openstack.cleanup.manager [-] Deleting neutron.network object s_rally_f470693f_EKcfaFGr (d2dfa35e-6849-4609-9bf5-bb9b331fed8f)
2020-04-07 19:18:04.985 15 RALLYDEBUG rally_openstack.cleanup.manager [-] Deleting neutron.network object s_rally_f470693f_ROzvDCbE (dd55ed07-ddc1-49a6-afa0-4f7be8b14d60)
2020-04-07 19:18:05.179 15 RALLYDEBUG rally_openstack.cleanup.manager [-] Deleting neutron.network object s_rally_f470693f_g0lq03Xv (e04236c3-e391-404d-b457-c7edd2059c30)
2020-04-07 19:18:05.199 15 RALLYDEBUG rally_openstack.cleanup.manager [-] Deleting neutron.network object s_rally_f470693f_nxlg86PN (e405d507-4557-447d-9640-5b9f90dc4dc5)
2020-04-07 19:18:05.222 15 RALLYDEBUG rally_openstack.cleanup.manager [-] Deleting neutron.network object s_rally_f470693f_WRmuCt4k (e4951138-cd2c-4ea1-b2f3-e8bd72840479)
2020-04-07 19:18:05.275 15 RALLYDEBUG rally_openstack.cleanup.manager [-] Deleting neutron.network object s_rally_f470693f_ho6da4rs (f0f2445f-e7c2-4b42-b0e3-f1221bb925c3)
2020-04-07 19:18:05.315 15 RALLYDEBUG rally_openstack.cleanup.manager [-] Deleting neutron.network object s_rally_f470693f_FUANwfRo (fbb130bd-f964-4e4a-92ad-e81f35f83048)
2020-04-07 19:18:05.489 15 RALLYDEBUG rally_openstack.cleanup.manager [-] Deleting neutron.network object s_rally_f470693f_SZ2DE6Dv (fbcca4fe-97ec-4c6c-988c-f3882e805fb3)
2020-04-07 19:18:05.651 15 RALLYDEBUG rally_openstack.cleanup.manager [-] Deleting neutron.network object s_rally_f470693f_HF8diCa7 (ff28243f-6e68-4a60-bd52-f5263bba9da8)
2020-04-07 19:18:08.723 15 RALLYDEBUG rally_openstack.cleanup.manager [-] Cleaning up neutron router objects
2020-04-07 19:18:08.994 15 RALLYDEBUG rally_openstack.cleanup.manager [-] Cleaning up neutron security_group objects
2020-04-07 19:18:09.272 15 INFO rally.task.context [-] Task a46f4895-59bf-4f55-9adc-fee87e26eed0 | Context cleanup@openstack cleanup() finished in 1.17 min
2020-04-07 19:18:09.272 15 INFO rally.task.context [-] Task a46f4895-59bf-4f55-9adc-fee87e26eed0 | Context quotas@openstack cleanup() started
2020-04-07 19:18:09.318 15 INFO rally.task.context [-] Task a46f4895-59bf-4f55-9adc-fee87e26eed0 | Context quotas@openstack cleanup() finished in 45.63 msec
2020-04-07 19:18:09.318 15 INFO rally.task.context [-] Task a46f4895-59bf-4f55-9adc-fee87e26eed0 | Context users@openstack cleanup() started
2020-04-07 19:18:10.729 15 INFO rally.task.context [-] Task a46f4895-59bf-4f55-9adc-fee87e26eed0 | Context users@openstack cleanup() finished in 1.41 sec
2020-04-07 19:18:12.622 15 INFO rally.task.engine [-] Load duration is: 39.551599
2020-04-07 19:18:12.623 15 INFO rally.task.engine [-] Full runner duration is: 39.598808
2020-04-07 19:18:12.623 15 INFO rally.task.engine [-] Full duration is: 112.5601
2020-04-07 19:18:12.716 15 INFO rally.task.engine [-] Running workload: position = 2 config = { "version": 2, "title": "A cropped version of a bigger task.", "description": "Auto-generated task from a single workload (uuid=d2b12db7-70ff-49e9-b4dc-0cfc703822cc)", "subtasks": [ { "title": "NeutronNetworks.create_and_delete_ports", "description": "Create and delete a port.", "scenario": { "NeutronNetworks.create_and_delete_ports": { "network_create_args": {}, "port_create_args": {}, "ports_per_network": 5 } }, "contexts": { "users": { "tenants": 1, "users_per_tenant": 1 }, "quotas": { "neutron": { "network": -1, "port": -1 } } }, "runner": { "constant": { "times": 40, "concurrency": 20 } }, "hooks": [], "sla": { "failure_rate": { "max": 0 } } } ] }
2020-04-07 19:18:12.730 15 RALLYDEBUG rally_openstack.contexts.keystone.users [-] Creating 1 tenants using 20 threads
2020-04-07 19:18:13.070 15 RALLYDEBUG rally_openstack.contexts.keystone.users [-] Creating 1 users using 20 threads
2020-04-07 19:18:13.502 15 INFO rally.task.context [-] Task a46f4895-59bf-4f55-9adc-fee87e26eed0 | Context users@openstack setup() finished in 0.77 sec
2020-04-07 19:18:13.861 15 INFO rally.task.context [-] Task a46f4895-59bf-4f55-9adc-fee87e26eed0 | Context quotas@openstack setup() finished in 0.36 sec
2020-04-07 19:18:13.861 15 INFO rally.task.context [-] Task a46f4895-59bf-4f55-9adc-fee87e26eed0 | Context cleanup@openstack setup() finished in 0.01 msec
2020-04-07 19:18:13.871 15 RALLYDEBUG rally.task.runner [-] Starting the constant runner (task UUID: a46f4895-59bf-4f55-9adc-fee87e26eed0). timeout: 0 concurrency: 20 concurrency_per_worker: 1 times: 40 concurrency_overhead: 0 processes_to_start: 20 max_cpu_used: 88
2020-04-07 19:18:13.885 4601 RALLYDEBUG rally.task.runner [-] Starting a worker. concurrency: 1 args: {"network_create_args": {}, "port_create_args": {}, "ports_per_network": 5} times: 40 method_name: run timeout: 0 duration: None cls:
2020-04-07 19:18:13.888 4602 RALLYDEBUG rally.task.runner [-] Starting a worker. concurrency: 1 args: {"network_create_args": {}, "port_create_args": {}, "ports_per_network": 5} times: 40 method_name: run timeout: 0 duration: None cls:
2020-04-07 19:18:13.891 4603 RALLYDEBUG rally.task.runner [-] Starting a worker. concurrency: 1 args: {"network_create_args": {}, "port_create_args": {}, "ports_per_network": 5} times: 40 method_name: run timeout: 0 duration: None cls:
2020-04-07 19:18:13.892 4601 INFO rally.task.runner [-] Task a46f4895-59bf-4f55-9adc-fee87e26eed0 | ITER: 1 START
2020-04-07 19:18:13.893 4601 WARNING rally_openstack.scenarios.neutron.utils [-] Running this scenario without either the 'network' or 'existing_network' context is deprecated
2020-04-07 19:18:13.893 4604 RALLYDEBUG rally.task.runner [-] Starting a worker. concurrency: 1 args: {"network_create_args": {}, "port_create_args": {}, "ports_per_network": 5} times: 40 method_name: run timeout: 0 duration: None cls:
2020-04-07 19:18:13.895 4602 INFO rally.task.runner [-] Task a46f4895-59bf-4f55-9adc-fee87e26eed0 | ITER: 2 START
2020-04-07 19:18:13.895 4605 RALLYDEBUG rally.task.runner [-] Starting a worker. concurrency: 1 args: {"network_create_args": {}, "port_create_args": {}, "ports_per_network": 5} times: 40 method_name: run timeout: 0 duration: None cls:
2020-04-07 19:18:13.896 4602 WARNING rally_openstack.scenarios.neutron.utils [-] Running this scenario without either the 'network' or 'existing_network' context is deprecated
2020-04-07 19:18:13.897 4603 INFO rally.task.runner [-] Task a46f4895-59bf-4f55-9adc-fee87e26eed0 | ITER: 3 START
2020-04-07 19:18:13.898 4603 WARNING rally_openstack.scenarios.neutron.utils [-] Running this scenario without either the 'network' or 'existing_network' context is deprecated
2020-04-07 19:18:13.899 4608 RALLYDEBUG rally.task.runner [-] Starting a worker. concurrency: 1 args: {"network_create_args": {}, "port_create_args": {}, "ports_per_network": 5} times: 40 method_name: run timeout: 0 duration: None cls:
2020-04-07 19:18:13.900 4604 INFO rally.task.runner [-] Task a46f4895-59bf-4f55-9adc-fee87e26eed0 | ITER: 4 START
2020-04-07 19:18:13.901 4604 WARNING rally_openstack.scenarios.neutron.utils [-] Running this scenario without either the 'network' or 'existing_network' context is deprecated
2020-04-07 19:18:13.901 4605 INFO rally.task.runner [-] Task a46f4895-59bf-4f55-9adc-fee87e26eed0 | ITER: 5 START
2020-04-07 19:18:13.902 4611 RALLYDEBUG rally.task.runner [-] Starting a worker. concurrency: 1 args: {"network_create_args": {}, "port_create_args": {}, "ports_per_network": 5} times: 40 method_name: run timeout: 0 duration: None cls:
2020-04-07 19:18:13.903 4605 WARNING rally_openstack.scenarios.neutron.utils [-] Running this scenario without either the 'network' or 'existing_network' context is deprecated
2020-04-07 19:18:13.904 4614 RALLYDEBUG rally.task.runner [-] Starting a worker. concurrency: 1 args: {"network_create_args": {}, "port_create_args": {}, "ports_per_network": 5} times: 40 method_name: run timeout: 0 duration: None cls:
2020-04-07 19:18:13.905 4608 INFO rally.task.runner [-] Task a46f4895-59bf-4f55-9adc-fee87e26eed0 | ITER: 6 START
2020-04-07 19:18:13.906 4608 WARNING rally_openstack.scenarios.neutron.utils [-] Running this scenario without either the 'network' or 'existing_network' context is deprecated
2020-04-07 19:18:13.908 4611 INFO rally.task.runner [-] Task a46f4895-59bf-4f55-9adc-fee87e26eed0 | ITER: 7 START
2020-04-07 19:18:13.907 4618 RALLYDEBUG rally.task.runner [-] Starting a worker. concurrency: 1 args: {"network_create_args": {}, "port_create_args": {}, "ports_per_network": 5} times: 40 method_name: run timeout: 0 duration: None cls:
2020-04-07 19:18:13.909 4611 WARNING rally_openstack.scenarios.neutron.utils [-] Running this scenario without either the 'network' or 'existing_network' context is deprecated
2020-04-07 19:18:13.911 4614 INFO rally.task.runner [-] Task a46f4895-59bf-4f55-9adc-fee87e26eed0 | ITER: 8 START
2020-04-07 19:18:13.910 4620 RALLYDEBUG rally.task.runner [-] Starting a worker. concurrency: 1 args: {"network_create_args": {}, "port_create_args": {}, "ports_per_network": 5} times: 40 method_name: run timeout: 0 duration: None cls:
2020-04-07 19:18:13.912 4614 WARNING rally_openstack.scenarios.neutron.utils [-] Running this scenario without either the 'network' or 'existing_network' context is deprecated
2020-04-07 19:18:13.913 4626 RALLYDEBUG rally.task.runner [-] Starting a worker. concurrency: 1 args: {"network_create_args": {}, "port_create_args": {}, "ports_per_network": 5} times: 40 method_name: run timeout: 0 duration: None cls:
2020-04-07 19:18:13.913 4623 RALLYDEBUG rally.task.runner [-] Starting a worker. concurrency: 1 args: {"network_create_args": {}, "port_create_args": {}, "ports_per_network": 5} times: 40 method_name: run timeout: 0 duration: None cls:
2020-04-07 19:18:13.914 4618 INFO rally.task.runner [-] Task a46f4895-59bf-4f55-9adc-fee87e26eed0 | ITER: 9 START
2020-04-07 19:18:13.915 4618 WARNING rally_openstack.scenarios.neutron.utils [-] Running this scenario without either the 'network' or 'existing_network' context is deprecated
2020-04-07 19:18:13.916 4620 INFO rally.task.runner [-] Task a46f4895-59bf-4f55-9adc-fee87e26eed0 | ITER: 10 START
2020-04-07 19:18:13.918 4620 WARNING rally_openstack.scenarios.neutron.utils [-] Running this scenario without either the 'network' or 'existing_network' context is deprecated
2020-04-07 19:18:13.918 4626 INFO rally.task.runner [-] Task a46f4895-59bf-4f55-9adc-fee87e26eed0 | ITER: 11 START
2020-04-07 19:18:13.919 4626 WARNING rally_openstack.scenarios.neutron.utils [-] Running this scenario without either the 'network' or 'existing_network' context is deprecated
2020-04-07 19:18:13.919 4623 INFO rally.task.runner [-] Task a46f4895-59bf-4f55-9adc-fee87e26eed0 | ITER: 12 START
2020-04-07 19:18:13.919 4629 RALLYDEBUG rally.task.runner [-] Starting a worker. concurrency: 1 args: {"network_create_args": {}, "port_create_args": {}, "ports_per_network": 5} times: 40 method_name: run timeout: 0 duration: None cls:
2020-04-07 19:18:13.920 4623 WARNING rally_openstack.scenarios.neutron.utils [-] Running this scenario without either the 'network' or 'existing_network' context is deprecated
2020-04-07 19:18:13.921 4632 RALLYDEBUG rally.task.runner [-] Starting a worker. concurrency: 1 args: {"network_create_args": {}, "port_create_args": {}, "ports_per_network": 5} times: 40 method_name: run timeout: 0 duration: None cls:
2020-04-07 19:18:13.925 4629 INFO rally.task.runner [-] Task a46f4895-59bf-4f55-9adc-fee87e26eed0 | ITER: 13 START
2020-04-07 19:18:13.924 4637 RALLYDEBUG rally.task.runner [-] Starting a worker. concurrency: 1 args: {"network_create_args": {}, "port_create_args": {}, "ports_per_network": 5} times: 40 method_name: run timeout: 0 duration: None cls:
2020-04-07 19:18:13.926 4629 WARNING rally_openstack.scenarios.neutron.utils [-] Running this scenario without either the 'network' or 'existing_network' context is deprecated
2020-04-07 19:18:13.927 4632 INFO rally.task.runner [-] Task a46f4895-59bf-4f55-9adc-fee87e26eed0 | ITER: 14 START
2020-04-07 19:18:13.927 4640 RALLYDEBUG rally.task.runner [-] Starting a worker. concurrency: 1 args: {"network_create_args": {}, "port_create_args": {}, "ports_per_network": 5} times: 40 method_name: run timeout: 0 duration: None cls:
2020-04-07 19:18:13.928 4632 WARNING rally_openstack.scenarios.neutron.utils [-] Running this scenario without either the 'network' or 'existing_network' context is deprecated
2020-04-07 19:18:13.930 4641 RALLYDEBUG rally.task.runner [-] Starting a worker. concurrency: 1 args: {"network_create_args": {}, "port_create_args": {}, "ports_per_network": 5} times: 40 method_name: run timeout: 0 duration: None cls:
2020-04-07 19:18:13.931 4637 INFO rally.task.runner [-] Task a46f4895-59bf-4f55-9adc-fee87e26eed0 | ITER: 15 START
2020-04-07 19:18:13.932 4637 WARNING rally_openstack.scenarios.neutron.utils [-] Running this scenario without either the 'network' or 'existing_network' context is deprecated
2020-04-07 19:18:13.933 4640 INFO rally.task.runner [-] Task a46f4895-59bf-4f55-9adc-fee87e26eed0 | ITER: 16 START
2020-04-07 19:18:13.933 4644 RALLYDEBUG rally.task.runner [-] Starting a worker. concurrency: 1 args: {"network_create_args": {}, "port_create_args": {}, "ports_per_network": 5} times: 40 method_name: run timeout: 0 duration: None cls:
2020-04-07 19:18:13.934 4640 WARNING rally_openstack.scenarios.neutron.utils [-] Running this scenario without either the 'network' or 'existing_network' context is deprecated
2020-04-07 19:18:13.935 4647 RALLYDEBUG rally.task.runner [-] Starting a worker. concurrency: 1 args: {"network_create_args": {}, "port_create_args": {}, "ports_per_network": 5} times: 40 method_name: run timeout: 0 duration: None cls:
2020-04-07 19:18:13.936 4641 INFO rally.task.runner [-] Task a46f4895-59bf-4f55-9adc-fee87e26eed0 | ITER: 17 START
2020-04-07 19:18:13.937 4641 WARNING rally_openstack.scenarios.neutron.utils [-] Running this scenario without either the 'network' or 'existing_network' context is deprecated
2020-04-07 19:18:13.938 4650 RALLYDEBUG rally.task.runner [-] Starting a worker. concurrency: 1 args: {"network_create_args": {}, "port_create_args": {}, "ports_per_network": 5} times: 40 method_name: run timeout: 0 duration: None cls:
2020-04-07 19:18:13.939 4644 INFO rally.task.runner [-] Task a46f4895-59bf-4f55-9adc-fee87e26eed0 | ITER: 18 START
2020-04-07 19:18:13.940 4644 WARNING rally_openstack.scenarios.neutron.utils [-] Running this scenario without either the 'network' or 'existing_network' context is deprecated
2020-04-07 19:18:13.940 4647 INFO rally.task.runner [-] Task a46f4895-59bf-4f55-9adc-fee87e26eed0 | ITER: 19 START
2020-04-07 19:18:13.941 4647 WARNING rally_openstack.scenarios.neutron.utils [-] Running this scenario without either the 'network' or 'existing_network' context is deprecated
2020-04-07 19:18:13.943 4650 INFO rally.task.runner [-] Task a46f4895-59bf-4f55-9adc-fee87e26eed0 | ITER: 20 START
2020-04-07 19:18:13.944 4650 WARNING rally_openstack.scenarios.neutron.utils [-] Running this scenario without either the 'network' or 'existing_network' context is deprecated
2020-04-07 19:18:29.810 4603 INFO rally.task.runner [-] Task a46f4895-59bf-4f55-9adc-fee87e26eed0 | ITER: 3 END: OK
2020-04-07 19:18:29.814 4603 INFO rally.task.runner [-] Task a46f4895-59bf-4f55-9adc-fee87e26eed0 | ITER: 21 START
2020-04-07 19:18:29.815 4603 WARNING rally_openstack.scenarios.neutron.utils [-] Running this scenario without either the 'network' or 'existing_network' context is deprecated
2020-04-07 19:18:30.912 4637 INFO rally.task.runner [-] Task a46f4895-59bf-4f55-9adc-fee87e26eed0 | ITER: 15 END: OK
2020-04-07 19:18:30.916 4637 INFO rally.task.runner [-] Task a46f4895-59bf-4f55-9adc-fee87e26eed0 | ITER: 22 START
2020-04-07 19:18:30.917 4637 WARNING rally_openstack.scenarios.neutron.utils [-] Running this scenario without either the 'network' or 'existing_network' context is deprecated
2020-04-07 19:18:30.924 4618 INFO rally.task.runner [-] Task a46f4895-59bf-4f55-9adc-fee87e26eed0 | ITER: 9 END: OK
2020-04-07 19:18:30.929 4618 INFO rally.task.runner [-] Task a46f4895-59bf-4f55-9adc-fee87e26eed0 | ITER: 23 START
2020-04-07 19:18:30.930 4618 WARNING rally_openstack.scenarios.neutron.utils [-] Running this scenario without either the 'network' or 'existing_network' context is deprecated
2020-04-07 19:18:31.187 4632 INFO rally.task.runner [-] Task a46f4895-59bf-4f55-9adc-fee87e26eed0 | ITER: 14 END: OK
2020-04-07 19:18:31.189 4650 INFO rally.task.runner [-] Task a46f4895-59bf-4f55-9adc-fee87e26eed0 | ITER: 20 END: OK
2020-04-07 19:18:31.192 4632 INFO rally.task.runner [-] Task a46f4895-59bf-4f55-9adc-fee87e26eed0 | ITER: 24 START
2020-04-07 19:18:31.193 4632 WARNING rally_openstack.scenarios.neutron.utils [-] Running this scenario without either the 'network' or 'existing_network' context is deprecated
2020-04-07 19:18:31.194 4650 INFO rally.task.runner [-] Task a46f4895-59bf-4f55-9adc-fee87e26eed0 | ITER: 25 START
2020-04-07 19:18:31.194 4650 WARNING rally_openstack.scenarios.neutron.utils [-] Running this scenario without either the 'network' or 'existing_network' context is deprecated
2020-04-07 19:18:31.247 4644 INFO rally.task.runner [-] Task a46f4895-59bf-4f55-9adc-fee87e26eed0 | ITER: 18 END: OK
2020-04-07 19:18:31.252 4644 INFO rally.task.runner [-] Task a46f4895-59bf-4f55-9adc-fee87e26eed0 | ITER: 26 START
2020-04-07 19:18:31.253 4644 WARNING rally_openstack.scenarios.neutron.utils [-] Running this scenario without either the 'network' or 'existing_network' context is deprecated
2020-04-07 19:18:32.437 4602 INFO rally.task.runner [-] Task a46f4895-59bf-4f55-9adc-fee87e26eed0 | ITER: 2 END: OK
2020-04-07 19:18:32.442 4602 INFO rally.task.runner [-] Task a46f4895-59bf-4f55-9adc-fee87e26eed0 | ITER: 27 START
2020-04-07 19:18:32.443 4602 WARNING rally_openstack.scenarios.neutron.utils [-] Running this scenario without either the 'network' or 'existing_network' context is deprecated
2020-04-07 19:18:32.616 4605 INFO rally.task.runner [-] Task a46f4895-59bf-4f55-9adc-fee87e26eed0 | ITER: 5 END: OK
2020-04-07 19:18:32.621 4605 INFO rally.task.runner [-] Task a46f4895-59bf-4f55-9adc-fee87e26eed0 | ITER: 28 START
2020-04-07 19:18:32.622 4605 WARNING rally_openstack.scenarios.neutron.utils [-] Running this scenario without either the 'network' or 'existing_network' context is deprecated
2020-04-07 19:18:32.625 4647 INFO rally.task.runner [-] Task a46f4895-59bf-4f55-9adc-fee87e26eed0 | ITER: 19 END: OK
2020-04-07 19:18:32.630 4647 INFO rally.task.runner [-] Task a46f4895-59bf-4f55-9adc-fee87e26eed0 | ITER: 29 START
2020-04-07 19:18:32.630 4647 WARNING rally_openstack.scenarios.neutron.utils [-] Running this scenario without either the 'network' or 'existing_network' context is deprecated
2020-04-07 19:18:32.689 4623 INFO rally.task.runner [-] Task a46f4895-59bf-4f55-9adc-fee87e26eed0 | ITER: 12 END: OK
2020-04-07 19:18:32.694 4623 INFO rally.task.runner [-] Task a46f4895-59bf-4f55-9adc-fee87e26eed0 | ITER: 30 START
2020-04-07 19:18:32.694 4623 WARNING rally_openstack.scenarios.neutron.utils [-] Running this scenario without either the 'network' or 'existing_network' context is deprecated
2020-04-07 19:18:32.729 4604 INFO rally.task.runner [-] Task a46f4895-59bf-4f55-9adc-fee87e26eed0 | ITER: 4 END: OK
2020-04-07 19:18:32.734 4604 INFO rally.task.runner [-] Task a46f4895-59bf-4f55-9adc-fee87e26eed0 | ITER: 31 START
2020-04-07 19:18:32.735 4604 WARNING rally_openstack.scenarios.neutron.utils [-] Running this scenario without either the 'network' or 'existing_network' context is deprecated
2020-04-07 19:18:34.239 4629 INFO rally.task.runner [-] Task a46f4895-59bf-4f55-9adc-fee87e26eed0 | ITER: 13 END: OK
2020-04-07 19:18:34.245 4629 INFO rally.task.runner [-] Task a46f4895-59bf-4f55-9adc-fee87e26eed0 | ITER: 32 START
2020-04-07 19:18:34.245 4629 WARNING rally_openstack.scenarios.neutron.utils [-] Running this scenario without either the 'network' or 'existing_network' context is deprecated
2020-04-07 19:18:34.384 4640 INFO rally.task.runner [-] Task a46f4895-59bf-4f55-9adc-fee87e26eed0 | ITER: 16 END: OK
2020-04-07 19:18:34.389 4640 INFO rally.task.runner [-] Task a46f4895-59bf-4f55-9adc-fee87e26eed0 | ITER: 33 START
2020-04-07 19:18:34.390 4640 WARNING rally_openstack.scenarios.neutron.utils [-] Running this scenario without either the 'network' or 'existing_network' context is deprecated
2020-04-07 19:18:35.560 4641 INFO rally.task.runner [-] Task a46f4895-59bf-4f55-9adc-fee87e26eed0 | ITER: 17 END: OK
2020-04-07 19:18:35.565 4641 INFO rally.task.runner [-] Task a46f4895-59bf-4f55-9adc-fee87e26eed0 | ITER: 34 START
2020-04-07 19:18:35.565 4641 WARNING rally_openstack.scenarios.neutron.utils [-] Running this scenario without either the 'network' or 'existing_network' context is deprecated
2020-04-07 19:18:35.786 4608 INFO rally.task.runner [-] Task a46f4895-59bf-4f55-9adc-fee87e26eed0 | ITER: 6 END: OK
2020-04-07 19:18:35.791 4608 INFO rally.task.runner [-] Task a46f4895-59bf-4f55-9adc-fee87e26eed0 | ITER: 35 START
2020-04-07 19:18:35.792 4608 WARNING rally_openstack.scenarios.neutron.utils [-] Running this scenario without either the 'network' or 'existing_network' context is deprecated
2020-04-07 19:18:35.906 4601 INFO rally.task.runner [-] Task a46f4895-59bf-4f55-9adc-fee87e26eed0 | ITER: 1 END: OK
2020-04-07 19:18:35.912 4601 INFO rally.task.runner [-] Task a46f4895-59bf-4f55-9adc-fee87e26eed0 | ITER: 36 START
2020-04-07 19:18:35.913 4601 WARNING rally_openstack.scenarios.neutron.utils [-] Running this scenario without either the 'network' or 'existing_network' context is deprecated
2020-04-07 19:18:35.937 4611 INFO rally.task.runner [-] Task a46f4895-59bf-4f55-9adc-fee87e26eed0 | ITER: 7 END: OK
2020-04-07 19:18:35.943 4611 INFO rally.task.runner [-] Task a46f4895-59bf-4f55-9adc-fee87e26eed0 | ITER: 37 START
2020-04-07 19:18:35.943 4611 WARNING rally_openstack.scenarios.neutron.utils [-] Running this scenario without either the 'network' or 'existing_network' context is deprecated
2020-04-07 19:18:36.189 4620 INFO rally.task.runner [-] Task a46f4895-59bf-4f55-9adc-fee87e26eed0 | ITER: 10 END: OK
2020-04-07 19:18:36.195 4620 INFO rally.task.runner [-] Task a46f4895-59bf-4f55-9adc-fee87e26eed0 | ITER: 38 START
2020-04-07 19:18:36.195 4620 WARNING rally_openstack.scenarios.neutron.utils [-] Running this scenario without either the 'network' or 'existing_network' context is deprecated
2020-04-07 19:18:36.896 4614 INFO rally.task.runner [-] Task a46f4895-59bf-4f55-9adc-fee87e26eed0 | ITER: 8 END: OK
2020-04-07 19:18:36.901 4614 INFO rally.task.runner [-] Task a46f4895-59bf-4f55-9adc-fee87e26eed0 | ITER: 39 START
2020-04-07 19:18:36.902 4614 WARNING rally_openstack.scenarios.neutron.utils [-] Running this scenario without either the 'network' or 'existing_network' context is deprecated
2020-04-07 19:18:36.948 4626 INFO rally.task.runner [-] Task a46f4895-59bf-4f55-9adc-fee87e26eed0 | ITER: 11 END: OK
2020-04-07 19:18:36.952 4626 INFO rally.task.runner [-] Task a46f4895-59bf-4f55-9adc-fee87e26eed0 | ITER: 40 START
2020-04-07 19:18:36.953 4626 WARNING rally_openstack.scenarios.neutron.utils [-] Running this scenario without either the 'network' or 'existing_network' context is deprecated
2020-04-07 19:18:45.467 4603 INFO rally.task.runner [-] Task a46f4895-59bf-4f55-9adc-fee87e26eed0 | ITER: 21 END: OK
2020-04-07 19:18:45.739 4637 INFO rally.task.runner [-] Task a46f4895-59bf-4f55-9adc-fee87e26eed0 | ITER: 22 END: OK
2020-04-07 19:18:47.030 4602 INFO rally.task.runner [-] Task a46f4895-59bf-4f55-9adc-fee87e26eed0 | ITER: 27 END: OK
2020-04-07 19:18:47.503 4644 INFO rally.task.runner [-] Task a46f4895-59bf-4f55-9adc-fee87e26eed0 | ITER: 26 END: OK
2020-04-07 19:18:47.532 4618 INFO rally.task.runner [-] Task a46f4895-59bf-4f55-9adc-fee87e26eed0 | ITER: 23 END: OK
2020-04-07 19:18:48.404 4641 INFO rally.task.runner [-] Task a46f4895-59bf-4f55-9adc-fee87e26eed0 | ITER: 34 END: OK
2020-04-07 19:18:49.073 4632 INFO rally.task.runner [-] Task a46f4895-59bf-4f55-9adc-fee87e26eed0 | ITER: 24 END: OK
2020-04-07 19:18:49.261 4605 INFO rally.task.runner [-] Task a46f4895-59bf-4f55-9adc-fee87e26eed0 | ITER: 28 END: OK
2020-04-07 19:18:49.310 4650 INFO rally.task.runner [-] Task a46f4895-59bf-4f55-9adc-fee87e26eed0 | ITER: 25 END: OK
2020-04-07 19:18:49.452 4623 INFO rally.task.runner [-] Task a46f4895-59bf-4f55-9adc-fee87e26eed0 | ITER: 30 END: OK
2020-04-07 19:18:49.992 4601 INFO rally.task.runner [-] Task a46f4895-59bf-4f55-9adc-fee87e26eed0 | ITER: 36 END: OK
2020-04-07 19:18:50.480 4629 INFO rally.task.runner [-] Task a46f4895-59bf-4f55-9adc-fee87e26eed0 | ITER: 32 END: OK
2020-04-07 19:18:51.193 4647 INFO rally.task.runner [-] Task a46f4895-59bf-4f55-9adc-fee87e26eed0 | ITER: 29 END: OK
2020-04-07 19:18:51.661 4640 INFO rally.task.runner [-] Task a46f4895-59bf-4f55-9adc-fee87e26eed0 | ITER: 33 END: OK
2020-04-07 19:18:51.797 4608 INFO rally.task.runner [-] Task a46f4895-59bf-4f55-9adc-fee87e26eed0 | ITER: 35 END: OK
2020-04-07 19:18:52.336 4620 INFO rally.task.runner [-] Task a46f4895-59bf-4f55-9adc-fee87e26eed0 | ITER: 38 END: OK
2020-04-07 19:18:52.824 4604 INFO rally.task.runner [-] Task a46f4895-59bf-4f55-9adc-fee87e26eed0 | ITER: 31 END: OK
2020-04-07 19:18:54.364 4611 INFO rally.task.runner [-] Task a46f4895-59bf-4f55-9adc-fee87e26eed0 | ITER: 37 END: OK
2020-04-07 19:19:01.138 4614 INFO rally.task.runner [-] Task a46f4895-59bf-4f55-9adc-fee87e26eed0 | ITER: 39 END: OK
2020-04-07 19:19:03.276 4626 INFO rally.task.runner [-] Task a46f4895-59bf-4f55-9adc-fee87e26eed0 | ITER: 40 END: OK
2020-04-07 19:19:03.297 15 INFO rally.task.context [-] Task a46f4895-59bf-4f55-9adc-fee87e26eed0 | Context cleanup@openstack cleanup() started
2020-04-07 19:19:03.300 15 RALLYDEBUG rally_openstack.cleanup.manager [-] Cleaning up neutron vip objects
2020-04-07 19:19:03.494 15 RALLYDEBUG rally_openstack.cleanup.manager [-] Cleaning up neutron health_monitor objects
2020-04-07 19:19:03.693 15 RALLYDEBUG rally_openstack.cleanup.manager [-] Cleaning up neutron pool objects
2020-04-07 19:19:03.881 15 RALLYDEBUG rally_openstack.cleanup.manager [-] Cleaning up neutron loadbalancer objects
2020-04-07 19:19:04.055 15 RALLYDEBUG rally_openstack.cleanup.manager [-] Cleaning up neutron floatingip objects
2020-04-07 19:19:04.261 15 RALLYDEBUG rally_openstack.cleanup.manager [-] Cleaning up neutron trunk objects
2020-04-07 19:19:04.452 15 DEBUG neutronclient.v2_0.client [-] Error message: {"NeutronError": {"message": "Invalid input for operation: 'tenant_id' is not supported for filtering.", "type": "InvalidInput", "detail": ""}} _handle_fault_response /usr/lib/python2.7/site-packages/neutronclient/v2_0/client.py:259
2020-04-07 19:19:04.488 15 DEBUG neutronclient.v2_0.client [-] Error message: {"NeutronError": {"message": "Invalid input for operation: 'tenant_id' is not supported for filtering.", "type": "InvalidInput", "detail": ""}} _handle_fault_response /usr/lib/python2.7/site-packages/neutronclient/v2_0/client.py:259
2020-04-07 19:19:04.519 15 DEBUG neutronclient.v2_0.client [-] Error message: {"NeutronError": {"message": "Invalid input for operation: 'tenant_id' is not supported for filtering.", "type": "InvalidInput", "detail": ""}} _handle_fault_response /usr/lib/python2.7/site-packages/neutronclient/v2_0/client.py:259
2020-04-07 19:19:04.520 15 ERROR rally_openstack.cleanup.manager [-] Seems like rally_openstack.cleanup.resources.NeutronTrunk.list(self) method is broken. It shouldn't raise any exceptions.: BadRequest: Invalid input for operation: 'tenant_id' is not supported for filtering. Neutron server returns request_ids: ['req-a90cab5d-6fee-4252-a1d3-ae54b14f7fb7']
2020-04-07 19:19:04.520 15 ERROR rally_openstack.cleanup.manager
Traceback (most recent call last):
2020-04-07 19:19:04.520 15 ERROR rally_openstack.cleanup.manager
File "/usr/lib/python2.7/site-packages/rally_openstack/cleanup/manager.py", line 133, in _publish
2020-04-07 19:19:04.520 15 ERROR rally_openstack.cleanup.manager for raw_resource in rutils.retry(3, manager.list):
2020-04-07 19:19:04.520 15 ERROR rally_openstack.cleanup.manager
File "/usr/lib/python2.7/site-packages/rally/common/utils.py", line 230, in retry
2020-04-07 19:19:04.520 15 ERROR rally_openstack.cleanup.manager return func(*args, **kwargs)
2020-04-07 19:19:04.520 15 ERROR rally_openstack.cleanup.manager
