2020-04-07 18:52:48.868 6 RALLYDEBUG rally.api [-] INFO logs from urllib3 and requests module are hide.
2020-04-07 18:52:48.868 6 RALLYDEBUG rally.api [-] urllib3 insecure warnings are hidden.
2020-04-07 18:52:48.868 6 RALLYDEBUG rally.api [-] ERROR log from boto module is hide.
2020-04-07 18:52:50.182 6 ERROR rally.cli.cliutils [-] Unexpected exception in CLI: DBRecordNotFound: Record for uuid or name is opnfv-rally not found in table envs
2020-04-07 18:52:50.182 6 ERROR rally.cli.cliutils
Traceback (most recent call last):
2020-04-07 18:52:50.182 6 ERROR rally.cli.cliutils
File "/usr/lib/python2.7/site-packages/rally/cli/cliutils.py", line 674, in run
2020-04-07 18:52:50.182 6 ERROR rally.cli.cliutils ret = fn(*fn_args, **fn_kwargs)
2020-04-07 18:52:50.182 6 ERROR rally.cli.cliutils File "", line 2, in destroy
2020-04-07 18:52:50.182 6 ERROR rally.cli.cliutils
File "/usr/lib/python2.7/site-packages/rally/cli/envutils.py", line 68, in default_from_global
2020-04-07 18:52:50.182 6 ERROR rally.cli.cliutils return f(*args, **kwargs)
2020-04-07 18:52:50.182 6 ERROR rally.cli.cliutils File "", line 2, in destroy
2020-04-07 18:52:50.182 6 ERROR rally.cli.cliutils
File "/usr/lib/python2.7/site-packages/rally/plugins/__init__.py", line 51, in ensure_plugins_are_loaded
2020-04-07 18:52:50.182 6 ERROR rally.cli.cliutils return f(*args, **kwargs)
2020-04-07 18:52:50.182 6 ERROR rally.cli.cliutils
File "/usr/lib/python2.7/site-packages/rally/cli/commands/deployment.py", line 157, in destroy
2020-04-07 18:52:50.182 6 ERROR rally.cli.cliutils api.deployment.destroy(deployment=deployment)
2020-04-07 18:52:50.182 6 ERROR rally.cli.cliutils
File "/usr/lib/python2.7/site-packages/rally/api.py", line 115, in destroy
2020-04-07 18:52:50.182 6 ERROR rally.cli.cliutils deploy = objects.Deployment.get(deployment)
2020-04-07 18:52:50.182 6 ERROR rally.cli.cliutils
File "/usr/lib/python2.7/site-packages/rally/common/objects/deploy.py", line 124, in get
2020-04-07 18:52:50.182 6 ERROR rally.cli.cliutils return Deployment(env_mgr.EnvManager.get(deploy))
2020-04-07 18:52:50.182 6 ERROR rally.cli.cliutils
File "/usr/lib/python2.7/site-packages/rally/env/env_mgr.py", line 212, in get
2020-04-07 18:52:50.182 6 ERROR rally.cli.cliutils return cls(db.env_get(uuid_or_name))
2020-04-07 18:52:50.182 6 ERROR rally.cli.cliutils
File "/usr/lib/python2.7/site-packages/rally/common/db/api.py", line 135, in wrapper
2020-04-07 18:52:50.182 6 ERROR rally.cli.cliutils result = f(session, *args, **kwargs)
2020-04-07 18:52:50.182 6 ERROR rally.cli.cliutils
File "/usr/lib/python2.7/site-packages/rally/common/db/api.py", line 521, in env_get
2020-04-07 18:52:50.182 6 ERROR rally.cli.cliutils criteria="uuid or name is %s" % uuid_or_name, table="envs")
2020-04-07 18:52:50.182 6 ERROR rally.cli.cliutils DBRecordNotFound: Record for uuid or name is opnfv-rally not found in table envs
2020-04-07 18:52:50.182 6 ERROR rally.cli.cliutils
2020-04-07 18:52:50.973 8 RALLYDEBUG rally.api [-] INFO logs from urllib3 and requests module are hide.
2020-04-07 18:52:50.973 8 RALLYDEBUG rally.api [-] urllib3 insecure warnings are hidden.
2020-04-07 18:52:50.973 8 RALLYDEBUG rally.api [-] ERROR log from boto module is hide.
2020-04-07 18:52:53.220 10 RALLYDEBUG rally.api [-] INFO logs from urllib3 and requests module are hide.
2020-04-07 18:52:53.220 10 RALLYDEBUG rally.api [-] urllib3 insecure warnings are hidden.
2020-04-07 18:52:53.220 10 RALLYDEBUG rally.api [-] ERROR log from boto module is hide.
2020-04-07 18:52:55.887 13 RALLYDEBUG rally.api [-] INFO logs from urllib3 and requests module are hide.
2020-04-07 18:52:55.887 13 RALLYDEBUG rally.api [-] urllib3 insecure warnings are hidden.
2020-04-07 18:52:55.887 13 RALLYDEBUG rally.api [-] ERROR log from boto module is hide.
2020-04-07 18:52:57.226 15 RALLYDEBUG rally.api [-] INFO logs from urllib3 and requests module are hide.
2020-04-07 18:52:57.226 15 RALLYDEBUG rally.api [-] urllib3 insecure warnings are hidden.
2020-04-07 18:52:57.226 15 RALLYDEBUG rally.api [-] ERROR log from boto module is hide.
2020-04-07 18:52:58.497 15 INFO rally.common.plugin.discover [-] Loading plugins from directories /root/.rally/plugins/*
2020-04-07 18:52:58.497 15 INFO rally.common.plugin.discover [-] Loaded module with plugins: /root/.rally/plugins/__init__.py
2020-04-07 18:52:58.500 15 INFO rally.common.plugin.discover [-] Loaded module with plugins: /root/.rally/plugins/trunk_scenario.py
2020-04-07 18:52:58.678 15 INFO rally.task.engine [-] Task a46f4895-59bf-4f55-9adc-fee87e26eed0 | Starting: Task validation.
2020-04-07 18:52:58.691 15 INFO rally.task.engine [-] Task a46f4895-59bf-4f55-9adc-fee87e26eed0 | Starting: Task validation of syntax.
2020-04-07 18:52:58.853 15 INFO rally.task.engine [-] Task a46f4895-59bf-4f55-9adc-fee87e26eed0 | Completed: Task validation of syntax.
2020-04-07 18:52:58.853 15 INFO rally.task.engine [-] Task a46f4895-59bf-4f55-9adc-fee87e26eed0 | Starting: Task validation of required platforms.
2020-04-07 18:52:58.924 15 INFO rally.task.engine [-] Task a46f4895-59bf-4f55-9adc-fee87e26eed0 | Completed: Task validation of required platforms.
2020-04-07 18:52:58.924 15 INFO rally.task.engine [-] Task a46f4895-59bf-4f55-9adc-fee87e26eed0 | Starting: Task validation of semantic.
2020-04-07 18:52:58.925 15 INFO rally.task.engine [-] Check health of the environment 'd903a3e3-462f-45d3-9103-a6d53c8a00de'.
2020-04-07 18:52:59.352 15 INFO rally.task.engine [-] Platform existing@openstack (available: True): OK!
2020-04-07 18:52:59.360 15 RALLYDEBUG rally_openstack.contexts.keystone.users [-] Creating 1 tenants using 20 threads
2020-04-07 18:52:59.642 15 RALLYDEBUG rally_openstack.contexts.keystone.users [-] Creating 1 users using 20 threads
2020-04-07 18:53:00.075 15 INFO rally.task.context [-] Task a46f4895-59bf-4f55-9adc-fee87e26eed0 | Context users@openstack setup() finished in 0.72 sec
2020-04-07 18:53:01.604 15 INFO rally.task.context [-] Task a46f4895-59bf-4f55-9adc-fee87e26eed0 | Context users@openstack cleanup() started
2020-04-07 18:53:03.195 15 INFO rally.task.context [-] Task a46f4895-59bf-4f55-9adc-fee87e26eed0 | Context users@openstack cleanup() finished in 1.59 sec
2020-04-07 18:53:03.196 15 INFO rally.task.engine [-] Task a46f4895-59bf-4f55-9adc-fee87e26eed0 | Completed: Task validation of semantic.
2020-04-07 18:53:03.196 15 INFO rally.task.engine [-] Task a46f4895-59bf-4f55-9adc-fee87e26eed0 | Completed: Task validation.
2020-04-07 18:53:03.197 15 INFO rally.api [-] Task a46f4895-59bf-4f55-9adc-fee87e26eed0 input file is valid.
2020-04-07 18:53:03.197 15 INFO rally.api [-] Run Task a46f4895-59bf-4f55-9adc-fee87e26eed0 against Deployment d903a3e3-462f-45d3-9103-a6d53c8a00de
2020-04-07 18:53:03.197 15 INFO rally.task.engine [-] Task a46f4895-59bf-4f55-9adc-fee87e26eed0 | Starting: Running task.
2020-04-07 18:53:03.247 15 INFO rally.task.engine [-] Running workload: position = 0 config = { "version": 2, "title": "A cropped version of a bigger task.", "description": "Auto-generated task from a single workload (uuid=4fc751ae-5dca-4d96-8ec5-e623e2969ec7)", "subtasks": [ { "title": "NeutronNetworks.create_and_list_networks", "description": "Check performance of list_networks action and ensure > network quotas are not exceeded", "scenario": { "NeutronNetworks.create_and_list_networks": {} }, "contexts": { "users": { "tenants": 1, "users_per_tenant": 1 }, "quotas": { "neutron": { "network": 119 } } }, "runner": { "constant": { "times": 100, "concurrency": 20 } }, "hooks": [], "sla": { "max_avg_duration_per_atomic": { "neutron.list_networks": 15 }, "failure_rate": { "max": 0 } } } ] }
2020-04-07 18:53:03.260 15 RALLYDEBUG rally_openstack.contexts.keystone.users [-] Creating 1 tenants using 20 threads
2020-04-07 18:53:03.608 15 RALLYDEBUG rally_openstack.contexts.keystone.users [-] Creating 1 users using 20 threads
2020-04-07 18:53:04.035 15 INFO rally.task.context [-] Task a46f4895-59bf-4f55-9adc-fee87e26eed0 | Context users@openstack setup() finished in 0.78 sec
2020-04-07 18:53:04.353 15 INFO rally.task.context [-] Task a46f4895-59bf-4f55-9adc-fee87e26eed0 | Context quotas@openstack setup() finished in 0.32 sec
2020-04-07 18:53:04.354 15 INFO rally.task.context [-] Task a46f4895-59bf-4f55-9adc-fee87e26eed0 | Context cleanup@openstack setup() finished in 0.02 msec
2020-04-07 18:53:04.363 15 RALLYDEBUG rally.task.runner [-] Starting the constant runner (task UUID: a46f4895-59bf-4f55-9adc-fee87e26eed0). timeout: 0 concurrency: 20 concurrency_per_worker: 1 times: 100 concurrency_overhead: 0 processes_to_start: 20 max_cpu_used: 88
2020-04-07 18:53:04.378 139 RALLYDEBUG rally.task.runner [-] Starting a worker. concurrency: 1 args: {} times: 100 method_name: run timeout: 0 duration: None cls:
2020-04-07 18:53:04.381 140 RALLYDEBUG rally.task.runner [-] Starting a worker. concurrency: 1 args: {} times: 100 method_name: run timeout: 0 duration: None cls:
2020-04-07 18:53:04.383 141 RALLYDEBUG rally.task.runner [-] Starting a worker. concurrency: 1 args: {} times: 100 method_name: run timeout: 0 duration: None cls:
2020-04-07 18:53:04.384 139 INFO rally.task.runner [-] Task a46f4895-59bf-4f55-9adc-fee87e26eed0 | ITER: 1 START
2020-04-07 18:53:04.386 142 RALLYDEBUG rally.task.runner [-] Starting a worker. concurrency: 1 args: {} times: 100 method_name: run timeout: 0 duration: None cls:
2020-04-07 18:53:04.386 140 INFO rally.task.runner [-] Task a46f4895-59bf-4f55-9adc-fee87e26eed0 | ITER: 2 START
2020-04-07 18:53:04.388 144 RALLYDEBUG rally.task.runner [-] Starting a worker. concurrency: 1 args: {} times: 100 method_name: run timeout: 0 duration: None cls:
2020-04-07 18:53:04.389 141 INFO rally.task.runner [-] Task a46f4895-59bf-4f55-9adc-fee87e26eed0 | ITER: 3 START
2020-04-07 18:53:04.391 142 INFO rally.task.runner [-] Task a46f4895-59bf-4f55-9adc-fee87e26eed0 | ITER: 4 START
2020-04-07 18:53:04.391 147 RALLYDEBUG rally.task.runner [-] Starting a worker. concurrency: 1 args: {} times: 100 method_name: run timeout: 0 duration: None cls:
2020-04-07 18:53:04.393 144 INFO rally.task.runner [-] Task a46f4895-59bf-4f55-9adc-fee87e26eed0 | ITER: 5 START
2020-04-07 18:53:04.393 151 RALLYDEBUG rally.task.runner [-] Starting a worker. concurrency: 1 args: {} times: 100 method_name: run timeout: 0 duration: None cls:
2020-04-07 18:53:04.396 147 INFO rally.task.runner [-] Task a46f4895-59bf-4f55-9adc-fee87e26eed0 | ITER: 6 START
2020-04-07 18:53:04.396 154 RALLYDEBUG rally.task.runner [-] Starting a worker. concurrency: 1 args: {} times: 100 method_name: run timeout: 0 duration: None cls:
2020-04-07 18:53:04.399 151 INFO rally.task.runner [-] Task a46f4895-59bf-4f55-9adc-fee87e26eed0 | ITER: 7 START
2020-04-07 18:53:04.399 157 RALLYDEBUG rally.task.runner [-] Starting a worker. concurrency: 1 args: {} times: 100 method_name: run timeout: 0 duration: None cls:
2020-04-07 18:53:04.402 154 INFO rally.task.runner [-] Task a46f4895-59bf-4f55-9adc-fee87e26eed0 | ITER: 8 START
2020-04-07 18:53:04.402 160 RALLYDEBUG rally.task.runner [-] Starting a worker. concurrency: 1 args: {} times: 100 method_name: run timeout: 0 duration: None cls:
2020-04-07 18:53:04.404 157 INFO rally.task.runner [-] Task a46f4895-59bf-4f55-9adc-fee87e26eed0 | ITER: 9 START
2020-04-07 18:53:04.404 163 RALLYDEBUG rally.task.runner [-] Starting a worker. concurrency: 1 args: {} times: 100 method_name: run timeout: 0 duration: None cls:
2020-04-07 18:53:04.407 160 INFO rally.task.runner [-] Task a46f4895-59bf-4f55-9adc-fee87e26eed0 | ITER: 10 START
2020-04-07 18:53:04.407 166 RALLYDEBUG rally.task.runner [-] Starting a worker. concurrency: 1 args: {} times: 100 method_name: run timeout: 0 duration: None cls:
2020-04-07 18:53:04.410 163 INFO rally.task.runner [-] Task a46f4895-59bf-4f55-9adc-fee87e26eed0 | ITER: 11 START
2020-04-07 18:53:04.410 169 RALLYDEBUG rally.task.runner [-] Starting a worker. concurrency: 1 args: {} times: 100 method_name: run timeout: 0 duration: None cls:
2020-04-07 18:53:04.412 166 INFO rally.task.runner [-] Task a46f4895-59bf-4f55-9adc-fee87e26eed0 | ITER: 12 START
2020-04-07 18:53:04.412 172 RALLYDEBUG rally.task.runner [-] Starting a worker. concurrency: 1 args: {} times: 100 method_name: run timeout: 0 duration: None cls:
2020-04-07 18:53:04.414 175 RALLYDEBUG rally.task.runner [-] Starting a worker. concurrency: 1 args: {} times: 100 method_name: run timeout: 0 duration: None cls:
2020-04-07 18:53:04.415 169 INFO rally.task.runner [-] Task a46f4895-59bf-4f55-9adc-fee87e26eed0 | ITER: 13 START
2020-04-07 18:53:04.417 178 RALLYDEBUG rally.task.runner [-] Starting a worker. concurrency: 1 args: {} times: 100 method_name: run timeout: 0 duration: None cls:
2020-04-07 18:53:04.418 172 INFO rally.task.runner [-] Task a46f4895-59bf-4f55-9adc-fee87e26eed0 | ITER: 14 START
2020-04-07 18:53:04.420 181 RALLYDEBUG rally.task.runner [-] Starting a worker. concurrency: 1 args: {} times: 100 method_name: run timeout: 0 duration: None cls:
2020-04-07 18:53:04.421 175 INFO rally.task.runner [-] Task a46f4895-59bf-4f55-9adc-fee87e26eed0 | ITER: 15 START
2020-04-07 18:53:04.422 184 RALLYDEBUG rally.task.runner [-] Starting a worker. concurrency: 1 args: {} times: 100 method_name: run timeout: 0 duration: None cls:
2020-04-07 18:53:04.423 178 INFO rally.task.runner [-] Task a46f4895-59bf-4f55-9adc-fee87e26eed0 | ITER: 16 START
2020-04-07 18:53:04.425 187 RALLYDEBUG rally.task.runner [-] Starting a worker. concurrency: 1 args: {} times: 100 method_name: run timeout: 0 duration: None cls:
2020-04-07 18:53:04.426 190 RALLYDEBUG rally.task.runner [-] Starting a worker. concurrency: 1 args: {} times: 100 method_name: run timeout: 0 duration: None cls:
2020-04-07 18:53:04.427 181 INFO rally.task.runner [-] Task a46f4895-59bf-4f55-9adc-fee87e26eed0 | ITER: 17 START
2020-04-07 18:53:04.428 184 INFO rally.task.runner [-] Task a46f4895-59bf-4f55-9adc-fee87e26eed0 | ITER: 18 START
2020-04-07 18:53:04.431 187 INFO rally.task.runner [-] Task a46f4895-59bf-4f55-9adc-fee87e26eed0 | ITER: 19 START
2020-04-07 18:53:04.432 190 INFO rally.task.runner [-] Task a46f4895-59bf-4f55-9adc-fee87e26eed0 | ITER: 20 START
2020-04-07 18:53:05.758 157 INFO rally.task.runner [-] Task a46f4895-59bf-4f55-9adc-fee87e26eed0 | ITER: 9 END: OK
2020-04-07 18:53:05.763 157 INFO rally.task.runner [-] Task a46f4895-59bf-4f55-9adc-fee87e26eed0 | ITER: 21 START
2020-04-07 18:53:05.837 172 INFO rally.task.runner [-] Task a46f4895-59bf-4f55-9adc-fee87e26eed0 | ITER: 14 END: OK
2020-04-07 18:53:05.842 172 INFO rally.task.runner [-] Task a46f4895-59bf-4f55-9adc-fee87e26eed0 | ITER: 22 START
2020-04-07 18:53:05.871 175 INFO rally.task.runner [-] Task a46f4895-59bf-4f55-9adc-fee87e26eed0 | ITER: 15 END: OK
2020-04-07 18:53:05.873 140 INFO rally.task.runner [-] Task a46f4895-59bf-4f55-9adc-fee87e26eed0 | ITER: 2 END: OK
2020-04-07 18:53:05.876 175 INFO rally.task.runner [-] Task a46f4895-59bf-4f55-9adc-fee87e26eed0 | ITER: 23 START
2020-04-07 18:53:05.878 140 INFO rally.task.runner [-] Task a46f4895-59bf-4f55-9adc-fee87e26eed0 | ITER: 24 START
2020-04-07 18:53:05.965 147 INFO rally.task.runner [-] Task a46f4895-59bf-4f55-9adc-fee87e26eed0 | ITER: 6 END: OK
2020-04-07 18:53:05.970 147 INFO rally.task.runner [-] Task a46f4895-59bf-4f55-9adc-fee87e26eed0 | ITER: 25 START
2020-04-07 18:53:06.042 181 INFO rally.task.runner [-] Task a46f4895-59bf-4f55-9adc-fee87e26eed0 | ITER: 17 END: OK
2020-04-07 18:53:06.047 181 INFO rally.task.runner [-] Task a46f4895-59bf-4f55-9adc-fee87e26eed0 | ITER: 26 START
2020-04-07 18:53:06.074 187 INFO rally.task.runner [-] Task a46f4895-59bf-4f55-9adc-fee87e26eed0 | ITER: 19 END: OK
2020-04-07 18:53:06.078 187 INFO rally.task.runner [-] Task a46f4895-59bf-4f55-9adc-fee87e26eed0 | ITER: 27 START
2020-04-07 18:53:06.121 151 INFO rally.task.runner [-] Task a46f4895-59bf-4f55-9adc-fee87e26eed0 | ITER: 7 END: OK
2020-04-07 18:53:06.126 151 INFO rally.task.runner [-] Task a46f4895-59bf-4f55-9adc-fee87e26eed0 | ITER: 28 START
2020-04-07 18:53:06.137 142 INFO rally.task.runner [-] Task a46f4895-59bf-4f55-9adc-fee87e26eed0 | ITER: 4 END: OK
2020-04-07 18:53:06.142 142 INFO rally.task.runner [-] Task a46f4895-59bf-4f55-9adc-fee87e26eed0 | ITER: 29 START
2020-04-07 18:53:06.234 160 INFO rally.task.runner [-] Task a46f4895-59bf-4f55-9adc-fee87e26eed0 | ITER: 10 END: OK
2020-04-07 18:53:06.239 160 INFO rally.task.runner [-] Task a46f4895-59bf-4f55-9adc-fee87e26eed0 | ITER: 30 START
2020-04-07 18:53:06.253 184 INFO rally.task.runner [-] Task a46f4895-59bf-4f55-9adc-fee87e26eed0 | ITER: 18 END: OK
2020-04-07 18:53:06.257 184 INFO rally.task.runner [-] Task a46f4895-59bf-4f55-9adc-fee87e26eed0 | ITER: 31 START
2020-04-07 18:53:06.313 154 INFO rally.task.runner [-] Task a46f4895-59bf-4f55-9adc-fee87e26eed0 | ITER: 8 END: OK
2020-04-07 18:53:06.316 166 INFO rally.task.runner [-] Task a46f4895-59bf-4f55-9adc-fee87e26eed0 | ITER: 12 END: OK
2020-04-07 18:53:06.317 154 INFO rally.task.runner [-] Task a46f4895-59bf-4f55-9adc-fee87e26eed0 | ITER: 32 START
2020-04-07 18:53:06.321 166 INFO rally.task.runner [-] Task a46f4895-59bf-4f55-9adc-fee87e26eed0 | ITER: 33 START
2020-04-07 18:53:06.481 169 INFO rally.task.runner [-] Task a46f4895-59bf-4f55-9adc-fee87e26eed0 | ITER: 13 END: OK
2020-04-07 18:53:06.486 169 INFO rally.task.runner [-] Task a46f4895-59bf-4f55-9adc-fee87e26eed0 | ITER: 34 START
2020-04-07 18:53:06.606 139 INFO rally.task.runner [-] Task a46f4895-59bf-4f55-9adc-fee87e26eed0 | ITER: 1 END: OK
2020-04-07 18:53:06.606 163 INFO rally.task.runner [-] Task a46f4895-59bf-4f55-9adc-fee87e26eed0 | ITER: 11 END: OK
2020-04-07 18:53:06.610 139 INFO rally.task.runner [-] Task a46f4895-59bf-4f55-9adc-fee87e26eed0 | ITER: 35 START
2020-04-07 18:53:06.611 163 INFO rally.task.runner [-] Task a46f4895-59bf-4f55-9adc-fee87e26eed0 | ITER: 36 START
2020-04-07 18:53:06.633 172 INFO rally.task.runner [-] Task a46f4895-59bf-4f55-9adc-fee87e26eed0 | ITER: 22 END: OK
2020-04-07 18:53:06.637 172 INFO rally.task.runner [-] Task a46f4895-59bf-4f55-9adc-fee87e26eed0 | ITER: 37 START
2020-04-07 18:53:06.747 178 INFO rally.task.runner [-] Task a46f4895-59bf-4f55-9adc-fee87e26eed0 | ITER: 16 END: OK
2020-04-07 18:53:06.752 178 INFO rally.task.runner [-] Task a46f4895-59bf-4f55-9adc-fee87e26eed0 | ITER: 38 START
2020-04-07 18:53:06.953 175 INFO rally.task.runner [-] Task a46f4895-59bf-4f55-9adc-fee87e26eed0 | ITER: 23 END: OK
2020-04-07 18:53:06.957 175 INFO rally.task.runner [-] Task a46f4895-59bf-4f55-9adc-fee87e26eed0 | ITER: 39 START
2020-04-07 18:53:06.979 144 INFO rally.task.runner [-] Task a46f4895-59bf-4f55-9adc-fee87e26eed0 | ITER: 5 END: OK
2020-04-07 18:53:06.983 144 INFO rally.task.runner [-] Task a46f4895-59bf-4f55-9adc-fee87e26eed0 | ITER: 40 START
2020-04-07 18:53:07.034 140 INFO rally.task.runner [-] Task a46f4895-59bf-4f55-9adc-fee87e26eed0 | ITER: 24 END: OK
2020-04-07 18:53:07.038 140 INFO rally.task.runner [-] Task a46f4895-59bf-4f55-9adc-fee87e26eed0 | ITER: 41 START
2020-04-07 18:53:07.231 147 INFO rally.task.runner [-] Task a46f4895-59bf-4f55-9adc-fee87e26eed0 | ITER: 25 END: OK
2020-04-07 18:53:07.234 147 INFO rally.task.runner [-] Task a46f4895-59bf-4f55-9adc-fee87e26eed0 | ITER: 42 START
2020-04-07 18:53:07.257 190 INFO rally.task.runner [-] Task a46f4895-59bf-4f55-9adc-fee87e26eed0 | ITER: 20 END: OK
2020-04-07 18:53:07.261 190 INFO rally.task.runner [-] Task a46f4895-59bf-4f55-9adc-fee87e26eed0 | ITER: 43 START
2020-04-07 18:53:07.389 169 INFO rally.task.runner [-] Task a46f4895-59bf-4f55-9adc-fee87e26eed0 | ITER: 34 END: OK
2020-04-07 18:53:07.393 169 INFO rally.task.runner [-] Task a46f4895-59bf-4f55-9adc-fee87e26eed0 | ITER: 44 START
2020-04-07 18:53:07.405 154 INFO rally.task.runner [-] Task a46f4895-59bf-4f55-9adc-fee87e26eed0 | ITER: 32 END: OK
2020-04-07 18:53:07.409 154 INFO rally.task.runner [-] Task a46f4895-59bf-4f55-9adc-fee87e26eed0 | ITER: 45 START
2020-04-07 18:53:07.562 160 INFO rally.task.runner [-] Task a46f4895-59bf-4f55-9adc-fee87e26eed0 | ITER: 30 END: OK
2020-04-07 18:53:07.566 160 INFO rally.task.runner [-] Task a46f4895-59bf-4f55-9adc-fee87e26eed0 | ITER: 46 START
2020-04-07 18:53:07.670 142 INFO rally.task.runner [-] Task a46f4895-59bf-4f55-9adc-fee87e26eed0 | ITER: 29 END: OK
2020-04-07 18:53:07.673 142 INFO rally.task.runner [-] Task a46f4895-59bf-4f55-9adc-fee87e26eed0 | ITER: 47 START
2020-04-07 18:53:07.683 151 INFO rally.task.runner [-] Task a46f4895-59bf-4f55-9adc-fee87e26eed0 | ITER: 28 END: OK
2020-04-07 18:53:07.683 166 INFO rally.task.runner [-] Task a46f4895-59bf-4f55-9adc-fee87e26eed0 | ITER: 33 END: OK
2020-04-07 18:53:07.686 151 INFO rally.task.runner [-] Task a46f4895-59bf-4f55-9adc-fee87e26eed0 | ITER: 48 START
2020-04-07 18:53:07.687 166 INFO rally.task.runner [-] Task a46f4895-59bf-4f55-9adc-fee87e26eed0 | ITER: 49 START
2020-04-07 18:53:07.727 181 INFO rally.task.runner [-] Task a46f4895-59bf-4f55-9adc-fee87e26eed0 | ITER: 26 END: OK
2020-04-07 18:53:07.730 181 INFO rally.task.runner [-] Task a46f4895-59bf-4f55-9adc-fee87e26eed0 | ITER: 50 START
2020-04-07 18:53:07.749 187 INFO rally.task.runner [-] Task a46f4895-59bf-4f55-9adc-fee87e26eed0 | ITER: 27 END: OK
2020-04-07 18:53:07.753 187 INFO rally.task.runner [-] Task a46f4895-59bf-4f55-9adc-fee87e26eed0 | ITER: 51 START
2020-04-07 18:53:07.760 178 INFO rally.task.runner [-] Task a46f4895-59bf-4f55-9adc-fee87e26eed0 | ITER: 38 END: OK
2020-04-07 18:53:07.763 157 INFO rally.task.runner [-] Task a46f4895-59bf-4f55-9adc-fee87e26eed0 | ITER: 21 END: OK
2020-04-07 18:53:07.763 178 INFO rally.task.runner [-] Task a46f4895-59bf-4f55-9adc-fee87e26eed0 | ITER: 52 START
2020-04-07 18:53:07.767 157 INFO rally.task.runner [-] Task a46f4895-59bf-4f55-9adc-fee87e26eed0 | ITER: 53 START
2020-04-07 18:53:07.798 172 INFO rally.task.runner [-] Task a46f4895-59bf-4f55-9adc-fee87e26eed0 | ITER: 37 END: OK
2020-04-07 18:53:07.802 172 INFO rally.task.runner [-] Task a46f4895-59bf-4f55-9adc-fee87e26eed0 | ITER: 54 START
2020-04-07 18:53:07.865 139 INFO rally.task.runner [-] Task a46f4895-59bf-4f55-9adc-fee87e26eed0 | ITER: 35 END: OK
2020-04-07 18:53:07.869 139 INFO rally.task.runner [-] Task a46f4895-59bf-4f55-9adc-fee87e26eed0 | ITER: 55 START
2020-04-07 18:53:07.898 141 INFO rally.task.runner [-] Task a46f4895-59bf-4f55-9adc-fee87e26eed0 | ITER: 3 END: OK
2020-04-07 18:53:07.902 141 INFO rally.task.runner [-] Task a46f4895-59bf-4f55-9adc-fee87e26eed0 | ITER: 56 START
2020-04-07 18:53:07.943 184 INFO rally.task.runner [-] Task a46f4895-59bf-4f55-9adc-fee87e26eed0 | ITER: 31 END: OK
2020-04-07 18:53:07.947 184 INFO rally.task.runner [-] Task a46f4895-59bf-4f55-9adc-fee87e26eed0 | ITER: 57 START
2020-04-07 18:53:08.243 147 INFO rally.task.runner [-] Task a46f4895-59bf-4f55-9adc-fee87e26eed0 | ITER: 42 END: OK
2020-04-07 18:53:08.246 147 INFO rally.task.runner [-] Task a46f4895-59bf-4f55-9adc-fee87e26eed0 | ITER: 58 START
2020-04-07 18:53:08.321 163 INFO rally.task.runner [-] Task a46f4895-59bf-4f55-9adc-fee87e26eed0 | ITER: 36 END: OK
2020-04-07 18:53:08.325 163 INFO rally.task.runner [-] Task a46f4895-59bf-4f55-9adc-fee87e26eed0 | ITER: 59 START
2020-04-07 18:53:08.646 175 INFO rally.task.runner [-] Task a46f4895-59bf-4f55-9adc-fee87e26eed0 | ITER: 39 END: OK
2020-04-07 18:53:08.650 175 INFO rally.task.runner [-] Task a46f4895-59bf-4f55-9adc-fee87e26eed0 | ITER: 60 START
2020-04-07 18:53:08.948 166 INFO rally.task.runner [-] Task a46f4895-59bf-4f55-9adc-fee87e26eed0 | ITER: 49 END: OK
2020-04-07 18:53:08.951 166 INFO rally.task.runner [-] Task a46f4895-59bf-4f55-9adc-fee87e26eed0 | ITER: 61 START
2020-04-07 18:53:09.077 151 INFO rally.task.runner [-] Task a46f4895-59bf-4f55-9adc-fee87e26eed0 | ITER: 48 END: OK
2020-04-07 18:53:09.080 151 INFO rally.task.runner [-] Task a46f4895-59bf-4f55-9adc-fee87e26eed0 | ITER: 62 START
2020-04-07 18:53:09.131 160 INFO rally.task.runner [-] Task a46f4895-59bf-4f55-9adc-fee87e26eed0 | ITER: 46 END: OK
2020-04-07 18:53:09.135 160 INFO rally.task.runner [-] Task a46f4895-59bf-4f55-9adc-fee87e26eed0 | ITER: 63 START
2020-04-07 18:53:09.241 184 INFO rally.task.runner [-] Task a46f4895-59bf-4f55-9adc-fee87e26eed0 | ITER: 57 END: OK
2020-04-07 18:53:09.244 184 INFO rally.task.runner [-] Task a46f4895-59bf-4f55-9adc-fee87e26eed0 | ITER: 64 START
2020-04-07 18:53:09.264 181 INFO rally.task.runner [-] Task a46f4895-59bf-4f55-9adc-fee87e26eed0 | ITER: 50 END: OK
2020-04-07 18:53:09.267 181 INFO rally.task.runner [-] Task a46f4895-59bf-4f55-9adc-fee87e26eed0 | ITER: 65 START
2020-04-07 18:53:09.293 169 INFO rally.task.runner [-] Task a46f4895-59bf-4f55-9adc-fee87e26eed0 | ITER: 44 END: OK
2020-04-07 18:53:09.297 144 INFO rally.task.runner [-] Task a46f4895-59bf-4f55-9adc-fee87e26eed0 | ITER: 40 END: OK
2020-04-07 18:53:09.297 169 INFO rally.task.runner [-] Task a46f4895-59bf-4f55-9adc-fee87e26eed0 | ITER: 66 START
2020-04-07 18:53:09.300 140 INFO rally.task.runner [-] Task a46f4895-59bf-4f55-9adc-fee87e26eed0 | ITER: 41 END: OK
2020-04-07 18:53:09.300 144 INFO rally.task.runner [-] Task a46f4895-59bf-4f55-9adc-fee87e26eed0 | ITER: 67 START
2020-04-07 18:53:09.303 140 INFO rally.task.runner [-] Task a46f4895-59bf-4f55-9adc-fee87e26eed0 | ITER: 68 START
2020-04-07 18:53:09.541 190 INFO rally.task.runner [-] Task a46f4895-59bf-4f55-9adc-fee87e26eed0 | ITER: 43 END: OK
2020-04-07 18:53:09.544 190 INFO rally.task.runner [-] Task a46f4895-59bf-4f55-9adc-fee87e26eed0 | ITER: 69 START
2020-04-07 18:53:09.561 172 INFO rally.task.runner [-] Task a46f4895-59bf-4f55-9adc-fee87e26eed0 | ITER: 54 END: OK
2020-04-07 18:53:09.564 172 INFO rally.task.runner [-] Task a46f4895-59bf-4f55-9adc-fee87e26eed0 | ITER: 70 START
2020-04-07 18:53:09.689 139 INFO rally.task.runner [-] Task a46f4895-59bf-4f55-9adc-fee87e26eed0 | ITER: 55 END: OK
2020-04-07 18:53:09.692 139 INFO rally.task.runner [-] Task a46f4895-59bf-4f55-9adc-fee87e26eed0 | ITER: 71 START
2020-04-07 18:53:09.791 187 INFO rally.task.runner [-] Task a46f4895-59bf-4f55-9adc-fee87e26eed0 | ITER: 51 END: OK
2020-04-07 18:53:09.795 187 INFO rally.task.runner [-] Task a46f4895-59bf-4f55-9adc-fee87e26eed0 | ITER: 72 START
2020-04-07 18:53:09.891 142 INFO rally.task.runner [-] Task a46f4895-59bf-4f55-9adc-fee87e26eed0 | ITER: 47 END: OK
2020-04-07 18:53:09.895 142 INFO rally.task.runner [-] Task a46f4895-59bf-4f55-9adc-fee87e26eed0 | ITER: 73 START
2020-04-07 18:53:09.978 178 INFO rally.task.runner [-] Task a46f4895-59bf-4f55-9adc-fee87e26eed0 | ITER: 52 END: OK
2020-04-07 18:53:09.982 178 INFO rally.task.runner [-] Task a46f4895-59bf-4f55-9adc-fee87e26eed0 | ITER: 74 START
2020-04-07 18:53:10.003 147 INFO rally.task.runner [-] Task a46f4895-59bf-4f55-9adc-fee87e26eed0 | ITER: 58 END: OK
2020-04-07 18:53:10.007 147 INFO rally.task.runner [-] Task a46f4895-59bf-4f55-9adc-fee87e26eed0 | ITER: 75 START
2020-04-07 18:53:10.081 154 INFO rally.task.runner [-] Task a46f4895-59bf-4f55-9adc-fee87e26eed0 | ITER: 45 END: OK
2020-04-07 18:53:10.084 154 INFO rally.task.runner [-] Task a46f4895-59bf-4f55-9adc-fee87e26eed0 | ITER: 76 START
2020-04-07 18:53:10.190 157 INFO rally.task.runner [-] Task a46f4895-59bf-4f55-9adc-fee87e26eed0 | ITER: 53 END: OK
2020-04-07 18:53:10.194 157 INFO rally.task.runner [-] Task a46f4895-59bf-4f55-9adc-fee87e26eed0 | ITER: 77 START
2020-04-07 18:53:10.649 181 INFO rally.task.runner [-] Task a46f4895-59bf-4f55-9adc-fee87e26eed0 | ITER: 65 END: OK
2020-04-07 18:53:10.653 181 INFO rally.task.runner [-] Task a46f4895-59bf-4f55-9adc-fee87e26eed0 | ITER: 78 START
2020-04-07 18:53:10.698 184 INFO rally.task.runner [-] Task a46f4895-59bf-4f55-9adc-fee87e26eed0 | ITER: 64 END: OK
2020-04-07 18:53:10.702 184 INFO rally.task.runner [-] Task a46f4895-59bf-4f55-9adc-fee87e26eed0 | ITER: 79 START
2020-04-07 18:53:10.712 166 INFO rally.task.runner [-] Task a46f4895-59bf-4f55-9adc-fee87e26eed0 | ITER: 61 END: OK
2020-04-07 18:53:10.716 166 INFO rally.task.runner [-] Task a46f4895-59bf-4f55-9adc-fee87e26eed0 | ITER: 80 START
2020-04-07 18:53:10.719 175 INFO rally.task.runner [-] Task a46f4895-59bf-4f55-9adc-fee87e26eed0 | ITER: 60 END: OK
2020-04-07 18:53:10.722 175 INFO rally.task.runner [-] Task a46f4895-59bf-4f55-9adc-fee87e26eed0 | ITER: 81 START
2020-04-07 18:53:10.876 141 INFO rally.task.runner [-] Task a46f4895-59bf-4f55-9adc-fee87e26eed0 | ITER: 56 END: OK
2020-04-07 18:53:10.879 141 INFO rally.task.runner [-] Task a46f4895-59bf-4f55-9adc-fee87e26eed0 | ITER: 82 START
2020-04-07 18:53:10.943 151 INFO rally.task.runner [-] Task a46f4895-59bf-4f55-9adc-fee87e26eed0 | ITER: 62 END: OK
2020-04-07 18:53:10.947 151 INFO rally.task.runner [-] Task a46f4895-59bf-4f55-9adc-fee87e26eed0 | ITER: 83 START
2020-04-07 18:53:11.068 163 INFO rally.task.runner [-] Task a46f4895-59bf-4f55-9adc-fee87e26eed0 | ITER: 59 END: OK
2020-04-07 18:53:11.072 163 INFO rally.task.runner [-] Task a46f4895-59bf-4f55-9adc-fee87e26eed0 | ITER: 84 START
2020-04-07 18:53:11.109 140 INFO rally.task.runner [-] Task a46f4895-59bf-4f55-9adc-fee87e26eed0 | ITER: 68 END: OK
2020-04-07 18:53:11.112 140 INFO rally.task.runner [-] Task a46f4895-59bf-4f55-9adc-fee87e26eed0 | ITER: 85 START
2020-04-07 18:53:11.248 160 INFO rally.task.runner [-] Task a46f4895-59bf-4f55-9adc-fee87e26eed0 | ITER: 63 END: OK
2020-04-07 18:53:11.252 160 INFO rally.task.runner [-] Task a46f4895-59bf-4f55-9adc-fee87e26eed0 | ITER: 86 START
2020-04-07 18:53:11.634 190 INFO rally.task.runner [-] Task a46f4895-59bf-4f55-9adc-fee87e26eed0 | ITER: 69 END: OK
2020-04-07 18:53:11.638 190 INFO rally.task.runner [-] Task a46f4895-59bf-4f55-9adc-fee87e26eed0 | ITER: 87 START
2020-04-07 18:53:11.675 187 INFO rally.task.runner [-] Task a46f4895-59bf-4f55-9adc-fee87e26eed0 | ITER: 72 END: OK
2020-04-07 18:53:11.678 154 INFO rally.task.runner [-] Task a46f4895-59bf-4f55-9adc-fee87e26eed0 | ITER: 76 END: OK
2020-04-07 18:53:11.679 187 INFO rally.task.runner [-] Task a46f4895-59bf-4f55-9adc-fee87e26eed0 | ITER: 88 START
2020-04-07 18:53:11.682 154 INFO rally.task.runner [-] Task a46f4895-59bf-4f55-9adc-fee87e26eed0 | ITER: 89 START
2020-04-07 18:53:11.816 144 INFO rally.task.runner [-] Task a46f4895-59bf-4f55-9adc-fee87e26eed0 | ITER: 67 END: OK
2020-04-07 18:53:11.819 144 INFO rally.task.runner [-] Task a46f4895-59bf-4f55-9adc-fee87e26eed0 | ITER: 90 START
2020-04-07 18:53:11.879 172 INFO rally.task.runner [-] Task a46f4895-59bf-4f55-9adc-fee87e26eed0 | ITER: 70 END: OK
2020-04-07 18:53:11.883 172 INFO rally.task.runner [-] Task a46f4895-59bf-4f55-9adc-fee87e26eed0 | ITER: 91 START
2020-04-07 18:53:11.950 169 INFO rally.task.runner [-] Task a46f4895-59bf-4f55-9adc-fee87e26eed0 | ITER: 66 END: OK
2020-04-07 18:53:11.953 169 INFO rally.task.runner [-] Task a46f4895-59bf-4f55-9adc-fee87e26eed0 | ITER: 92 START
2020-04-07 18:53:11.986 178 INFO rally.task.runner [-] Task a46f4895-59bf-4f55-9adc-fee87e26eed0 | ITER: 74 END: OK
2020-04-07 18:53:11.990 178 INFO rally.task.runner [-] Task a46f4895-59bf-4f55-9adc-fee87e26eed0 | ITER: 93 START
2020-04-07 18:53:11.999 147 INFO rally.task.runner [-] Task a46f4895-59bf-4f55-9adc-fee87e26eed0 | ITER: 75 END: OK
2020-04-07 18:53:12.002 147 INFO rally.task.runner [-] Task a46f4895-59bf-4f55-9adc-fee87e26eed0 | ITER: 94 START
2020-04-07 18:53:12.022 142 INFO rally.task.runner [-] Task a46f4895-59bf-4f55-9adc-fee87e26eed0 | ITER: 73 END: OK
2020-04-07 18:53:12.026 142 INFO rally.task.runner [-] Task a46f4895-59bf-4f55-9adc-fee87e26eed0 | ITER: 95 START
2020-04-07 18:53:12.304 157 INFO rally.task.runner [-] Task a46f4895-59bf-4f55-9adc-fee87e26eed0 | ITER: 77 END: OK
2020-04-07 18:53:12.308 157 INFO rally.task.runner [-] Task a46f4895-59bf-4f55-9adc-fee87e26eed0 | ITER: 96 START
2020-04-07 18:53:12.544 181 INFO rally.task.runner [-] Task a46f4895-59bf-4f55-9adc-fee87e26eed0 | ITER: 78 END: OK
2020-04-07 18:53:12.547 181 INFO rally.task.runner [-] Task a46f4895-59bf-4f55-9adc-fee87e26eed0 | ITER: 97 START
2020-04-07 18:53:12.688 184 INFO rally.task.runner [-] Task a46f4895-59bf-4f55-9adc-fee87e26eed0 | ITER: 79 END: OK
2020-04-07 18:53:12.691 184 INFO rally.task.runner [-] Task a46f4895-59bf-4f55-9adc-fee87e26eed0 | ITER: 98 START
2020-04-07 18:53:12.746 151 INFO rally.task.runner [-] Task a46f4895-59bf-4f55-9adc-fee87e26eed0 | ITER: 83 END: OK
2020-04-07 18:53:12.749 151 INFO rally.task.runner [-] Task a46f4895-59bf-4f55-9adc-fee87e26eed0 | ITER: 99 START
2020-04-07 18:53:12.859 140 INFO rally.task.runner [-] Task a46f4895-59bf-4f55-9adc-fee87e26eed0 | ITER: 85 END: OK
2020-04-07 18:53:12.863 140 INFO rally.task.runner [-] Task a46f4895-59bf-4f55-9adc-fee87e26eed0 | ITER: 100 START
2020-04-07 18:53:13.025 163 INFO rally.task.runner [-] Task a46f4895-59bf-4f55-9adc-fee87e26eed0 | ITER: 84 END: OK
2020-04-07 18:53:13.161 139 INFO rally.task.runner [-] Task a46f4895-59bf-4f55-9adc-fee87e26eed0 | ITER: 71 END: OK
2020-04-07 18:53:13.282 154 INFO rally.task.runner [-] Task a46f4895-59bf-4f55-9adc-fee87e26eed0 | ITER: 89 END: OK
2020-04-07 18:53:13.367 175 INFO rally.task.runner [-] Task a46f4895-59bf-4f55-9adc-fee87e26eed0 | ITER: 81 END: OK
2020-04-07 18:53:13.370 141 INFO rally.task.runner [-] Task a46f4895-59bf-4f55-9adc-fee87e26eed0 | ITER: 82 END: OK
2020-04-07 18:53:13.401 166 INFO rally.task.runner [-] Task a46f4895-59bf-4f55-9adc-fee87e26eed0 | ITER: 80 END: OK
2020-04-07 18:53:13.526 160 INFO rally.task.runner [-] Task a46f4895-59bf-4f55-9adc-fee87e26eed0 | ITER: 86 END: OK
2020-04-07 18:53:13.625 178 INFO rally.task.runner [-] Task a46f4895-59bf-4f55-9adc-fee87e26eed0 | ITER: 93 END: OK
2020-04-07 18:53:13.858 181 INFO rally.task.runner [-] Task a46f4895-59bf-4f55-9adc-fee87e26eed0 | ITER: 97 END: OK
2020-04-07 18:53:13.863 190 INFO rally.task.runner [-] Task a46f4895-59bf-4f55-9adc-fee87e26eed0 | ITER: 87 END: OK
2020-04-07 18:53:14.058 169 INFO rally.task.runner [-] Task a46f4895-59bf-4f55-9adc-fee87e26eed0 | ITER: 92 END: OK
2020-04-07 18:53:14.068 172 INFO rally.task.runner [-] Task a46f4895-59bf-4f55-9adc-fee87e26eed0 | ITER: 91 END: OK
2020-04-07 18:53:14.110 140 INFO rally.task.runner [-] Task a46f4895-59bf-4f55-9adc-fee87e26eed0 | ITER: 100 END: OK
2020-04-07 18:53:14.132 187 INFO rally.task.runner [-] Task a46f4895-59bf-4f55-9adc-fee87e26eed0 | ITER: 88 END: OK
2020-04-07 18:53:14.195 184 INFO rally.task.runner [-] Task a46f4895-59bf-4f55-9adc-fee87e26eed0 | ITER: 98 END: OK
2020-04-07 18:53:14.347 144 INFO rally.task.runner [-] Task a46f4895-59bf-4f55-9adc-fee87e26eed0 | ITER: 90 END: OK
2020-04-07 18:53:14.374 157 INFO rally.task.runner [-] Task a46f4895-59bf-4f55-9adc-fee87e26eed0 | ITER: 96 END: OK
2020-04-07 18:53:14.640 147 INFO rally.task.runner [-] Task a46f4895-59bf-4f55-9adc-fee87e26eed0 | ITER: 94 END: OK
2020-04-07 18:53:15.143 151 INFO rally.task.runner [-] Task a46f4895-59bf-4f55-9adc-fee87e26eed0 | ITER: 99 END: OK
2020-04-07 18:53:15.324 142 INFO rally.task.runner [-] Task a46f4895-59bf-4f55-9adc-fee87e26eed0 | ITER: 95 END: OK
2020-04-07 18:53:15.346 15 INFO rally.task.context [-] Task a46f4895-59bf-4f55-9adc-fee87e26eed0 | Context cleanup@openstack cleanup() started
2020-04-07 18:53:15.349 15 RALLYDEBUG rally_openstack.cleanup.manager [-] Cleaning up neutron vip objects
2020-04-07 18:53:15.548 15 RALLYDEBUG rally_openstack.cleanup.manager [-] Cleaning up neutron health_monitor objects
2020-04-07 18:53:15.744 15 RALLYDEBUG rally_openstack.cleanup.manager [-] Cleaning up neutron pool objects
2020-04-07 18:53:15.931 15 RALLYDEBUG rally_openstack.cleanup.manager [-] Cleaning up neutron loadbalancer objects
2020-04-07 18:53:16.119 15 RALLYDEBUG rally_openstack.cleanup.manager [-] Cleaning up neutron floatingip objects
2020-04-07 18:53:16.323 15 RALLYDEBUG rally_openstack.cleanup.manager [-] Cleaning up neutron trunk objects
2020-04-07 18:53:16.503 15 DEBUG neutronclient.v2_0.client [-] Error message: {"NeutronError": {"message": "Invalid input for operation: 'tenant_id' is not supported for filtering.", "type": "InvalidInput", "detail": ""}} _handle_fault_response /usr/lib/python2.7/site-packages/neutronclient/v2_0/client.py:259
2020-04-07 18:53:16.531 15 DEBUG neutronclient.v2_0.client [-] Error message: {"NeutronError": {"message": "Invalid input for operation: 'tenant_id' is not supported for filtering.", "type": "InvalidInput", "detail": ""}} _handle_fault_response /usr/lib/python2.7/site-packages/neutronclient/v2_0/client.py:259
2020-04-07 18:53:16.568 15 DEBUG neutronclient.v2_0.client [-] Error message: {"NeutronError": {"message": "Invalid input for operation: 'tenant_id' is not supported for filtering.", "type": "InvalidInput", "detail": ""}} _handle_fault_response /usr/lib/python2.7/site-packages/neutronclient/v2_0/client.py:259
2020-04-07 18:53:16.569 15 ERROR rally_openstack.cleanup.manager [-] Seems like rally_openstack.cleanup.resources.NeutronTrunk.list(self) method is broken. It shouldn't raise any exceptions.: BadRequest: Invalid input for operation: 'tenant_id' is not supported for filtering. Neutron server returns request_ids: ['req-d5dc42f7-c9ef-433d-92f7-b067a34c930e']
2020-04-07 18:53:16.569 15 ERROR rally_openstack.cleanup.manager
Traceback (most recent call last):
2020-04-07 18:53:16.569 15 ERROR rally_openstack.cleanup.manager
File "/usr/lib/python2.7/site-packages/rally_openstack/cleanup/manager.py", line 133, in _publish
2020-04-07 18:53:16.569 15 ERROR rally_openstack.cleanup.manager for raw_resource in rutils.retry(3, manager.list):
2020-04-07 18:53:16.569 15 ERROR rally_openstack.cleanup.manager
File "/usr/lib/python2.7/site-packages/rally/common/utils.py", line 230, in retry
2020-04-07 18:53:16.569 15 ERROR rally_openstack.cleanup.manager return func(*args, **kwargs)
2020-04-07 18:53:16.569 15 ERROR rally_openstack.cleanup.manager
File "/usr/lib/python2.7/site-packages/rally_openstack/cleanup/resources.py", line 396, in list
2020-04-07 18:53:16.569 15 ERROR rally_openstack.cleanup.manager return super(NeutronTrunk, self).list()
2020-04-07 18:53:16.569 15 ERROR rally_openstack.cleanup.manager
File "/usr/lib/python2.7/site-packages/rally_openstack/cleanup/resources.py", line 273, in list
2020-04-07 18:53:16.569 15 ERROR rally_openstack.cleanup.manager result = list_method(tenant_id=self.tenant_uuid)[resources]
2020-04-07 18:53:16.569 15 ERROR rally_openstack.cleanup.manager
File "/usr/lib/python2.7/site-packages/neutronclient/v2_0/client.py", line 2105, in list_trunks
2020-04-07 18:53:16.569 15 ERROR rally_openstack.cleanup.manager **_params)
2020-04-07 18:53:16.569 15 ERROR rally_openstack.cleanup.manager
File "/usr/lib/python2.7/site-packages/neutronclient/v2_0/client.py", line 369, in list
2020-04-07 18:53:16.569 15 ERROR rally_openstack.cleanup.manager for r in self._pagination(collection, path, **params):
2020-04-07 18:53:16.569 15 ERROR rally_openstack.cleanup.manager
File "/usr/lib/python2.7/site-packages/neutronclient/v2_0/client.py", line 384, in _pagination
2020-04-07 18:53:16.569 15 ERROR rally_openstack.cleanup.manager res = self.get(path, params=params)
2020-04-07 18:53:16.569 15 ERROR rally_openstack.cleanup.manager
File "/usr/lib/python2.7/site-packages/neutronclient/v2_0/client.py", line 354, in get
2020-04-07 18:53:16.569 15 ERROR rally_openstack.cleanup.manager headers=headers, params=params)
2020-04-07 18:53:16.569 15 ERROR rally_openstack.cleanup.manager
File "/usr/lib/python2.7/site-packages/neutronclient/v2_0/client.py", line 331, in retry_request
2020-04-07 18:53:16.569 15 ERROR rally_openstack.cleanup.manager headers=headers, params=params)
2020-04-07 18:53:16.569 15 ERROR rally_openstack.cleanup.manager
File "/usr/lib/python2.7/site-packages/neutronclient/v2_0/client.py", line 294, in do_request
2020-04-07 18:53:16.569 15 ERROR rally_openstack.cleanup.manager self._handle_fault_response(status_code, replybody, resp)
2020-04-07 18:53:16.569 15 ERROR rally_openstack.cleanup.manager
File "/usr/lib/python2.7/site-packages/neutronclient/v2_0/client.py", line 269, in _handle_fault_response
2020-04-07 18:53:16.569 15 ERROR rally_openstack.cleanup.manager exception_handler_v20(status_code, error_body)
2020-04-07 18:53:16.569 15 ERROR rally_openstack.cleanup.manager
File "/usr/lib/python2.7/site-packages/neutronclient/v2_0/client.py", line 93, in exception_handler_v20
2020-04-07 18:53:16.569 15 ERROR rally_openstack.cleanup.manager request_ids=request_ids)
2020-04-07 18:53:16.569 15 ERROR rally_openstack.cleanup.manager BadRequest: Invalid input for operation: 'tenant_id' is not supported for filtering.
2020-04-07 18:53:16.569 15 ERROR rally_openstack.cleanup.manager Neutron server returns request_ids: ['req-d5dc42f7-c9ef-433d-92f7-b067a34c930e']
2020-04-07 18:53:16.569 15 ERROR rally_openstack.cleanup.manager
2020-04-07 18:53:16.581 15 RALLYDEBUG rally_openstack.cleanup.manager [-] Cleaning up neutron port objects
2020-04-07 18:53:16.810 15 RALLYDEBUG rally_openstack.cleanup.manager [-] Cleaning up neutron subnet objects
2020-04-07 18:53:17.049 15 RALLYDEBUG rally_openstack.cleanup.manager [-] Cleaning up neutron network objects
2020-04-07 18:53:17.856 15 RALLYDEBUG rally_openstack.cleanup.manager [-] Deleting neutron.network object s_rally_4fc751ae_L0w74Zp5 (0109bbc0-05a9-464d-afe7-f857991d53c0)
2020-04-07 18:53:17.864 15 RALLYDEBUG rally_openstack.cleanup.manager [-] Deleting neutron.network object s_rally_4fc751ae_5JNkANcn (12366699-ffbf-4f58-9705-0526e57cde9a)
2020-04-07 18:53:17.867 15 RALLYDEBUG rally_openstack.cleanup.manager [-] Deleting neutron.network object s_rally_4fc751ae_sSz7NY3O (0a34cc30-658a-49c4-86a1-f75bae15c7f1)
2020-04-07 18:53:17.872 15 RALLYDEBUG rally_openstack.cleanup.manager [-] Deleting neutron.network object s_rally_4fc751ae_nZs5gDFr (123b5af5-37ff-45c5-88fa-ddaa59f75ef3)
2020-04-07 18:53:17.876 15 RALLYDEBUG rally_openstack.cleanup.manager [-] Deleting neutron.network object s_rally_4fc751ae_Y7uMUZZ9 (00c42e88-ccf6-414f-b6b5-67227296bcb8)
2020-04-07 18:53:17.883 15 RALLYDEBUG rally_openstack.cleanup.manager [-] Deleting neutron.network object s_rally_4fc751ae_NJFwaTQh (12d04a76-c409-4498-817b-5ec99032f912)
2020-04-07 18:53:17.886 15 RALLYDEBUG rally_openstack.cleanup.manager [-] Deleting neutron.network object s_rally_4fc751ae_AQTgTpgx (11a8c133-7842-446a-a684-07acfd5df721)
2020-04-07 18:53:17.899 15 RALLYDEBUG rally_openstack.cleanup.manager [-] Deleting neutron.network object s_rally_4fc751ae_3gov1xxl (13a37cb4-d154-4f1e-9303-3419b7ec8658)
2020-04-07 18:53:17.906 15 RALLYDEBUG rally_openstack.cleanup.manager [-] Deleting neutron.network object s_rally_4fc751ae_AKADHpWw (13f23e31-c973-47f0-adc9-533808caaf27)
2020-04-07 18:53:17.968 15 RALLYDEBUG rally_openstack.cleanup.manager [-] Deleting neutron.network object s_rally_4fc751ae_1bZwAHm3 (165cb947-4c25-40e7-963a-19fe22121849)
2020-04-07 18:53:17.982 15 RALLYDEBUG rally_openstack.cleanup.manager [-] Deleting neutron.network object s_rally_4fc751ae_wli7qiGj (1dc17d92-3a22-4420-89f1-d3ab69fc80d2)
2020-04-07 18:53:17.992 15 RALLYDEBUG rally_openstack.cleanup.manager [-] Deleting neutron.network object s_rally_4fc751ae_Mjy3KEIE (1b1400fa-f879-4886-81dc-9c6b9b47e5eb)
2020-04-07 18:53:18.007 15 RALLYDEBUG rally_openstack.cleanup.manager [-] Deleting neutron.network object s_rally_4fc751ae_EvSCwGpL (1d48f328-e3d8-4f32-864e-c4a4c185c24e)
2020-04-07 18:53:18.008 15 RALLYDEBUG rally_openstack.cleanup.manager [-] Deleting neutron.network object s_rally_4fc751ae_H7VbD6er (227d918d-15bb-4513-8109-d818ad72ab9a)
2020-04-07 18:53:18.042 15 RALLYDEBUG rally_openstack.cleanup.manager [-] Deleting neutron.network object s_rally_4fc751ae_nnL2TP36 (26b2d419-03c8-4298-a169-7cfb2313bfe6)
2020-04-07 18:53:18.048 15 RALLYDEBUG rally_openstack.cleanup.manager [-] Deleting neutron.network object s_rally_4fc751ae_AiQNLd3G (26e6cb1e-2793-4498-a17b-8b3850dfae18)
2020-04-07 18:53:18.069 15 RALLYDEBUG rally_openstack.cleanup.manager [-] Deleting neutron.network object s_rally_4fc751ae_oQh5wxNY (29bba3a0-92ea-4dc1-9836-9aa9d6239f9c)
2020-04-07 18:53:18.063 15 RALLYDEBUG rally_openstack.cleanup.manager [-] Deleting neutron.network object s_rally_4fc751ae_J7hRsOe4 (2a47a3ac-6ed7-47dd-a720-e2dbe4899438)
2020-04-07 18:53:18.083 15 RALLYDEBUG rally_openstack.cleanup.manager [-] Deleting neutron.network object s_rally_4fc751ae_wnwKzjDK (2e804f94-f3b0-44d4-8e94-b5dafad267a8)
2020-04-07 18:53:18.107 15 RALLYDEBUG rally_openstack.cleanup.manager [-] Deleting neutron.network object s_rally_4fc751ae_pXmSDRW4 (2f559697-2841-483f-8c0b-050f3bc8dc75)
2020-04-07 18:53:20.174 15 RALLYDEBUG rally_openstack.cleanup.manager [-] Deleting neutron.network object s_rally_4fc751ae_PIaeHzYW (3055e28a-bf6c-42b9-949b-78a78ee85846)
2020-04-07 18:53:20.228 15 RALLYDEBUG rally_openstack.cleanup.manager [-] Deleting neutron.network object s_rally_4fc751ae_UK2hPGRt (367c9b43-e6aa-479a-8660-39d4134c599d)
2020-04-07 18:53:20.398 15 RALLYDEBUG rally_openstack.cleanup.manager [-] Deleting neutron.network object s_rally_4fc751ae_EiYfoNzU (36ee75b5-a765-41f6-ac1f-c46fbf82e2b7)
2020-04-07 18:53:20.790 15 RALLYDEBUG rally_openstack.cleanup.manager [-] Deleting neutron.network object s_rally_4fc751ae_OONhnapu (3afbdd68-59f1-472f-b08b-e162318d7278)
2020-04-07 18:53:20.905 15 RALLYDEBUG rally_openstack.cleanup.manager [-] Deleting neutron.network object s_rally_4fc751ae_0ZdoOOXe (3b26de01-3931-4568-8544-3041cf23ee20)
2020-04-07 18:53:20.929 15 RALLYDEBUG rally_openstack.cleanup.manager [-] Deleting neutron.network object s_rally_4fc751ae_GhoKIIoQ (3de3de2a-60ee-4767-9913-52515f31cfd6)
2020-04-07 18:53:21.175 15 RALLYDEBUG rally_openstack.cleanup.manager [-] Deleting neutron.network object s_rally_4fc751ae_CKNTleZ7 (3e9b02a5-f7db-41ba-bcaa-3a8a39effdc6)
2020-04-07 18:53:21.217 15 RALLYDEBUG rally_openstack.cleanup.manager [-] Deleting neutron.network object s_rally_4fc751ae_j0g1wzP7 (4289d088-8f78-41b6-8488-cf615aa63533)
2020-04-07 18:53:21.252 15 RALLYDEBUG rally_openstack.cleanup.manager [-] Deleting neutron.network object s_rally_4fc751ae_U7NaZJEW (447bfa67-8d0c-4276-9b0a-8a7c81f74b88)
2020-04-07 18:53:21.315 15 RALLYDEBUG rally_openstack.cleanup.manager [-] Deleting neutron.network object s_rally_4fc751ae_f1vbkQOe (48e53a10-11cb-4d2f-b901-287bef7ed804)
2020-04-07 18:53:21.491 15 RALLYDEBUG rally_openstack.cleanup.manager [-] Deleting neutron.network object s_rally_4fc751ae_5EzcnKUP (4d323f00-8b86-4b0b-bbc4-af93131be1bd)
2020-04-07 18:53:21.519 15 RALLYDEBUG rally_openstack.cleanup.manager [-] Deleting neutron.network object s_rally_4fc751ae_iNDxTYoP (4dff668f-5cc9-4ed2-9691-64d9fcc60b6b)
2020-04-07 18:53:21.780 15 RALLYDEBUG rally_openstack.cleanup.manager [-] Deleting neutron.network object s_rally_4fc751ae_q1aka1HJ (4ed8464f-968b-4d86-b90d-2f097ea3e798)
2020-04-07 18:53:22.041 15 RALLYDEBUG rally_openstack.cleanup.manager [-] Deleting neutron.network object s_rally_4fc751ae_GaggNRGN (50991dfb-4102-4333-882c-38abd1d0b193)
2020-04-07 18:53:22.436 15 RALLYDEBUG rally_openstack.cleanup.manager [-] Deleting neutron.network object s_rally_4fc751ae_vIhfHScG (533d0084-aaf5-4ba1-9361-8f6ee9a7756c)
2020-04-07 18:53:22.717 15 RALLYDEBUG rally_openstack.cleanup.manager [-] Deleting neutron.network object s_rally_4fc751ae_sI3pD3A9 (538f4ed4-3470-418e-9f58-4565b320d008)
2020-04-07 18:53:23.165 15 RALLYDEBUG rally_openstack.cleanup.manager [-] Deleting neutron.network object s_rally_4fc751ae_pycl7m19 (5c3905f0-7d55-4350-b640-1e78ef320187)
2020-04-07 18:53:23.523 15 RALLYDEBUG rally_openstack.cleanup.manager [-] Deleting neutron.network object s_rally_4fc751ae_8hodOaaB (5e62cea3-4703-4f6e-af31-3bbe6a80a479)
2020-04-07 18:53:23.527 15 RALLYDEBUG rally_openstack.cleanup.manager [-] Deleting neutron.network object s_rally_4fc751ae_sEyYIw5W (5f431701-6851-4dcb-8850-bae54ec4024c)
2020-04-07 18:53:23.546 15 RALLYDEBUG rally_openstack.cleanup.manager [-] Deleting neutron.network object s_rally_4fc751ae_11bSaCZ1 (639435e6-82a4-4f9d-8e7a-fac4242cec2e)
2020-04-07 18:53:23.564 15 RALLYDEBUG rally_openstack.cleanup.manager [-] Deleting neutron.network object s_rally_4fc751ae_kybYpyGZ (64b980cf-7b49-434c-ba67-5b71f6ea7c24)
2020-04-07 18:53:23.600 15 RALLYDEBUG rally_openstack.cleanup.manager [-] Deleting neutron.network object s_rally_4fc751ae_SlWREWxv (6835c318-310f-4d80-a275-9c61452c3598)
2020-04-07 18:53:23.604 15 RALLYDEBUG rally_openstack.cleanup.manager [-] Deleting neutron.network object s_rally_4fc751ae_t0v9RHas (6a641d5c-dfde-4d9a-bea5-9e2ad0818ffc)
2020-04-07 18:53:23.666 15 RALLYDEBUG rally_openstack.cleanup.manager [-] Deleting neutron.network object s_rally_4fc751ae_K9UThZaa (6ec0f763-07c7-4ef3-b595-6d423deaab96)
2020-04-07 18:53:23.670 15 RALLYDEBUG rally_openstack.cleanup.manager [-] Deleting neutron.network object s_rally_4fc751ae_fWrUA5OU (6c8de8f6-2713-40e4-8bc9-eac76879d7ef)
2020-04-07 18:53:23.816 15 RALLYDEBUG rally_openstack.cleanup.manager [-] Deleting neutron.network object s_rally_4fc751ae_vos1jHfi (708a2b26-1894-46c8-beac-c6b0cf8c9511)
2020-04-07 18:53:23.911 15 RALLYDEBUG rally_openstack.cleanup.manager [-] Deleting neutron.network object s_rally_4fc751ae_f3n2Ka3X (714c6fe1-2b05-489d-a951-1fd0deb2ad17)
2020-04-07 18:53:23.950 15 RALLYDEBUG rally_openstack.cleanup.manager [-] Deleting neutron.network object s_rally_4fc751ae_ONnzjF3y (753a9903-a7d8-4200-9c28-0cebfd8eb245)
2020-04-07 18:53:23.954 15 RALLYDEBUG rally_openstack.cleanup.manager [-] Deleting neutron.network object s_rally_4fc751ae_fOCzIxic (7c764b3b-b663-4ae1-b847-ed459bdf40e5)
2020-04-07 18:53:23.968 15 RALLYDEBUG rally_openstack.cleanup.manager [-] Deleting neutron.network object s_rally_4fc751ae_r9Yh13Na (7de4e44d-14ce-41f8-85b3-73553b454812)
2020-04-07 18:53:24.168 15 RALLYDEBUG rally_openstack.cleanup.manager [-] Deleting neutron.network object s_rally_4fc751ae_bi3u8d9e (7fb33f41-15de-43d2-9e43-5e14e47774f3)
2020-04-07 18:53:24.382 15 RALLYDEBUG rally_openstack.cleanup.manager [-] Deleting neutron.network object s_rally_4fc751ae_S1NIQ9Aq (812e9813-d785-479f-b7d1-59e41a6ef2ee)
2020-04-07 18:53:24.555 15 RALLYDEBUG rally_openstack.cleanup.manager [-] Deleting neutron.network object s_rally_4fc751ae_ra9jJXm0 (81d9519f-9387-4f66-8f1e-fa4b12c67747)
