2020-04-07 19:16:16.128 15 RALLYDEBUG rally_openstack.cleanup.manager [-] Cleaning up neutron security_group objects
2020-04-07 19:16:16.397 15 INFO rally.task.context [-] Task a46f4895-59bf-4f55-9adc-fee87e26eed0 | Context cleanup@openstack cleanup() finished in 53.57 sec
2020-04-07 19:16:16.397 15 INFO rally.task.context [-] Task a46f4895-59bf-4f55-9adc-fee87e26eed0 | Context quotas@openstack cleanup() started
2020-04-07 19:16:16.450 15 INFO rally.task.context [-] Task a46f4895-59bf-4f55-9adc-fee87e26eed0 | Context quotas@openstack cleanup() finished in 53.11 msec
2020-04-07 19:16:16.451 15 INFO rally.task.context [-] Task a46f4895-59bf-4f55-9adc-fee87e26eed0 | Context users@openstack cleanup() started
2020-04-07 19:16:17.996 15 INFO rally.task.context [-] Task a46f4895-59bf-4f55-9adc-fee87e26eed0 | Context users@openstack cleanup() finished in 1.55 sec
2020-04-07 19:16:18.074 15 INFO rally.task.engine [-] Load duration is: 200.597578
2020-04-07 19:16:18.074 15 INFO rally.task.engine [-] Full runner duration is: 200.641973
2020-04-07 19:16:18.074 15 INFO rally.task.engine [-] Full duration is: 257.017968
2020-04-07 19:16:18.154 15 INFO rally.task.engine [-] Running workload: position = 1 config = { "version": 2, "title": "A cropped version of a bigger task.", "description": "Auto-generated task from a single workload (uuid=f470693f-76e4-4432-9247-55bc5be0b7c5)", "subtasks": [ { "title": "NeutronNetworks.create_and_update_ports", "description": "Create and update a given number of ports.", "scenario": { "NeutronNetworks.create_and_update_ports": { "network_create_args": {}, "port_create_args": {}, "ports_per_network": 5, "port_update_args": { "admin_state_up": false, "device_id": "dummy_id", "device_owner": "dummy_owner", "name": "_port_updated" } } }, "contexts": { "users": { "tenants": 1, "users_per_tenant": 1 }, "quotas": { "neutron": { "network": -1, "port": -1 } } }, "runner": { "constant": { "times": 40, "concurrency": 20 } }, "hooks": [], "sla": { "failure_rate": { "max": 0 } } } ] }
2020-04-07 19:16:18.174 15 RALLYDEBUG rally_openstack.contexts.keystone.users [-] Creating 1 tenants using 20 threads
2020-04-07 19:16:18.533 15 RALLYDEBUG rally_openstack.contexts.keystone.users [-] Creating 1 users using 20 threads
2020-04-07 19:16:19.034 15 INFO rally.task.context [-] Task a46f4895-59bf-4f55-9adc-fee87e26eed0 | Context users@openstack setup() finished in 0.86 sec
2020-04-07 19:16:19.310 15 INFO rally.task.context [-] Task a46f4895-59bf-4f55-9adc-fee87e26eed0 | Context quotas@openstack setup() finished in 0.28 sec
2020-04-07 19:16:19.311 15 INFO rally.task.context [-] Task a46f4895-59bf-4f55-9adc-fee87e26eed0 | Context cleanup@openstack setup() finished in 0.01 msec
2020-04-07 19:16:19.320 15 RALLYDEBUG rally.task.runner [-] Starting the constant runner (task UUID: a46f4895-59bf-4f55-9adc-fee87e26eed0). timeout: 0 concurrency: 20 concurrency_per_worker: 1 times: 40 concurrency_overhead: 0 processes_to_start: 20 max_cpu_used: 88
2020-04-07 19:16:19.335 4199 RALLYDEBUG rally.task.runner [-] Starting a worker. concurrency: 1 args: {"network_create_args": {}, "port_create_args": {}, "ports_per_network": 5, "port_update_args": {"admin_state_up": false, "device_id": "dummy_id", "device_owner": "dummy_owner", "name": "_port_updated"}} times: 40 method_name: run timeout: 0 duration: None cls:
2020-04-07 19:16:19.338 4200 RALLYDEBUG rally.task.runner [-] Starting a worker. concurrency: 1 args: {"network_create_args": {}, "port_create_args": {}, "ports_per_network": 5, "port_update_args": {"admin_state_up": false, "device_id": "dummy_id", "device_owner": "dummy_owner", "name": "_port_updated"}} times: 40 method_name: run timeout: 0 duration: None cls:
2020-04-07 19:16:19.341 4201 RALLYDEBUG rally.task.runner [-] Starting a worker. concurrency: 1 args: {"network_create_args": {}, "port_create_args": {}, "ports_per_network": 5, "port_update_args": {"admin_state_up": false, "device_id": "dummy_id", "device_owner": "dummy_owner", "name": "_port_updated"}} times: 40 method_name: run timeout: 0 duration: None cls:
2020-04-07 19:16:19.342 4199 INFO rally.task.runner [-] Task a46f4895-59bf-4f55-9adc-fee87e26eed0 | ITER: 1 START
2020-04-07 19:16:19.343 4199 WARNING rally_openstack.scenarios.neutron.utils [-] Running this scenario without either the 'network' or 'existing_network' context is deprecated
2020-04-07 19:16:19.344 4202 RALLYDEBUG rally.task.runner [-] Starting a worker. concurrency: 1 args: {"network_create_args": {}, "port_create_args": {}, "ports_per_network": 5, "port_update_args": {"admin_state_up": false, "device_id": "dummy_id", "device_owner": "dummy_owner", "name": "_port_updated"}} times: 40 method_name: run timeout: 0 duration: None cls:
2020-04-07 19:16:19.345 4200 INFO rally.task.runner [-] Task a46f4895-59bf-4f55-9adc-fee87e26eed0 | ITER: 2 START
2020-04-07 19:16:19.346 4200 WARNING rally_openstack.scenarios.neutron.utils [-] Running this scenario without either the 'network' or 'existing_network' context is deprecated
2020-04-07 19:16:19.346 4203 RALLYDEBUG rally.task.runner [-] Starting a worker. concurrency: 1 args: {"network_create_args": {}, "port_create_args": {}, "ports_per_network": 5, "port_update_args": {"admin_state_up": false, "device_id": "dummy_id", "device_owner": "dummy_owner", "name": "_port_updated"}} times: 40 method_name: run timeout: 0 duration: None cls:
2020-04-07 19:16:19.347 4201 INFO rally.task.runner [-] Task a46f4895-59bf-4f55-9adc-fee87e26eed0 | ITER: 3 START
2020-04-07 19:16:19.349 4201 WARNING rally_openstack.scenarios.neutron.utils [-] Running this scenario without either the 'network' or 'existing_network' context is deprecated
2020-04-07 19:16:19.350 4202 INFO rally.task.runner [-] Task a46f4895-59bf-4f55-9adc-fee87e26eed0 | ITER: 4 START
2020-04-07 19:16:19.350 4206 RALLYDEBUG rally.task.runner [-] Starting a worker. concurrency: 1 args: {"network_create_args": {}, "port_create_args": {}, "ports_per_network": 5, "port_update_args": {"admin_state_up": false, "device_id": "dummy_id", "device_owner": "dummy_owner", "name": "_port_updated"}} times: 40 method_name: run timeout: 0 duration: None cls:
2020-04-07 19:16:19.351 4202 WARNING rally_openstack.scenarios.neutron.utils [-] Running this scenario without either the 'network' or 'existing_network' context is deprecated
2020-04-07 19:16:19.353 4203 INFO rally.task.runner [-] Task a46f4895-59bf-4f55-9adc-fee87e26eed0 | ITER: 5 START
2020-04-07 19:16:19.353 4209 RALLYDEBUG rally.task.runner [-] Starting a worker. concurrency: 1 args: {"network_create_args": {}, "port_create_args": {}, "ports_per_network": 5, "port_update_args": {"admin_state_up": false, "device_id": "dummy_id", "device_owner": "dummy_owner", "name": "_port_updated"}} times: 40 method_name: run timeout: 0 duration: None cls:
2020-04-07 19:16:19.354 4203 WARNING rally_openstack.scenarios.neutron.utils [-] Running this scenario without either the 'network' or 'existing_network' context is deprecated
2020-04-07 19:16:19.355 4212 RALLYDEBUG rally.task.runner [-] Starting a worker. concurrency: 1 args: {"network_create_args": {}, "port_create_args": {}, "ports_per_network": 5, "port_update_args": {"admin_state_up": false, "device_id": "dummy_id", "device_owner": "dummy_owner", "name": "_port_updated"}} times: 40 method_name: run timeout: 0 duration: None cls:
2020-04-07 19:16:19.356 4206 INFO rally.task.runner [-] Task a46f4895-59bf-4f55-9adc-fee87e26eed0 | ITER: 6 START
2020-04-07 19:16:19.357 4206 WARNING rally_openstack.scenarios.neutron.utils [-] Running this scenario without either the 'network' or 'existing_network' context is deprecated
2020-04-07 19:16:19.358 4215 RALLYDEBUG rally.task.runner [-] Starting a worker. concurrency: 1 args: {"network_create_args": {}, "port_create_args": {}, "ports_per_network": 5, "port_update_args": {"admin_state_up": false, "device_id": "dummy_id", "device_owner": "dummy_owner", "name": "_port_updated"}} times: 40 method_name: run timeout: 0 duration: None cls:
2020-04-07 19:16:19.359 4209 INFO rally.task.runner [-] Task a46f4895-59bf-4f55-9adc-fee87e26eed0 | ITER: 7 START
2020-04-07 19:16:19.361 4209 WARNING rally_openstack.scenarios.neutron.utils [-] Running this scenario without either the 'network' or 'existing_network' context is deprecated
2020-04-07 19:16:19.361 4218 RALLYDEBUG rally.task.runner [-] Starting a worker. concurrency: 1 args: {"network_create_args": {}, "port_create_args": {}, "ports_per_network": 5, "port_update_args": {"admin_state_up": false, "device_id": "dummy_id", "device_owner": "dummy_owner", "name": "_port_updated"}} times: 40 method_name: run timeout: 0 duration: None cls:
2020-04-07 19:16:19.362 4212 INFO rally.task.runner [-] Task a46f4895-59bf-4f55-9adc-fee87e26eed0 | ITER: 8 START
2020-04-07 19:16:19.363 4212 WARNING rally_openstack.scenarios.neutron.utils [-] Running this scenario without either the 'network' or 'existing_network' context is deprecated
2020-04-07 19:16:19.364 4221 RALLYDEBUG rally.task.runner [-] Starting a worker. concurrency: 1 args: {"network_create_args": {}, "port_create_args": {}, "ports_per_network": 5, "port_update_args": {"admin_state_up": false, "device_id": "dummy_id", "device_owner": "dummy_owner", "name": "_port_updated"}} times: 40 method_name: run timeout: 0 duration: None cls:
2020-04-07 19:16:19.364 4215 INFO rally.task.runner [-] Task a46f4895-59bf-4f55-9adc-fee87e26eed0 | ITER: 9 START
2020-04-07 19:16:19.366 4215 WARNING rally_openstack.scenarios.neutron.utils [-] Running this scenario without either the 'network' or 'existing_network' context is deprecated
2020-04-07 19:16:19.367 4224 RALLYDEBUG rally.task.runner [-] Starting a worker. concurrency: 1 args: {"network_create_args": {}, "port_create_args": {}, "ports_per_network": 5, "port_update_args": {"admin_state_up": false, "device_id": "dummy_id", "device_owner": "dummy_owner", "name": "_port_updated"}} times: 40 method_name: run timeout: 0 duration: None cls:
2020-04-07 19:16:19.367 4218 INFO rally.task.runner [-] Task a46f4895-59bf-4f55-9adc-fee87e26eed0 | ITER: 10 START
2020-04-07 19:16:19.369 4218 WARNING rally_openstack.scenarios.neutron.utils [-] Running this scenario without either the 'network' or 'existing_network' context is deprecated
2020-04-07 19:16:19.370 4221 INFO rally.task.runner [-] Task a46f4895-59bf-4f55-9adc-fee87e26eed0 | ITER: 11 START
2020-04-07 19:16:19.370 4230 RALLYDEBUG rally.task.runner [-] Starting a worker. concurrency: 1 args: {"network_create_args": {}, "port_create_args": {}, "ports_per_network": 5, "port_update_args": {"admin_state_up": false, "device_id": "dummy_id", "device_owner": "dummy_owner", "name": "_port_updated"}} times: 40 method_name: run timeout: 0 duration: None cls:
2020-04-07 19:16:19.370 4227 RALLYDEBUG rally.task.runner [-] Starting a worker. concurrency: 1 args: {"network_create_args": {}, "port_create_args": {}, "ports_per_network": 5, "port_update_args": {"admin_state_up": false, "device_id": "dummy_id", "device_owner": "dummy_owner", "name": "_port_updated"}} times: 40 method_name: run timeout: 0 duration: None cls:
2020-04-07 19:16:19.371 4221 WARNING rally_openstack.scenarios.neutron.utils [-] Running this scenario without either the 'network' or 'existing_network' context is deprecated
2020-04-07 19:16:19.373 4224 INFO rally.task.runner [-] Task a46f4895-59bf-4f55-9adc-fee87e26eed0 | ITER: 12 START
2020-04-07 19:16:19.374 4224 WARNING rally_openstack.scenarios.neutron.utils [-] Running this scenario without either the 'network' or 'existing_network' context is deprecated
2020-04-07 19:16:19.375 4230 INFO rally.task.runner [-] Task a46f4895-59bf-4f55-9adc-fee87e26eed0 | ITER: 13 START
2020-04-07 19:16:19.375 4233 RALLYDEBUG rally.task.runner [-] Starting a worker. concurrency: 1 args: {"network_create_args": {}, "port_create_args": {}, "ports_per_network": 5, "port_update_args": {"admin_state_up": false, "device_id": "dummy_id", "device_owner": "dummy_owner", "name": "_port_updated"}} times: 40 method_name: run timeout: 0 duration: None cls:
2020-04-07 19:16:19.376 4227 INFO rally.task.runner [-] Task a46f4895-59bf-4f55-9adc-fee87e26eed0 | ITER: 14 START
2020-04-07 19:16:19.376 4230 WARNING rally_openstack.scenarios.neutron.utils [-] Running this scenario without either the 'network' or 'existing_network' context is deprecated
2020-04-07 19:16:19.376 4227 WARNING rally_openstack.scenarios.neutron.utils [-] Running this scenario without either the 'network' or 'existing_network' context is deprecated
2020-04-07 19:16:19.378 4236 RALLYDEBUG rally.task.runner [-] Starting a worker. concurrency: 1 args: {"network_create_args": {}, "port_create_args": {}, "ports_per_network": 5, "port_update_args": {"admin_state_up": false, "device_id": "dummy_id", "device_owner": "dummy_owner", "name": "_port_updated"}} times: 40 method_name: run timeout: 0 duration: None cls:
2020-04-07 19:16:19.380 4233 INFO rally.task.runner [-] Task a46f4895-59bf-4f55-9adc-fee87e26eed0 | ITER: 15 START
2020-04-07 19:16:19.381 4233 WARNING rally_openstack.scenarios.neutron.utils [-] Running this scenario without either the 'network' or 'existing_network' context is deprecated
2020-04-07 19:16:19.384 4236 INFO rally.task.runner [-] Task a46f4895-59bf-4f55-9adc-fee87e26eed0 | ITER: 16 START
2020-04-07 19:16:19.385 4236 WARNING rally_openstack.scenarios.neutron.utils [-] Running this scenario without either the 'network' or 'existing_network' context is deprecated
2020-04-07 19:16:19.384 4243 RALLYDEBUG rally.task.runner [-] Starting a worker. concurrency: 1 args: {"network_create_args": {}, "port_create_args": {}, "ports_per_network": 5, "port_update_args": {"admin_state_up": false, "device_id": "dummy_id", "device_owner": "dummy_owner", "name": "_port_updated"}} times: 40 method_name: run timeout: 0 duration: None cls:
2020-04-07 19:16:19.388 4246 RALLYDEBUG rally.task.runner [-] Starting a worker. concurrency: 1 args: {"network_create_args": {}, "port_create_args": {}, "ports_per_network": 5, "port_update_args": {"admin_state_up": false, "device_id": "dummy_id", "device_owner": "dummy_owner", "name": "_port_updated"}} times: 40 method_name: run timeout: 0 duration: None cls:
2020-04-07 19:16:19.391 4243 INFO rally.task.runner [-] Task a46f4895-59bf-4f55-9adc-fee87e26eed0 | ITER: 17 START
2020-04-07 19:16:19.391 4249 RALLYDEBUG rally.task.runner [-] Starting a worker. concurrency: 1 args: {"network_create_args": {}, "port_create_args": {}, "ports_per_network": 5, "port_update_args": {"admin_state_up": false, "device_id": "dummy_id", "device_owner": "dummy_owner", "name": "_port_updated"}} times: 40 method_name: run timeout: 0 duration: None cls:
2020-04-07 19:16:19.392 4243 WARNING rally_openstack.scenarios.neutron.utils [-] Running this scenario without either the 'network' or 'existing_network' context is deprecated
2020-04-07 19:16:19.393 4246 INFO rally.task.runner [-] Task a46f4895-59bf-4f55-9adc-fee87e26eed0 | ITER: 18 START
2020-04-07 19:16:19.394 4246 WARNING rally_openstack.scenarios.neutron.utils [-] Running this scenario without either the 'network' or 'existing_network' context is deprecated
2020-04-07 19:16:19.394 4250 RALLYDEBUG rally.task.runner [-] Starting a worker. concurrency: 1 args: {"network_create_args": {}, "port_create_args": {}, "ports_per_network": 5, "port_update_args": {"admin_state_up": false, "device_id": "dummy_id", "device_owner": "dummy_owner", "name": "_port_updated"}} times: 40 method_name: run timeout: 0 duration: None cls:
2020-04-07 19:16:19.396 4249 INFO rally.task.runner [-] Task a46f4895-59bf-4f55-9adc-fee87e26eed0 | ITER: 19 START
2020-04-07 19:16:19.397 4249 WARNING rally_openstack.scenarios.neutron.utils [-] Running this scenario without either the 'network' or 'existing_network' context is deprecated
2020-04-07 19:16:19.400 4250 INFO rally.task.runner [-] Task a46f4895-59bf-4f55-9adc-fee87e26eed0 | ITER: 20 START
2020-04-07 19:16:19.402 4250 WARNING rally_openstack.scenarios.neutron.utils [-] Running this scenario without either the 'network' or 'existing_network' context is deprecated
2020-04-07 19:16:32.502 4200 INFO rally.task.runner [-] Task a46f4895-59bf-4f55-9adc-fee87e26eed0 | ITER: 2 END: OK
2020-04-07 19:16:32.507 4200 INFO rally.task.runner [-] Task a46f4895-59bf-4f55-9adc-fee87e26eed0 | ITER: 21 START
2020-04-07 19:16:32.508 4200 WARNING rally_openstack.scenarios.neutron.utils [-] Running this scenario without either the 'network' or 'existing_network' context is deprecated
2020-04-07 19:16:33.527 4201 INFO rally.task.runner [-] Task a46f4895-59bf-4f55-9adc-fee87e26eed0 | ITER: 3 END: OK
2020-04-07 19:16:33.532 4201 INFO rally.task.runner [-] Task a46f4895-59bf-4f55-9adc-fee87e26eed0 | ITER: 22 START
2020-04-07 19:16:33.533 4201 WARNING rally_openstack.scenarios.neutron.utils [-] Running this scenario without either the 'network' or 'existing_network' context is deprecated
2020-04-07 19:16:33.534 4212 INFO rally.task.runner [-] Task a46f4895-59bf-4f55-9adc-fee87e26eed0 | ITER: 8 END: OK
2020-04-07 19:16:33.539 4212 INFO rally.task.runner [-] Task a46f4895-59bf-4f55-9adc-fee87e26eed0 | ITER: 23 START
2020-04-07 19:16:33.540 4212 WARNING rally_openstack.scenarios.neutron.utils [-] Running this scenario without either the 'network' or 'existing_network' context is deprecated
2020-04-07 19:16:33.740 4203 INFO rally.task.runner [-] Task a46f4895-59bf-4f55-9adc-fee87e26eed0 | ITER: 5 END: OK
2020-04-07 19:16:33.745 4203 INFO rally.task.runner [-] Task a46f4895-59bf-4f55-9adc-fee87e26eed0 | ITER: 24 START
2020-04-07 19:16:33.746 4203 WARNING rally_openstack.scenarios.neutron.utils [-] Running this scenario without either the 'network' or 'existing_network' context is deprecated
2020-04-07 19:16:36.050 4209 INFO rally.task.runner [-] Task a46f4895-59bf-4f55-9adc-fee87e26eed0 | ITER: 7 END: OK
2020-04-07 19:16:36.056 4209 INFO rally.task.runner [-] Task a46f4895-59bf-4f55-9adc-fee87e26eed0 | ITER: 25 START
2020-04-07 19:16:36.056 4209 WARNING rally_openstack.scenarios.neutron.utils [-] Running this scenario without either the 'network' or 'existing_network' context is deprecated
2020-04-07 19:16:36.606 4206 INFO rally.task.runner [-] Task a46f4895-59bf-4f55-9adc-fee87e26eed0 | ITER: 6 END: OK
2020-04-07 19:16:36.611 4206 INFO rally.task.runner [-] Task a46f4895-59bf-4f55-9adc-fee87e26eed0 | ITER: 26 START
2020-04-07 19:16:36.612 4206 WARNING rally_openstack.scenarios.neutron.utils [-] Running this scenario without either the 'network' or 'existing_network' context is deprecated
2020-04-07 19:16:36.781 4227 INFO rally.task.runner [-] Task a46f4895-59bf-4f55-9adc-fee87e26eed0 | ITER: 14 END: OK
2020-04-07 19:16:36.786 4227 INFO rally.task.runner [-] Task a46f4895-59bf-4f55-9adc-fee87e26eed0 | ITER: 27 START
2020-04-07 19:16:36.787 4227 WARNING rally_openstack.scenarios.neutron.utils [-] Running this scenario without either the 'network' or 'existing_network' context is deprecated
2020-04-07 19:16:37.537 4249 INFO rally.task.runner [-] Task a46f4895-59bf-4f55-9adc-fee87e26eed0 | ITER: 19 END: OK
2020-04-07 19:16:37.542 4249 INFO rally.task.runner [-] Task a46f4895-59bf-4f55-9adc-fee87e26eed0 | ITER: 28 START
2020-04-07 19:16:37.543 4249 WARNING rally_openstack.scenarios.neutron.utils [-] Running this scenario without either the 'network' or 'existing_network' context is deprecated
2020-04-07 19:16:38.235 4199 INFO rally.task.runner [-] Task a46f4895-59bf-4f55-9adc-fee87e26eed0 | ITER: 1 END: OK
2020-04-07 19:16:38.240 4199 INFO rally.task.runner [-] Task a46f4895-59bf-4f55-9adc-fee87e26eed0 | ITER: 29 START
2020-04-07 19:16:38.240 4199 WARNING rally_openstack.scenarios.neutron.utils [-] Running this scenario without either the 'network' or 'existing_network' context is deprecated
2020-04-07 19:16:38.277 4246 INFO rally.task.runner [-] Task a46f4895-59bf-4f55-9adc-fee87e26eed0 | ITER: 18 END: OK
2020-04-07 19:16:38.282 4246 INFO rally.task.runner [-] Task a46f4895-59bf-4f55-9adc-fee87e26eed0 | ITER: 30 START
2020-04-07 19:16:38.283 4246 WARNING rally_openstack.scenarios.neutron.utils [-] Running this scenario without either the 'network' or 'existing_network' context is deprecated
2020-04-07 19:16:38.443 4233 INFO rally.task.runner [-] Task a46f4895-59bf-4f55-9adc-fee87e26eed0 | ITER: 15 END: OK
2020-04-07 19:16:38.448 4233 INFO rally.task.runner [-] Task a46f4895-59bf-4f55-9adc-fee87e26eed0 | ITER: 31 START
2020-04-07 19:16:38.449 4233 WARNING rally_openstack.scenarios.neutron.utils [-] Running this scenario without either the 'network' or 'existing_network' context is deprecated
2020-04-07 19:16:38.858 4215 INFO rally.task.runner [-] Task a46f4895-59bf-4f55-9adc-fee87e26eed0 | ITER: 9 END: OK
2020-04-07 19:16:38.863 4215 INFO rally.task.runner [-] Task a46f4895-59bf-4f55-9adc-fee87e26eed0 | ITER: 32 START
2020-04-07 19:16:38.864 4215 WARNING rally_openstack.scenarios.neutron.utils [-] Running this scenario without either the 'network' or 'existing_network' context is deprecated
2020-04-07 19:16:39.129 4218 INFO rally.task.runner [-] Task a46f4895-59bf-4f55-9adc-fee87e26eed0 | ITER: 10 END: OK
2020-04-07 19:16:39.134 4218 INFO rally.task.runner [-] Task a46f4895-59bf-4f55-9adc-fee87e26eed0 | ITER: 33 START
2020-04-07 19:16:39.135 4218 WARNING rally_openstack.scenarios.neutron.utils [-] Running this scenario without either the 'network' or 'existing_network' context is deprecated
2020-04-07 19:16:39.957 4224 INFO rally.task.runner [-] Task a46f4895-59bf-4f55-9adc-fee87e26eed0 | ITER: 12 END: OK
2020-04-07 19:16:39.962 4224 INFO rally.task.runner [-] Task a46f4895-59bf-4f55-9adc-fee87e26eed0 | ITER: 34 START
2020-04-07 19:16:39.963 4224 WARNING rally_openstack.scenarios.neutron.utils [-] Running this scenario without either the 'network' or 'existing_network' context is deprecated
2020-04-07 19:16:40.013 4202 INFO rally.task.runner [-] Task a46f4895-59bf-4f55-9adc-fee87e26eed0 | ITER: 4 END: OK
2020-04-07 19:16:40.018 4202 INFO rally.task.runner [-] Task a46f4895-59bf-4f55-9adc-fee87e26eed0 | ITER: 35 START
2020-04-07 19:16:40.018 4202 WARNING rally_openstack.scenarios.neutron.utils [-] Running this scenario without either the 'network' or 'existing_network' context is deprecated
2020-04-07 19:16:40.579 4250 INFO rally.task.runner [-] Task a46f4895-59bf-4f55-9adc-fee87e26eed0 | ITER: 20 END: OK
2020-04-07 19:16:40.584 4250 INFO rally.task.runner [-] Task a46f4895-59bf-4f55-9adc-fee87e26eed0 | ITER: 36 START
2020-04-07 19:16:40.585 4250 WARNING rally_openstack.scenarios.neutron.utils [-] Running this scenario without either the 'network' or 'existing_network' context is deprecated
2020-04-07 19:16:40.620 4221 INFO rally.task.runner [-] Task a46f4895-59bf-4f55-9adc-fee87e26eed0 | ITER: 11 END: OK
2020-04-07 19:16:40.625 4221 INFO rally.task.runner [-] Task a46f4895-59bf-4f55-9adc-fee87e26eed0 | ITER: 37 START
2020-04-07 19:16:40.626 4221 WARNING rally_openstack.scenarios.neutron.utils [-] Running this scenario without either the 'network' or 'existing_network' context is deprecated
2020-04-07 19:16:41.047 4236 INFO rally.task.runner [-] Task a46f4895-59bf-4f55-9adc-fee87e26eed0 | ITER: 16 END: OK
2020-04-07 19:16:41.052 4236 INFO rally.task.runner [-] Task a46f4895-59bf-4f55-9adc-fee87e26eed0 | ITER: 38 START
2020-04-07 19:16:41.053 4236 WARNING rally_openstack.scenarios.neutron.utils [-] Running this scenario without either the 'network' or 'existing_network' context is deprecated
2020-04-07 19:16:41.769 4243 INFO rally.task.runner [-] Task a46f4895-59bf-4f55-9adc-fee87e26eed0 | ITER: 17 END: OK
2020-04-07 19:16:41.773 4243 INFO rally.task.runner [-] Task a46f4895-59bf-4f55-9adc-fee87e26eed0 | ITER: 39 START
2020-04-07 19:16:41.774 4243 WARNING rally_openstack.scenarios.neutron.utils [-] Running this scenario without either the 'network' or 'existing_network' context is deprecated
2020-04-07 19:16:43.876 4230 INFO rally.task.runner [-] Task a46f4895-59bf-4f55-9adc-fee87e26eed0 | ITER: 13 END: OK
2020-04-07 19:16:43.881 4230 INFO rally.task.runner [-] Task a46f4895-59bf-4f55-9adc-fee87e26eed0 | ITER: 40 START
2020-04-07 19:16:43.882 4230 WARNING rally_openstack.scenarios.neutron.utils [-] Running this scenario without either the 'network' or 'existing_network' context is deprecated
2020-04-07 19:16:48.165 4200 INFO rally.task.runner [-] Task a46f4895-59bf-4f55-9adc-fee87e26eed0 | ITER: 21 END: OK
2020-04-07 19:16:49.207 4201 INFO rally.task.runner [-] Task a46f4895-59bf-4f55-9adc-fee87e26eed0 | ITER: 22 END: OK
2020-04-07 19:16:50.466 4203 INFO rally.task.runner [-] Task a46f4895-59bf-4f55-9adc-fee87e26eed0 | ITER: 24 END: OK
2020-04-07 19:16:51.400 4212 INFO rally.task.runner [-] Task a46f4895-59bf-4f55-9adc-fee87e26eed0 | ITER: 23 END: OK
2020-04-07 19:16:51.586 4209 INFO rally.task.runner [-] Task a46f4895-59bf-4f55-9adc-fee87e26eed0 | ITER: 25 END: OK
2020-04-07 19:16:53.184 4215 INFO rally.task.runner [-] Task a46f4895-59bf-4f55-9adc-fee87e26eed0 | ITER: 32 END: OK
2020-04-07 19:16:54.019 4206 INFO rally.task.runner [-] Task a46f4895-59bf-4f55-9adc-fee87e26eed0 | ITER: 26 END: OK
2020-04-07 19:16:54.034 4250 INFO rally.task.runner [-] Task a46f4895-59bf-4f55-9adc-fee87e26eed0 | ITER: 36 END: OK
2020-04-07 19:16:54.042 4246 INFO rally.task.runner [-] Task a46f4895-59bf-4f55-9adc-fee87e26eed0 | ITER: 30 END: OK
2020-04-07 19:16:54.734 4243 INFO rally.task.runner [-] Task a46f4895-59bf-4f55-9adc-fee87e26eed0 | ITER: 39 END: OK
2020-04-07 19:16:55.016 4227 INFO rally.task.runner [-] Task a46f4895-59bf-4f55-9adc-fee87e26eed0 | ITER: 27 END: OK
2020-04-07 19:16:55.066 4199 INFO rally.task.runner [-] Task a46f4895-59bf-4f55-9adc-fee87e26eed0 | ITER: 29 END: OK
2020-04-07 19:16:56.544 4202 INFO rally.task.runner [-] Task a46f4895-59bf-4f55-9adc-fee87e26eed0 | ITER: 35 END: OK
2020-04-07 19:16:56.554 4236 INFO rally.task.runner [-] Task a46f4895-59bf-4f55-9adc-fee87e26eed0 | ITER: 38 END: OK
2020-04-07 19:16:56.681 4249 INFO rally.task.runner [-] Task a46f4895-59bf-4f55-9adc-fee87e26eed0 | ITER: 28 END: OK
2020-04-07 19:16:57.172 4218 INFO rally.task.runner [-] Task a46f4895-59bf-4f55-9adc-fee87e26eed0 | ITER: 33 END: OK
2020-04-07 19:16:57.174 4233 INFO rally.task.runner [-] Task a46f4895-59bf-4f55-9adc-fee87e26eed0 | ITER: 31 END: OK
2020-04-07 19:16:58.058 4221 INFO rally.task.runner [-] Task a46f4895-59bf-4f55-9adc-fee87e26eed0 | ITER: 37 END: OK
2020-04-07 19:16:58.482 4230 INFO rally.task.runner [-] Task a46f4895-59bf-4f55-9adc-fee87e26eed0 | ITER: 40 END: OK
2020-04-07 19:16:58.895 4224 INFO rally.task.runner [-] Task a46f4895-59bf-4f55-9adc-fee87e26eed0 | ITER: 34 END: OK
2020-04-07 19:16:58.919 15 INFO rally.task.context [-] Task a46f4895-59bf-4f55-9adc-fee87e26eed0 | Context cleanup@openstack cleanup() started
2020-04-07 19:16:58.922 15 RALLYDEBUG rally_openstack.cleanup.manager [-] Cleaning up neutron vip objects
2020-04-07 19:16:59.127 15 RALLYDEBUG rally_openstack.cleanup.manager [-] Cleaning up neutron health_monitor objects
2020-04-07 19:16:59.319 15 RALLYDEBUG rally_openstack.cleanup.manager [-] Cleaning up neutron pool objects
2020-04-07 19:16:59.530 15 RALLYDEBUG rally_openstack.cleanup.manager [-] Cleaning up neutron loadbalancer objects
2020-04-07 19:16:59.739 15 RALLYDEBUG rally_openstack.cleanup.manager [-] Cleaning up neutron floatingip objects
2020-04-07 19:16:59.945 15 RALLYDEBUG rally_openstack.cleanup.manager [-] Cleaning up neutron trunk objects
2020-04-07 19:17:00.139 15 DEBUG neutronclient.v2_0.client [-] Error message: {"NeutronError": {"message": "Invalid input for operation: 'tenant_id' is not supported for filtering.", "type": "InvalidInput", "detail": ""}} _handle_fault_response /usr/lib/python2.7/site-packages/neutronclient/v2_0/client.py:259
2020-04-07 19:17:00.173 15 DEBUG neutronclient.v2_0.client [-] Error message: {"NeutronError": {"message": "Invalid input for operation: 'tenant_id' is not supported for filtering.", "type": "InvalidInput", "detail": ""}} _handle_fault_response /usr/lib/python2.7/site-packages/neutronclient/v2_0/client.py:259
2020-04-07 19:17:00.210 15 DEBUG neutronclient.v2_0.client [-] Error message: {"NeutronError": {"message": "Invalid input for operation: 'tenant_id' is not supported for filtering.", "type": "InvalidInput", "detail": ""}} _handle_fault_response /usr/lib/python2.7/site-packages/neutronclient/v2_0/client.py:259
2020-04-07 19:17:00.210 15 ERROR rally_openstack.cleanup.manager [-] Seems like rally_openstack.cleanup.resources.NeutronTrunk.list(self) method is broken. It shouldn't raise any exceptions.: BadRequest: Invalid input for operation: 'tenant_id' is not supported for filtering. Neutron server returns request_ids: ['req-3a131b25-6895-4afc-91ec-43a4d04ed252']
2020-04-07 19:17:00.210 15 ERROR rally_openstack.cleanup.manager
Traceback (most recent call last):
2020-04-07 19:17:00.210 15 ERROR rally_openstack.cleanup.manager
File "/usr/lib/python2.7/site-packages/rally_openstack/cleanup/manager.py", line 133, in _publish
2020-04-07 19:17:00.210 15 ERROR rally_openstack.cleanup.manager for raw_resource in rutils.retry(3, manager.list):
2020-04-07 19:17:00.210 15 ERROR rally_openstack.cleanup.manager
File "/usr/lib/python2.7/site-packages/rally/common/utils.py", line 230, in retry
2020-04-07 19:17:00.210 15 ERROR rally_openstack.cleanup.manager return func(*args, **kwargs)
2020-04-07 19:17:00.210 15 ERROR rally_openstack.cleanup.manager
File "/usr/lib/python2.7/site-packages/rally_openstack/cleanup/resources.py", line 396, in list
2020-04-07 19:17:00.210 15 ERROR rally_openstack.cleanup.manager return super(NeutronTrunk, self).list()
2020-04-07 19:17:00.210 15 ERROR rally_openstack.cleanup.manager
File "/usr/lib/python2.7/site-packages/rally_openstack/cleanup/resources.py", line 273, in list
2020-04-07 19:17:00.210 15 ERROR rally_openstack.cleanup.manager result = list_method(tenant_id=self.tenant_uuid)[resources]
2020-04-07 19:17:00.210 15 ERROR rally_openstack.cleanup.manager
File "/usr/lib/python2.7/site-packages/neutronclient/v2_0/client.py", line 2105, in list_trunks
2020-04-07 19:17:00.210 15 ERROR rally_openstack.cleanup.manager **_params)
2020-04-07 19:17:00.210 15 ERROR rally_openstack.cleanup.manager
File "/usr/lib/python2.7/site-packages/neutronclient/v2_0/client.py", line 369, in list
2020-04-07 19:17:00.210 15 ERROR rally_openstack.cleanup.manager for r in self._pagination(collection, path, **params):
2020-04-07 19:17:00.210 15 ERROR rally_openstack.cleanup.manager
File "/usr/lib/python2.7/site-packages/neutronclient/v2_0/client.py", line 384, in _pagination
2020-04-07 19:17:00.210 15 ERROR rally_openstack.cleanup.manager res = self.get(path, params=params)
2020-04-07 19:17:00.210 15 ERROR rally_openstack.cleanup.manager
File "/usr/lib/python2.7/site-packages/neutronclient/v2_0/client.py", line 354, in get
2020-04-07 19:17:00.210 15 ERROR rally_openstack.cleanup.manager headers=headers, params=params)
2020-04-07 19:17:00.210 15 ERROR rally_openstack.cleanup.manager
File "/usr/lib/python2.7/site-packages/neutronclient/v2_0/client.py", line 331, in retry_request
2020-04-07 19:17:00.210 15 ERROR rally_openstack.cleanup.manager headers=headers, params=params)
2020-04-07 19:17:00.210 15 ERROR rally_openstack.cleanup.manager
File "/usr/lib/python2.7/site-packages/neutronclient/v2_0/client.py", line 294, in do_request
2020-04-07 19:17:00.210 15 ERROR rally_openstack.cleanup.manager self._handle_fault_response(status_code, replybody, resp)
2020-04-07 19:17:00.210 15 ERROR rally_openstack.cleanup.manager
File "/usr/lib/python2.7/site-packages/neutronclient/v2_0/client.py", line 269, in _handle_fault_response
2020-04-07 19:17:00.210 15 ERROR rally_openstack.cleanup.manager exception_handler_v20(status_code, error_body)
2020-04-07 19:17:00.210 15 ERROR rally_openstack.cleanup.manager
File "/usr/lib/python2.7/site-packages/neutronclient/v2_0/client.py", line 93, in exception_handler_v20
2020-04-07 19:17:00.210 15 ERROR rally_openstack.cleanup.manager request_ids=request_ids)
2020-04-07 19:17:00.210 15 ERROR rally_openstack.cleanup.manager BadRequest: Invalid input for operation: 'tenant_id' is not supported for filtering.
2020-04-07 19:17:00.210 15 ERROR rally_openstack.cleanup.manager Neutron server returns request_ids: ['req-3a131b25-6895-4afc-91ec-43a4d04ed252']
2020-04-07 19:17:00.210 15 ERROR rally_openstack.cleanup.manager
2020-04-07 19:17:00.220 15 RALLYDEBUG rally_openstack.cleanup.manager [-] Cleaning up neutron port objects
2020-04-07 19:17:01.055 15 RALLYDEBUG rally_openstack.cleanup.manager [-] Deleting neutron.port object s_rally_f470693f_cFdB0UFO (070b6a74-8395-4aa6-824c-ad95ec7d493a)
2020-04-07 19:17:01.056 15 RALLYDEBUG rally_openstack.cleanup.manager [-] Deleting neutron.port object s_rally_f470693f_jaLK5bdL (03d22af4-0e15-4510-b648-5245fc7ff0ec)
2020-04-07 19:17:01.060 15 RALLYDEBUG rally_openstack.cleanup.manager [-] Deleting neutron.port object s_rally_f470693f_1DTiMyHp (0a57ce8e-421c-4c31-98db-8bd5ffd2e5bb)
2020-04-07 19:17:01.061 15 RALLYDEBUG rally_openstack.cleanup.manager [-] Deleting neutron.port object s_rally_f470693f_eLtf0HQ6 (07c58959-312d-4732-85d2-ea68c39d29d9)
2020-04-07 19:17:01.062 15 RALLYDEBUG rally_openstack.cleanup.manager [-] Deleting neutron.port object s_rally_f470693f_VezzCyXT (0d5deb81-0875-4a9c-a474-e96f87c26043)
2020-04-07 19:17:01.070 15 RALLYDEBUG rally_openstack.cleanup.manager [-] Deleting neutron.port object s_rally_f470693f_vjfHI5aI (01ca4757-52dd-41e1-b890-0af3a18d37cd)
2020-04-07 19:17:01.077 15 RALLYDEBUG rally_openstack.cleanup.manager [-] Deleting neutron.port object s_rally_f470693f_8tJ2Q4Hf (0a2fb25b-6c38-485a-9f59-8f317d1f5ca8)
2020-04-07 19:17:01.105 15 RALLYDEBUG rally_openstack.cleanup.manager [-] Deleting neutron.port object s_rally_f470693f_OZIKAzGm (0c8806d9-e164-4c63-bde6-cbfd7130edc6)
2020-04-07 19:17:01.108 15 RALLYDEBUG rally_openstack.cleanup.manager [-] Deleting neutron.port object s_rally_f470693f_f52LXLya (0da0cdf8-f4f0-4049-a868-23af0a5b1035)
2020-04-07 19:17:01.144 15 RALLYDEBUG rally_openstack.cleanup.manager [-] Deleting neutron.port object s_rally_f470693f_lFM9YuD8 (0e7ed4cf-947f-47eb-aba6-e2b1a7d59650)
2020-04-07 19:17:01.153 15 RALLYDEBUG rally_openstack.cleanup.manager [-] Deleting neutron.port object s_rally_f470693f_6IoSWr8L (0e69eee2-e5b8-4007-b46e-b12885322ee2)
2020-04-07 19:17:01.172 15 RALLYDEBUG rally_openstack.cleanup.manager [-] Deleting neutron.port object s_rally_f470693f_2DmllD7G (0febdf38-de21-4caa-9dd1-8f13b749e34e)
2020-04-07 19:17:01.173 15 RALLYDEBUG rally_openstack.cleanup.manager [-] Deleting neutron.port object s_rally_f470693f_PostPhHd (0edfe79c-5236-448d-a3d4-bc61e49cbf15)
2020-04-07 19:17:01.190 15 RALLYDEBUG rally_openstack.cleanup.manager [-] Deleting neutron.port object s_rally_f470693f_iPXQqkNj (11cdc769-7714-4403-b500-3394018745d9)
2020-04-07 19:17:01.191 15 RALLYDEBUG rally_openstack.cleanup.manager [-] Deleting neutron.port object s_rally_f470693f_gBx93Dii (0e96963d-e85d-4997-9f07-1d7d62b074af)
2020-04-07 19:17:01.196 15 RALLYDEBUG rally_openstack.cleanup.manager [-] Deleting neutron.port object s_rally_f470693f_9nTYNGaM (10368562-6ab6-4df7-b27a-27c744be55f8)
2020-04-07 19:17:01.198 15 RALLYDEBUG rally_openstack.cleanup.manager [-] Deleting neutron.port object s_rally_f470693f_5Th289IS (15957fe9-24d2-4529-8de5-2f0e51862f04)
2020-04-07 19:17:01.221 15 RALLYDEBUG rally_openstack.cleanup.manager [-] Deleting neutron.port object s_rally_f470693f_OFOmCbVs (15e3be6e-44b6-4a7e-be58-767c463fc49d)
2020-04-07 19:17:01.230 15 RALLYDEBUG rally_openstack.cleanup.manager [-] Deleting neutron.port object s_rally_f470693f_VnIxGVcu (1450de97-6f24-4dd3-9336-7de2d6700841)
2020-04-07 19:17:01.281 15 RALLYDEBUG rally_openstack.cleanup.manager [-] Deleting neutron.port object s_rally_f470693f_wIFrJmTe (16bb077e-183a-4559-9dfb-ac6d28749a0d)
2020-04-07 19:17:03.375 15 RALLYDEBUG rally_openstack.cleanup.manager [-] Deleting neutron.port object s_rally_f470693f_M6d23wwL (181aaf17-28bf-4198-b042-c82638d0ff7e)
2020-04-07 19:17:03.435 15 RALLYDEBUG rally_openstack.cleanup.manager [-] Deleting neutron.port object s_rally_f470693f_ibQRmEzy (18b9cad9-3f98-440b-a365-06eb7be29708)
2020-04-07 19:17:03.503 15 RALLYDEBUG rally_openstack.cleanup.manager [-] Deleting neutron.port object s_rally_f470693f_AKj7HhmM (190d7018-b7d2-4527-83d9-22ee71f8d41a)
2020-04-07 19:17:03.535 15 RALLYDEBUG rally_openstack.cleanup.manager [-] Deleting neutron.port object s_rally_f470693f_HMtJdID5 (193bd966-2dd6-428b-a78a-7051a747e352)
2020-04-07 19:17:03.636 15 RALLYDEBUG rally_openstack.cleanup.manager [-] Deleting neutron.port object s_rally_f470693f_eXfxQvru (1daafaf8-8c44-4caa-b622-a8698e4f9ce0)
2020-04-07 19:17:03.640 15 RALLYDEBUG rally_openstack.cleanup.manager [-] Deleting neutron.port object s_rally_f470693f_VZPXhbIh (1ae0aa4b-5a81-4daf-bab0-bf6f01b84c32)
2020-04-07 19:17:03.780 15 RALLYDEBUG rally_openstack.cleanup.manager [-] Deleting neutron.port object s_rally_f470693f_T38P3tq2 (1e0fb3cc-8bef-4f5b-b1db-61d6c204439a)
2020-04-07 19:17:03.794 15 RALLYDEBUG rally_openstack.cleanup.manager [-] Deleting neutron.port object s_rally_f470693f_Vbf70QKk (1ead4526-32ec-4c05-8d48-068c46c9d1f8)
2020-04-07 19:17:03.859 15 RALLYDEBUG rally_openstack.cleanup.manager [-] Deleting neutron.port object s_rally_f470693f_HoRkanIb (2166f25a-0728-41c9-adb9-54e806d8c454)
2020-04-07 19:17:03.885 15 RALLYDEBUG rally_openstack.cleanup.manager [-] Deleting neutron.port object s_rally_f470693f_LFSAOd6e (2192d9ac-3e1f-4b25-873e-1921f852440c)
2020-04-07 19:17:03.935 15 RALLYDEBUG rally_openstack.cleanup.manager [-] Deleting neutron.port object s_rally_f470693f_zPms0smn (2600d8d5-a3e8-41d5-a133-7ba7c94a4e0e)
2020-04-07 19:17:04.072 15 RALLYDEBUG rally_openstack.cleanup.manager [-] Deleting neutron.port object s_rally_f470693f_TkjjlVcp (270ae0e5-2c4e-4f7f-9086-cbd9326dbd1c)
2020-04-07 19:17:04.170 15 RALLYDEBUG rally_openstack.cleanup.manager [-] Deleting neutron.port object s_rally_f470693f_fSO0988c (29906828-ec2a-467a-81e3-22f2a40624f2)
2020-04-07 19:17:04.278 15 RALLYDEBUG rally_openstack.cleanup.manager [-] Deleting neutron.port object s_rally_f470693f_b8L3SIHA (2aa8c77d-7efe-48f1-9c27-f88ffd5ce897)
2020-04-07 19:17:04.290 15 RALLYDEBUG rally_openstack.cleanup.manager [-] Deleting neutron.port object s_rally_f470693f_azCJOlj4 (2b5e1dc4-944b-418b-b1d8-fab6b1ed43d9)
2020-04-07 19:17:04.295 15 RALLYDEBUG rally_openstack.cleanup.manager [-] Deleting neutron.port object s_rally_f470693f_cfEdzT3V (309e7480-0780-4819-8c3d-94dfabc751b4)
2020-04-07 19:17:04.386 15 RALLYDEBUG rally_openstack.cleanup.manager [-] Deleting neutron.port object s_rally_f470693f_CyTyfsaQ (32925a91-978c-4d7a-b1c8-6e6602438ba1)
2020-04-07 19:17:04.395 15 RALLYDEBUG rally_openstack.cleanup.manager [-] Deleting neutron.port object s_rally_f470693f_uh2H3Tf2 (335e68ac-7a81-462b-8c4e-fb4cb931f2f6)
2020-04-07 19:17:04.399 15 RALLYDEBUG rally_openstack.cleanup.manager [-] Deleting neutron.port object s_rally_f470693f_VZXVJjYy (3500d7c1-5d28-451f-b822-3a4874cacf0b)
2020-04-07 19:17:04.463 15 RALLYDEBUG rally_openstack.cleanup.manager [-] Deleting neutron.port object s_rally_f470693f_cXZEotBj (356f8c6e-acd0-4694-83bc-635b6bd8f8da)
2020-04-07 19:17:05.145 15 RALLYDEBUG rally_openstack.cleanup.manager [-] Deleting neutron.port object s_rally_f470693f_YAFGtCoH (35a22735-9b8d-4ab2-8c2d-7116ce40bf6d)
2020-04-07 19:17:05.559 15 RALLYDEBUG rally_openstack.cleanup.manager [-] Deleting neutron.port object s_rally_f470693f_u4oHm79h (35b78834-f0d2-40de-97c0-78079932def2)
2020-04-07 19:17:05.577 15 RALLYDEBUG rally_openstack.cleanup.manager [-] Deleting neutron.port object s_rally_f470693f_XfuHOnCN (35c2dbf4-b46e-4f55-a513-0f7ec93d399e)
2020-04-07 19:17:05.606 15 RALLYDEBUG rally_openstack.cleanup.manager [-] Deleting neutron.port object s_rally_f470693f_sj0tiVB4 (362b28b9-954b-4044-be2f-29ad64b4347c)
2020-04-07 19:17:05.814 15 RALLYDEBUG rally_openstack.cleanup.manager [-] Deleting neutron.port object s_rally_f470693f_Yvg7yhLh (3d7f593b-4832-4c39-8a49-aef5904cad5f)
2020-04-07 19:17:05.954 15 RALLYDEBUG rally_openstack.cleanup.manager [-] Deleting neutron.port object s_rally_f470693f_HOfEL4Rp (4099c0be-558d-4f0b-8355-42bf64f269d3)
2020-04-07 19:17:06.059 15 RALLYDEBUG rally_openstack.cleanup.manager [-] Deleting neutron.port object s_rally_f470693f_sK60nfeM (45fae38c-e63b-4516-ae8d-ee63a369db62)
2020-04-07 19:17:06.059 15 RALLYDEBUG rally_openstack.cleanup.manager [-] Deleting neutron.port object s_rally_f470693f_cZOy0mDS (41945185-735e-4139-a2aa-91f9e7b50407)
2020-04-07 19:17:06.067 15 RALLYDEBUG rally_openstack.cleanup.manager [-] Deleting neutron.port object s_rally_f470693f_CHFzGJXx (47b1bb51-a703-4c67-bc98-bc0c8f947339)
2020-04-07 19:17:06.080 15 RALLYDEBUG rally_openstack.cleanup.manager [-] Deleting neutron.port object s_rally_f470693f_bfkUU3hy (4c47333f-5acb-485f-935f-78c21214c1b2)
2020-04-07 19:17:06.126 15 RALLYDEBUG rally_openstack.cleanup.manager [-] Deleting neutron.port object s_rally_f470693f_eE36LezZ (4d02febe-cbdb-4571-94bd-69450ab400d2)
2020-04-07 19:17:06.523 15 RALLYDEBUG rally_openstack.cleanup.manager [-] Deleting neutron.port object s_rally_f470693f_EDH56o1m (4eadfde7-0a2d-46ca-9edc-d696d03b89f6)
2020-04-07 19:17:06.561 15 RALLYDEBUG rally_openstack.cleanup.manager [-] Deleting neutron.port object s_rally_f470693f_JcNJNaKg (4ec8f5e8-58f5-4429-bfe5-bc1831b893ab)
2020-04-07 19:17:06.878 15 RALLYDEBUG rally_openstack.cleanup.manager [-] Deleting neutron.port object s_rally_f470693f_AZLrl4b4 (4f926c07-4c6f-41d5-bf47-ba5b4a8c614a)
2020-04-07 19:17:07.037 15 RALLYDEBUG rally_openstack.cleanup.manager [-] Deleting neutron.port object s_rally_f470693f_RR2utRYl (515305ea-4494-43f6-9b0e-dba92f4f24e8)
2020-04-07 19:17:07.075 15 RALLYDEBUG rally_openstack.cleanup.manager [-] Deleting neutron.port object s_rally_f470693f_7CEgUAkI (5501946e-b0f5-4e54-af8f-2945d7a0c8f7)
2020-04-07 19:17:07.103 15 RALLYDEBUG rally_openstack.cleanup.manager [-] Deleting neutron.port object s_rally_f470693f_OecGEceu (56a44bb1-bbea-41be-89f4-418c9b50135c)
2020-04-07 19:17:07.112 15 RALLYDEBUG rally_openstack.cleanup.manager [-] Deleting neutron.port object s_rally_f470693f_nrqJM5Zi (572400e6-16e9-4bb3-975e-794d64b8e58e)
2020-04-07 19:17:07.187 15 RALLYDEBUG rally_openstack.cleanup.manager [-] Deleting neutron.port object s_rally_f470693f_vpQSYtJh (5931df2b-1077-4149-9b73-89481c31e1e0)
2020-04-07 19:17:07.222 15 RALLYDEBUG rally_openstack.cleanup.manager [-] Deleting neutron.port object s_rally_f470693f_M5CeDjKm (59c7c029-6f47-4ae4-8126-105f67376dda)
2020-04-07 19:17:07.316 15 RALLYDEBUG rally_openstack.cleanup.manager [-] Deleting neutron.port object s_rally_f470693f_QO88uJw2 (59d4fb99-1b9c-4c61-b64a-5c5b9c31e66b)
2020-04-07 19:17:07.608 15 RALLYDEBUG rally_openstack.cleanup.manager [-] Deleting neutron.port object s_rally_f470693f_SbbEvLSq (5ab8629a-7964-42d1-a645-794b5727bf47)
2020-04-07 19:17:08.049 15 RALLYDEBUG rally_openstack.cleanup.manager [-] Deleting neutron.port object s_rally_f470693f_C4WjkD0V (5d6ca84e-1189-4c47-a6f9-03732f8a3b35)
2020-04-07 19:17:08.313 15 RALLYDEBUG rally_openstack.cleanup.manager [-] Deleting neutron.port object s_rally_f470693f_OlWMcQNT (6251bd9a-470e-4ac1-b855-4a4a6e87d854)
2020-04-07 19:17:08.329 15 RALLYDEBUG rally_openstack.cleanup.manager [-] Deleting neutron.port object s_rally_f470693f_w7MY8l6U (62d57925-755f-4c9f-abad-01a53ca75936)
2020-04-07 19:17:08.447 15 RALLYDEBUG rally_openstack.cleanup.manager [-] Deleting neutron.port object s_rally_f470693f_Wk953hTz (639d97fc-581c-4caf-9fca-f8ff37df9c35)
2020-04-07 19:17:08.475 15 RALLYDEBUG rally_openstack.cleanup.manager [-] Deleting neutron.port object s_rally_f470693f_O8tRuKWS (64aa7ecb-12f6-4b78-b155-01bbdd259f8e)
2020-04-07 19:17:08.520 15 RALLYDEBUG rally_openstack.cleanup.manager [-] Deleting neutron.port object s_rally_f470693f_bpugv06U (64c3281a-16e6-4a21-8d33-bc197bf9d1e6)
2020-04-07 19:17:08.635 15 RALLYDEBUG rally_openstack.cleanup.manager [-] Deleting neutron.port object s_rally_f470693f_OnZsOpIm (651940bc-6c84-4272-8611-8b2ce9378d08)
2020-04-07 19:17:08.656 15 RALLYDEBUG rally_openstack.cleanup.manager [-] Deleting neutron.port object s_rally_f470693f_D25bI9Rx (6741079a-3f35-4a6f-a083-8b7c36d61611)
2020-04-07 19:17:08.889 15 RALLYDEBUG rally_openstack.cleanup.manager [-] Deleting neutron.port object s_rally_f470693f_K2Dcx8EV (684afdc8-22c0-4825-9c30-87262481f489)
2020-04-07 19:17:08.895 15 RALLYDEBUG rally_openstack.cleanup.manager [-] Deleting neutron.port object s_rally_f470693f_Ye03rwlE (69f4a604-ee67-4e0a-8be7-f513a6a90725)
2020-04-07 19:17:08.961 15 RALLYDEBUG rally_openstack.cleanup.manager [-] Deleting neutron.port object s_rally_f470693f_ztd42Fa2 (6b94d0d5-d2e3-4224-80a6-3ee6115fb836)
2020-04-07 19:17:09.034 15 RALLYDEBUG rally_openstack.cleanup.manager [-] Deleting neutron.port object s_rally_f470693f_gt3cB5JS (6dbb1b7c-617b-412e-bccd-5868d5e4036b)
2020-04-07 19:17:09.103 15 RALLYDEBUG rally_openstack.cleanup.manager [-] Deleting neutron.port object s_rally_f470693f_6xOZX9eN (6efb12b5-1d78-405a-a118-7bf19bb6e9ea)
2020-04-07 19:17:09.208 15 RALLYDEBUG rally_openstack.cleanup.manager [-] Deleting neutron.port object s_rally_f470693f_01tD8G37 (6f045f35-07a5-4efd-929a-5d1ce7506cc9)
2020-04-07 19:17:09.240 15 RALLYDEBUG rally_openstack.cleanup.manager [-] Deleting neutron.port object s_rally_f470693f_QhIris4c (71470fb5-3404-441a-9a0b-b60961bac3cf)
2020-04-07 19:17:09.270 15 RALLYDEBUG rally_openstack.cleanup.manager [-] Deleting neutron.port object s_rally_f470693f_iVTSx9LH (718f1d35-d042-4ac4-b3f3-f59880602bf1)
2020-04-07 19:17:09.402 15 RALLYDEBUG rally_openstack.cleanup.manager [-] Deleting neutron.port object s_rally_f470693f_APo8Et8c (73bbc7a8-a087-478d-8872-b831835fb7e1)
2020-04-07 19:17:09.807 15 RALLYDEBUG rally_openstack.cleanup.manager [-] Deleting neutron.port object s_rally_f470693f_tQMFYdrD (7417a957-7927-43c1-b6fb-010900f05f9b)
2020-04-07 19:17:10.022 15 RALLYDEBUG rally_openstack.cleanup.manager [-] Deleting neutron.port object s_rally_f470693f_AMDjJZQn (7444e37e-7b4b-4219-b717-8d150b4da611)
2020-04-07 19:17:10.030 15 RALLYDEBUG rally_openstack.cleanup.manager [-] Deleting neutron.port object s_rally_f470693f_4u3wf22S (74828f1c-f4f2-4d20-98f9-0f396523c45f)
2020-04-07 19:17:10.091 15 RALLYDEBUG rally_openstack.cleanup.manager [-] Deleting neutron.port object s_rally_f470693f_IIZvbFJe (750f2c35-de11-4fb2-8ce9-86c8729aee94)
2020-04-07 19:17:10.365 15 RALLYDEBUG rally_openstack.cleanup.manager [-] Deleting neutron.port object s_rally_f470693f_Se2ON9dh (75a27ecc-bd1d-42bd-ab09-dac3c96dd268)
2020-04-07 19:17:10.419 15 RALLYDEBUG rally_openstack.cleanup.manager [-] Deleting neutron.port object s_rally_f470693f_akEMnp88 (766fef5b-905a-410a-be54-426a242e4cf7)
2020-04-07 19:17:10.613 15 RALLYDEBUG rally_openstack.cleanup.manager [-] Deleting neutron.port object s_rally_f470693f_p40ctZ9V (78e86672-8478-4012-a1f0-4fe4456d3a6a)
2020-04-07 19:17:10.620 15 RALLYDEBUG rally_openstack.cleanup.manager [-] Deleting neutron.port object s_rally_f470693f_DSNNV5wo (7ac97271-4f4b-4a93-a0b5-8807e9cdaa20)
2020-04-07 19:17:10.755 15 RALLYDEBUG rally_openstack.cleanup.manager [-] Deleting neutron.port object s_rally_f470693f_p8k4JJlH (7b151d81-f184-4a7b-a218-6f4e78756665)
2020-04-07 19:17:11.006 15 RALLYDEBUG rally_openstack.cleanup.manager [-] Deleting neutron.port object s_rally_f470693f_e2JUy3Ne (7c6ea0f7-b590-4169-9069-d1f604791f2a)
2020-04-07 19:17:11.035 15 RALLYDEBUG rally_openstack.cleanup.manager [-] Deleting neutron.port object s_rally_f470693f_xvq1wg1R (7ce08a9e-d14e-4737-af9b-d1f9d04ae6cf)
2020-04-07 19:17:11.040 15 RALLYDEBUG rally_openstack.cleanup.manager [-] Deleting neutron.port object s_rally_f470693f_zOJhdWzo (7cf59e32-78f4-4c12-9620-dd8b711ec3e7)
2020-04-07 19:17:11.073 15 RALLYDEBUG rally_openstack.cleanup.manager [-] Deleting neutron.port object s_rally_f470693f_DSgfsot5 (7df75266-5721-4f7a-ae68-b8fb8ffaa89b)
2020-04-07 19:17:11.084 15 RALLYDEBUG rally_openstack.cleanup.manager [-] Deleting neutron.port object s_rally_f470693f_pVKGSpig (7df9da8a-a7a5-4711-b0c0-3dc581e58bb1)
2020-04-07 19:17:11.084 15 RALLYDEBUG rally_openstack.cleanup.manager [-] Deleting neutron.port object s_rally_f470693f_NjUyMDAk (7d2e052f-ad81-42d8-987f-2b796a635b2d)
2020-04-07 19:17:11.329 15 RALLYDEBUG rally_openstack.cleanup.manager [-] Deleting neutron.port object s_rally_f470693f_x6iq4qAs (7febef61-0b42-45d5-a58e-4c6955ddc478)
2020-04-07 19:17:11.481 15 RALLYDEBUG rally_openstack.cleanup.manager [-] Deleting neutron.port object s_rally_f470693f_Xn6TA9Ds (827e6cdd-2052-4b9c-9c42-d60f0b6c0ba6)
2020-04-07 19:17:11.766 15 RALLYDEBUG rally_openstack.cleanup.manager [-] Deleting neutron.port object s_rally_f470693f_1DL6a32u (8309b299-3527-47eb-badc-98c06531e42b)
2020-04-07 19:17:11.787 15 RALLYDEBUG rally_openstack.cleanup.manager [-] Deleting neutron.port object s_rally_f470693f_hGvNC7By (8325da34-5da1-4921-a1fd-fcf637eb05a1)
2020-04-07 19:17:11.906 15 RALLYDEBUG rally_openstack.cleanup.manager [-] Deleting neutron.port object s_rally_f470693f_1avch41J (839bd8a6-0099-448d-a915-4b888fd74eab)
2020-04-07 19:17:12.091 15 RALLYDEBUG rally_openstack.cleanup.manager [-] Deleting neutron.port object s_rally_f470693f_QZA4LmoE (86cc791e-c15f-4d96-85d7-4b7a52f8ddea)
2020-04-07 19:17:12.112 15 RALLYDEBUG rally_openstack.cleanup.manager [-] Deleting neutron.port object s_rally_f470693f_qecwmJ4B (87d5f293-0a51-4e48-82c5-0fe52c036474)
2020-04-07 19:17:12.129 15 RALLYDEBUG rally_openstack.cleanup.manager [-] Deleting neutron.port object s_rally_f470693f_HIGdB0EH (8907fbf1-935f-4973-9525-aeea82aa5df7)
2020-04-07 19:17:12.147 15 RALLYDEBUG rally_openstack.cleanup.manager [-] Deleting neutron.port object s_rally_f470693f_C9IP3oVs (89d76985-d75b-4e39-8b40-7689976254e4)
2020-04-07 19:17:12.516 15 RALLYDEBUG rally_openstack.cleanup.manager [-] Deleting neutron.port object s_rally_f470693f_twoRSyXM (8a7105e4-c711-4306-be0f-dade1d132061)
