2020-04-07 18:53:25.023 15 RALLYDEBUG rally_openstack.cleanup.manager [-] Deleting neutron.network object s_rally_4fc751ae_Og4Ew8Ag (843ca180-3ff9-415c-ab85-5f705ce34e99)
2020-04-07 18:53:25.135 15 RALLYDEBUG rally_openstack.cleanup.manager [-] Deleting neutron.network object s_rally_4fc751ae_2XFGSHUk (87555e21-c376-45fc-8b78-b8c5f5bfa104)
2020-04-07 18:53:25.529 15 RALLYDEBUG rally_openstack.cleanup.manager [-] Deleting neutron.network object s_rally_4fc751ae_OMKe1umb (87e5fe30-66bb-404a-a490-551687a2ad4a)
2020-04-07 18:53:25.551 15 RALLYDEBUG rally_openstack.cleanup.manager [-] Deleting neutron.network object s_rally_4fc751ae_BvwOSwW9 (894cc2fd-e9b0-4c6d-a7e0-6eeea50bf45b)
2020-04-07 18:53:25.572 15 RALLYDEBUG rally_openstack.cleanup.manager [-] Deleting neutron.network object s_rally_4fc751ae_VFLRbNRF (8b9dce7b-3086-40bb-94da-ffd24efa115c)
2020-04-07 18:53:25.615 15 RALLYDEBUG rally_openstack.cleanup.manager [-] Deleting neutron.network object s_rally_4fc751ae_PIooeS7i (8e0f9b33-0085-47e9-ba38-5460791cab46)
2020-04-07 18:53:25.838 15 RALLYDEBUG rally_openstack.cleanup.manager [-] Deleting neutron.network object s_rally_4fc751ae_SaJJRiGD (8edda2b1-1059-4e4c-b2ef-b61b37bea869)
2020-04-07 18:53:25.846 15 RALLYDEBUG rally_openstack.cleanup.manager [-] Deleting neutron.network object s_rally_4fc751ae_qbhNlZnR (8f238797-4efe-4a42-85b4-0d5a6c6aaf20)
2020-04-07 18:53:25.865 15 RALLYDEBUG rally_openstack.cleanup.manager [-] Deleting neutron.network object s_rally_4fc751ae_zqJGUVsc (9178b319-9536-42e3-82b4-941a9277b83c)
2020-04-07 18:53:26.143 15 RALLYDEBUG rally_openstack.cleanup.manager [-] Deleting neutron.network object s_rally_4fc751ae_O7hT49xn (98be37c7-e79b-4aa2-bb73-a081d37c519b)
2020-04-07 18:53:26.147 15 RALLYDEBUG rally_openstack.cleanup.manager [-] Deleting neutron.network object s_rally_4fc751ae_43DRtKSx (9df0e64b-ee11-4947-8fb2-c489f1ef68bc)
2020-04-07 18:53:26.197 15 RALLYDEBUG rally_openstack.cleanup.manager [-] Deleting neutron.network object s_rally_4fc751ae_BiK2XRlz (a1615ed2-0501-4636-b760-e84b96df1fd6)
2020-04-07 18:53:26.452 15 RALLYDEBUG rally_openstack.cleanup.manager [-] Deleting neutron.network object s_rally_4fc751ae_o3BN2K6T (a526479b-b5d1-419c-91fc-8b16b8bb4870)
2020-04-07 18:53:26.500 15 RALLYDEBUG rally_openstack.cleanup.manager [-] Deleting neutron.network object s_rally_4fc751ae_HvUpLBYX (a5ec7eed-1333-45e8-afaa-2fa54d634814)
2020-04-07 18:53:26.531 15 RALLYDEBUG rally_openstack.cleanup.manager [-] Deleting neutron.network object s_rally_4fc751ae_C4bPZWBj (a6c0fed6-3ede-4cc8-be9b-17bb0d41a682)
2020-04-07 18:53:26.656 15 RALLYDEBUG rally_openstack.cleanup.manager [-] Deleting neutron.network object s_rally_4fc751ae_2mjTkOSi (a96a6529-339b-4e14-a3a6-4f3d92b25e7e)
2020-04-07 18:53:26.773 15 RALLYDEBUG rally_openstack.cleanup.manager [-] Deleting neutron.network object s_rally_4fc751ae_EeBvMTsB (aa783ea4-80b3-4275-9538-752743332fd6)
2020-04-07 18:53:26.950 15 RALLYDEBUG rally_openstack.cleanup.manager [-] Deleting neutron.network object s_rally_4fc751ae_gaaGR1SV (af5ca3aa-3a45-40e1-86b8-524471ea1224)
2020-04-07 18:53:26.964 15 RALLYDEBUG rally_openstack.cleanup.manager [-] Deleting neutron.network object s_rally_4fc751ae_cwJbHyRt (b041e649-6c30-49c7-ad6d-7b5dd177daf6)
2020-04-07 18:53:27.110 15 RALLYDEBUG rally_openstack.cleanup.manager [-] Deleting neutron.network object s_rally_4fc751ae_3GZsp7n8 (b52f571b-0a00-4816-9546-9969b24449dd)
2020-04-07 18:53:27.347 15 RALLYDEBUG rally_openstack.cleanup.manager [-] Deleting neutron.network object s_rally_4fc751ae_UKHtKBXa (bc73cb07-96b4-409b-8b48-8cdf41874bba)
2020-04-07 18:53:27.403 15 RALLYDEBUG rally_openstack.cleanup.manager [-] Deleting neutron.network object s_rally_4fc751ae_MBC5va1J (be1a6aae-4c4f-4572-9b39-5be2f7056664)
2020-04-07 18:53:27.503 15 RALLYDEBUG rally_openstack.cleanup.manager [-] Deleting neutron.network object s_rally_4fc751ae_pboIWL6y (c00ffdbf-f976-46c7-ba70-ff92257b72b1)
2020-04-07 18:53:27.555 15 RALLYDEBUG rally_openstack.cleanup.manager [-] Deleting neutron.network object s_rally_4fc751ae_fWx13uvO (c2aa5595-1e45-4b3a-928c-a73028c3a02c)
2020-04-07 18:53:27.573 15 RALLYDEBUG rally_openstack.cleanup.manager [-] Deleting neutron.network object s_rally_4fc751ae_DNaq6BTC (c4e898c7-a8ff-4d8f-ad68-14e46fad1c4c)
2020-04-07 18:53:27.847 15 RALLYDEBUG rally_openstack.cleanup.manager [-] Deleting neutron.network object s_rally_4fc751ae_m3S6VuCF (c5ade49a-adfb-4c1d-b3d1-c762211c6e4d)
2020-04-07 18:53:27.859 15 RALLYDEBUG rally_openstack.cleanup.manager [-] Deleting neutron.network object s_rally_4fc751ae_eAp0Q01L (c829bb6a-4c02-4084-976d-c5fb99522507)
2020-04-07 18:53:28.104 15 RALLYDEBUG rally_openstack.cleanup.manager [-] Deleting neutron.network object s_rally_4fc751ae_VOtMpPxQ (ca0d1186-9964-40ae-bdd9-e6794696dcb3)
2020-04-07 18:53:28.381 15 RALLYDEBUG rally_openstack.cleanup.manager [-] Deleting neutron.network object s_rally_4fc751ae_KX289WRq (ca688615-e767-490c-9a5a-8e7b45d7ea54)
2020-04-07 18:53:28.479 15 RALLYDEBUG rally_openstack.cleanup.manager [-] Deleting neutron.network object s_rally_4fc751ae_aGozCw6n (cb8fd497-9b0e-4b83-9d05-6bd1ab992721)
2020-04-07 18:53:28.488 15 RALLYDEBUG rally_openstack.cleanup.manager [-] Deleting neutron.network object s_rally_4fc751ae_YhXALMvF (cbe01de6-598a-4949-b19f-9052e09dd948)
2020-04-07 18:53:28.668 15 RALLYDEBUG rally_openstack.cleanup.manager [-] Deleting neutron.network object s_rally_4fc751ae_lbb6Vvub (d1cf982b-b2f4-42b8-b2a3-f07d6e6fa385)
2020-04-07 18:53:28.701 15 RALLYDEBUG rally_openstack.cleanup.manager [-] Deleting neutron.network object s_rally_4fc751ae_zmd0wcIN (d27b0d8c-85ee-4eb4-80ce-9ad26d5c72e6)
2020-04-07 18:53:28.721 15 RALLYDEBUG rally_openstack.cleanup.manager [-] Deleting neutron.network object s_rally_4fc751ae_Bt68iviU (d55942a7-9d30-40c0-8528-14942a7cc687)
2020-04-07 18:53:28.765 15 RALLYDEBUG rally_openstack.cleanup.manager [-] Deleting neutron.network object s_rally_4fc751ae_6h4nxF9B (db037c6c-1625-48cb-9b81-57bb27222c3a)
2020-04-07 18:53:28.894 15 RALLYDEBUG rally_openstack.cleanup.manager [-] Deleting neutron.network object s_rally_4fc751ae_mnTJsbdN (dba8bb53-6e65-41c4-9a41-1158e9a7efaf)
2020-04-07 18:53:28.936 15 RALLYDEBUG rally_openstack.cleanup.manager [-] Deleting neutron.network object s_rally_4fc751ae_cCr6K6un (de5a75d3-bec8-41b9-8ae3-b5fd98c31e3f)
2020-04-07 18:53:29.069 15 RALLYDEBUG rally_openstack.cleanup.manager [-] Deleting neutron.network object s_rally_4fc751ae_n6jzn9Wn (df726c63-8380-42bb-8265-e92a5a891855)
2020-04-07 18:53:29.462 15 RALLYDEBUG rally_openstack.cleanup.manager [-] Deleting neutron.network object s_rally_4fc751ae_kzCUKbF7 (dff1f315-94c3-4c69-9748-db412e73aeed)
2020-04-07 18:53:29.721 15 RALLYDEBUG rally_openstack.cleanup.manager [-] Deleting neutron.network object s_rally_4fc751ae_YVu5e9G7 (e08f2ee9-d3eb-40a2-afba-095566d40004)
2020-04-07 18:53:29.749 15 RALLYDEBUG rally_openstack.cleanup.manager [-] Deleting neutron.network object s_rally_4fc751ae_8invCPOu (e091949a-8880-4559-a543-743c3f4a461c)
2020-04-07 18:53:30.005 15 RALLYDEBUG rally_openstack.cleanup.manager [-] Deleting neutron.network object s_rally_4fc751ae_VHbWx72o (e37470a7-bb0d-471d-b4d3-a6431b8a237e)
2020-04-07 18:53:30.011 15 RALLYDEBUG rally_openstack.cleanup.manager [-] Deleting neutron.network object s_rally_4fc751ae_rTvPQgYM (e7a056ed-a2f3-4cf1-925e-eea6b3102efb)
2020-04-07 18:53:30.016 15 RALLYDEBUG rally_openstack.cleanup.manager [-] Deleting neutron.network object s_rally_4fc751ae_hkeTHUIE (f15672fe-6cf7-4102-bc67-e5fb1948eb2a)
2020-04-07 18:53:30.058 15 RALLYDEBUG rally_openstack.cleanup.manager [-] Deleting neutron.network object s_rally_4fc751ae_IOjhQzVG (fb1f774b-b99c-43de-a034-6e48042889cf)
2020-04-07 18:53:30.131 15 RALLYDEBUG rally_openstack.cleanup.manager [-] Deleting neutron.network object s_rally_4fc751ae_3BfgoDtK (fe093630-fa31-4a9b-8275-76a9190abc7f)
2020-04-07 18:53:30.209 15 RALLYDEBUG rally_openstack.cleanup.manager [-] Deleting neutron.network object s_rally_4fc751ae_3UKLnVh9 (ff793fe1-4c68-4654-bce2-ed4c96dbeabd)
2020-04-07 18:53:33.038 15 RALLYDEBUG rally_openstack.cleanup.manager [-] Cleaning up neutron router objects
2020-04-07 18:53:33.327 15 RALLYDEBUG rally_openstack.cleanup.manager [-] Cleaning up neutron security_group objects
2020-04-07 18:53:33.610 15 INFO rally.task.context [-] Task a46f4895-59bf-4f55-9adc-fee87e26eed0 | Context cleanup@openstack cleanup() finished in 18.26 sec
2020-04-07 18:53:33.610 15 INFO rally.task.context [-] Task a46f4895-59bf-4f55-9adc-fee87e26eed0 | Context quotas@openstack cleanup() started
2020-04-07 18:53:33.647 15 INFO rally.task.context [-] Task a46f4895-59bf-4f55-9adc-fee87e26eed0 | Context quotas@openstack cleanup() finished in 36.74 msec
2020-04-07 18:53:33.647 15 INFO rally.task.context [-] Task a46f4895-59bf-4f55-9adc-fee87e26eed0 | Context users@openstack cleanup() started
2020-04-07 18:53:35.118 15 INFO rally.task.context [-] Task a46f4895-59bf-4f55-9adc-fee87e26eed0 | Context users@openstack cleanup() finished in 1.47 sec
2020-04-07 18:53:35.401 15 INFO rally.task.engine [-] Load duration is: 10.939251
2020-04-07 18:53:35.402 15 INFO rally.task.engine [-] Full runner duration is: 10.983615
2020-04-07 18:53:35.402 15 INFO rally.task.engine [-] Full duration is: 31.860679
2020-04-07 18:53:35.598 15 INFO rally.task.engine [-] Running workload: position = 1 config = { "version": 2, "title": "A cropped version of a bigger task.", "description": "Auto-generated task from a single workload (uuid=dc340cc3-f57b-4d62-9a95-fdb262a5f559)", "subtasks": [ { "title": "NeutronNetworks.create_and_update_networks", "description": "Check network update action", "scenario": { "NeutronNetworks.create_and_update_networks": { "network_create_args": {}, "network_update_args": { "admin_state_up": false, "name": "_updated" } } }, "contexts": { "users": { "tenants": 1, "users_per_tenant": 1 }, "quotas": { "neutron": { "network": -1 } } }, "runner": { "constant": { "times": 40, "concurrency": 20 } }, "hooks": [], "sla": { "failure_rate": { "max": 0 } } } ] }
2020-04-07 18:53:35.608 15 RALLYDEBUG rally_openstack.contexts.keystone.users [-] Creating 1 tenants using 20 threads
2020-04-07 18:53:35.957 15 RALLYDEBUG rally_openstack.contexts.keystone.users [-] Creating 1 users using 20 threads
2020-04-07 18:53:36.575 15 INFO rally.task.context [-] Task a46f4895-59bf-4f55-9adc-fee87e26eed0 | Context users@openstack setup() finished in 0.97 sec
2020-04-07 18:53:36.859 15 INFO rally.task.context [-] Task a46f4895-59bf-4f55-9adc-fee87e26eed0 | Context quotas@openstack setup() finished in 0.28 sec
2020-04-07 18:53:36.859 15 INFO rally.task.context [-] Task a46f4895-59bf-4f55-9adc-fee87e26eed0 | Context cleanup@openstack setup() finished in 0.01 msec
2020-04-07 18:53:36.868 15 RALLYDEBUG rally.task.runner [-] Starting the constant runner (task UUID: a46f4895-59bf-4f55-9adc-fee87e26eed0). timeout: 0 concurrency: 20 concurrency_per_worker: 1 times: 40 concurrency_overhead: 0 processes_to_start: 20 max_cpu_used: 88
2020-04-07 18:53:36.881 601 RALLYDEBUG rally.task.runner [-] Starting a worker. concurrency: 1 args: {"network_create_args": {}, "network_update_args": {"admin_state_up": false, "name": "_updated"}} times: 40 method_name: run timeout: 0 duration: None cls:
2020-04-07 18:53:36.883 602 RALLYDEBUG rally.task.runner [-] Starting a worker. concurrency: 1 args: {"network_create_args": {}, "network_update_args": {"admin_state_up": false, "name": "_updated"}} times: 40 method_name: run timeout: 0 duration: None cls:
2020-04-07 18:53:36.886 603 RALLYDEBUG rally.task.runner [-] Starting a worker. concurrency: 1 args: {"network_create_args": {}, "network_update_args": {"admin_state_up": false, "name": "_updated"}} times: 40 method_name: run timeout: 0 duration: None cls:
2020-04-07 18:53:36.887 601 INFO rally.task.runner [-] Task a46f4895-59bf-4f55-9adc-fee87e26eed0 | ITER: 1 START
2020-04-07 18:53:36.889 602 INFO rally.task.runner [-] Task a46f4895-59bf-4f55-9adc-fee87e26eed0 | ITER: 2 START
2020-04-07 18:53:36.889 604 RALLYDEBUG rally.task.runner [-] Starting a worker. concurrency: 1 args: {"network_create_args": {}, "network_update_args": {"admin_state_up": false, "name": "_updated"}} times: 40 method_name: run timeout: 0 duration: None cls:
2020-04-07 18:53:36.892 603 INFO rally.task.runner [-] Task a46f4895-59bf-4f55-9adc-fee87e26eed0 | ITER: 3 START
2020-04-07 18:53:36.891 605 RALLYDEBUG rally.task.runner [-] Starting a worker. concurrency: 1 args: {"network_create_args": {}, "network_update_args": {"admin_state_up": false, "name": "_updated"}} times: 40 method_name: run timeout: 0 duration: None cls:
2020-04-07 18:53:36.895 604 INFO rally.task.runner [-] Task a46f4895-59bf-4f55-9adc-fee87e26eed0 | ITER: 4 START
2020-04-07 18:53:36.894 609 RALLYDEBUG rally.task.runner [-] Starting a worker. concurrency: 1 args: {"network_create_args": {}, "network_update_args": {"admin_state_up": false, "name": "_updated"}} times: 40 method_name: run timeout: 0 duration: None cls:
2020-04-07 18:53:36.898 605 INFO rally.task.runner [-] Task a46f4895-59bf-4f55-9adc-fee87e26eed0 | ITER: 5 START
2020-04-07 18:53:36.897 613 RALLYDEBUG rally.task.runner [-] Starting a worker. concurrency: 1 args: {"network_create_args": {}, "network_update_args": {"admin_state_up": false, "name": "_updated"}} times: 40 method_name: run timeout: 0 duration: None cls:
2020-04-07 18:53:36.900 609 INFO rally.task.runner [-] Task a46f4895-59bf-4f55-9adc-fee87e26eed0 | ITER: 6 START
2020-04-07 18:53:36.900 615 RALLYDEBUG rally.task.runner [-] Starting a worker. concurrency: 1 args: {"network_create_args": {}, "network_update_args": {"admin_state_up": false, "name": "_updated"}} times: 40 method_name: run timeout: 0 duration: None cls:
2020-04-07 18:53:36.903 613 INFO rally.task.runner [-] Task a46f4895-59bf-4f55-9adc-fee87e26eed0 | ITER: 7 START
2020-04-07 18:53:36.903 618 RALLYDEBUG rally.task.runner [-] Starting a worker. concurrency: 1 args: {"network_create_args": {}, "network_update_args": {"admin_state_up": false, "name": "_updated"}} times: 40 method_name: run timeout: 0 duration: None cls:
2020-04-07 18:53:36.905 621 RALLYDEBUG rally.task.runner [-] Starting a worker. concurrency: 1 args: {"network_create_args": {}, "network_update_args": {"admin_state_up": false, "name": "_updated"}} times: 40 method_name: run timeout: 0 duration: None cls:
2020-04-07 18:53:36.906 615 INFO rally.task.runner [-] Task a46f4895-59bf-4f55-9adc-fee87e26eed0 | ITER: 8 START
2020-04-07 18:53:36.909 618 INFO rally.task.runner [-] Task a46f4895-59bf-4f55-9adc-fee87e26eed0 | ITER: 9 START
2020-04-07 18:53:36.909 625 RALLYDEBUG rally.task.runner [-] Starting a worker. concurrency: 1 args: {"network_create_args": {}, "network_update_args": {"admin_state_up": false, "name": "_updated"}} times: 40 method_name: run timeout: 0 duration: None cls:
2020-04-07 18:53:36.909 627 RALLYDEBUG rally.task.runner [-] Starting a worker. concurrency: 1 args: {"network_create_args": {}, "network_update_args": {"admin_state_up": false, "name": "_updated"}} times: 40 method_name: run timeout: 0 duration: None cls:
2020-04-07 18:53:36.911 621 INFO rally.task.runner [-] Task a46f4895-59bf-4f55-9adc-fee87e26eed0 | ITER: 10 START
2020-04-07 18:53:36.914 627 INFO rally.task.runner [-] Task a46f4895-59bf-4f55-9adc-fee87e26eed0 | ITER: 12 START
2020-04-07 18:53:36.914 630 RALLYDEBUG rally.task.runner [-] Starting a worker. concurrency: 1 args: {"network_create_args": {}, "network_update_args": {"admin_state_up": false, "name": "_updated"}} times: 40 method_name: run timeout: 0 duration: None cls:
2020-04-07 18:53:36.915 625 INFO rally.task.runner [-] Task a46f4895-59bf-4f55-9adc-fee87e26eed0 | ITER: 11 START
2020-04-07 18:53:36.917 634 RALLYDEBUG rally.task.runner [-] Starting a worker. concurrency: 1 args: {"network_create_args": {}, "network_update_args": {"admin_state_up": false, "name": "_updated"}} times: 40 method_name: run timeout: 0 duration: None cls:
2020-04-07 18:53:36.919 630 INFO rally.task.runner [-] Task a46f4895-59bf-4f55-9adc-fee87e26eed0 | ITER: 13 START
2020-04-07 18:53:36.919 639 RALLYDEBUG rally.task.runner [-] Starting a worker. concurrency: 1 args: {"network_create_args": {}, "network_update_args": {"admin_state_up": false, "name": "_updated"}} times: 40 method_name: run timeout: 0 duration: None cls:
2020-04-07 18:53:36.922 640 RALLYDEBUG rally.task.runner [-] Starting a worker. concurrency: 1 args: {"network_create_args": {}, "network_update_args": {"admin_state_up": false, "name": "_updated"}} times: 40 method_name: run timeout: 0 duration: None cls:
2020-04-07 18:53:36.923 634 INFO rally.task.runner [-] Task a46f4895-59bf-4f55-9adc-fee87e26eed0 | ITER: 14 START
2020-04-07 18:53:36.924 639 INFO rally.task.runner [-] Task a46f4895-59bf-4f55-9adc-fee87e26eed0 | ITER: 15 START
2020-04-07 18:53:36.926 643 RALLYDEBUG rally.task.runner [-] Starting a worker. concurrency: 1 args: {"network_create_args": {}, "network_update_args": {"admin_state_up": false, "name": "_updated"}} times: 40 method_name: run timeout: 0 duration: None cls:
2020-04-07 18:53:36.928 640 INFO rally.task.runner [-] Task a46f4895-59bf-4f55-9adc-fee87e26eed0 | ITER: 16 START
2020-04-07 18:53:36.928 646 RALLYDEBUG rally.task.runner [-] Starting a worker. concurrency: 1 args: {"network_create_args": {}, "network_update_args": {"admin_state_up": false, "name": "_updated"}} times: 40 method_name: run timeout: 0 duration: None cls:
2020-04-07 18:53:36.929 649 RALLYDEBUG rally.task.runner [-] Starting a worker. concurrency: 1 args: {"network_create_args": {}, "network_update_args": {"admin_state_up": false, "name": "_updated"}} times: 40 method_name: run timeout: 0 duration: None cls:
2020-04-07 18:53:36.932 643 INFO rally.task.runner [-] Task a46f4895-59bf-4f55-9adc-fee87e26eed0 | ITER: 17 START
2020-04-07 18:53:36.933 646 INFO rally.task.runner [-] Task a46f4895-59bf-4f55-9adc-fee87e26eed0 | ITER: 18 START
2020-04-07 18:53:36.933 652 RALLYDEBUG rally.task.runner [-] Starting a worker. concurrency: 1 args: {"network_create_args": {}, "network_update_args": {"admin_state_up": false, "name": "_updated"}} times: 40 method_name: run timeout: 0 duration: None cls:
2020-04-07 18:53:36.934 649 INFO rally.task.runner [-] Task a46f4895-59bf-4f55-9adc-fee87e26eed0 | ITER: 19 START
2020-04-07 18:53:36.938 652 INFO rally.task.runner [-] Task a46f4895-59bf-4f55-9adc-fee87e26eed0 | ITER: 20 START
2020-04-07 18:53:38.562 605 INFO rally.task.runner [-] Task a46f4895-59bf-4f55-9adc-fee87e26eed0 | ITER: 5 END: OK
2020-04-07 18:53:38.568 605 INFO rally.task.runner [-] Task a46f4895-59bf-4f55-9adc-fee87e26eed0 | ITER: 21 START
2020-04-07 18:53:38.608 640 INFO rally.task.runner [-] Task a46f4895-59bf-4f55-9adc-fee87e26eed0 | ITER: 16 END: OK
2020-04-07 18:53:38.613 640 INFO rally.task.runner [-] Task a46f4895-59bf-4f55-9adc-fee87e26eed0 | ITER: 22 START
2020-04-07 18:53:38.809 609 INFO rally.task.runner [-] Task a46f4895-59bf-4f55-9adc-fee87e26eed0 | ITER: 6 END: OK
2020-04-07 18:53:38.814 609 INFO rally.task.runner [-] Task a46f4895-59bf-4f55-9adc-fee87e26eed0 | ITER: 23 START
2020-04-07 18:53:39.000 601 INFO rally.task.runner [-] Task a46f4895-59bf-4f55-9adc-fee87e26eed0 | ITER: 1 END: OK
2020-04-07 18:53:39.004 601 INFO rally.task.runner [-] Task a46f4895-59bf-4f55-9adc-fee87e26eed0 | ITER: 24 START
2020-04-07 18:53:39.021 649 INFO rally.task.runner [-] Task a46f4895-59bf-4f55-9adc-fee87e26eed0 | ITER: 19 END: OK
2020-04-07 18:53:39.025 649 INFO rally.task.runner [-] Task a46f4895-59bf-4f55-9adc-fee87e26eed0 | ITER: 25 START
2020-04-07 18:53:39.293 604 INFO rally.task.runner [-] Task a46f4895-59bf-4f55-9adc-fee87e26eed0 | ITER: 4 END: OK
2020-04-07 18:53:39.298 604 INFO rally.task.runner [-] Task a46f4895-59bf-4f55-9adc-fee87e26eed0 | ITER: 26 START
2020-04-07 18:53:39.469 615 INFO rally.task.runner [-] Task a46f4895-59bf-4f55-9adc-fee87e26eed0 | ITER: 8 END: OK
2020-04-07 18:53:39.471 618 INFO rally.task.runner [-] Task a46f4895-59bf-4f55-9adc-fee87e26eed0 | ITER: 9 END: OK
2020-04-07 18:53:39.474 615 INFO rally.task.runner [-] Task a46f4895-59bf-4f55-9adc-fee87e26eed0 | ITER: 27 START
2020-04-07 18:53:39.475 618 INFO rally.task.runner [-] Task a46f4895-59bf-4f55-9adc-fee87e26eed0 | ITER: 28 START
2020-04-07 18:53:39.550 602 INFO rally.task.runner [-] Task a46f4895-59bf-4f55-9adc-fee87e26eed0 | ITER: 2 END: OK
2020-04-07 18:53:39.555 602 INFO rally.task.runner [-] Task a46f4895-59bf-4f55-9adc-fee87e26eed0 | ITER: 29 START
2020-04-07 18:53:39.590 630 INFO rally.task.runner [-] Task a46f4895-59bf-4f55-9adc-fee87e26eed0 | ITER: 13 END: OK
2020-04-07 18:53:39.595 630 INFO rally.task.runner [-] Task a46f4895-59bf-4f55-9adc-fee87e26eed0 | ITER: 30 START
2020-04-07 18:53:39.655 639 INFO rally.task.runner [-] Task a46f4895-59bf-4f55-9adc-fee87e26eed0 | ITER: 15 END: OK
2020-04-07 18:53:39.659 639 INFO rally.task.runner [-] Task a46f4895-59bf-4f55-9adc-fee87e26eed0 | ITER: 31 START
2020-04-07 18:53:39.668 627 INFO rally.task.runner [-] Task a46f4895-59bf-4f55-9adc-fee87e26eed0 | ITER: 12 END: OK
2020-04-07 18:53:39.672 627 INFO rally.task.runner [-] Task a46f4895-59bf-4f55-9adc-fee87e26eed0 | ITER: 32 START
2020-04-07 18:53:40.151 652 INFO rally.task.runner [-] Task a46f4895-59bf-4f55-9adc-fee87e26eed0 | ITER: 20 END: OK
2020-04-07 18:53:40.156 652 INFO rally.task.runner [-] Task a46f4895-59bf-4f55-9adc-fee87e26eed0 | ITER: 33 START
2020-04-07 18:53:40.186 634 INFO rally.task.runner [-] Task a46f4895-59bf-4f55-9adc-fee87e26eed0 | ITER: 14 END: OK
2020-04-07 18:53:40.190 634 INFO rally.task.runner [-] Task a46f4895-59bf-4f55-9adc-fee87e26eed0 | ITER: 34 START
2020-04-07 18:53:40.211 603 INFO rally.task.runner [-] Task a46f4895-59bf-4f55-9adc-fee87e26eed0 | ITER: 3 END: OK
2020-04-07 18:53:40.216 603 INFO rally.task.runner [-] Task a46f4895-59bf-4f55-9adc-fee87e26eed0 | ITER: 35 START
2020-04-07 18:53:40.465 649 INFO rally.task.runner [-] Task a46f4895-59bf-4f55-9adc-fee87e26eed0 | ITER: 25 END: OK
2020-04-07 18:53:40.470 649 INFO rally.task.runner [-] Task a46f4895-59bf-4f55-9adc-fee87e26eed0 | ITER: 36 START
2020-04-07 18:53:40.699 646 INFO rally.task.runner [-] Task a46f4895-59bf-4f55-9adc-fee87e26eed0 | ITER: 18 END: OK
2020-04-07 18:53:40.703 646 INFO rally.task.runner [-] Task a46f4895-59bf-4f55-9adc-fee87e26eed0 | ITER: 37 START
2020-04-07 18:53:40.742 613 INFO rally.task.runner [-] Task a46f4895-59bf-4f55-9adc-fee87e26eed0 | ITER: 7 END: OK
2020-04-07 18:53:40.747 613 INFO rally.task.runner [-] Task a46f4895-59bf-4f55-9adc-fee87e26eed0 | ITER: 38 START
2020-04-07 18:53:40.955 609 INFO rally.task.runner [-] Task a46f4895-59bf-4f55-9adc-fee87e26eed0 | ITER: 23 END: OK
2020-04-07 18:53:40.959 609 INFO rally.task.runner [-] Task a46f4895-59bf-4f55-9adc-fee87e26eed0 | ITER: 39 START
2020-04-07 18:53:41.134 621 INFO rally.task.runner [-] Task a46f4895-59bf-4f55-9adc-fee87e26eed0 | ITER: 10 END: OK
2020-04-07 18:53:41.138 621 INFO rally.task.runner [-] Task a46f4895-59bf-4f55-9adc-fee87e26eed0 | ITER: 40 START
2020-04-07 18:53:41.467 640 INFO rally.task.runner [-] Task a46f4895-59bf-4f55-9adc-fee87e26eed0 | ITER: 22 END: OK
2020-04-07 18:53:41.484 625 INFO rally.task.runner [-] Task a46f4895-59bf-4f55-9adc-fee87e26eed0 | ITER: 11 END: OK
2020-04-07 18:53:41.519 605 INFO rally.task.runner [-] Task a46f4895-59bf-4f55-9adc-fee87e26eed0 | ITER: 21 END: OK
2020-04-07 18:53:41.615 643 INFO rally.task.runner [-] Task a46f4895-59bf-4f55-9adc-fee87e26eed0 | ITER: 17 END: OK
2020-04-07 18:53:42.147 603 INFO rally.task.runner [-] Task a46f4895-59bf-4f55-9adc-fee87e26eed0 | ITER: 35 END: OK
2020-04-07 18:53:42.206 601 INFO rally.task.runner [-] Task a46f4895-59bf-4f55-9adc-fee87e26eed0 | ITER: 24 END: OK
2020-04-07 18:53:42.313 602 INFO rally.task.runner [-] Task a46f4895-59bf-4f55-9adc-fee87e26eed0 | ITER: 29 END: OK
2020-04-07 18:53:42.337 649 INFO rally.task.runner [-] Task a46f4895-59bf-4f55-9adc-fee87e26eed0 | ITER: 36 END: OK
2020-04-07 18:53:42.434 639 INFO rally.task.runner [-] Task a46f4895-59bf-4f55-9adc-fee87e26eed0 | ITER: 31 END: OK
2020-04-07 18:53:42.539 615 INFO rally.task.runner [-] Task a46f4895-59bf-4f55-9adc-fee87e26eed0 | ITER: 27 END: OK
2020-04-07 18:53:42.702 652 INFO rally.task.runner [-] Task a46f4895-59bf-4f55-9adc-fee87e26eed0 | ITER: 33 END: OK
2020-04-07 18:53:43.617 613 INFO rally.task.runner [-] Task a46f4895-59bf-4f55-9adc-fee87e26eed0 | ITER: 38 END: OK
2020-04-07 18:53:43.620 646 INFO rally.task.runner [-] Task a46f4895-59bf-4f55-9adc-fee87e26eed0 | ITER: 37 END: OK
2020-04-07 18:53:43.795 604 INFO rally.task.runner [-] Task a46f4895-59bf-4f55-9adc-fee87e26eed0 | ITER: 26 END: OK
2020-04-07 18:53:44.026 627 INFO rally.task.runner [-] Task a46f4895-59bf-4f55-9adc-fee87e26eed0 | ITER: 32 END: OK
2020-04-07 18:53:44.069 621 INFO rally.task.runner [-] Task a46f4895-59bf-4f55-9adc-fee87e26eed0 | ITER: 40 END: OK
2020-04-07 18:53:44.177 630 INFO rally.task.runner [-] Task a46f4895-59bf-4f55-9adc-fee87e26eed0 | ITER: 30 END: OK
2020-04-07 18:53:44.413 618 INFO rally.task.runner [-] Task a46f4895-59bf-4f55-9adc-fee87e26eed0 | ITER: 28 END: OK
2020-04-07 18:53:44.419 634 INFO rally.task.runner [-] Task a46f4895-59bf-4f55-9adc-fee87e26eed0 | ITER: 34 END: OK
2020-04-07 18:53:44.568 609 INFO rally.task.runner [-] Task a46f4895-59bf-4f55-9adc-fee87e26eed0 | ITER: 39 END: OK
2020-04-07 18:53:44.596 15 INFO rally.task.context [-] Task a46f4895-59bf-4f55-9adc-fee87e26eed0 | Context cleanup@openstack cleanup() started
2020-04-07 18:53:44.600 15 RALLYDEBUG rally_openstack.cleanup.manager [-] Cleaning up neutron vip objects
2020-04-07 18:53:44.816 15 RALLYDEBUG rally_openstack.cleanup.manager [-] Cleaning up neutron health_monitor objects
2020-04-07 18:53:45.013 15 RALLYDEBUG rally_openstack.cleanup.manager [-] Cleaning up neutron pool objects
2020-04-07 18:53:45.211 15 RALLYDEBUG rally_openstack.cleanup.manager [-] Cleaning up neutron loadbalancer objects
2020-04-07 18:53:45.404 15 RALLYDEBUG rally_openstack.cleanup.manager [-] Cleaning up neutron floatingip objects
2020-04-07 18:53:45.608 15 RALLYDEBUG rally_openstack.cleanup.manager [-] Cleaning up neutron trunk objects
2020-04-07 18:53:45.783 15 DEBUG neutronclient.v2_0.client [-] Error message: {"NeutronError": {"message": "Invalid input for operation: 'tenant_id' is not supported for filtering.", "type": "InvalidInput", "detail": ""}} _handle_fault_response /usr/lib/python2.7/site-packages/neutronclient/v2_0/client.py:259
2020-04-07 18:53:45.820 15 DEBUG neutronclient.v2_0.client [-] Error message: {"NeutronError": {"message": "Invalid input for operation: 'tenant_id' is not supported for filtering.", "type": "InvalidInput", "detail": ""}} _handle_fault_response /usr/lib/python2.7/site-packages/neutronclient/v2_0/client.py:259
2020-04-07 18:53:45.851 15 DEBUG neutronclient.v2_0.client [-] Error message: {"NeutronError": {"message": "Invalid input for operation: 'tenant_id' is not supported for filtering.", "type": "InvalidInput", "detail": ""}} _handle_fault_response /usr/lib/python2.7/site-packages/neutronclient/v2_0/client.py:259
2020-04-07 18:53:45.851 15 ERROR rally_openstack.cleanup.manager [-] Seems like rally_openstack.cleanup.resources.NeutronTrunk.list(self) method is broken. It shouldn't raise any exceptions.: BadRequest: Invalid input for operation: 'tenant_id' is not supported for filtering. Neutron server returns request_ids: ['req-c2061a86-ff49-46c6-9560-7a62b812b3a5']
2020-04-07 18:53:45.851 15 ERROR rally_openstack.cleanup.manager
Traceback (most recent call last):
2020-04-07 18:53:45.851 15 ERROR rally_openstack.cleanup.manager
File "/usr/lib/python2.7/site-packages/rally_openstack/cleanup/manager.py", line 133, in _publish
2020-04-07 18:53:45.851 15 ERROR rally_openstack.cleanup.manager for raw_resource in rutils.retry(3, manager.list):
2020-04-07 18:53:45.851 15 ERROR rally_openstack.cleanup.manager
File "/usr/lib/python2.7/site-packages/rally/common/utils.py", line 230, in retry
2020-04-07 18:53:45.851 15 ERROR rally_openstack.cleanup.manager return func(*args, **kwargs)
2020-04-07 18:53:45.851 15 ERROR rally_openstack.cleanup.manager
File "/usr/lib/python2.7/site-packages/rally_openstack/cleanup/resources.py", line 396, in list
2020-04-07 18:53:45.851 15 ERROR rally_openstack.cleanup.manager return super(NeutronTrunk, self).list()
2020-04-07 18:53:45.851 15 ERROR rally_openstack.cleanup.manager
File "/usr/lib/python2.7/site-packages/rally_openstack/cleanup/resources.py", line 273, in list
2020-04-07 18:53:45.851 15 ERROR rally_openstack.cleanup.manager result = list_method(tenant_id=self.tenant_uuid)[resources]
2020-04-07 18:53:45.851 15 ERROR rally_openstack.cleanup.manager
File "/usr/lib/python2.7/site-packages/neutronclient/v2_0/client.py", line 2105, in list_trunks
2020-04-07 18:53:45.851 15 ERROR rally_openstack.cleanup.manager **_params)
2020-04-07 18:53:45.851 15 ERROR rally_openstack.cleanup.manager
File "/usr/lib/python2.7/site-packages/neutronclient/v2_0/client.py", line 369, in list
2020-04-07 18:53:45.851 15 ERROR rally_openstack.cleanup.manager for r in self._pagination(collection, path, **params):
2020-04-07 18:53:45.851 15 ERROR rally_openstack.cleanup.manager
File "/usr/lib/python2.7/site-packages/neutronclient/v2_0/client.py", line 384, in _pagination
2020-04-07 18:53:45.851 15 ERROR rally_openstack.cleanup.manager res = self.get(path, params=params)
2020-04-07 18:53:45.851 15 ERROR rally_openstack.cleanup.manager
File "/usr/lib/python2.7/site-packages/neutronclient/v2_0/client.py", line 354, in get
2020-04-07 18:53:45.851 15 ERROR rally_openstack.cleanup.manager headers=headers, params=params)
2020-04-07 18:53:45.851 15 ERROR rally_openstack.cleanup.manager
File "/usr/lib/python2.7/site-packages/neutronclient/v2_0/client.py", line 331, in retry_request
2020-04-07 18:53:45.851 15 ERROR rally_openstack.cleanup.manager headers=headers, params=params)
2020-04-07 18:53:45.851 15 ERROR rally_openstack.cleanup.manager
File "/usr/lib/python2.7/site-packages/neutronclient/v2_0/client.py", line 294, in do_request
2020-04-07 18:53:45.851 15 ERROR rally_openstack.cleanup.manager self._handle_fault_response(status_code, replybody, resp)
2020-04-07 18:53:45.851 15 ERROR rally_openstack.cleanup.manager
File "/usr/lib/python2.7/site-packages/neutronclient/v2_0/client.py", line 269, in _handle_fault_response
2020-04-07 18:53:45.851 15 ERROR rally_openstack.cleanup.manager exception_handler_v20(status_code, error_body)
2020-04-07 18:53:45.851 15 ERROR rally_openstack.cleanup.manager
File "/usr/lib/python2.7/site-packages/neutronclient/v2_0/client.py", line 93, in exception_handler_v20
2020-04-07 18:53:45.851 15 ERROR rally_openstack.cleanup.manager request_ids=request_ids)
2020-04-07 18:53:45.851 15 ERROR rally_openstack.cleanup.manager BadRequest: Invalid input for operation: 'tenant_id' is not supported for filtering.
2020-04-07 18:53:45.851 15 ERROR rally_openstack.cleanup.manager Neutron server returns request_ids: ['req-c2061a86-ff49-46c6-9560-7a62b812b3a5']
2020-04-07 18:53:45.851 15 ERROR rally_openstack.cleanup.manager
2020-04-07 18:53:45.861 15 RALLYDEBUG rally_openstack.cleanup.manager [-] Cleaning up neutron port objects
2020-04-07 18:53:46.104 15 RALLYDEBUG rally_openstack.cleanup.manager [-] Cleaning up neutron subnet objects
2020-04-07 18:53:46.343 15 RALLYDEBUG rally_openstack.cleanup.manager [-] Cleaning up neutron network objects
2020-04-07 18:53:46.824 15 RALLYDEBUG rally_openstack.cleanup.manager [-] Deleting neutron.network object s_rally_dc340cc3_id4AXuZU (16d1ba4c-271a-40dd-b2bf-609dbe56f15d)
2020-04-07 18:53:46.825 15 RALLYDEBUG rally_openstack.cleanup.manager [-] Deleting neutron.network object s_rally_dc340cc3_rDewQrQ2 (22341536-1281-4c5d-afdd-e6d27b279dc6)
2020-04-07 18:53:46.829 15 RALLYDEBUG rally_openstack.cleanup.manager [-] Deleting neutron.network object s_rally_dc340cc3_jE2XOMKn (0fabe702-b8c7-4b0f-b6c1-9df21bd54feb)
2020-04-07 18:53:46.838 15 RALLYDEBUG rally_openstack.cleanup.manager [-] Deleting neutron.network object s_rally_dc340cc3_tBpVR2dT (1f6d49b8-b715-4d58-8f65-96c50a7e18d5)
2020-04-07 18:53:46.854 15 RALLYDEBUG rally_openstack.cleanup.manager [-] Deleting neutron.network object s_rally_dc340cc3_FkKMMsiA (0083450c-4d4a-4b19-ae1d-8bad470f7c84)
2020-04-07 18:53:46.882 15 RALLYDEBUG rally_openstack.cleanup.manager [-] Deleting neutron.network object s_rally_dc340cc3_TdmaOTkX (11289e00-c0b5-4711-a58e-ffb8c83ddec0)
2020-04-07 18:53:46.883 15 RALLYDEBUG rally_openstack.cleanup.manager [-] Deleting neutron.network object s_rally_dc340cc3_H5Cv8luU (25ac08fb-6d3b-4fbd-b1c0-bf6acdd92d2c)
2020-04-07 18:53:46.891 15 RALLYDEBUG rally_openstack.cleanup.manager [-] Deleting neutron.network object s_rally_dc340cc3_PPeB5r1i (2ac23fd7-ea04-426b-852a-356515cc03a0)
2020-04-07 18:53:46.904 15 RALLYDEBUG rally_openstack.cleanup.manager [-] Deleting neutron.network object s_rally_dc340cc3_DatNeEJG (324f0c36-5a31-48c9-9bd8-5de7fdd9f861)
2020-04-07 18:53:46.913 15 RALLYDEBUG rally_openstack.cleanup.manager [-] Deleting neutron.network object s_rally_dc340cc3_gWnBIFKm (397e7c7b-690d-4528-bcd9-61a38c0b8caa)
2020-04-07 18:53:46.920 15 RALLYDEBUG rally_openstack.cleanup.manager [-] Deleting neutron.network object s_rally_dc340cc3_7JbvhyzE (470b348c-c096-49ee-b8c2-6af2cd48eba5)
2020-04-07 18:53:46.926 15 RALLYDEBUG rally_openstack.cleanup.manager [-] Deleting neutron.network object s_rally_dc340cc3_p9VbiAjI (4ae6b5de-9cfd-4b38-a9e3-b195d67ef50f)
2020-04-07 18:53:46.928 15 RALLYDEBUG rally_openstack.cleanup.manager [-] Deleting neutron.network object s_rally_dc340cc3_uJJY9kA8 (2c1d721c-4536-4a7b-8f60-577052d78803)
2020-04-07 18:53:46.935 15 RALLYDEBUG rally_openstack.cleanup.manager [-] Deleting neutron.network object s_rally_dc340cc3_BoHynhtl (483505ee-b958-48e0-b9bc-2037cd581d32)
2020-04-07 18:53:46.958 15 RALLYDEBUG rally_openstack.cleanup.manager [-] Deleting neutron.network object s_rally_dc340cc3_S1L9p5lF (5b13fa3c-1c06-4fe8-b9ee-bb754657faea)
2020-04-07 18:53:46.966 15 RALLYDEBUG rally_openstack.cleanup.manager [-] Deleting neutron.network object s_rally_dc340cc3_Bxc5cHkU (4896e09a-f0c6-4ad5-a0a6-6075ee4f5304)
2020-04-07 18:53:46.993 15 RALLYDEBUG rally_openstack.cleanup.manager [-] Deleting neutron.network object s_rally_dc340cc3_NQatgOHo (6beb8a9d-c14d-4c98-a787-1b1aa8f8e250)
2020-04-07 18:53:47.021 15 RALLYDEBUG rally_openstack.cleanup.manager [-] Deleting neutron.network object s_rally_dc340cc3_pj5tDCub (6741402f-40f8-4b5e-b805-4157e8b4369c)
2020-04-07 18:53:47.028 15 RALLYDEBUG rally_openstack.cleanup.manager [-] Deleting neutron.network object s_rally_dc340cc3_LZiGzM89 (76fad31d-56d1-4c32-a1b9-45bbdca18ed7)
2020-04-07 18:53:47.084 15 RALLYDEBUG rally_openstack.cleanup.manager [-] Deleting neutron.network object s_rally_dc340cc3_HEiIcO5o (77bae4e9-a075-4c29-93ec-3dd156f45183)
2020-04-07 18:53:49.218 15 RALLYDEBUG rally_openstack.cleanup.manager [-] Deleting neutron.network object s_rally_dc340cc3_qxicIlsl (7b67a21b-0e38-4309-be27-c7022b824a01)
2020-04-07 18:53:49.239 15 RALLYDEBUG rally_openstack.cleanup.manager [-] Deleting neutron.network object s_rally_dc340cc3_hOdlpxVp (8392188c-4288-41f0-a075-688c9d793560)
2020-04-07 18:53:49.290 15 RALLYDEBUG rally_openstack.cleanup.manager [-] Deleting neutron.network object s_rally_dc340cc3_y0bBah7b (8546dbfb-5128-4d4e-9b43-5472207d7191)
2020-04-07 18:53:49.452 15 RALLYDEBUG rally_openstack.cleanup.manager [-] Deleting neutron.network object s_rally_dc340cc3_EjoqXaZR (938433da-5e42-4d61-bb6b-5c5f32cf0fe0)
2020-04-07 18:53:49.671 15 RALLYDEBUG rally_openstack.cleanup.manager [-] Deleting neutron.network object s_rally_dc340cc3_otFQoCU9 (95741242-eac6-4934-a3eb-555f8efd15d3)
2020-04-07 18:53:49.727 15 RALLYDEBUG rally_openstack.cleanup.manager [-] Deleting neutron.network object s_rally_dc340cc3_S40h2YaE (9979e23d-21fc-45a9-8e55-9592937bb19f)
2020-04-07 18:53:49.827 15 RALLYDEBUG rally_openstack.cleanup.manager [-] Deleting neutron.network object s_rally_dc340cc3_8MFYSY3c (a22f339f-e808-432a-a510-230718433b3e)
2020-04-07 18:53:49.866 15 RALLYDEBUG rally_openstack.cleanup.manager [-] Deleting neutron.network object s_rally_dc340cc3_gLlx1CGo (a7755760-b9d1-4b49-ac7c-4b454ae58191)
2020-04-07 18:53:50.048 15 RALLYDEBUG rally_openstack.cleanup.manager [-] Deleting neutron.network object s_rally_dc340cc3_Nn9AOlxE (b039612d-52bc-430a-8ef4-68d4c80d4962)
2020-04-07 18:53:50.266 15 RALLYDEBUG rally_openstack.cleanup.manager [-] Deleting neutron.network object s_rally_dc340cc3_E4yu1oRt (bc4b887d-ec66-48ac-a914-7970ccd51278)
2020-04-07 18:53:50.276 15 RALLYDEBUG rally_openstack.cleanup.manager [-] Deleting neutron.network object s_rally_dc340cc3_5YRwTgAt (be2a5c3f-c3f1-491f-9a2c-cd928ed4e265)
2020-04-07 18:53:50.360 15 RALLYDEBUG rally_openstack.cleanup.manager [-] Deleting neutron.network object s_rally_dc340cc3_ARjXNV72 (be604c6b-9716-4832-9dc2-3d3bb0eefccc)
2020-04-07 18:53:50.575 15 RALLYDEBUG rally_openstack.cleanup.manager [-] Deleting neutron.network object s_rally_dc340cc3_mQipmj1Y (c2410563-9ec0-4947-96be-a037b9ca6363)
2020-04-07 18:53:50.679 15 RALLYDEBUG rally_openstack.cleanup.manager [-] Deleting neutron.network object s_rally_dc340cc3_f3wCgQ9m (d00a1c60-1bf2-4136-ade4-61c9c53a1339)
2020-04-07 18:53:50.719 15 RALLYDEBUG rally_openstack.cleanup.manager [-] Deleting neutron.network object s_rally_dc340cc3_QUdNbcla (d8abc668-4c4c-4446-b362-7f07f261da22)
2020-04-07 18:53:51.102 15 RALLYDEBUG rally_openstack.cleanup.manager [-] Deleting neutron.network object s_rally_dc340cc3_dZvjeaxm (da0ae1fb-cd7e-432e-ab2d-34b567c40646)
2020-04-07 18:53:51.160 15 RALLYDEBUG rally_openstack.cleanup.manager [-] Deleting neutron.network object s_rally_dc340cc3_UN7YLqhR (dae4afe0-4e81-4e9a-8eac-199b12000a7a)
2020-04-07 18:53:51.220 15 RALLYDEBUG rally_openstack.cleanup.manager [-] Deleting neutron.network object s_rally_dc340cc3_36DHKmxs (de937d6b-242a-47c2-b6cd-02cc5f3109bf)
2020-04-07 18:53:51.245 15 RALLYDEBUG rally_openstack.cleanup.manager [-] Deleting neutron.network object s_rally_dc340cc3_zxsFe6KS (eee58a3c-b94c-40d6-bb6f-26b6c19de0e5)
2020-04-07 18:53:51.260 15 RALLYDEBUG rally_openstack.cleanup.manager [-] Deleting neutron.network object s_rally_dc340cc3_yVeCnE1h (f654ebca-7b02-47bf-8fb7-486fb562df94)
2020-04-07 18:54:18.762 15 RALLYDEBUG rally_openstack.cleanup.manager [-] Cleaning up neutron router objects
2020-04-07 18:54:19.029 15 RALLYDEBUG rally_openstack.cleanup.manager [-] Cleaning up neutron security_group objects
2020-04-07 18:54:19.321 15 INFO rally.task.context [-] Task a46f4895-59bf-4f55-9adc-fee87e26eed0 | Context cleanup@openstack cleanup() finished in 34.72 sec
2020-04-07 18:54:19.321 15 INFO rally.task.context [-] Task a46f4895-59bf-4f55-9adc-fee87e26eed0 | Context quotas@openstack cleanup() started
2020-04-07 18:54:19.362 15 INFO rally.task.context [-] Task a46f4895-59bf-4f55-9adc-fee87e26eed0 | Context quotas@openstack cleanup() finished in 40.74 msec
2020-04-07 18:54:19.363 15 INFO rally.task.context [-] Task a46f4895-59bf-4f55-9adc-fee87e26eed0 | Context users@openstack cleanup() started
2020-04-07 18:54:20.730 15 INFO rally.task.context [-] Task a46f4895-59bf-4f55-9adc-fee87e26eed0 | Context users@openstack cleanup() finished in 1.37 sec
2020-04-07 18:54:21.795 15 INFO rally.task.engine [-] Load duration is: 7.680471
2020-04-07 18:54:21.795 15 INFO rally.task.engine [-] Full runner duration is: 7.728245
2020-04-07 18:54:21.796 15 INFO rally.task.engine [-] Full duration is: 45.12252
2020-04-07 18:54:21.866 15 INFO rally.task.engine [-] Running workload: position = 2 config = { "version": 2, "title": "A cropped version of a bigger task.", "description": "Auto-generated task from a single workload (uuid=d918e885-dd12-47e8-986e-c3d5bcaab6ce)", "subtasks": [ { "title": "NeutronNetworks.create_and_delete_networks", "description": "Create and delete a network.", "scenario": { "NeutronNetworks.create_and_delete_networks": {} }, "contexts": { "users": { "tenants": 1, "users_per_tenant": 1 }, "quotas": { "neutron": { "network": -1, "subnet": -1 } } }, "runner": { "constant": { "times": 40, "concurrency": 20 } }, "hooks": [], "sla": { "failure_rate": { "max": 0 } } } ] }
2020-04-07 18:54:21.878 15 RALLYDEBUG rally_openstack.contexts.keystone.users [-] Creating 1 tenants using 20 threads
2020-04-07 18:54:22.221 15 RALLYDEBUG rally_openstack.contexts.keystone.users [-] Creating 1 users using 20 threads
2020-04-07 18:54:22.652 15 INFO rally.task.context [-] Task a46f4895-59bf-4f55-9adc-fee87e26eed0 | Context users@openstack setup() finished in 0.77 sec
2020-04-07 18:54:23.000 15 INFO rally.task.context [-] Task a46f4895-59bf-4f55-9adc-fee87e26eed0 | Context quotas@openstack setup() finished in 0.35 sec
2020-04-07 18:54:23.001 15 INFO rally.task.context [-] Task a46f4895-59bf-4f55-9adc-fee87e26eed0 | Context cleanup@openstack setup() finished in 0.02 msec
2020-04-07 18:54:23.010 15 RALLYDEBUG rally.task.runner [-] Starting the constant runner (task UUID: a46f4895-59bf-4f55-9adc-fee87e26eed0). timeout: 0 concurrency: 20 concurrency_per_worker: 1 times: 40 concurrency_overhead: 0 processes_to_start: 20 max_cpu_used: 88
2020-04-07 18:54:23.027 1003 RALLYDEBUG rally.task.runner [-] Starting a worker. concurrency: 1 args: {} times: 40 method_name: run timeout: 0 duration: None cls:
2020-04-07 18:54:23.029 1004 RALLYDEBUG rally.task.runner [-] Starting a worker. concurrency: 1 args: {} times: 40 method_name: run timeout: 0 duration: None cls:
2020-04-07 18:54:23.031 1005 RALLYDEBUG rally.task.runner [-] Starting a worker. concurrency: 1 args: {} times: 40 method_name: run timeout: 0 duration: None cls:
2020-04-07 18:54:23.033 1003 INFO rally.task.runner [-] Task a46f4895-59bf-4f55-9adc-fee87e26eed0 | ITER: 1 START
2020-04-07 18:54:23.034 1006 RALLYDEBUG rally.task.runner [-] Starting a worker. concurrency: 1 args: {} times: 40 method_name: run timeout: 0 duration: None cls:
2020-04-07 18:54:23.035 1004 INFO rally.task.runner [-] Task a46f4895-59bf-4f55-9adc-fee87e26eed0 | ITER: 2 START
2020-04-07 18:54:23.037 1005 INFO rally.task.runner [-] Task a46f4895-59bf-4f55-9adc-fee87e26eed0 | ITER: 3 START
2020-04-07 18:54:23.037 1007 RALLYDEBUG rally.task.runner [-] Starting a worker. concurrency: 1 args: {} times: 40 method_name: run timeout: 0 duration: None cls:
2020-04-07 18:54:23.040 1006 INFO rally.task.runner [-] Task a46f4895-59bf-4f55-9adc-fee87e26eed0 | ITER: 4 START
2020-04-07 18:54:23.040 1010 RALLYDEBUG rally.task.runner [-] Starting a worker. concurrency: 1 args: {} times: 40 method_name: run timeout: 0 duration: None cls:
2020-04-07 18:54:23.043 1007 INFO rally.task.runner [-] Task a46f4895-59bf-4f55-9adc-fee87e26eed0 | ITER: 5 START
2020-04-07 18:54:23.042 1013 RALLYDEBUG rally.task.runner [-] Starting a worker. concurrency: 1 args: {} times: 40 method_name: run timeout: 0 duration: None cls:
2020-04-07 18:54:23.045 1010 INFO rally.task.runner [-] Task a46f4895-59bf-4f55-9adc-fee87e26eed0 | ITER: 6 START
2020-04-07 18:54:23.045 1016 RALLYDEBUG rally.task.runner [-] Starting a worker. concurrency: 1 args: {} times: 40 method_name: run timeout: 0 duration: None cls:
2020-04-07 18:54:23.048 1019 RALLYDEBUG rally.task.runner [-] Starting a worker. concurrency: 1 args: {} times: 40 method_name: run timeout: 0 duration: None cls:
2020-04-07 18:54:23.049 1013 INFO rally.task.runner [-] Task a46f4895-59bf-4f55-9adc-fee87e26eed0 | ITER: 7 START
2020-04-07 18:54:23.052 1016 INFO rally.task.runner [-] Task a46f4895-59bf-4f55-9adc-fee87e26eed0 | ITER: 8 START
2020-04-07 18:54:23.051 1022 RALLYDEBUG rally.task.runner [-] Starting a worker. concurrency: 1 args: {} times: 40 method_name: run timeout: 0 duration: None cls:
2020-04-07 18:54:23.052 1019 INFO rally.task.runner [-] Task a46f4895-59bf-4f55-9adc-fee87e26eed0 | ITER: 9 START
2020-04-07 18:54:23.055 1025 RALLYDEBUG rally.task.runner [-] Starting a worker. concurrency: 1 args: {} times: 40 method_name: run timeout: 0 duration: None cls:
2020-04-07 18:54:23.056 1028 RALLYDEBUG rally.task.runner [-] Starting a worker. concurrency: 1 args: {} times: 40 method_name: run timeout: 0 duration: None cls:
2020-04-07 18:54:23.057 1033 RALLYDEBUG rally.task.runner [-] Starting a worker. concurrency: 1 args: {} times: 40 method_name: run timeout: 0 duration: None cls:
2020-04-07 18:54:23.057 1022 INFO rally.task.runner [-] Task a46f4895-59bf-4f55-9adc-fee87e26eed0 | ITER: 10 START
2020-04-07 18:54:23.061 1033 INFO rally.task.runner [-] Task a46f4895-59bf-4f55-9adc-fee87e26eed0 | ITER: 12 START
2020-04-07 18:54:23.061 1025 INFO rally.task.runner [-] Task a46f4895-59bf-4f55-9adc-fee87e26eed0 | ITER: 11 START
2020-04-07 18:54:23.061 1034 RALLYDEBUG rally.task.runner [-] Starting a worker. concurrency: 1 args: {} times: 40 method_name: run timeout: 0 duration: None cls:
2020-04-07 18:54:23.062 1028 INFO rally.task.runner [-] Task a46f4895-59bf-4f55-9adc-fee87e26eed0 | ITER: 13 START
2020-04-07 18:54:23.063 1037 RALLYDEBUG rally.task.runner [-] Starting a worker. concurrency: 1 args: {} times: 40 method_name: run timeout: 0 duration: None cls:
2020-04-07 18:54:23.066 1034 INFO rally.task.runner [-] Task a46f4895-59bf-4f55-9adc-fee87e26eed0 | ITER: 14 START
2020-04-07 18:54:23.068 1037 INFO rally.task.runner [-] Task a46f4895-59bf-4f55-9adc-fee87e26eed0 | ITER: 15 START
2020-04-07 18:54:23.067 1042 RALLYDEBUG rally.task.runner [-] Starting a worker. concurrency: 1 args: {} times: 40 method_name: run timeout: 0 duration: None cls:
2020-04-07 18:54:23.071 1045 RALLYDEBUG rally.task.runner [-] Starting a worker. concurrency: 1 args: {} times: 40 method_name: run timeout: 0 duration: None cls:
2020-04-07 18:54:23.073 1042 INFO rally.task.runner [-] Task a46f4895-59bf-4f55-9adc-fee87e26eed0 | ITER: 16 START
2020-04-07 18:54:23.073 1048 RALLYDEBUG rally.task.runner [-] Starting a worker. concurrency: 1 args: {} times: 40 method_name: run timeout: 0 duration: None cls:
2020-04-07 18:54:23.077 1045 INFO rally.task.runner [-] Task a46f4895-59bf-4f55-9adc-fee87e26eed0 | ITER: 17 START
2020-04-07 18:54:23.076 1051 RALLYDEBUG rally.task.runner [-] Starting a worker. concurrency: 1 args: {} times: 40 method_name: run timeout: 0 duration: None cls:
2020-04-07 18:54:23.077 1052 RALLYDEBUG rally.task.runner [-] Starting a worker. concurrency: 1 args: {} times: 40 method_name: run timeout: 0 duration: None cls:
2020-04-07 18:54:23.079 1048 INFO rally.task.runner [-] Task a46f4895-59bf-4f55-9adc-fee87e26eed0 | ITER: 18 START
2020-04-07 18:54:23.082 1051 INFO rally.task.runner [-] Task a46f4895-59bf-4f55-9adc-fee87e26eed0 | ITER: 19 START
2020-04-07 18:54:23.082 1052 INFO rally.task.runner [-] Task a46f4895-59bf-4f55-9adc-fee87e26eed0 | ITER: 20 START
2020-04-07 18:54:24.568 1004 INFO rally.task.runner [-] Task a46f4895-59bf-4f55-9adc-fee87e26eed0 | ITER: 2 END: OK
2020-04-07 18:54:24.573 1004 INFO rally.task.runner [-] Task a46f4895-59bf-4f55-9adc-fee87e26eed0 | ITER: 21 START
2020-04-07 18:54:25.068 1037 INFO rally.task.runner [-] Task a46f4895-59bf-4f55-9adc-fee87e26eed0 | ITER: 15 END: OK
2020-04-07 18:54:25.073 1037 INFO rally.task.runner [-] Task a46f4895-59bf-4f55-9adc-fee87e26eed0 | ITER: 22 START
2020-04-07 18:54:25.168 1045 INFO rally.task.runner [-] Task a46f4895-59bf-4f55-9adc-fee87e26eed0 | ITER: 17 END: OK
2020-04-07 18:54:25.173 1045 INFO rally.task.runner [-] Task a46f4895-59bf-4f55-9adc-fee87e26eed0 | ITER: 23 START
2020-04-07 18:54:25.311 1003 INFO rally.task.runner [-] Task a46f4895-59bf-4f55-9adc-fee87e26eed0 | ITER: 1 END: OK
2020-04-07 18:54:25.316 1003 INFO rally.task.runner [-] Task a46f4895-59bf-4f55-9adc-fee87e26eed0 | ITER: 24 START
2020-04-07 18:54:25.539 1010 INFO rally.task.runner [-] Task a46f4895-59bf-4f55-9adc-fee87e26eed0 | ITER: 6 END: OK
2020-04-07 18:54:25.544 1010 INFO rally.task.runner [-] Task a46f4895-59bf-4f55-9adc-fee87e26eed0 | ITER: 25 START
2020-04-07 18:54:25.742 1006 INFO rally.task.runner [-] Task a46f4895-59bf-4f55-9adc-fee87e26eed0 | ITER: 4 END: OK
2020-04-07 18:54:25.746 1006 INFO rally.task.runner [-] Task a46f4895-59bf-4f55-9adc-fee87e26eed0 | ITER: 26 START
2020-04-07 18:54:25.773 1033 INFO rally.task.runner [-] Task a46f4895-59bf-4f55-9adc-fee87e26eed0 | ITER: 12 END: OK
2020-04-07 18:54:25.778 1033 INFO rally.task.runner [-] Task a46f4895-59bf-4f55-9adc-fee87e26eed0 | ITER: 27 START
2020-04-07 18:54:26.061 1034 INFO rally.task.runner [-] Task a46f4895-59bf-4f55-9adc-fee87e26eed0 | ITER: 14 END: OK
2020-04-07 18:54:26.066 1034 INFO rally.task.runner [-] Task a46f4895-59bf-4f55-9adc-fee87e26eed0 | ITER: 28 START
2020-04-07 18:54:26.100 1028 INFO rally.task.runner [-] Task a46f4895-59bf-4f55-9adc-fee87e26eed0 | ITER: 13 END: OK
2020-04-07 18:54:26.105 1028 INFO rally.task.runner [-] Task a46f4895-59bf-4f55-9adc-fee87e26eed0 | ITER: 29 START
2020-04-07 18:54:26.116 1022 INFO rally.task.runner [-] Task a46f4895-59bf-4f55-9adc-fee87e26eed0 | ITER: 10 END: OK
2020-04-07 18:54:26.121 1022 INFO rally.task.runner [-] Task a46f4895-59bf-4f55-9adc-fee87e26eed0 | ITER: 30 START
2020-04-07 18:54:26.209 1013 INFO rally.task.runner [-] Task a46f4895-59bf-4f55-9adc-fee87e26eed0 | ITER: 7 END: OK
2020-04-07 18:54:26.214 1013 INFO rally.task.runner [-] Task a46f4895-59bf-4f55-9adc-fee87e26eed0 | ITER: 31 START
2020-04-07 18:54:26.284 1048 INFO rally.task.runner [-] Task a46f4895-59bf-4f55-9adc-fee87e26eed0 | ITER: 18 END: OK
2020-04-07 18:54:26.289 1048 INFO rally.task.runner [-] Task a46f4895-59bf-4f55-9adc-fee87e26eed0 | ITER: 32 START
2020-04-07 18:54:26.302 1007 INFO rally.task.runner [-] Task a46f4895-59bf-4f55-9adc-fee87e26eed0 | ITER: 5 END: OK
2020-04-07 18:54:26.306 1007 INFO rally.task.runner [-] Task a46f4895-59bf-4f55-9adc-fee87e26eed0 | ITER: 33 START
2020-04-07 18:54:26.363 1052 INFO rally.task.runner [-] Task a46f4895-59bf-4f55-9adc-fee87e26eed0 | ITER: 20 END: OK
2020-04-07 18:54:26.367 1052 INFO rally.task.runner [-] Task a46f4895-59bf-4f55-9adc-fee87e26eed0 | ITER: 34 START
