2020-04-07 19:07:12.597 15 RALLYDEBUG rally_openstack.cleanup.manager [-] Deleting neutron.network object s_rally_bd4e877d_NFTw9Qvh (eb0bc44e-e3f4-4caf-9604-8964678bfe2c)
2020-04-07 19:07:12.653 15 RALLYDEBUG rally_openstack.cleanup.manager [-] Deleting neutron.network object s_rally_bd4e877d_6ubxK846 (ebec0ef4-50a0-405a-97d7-ac9a3eabc0a7)
2020-04-07 19:07:12.851 15 RALLYDEBUG rally_openstack.cleanup.manager [-] Deleting neutron.network object s_rally_bd4e877d_zadW0PjS (f71d4af2-b29d-4ac3-8e18-7ac57fe40631)
2020-04-07 19:07:12.877 15 RALLYDEBUG rally_openstack.cleanup.manager [-] Deleting neutron.network object s_rally_bd4e877d_Y9FWRT74 (f8955210-afb2-4b61-a29c-417d3c74fd98)
2020-04-07 19:07:13.011 15 RALLYDEBUG rally_openstack.cleanup.manager [-] Deleting neutron.network object s_rally_bd4e877d_cTmYdZgN (ff641ecf-af52-4bba-ad97-a075e293d8b5)
2020-04-07 19:08:11.531 15 RALLYDEBUG rally_openstack.cleanup.manager [-] Cleaning up neutron router objects
2020-04-07 19:08:12.084 15 RALLYDEBUG rally_openstack.cleanup.manager [-] Deleting neutron.router object s_rally_bd4e877d_TUVNLa9R (0155f640-4d05-43e3-8f4a-5341d530426e)
2020-04-07 19:08:12.091 15 RALLYDEBUG rally_openstack.cleanup.manager [-] Deleting neutron.router object s_rally_bd4e877d_BuWPZpRP (021a2e6e-a74b-4d87-84a4-1c78ee9104c7)
2020-04-07 19:08:12.096 15 RALLYDEBUG rally_openstack.cleanup.manager [-] Deleting neutron.router object s_rally_bd4e877d_NsAdG0Vp (03bea495-3b9d-4be9-86f0-cdb729d3a632)
2020-04-07 19:08:12.104 15 RALLYDEBUG rally_openstack.cleanup.manager [-] Deleting neutron.router object s_rally_bd4e877d_yQUJx9lD (0505e896-7744-448b-af72-8b561da4edc0)
2020-04-07 19:08:12.110 15 RALLYDEBUG rally_openstack.cleanup.manager [-] Deleting neutron.router object s_rally_bd4e877d_umWAXWIW (06637023-9929-4a90-92d7-96527cb14786)
2020-04-07 19:08:12.122 15 RALLYDEBUG rally_openstack.cleanup.manager [-] Deleting neutron.router object s_rally_bd4e877d_2g4qRRDh (08685418-2c8c-4667-abe5-8657cf74f7b5)
2020-04-07 19:08:12.129 15 RALLYDEBUG rally_openstack.cleanup.manager [-] Deleting neutron.router object s_rally_bd4e877d_1CxNVoLI (0f9ddbee-9f63-4184-8977-695d42182f54)
2020-04-07 19:08:12.169 15 RALLYDEBUG rally_openstack.cleanup.manager [-] Deleting neutron.router object s_rally_bd4e877d_kAjzVyWU (1ad97c3b-c23d-48d2-b796-53841d4423c1)
2020-04-07 19:08:12.210 15 RALLYDEBUG rally_openstack.cleanup.manager [-] Deleting neutron.router object s_rally_bd4e877d_r6UXHXBt (1d66fabd-148b-4d01-847c-9e84246c69da)
2020-04-07 19:08:12.213 15 RALLYDEBUG rally_openstack.cleanup.manager [-] Deleting neutron.router object s_rally_bd4e877d_mSxItiRq (13da06ed-754e-4dfe-86b1-a492eef60554)
2020-04-07 19:08:12.219 15 RALLYDEBUG rally_openstack.cleanup.manager [-] Deleting neutron.router object s_rally_bd4e877d_OzaGNsV5 (14de271f-9010-4f13-8394-c460e09df92f)
2020-04-07 19:08:12.222 15 RALLYDEBUG rally_openstack.cleanup.manager [-] Deleting neutron.router object s_rally_bd4e877d_Nx3ACn0I (201f9384-17bf-4226-bb38-6bd480bad406)
2020-04-07 19:08:12.231 15 RALLYDEBUG rally_openstack.cleanup.manager [-] Deleting neutron.router object s_rally_bd4e877d_8TMrQD4c (2333a68d-b46f-49f3-b99d-321f7dcb9fc6)
2020-04-07 19:08:12.237 15 RALLYDEBUG rally_openstack.cleanup.manager [-] Deleting neutron.router object s_rally_bd4e877d_dPECStGS (224c8d1e-d6a5-44ff-8a03-79cd2b2622dd)
2020-04-07 19:08:12.257 15 RALLYDEBUG rally_openstack.cleanup.manager [-] Deleting neutron.router object s_rally_bd4e877d_71vZMosJ (2d351a82-2710-4f18-9fd9-16e85023eaf6)
2020-04-07 19:08:12.266 15 RALLYDEBUG rally_openstack.cleanup.manager [-] Deleting neutron.router object s_rally_bd4e877d_LdwIH8lJ (32655d82-49b9-424c-acd5-f0675d45945d)
2020-04-07 19:08:12.273 15 RALLYDEBUG rally_openstack.cleanup.manager [-] Deleting neutron.router object s_rally_bd4e877d_SKIyrcIJ (335d26e4-8b68-44bf-b131-64001d6ac477)
2020-04-07 19:08:12.274 15 RALLYDEBUG rally_openstack.cleanup.manager [-] Deleting neutron.router object s_rally_bd4e877d_CpRp9ayY (2888f8fa-cad0-474f-b744-92bccf32ae75)
2020-04-07 19:08:12.288 15 RALLYDEBUG rally_openstack.cleanup.manager [-] Deleting neutron.router object s_rally_bd4e877d_DZ4laG4B (363cab6d-af25-412c-81a0-314e8d9787ce)
2020-04-07 19:08:12.294 15 RALLYDEBUG rally_openstack.cleanup.manager [-] Deleting neutron.router object s_rally_bd4e877d_Nvf6BoNo (3384b814-4e62-4e31-b9a3-f4ea2fbb08e8)
2020-04-07 19:08:15.922 15 RALLYDEBUG rally_openstack.cleanup.manager [-] Deleting neutron.router object s_rally_bd4e877d_2avAsV6S (37067991-cd3f-40b8-96a3-9b9834f30bd6)
2020-04-07 19:08:16.202 15 RALLYDEBUG rally_openstack.cleanup.manager [-] Deleting neutron.router object s_rally_bd4e877d_RV8jvNtD (3774d684-c11c-4477-93f0-5ad0bc9fc4cf)
2020-04-07 19:08:16.469 15 RALLYDEBUG rally_openstack.cleanup.manager [-] Deleting neutron.router object s_rally_bd4e877d_R2uLnEk5 (37aa0d69-f031-4748-aae7-2de8ac1919bf)
2020-04-07 19:08:16.696 15 RALLYDEBUG rally_openstack.cleanup.manager [-] Deleting neutron.router object s_rally_bd4e877d_IHcO29UF (3bbd8ad9-e01e-4353-b390-e96f2f9741c9)
2020-04-07 19:08:17.509 15 RALLYDEBUG rally_openstack.cleanup.manager [-] Deleting neutron.router object s_rally_bd4e877d_KW9bdeuN (404abd5a-40ae-46f1-8483-f6e089fd4f09)
2020-04-07 19:08:17.513 15 RALLYDEBUG rally_openstack.cleanup.manager [-] Deleting neutron.router object s_rally_bd4e877d_c6m6esy2 (470649f6-67d4-415e-ad96-832b05eab680)
2020-04-07 19:08:18.288 15 RALLYDEBUG rally_openstack.cleanup.manager [-] Deleting neutron.router object s_rally_bd4e877d_mgYwDXru (47417e0b-0688-449f-8a75-168c733110f9)
2020-04-07 19:08:18.731 15 RALLYDEBUG rally_openstack.cleanup.manager [-] Deleting neutron.router object s_rally_bd4e877d_9PDBr5F4 (495d1e1e-bb49-46d5-a516-3eafa2b0ac8c)
2020-04-07 19:08:18.859 15 RALLYDEBUG rally_openstack.cleanup.manager [-] Deleting neutron.router object s_rally_bd4e877d_lgo6LBKv (4fe8c40d-3a16-4411-84ec-4c06eda68459)
2020-04-07 19:08:19.159 15 RALLYDEBUG rally_openstack.cleanup.manager [-] Deleting neutron.router object s_rally_bd4e877d_ecmkjfHm (4fffe7d9-1f5b-4e1e-9a87-cb6e54c1bfdb)
2020-04-07 19:08:19.253 15 RALLYDEBUG rally_openstack.cleanup.manager [-] Deleting neutron.router object s_rally_bd4e877d_2xiEtkCY (50492127-8db4-4927-b628-9ca25b895cd1)
2020-04-07 19:08:19.297 15 RALLYDEBUG rally_openstack.cleanup.manager [-] Deleting neutron.router object s_rally_bd4e877d_Ipcw1LzB (50e513f9-51be-4a68-bb77-1a2c62321aa2)
2020-04-07 19:08:19.484 15 RALLYDEBUG rally_openstack.cleanup.manager [-] Deleting neutron.router object s_rally_bd4e877d_cQkyRgLI (53513150-cdec-4bed-b262-768665ea4a82)
2020-04-07 19:08:20.086 15 RALLYDEBUG rally_openstack.cleanup.manager [-] Deleting neutron.router object s_rally_bd4e877d_tpWuhIpy (535662b0-cca0-4051-b46e-fbfb669968d0)
2020-04-07 19:08:20.130 15 RALLYDEBUG rally_openstack.cleanup.manager [-] Deleting neutron.router object s_rally_bd4e877d_nWGCabCC (5a34691c-abfb-4edf-a2c3-941dbfdb8a72)
2020-04-07 19:08:20.879 15 RALLYDEBUG rally_openstack.cleanup.manager [-] Deleting neutron.router object s_rally_bd4e877d_0ML0SbbV (5ae91f03-8a46-4f6c-8733-8c3c42982350)
2020-04-07 19:08:20.914 15 RALLYDEBUG rally_openstack.cleanup.manager [-] Deleting neutron.router object s_rally_bd4e877d_acqWNoBm (5cf827bf-b7c2-4952-b6fa-7a310caa393f)
2020-04-07 19:08:21.172 15 RALLYDEBUG rally_openstack.cleanup.manager [-] Deleting neutron.router object s_rally_bd4e877d_va5YyCxJ (5d3f4a25-cabd-4d52-b7c0-0fbf397cbcfa)
2020-04-07 19:08:21.330 15 RALLYDEBUG rally_openstack.cleanup.manager [-] Deleting neutron.router object s_rally_bd4e877d_SpAG9Kag (5dc4f9e2-b38f-43e3-8961-874ce1f05cfd)
2020-04-07 19:08:21.639 15 RALLYDEBUG rally_openstack.cleanup.manager [-] Deleting neutron.router object s_rally_bd4e877d_btIpfYwu (6177b423-e406-4ffa-94d8-824ec3fb7b99)
2020-04-07 19:08:22.765 15 RALLYDEBUG rally_openstack.cleanup.manager [-] Deleting neutron.router object s_rally_bd4e877d_mcI8uwmZ (618982fe-f432-46ea-b78a-fadca4beef04)
2020-04-07 19:08:22.793 15 RALLYDEBUG rally_openstack.cleanup.manager [-] Deleting neutron.router object s_rally_bd4e877d_L7DFfJDN (62e34f8e-7f99-4cbe-a62c-b0284b9ab204)
2020-04-07 19:08:22.936 15 RALLYDEBUG rally_openstack.cleanup.manager [-] Deleting neutron.router object s_rally_bd4e877d_EdivpbbS (6533c337-8026-4be5-914c-b64da9c586d3)
2020-04-07 19:08:22.971 15 RALLYDEBUG rally_openstack.cleanup.manager [-] Deleting neutron.router object s_rally_bd4e877d_KJc8rIpR (681f7952-3427-4e0f-9b6d-76a8f90ddf38)
2020-04-07 19:08:23.116 15 RALLYDEBUG rally_openstack.cleanup.manager [-] Deleting neutron.router object s_rally_bd4e877d_OEXtRTp5 (6b0c6d97-3181-41f3-ad6a-0ee851b5570a)
2020-04-07 19:08:23.235 15 RALLYDEBUG rally_openstack.cleanup.manager [-] Deleting neutron.router object s_rally_bd4e877d_Pe8YGVZ1 (73b36f4f-41cd-4ffb-bc28-fe0cf0ddddd2)
2020-04-07 19:08:23.253 15 RALLYDEBUG rally_openstack.cleanup.manager [-] Deleting neutron.router object s_rally_bd4e877d_Wo2hZhKb (754e150d-0590-4856-b451-a3f51f279074)
2020-04-07 19:08:23.525 15 RALLYDEBUG rally_openstack.cleanup.manager [-] Deleting neutron.router object s_rally_bd4e877d_jPiSdXzt (7560a36b-11c5-44ce-8d45-bc5a26fdbb6d)
2020-04-07 19:08:24.732 15 RALLYDEBUG rally_openstack.cleanup.manager [-] Deleting neutron.router object s_rally_bd4e877d_vMrzy9ay (7572bac0-cf99-47f3-aa6f-a6c021a2fee5)
2020-04-07 19:08:25.053 15 RALLYDEBUG rally_openstack.cleanup.manager [-] Deleting neutron.router object s_rally_bd4e877d_wijIg6pc (8935ebe1-a8b4-4d89-9317-598729f0c611)
2020-04-07 19:08:25.819 15 RALLYDEBUG rally_openstack.cleanup.manager [-] Deleting neutron.router object s_rally_bd4e877d_Vlb9bMDy (8a258aa1-52e3-4b29-8014-7a3d765ba9d8)
2020-04-07 19:08:26.642 15 RALLYDEBUG rally_openstack.cleanup.manager [-] Deleting neutron.router object s_rally_bd4e877d_mHTgtIQR (8cc7df95-6a53-48ef-a479-dd5161a4d676)
2020-04-07 19:08:26.649 15 RALLYDEBUG rally_openstack.cleanup.manager [-] Deleting neutron.router object s_rally_bd4e877d_UsqXvble (8d8fb80a-9649-4cf6-b2ff-451a88c0075f)
2020-04-07 19:08:26.715 15 RALLYDEBUG rally_openstack.cleanup.manager [-] Deleting neutron.router object s_rally_bd4e877d_F4TDXfLP (8fbb3b59-6f4a-40d5-a684-91f01e9d3206)
2020-04-07 19:08:26.732 15 RALLYDEBUG rally_openstack.cleanup.manager [-] Deleting neutron.router object s_rally_bd4e877d_o1ohJQrt (91e5f8dc-8a0e-4307-b0d5-53fb4fe7ae56)
2020-04-07 19:08:27.549 15 RALLYDEBUG rally_openstack.cleanup.manager [-] Deleting neutron.router object s_rally_bd4e877d_Cf8bChMU (96ff531b-d0ea-42b4-9efa-98a890be6bf4)
2020-04-07 19:08:27.553 15 RALLYDEBUG rally_openstack.cleanup.manager [-] Deleting neutron.router object s_rally_bd4e877d_a0VYMOfb (9a3311ad-4eb8-4f73-85b3-d98c46851cd3)
2020-04-07 19:08:27.874 15 RALLYDEBUG rally_openstack.cleanup.manager [-] Deleting neutron.router object s_rally_bd4e877d_331Tmnh0 (9a807a28-9ee0-438b-b240-27b3df8b77a5)
2020-04-07 19:08:28.061 15 RALLYDEBUG rally_openstack.cleanup.manager [-] Deleting neutron.router object s_rally_bd4e877d_pCZVlqar (9de0b58e-be7d-4e04-9809-93dbd0c3d291)
2020-04-07 19:08:28.121 15 RALLYDEBUG rally_openstack.cleanup.manager [-] Deleting neutron.router object s_rally_bd4e877d_OTYP3B9l (9df93129-f229-4cca-9576-77743e2afc3f)
2020-04-07 19:08:28.688 15 RALLYDEBUG rally_openstack.cleanup.manager [-] Deleting neutron.router object s_rally_bd4e877d_Q6p3J1vZ (9e00349d-aba6-4bf0-adf3-feb41927bbc6)
2020-04-07 19:08:28.727 15 RALLYDEBUG rally_openstack.cleanup.manager [-] Deleting neutron.router object s_rally_bd4e877d_ea1kXEd8 (9e359310-7675-467e-a906-478a61d46bfb)
2020-04-07 19:08:29.604 15 RALLYDEBUG rally_openstack.cleanup.manager [-] Deleting neutron.router object s_rally_bd4e877d_VUKhecRE (a52076fe-a589-4b5a-9a49-aeb5eff660a3)
2020-04-07 19:08:30.134 15 RALLYDEBUG rally_openstack.cleanup.manager [-] Deleting neutron.router object s_rally_bd4e877d_6eVtIg5q (a6570fb6-3c1a-44c1-ba2b-7a2d5e8964ea)
2020-04-07 19:08:30.154 15 RALLYDEBUG rally_openstack.cleanup.manager [-] Deleting neutron.router object s_rally_bd4e877d_vfYGx07X (a7d70295-eeb0-4fcd-95bb-0746a7890a34)
2020-04-07 19:08:30.209 15 RALLYDEBUG rally_openstack.cleanup.manager [-] Deleting neutron.router object s_rally_bd4e877d_JEJA4I27 (afb462ff-9971-49c3-a3cc-223cd2a7b806)
2020-04-07 19:08:31.230 15 RALLYDEBUG rally_openstack.cleanup.manager [-] Deleting neutron.router object s_rally_bd4e877d_lEnB60ZD (ba53ab18-659a-4360-b6d3-fcfa9b3bb123)
2020-04-07 19:08:31.363 15 RALLYDEBUG rally_openstack.cleanup.manager [-] Deleting neutron.router object s_rally_bd4e877d_dNAY6WC8 (bd3fcbd1-ef38-4bc0-ab2e-071bbfbcb0b3)
2020-04-07 19:08:31.648 15 RALLYDEBUG rally_openstack.cleanup.manager [-] Deleting neutron.router object s_rally_bd4e877d_6fvDgnD5 (be0850b9-8724-4a02-a901-f63f4618d7cc)
2020-04-07 19:08:31.751 15 RALLYDEBUG rally_openstack.cleanup.manager [-] Deleting neutron.router object s_rally_bd4e877d_bSGLWWfj (c4c1c558-2b4e-48bc-bf5f-f57204f2dcdf)
2020-04-07 19:08:32.023 15 RALLYDEBUG rally_openstack.cleanup.manager [-] Deleting neutron.router object s_rally_bd4e877d_FWvfCQEs (c76c4a28-01c0-434f-89ba-7dfea261cf7d)
2020-04-07 19:08:32.458 15 RALLYDEBUG rally_openstack.cleanup.manager [-] Deleting neutron.router object s_rally_bd4e877d_iqwp2lKZ (c79b4698-7e05-401d-ad83-77e7ed7c82fc)
2020-04-07 19:08:32.893 15 RALLYDEBUG rally_openstack.cleanup.manager [-] Deleting neutron.router object s_rally_bd4e877d_pMhDAiYk (cd7401fa-47c6-4902-b16d-fecd576ea7ea)
2020-04-07 19:08:32.982 15 RALLYDEBUG rally_openstack.cleanup.manager [-] Deleting neutron.router object s_rally_bd4e877d_zD2Tgits (cf94ef4e-be7b-450e-b9a7-608cba91e70d)
2020-04-07 19:08:33.881 15 RALLYDEBUG rally_openstack.cleanup.manager [-] Deleting neutron.router object s_rally_bd4e877d_vRy3fbUl (d1f80397-624f-4cec-9d66-8503718c614f)
2020-04-07 19:08:33.935 15 RALLYDEBUG rally_openstack.cleanup.manager [-] Deleting neutron.router object s_rally_bd4e877d_ozlWo4Hi (da8c1a58-2ca6-4141-b828-bb39e7a47e54)
2020-04-07 19:08:34.104 15 RALLYDEBUG rally_openstack.cleanup.manager [-] Deleting neutron.router object s_rally_bd4e877d_LoIxBqwC (e69c403f-a3b3-46d3-83a3-b139324f85ad)
2020-04-07 19:08:34.181 15 RALLYDEBUG rally_openstack.cleanup.manager [-] Deleting neutron.router object s_rally_bd4e877d_DJAcSDub (f2d51ba6-13b6-46a6-adbd-09efee8b120b)
2020-04-07 19:08:34.753 15 RALLYDEBUG rally_openstack.cleanup.manager [-] Deleting neutron.router object s_rally_bd4e877d_jieC7VO7 (f2e8b032-e365-492f-a72d-91258551cde1)
2020-04-07 19:08:34.964 15 RALLYDEBUG rally_openstack.cleanup.manager [-] Deleting neutron.router object s_rally_bd4e877d_dYSkUCGV (f3fa66c6-9aa3-4e71-b565-b826c3f9db41)
2020-04-07 19:08:42.206 15 RALLYDEBUG rally_openstack.cleanup.manager [-] Cleaning up neutron security_group objects
2020-04-07 19:08:42.495 15 INFO rally.task.context [-] Task a46f4895-59bf-4f55-9adc-fee87e26eed0 | Context cleanup@openstack cleanup() finished in 2.35 min
2020-04-07 19:08:42.496 15 INFO rally.task.context [-] Task a46f4895-59bf-4f55-9adc-fee87e26eed0 | Context quotas@openstack cleanup() started
2020-04-07 19:08:42.544 15 INFO rally.task.context [-] Task a46f4895-59bf-4f55-9adc-fee87e26eed0 | Context quotas@openstack cleanup() finished in 48.15 msec
2020-04-07 19:08:42.545 15 INFO rally.task.context [-] Task a46f4895-59bf-4f55-9adc-fee87e26eed0 | Context users@openstack cleanup() started
2020-04-07 19:08:43.924 15 INFO rally.task.context [-] Task a46f4895-59bf-4f55-9adc-fee87e26eed0 | Context users@openstack cleanup() finished in 1.38 sec
2020-04-07 19:08:43.992 15 INFO rally.task.engine [-] Load duration is: 107.441076
2020-04-07 19:08:43.992 15 INFO rally.task.engine [-] Full runner duration is: 107.48825
2020-04-07 19:08:43.993 15 INFO rally.task.engine [-] Full duration is: 250.889866
2020-04-07 19:08:44.080 15 INFO rally.task.engine [-] Running workload: position = 2 config = { "version": 2, "title": "A cropped version of a bigger task.", "description": "Auto-generated task from a single workload (uuid=0e544c48-71b3-482b-81a7-677bfea73d91)", "subtasks": [ { "title": "NeutronNetworks.create_and_delete_routers", "description": "Create and delete a given number of routers.", "scenario": { "NeutronNetworks.create_and_delete_routers": { "network_create_args": {}, "subnet_create_args": {}, "subnet_cidr_start": "1.1.0.0/30", "subnets_per_network": 2, "router_create_args": {} } }, "contexts": { "users": { "tenants": 1, "users_per_tenant": 1 }, "quotas": { "neutron": { "network": -1, "subnet": -1, "router": -1 } } }, "runner": { "constant": { "times": 40, "concurrency": 20 } }, "hooks": [], "sla": { "failure_rate": { "max": 0 } } } ] }
2020-04-07 19:08:44.102 15 RALLYDEBUG rally_openstack.contexts.keystone.users [-] Creating 1 tenants using 20 threads
2020-04-07 19:08:44.447 15 RALLYDEBUG rally_openstack.contexts.keystone.users [-] Creating 1 users using 20 threads
2020-04-07 19:08:44.894 15 INFO rally.task.context [-] Task a46f4895-59bf-4f55-9adc-fee87e26eed0 | Context users@openstack setup() finished in 0.79 sec
2020-04-07 19:08:45.246 15 INFO rally.task.context [-] Task a46f4895-59bf-4f55-9adc-fee87e26eed0 | Context quotas@openstack setup() finished in 0.35 sec
2020-04-07 19:08:45.247 15 INFO rally.task.context [-] Task a46f4895-59bf-4f55-9adc-fee87e26eed0 | Context cleanup@openstack setup() finished in 0.05 msec
2020-04-07 19:08:45.255 15 RALLYDEBUG rally.task.runner [-] Starting the constant runner (task UUID: a46f4895-59bf-4f55-9adc-fee87e26eed0). timeout: 0 concurrency: 20 concurrency_per_worker: 1 times: 40 concurrency_overhead: 0 processes_to_start: 20 max_cpu_used: 88
2020-04-07 19:08:45.271 3475 RALLYDEBUG rally.task.runner [-] Starting a worker. concurrency: 1 args: {"network_create_args": {}, "subnet_create_args": {}, "subnet_cidr_start": "1.1.0.0/30", "subnets_per_network": 2, "router_create_args": {}} times: 40 method_name: run timeout: 0 duration: None cls:
2020-04-07 19:08:45.273 3476 RALLYDEBUG rally.task.runner [-] Starting a worker. concurrency: 1 args: {"network_create_args": {}, "subnet_create_args": {}, "subnet_cidr_start": "1.1.0.0/30", "subnets_per_network": 2, "router_create_args": {}} times: 40 method_name: run timeout: 0 duration: None cls:
2020-04-07 19:08:45.276 3477 RALLYDEBUG rally.task.runner [-] Starting a worker. concurrency: 1 args: {"network_create_args": {}, "subnet_create_args": {}, "subnet_cidr_start": "1.1.0.0/30", "subnets_per_network": 2, "router_create_args": {}} times: 40 method_name: run timeout: 0 duration: None cls:
2020-04-07 19:08:45.278 3475 INFO rally.task.runner [-] Task a46f4895-59bf-4f55-9adc-fee87e26eed0 | ITER: 1 START
2020-04-07 19:08:45.278 3478 RALLYDEBUG rally.task.runner [-] Starting a worker. concurrency: 1 args: {"network_create_args": {}, "subnet_create_args": {}, "subnet_cidr_start": "1.1.0.0/30", "subnets_per_network": 2, "router_create_args": {}} times: 40 method_name: run timeout: 0 duration: None cls:
2020-04-07 19:08:45.280 3476 INFO rally.task.runner [-] Task a46f4895-59bf-4f55-9adc-fee87e26eed0 | ITER: 2 START
2020-04-07 19:08:45.281 3479 RALLYDEBUG rally.task.runner [-] Starting a worker. concurrency: 1 args: {"network_create_args": {}, "subnet_create_args": {}, "subnet_cidr_start": "1.1.0.0/30", "subnets_per_network": 2, "router_create_args": {}} times: 40 method_name: run timeout: 0 duration: None cls:
2020-04-07 19:08:45.282 3477 INFO rally.task.runner [-] Task a46f4895-59bf-4f55-9adc-fee87e26eed0 | ITER: 3 START
2020-04-07 19:08:45.284 3480 RALLYDEBUG rally.task.runner [-] Starting a worker. concurrency: 1 args: {"network_create_args": {}, "subnet_create_args": {}, "subnet_cidr_start": "1.1.0.0/30", "subnets_per_network": 2, "router_create_args": {}} times: 40 method_name: run timeout: 0 duration: None cls:
2020-04-07 19:08:45.285 3478 INFO rally.task.runner [-] Task a46f4895-59bf-4f55-9adc-fee87e26eed0 | ITER: 4 START
2020-04-07 19:08:45.286 3484 RALLYDEBUG rally.task.runner [-] Starting a worker. concurrency: 1 args: {"network_create_args": {}, "subnet_create_args": {}, "subnet_cidr_start": "1.1.0.0/30", "subnets_per_network": 2, "router_create_args": {}} times: 40 method_name: run timeout: 0 duration: None cls:
2020-04-07 19:08:45.288 3479 INFO rally.task.runner [-] Task a46f4895-59bf-4f55-9adc-fee87e26eed0 | ITER: 5 START
2020-04-07 19:08:45.288 3488 RALLYDEBUG rally.task.runner [-] Starting a worker. concurrency: 1 args: {"network_create_args": {}, "subnet_create_args": {}, "subnet_cidr_start": "1.1.0.0/30", "subnets_per_network": 2, "router_create_args": {}} times: 40 method_name: run timeout: 0 duration: None cls:
2020-04-07 19:08:45.290 3480 INFO rally.task.runner [-] Task a46f4895-59bf-4f55-9adc-fee87e26eed0 | ITER: 6 START
2020-04-07 19:08:45.291 3491 RALLYDEBUG rally.task.runner [-] Starting a worker. concurrency: 1 args: {"network_create_args": {}, "subnet_create_args": {}, "subnet_cidr_start": "1.1.0.0/30", "subnets_per_network": 2, "router_create_args": {}} times: 40 method_name: run timeout: 0 duration: None cls:
2020-04-07 19:08:45.292 3484 INFO rally.task.runner [-] Task a46f4895-59bf-4f55-9adc-fee87e26eed0 | ITER: 7 START
2020-04-07 19:08:45.294 3493 RALLYDEBUG rally.task.runner [-] Starting a worker. concurrency: 1 args: {"network_create_args": {}, "subnet_create_args": {}, "subnet_cidr_start": "1.1.0.0/30", "subnets_per_network": 2, "router_create_args": {}} times: 40 method_name: run timeout: 0 duration: None cls:
2020-04-07 19:08:45.295 3488 INFO rally.task.runner [-] Task a46f4895-59bf-4f55-9adc-fee87e26eed0 | ITER: 8 START
2020-04-07 19:08:45.297 3497 RALLYDEBUG rally.task.runner [-] Starting a worker. concurrency: 1 args: {"network_create_args": {}, "subnet_create_args": {}, "subnet_cidr_start": "1.1.0.0/30", "subnets_per_network": 2, "router_create_args": {}} times: 40 method_name: run timeout: 0 duration: None cls:
2020-04-07 19:08:45.297 3491 INFO rally.task.runner [-] Task a46f4895-59bf-4f55-9adc-fee87e26eed0 | ITER: 9 START
2020-04-07 19:08:45.300 3493 INFO rally.task.runner [-] Task a46f4895-59bf-4f55-9adc-fee87e26eed0 | ITER: 10 START
2020-04-07 19:08:45.300 3500 RALLYDEBUG rally.task.runner [-] Starting a worker. concurrency: 1 args: {"network_create_args": {}, "subnet_create_args": {}, "subnet_cidr_start": "1.1.0.0/30", "subnets_per_network": 2, "router_create_args": {}} times: 40 method_name: run timeout: 0 duration: None cls:
2020-04-07 19:08:45.303 3497 INFO rally.task.runner [-] Task a46f4895-59bf-4f55-9adc-fee87e26eed0 | ITER: 11 START
2020-04-07 19:08:45.303 3503 RALLYDEBUG rally.task.runner [-] Starting a worker. concurrency: 1 args: {"network_create_args": {}, "subnet_create_args": {}, "subnet_cidr_start": "1.1.0.0/30", "subnets_per_network": 2, "router_create_args": {}} times: 40 method_name: run timeout: 0 duration: None cls:
2020-04-07 19:08:45.305 3506 RALLYDEBUG rally.task.runner [-] Starting a worker. concurrency: 1 args: {"network_create_args": {}, "subnet_create_args": {}, "subnet_cidr_start": "1.1.0.0/30", "subnets_per_network": 2, "router_create_args": {}} times: 40 method_name: run timeout: 0 duration: None cls:
2020-04-07 19:08:45.307 3500 INFO rally.task.runner [-] Task a46f4895-59bf-4f55-9adc-fee87e26eed0 | ITER: 12 START
2020-04-07 19:08:45.306 3509 RALLYDEBUG rally.task.runner [-] Starting a worker. concurrency: 1 args: {"network_create_args": {}, "subnet_create_args": {}, "subnet_cidr_start": "1.1.0.0/30", "subnets_per_network": 2, "router_create_args": {}} times: 40 method_name: run timeout: 0 duration: None cls:
2020-04-07 19:08:45.310 3503 INFO rally.task.runner [-] Task a46f4895-59bf-4f55-9adc-fee87e26eed0 | ITER: 13 START
2020-04-07 19:08:45.310 3506 INFO rally.task.runner [-] Task a46f4895-59bf-4f55-9adc-fee87e26eed0 | ITER: 14 START
2020-04-07 19:08:45.311 3509 INFO rally.task.runner [-] Task a46f4895-59bf-4f55-9adc-fee87e26eed0 | ITER: 15 START
2020-04-07 19:08:45.311 3512 RALLYDEBUG rally.task.runner [-] Starting a worker. concurrency: 1 args: {"network_create_args": {}, "subnet_create_args": {}, "subnet_cidr_start": "1.1.0.0/30", "subnets_per_network": 2, "router_create_args": {}} times: 40 method_name: run timeout: 0 duration: None cls:
2020-04-07 19:08:45.314 3515 RALLYDEBUG rally.task.runner [-] Starting a worker. concurrency: 1 args: {"network_create_args": {}, "subnet_create_args": {}, "subnet_cidr_start": "1.1.0.0/30", "subnets_per_network": 2, "router_create_args": {}} times: 40 method_name: run timeout: 0 duration: None cls:
2020-04-07 19:08:45.315 3520 RALLYDEBUG rally.task.runner [-] Starting a worker. concurrency: 1 args: {"network_create_args": {}, "subnet_create_args": {}, "subnet_cidr_start": "1.1.0.0/30", "subnets_per_network": 2, "router_create_args": {}} times: 40 method_name: run timeout: 0 duration: None cls:
2020-04-07 19:08:45.317 3512 INFO rally.task.runner [-] Task a46f4895-59bf-4f55-9adc-fee87e26eed0 | ITER: 16 START
2020-04-07 19:08:45.320 3515 INFO rally.task.runner [-] Task a46f4895-59bf-4f55-9adc-fee87e26eed0 | ITER: 17 START
2020-04-07 19:08:45.321 3520 INFO rally.task.runner [-] Task a46f4895-59bf-4f55-9adc-fee87e26eed0 | ITER: 18 START
2020-04-07 19:08:45.320 3523 RALLYDEBUG rally.task.runner [-] Starting a worker. concurrency: 1 args: {"network_create_args": {}, "subnet_create_args": {}, "subnet_cidr_start": "1.1.0.0/30", "subnets_per_network": 2, "router_create_args": {}} times: 40 method_name: run timeout: 0 duration: None cls:
2020-04-07 19:08:45.322 3525 RALLYDEBUG rally.task.runner [-] Starting a worker. concurrency: 1 args: {"network_create_args": {}, "subnet_create_args": {}, "subnet_cidr_start": "1.1.0.0/30", "subnets_per_network": 2, "router_create_args": {}} times: 40 method_name: run timeout: 0 duration: None cls:
2020-04-07 19:08:45.326 3523 INFO rally.task.runner [-] Task a46f4895-59bf-4f55-9adc-fee87e26eed0 | ITER: 19 START
2020-04-07 19:08:45.329 3525 INFO rally.task.runner [-] Task a46f4895-59bf-4f55-9adc-fee87e26eed0 | ITER: 20 START
2020-04-07 19:08:46.020 3479 RALLYDEBUG rally_openstack.wrappers.network [-] CIDR generated: 1.1.8.8/30
2020-04-07 19:08:46.026 3476 RALLYDEBUG rally_openstack.wrappers.network [-] CIDR generated: 1.1.8.12/30
2020-04-07 19:08:46.131 3475 RALLYDEBUG rally_openstack.wrappers.network [-] CIDR generated: 1.1.8.16/30
2020-04-07 19:08:46.156 3480 RALLYDEBUG rally_openstack.wrappers.network [-] CIDR generated: 1.1.8.20/30
2020-04-07 19:08:46.313 3477 RALLYDEBUG rally_openstack.wrappers.network [-] CIDR generated: 1.1.8.24/30
2020-04-07 19:08:46.343 3488 RALLYDEBUG rally_openstack.wrappers.network [-] CIDR generated: 1.1.8.28/30
2020-04-07 19:08:46.443 3478 RALLYDEBUG rally_openstack.wrappers.network [-] CIDR generated: 1.1.8.32/30
2020-04-07 19:08:46.627 3512 RALLYDEBUG rally_openstack.wrappers.network [-] CIDR generated: 1.1.8.36/30
2020-04-07 19:08:46.711 3520 RALLYDEBUG rally_openstack.wrappers.network [-] CIDR generated: 1.1.8.40/30
2020-04-07 19:08:46.873 3480 RALLYDEBUG rally_openstack.wrappers.network [-] CIDR generated: 1.1.8.44/30
2020-04-07 19:08:46.900 3515 RALLYDEBUG rally_openstack.wrappers.network [-] CIDR generated: 1.1.8.48/30
2020-04-07 19:08:46.963 3484 RALLYDEBUG rally_openstack.wrappers.network [-] CIDR generated: 1.1.8.52/30
2020-04-07 19:08:46.999 3506 RALLYDEBUG rally_openstack.wrappers.network [-] CIDR generated: 1.1.8.56/30
2020-04-07 19:08:47.016 3503 RALLYDEBUG rally_openstack.wrappers.network [-] CIDR generated: 1.1.8.60/30
2020-04-07 19:08:47.113 3491 RALLYDEBUG rally_openstack.wrappers.network [-] CIDR generated: 1.1.8.64/30
2020-04-07 19:08:47.149 3476 RALLYDEBUG rally_openstack.wrappers.network [-] CIDR generated: 1.1.8.68/30
2020-04-07 19:08:47.235 3493 RALLYDEBUG rally_openstack.wrappers.network [-] CIDR generated: 1.1.8.72/30
2020-04-07 19:08:47.338 3478 RALLYDEBUG rally_openstack.wrappers.network [-] CIDR generated: 1.1.8.76/30
2020-04-07 19:08:47.342 3479 RALLYDEBUG rally_openstack.wrappers.network [-] CIDR generated: 1.1.8.80/30
2020-04-07 19:08:47.380 3500 RALLYDEBUG rally_openstack.wrappers.network [-] CIDR generated: 1.1.8.84/30
2020-04-07 19:08:47.381 3509 RALLYDEBUG rally_openstack.wrappers.network [-] CIDR generated: 1.1.8.88/30
2020-04-07 19:08:47.398 3497 RALLYDEBUG rally_openstack.wrappers.network [-] CIDR generated: 1.1.8.92/30
2020-04-07 19:08:47.721 3475 RALLYDEBUG rally_openstack.wrappers.network [-] CIDR generated: 1.1.8.96/30
2020-04-07 19:08:47.747 3477 RALLYDEBUG rally_openstack.wrappers.network [-] CIDR generated: 1.1.8.100/30
2020-04-07 19:08:47.785 3525 RALLYDEBUG rally_openstack.wrappers.network [-] CIDR generated: 1.1.8.104/30
2020-04-07 19:08:47.932 3523 RALLYDEBUG rally_openstack.wrappers.network [-] CIDR generated: 1.1.8.108/30
2020-04-07 19:08:48.066 3512 RALLYDEBUG rally_openstack.wrappers.network [-] CIDR generated: 1.1.8.112/30
2020-04-07 19:08:48.068 3520 RALLYDEBUG rally_openstack.wrappers.network [-] CIDR generated: 1.1.8.116/30
2020-04-07 19:08:48.522 3493 RALLYDEBUG rally_openstack.wrappers.network [-] CIDR generated: 1.1.8.120/30
2020-04-07 19:08:48.839 3497 RALLYDEBUG rally_openstack.wrappers.network [-] CIDR generated: 1.1.8.124/30
2020-04-07 19:08:49.023 3488 RALLYDEBUG rally_openstack.wrappers.network [-] CIDR generated: 1.1.8.128/30
2020-04-07 19:08:49.128 3484 RALLYDEBUG rally_openstack.wrappers.network [-] CIDR generated: 1.1.8.132/30
2020-04-07 19:08:49.162 3506 RALLYDEBUG rally_openstack.wrappers.network [-] CIDR generated: 1.1.8.136/30
2020-04-07 19:08:49.198 3500 RALLYDEBUG rally_openstack.wrappers.network [-] CIDR generated: 1.1.8.140/30
2020-04-07 19:08:49.403 3503 RALLYDEBUG rally_openstack.wrappers.network [-] CIDR generated: 1.1.8.144/30
2020-04-07 19:08:49.441 3525 RALLYDEBUG rally_openstack.wrappers.network [-] CIDR generated: 1.1.8.148/30
2020-04-07 19:08:49.637 3515 RALLYDEBUG rally_openstack.wrappers.network [-] CIDR generated: 1.1.8.152/30
2020-04-07 19:08:49.844 3509 RALLYDEBUG rally_openstack.wrappers.network [-] CIDR generated: 1.1.8.156/30
2020-04-07 19:08:49.861 3491 RALLYDEBUG rally_openstack.wrappers.network [-] CIDR generated: 1.1.8.160/30
2020-04-07 19:08:49.941 3523 RALLYDEBUG rally_openstack.wrappers.network [-] CIDR generated: 1.1.8.164/30
2020-04-07 19:09:28.119 3515 INFO rally.task.runner [-] Task a46f4895-59bf-4f55-9adc-fee87e26eed0 | ITER: 17 END: OK
2020-04-07 19:09:28.127 3515 INFO rally.task.runner [-] Task a46f4895-59bf-4f55-9adc-fee87e26eed0 | ITER: 21 START
2020-04-07 19:09:28.288 3478 INFO rally.task.runner [-] Task a46f4895-59bf-4f55-9adc-fee87e26eed0 | ITER: 4 END: OK
2020-04-07 19:09:28.297 3478 INFO rally.task.runner [-] Task a46f4895-59bf-4f55-9adc-fee87e26eed0 | ITER: 22 START
2020-04-07 19:09:28.708 3500 INFO rally.task.runner [-] Task a46f4895-59bf-4f55-9adc-fee87e26eed0 | ITER: 12 END: OK
2020-04-07 19:09:28.717 3500 INFO rally.task.runner [-] Task a46f4895-59bf-4f55-9adc-fee87e26eed0 | ITER: 23 START
2020-04-07 19:09:28.788 3479 INFO rally.task.runner [-] Task a46f4895-59bf-4f55-9adc-fee87e26eed0 | ITER: 5 END: OK
2020-04-07 19:09:28.797 3479 INFO rally.task.runner [-] Task a46f4895-59bf-4f55-9adc-fee87e26eed0 | ITER: 24 START
2020-04-07 19:09:29.667 3478 RALLYDEBUG rally_openstack.wrappers.network [-] CIDR generated: 1.1.8.168/30
2020-04-07 19:09:29.678 3515 RALLYDEBUG rally_openstack.wrappers.network [-] CIDR generated: 1.1.8.172/30
2020-04-07 19:09:29.795 3500 RALLYDEBUG rally_openstack.wrappers.network [-] CIDR generated: 1.1.8.176/30
2020-04-07 19:09:30.326 3479 RALLYDEBUG rally_openstack.wrappers.network [-] CIDR generated: 1.1.8.180/30
2020-04-07 19:09:30.772 3491 INFO rally.task.runner [-] Task a46f4895-59bf-4f55-9adc-fee87e26eed0 | ITER: 9 END: OK
2020-04-07 19:09:30.784 3491 INFO rally.task.runner [-] Task a46f4895-59bf-4f55-9adc-fee87e26eed0 | ITER: 25 START
2020-04-07 19:09:31.914 3509 INFO rally.task.runner [-] Task a46f4895-59bf-4f55-9adc-fee87e26eed0 | ITER: 15 END: OK
2020-04-07 19:09:31.923 3509 INFO rally.task.runner [-] Task a46f4895-59bf-4f55-9adc-fee87e26eed0 | ITER: 26 START
2020-04-07 19:09:32.354 3491 RALLYDEBUG rally_openstack.wrappers.network [-] CIDR generated: 1.1.8.184/30
2020-04-07 19:09:32.413 3509 RALLYDEBUG rally_openstack.wrappers.network [-] CIDR generated: 1.1.8.188/30
2020-04-07 19:09:32.653 3500 RALLYDEBUG rally_openstack.wrappers.network [-] CIDR generated: 1.1.8.192/30
2020-04-07 19:09:32.776 3515 RALLYDEBUG rally_openstack.wrappers.network [-] CIDR generated: 1.1.8.196/30
2020-04-07 19:09:32.806 3478 RALLYDEBUG rally_openstack.wrappers.network [-] CIDR generated: 1.1.8.200/30
2020-04-07 19:09:33.592 3509 RALLYDEBUG rally_openstack.wrappers.network [-] CIDR generated: 1.1.8.204/30
2020-04-07 19:09:33.805 3506 INFO rally.task.runner [-] Task a46f4895-59bf-4f55-9adc-fee87e26eed0 | ITER: 14 END: OK
2020-04-07 19:09:33.815 3506 INFO rally.task.runner [-] Task a46f4895-59bf-4f55-9adc-fee87e26eed0 | ITER: 27 START
2020-04-07 19:09:34.198 3480 INFO rally.task.runner [-] Task a46f4895-59bf-4f55-9adc-fee87e26eed0 | ITER: 6 END: OK
2020-04-07 19:09:34.206 3480 INFO rally.task.runner [-] Task a46f4895-59bf-4f55-9adc-fee87e26eed0 | ITER: 28 START
2020-04-07 19:09:34.422 3506 RALLYDEBUG rally_openstack.wrappers.network [-] CIDR generated: 1.1.8.208/30
2020-04-07 19:09:34.474 3479 RALLYDEBUG rally_openstack.wrappers.network [-] CIDR generated: 1.1.8.212/30
2020-04-07 19:09:34.865 3480 RALLYDEBUG rally_openstack.wrappers.network [-] CIDR generated: 1.1.8.216/30
2020-04-07 19:09:35.141 3484 INFO rally.task.runner [-] Task a46f4895-59bf-4f55-9adc-fee87e26eed0 | ITER: 7 END: OK
2020-04-07 19:09:35.149 3484 INFO rally.task.runner [-] Task a46f4895-59bf-4f55-9adc-fee87e26eed0 | ITER: 29 START
2020-04-07 19:09:35.624 3480 RALLYDEBUG rally_openstack.wrappers.network [-] CIDR generated: 1.1.8.220/30
2020-04-07 19:09:35.762 3506 RALLYDEBUG rally_openstack.wrappers.network [-] CIDR generated: 1.1.8.224/30
2020-04-07 19:09:35.849 3484 RALLYDEBUG rally_openstack.wrappers.network [-] CIDR generated: 1.1.8.228/30
2020-04-07 19:09:36.588 3491 RALLYDEBUG rally_openstack.wrappers.network [-] CIDR generated: 1.1.8.232/30
2020-04-07 19:09:37.073 3484 RALLYDEBUG rally_openstack.wrappers.network [-] CIDR generated: 1.1.8.236/30
2020-04-07 19:09:40.057 3475 INFO rally.task.runner [-] Task a46f4895-59bf-4f55-9adc-fee87e26eed0 | ITER: 1 END: OK
2020-04-07 19:09:40.065 3475 INFO rally.task.runner [-] Task a46f4895-59bf-4f55-9adc-fee87e26eed0 | ITER: 30 START
2020-04-07 19:09:40.085 3477 INFO rally.task.runner [-] Task a46f4895-59bf-4f55-9adc-fee87e26eed0 | ITER: 3 END: OK
2020-04-07 19:09:40.095 3477 INFO rally.task.runner [-] Task a46f4895-59bf-4f55-9adc-fee87e26eed0 | ITER: 31 START
2020-04-07 19:09:40.592 3477 RALLYDEBUG rally_openstack.wrappers.network [-] CIDR generated: 1.1.8.240/30
2020-04-07 19:09:41.208 3475 RALLYDEBUG rally_openstack.wrappers.network [-] CIDR generated: 1.1.8.244/30
2020-04-07 19:09:42.163 3497 INFO rally.task.runner [-] Task a46f4895-59bf-4f55-9adc-fee87e26eed0 | ITER: 11 END: OK
2020-04-07 19:09:42.170 3497 INFO rally.task.runner [-] Task a46f4895-59bf-4f55-9adc-fee87e26eed0 | ITER: 32 START
2020-04-07 19:09:42.250 3477 RALLYDEBUG rally_openstack.wrappers.network [-] CIDR generated: 1.1.8.248/30
2020-04-07 19:09:43.201 3475 RALLYDEBUG rally_openstack.wrappers.network [-] CIDR generated: 1.1.8.252/30
2020-04-07 19:09:43.517 3497 RALLYDEBUG rally_openstack.wrappers.network [-] CIDR generated: 1.1.9.0/30
2020-04-07 19:09:44.156 3493 INFO rally.task.runner [-] Task a46f4895-59bf-4f55-9adc-fee87e26eed0 | ITER: 10 END: OK
2020-04-07 19:09:44.165 3493 INFO rally.task.runner [-] Task a46f4895-59bf-4f55-9adc-fee87e26eed0 | ITER: 33 START
2020-04-07 19:09:45.406 3493 RALLYDEBUG rally_openstack.wrappers.network [-] CIDR generated: 1.1.9.4/30
2020-04-07 19:09:45.553 3497 RALLYDEBUG rally_openstack.wrappers.network [-] CIDR generated: 1.1.9.8/30
2020-04-07 19:09:46.064 3493 RALLYDEBUG rally_openstack.wrappers.network [-] CIDR generated: 1.1.9.12/30
2020-04-07 19:09:47.116 3476 INFO rally.task.runner [-] Task a46f4895-59bf-4f55-9adc-fee87e26eed0 | ITER: 2 END: OK
2020-04-07 19:09:47.124 3476 INFO rally.task.runner [-] Task a46f4895-59bf-4f55-9adc-fee87e26eed0 | ITER: 34 START
2020-04-07 19:09:49.309 3476 RALLYDEBUG rally_openstack.wrappers.network [-] CIDR generated: 1.1.9.16/30
2020-04-07 19:09:50.250 3476 RALLYDEBUG rally_openstack.wrappers.network [-] CIDR generated: 1.1.9.20/30
2020-04-07 19:09:50.584 3525 INFO rally.task.runner [-] Task a46f4895-59bf-4f55-9adc-fee87e26eed0 | ITER: 20 END: OK
2020-04-07 19:09:50.592 3525 INFO rally.task.runner [-] Task a46f4895-59bf-4f55-9adc-fee87e26eed0 | ITER: 35 START
2020-04-07 19:09:50.632 3523 INFO rally.task.runner [-] Task a46f4895-59bf-4f55-9adc-fee87e26eed0 | ITER: 19 END: OK
2020-04-07 19:09:50.641 3523 INFO rally.task.runner [-] Task a46f4895-59bf-4f55-9adc-fee87e26eed0 | ITER: 36 START
2020-04-07 19:09:51.322 3525 RALLYDEBUG rally_openstack.wrappers.network [-] CIDR generated: 1.1.9.24/30
2020-04-07 19:09:51.978 3525 RALLYDEBUG rally_openstack.wrappers.network [-] CIDR generated: 1.1.9.28/30
2020-04-07 19:09:52.283 3523 RALLYDEBUG rally_openstack.wrappers.network [-] CIDR generated: 1.1.9.32/30
2020-04-07 19:09:52.373 3520 INFO rally.task.runner [-] Task a46f4895-59bf-4f55-9adc-fee87e26eed0 | ITER: 18 END: OK
2020-04-07 19:09:52.380 3520 INFO rally.task.runner [-] Task a46f4895-59bf-4f55-9adc-fee87e26eed0 | ITER: 37 START
2020-04-07 19:09:53.071 3520 RALLYDEBUG rally_openstack.wrappers.network [-] CIDR generated: 1.1.9.36/30
2020-04-07 19:09:53.548 3488 INFO rally.task.runner [-] Task a46f4895-59bf-4f55-9adc-fee87e26eed0 | ITER: 8 END: OK
2020-04-07 19:09:53.557 3488 INFO rally.task.runner [-] Task a46f4895-59bf-4f55-9adc-fee87e26eed0 | ITER: 38 START
2020-04-07 19:09:53.584 3503 INFO rally.task.runner [-] Task a46f4895-59bf-4f55-9adc-fee87e26eed0 | ITER: 13 END: OK
2020-04-07 19:09:53.592 3503 INFO rally.task.runner [-] Task a46f4895-59bf-4f55-9adc-fee87e26eed0 | ITER: 39 START
2020-04-07 19:09:53.686 3523 RALLYDEBUG rally_openstack.wrappers.network [-] CIDR generated: 1.1.9.40/30
2020-04-07 19:09:54.057 3488 RALLYDEBUG rally_openstack.wrappers.network [-] CIDR generated: 1.1.9.44/30
2020-04-07 19:09:54.466 3520 RALLYDEBUG rally_openstack.wrappers.network [-] CIDR generated: 1.1.9.48/30
2020-04-07 19:09:55.681 3503 RALLYDEBUG rally_openstack.wrappers.network [-] CIDR generated: 1.1.9.52/30
2020-04-07 19:09:55.712 3488 RALLYDEBUG rally_openstack.wrappers.network [-] CIDR generated: 1.1.9.56/30
2020-04-07 19:09:55.929 3512 INFO rally.task.runner [-] Task a46f4895-59bf-4f55-9adc-fee87e26eed0 | ITER: 16 END: OK
2020-04-07 19:09:55.935 3512 INFO rally.task.runner [-] Task a46f4895-59bf-4f55-9adc-fee87e26eed0 | ITER: 40 START
2020-04-07 19:09:56.582 3512 RALLYDEBUG rally_openstack.wrappers.network [-] CIDR generated: 1.1.9.60/30
2020-04-07 19:09:57.078 3503 RALLYDEBUG rally_openstack.wrappers.network [-] CIDR generated: 1.1.9.64/30
2020-04-07 19:09:58.506 3512 RALLYDEBUG rally_openstack.wrappers.network [-] CIDR generated: 1.1.9.68/30
2020-04-07 19:10:08.062 3515 INFO rally.task.runner [-] Task a46f4895-59bf-4f55-9adc-fee87e26eed0 | ITER: 21 END: OK
2020-04-07 19:10:08.314 3478 INFO rally.task.runner [-] Task a46f4895-59bf-4f55-9adc-fee87e26eed0 | ITER: 22 END: OK
2020-04-07 19:10:19.490 3479 INFO rally.task.runner [-] Task a46f4895-59bf-4f55-9adc-fee87e26eed0 | ITER: 24 END: OK
2020-04-07 19:10:19.492 3491 INFO rally.task.runner [-] Task a46f4895-59bf-4f55-9adc-fee87e26eed0 | ITER: 25 END: OK
2020-04-07 19:10:20.176 3509 INFO rally.task.runner [-] Task a46f4895-59bf-4f55-9adc-fee87e26eed0 | ITER: 26 END: OK
2020-04-07 19:10:20.685 3506 INFO rally.task.runner [-] Task a46f4895-59bf-4f55-9adc-fee87e26eed0 | ITER: 27 END: OK
2020-04-07 19:10:21.126 3484 INFO rally.task.runner [-] Task a46f4895-59bf-4f55-9adc-fee87e26eed0 | ITER: 29 END: OK
2020-04-07 19:10:22.926 3480 INFO rally.task.runner [-] Task a46f4895-59bf-4f55-9adc-fee87e26eed0 | ITER: 28 END: OK
2020-04-07 19:10:23.752 3500 INFO rally.task.runner [-] Task a46f4895-59bf-4f55-9adc-fee87e26eed0 | ITER: 23 END: OK
2020-04-07 19:10:26.192 3497 INFO rally.task.runner [-] Task a46f4895-59bf-4f55-9adc-fee87e26eed0 | ITER: 32 END: OK
2020-04-07 19:10:30.008 3493 INFO rally.task.runner [-] Task a46f4895-59bf-4f55-9adc-fee87e26eed0 | ITER: 33 END: OK
2020-04-07 19:10:30.285 3503 INFO rally.task.runner [-] Task a46f4895-59bf-4f55-9adc-fee87e26eed0 | ITER: 39 END: OK
2020-04-07 19:10:31.300 3488 INFO rally.task.runner [-] Task a46f4895-59bf-4f55-9adc-fee87e26eed0 | ITER: 38 END: OK
2020-04-07 19:10:32.125 3475 INFO rally.task.runner [-] Task a46f4895-59bf-4f55-9adc-fee87e26eed0 | ITER: 30 END: OK
2020-04-07 19:10:32.208 3477 INFO rally.task.runner [-] Task a46f4895-59bf-4f55-9adc-fee87e26eed0 | ITER: 31 END: OK
2020-04-07 19:10:32.482 3523 INFO rally.task.runner [-] Task a46f4895-59bf-4f55-9adc-fee87e26eed0 | ITER: 36 END: OK
2020-04-07 19:10:34.433 3520 INFO rally.task.runner [-] Task a46f4895-59bf-4f55-9adc-fee87e26eed0 | ITER: 37 END: OK
2020-04-07 19:10:34.572 3476 INFO rally.task.runner [-] Task a46f4895-59bf-4f55-9adc-fee87e26eed0 | ITER: 34 END: OK
2020-04-07 19:10:38.153 3512 INFO rally.task.runner [-] Task a46f4895-59bf-4f55-9adc-fee87e26eed0 | ITER: 40 END: OK
2020-04-07 19:10:38.191 3525 INFO rally.task.runner [-] Task a46f4895-59bf-4f55-9adc-fee87e26eed0 | ITER: 35 END: OK
2020-04-07 19:10:38.223 15 INFO rally.task.context [-] Task a46f4895-59bf-4f55-9adc-fee87e26eed0 | Context cleanup@openstack cleanup() started
2020-04-07 19:10:38.228 15 RALLYDEBUG rally_openstack.cleanup.manager [-] Cleaning up neutron vip objects
2020-04-07 19:10:38.449 15 RALLYDEBUG rally_openstack.cleanup.manager [-] Cleaning up neutron health_monitor objects
2020-04-07 19:10:38.640 15 RALLYDEBUG rally_openstack.cleanup.manager [-] Cleaning up neutron pool objects
2020-04-07 19:10:38.875 15 RALLYDEBUG rally_openstack.cleanup.manager [-] Cleaning up neutron loadbalancer objects
2020-04-07 19:10:39.083 15 RALLYDEBUG rally_openstack.cleanup.manager [-] Cleaning up neutron floatingip objects
2020-04-07 19:10:39.313 15 RALLYDEBUG rally_openstack.cleanup.manager [-] Cleaning up neutron trunk objects
2020-04-07 19:10:39.499 15 DEBUG neutronclient.v2_0.client [-] Error message: {"NeutronError": {"message": "Invalid input for operation: 'tenant_id' is not supported for filtering.", "type": "InvalidInput", "detail": ""}} _handle_fault_response /usr/lib/python2.7/site-packages/neutronclient/v2_0/client.py:259
2020-04-07 19:10:39.536 15 DEBUG neutronclient.v2_0.client [-] Error message: {"NeutronError": {"message": "Invalid input for operation: 'tenant_id' is not supported for filtering.", "type": "InvalidInput", "detail": ""}} _handle_fault_response /usr/lib/python2.7/site-packages/neutronclient/v2_0/client.py:259
2020-04-07 19:10:39.573 15 DEBUG neutronclient.v2_0.client [-] Error message: {"NeutronError": {"message": "Invalid input for operation: 'tenant_id' is not supported for filtering.", "type": "InvalidInput", "detail": ""}} _handle_fault_response /usr/lib/python2.7/site-packages/neutronclient/v2_0/client.py:259
2020-04-07 19:10:39.574 15 ERROR rally_openstack.cleanup.manager [-] Seems like rally_openstack.cleanup.resources.NeutronTrunk.list(self) method is broken. It shouldn't raise any exceptions.: BadRequest: Invalid input for operation: 'tenant_id' is not supported for filtering. Neutron server returns request_ids: ['req-171c6ffa-8cf2-4deb-8b1b-1731e191b312']
2020-04-07 19:10:39.574 15 ERROR rally_openstack.cleanup.manager
Traceback (most recent call last):
2020-04-07 19:10:39.574 15 ERROR rally_openstack.cleanup.manager
File "/usr/lib/python2.7/site-packages/rally_openstack/cleanup/manager.py", line 133, in _publish
2020-04-07 19:10:39.574 15 ERROR rally_openstack.cleanup.manager for raw_resource in rutils.retry(3, manager.list):
2020-04-07 19:10:39.574 15 ERROR rally_openstack.cleanup.manager
File "/usr/lib/python2.7/site-packages/rally/common/utils.py", line 230, in retry
2020-04-07 19:10:39.574 15 ERROR rally_openstack.cleanup.manager return func(*args, **kwargs)
2020-04-07 19:10:39.574 15 ERROR rally_openstack.cleanup.manager
File "/usr/lib/python2.7/site-packages/rally_openstack/cleanup/resources.py", line 396, in list
2020-04-07 19:10:39.574 15 ERROR rally_openstack.cleanup.manager return super(NeutronTrunk, self).list()
2020-04-07 19:10:39.574 15 ERROR rally_openstack.cleanup.manager
File "/usr/lib/python2.7/site-packages/rally_openstack/cleanup/resources.py", line 273, in list
2020-04-07 19:10:39.574 15 ERROR rally_openstack.cleanup.manager result = list_method(tenant_id=self.tenant_uuid)[resources]
2020-04-07 19:10:39.574 15 ERROR rally_openstack.cleanup.manager
File "/usr/lib/python2.7/site-packages/neutronclient/v2_0/client.py", line 2105, in list_trunks
2020-04-07 19:10:39.574 15 ERROR rally_openstack.cleanup.manager **_params)
2020-04-07 19:10:39.574 15 ERROR rally_openstack.cleanup.manager
File "/usr/lib/python2.7/site-packages/neutronclient/v2_0/client.py", line 369, in list
2020-04-07 19:10:39.574 15 ERROR rally_openstack.cleanup.manager for r in self._pagination(collection, path, **params):
2020-04-07 19:10:39.574 15 ERROR rally_openstack.cleanup.manager
File "/usr/lib/python2.7/site-packages/neutronclient/v2_0/client.py", line 384, in _pagination
2020-04-07 19:10:39.574 15 ERROR rally_openstack.cleanup.manager res = self.get(path, params=params)
2020-04-07 19:10:39.574 15 ERROR rally_openstack.cleanup.manager
File "/usr/lib/python2.7/site-packages/neutronclient/v2_0/client.py", line 354, in get
2020-04-07 19:10:39.574 15 ERROR rally_openstack.cleanup.manager headers=headers, params=params)
2020-04-07 19:10:39.574 15 ERROR rally_openstack.cleanup.manager
File "/usr/lib/python2.7/site-packages/neutronclient/v2_0/client.py", line 331, in retry_request
2020-04-07 19:10:39.574 15 ERROR rally_openstack.cleanup.manager headers=headers, params=params)
2020-04-07 19:10:39.574 15 ERROR rally_openstack.cleanup.manager
File "/usr/lib/python2.7/site-packages/neutronclient/v2_0/client.py", line 294, in do_request
2020-04-07 19:10:39.574 15 ERROR rally_openstack.cleanup.manager self._handle_fault_response(status_code, replybody, resp)
2020-04-07 19:10:39.574 15 ERROR rally_openstack.cleanup.manager
File "/usr/lib/python2.7/site-packages/neutronclient/v2_0/client.py", line 269, in _handle_fault_response
2020-04-07 19:10:39.574 15 ERROR rally_openstack.cleanup.manager exception_handler_v20(status_code, error_body)
2020-04-07 19:10:39.574 15 ERROR rally_openstack.cleanup.manager
File "/usr/lib/python2.7/site-packages/neutronclient/v2_0/client.py", line 93, in exception_handler_v20
2020-04-07 19:10:39.574 15 ERROR rally_openstack.cleanup.manager request_ids=request_ids)
2020-04-07 19:10:39.574 15 ERROR rally_openstack.cleanup.manager BadRequest: Invalid input for operation: 'tenant_id' is not supported for filtering.
2020-04-07 19:10:39.574 15 ERROR rally_openstack.cleanup.manager Neutron server returns request_ids: ['req-171c6ffa-8cf2-4deb-8b1b-1731e191b312']
2020-04-07 19:10:39.574 15 ERROR rally_openstack.cleanup.manager
2020-04-07 19:10:39.584 15 RALLYDEBUG rally_openstack.cleanup.manager [-] Cleaning up neutron port objects
2020-04-07 19:10:40.117 15 RALLYDEBUG rally_openstack.cleanup.manager [-] Cleaning up neutron subnet objects
2020-04-07 19:10:40.742 15 RALLYDEBUG rally_openstack.cleanup.manager [-] Deleting neutron.subnet object s_rally_0e544c48_IdsoDeqn (012bd6d8-73ec-4eb7-8dd1-37dd6832886b)
2020-04-07 19:10:40.747 15 RALLYDEBUG rally_openstack.cleanup.manager [-] Deleting neutron.subnet object s_rally_0e544c48_iOeaNsIM (01b26232-556f-4554-a01f-cd45b0ee9b61)
2020-04-07 19:10:40.759 15 RALLYDEBUG rally_openstack.cleanup.manager [-] Deleting neutron.subnet object s_rally_0e544c48_GxY26W4D (05b79f8e-ae8b-477f-994d-2a2b15c8ae52)
2020-04-07 19:10:40.769 15 RALLYDEBUG rally_openstack.cleanup.manager [-] Deleting neutron.subnet object s_rally_0e544c48_cF2mvMcR (05bcfbad-e8ce-43fb-b7a3-0d636f4f946f)
2020-04-07 19:10:40.781 15 RALLYDEBUG rally_openstack.cleanup.manager [-] Deleting neutron.subnet object s_rally_0e544c48_8JDrjDat (05ceda05-a493-491a-ac1c-ebb22add6093)
2020-04-07 19:10:40.791 15 RALLYDEBUG rally_openstack.cleanup.manager [-] Deleting neutron.subnet object s_rally_0e544c48_ncjGCUv3 (0694d414-522d-466d-a993-37bf6d28b8b9)
2020-04-07 19:10:40.792 15 RALLYDEBUG rally_openstack.cleanup.manager [-] Deleting neutron.subnet object s_rally_0e544c48_Zr4eHSGd (07f529f0-066e-4029-ab93-502aaf813ad9)
2020-04-07 19:10:40.819 15 RALLYDEBUG rally_openstack.cleanup.manager [-] Deleting neutron.subnet object s_rally_0e544c48_CWDDoTBu (08bfa275-36d0-4455-b475-184e9ffde226)
2020-04-07 19:10:40.863 15 RALLYDEBUG rally_openstack.cleanup.manager [-] Deleting neutron.subnet object s_rally_0e544c48_7eLXJaZy (0c9a5561-d61f-4c40-aac5-8c97fa24e890)
2020-04-07 19:10:40.869 15 RALLYDEBUG rally_openstack.cleanup.manager [-] Deleting neutron.subnet object s_rally_0e544c48_n0Qu1DVB (0d8ef605-117c-4090-b49e-6ab53d86d340)
2020-04-07 19:10:40.888 15 RALLYDEBUG rally_openstack.cleanup.manager [-] Deleting neutron.subnet object s_rally_0e544c48_SDJtZReK (0decd848-1b39-43a2-8427-af2125e671a5)
2020-04-07 19:10:40.900 15 RALLYDEBUG rally_openstack.cleanup.manager [-] Deleting neutron.subnet object s_rally_0e544c48_Nd6nDh4c (1f6812a2-18e9-4939-af5c-0e205382349c)
2020-04-07 19:10:40.905 15 RALLYDEBUG rally_openstack.cleanup.manager [-] Deleting neutron.subnet object s_rally_0e544c48_pMSiFpqf (24b00012-5ccf-499c-92e5-d120e7bf5b5b)
2020-04-07 19:10:40.921 15 RALLYDEBUG rally_openstack.cleanup.manager [-] Deleting neutron.subnet object s_rally_0e544c48_myyM3mHx (21c1c8bb-7116-4fe5-808f-6566789cc930)
2020-04-07 19:10:40.923 15 RALLYDEBUG rally_openstack.cleanup.manager [-] Deleting neutron.subnet object s_rally_0e544c48_89DRkNUD (2cc4cece-a459-404a-a2d8-4aeec110da2c)
2020-04-07 19:10:40.924 15 RALLYDEBUG rally_openstack.cleanup.manager [-] Deleting neutron.subnet object s_rally_0e544c48_fewTkFfP (20e3c072-7930-40cd-976c-d47e5c0f520c)
