2020-04-07 18:59:57.008 2675 RALLYDEBUG rally.task.runner [-] Starting a worker. concurrency: 1 args: {"network_create_args": null, "subnet_create_args": null, "subnet_cidr_start": "1.1.0.0/30", "subnets_per_network": 2, "router_create_args": null} times: 40 method_name: run timeout: 0 duration: None cls:
2020-04-07 18:59:57.008 2673 INFO rally.task.runner [-] Task a46f4895-59bf-4f55-9adc-fee87e26eed0 | ITER: 3 START
2020-04-07 18:59:57.011 2674 INFO rally.task.runner [-] Task a46f4895-59bf-4f55-9adc-fee87e26eed0 | ITER: 4 START
2020-04-07 18:59:57.010 2678 RALLYDEBUG rally.task.runner [-] Starting a worker. concurrency: 1 args: {"network_create_args": null, "subnet_create_args": null, "subnet_cidr_start": "1.1.0.0/30", "subnets_per_network": 2, "router_create_args": null} times: 40 method_name: run timeout: 0 duration: None cls:
2020-04-07 18:59:57.013 2675 INFO rally.task.runner [-] Task a46f4895-59bf-4f55-9adc-fee87e26eed0 | ITER: 5 START
2020-04-07 18:59:57.013 2681 RALLYDEBUG rally.task.runner [-] Starting a worker. concurrency: 1 args: {"network_create_args": null, "subnet_create_args": null, "subnet_cidr_start": "1.1.0.0/30", "subnets_per_network": 2, "router_create_args": null} times: 40 method_name: run timeout: 0 duration: None cls:
2020-04-07 18:59:57.016 2678 INFO rally.task.runner [-] Task a46f4895-59bf-4f55-9adc-fee87e26eed0 | ITER: 6 START
2020-04-07 18:59:57.016 2684 RALLYDEBUG rally.task.runner [-] Starting a worker. concurrency: 1 args: {"network_create_args": null, "subnet_create_args": null, "subnet_cidr_start": "1.1.0.0/30", "subnets_per_network": 2, "router_create_args": null} times: 40 method_name: run timeout: 0 duration: None cls:
2020-04-07 18:59:57.019 2681 INFO rally.task.runner [-] Task a46f4895-59bf-4f55-9adc-fee87e26eed0 | ITER: 7 START
2020-04-07 18:59:57.019 2687 RALLYDEBUG rally.task.runner [-] Starting a worker. concurrency: 1 args: {"network_create_args": null, "subnet_create_args": null, "subnet_cidr_start": "1.1.0.0/30", "subnets_per_network": 2, "router_create_args": null} times: 40 method_name: run timeout: 0 duration: None cls:
2020-04-07 18:59:57.022 2684 INFO rally.task.runner [-] Task a46f4895-59bf-4f55-9adc-fee87e26eed0 | ITER: 8 START
2020-04-07 18:59:57.022 2690 RALLYDEBUG rally.task.runner [-] Starting a worker. concurrency: 1 args: {"network_create_args": null, "subnet_create_args": null, "subnet_cidr_start": "1.1.0.0/30", "subnets_per_network": 2, "router_create_args": null} times: 40 method_name: run timeout: 0 duration: None cls:
2020-04-07 18:59:57.025 2687 INFO rally.task.runner [-] Task a46f4895-59bf-4f55-9adc-fee87e26eed0 | ITER: 9 START
2020-04-07 18:59:57.025 2693 RALLYDEBUG rally.task.runner [-] Starting a worker. concurrency: 1 args: {"network_create_args": null, "subnet_create_args": null, "subnet_cidr_start": "1.1.0.0/30", "subnets_per_network": 2, "router_create_args": null} times: 40 method_name: run timeout: 0 duration: None cls:
2020-04-07 18:59:57.028 2690 INFO rally.task.runner [-] Task a46f4895-59bf-4f55-9adc-fee87e26eed0 | ITER: 10 START
2020-04-07 18:59:57.028 2696 RALLYDEBUG rally.task.runner [-] Starting a worker. concurrency: 1 args: {"network_create_args": null, "subnet_create_args": null, "subnet_cidr_start": "1.1.0.0/30", "subnets_per_network": 2, "router_create_args": null} times: 40 method_name: run timeout: 0 duration: None cls:
2020-04-07 18:59:57.031 2693 INFO rally.task.runner [-] Task a46f4895-59bf-4f55-9adc-fee87e26eed0 | ITER: 11 START
2020-04-07 18:59:57.030 2699 RALLYDEBUG rally.task.runner [-] Starting a worker. concurrency: 1 args: {"network_create_args": null, "subnet_create_args": null, "subnet_cidr_start": "1.1.0.0/30", "subnets_per_network": 2, "router_create_args": null} times: 40 method_name: run timeout: 0 duration: None cls:
2020-04-07 18:59:57.031 2702 RALLYDEBUG rally.task.runner [-] Starting a worker. concurrency: 1 args: {"network_create_args": null, "subnet_create_args": null, "subnet_cidr_start": "1.1.0.0/30", "subnets_per_network": 2, "router_create_args": null} times: 40 method_name: run timeout: 0 duration: None cls:
2020-04-07 18:59:57.034 2696 INFO rally.task.runner [-] Task a46f4895-59bf-4f55-9adc-fee87e26eed0 | ITER: 12 START
2020-04-07 18:59:57.036 2705 RALLYDEBUG rally.task.runner [-] Starting a worker. concurrency: 1 args: {"network_create_args": null, "subnet_create_args": null, "subnet_cidr_start": "1.1.0.0/30", "subnets_per_network": 2, "router_create_args": null} times: 40 method_name: run timeout: 0 duration: None cls:
2020-04-07 18:59:57.036 2702 INFO rally.task.runner [-] Task a46f4895-59bf-4f55-9adc-fee87e26eed0 | ITER: 14 START
2020-04-07 18:59:57.037 2699 INFO rally.task.runner [-] Task a46f4895-59bf-4f55-9adc-fee87e26eed0 | ITER: 13 START
2020-04-07 18:59:57.039 2708 RALLYDEBUG rally.task.runner [-] Starting a worker. concurrency: 1 args: {"network_create_args": null, "subnet_create_args": null, "subnet_cidr_start": "1.1.0.0/30", "subnets_per_network": 2, "router_create_args": null} times: 40 method_name: run timeout: 0 duration: None cls:
2020-04-07 18:59:57.041 2705 INFO rally.task.runner [-] Task a46f4895-59bf-4f55-9adc-fee87e26eed0 | ITER: 15 START
2020-04-07 18:59:57.041 2716 RALLYDEBUG rally.task.runner [-] Starting a worker. concurrency: 1 args: {"network_create_args": null, "subnet_create_args": null, "subnet_cidr_start": "1.1.0.0/30", "subnets_per_network": 2, "router_create_args": null} times: 40 method_name: run timeout: 0 duration: None cls:
2020-04-07 18:59:57.041 2711 RALLYDEBUG rally.task.runner [-] Starting a worker. concurrency: 1 args: {"network_create_args": null, "subnet_create_args": null, "subnet_cidr_start": "1.1.0.0/30", "subnets_per_network": 2, "router_create_args": null} times: 40 method_name: run timeout: 0 duration: None cls:
2020-04-07 18:59:57.045 2708 INFO rally.task.runner [-] Task a46f4895-59bf-4f55-9adc-fee87e26eed0 | ITER: 16 START
2020-04-07 18:59:57.045 2716 INFO rally.task.runner [-] Task a46f4895-59bf-4f55-9adc-fee87e26eed0 | ITER: 17 START
2020-04-07 18:59:57.046 2717 RALLYDEBUG rally.task.runner [-] Starting a worker. concurrency: 1 args: {"network_create_args": null, "subnet_create_args": null, "subnet_cidr_start": "1.1.0.0/30", "subnets_per_network": 2, "router_create_args": null} times: 40 method_name: run timeout: 0 duration: None cls:
2020-04-07 18:59:57.047 2711 INFO rally.task.runner [-] Task a46f4895-59bf-4f55-9adc-fee87e26eed0 | ITER: 18 START
2020-04-07 18:59:57.049 2720 RALLYDEBUG rally.task.runner [-] Starting a worker. concurrency: 1 args: {"network_create_args": null, "subnet_create_args": null, "subnet_cidr_start": "1.1.0.0/30", "subnets_per_network": 2, "router_create_args": null} times: 40 method_name: run timeout: 0 duration: None cls:
2020-04-07 18:59:57.051 2717 INFO rally.task.runner [-] Task a46f4895-59bf-4f55-9adc-fee87e26eed0 | ITER: 19 START
2020-04-07 18:59:57.055 2720 INFO rally.task.runner [-] Task a46f4895-59bf-4f55-9adc-fee87e26eed0 | ITER: 20 START
2020-04-07 18:59:57.725 2678 RALLYDEBUG rally_openstack.wrappers.network [-] CIDR generated: 1.1.5.136/30
2020-04-07 18:59:57.812 2672 RALLYDEBUG rally_openstack.wrappers.network [-] CIDR generated: 1.1.5.140/30
2020-04-07 18:59:57.953 2696 RALLYDEBUG rally_openstack.wrappers.network [-] CIDR generated: 1.1.5.144/30
2020-04-07 18:59:58.003 2673 RALLYDEBUG rally_openstack.wrappers.network [-] CIDR generated: 1.1.5.148/30
2020-04-07 18:59:58.145 2720 RALLYDEBUG rally_openstack.wrappers.network [-] CIDR generated: 1.1.5.152/30
2020-04-07 18:59:58.249 2674 RALLYDEBUG rally_openstack.wrappers.network [-] CIDR generated: 1.1.5.156/30
2020-04-07 18:59:58.273 2671 RALLYDEBUG rally_openstack.wrappers.network [-] CIDR generated: 1.1.5.160/30
2020-04-07 18:59:58.357 2705 RALLYDEBUG rally_openstack.wrappers.network [-] CIDR generated: 1.1.5.164/30
2020-04-07 18:59:58.406 2684 RALLYDEBUG rally_openstack.wrappers.network [-] CIDR generated: 1.1.5.168/30
2020-04-07 18:59:58.464 2681 RALLYDEBUG rally_openstack.wrappers.network [-] CIDR generated: 1.1.5.172/30
2020-04-07 18:59:58.482 2716 RALLYDEBUG rally_openstack.wrappers.network [-] CIDR generated: 1.1.5.176/30
2020-04-07 18:59:58.692 2687 RALLYDEBUG rally_openstack.wrappers.network [-] CIDR generated: 1.1.5.180/30
2020-04-07 18:59:58.717 2675 RALLYDEBUG rally_openstack.wrappers.network [-] CIDR generated: 1.1.5.184/30
2020-04-07 18:59:58.721 2690 RALLYDEBUG rally_openstack.wrappers.network [-] CIDR generated: 1.1.5.188/30
2020-04-07 18:59:58.744 2699 RALLYDEBUG rally_openstack.wrappers.network [-] CIDR generated: 1.1.5.192/30
2020-04-07 18:59:58.749 2693 RALLYDEBUG rally_openstack.wrappers.network [-] CIDR generated: 1.1.5.196/30
2020-04-07 18:59:58.755 2702 RALLYDEBUG rally_openstack.wrappers.network [-] CIDR generated: 1.1.5.200/30
2020-04-07 18:59:58.833 2711 RALLYDEBUG rally_openstack.wrappers.network [-] CIDR generated: 1.1.5.204/30
2020-04-07 18:59:58.935 2708 RALLYDEBUG rally_openstack.wrappers.network [-] CIDR generated: 1.1.5.208/30
2020-04-07 18:59:58.938 2717 RALLYDEBUG rally_openstack.wrappers.network [-] CIDR generated: 1.1.5.212/30
2020-04-07 18:59:59.152 2696 RALLYDEBUG rally_openstack.wrappers.network [-] CIDR generated: 1.1.5.216/30
2020-04-07 18:59:59.309 2672 RALLYDEBUG rally_openstack.wrappers.network [-] CIDR generated: 1.1.5.220/30
2020-04-07 18:59:59.332 2673 RALLYDEBUG rally_openstack.wrappers.network [-] CIDR generated: 1.1.5.224/30
2020-04-07 18:59:59.381 2720 RALLYDEBUG rally_openstack.wrappers.network [-] CIDR generated: 1.1.5.228/30
2020-04-07 18:59:59.400 2674 RALLYDEBUG rally_openstack.wrappers.network [-] CIDR generated: 1.1.5.232/30
2020-04-07 18:59:59.409 2684 RALLYDEBUG rally_openstack.wrappers.network [-] CIDR generated: 1.1.5.236/30
2020-04-07 18:59:59.588 2705 RALLYDEBUG rally_openstack.wrappers.network [-] CIDR generated: 1.1.5.240/30
2020-04-07 18:59:59.726 2678 RALLYDEBUG rally_openstack.wrappers.network [-] CIDR generated: 1.1.5.244/30
2020-04-07 19:00:00.416 2690 RALLYDEBUG rally_openstack.wrappers.network [-] CIDR generated: 1.1.5.248/30
2020-04-07 19:00:00.421 2711 RALLYDEBUG rally_openstack.wrappers.network [-] CIDR generated: 1.1.5.252/30
2020-04-07 19:00:00.591 2717 RALLYDEBUG rally_openstack.wrappers.network [-] CIDR generated: 1.1.6.0/30
2020-04-07 19:00:00.959 2671 RALLYDEBUG rally_openstack.wrappers.network [-] CIDR generated: 1.1.6.4/30
2020-04-07 19:00:01.075 2716 RALLYDEBUG rally_openstack.wrappers.network [-] CIDR generated: 1.1.6.8/30
2020-04-07 19:00:01.089 2687 RALLYDEBUG rally_openstack.wrappers.network [-] CIDR generated: 1.1.6.12/30
2020-04-07 19:00:01.107 2708 RALLYDEBUG rally_openstack.wrappers.network [-] CIDR generated: 1.1.6.16/30
2020-04-07 19:00:01.155 2681 RALLYDEBUG rally_openstack.wrappers.network [-] CIDR generated: 1.1.6.20/30
2020-04-07 19:00:01.819 2699 RALLYDEBUG rally_openstack.wrappers.network [-] CIDR generated: 1.1.6.24/30
2020-04-07 19:00:01.861 2702 RALLYDEBUG rally_openstack.wrappers.network [-] CIDR generated: 1.1.6.28/30
2020-04-07 19:00:01.874 2675 RALLYDEBUG rally_openstack.wrappers.network [-] CIDR generated: 1.1.6.32/30
2020-04-07 19:00:01.938 2693 RALLYDEBUG rally_openstack.wrappers.network [-] CIDR generated: 1.1.6.36/30
2020-04-07 19:00:26.300 2696 INFO rally.task.runner [-] Task a46f4895-59bf-4f55-9adc-fee87e26eed0 | ITER: 12 END: OK
2020-04-07 19:00:26.311 2696 INFO rally.task.runner [-] Task a46f4895-59bf-4f55-9adc-fee87e26eed0 | ITER: 21 START
2020-04-07 19:00:26.412 2674 INFO rally.task.runner [-] Task a46f4895-59bf-4f55-9adc-fee87e26eed0 | ITER: 4 END: OK
2020-04-07 19:00:26.421 2674 INFO rally.task.runner [-] Task a46f4895-59bf-4f55-9adc-fee87e26eed0 | ITER: 22 START
2020-04-07 19:00:26.509 2705 INFO rally.task.runner [-] Task a46f4895-59bf-4f55-9adc-fee87e26eed0 | ITER: 15 END: OK
2020-04-07 19:00:26.518 2705 INFO rally.task.runner [-] Task a46f4895-59bf-4f55-9adc-fee87e26eed0 | ITER: 23 START
2020-04-07 19:00:26.799 2696 RALLYDEBUG rally_openstack.wrappers.network [-] CIDR generated: 1.1.6.40/30
2020-04-07 19:00:27.010 2705 RALLYDEBUG rally_openstack.wrappers.network [-] CIDR generated: 1.1.6.44/30
2020-04-07 19:00:27.663 2696 RALLYDEBUG rally_openstack.wrappers.network [-] CIDR generated: 1.1.6.48/30
2020-04-07 19:00:27.693 2674 RALLYDEBUG rally_openstack.wrappers.network [-] CIDR generated: 1.1.6.52/30
2020-04-07 19:00:27.948 2705 RALLYDEBUG rally_openstack.wrappers.network [-] CIDR generated: 1.1.6.56/30
2020-04-07 19:00:32.141 2690 INFO rally.task.runner [-] Task a46f4895-59bf-4f55-9adc-fee87e26eed0 | ITER: 10 END: OK
2020-04-07 19:00:32.148 2690 INFO rally.task.runner [-] Task a46f4895-59bf-4f55-9adc-fee87e26eed0 | ITER: 24 START
2020-04-07 19:00:32.151 2711 INFO rally.task.runner [-] Task a46f4895-59bf-4f55-9adc-fee87e26eed0 | ITER: 18 END: OK
2020-04-07 19:00:32.158 2711 INFO rally.task.runner [-] Task a46f4895-59bf-4f55-9adc-fee87e26eed0 | ITER: 25 START
2020-04-07 19:00:32.921 2674 RALLYDEBUG rally_openstack.wrappers.network [-] CIDR generated: 1.1.6.60/30
2020-04-07 19:00:33.275 2690 RALLYDEBUG rally_openstack.wrappers.network [-] CIDR generated: 1.1.6.64/30
2020-04-07 19:00:33.290 2711 RALLYDEBUG rally_openstack.wrappers.network [-] CIDR generated: 1.1.6.68/30
2020-04-07 19:00:33.683 2684 INFO rally.task.runner [-] Task a46f4895-59bf-4f55-9adc-fee87e26eed0 | ITER: 8 END: OK
2020-04-07 19:00:33.690 2684 INFO rally.task.runner [-] Task a46f4895-59bf-4f55-9adc-fee87e26eed0 | ITER: 26 START
2020-04-07 19:00:33.757 2720 INFO rally.task.runner [-] Task a46f4895-59bf-4f55-9adc-fee87e26eed0 | ITER: 20 END: OK
2020-04-07 19:00:33.764 2720 INFO rally.task.runner [-] Task a46f4895-59bf-4f55-9adc-fee87e26eed0 | ITER: 27 START
2020-04-07 19:00:34.255 2720 RALLYDEBUG rally_openstack.wrappers.network [-] CIDR generated: 1.1.6.72/30
2020-04-07 19:00:34.400 2684 RALLYDEBUG rally_openstack.wrappers.network [-] CIDR generated: 1.1.6.76/30
2020-04-07 19:00:35.042 2684 RALLYDEBUG rally_openstack.wrappers.network [-] CIDR generated: 1.1.6.80/30
2020-04-07 19:00:35.876 2690 RALLYDEBUG rally_openstack.wrappers.network [-] CIDR generated: 1.1.6.84/30
2020-04-07 19:00:35.909 2711 RALLYDEBUG rally_openstack.wrappers.network [-] CIDR generated: 1.1.6.88/30
2020-04-07 19:00:38.313 2720 RALLYDEBUG rally_openstack.wrappers.network [-] CIDR generated: 1.1.6.92/30
2020-04-07 19:00:40.926 2672 INFO rally.task.runner [-] Task a46f4895-59bf-4f55-9adc-fee87e26eed0 | ITER: 2 END: OK
2020-04-07 19:00:40.932 2672 INFO rally.task.runner [-] Task a46f4895-59bf-4f55-9adc-fee87e26eed0 | ITER: 28 START
2020-04-07 19:00:41.415 2672 RALLYDEBUG rally_openstack.wrappers.network [-] CIDR generated: 1.1.6.96/30
2020-04-07 19:00:42.070 2672 RALLYDEBUG rally_openstack.wrappers.network [-] CIDR generated: 1.1.6.100/30
2020-04-07 19:00:43.028 2673 INFO rally.task.runner [-] Task a46f4895-59bf-4f55-9adc-fee87e26eed0 | ITER: 3 END: OK
2020-04-07 19:00:43.034 2673 INFO rally.task.runner [-] Task a46f4895-59bf-4f55-9adc-fee87e26eed0 | ITER: 29 START
2020-04-07 19:00:43.515 2673 RALLYDEBUG rally_openstack.wrappers.network [-] CIDR generated: 1.1.6.104/30
2020-04-07 19:00:44.874 2673 RALLYDEBUG rally_openstack.wrappers.network [-] CIDR generated: 1.1.6.108/30
2020-04-07 19:00:47.007 2708 INFO rally.task.runner [-] Task a46f4895-59bf-4f55-9adc-fee87e26eed0 | ITER: 16 END: OK
2020-04-07 19:00:47.014 2708 INFO rally.task.runner [-] Task a46f4895-59bf-4f55-9adc-fee87e26eed0 | ITER: 30 START
2020-04-07 19:00:47.833 2705 INFO rally.task.runner [-] Task a46f4895-59bf-4f55-9adc-fee87e26eed0 | ITER: 23 END: OK
2020-04-07 19:00:47.837 2705 INFO rally.task.runner [-] Task a46f4895-59bf-4f55-9adc-fee87e26eed0 | ITER: 31 START
2020-04-07 19:00:48.304 2705 RALLYDEBUG rally_openstack.wrappers.network [-] CIDR generated: 1.1.6.112/30
2020-04-07 19:00:49.077 2681 INFO rally.task.runner [-] Task a46f4895-59bf-4f55-9adc-fee87e26eed0 | ITER: 7 END: OK
2020-04-07 19:00:49.082 2681 INFO rally.task.runner [-] Task a46f4895-59bf-4f55-9adc-fee87e26eed0 | ITER: 32 START
2020-04-07 19:00:49.819 2671 INFO rally.task.runner [-] Task a46f4895-59bf-4f55-9adc-fee87e26eed0 | ITER: 1 END: OK
2020-04-07 19:00:49.827 2671 INFO rally.task.runner [-] Task a46f4895-59bf-4f55-9adc-fee87e26eed0 | ITER: 33 START
2020-04-07 19:00:50.117 2708 RALLYDEBUG rally_openstack.wrappers.network [-] CIDR generated: 1.1.6.116/30
2020-04-07 19:00:50.181 2681 RALLYDEBUG rally_openstack.wrappers.network [-] CIDR generated: 1.1.6.120/30
2020-04-07 19:00:50.250 2705 RALLYDEBUG rally_openstack.wrappers.network [-] CIDR generated: 1.1.6.124/30
2020-04-07 19:00:50.527 2671 RALLYDEBUG rally_openstack.wrappers.network [-] CIDR generated: 1.1.6.128/30
2020-04-07 19:00:51.069 2687 INFO rally.task.runner [-] Task a46f4895-59bf-4f55-9adc-fee87e26eed0 | ITER: 9 END: OK
2020-04-07 19:00:51.075 2687 INFO rally.task.runner [-] Task a46f4895-59bf-4f55-9adc-fee87e26eed0 | ITER: 34 START
2020-04-07 19:00:51.639 2671 RALLYDEBUG rally_openstack.wrappers.network [-] CIDR generated: 1.1.6.132/30
2020-04-07 19:00:51.712 2681 RALLYDEBUG rally_openstack.wrappers.network [-] CIDR generated: 1.1.6.136/30
2020-04-07 19:00:51.717 2687 RALLYDEBUG rally_openstack.wrappers.network [-] CIDR generated: 1.1.6.140/30
2020-04-07 19:00:52.952 2708 RALLYDEBUG rally_openstack.wrappers.network [-] CIDR generated: 1.1.6.144/30
2020-04-07 19:00:53.217 2687 RALLYDEBUG rally_openstack.wrappers.network [-] CIDR generated: 1.1.6.148/30
2020-04-07 19:00:57.189 2690 INFO rally.task.runner [-] Task a46f4895-59bf-4f55-9adc-fee87e26eed0 | ITER: 24 END: OK
2020-04-07 19:00:57.193 2690 INFO rally.task.runner [-] Task a46f4895-59bf-4f55-9adc-fee87e26eed0 | ITER: 35 START
2020-04-07 19:00:57.649 2690 RALLYDEBUG rally_openstack.wrappers.network [-] CIDR generated: 1.1.6.152/30
2020-04-07 19:00:58.460 2690 RALLYDEBUG rally_openstack.wrappers.network [-] CIDR generated: 1.1.6.156/30
2020-04-07 19:00:59.187 2717 INFO rally.task.runner [-] Task a46f4895-59bf-4f55-9adc-fee87e26eed0 | ITER: 19 END: OK
2020-04-07 19:00:59.191 2678 INFO rally.task.runner [-] Task a46f4895-59bf-4f55-9adc-fee87e26eed0 | ITER: 6 END: OK
2020-04-07 19:00:59.194 2717 INFO rally.task.runner [-] Task a46f4895-59bf-4f55-9adc-fee87e26eed0 | ITER: 36 START
2020-04-07 19:00:59.197 2678 INFO rally.task.runner [-] Task a46f4895-59bf-4f55-9adc-fee87e26eed0 | ITER: 37 START
2020-04-07 19:01:01.602 2717 RALLYDEBUG rally_openstack.wrappers.network [-] CIDR generated: 1.1.6.160/30
2020-04-07 19:01:01.895 2678 RALLYDEBUG rally_openstack.wrappers.network [-] CIDR generated: 1.1.6.164/30
2020-04-07 19:01:03.212 2674 INFO rally.task.runner [-] Task a46f4895-59bf-4f55-9adc-fee87e26eed0 | ITER: 22 END: OK
2020-04-07 19:01:03.216 2674 INFO rally.task.runner [-] Task a46f4895-59bf-4f55-9adc-fee87e26eed0 | ITER: 38 START
2020-04-07 19:01:03.423 2702 INFO rally.task.runner [-] Task a46f4895-59bf-4f55-9adc-fee87e26eed0 | ITER: 14 END: OK
2020-04-07 19:01:03.429 2702 INFO rally.task.runner [-] Task a46f4895-59bf-4f55-9adc-fee87e26eed0 | ITER: 39 START
2020-04-07 19:01:03.593 2693 INFO rally.task.runner [-] Task a46f4895-59bf-4f55-9adc-fee87e26eed0 | ITER: 11 END: OK
2020-04-07 19:01:03.600 2693 INFO rally.task.runner [-] Task a46f4895-59bf-4f55-9adc-fee87e26eed0 | ITER: 40 START
2020-04-07 19:01:03.771 2674 RALLYDEBUG rally_openstack.wrappers.network [-] CIDR generated: 1.1.6.168/30
2020-04-07 19:01:04.013 2702 RALLYDEBUG rally_openstack.wrappers.network [-] CIDR generated: 1.1.6.172/30
2020-04-07 19:01:04.283 2717 RALLYDEBUG rally_openstack.wrappers.network [-] CIDR generated: 1.1.6.176/30
2020-04-07 19:01:04.429 2674 RALLYDEBUG rally_openstack.wrappers.network [-] CIDR generated: 1.1.6.180/30
2020-04-07 19:01:04.436 2678 RALLYDEBUG rally_openstack.wrappers.network [-] CIDR generated: 1.1.6.184/30
2020-04-07 19:01:04.788 2702 RALLYDEBUG rally_openstack.wrappers.network [-] CIDR generated: 1.1.6.188/30
2020-04-07 19:01:05.184 2693 RALLYDEBUG rally_openstack.wrappers.network [-] CIDR generated: 1.1.6.192/30
2020-04-07 19:01:05.532 2716 INFO rally.task.runner [-] Task a46f4895-59bf-4f55-9adc-fee87e26eed0 | ITER: 17 END: OK
2020-04-07 19:01:06.550 2693 RALLYDEBUG rally_openstack.wrappers.network [-] CIDR generated: 1.1.6.196/30
2020-04-07 19:01:06.829 2675 INFO rally.task.runner [-] Task a46f4895-59bf-4f55-9adc-fee87e26eed0 | ITER: 5 END: OK
2020-04-07 19:01:08.574 2699 INFO rally.task.runner [-] Task a46f4895-59bf-4f55-9adc-fee87e26eed0 | ITER: 13 END: OK
2020-04-07 19:01:09.408 2720 INFO rally.task.runner [-] Task a46f4895-59bf-4f55-9adc-fee87e26eed0 | ITER: 27 END: OK
2020-04-07 19:01:10.133 2672 INFO rally.task.runner [-] Task a46f4895-59bf-4f55-9adc-fee87e26eed0 | ITER: 28 END: OK
2020-04-07 19:01:14.563 2711 INFO rally.task.runner [-] Task a46f4895-59bf-4f55-9adc-fee87e26eed0 | ITER: 25 END: OK
2020-04-07 19:01:16.177 2708 INFO rally.task.runner [-] Task a46f4895-59bf-4f55-9adc-fee87e26eed0 | ITER: 30 END: OK
2020-04-07 19:01:16.505 2696 INFO rally.task.runner [-] Task a46f4895-59bf-4f55-9adc-fee87e26eed0 | ITER: 21 END: OK
2020-04-07 19:01:17.051 2684 INFO rally.task.runner [-] Task a46f4895-59bf-4f55-9adc-fee87e26eed0 | ITER: 26 END: OK
2020-04-07 19:01:19.203 2681 INFO rally.task.runner [-] Task a46f4895-59bf-4f55-9adc-fee87e26eed0 | ITER: 32 END: OK
2020-04-07 19:01:22.613 2673 INFO rally.task.runner [-] Task a46f4895-59bf-4f55-9adc-fee87e26eed0 | ITER: 29 END: OK
2020-04-07 19:01:22.620 2705 INFO rally.task.runner [-] Task a46f4895-59bf-4f55-9adc-fee87e26eed0 | ITER: 31 END: OK
2020-04-07 19:01:24.705 2687 INFO rally.task.runner [-] Task a46f4895-59bf-4f55-9adc-fee87e26eed0 | ITER: 34 END: OK
2020-04-07 19:01:25.113 2717 INFO rally.task.runner [-] Task a46f4895-59bf-4f55-9adc-fee87e26eed0 | ITER: 36 END: OK
2020-04-07 19:01:27.078 2702 INFO rally.task.runner [-] Task a46f4895-59bf-4f55-9adc-fee87e26eed0 | ITER: 39 END: OK
2020-04-07 19:01:27.326 2674 INFO rally.task.runner [-] Task a46f4895-59bf-4f55-9adc-fee87e26eed0 | ITER: 38 END: OK
2020-04-07 19:01:29.093 2671 INFO rally.task.runner [-] Task a46f4895-59bf-4f55-9adc-fee87e26eed0 | ITER: 33 END: OK
2020-04-07 19:01:30.199 2690 INFO rally.task.runner [-] Task a46f4895-59bf-4f55-9adc-fee87e26eed0 | ITER: 35 END: OK
2020-04-07 19:01:30.375 2678 INFO rally.task.runner [-] Task a46f4895-59bf-4f55-9adc-fee87e26eed0 | ITER: 37 END: OK
2020-04-07 19:01:32.151 2693 INFO rally.task.runner [-] Task a46f4895-59bf-4f55-9adc-fee87e26eed0 | ITER: 40 END: OK
2020-04-07 19:01:32.172 15 INFO rally.task.context [-] Task a46f4895-59bf-4f55-9adc-fee87e26eed0 | Context cleanup@openstack cleanup() started
2020-04-07 19:01:32.177 15 RALLYDEBUG rally_openstack.cleanup.manager [-] Cleaning up neutron vip objects
2020-04-07 19:01:32.513 15 RALLYDEBUG rally_openstack.cleanup.manager [-] Cleaning up neutron health_monitor objects
2020-04-07 19:01:32.719 15 RALLYDEBUG rally_openstack.cleanup.manager [-] Cleaning up neutron pool objects
2020-04-07 19:01:32.928 15 RALLYDEBUG rally_openstack.cleanup.manager [-] Cleaning up neutron loadbalancer objects
2020-04-07 19:01:33.120 15 RALLYDEBUG rally_openstack.cleanup.manager [-] Cleaning up neutron floatingip objects
2020-04-07 19:01:33.326 15 RALLYDEBUG rally_openstack.cleanup.manager [-] Cleaning up neutron trunk objects
2020-04-07 19:01:33.506 15 DEBUG neutronclient.v2_0.client [-] Error message: {"NeutronError": {"message": "Invalid input for operation: 'tenant_id' is not supported for filtering.", "type": "InvalidInput", "detail": ""}} _handle_fault_response /usr/lib/python2.7/site-packages/neutronclient/v2_0/client.py:259
2020-04-07 19:01:33.543 15 DEBUG neutronclient.v2_0.client [-] Error message: {"NeutronError": {"message": "Invalid input for operation: 'tenant_id' is not supported for filtering.", "type": "InvalidInput", "detail": ""}} _handle_fault_response /usr/lib/python2.7/site-packages/neutronclient/v2_0/client.py:259
2020-04-07 19:01:33.580 15 DEBUG neutronclient.v2_0.client [-] Error message: {"NeutronError": {"message": "Invalid input for operation: 'tenant_id' is not supported for filtering.", "type": "InvalidInput", "detail": ""}} _handle_fault_response /usr/lib/python2.7/site-packages/neutronclient/v2_0/client.py:259
2020-04-07 19:01:33.581 15 ERROR rally_openstack.cleanup.manager [-] Seems like rally_openstack.cleanup.resources.NeutronTrunk.list(self) method is broken. It shouldn't raise any exceptions.: BadRequest: Invalid input for operation: 'tenant_id' is not supported for filtering. Neutron server returns request_ids: ['req-836df3b4-3fbe-43ac-8843-454d7ad2b6de']
2020-04-07 19:01:33.581 15 ERROR rally_openstack.cleanup.manager
Traceback (most recent call last):
2020-04-07 19:01:33.581 15 ERROR rally_openstack.cleanup.manager
File "/usr/lib/python2.7/site-packages/rally_openstack/cleanup/manager.py", line 133, in _publish
2020-04-07 19:01:33.581 15 ERROR rally_openstack.cleanup.manager for raw_resource in rutils.retry(3, manager.list):
2020-04-07 19:01:33.581 15 ERROR rally_openstack.cleanup.manager
File "/usr/lib/python2.7/site-packages/rally/common/utils.py", line 230, in retry
2020-04-07 19:01:33.581 15 ERROR rally_openstack.cleanup.manager return func(*args, **kwargs)
2020-04-07 19:01:33.581 15 ERROR rally_openstack.cleanup.manager
File "/usr/lib/python2.7/site-packages/rally_openstack/cleanup/resources.py", line 396, in list
2020-04-07 19:01:33.581 15 ERROR rally_openstack.cleanup.manager return super(NeutronTrunk, self).list()
2020-04-07 19:01:33.581 15 ERROR rally_openstack.cleanup.manager
File "/usr/lib/python2.7/site-packages/rally_openstack/cleanup/resources.py", line 273, in list
2020-04-07 19:01:33.581 15 ERROR rally_openstack.cleanup.manager result = list_method(tenant_id=self.tenant_uuid)[resources]
2020-04-07 19:01:33.581 15 ERROR rally_openstack.cleanup.manager
File "/usr/lib/python2.7/site-packages/neutronclient/v2_0/client.py", line 2105, in list_trunks
2020-04-07 19:01:33.581 15 ERROR rally_openstack.cleanup.manager **_params)
2020-04-07 19:01:33.581 15 ERROR rally_openstack.cleanup.manager
File "/usr/lib/python2.7/site-packages/neutronclient/v2_0/client.py", line 369, in list
2020-04-07 19:01:33.581 15 ERROR rally_openstack.cleanup.manager for r in self._pagination(collection, path, **params):
2020-04-07 19:01:33.581 15 ERROR rally_openstack.cleanup.manager
File "/usr/lib/python2.7/site-packages/neutronclient/v2_0/client.py", line 384, in _pagination
2020-04-07 19:01:33.581 15 ERROR rally_openstack.cleanup.manager res = self.get(path, params=params)
2020-04-07 19:01:33.581 15 ERROR rally_openstack.cleanup.manager
File "/usr/lib/python2.7/site-packages/neutronclient/v2_0/client.py", line 354, in get
2020-04-07 19:01:33.581 15 ERROR rally_openstack.cleanup.manager headers=headers, params=params)
2020-04-07 19:01:33.581 15 ERROR rally_openstack.cleanup.manager
File "/usr/lib/python2.7/site-packages/neutronclient/v2_0/client.py", line 331, in retry_request
2020-04-07 19:01:33.581 15 ERROR rally_openstack.cleanup.manager headers=headers, params=params)
2020-04-07 19:01:33.581 15 ERROR rally_openstack.cleanup.manager
File "/usr/lib/python2.7/site-packages/neutronclient/v2_0/client.py", line 294, in do_request
2020-04-07 19:01:33.581 15 ERROR rally_openstack.cleanup.manager self._handle_fault_response(status_code, replybody, resp)
2020-04-07 19:01:33.581 15 ERROR rally_openstack.cleanup.manager
File "/usr/lib/python2.7/site-packages/neutronclient/v2_0/client.py", line 269, in _handle_fault_response
2020-04-07 19:01:33.581 15 ERROR rally_openstack.cleanup.manager exception_handler_v20(status_code, error_body)
2020-04-07 19:01:33.581 15 ERROR rally_openstack.cleanup.manager
File "/usr/lib/python2.7/site-packages/neutronclient/v2_0/client.py", line 93, in exception_handler_v20
2020-04-07 19:01:33.581 15 ERROR rally_openstack.cleanup.manager request_ids=request_ids)
2020-04-07 19:01:33.581 15 ERROR rally_openstack.cleanup.manager BadRequest: Invalid input for operation: 'tenant_id' is not supported for filtering.
2020-04-07 19:01:33.581 15 ERROR rally_openstack.cleanup.manager Neutron server returns request_ids: ['req-836df3b4-3fbe-43ac-8843-454d7ad2b6de']
2020-04-07 19:01:33.581 15 ERROR rally_openstack.cleanup.manager
2020-04-07 19:01:33.591 15 RALLYDEBUG rally_openstack.cleanup.manager [-] Cleaning up neutron port objects
2020-04-07 19:01:34.608 15 RALLYDEBUG rally_openstack.cleanup.manager [-] Deleting neutron.port object s_rally_e7e3c1b2_fsmIzm0X (00a3f0d5-7630-4af5-a5ce-eb0ca0aea781)
2020-04-07 19:01:34.609 15 RALLYDEBUG rally_openstack.cleanup.manager [-] Deleting neutron.port object s_rally_e7e3c1b2_Vth3CDhS (045f050d-fcfc-475a-83c4-1d4e7daf0076)
2020-04-07 19:01:34.617 15 RALLYDEBUG rally_openstack.cleanup.manager [-] Deleting neutron.port object s_rally_e7e3c1b2_Equ92cBN (07388513-58b4-4f94-acc1-8b7a930715b7)
2020-04-07 19:01:34.622 15 RALLYDEBUG rally_openstack.cleanup.manager [-] Deleting neutron.port object s_rally_e7e3c1b2_SwHkYfcC (017a0adb-0845-4f27-8f92-c0dc92e575ed)
2020-04-07 19:01:34.626 15 RALLYDEBUG rally_openstack.cleanup.manager [-] Deleting neutron.port object s_rally_e7e3c1b2_mx1jGwdf (1365fc2c-2b17-4a91-a1e1-cddb895ca497)
2020-04-07 19:01:34.643 15 RALLYDEBUG rally_openstack.cleanup.manager [-] Deleting neutron.port object s_rally_e7e3c1b2_xGAL0xiJ (0d1b897e-fd95-4034-b705-913538afb504)
2020-04-07 19:01:34.652 15 RALLYDEBUG rally_openstack.cleanup.manager [-] Deleting neutron.port object s_rally_e7e3c1b2_bvvec09P (17bf1891-851c-4f4a-8937-5d238a6997fe)
2020-04-07 19:01:34.677 15 RALLYDEBUG rally_openstack.cleanup.manager [-] Deleting neutron.port object s_rally_e7e3c1b2_NWFBB1iT (19be3e8a-921a-4613-9f4c-caadbb3ddab7)
2020-04-07 19:01:34.713 15 RALLYDEBUG rally_openstack.cleanup.manager [-] Deleting neutron.port object s_rally_e7e3c1b2_ExLiJUff (16aaf26b-6b95-44ca-b431-5bf77286af02)
2020-04-07 19:01:34.723 15 RALLYDEBUG rally_openstack.cleanup.manager [-] Deleting neutron.port object s_rally_e7e3c1b2_8APWNRKB (1fe61153-28c6-482a-837d-8ec59db928e2)
2020-04-07 19:01:34.739 15 RALLYDEBUG rally_openstack.cleanup.manager [-] Deleting neutron.port object s_rally_e7e3c1b2_nV5QWhIu (260c3e82-1644-48b9-abf8-fee6cdbb599f)
2020-04-07 19:01:34.758 15 RALLYDEBUG rally_openstack.cleanup.manager [-] Deleting neutron.port object s_rally_e7e3c1b2_xD0ytUpD (1dbed8b8-1427-47f6-9be8-09277652d6db)
2020-04-07 19:01:34.766 15 RALLYDEBUG rally_openstack.cleanup.manager [-] Deleting neutron.port object s_rally_e7e3c1b2_nFL99CSm (22f08061-54ed-436e-86d3-809c2d5721ec)
2020-04-07 19:01:34.776 15 RALLYDEBUG rally_openstack.cleanup.manager [-] Deleting neutron.port object s_rally_e7e3c1b2_0QDVcB7t (2827aff4-c450-45d8-9d4a-e45e479cd973)
2020-04-07 19:01:34.804 15 RALLYDEBUG rally_openstack.cleanup.manager [-] Deleting neutron.port object s_rally_e7e3c1b2_8s8KfAPh (29f2edc2-47a6-44ea-b616-98841a83e5f3)
2020-04-07 19:01:34.818 15 RALLYDEBUG rally_openstack.cleanup.manager [-] Deleting neutron.port object s_rally_e7e3c1b2_VWtPRG4d (2f2499b4-3eb8-4ff0-ae70-94084c79118a)
2020-04-07 19:01:34.824 15 RALLYDEBUG rally_openstack.cleanup.manager [-] Deleting neutron.port object s_rally_e7e3c1b2_q7fYYaYR (29df4e74-61e2-453c-adce-8941823ec039)
2020-04-07 19:01:34.851 15 RALLYDEBUG rally_openstack.cleanup.manager [-] Deleting neutron.port object s_rally_e7e3c1b2_Um4vqYCi (3887a9bf-b89e-4336-a36a-b432ac1bdb07)
2020-04-07 19:01:34.861 15 RALLYDEBUG rally_openstack.cleanup.manager [-] Deleting neutron.port object s_rally_e7e3c1b2_Vf5t6WZ8 (3c84cd12-2ff2-4495-ba9a-63b853eb8851)
2020-04-07 19:01:34.900 15 RALLYDEBUG rally_openstack.cleanup.manager [-] Deleting neutron.port object s_rally_e7e3c1b2_IFZJVlpA (3afd5bbe-b760-41c0-ae6b-dfde65221b58)
2020-04-07 19:01:38.555 15 RALLYDEBUG rally_openstack.cleanup.manager [-] Deleting neutron.port object s_rally_e7e3c1b2_yE2Api4J (3dbf1577-f1fa-4502-b0a7-2de26d23003b)
2020-04-07 19:01:38.777 15 RALLYDEBUG rally_openstack.cleanup.manager [-] Deleting neutron.port object s_rally_e7e3c1b2_3LmH8YrL (3ea9777f-ade4-48c0-90c4-377262e34e4b)
2020-04-07 19:01:39.282 15 RALLYDEBUG rally_openstack.cleanup.manager [-] Deleting neutron.port object s_rally_e7e3c1b2_tAFrhq55 (41eda804-f3d6-431a-beb0-a46c11dbc37f)
2020-04-07 19:01:39.584 15 RALLYDEBUG rally_openstack.cleanup.manager [-] Deleting neutron.port object s_rally_e7e3c1b2_GeMLxUE1 (41efe2d2-b305-479a-a442-1c73670ff028)
2020-04-07 19:01:39.708 15 RALLYDEBUG rally_openstack.cleanup.manager [-] Deleting neutron.port object s_rally_e7e3c1b2_ni69uCRR (4c76aa75-7acc-4768-bc1a-6b363840f8f6)
2020-04-07 19:01:39.732 15 RALLYDEBUG rally_openstack.cleanup.manager [-] Deleting neutron.port object s_rally_e7e3c1b2_LVB4gpeY (4f984a13-b9aa-4948-9536-1a5587ff8e1e)
2020-04-07 19:01:40.028 15 RALLYDEBUG rally_openstack.cleanup.manager [-] Deleting neutron.port object s_rally_e7e3c1b2_H1ApQoZR (51995097-4e29-410f-92ca-e42a0d95ab3d)
2020-04-07 19:01:40.177 15 RALLYDEBUG rally_openstack.cleanup.manager [-] Deleting neutron.port object s_rally_e7e3c1b2_8RJYVk9I (55c48be0-ea39-44e4-8e0b-d136bf8c2e50)
2020-04-07 19:01:40.182 15 RALLYDEBUG rally_openstack.cleanup.manager [-] Deleting neutron.port object s_rally_e7e3c1b2_5WGDJf98 (579dc092-db59-4882-a1b6-9bac05a4e761)
2020-04-07 19:01:40.582 15 RALLYDEBUG rally_openstack.cleanup.manager [-] Deleting neutron.port object s_rally_e7e3c1b2_ouc5g3Ux (5867c9fa-55b3-42ab-8852-e9f681b58ecf)
2020-04-07 19:01:40.614 15 RALLYDEBUG rally_openstack.cleanup.manager [-] Deleting neutron.port object s_rally_e7e3c1b2_OpugXnR2 (6457383b-8bc8-494c-991c-7178383b6844)
2020-04-07 19:01:40.727 15 RALLYDEBUG rally_openstack.cleanup.manager [-] Deleting neutron.port object s_rally_e7e3c1b2_baIUPCK5 (692c3021-fde8-4da3-ac70-ea914a2582d2)
2020-04-07 19:01:41.632 15 RALLYDEBUG rally_openstack.cleanup.manager [-] Deleting neutron.port object s_rally_e7e3c1b2_DEYl9dLj (69c01105-b288-4220-9bcd-0684a603d9b5)
2020-04-07 19:01:42.194 15 RALLYDEBUG rally_openstack.cleanup.manager [-] Deleting neutron.port object s_rally_e7e3c1b2_oE5rwm76 (6c3a00c5-8609-410e-add0-843785fa9c75)
2020-04-07 19:01:42.205 15 RALLYDEBUG rally_openstack.cleanup.manager [-] Deleting neutron.port object s_rally_e7e3c1b2_EgWkvmee (6da74b1c-d9b2-4ccc-b5ed-39e4fb4c7511)
2020-04-07 19:01:42.420 15 RALLYDEBUG rally_openstack.cleanup.manager [-] Deleting neutron.port object s_rally_e7e3c1b2_ZdFRebBE (6e50e906-4d64-41d1-a816-c54beb083696)
2020-04-07 19:01:42.530 15 RALLYDEBUG rally_openstack.cleanup.manager [-] Deleting neutron.port object s_rally_e7e3c1b2_QKzqdeqO (6fb6b0d0-7a96-4a97-984d-1777947951c0)
2020-04-07 19:01:42.582 15 RALLYDEBUG rally_openstack.cleanup.manager [-] Deleting neutron.port object s_rally_e7e3c1b2_FBDuhP9M (71803244-28bd-419c-92cf-b4c0674b7e94)
2020-04-07 19:01:42.609 15 RALLYDEBUG rally_openstack.cleanup.manager [-] Deleting neutron.port object s_rally_e7e3c1b2_Hbd7SzVb (71e555c6-f82a-419b-ada7-c40fe87a19ff)
2020-04-07 19:01:42.719 15 RALLYDEBUG rally_openstack.cleanup.manager [-] Deleting neutron.port object s_rally_e7e3c1b2_1xDEPN12 (7387308d-da4e-465d-8013-cca772b066b8)
2020-04-07 19:01:42.723 15 RALLYDEBUG rally_openstack.cleanup.manager [-] Deleting neutron.port object s_rally_e7e3c1b2_i31eU8yx (7d8c95ec-1e72-4b78-a279-5c7b4227f3b7)
2020-04-07 19:01:42.809 15 RALLYDEBUG rally_openstack.cleanup.manager [-] Deleting neutron.port object s_rally_e7e3c1b2_okOlSJK8 (85aa0b80-be67-4b6c-855b-305cbd071b4c)
2020-04-07 19:01:43.840 15 RALLYDEBUG rally_openstack.cleanup.manager [-] Deleting neutron.port object s_rally_e7e3c1b2_QeDoxYSu (8b52a650-076e-480c-84e6-b6e94fdc1788)
2020-04-07 19:01:43.847 15 RALLYDEBUG rally_openstack.cleanup.manager [-] Deleting neutron.port object s_rally_e7e3c1b2_IyhcMJTX (8ef8ea89-c35c-470d-b6a2-0793c620c311)
2020-04-07 19:01:43.865 15 RALLYDEBUG rally_openstack.cleanup.manager [-] Deleting neutron.port object s_rally_e7e3c1b2_q4T3aAU4 (93eb93c8-ae5b-4926-890d-809eed8bebab)
2020-04-07 19:01:44.227 15 RALLYDEBUG rally_openstack.cleanup.manager [-] Deleting neutron.port object s_rally_e7e3c1b2_H3ycCMAU (979c38d0-46f5-4a1e-a2a5-15ba85e152e2)
2020-04-07 19:01:44.532 15 RALLYDEBUG rally_openstack.cleanup.manager [-] Deleting neutron.port object s_rally_e7e3c1b2_NJNDqcFA (9987e159-01a5-48df-934b-ab4a2c862ce3)
2020-04-07 19:01:44.671 15 RALLYDEBUG rally_openstack.cleanup.manager [-] Deleting neutron.port object s_rally_e7e3c1b2_BLjrZPqp (99d20254-355a-4c30-a796-3596d6fb4057)
2020-04-07 19:01:45.139 15 RALLYDEBUG rally_openstack.cleanup.manager [-] Deleting neutron.port object s_rally_e7e3c1b2_GhldtsaQ (9a7978b8-65c7-4dd7-ab7d-a87b57ce372d)
2020-04-07 19:01:45.359 15 RALLYDEBUG rally_openstack.cleanup.manager [-] Deleting neutron.port object s_rally_e7e3c1b2_WiWmnvt6 (9b5f6244-2edc-43d7-bcdc-133f24f5960e)
2020-04-07 19:01:45.420 15 RALLYDEBUG rally_openstack.cleanup.manager [-] Deleting neutron.port object s_rally_e7e3c1b2_spvelU0p (9fb9a4dd-497a-46df-8da7-de1a44033edf)
2020-04-07 19:01:45.448 15 RALLYDEBUG rally_openstack.cleanup.manager [-] Deleting neutron.port object s_rally_e7e3c1b2_2uC7yL1x (a05c947c-ac18-4725-845b-3a2254d5551f)
2020-04-07 19:01:45.517 15 RALLYDEBUG rally_openstack.cleanup.manager [-] Deleting neutron.port object s_rally_e7e3c1b2_DtrkdOD4 (a19b4964-5418-4de4-bb2e-9c72a60449c7)
2020-04-07 19:01:45.876 15 RALLYDEBUG rally_openstack.cleanup.manager [-] Deleting neutron.port object s_rally_e7e3c1b2_P0eFqVqJ (a8ad3f69-d2eb-4aaa-838d-b2ce9d7c46f4)
2020-04-07 19:01:46.191 15 RALLYDEBUG rally_openstack.cleanup.manager [-] Deleting neutron.port object s_rally_e7e3c1b2_GzyTHAag (accf3905-972a-44d8-8aee-dcbf41c37d50)
2020-04-07 19:01:47.069 15 RALLYDEBUG rally_openstack.cleanup.manager [-] Deleting neutron.port object s_rally_e7e3c1b2_6xOVXPk1 (ad384a44-3db5-4c28-be1c-82f45ff940ac)
2020-04-07 19:01:47.368 15 RALLYDEBUG rally_openstack.cleanup.manager [-] Deleting neutron.port object s_rally_e7e3c1b2_jEdqKip6 (ae0e1625-4b2b-4c96-bc2a-02c13b1d2e9b)
2020-04-07 19:01:47.401 15 RALLYDEBUG rally_openstack.cleanup.manager [-] Deleting neutron.port object s_rally_e7e3c1b2_aWR8UXVU (af56e74d-f39a-4dcc-b172-dcf57d6ed258)
2020-04-07 19:01:47.426 15 RALLYDEBUG rally_openstack.cleanup.manager [-] Deleting neutron.port object s_rally_e7e3c1b2_ObmeHPKD (b0339567-6648-40e3-a8e2-1233174f6fda)
2020-04-07 19:01:47.749 15 RALLYDEBUG rally_openstack.cleanup.manager [-] Deleting neutron.port object s_rally_e7e3c1b2_3G3uzAML (b17af828-7336-4b63-a7c2-03d6d1dbfdd5)
2020-04-07 19:01:48.703 15 RALLYDEBUG rally_openstack.cleanup.manager [-] Deleting neutron.port object s_rally_e7e3c1b2_gAiwbKMP (b3a2451a-f3b7-4e9e-a3e2-7ad2526a9f48)
2020-04-07 19:01:48.763 15 RALLYDEBUG rally_openstack.cleanup.manager [-] Deleting neutron.port object s_rally_e7e3c1b2_pkzXAq97 (b84b3b70-29ed-40e6-b9cd-69b855d1665f)
2020-04-07 19:01:49.032 15 RALLYDEBUG rally_openstack.cleanup.manager [-] Deleting neutron.port object s_rally_e7e3c1b2_kF1vRDDU (bc44b509-5aff-4b23-b588-f616391cee76)
2020-04-07 19:01:49.207 15 RALLYDEBUG rally_openstack.cleanup.manager [-] Deleting neutron.port object s_rally_e7e3c1b2_sohN7Fhd (bd4bcf1a-1ddd-4f2f-b659-89ee548b2410)
2020-04-07 19:01:49.976 15 RALLYDEBUG rally_openstack.cleanup.manager [-] Deleting neutron.port object s_rally_e7e3c1b2_tSfGw6do (ca5c0559-a3ce-44a8-939b-7b15443f6e78)
2020-04-07 19:01:50.264 15 RALLYDEBUG rally_openstack.cleanup.manager [-] Deleting neutron.port object s_rally_e7e3c1b2_3OpN9qTV (ca9d3890-aa75-4786-ad79-8d815db04d96)
2020-04-07 19:01:50.453 15 RALLYDEBUG rally_openstack.cleanup.manager [-] Deleting neutron.port object s_rally_e7e3c1b2_Kj7ulJto (cccfc182-9319-44b3-8d97-4a711d3b4aa4)
2020-04-07 19:01:50.460 15 RALLYDEBUG rally_openstack.cleanup.manager [-] Deleting neutron.port object s_rally_e7e3c1b2_PSZ2TP16 (d4179a81-b818-42da-b71e-387c244c6e06)
2020-04-07 19:01:50.692 15 RALLYDEBUG rally_openstack.cleanup.manager [-] Deleting neutron.port object s_rally_e7e3c1b2_x5eA1zwd (d7070473-8e05-43c9-8eba-0abdac23d8b5)
2020-04-07 19:01:51.760 15 RALLYDEBUG rally_openstack.cleanup.manager [-] Deleting neutron.port object s_rally_e7e3c1b2_YgGB6QJD (d8d82c85-c399-48ec-b52a-61870cb45d5c)
2020-04-07 19:01:52.514 15 RALLYDEBUG rally_openstack.cleanup.manager [-] Deleting neutron.port object s_rally_e7e3c1b2_EmbimzX6 (de8af2d8-b171-4f79-88da-cd974dd57737)
2020-04-07 19:01:53.456 15 RALLYDEBUG rally_openstack.cleanup.manager [-] Deleting neutron.port object s_rally_e7e3c1b2_2548bYu4 (def190fd-17e9-4104-ad03-905420f45ae0)
2020-04-07 19:01:53.492 15 RALLYDEBUG rally_openstack.cleanup.manager [-] Deleting neutron.port object s_rally_e7e3c1b2_rBJlc8Oi (e8d08f28-7d0f-4cc9-b095-564bd2c47673)
2020-04-07 19:01:54.908 15 RALLYDEBUG rally_openstack.cleanup.manager [-] Deleting neutron.port object s_rally_e7e3c1b2_lk3gSGYu (f18cc32b-6d77-4dca-866b-23e21a6a829d)
2020-04-07 19:01:56.537 15 RALLYDEBUG rally_openstack.cleanup.manager [-] Deleting neutron.port object s_rally_e7e3c1b2_WBryXpAx (f32f4142-9320-4a5d-bb7f-b1cbdd8428ec)
2020-04-07 19:01:56.578 15 RALLYDEBUG rally_openstack.cleanup.manager [-] Deleting neutron.port object s_rally_e7e3c1b2_Kvn3dmuA (f3df156d-7c93-4d44-87bf-9fdc7db99daf)
2020-04-07 19:01:58.320 15 RALLYDEBUG rally_openstack.cleanup.manager [-] Deleting neutron.port object s_rally_e7e3c1b2_nSnrzD4t (f5b9a6c0-51d6-41bc-ae90-23cdadf22ce0)
2020-04-07 19:01:59.945 15 RALLYDEBUG rally_openstack.cleanup.manager [-] Deleting neutron.port object s_rally_e7e3c1b2_gZ2oAONN (f5c6400c-4d6c-44ac-95d9-737ce09dec19)
2020-04-07 19:02:00.059 15 RALLYDEBUG rally_openstack.cleanup.manager [-] Deleting neutron.port object s_rally_e7e3c1b2_7HbpWJgn (f6c38b16-deee-4cd5-8dcc-0678a231bfae)
2020-04-07 19:02:00.917 15 RALLYDEBUG rally_openstack.cleanup.manager [-] Deleting neutron.port object s_rally_e7e3c1b2_P844nFmE (fc1e4449-7a68-4961-ba6e-4c3db0696c8c)
2020-04-07 19:02:37.026 15 ERROR rally_openstack.osclients [-] Unable to authenticate for user c_rally_e7e3c1b2_Rnb2KHog in project c_rally_e7e3c1b2_BJxwjflB: BadGateway: Bad Gateway (HTTP 502)
2020-04-07 19:02:37.026 15 ERROR rally_openstack.osclients
Traceback (most recent call last):
2020-04-07 19:02:37.026 15 ERROR rally_openstack.osclients
File "/usr/lib/python2.7/site-packages/rally_openstack/osclients.py", line 273, in auth_ref
2020-04-07 19:02:37.026 15 ERROR rally_openstack.osclients self.cache["keystone_auth_ref"] = plugin.get_access(sess)
2020-04-07 19:02:37.026 15 ERROR rally_openstack.osclients
File "/usr/lib/python2.7/site-packages/keystoneauth1/identity/base.py", line 134, in get_access
2020-04-07 19:02:37.026 15 ERROR rally_openstack.osclients self.auth_ref = self.get_auth_ref(session)
2020-04-07 19:02:37.026 15 ERROR rally_openstack.osclients
File "/usr/lib/python2.7/site-packages/keystoneauth1/identity/generic/base.py", line 208, in get_auth_ref
2020-04-07 19:02:37.026 15 ERROR rally_openstack.osclients return self._plugin.get_auth_ref(session, **kwargs)
2020-04-07 19:02:37.026 15 ERROR rally_openstack.osclients
File "/usr/lib/python2.7/site-packages/keystoneauth1/identity/v3/base.py", line 178, in get_auth_ref
2020-04-07 19:02:37.026 15 ERROR rally_openstack.osclients authenticated=False, log=False, **rkwargs)
2020-04-07 19:02:37.026 15 ERROR rally_openstack.osclients
File "/usr/lib/python2.7/site-packages/keystoneauth1/session.py", line 1019, in post
2020-04-07 19:02:37.026 15 ERROR rally_openstack.osclients return self.request(url, 'POST', **kwargs)
2020-04-07 19:02:37.026 15 ERROR rally_openstack.osclients
File "/usr/lib/python2.7/site-packages/keystoneauth1/session.py", line 869, in request
2020-04-07 19:02:37.026 15 ERROR rally_openstack.osclients raise exceptions.from_response(resp, method, url)
2020-04-07 19:02:37.026 15 ERROR rally_openstack.osclients BadGateway: Bad Gateway (HTTP 502)
2020-04-07 19:02:37.026 15 ERROR rally_openstack.osclients
2020-04-07 19:02:37.032 15 ERROR rally_openstack.osclients [-] Unable to authenticate for user c_rally_e7e3c1b2_Rnb2KHog in project c_rally_e7e3c1b2_BJxwjflB: BadGateway: Bad Gateway (HTTP 502)
2020-04-07 19:02:37.032 15 ERROR rally_openstack.osclients
Traceback (most recent call last):
2020-04-07 19:02:37.032 15 ERROR rally_openstack.osclients
File "/usr/lib/python2.7/site-packages/rally_openstack/osclients.py", line 273, in auth_ref
2020-04-07 19:02:37.032 15 ERROR rally_openstack.osclients self.cache["keystone_auth_ref"] = plugin.get_access(sess)
2020-04-07 19:02:37.032 15 ERROR rally_openstack.osclients
File "/usr/lib/python2.7/site-packages/keystoneauth1/identity/base.py", line 134, in get_access
2020-04-07 19:02:37.032 15 ERROR rally_openstack.osclients self.auth_ref = self.get_auth_ref(session)
2020-04-07 19:02:37.032 15 ERROR rally_openstack.osclients
File "/usr/lib/python2.7/site-packages/keystoneauth1/identity/generic/base.py", line 208, in get_auth_ref
2020-04-07 19:02:37.032 15 ERROR rally_openstack.osclients return self._plugin.get_auth_ref(session, **kwargs)
2020-04-07 19:02:37.032 15 ERROR rally_openstack.osclients
File "/usr/lib/python2.7/site-packages/keystoneauth1/identity/v3/base.py", line 178, in get_auth_ref
2020-04-07 19:02:37.032 15 ERROR rally_openstack.osclients authenticated=False, log=False, **rkwargs)
2020-04-07 19:02:37.032 15 ERROR rally_openstack.osclients
File "/usr/lib/python2.7/site-packages/keystoneauth1/session.py", line 1019, in post
2020-04-07 19:02:37.032 15 ERROR rally_openstack.osclients return self.request(url, 'POST', **kwargs)
2020-04-07 19:02:37.032 15 ERROR rally_openstack.osclients
File "/usr/lib/python2.7/site-packages/keystoneauth1/session.py", line 869, in request
2020-04-07 19:02:37.032 15 ERROR rally_openstack.osclients raise exceptions.from_response(resp, method, url)
2020-04-07 19:02:37.032 15 ERROR rally_openstack.osclients BadGateway: Bad Gateway (HTTP 502)
2020-04-07 19:02:37.032 15 ERROR rally_openstack.osclients
2020-04-07 19:02:37.034 15 ERROR rally_openstack.osclients [-] Unable to authenticate for user c_rally_e7e3c1b2_Rnb2KHog in project c_rally_e7e3c1b2_BJxwjflB: BadGateway: Bad Gateway (HTTP 502)
2020-04-07 19:02:37.034 15 ERROR rally_openstack.osclients
Traceback (most recent call last):
2020-04-07 19:02:37.034 15 ERROR rally_openstack.osclients
File "/usr/lib/python2.7/site-packages/rally_openstack/osclients.py", line 273, in auth_ref
2020-04-07 19:02:37.034 15 ERROR rally_openstack.osclients self.cache["keystone_auth_ref"] = plugin.get_access(sess)
2020-04-07 19:02:37.034 15 ERROR rally_openstack.osclients
File "/usr/lib/python2.7/site-packages/keystoneauth1/identity/base.py", line 134, in get_access
2020-04-07 19:02:37.034 15 ERROR rally_openstack.osclients self.auth_ref = self.get_auth_ref(session)
2020-04-07 19:02:37.034 15 ERROR rally_openstack.osclients
File "/usr/lib/python2.7/site-packages/keystoneauth1/identity/generic/base.py", line 208, in get_auth_ref
2020-04-07 19:02:37.034 15 ERROR rally_openstack.osclients return self._plugin.get_auth_ref(session, **kwargs)
2020-04-07 19:02:37.034 15 ERROR rally_openstack.osclients
File "/usr/lib/python2.7/site-packages/keystoneauth1/identity/v3/base.py", line 178, in get_auth_ref
2020-04-07 19:02:37.034 15 ERROR rally_openstack.osclients authenticated=False, log=False, **rkwargs)
2020-04-07 19:02:37.034 15 ERROR rally_openstack.osclients
File "/usr/lib/python2.7/site-packages/keystoneauth1/session.py", line 1019, in post
2020-04-07 19:02:37.034 15 ERROR rally_openstack.osclients return self.request(url, 'POST', **kwargs)
2020-04-07 19:02:37.034 15 ERROR rally_openstack.osclients
File "/usr/lib/python2.7/site-packages/keystoneauth1/session.py", line 869, in request
2020-04-07 19:02:37.034 15 ERROR rally_openstack.osclients raise exceptions.from_response(resp, method, url)
2020-04-07 19:02:37.034 15 ERROR rally_openstack.osclients BadGateway: Bad Gateway (HTTP 502)
2020-04-07 19:02:37.034 15 ERROR rally_openstack.osclients
2020-04-07 19:02:42.926 15 RALLYDEBUG rally_openstack.cleanup.manager [-] Cleaning up neutron subnet objects
2020-04-07 19:02:43.473 15 RALLYDEBUG rally_openstack.cleanup.manager [-] Deleting neutron.subnet object s_rally_e7e3c1b2_FIxvnaNb (005b1b2e-94db-4b15-96e3-f7b638354629)
2020-04-07 19:02:43.482 15 RALLYDEBUG rally_openstack.cleanup.manager [-] Deleting neutron.subnet object s_rally_e7e3c1b2_0r3MrucZ (0147a029-2abd-4f7e-b706-e985c8e72f63)
2020-04-07 19:02:43.489 15 RALLYDEBUG rally_openstack.cleanup.manager [-] Deleting neutron.subnet object s_rally_e7e3c1b2_vEyqKdzx (0d80294d-51c6-4ad0-ab7c-b91a16cc5663)
2020-04-07 19:02:43.495 15 RALLYDEBUG rally_openstack.cleanup.manager [-] Deleting neutron.subnet object s_rally_e7e3c1b2_p9dOQ6mD (13360dca-73ab-4986-862f-b788519c14d0)
2020-04-07 19:02:43.503 15 RALLYDEBUG rally_openstack.cleanup.manager [-] Deleting neutron.subnet object s_rally_e7e3c1b2_PFbRrj7l (15f036cd-7bbd-4a32-b13f-fa19ef1fea7d)
2020-04-07 19:02:43.524 15 RALLYDEBUG rally_openstack.cleanup.manager [-] Deleting neutron.subnet object s_rally_e7e3c1b2_9Sk3TUPU (1c01b6b8-9579-4f64-ab46-5f6e0ecc0895)
2020-04-07 19:02:43.527 15 RALLYDEBUG rally_openstack.cleanup.manager [-] Deleting neutron.subnet object s_rally_e7e3c1b2_z4d12IAK (1d0c8169-7ae3-4355-b0fc-b2d62e3ab738)
2020-04-07 19:02:43.551 15 RALLYDEBUG rally_openstack.cleanup.manager [-] Deleting neutron.subnet object s_rally_e7e3c1b2_XInvCkw4 (1ef8ba03-a372-4c7f-9d70-68683382a553)
2020-04-07 19:02:43.609 15 RALLYDEBUG rally_openstack.cleanup.manager [-] Deleting neutron.subnet object s_rally_e7e3c1b2_Y26xDhzE (219d6a2e-236a-46b6-bb92-794e1976a548)
2020-04-07 19:02:43.628 15 RALLYDEBUG rally_openstack.cleanup.manager [-] Deleting neutron.subnet object s_rally_e7e3c1b2_uAfBcfG3 (2673c04b-cb1f-445f-809d-9e761d2d9862)
2020-04-07 19:02:43.635 15 RALLYDEBUG rally_openstack.cleanup.manager [-] Deleting neutron.subnet object s_rally_e7e3c1b2_Xcx4jV5J (25ea5241-cb04-4d25-8a0b-4521f4d2f4ba)
2020-04-07 19:02:43.645 15 RALLYDEBUG rally_openstack.cleanup.manager [-] Deleting neutron.subnet object s_rally_e7e3c1b2_gDN4cMAH (1f73417b-d108-4529-b81c-20320205bcaf)
