2020-04-07 18:54:26.421 1051 INFO rally.task.runner [-] Task a46f4895-59bf-4f55-9adc-fee87e26eed0 | ITER: 19 END: OK
2020-04-07 18:54:26.426 1051 INFO rally.task.runner [-] Task a46f4895-59bf-4f55-9adc-fee87e26eed0 | ITER: 35 START
2020-04-07 18:54:26.490 1025 INFO rally.task.runner [-] Task a46f4895-59bf-4f55-9adc-fee87e26eed0 | ITER: 11 END: OK
2020-04-07 18:54:26.492 1005 INFO rally.task.runner [-] Task a46f4895-59bf-4f55-9adc-fee87e26eed0 | ITER: 3 END: OK
2020-04-07 18:54:26.494 1025 INFO rally.task.runner [-] Task a46f4895-59bf-4f55-9adc-fee87e26eed0 | ITER: 36 START
2020-04-07 18:54:26.497 1005 INFO rally.task.runner [-] Task a46f4895-59bf-4f55-9adc-fee87e26eed0 | ITER: 37 START
2020-04-07 18:54:26.573 1042 INFO rally.task.runner [-] Task a46f4895-59bf-4f55-9adc-fee87e26eed0 | ITER: 16 END: OK
2020-04-07 18:54:26.577 1042 INFO rally.task.runner [-] Task a46f4895-59bf-4f55-9adc-fee87e26eed0 | ITER: 38 START
2020-04-07 18:54:26.607 1019 INFO rally.task.runner [-] Task a46f4895-59bf-4f55-9adc-fee87e26eed0 | ITER: 9 END: OK
2020-04-07 18:54:26.612 1019 INFO rally.task.runner [-] Task a46f4895-59bf-4f55-9adc-fee87e26eed0 | ITER: 39 START
2020-04-07 18:54:26.832 1045 INFO rally.task.runner [-] Task a46f4895-59bf-4f55-9adc-fee87e26eed0 | ITER: 23 END: OK
2020-04-07 18:54:26.836 1045 INFO rally.task.runner [-] Task a46f4895-59bf-4f55-9adc-fee87e26eed0 | ITER: 40 START
2020-04-07 18:54:26.848 1004 INFO rally.task.runner [-] Task a46f4895-59bf-4f55-9adc-fee87e26eed0 | ITER: 21 END: OK
2020-04-07 18:54:26.969 1016 INFO rally.task.runner [-] Task a46f4895-59bf-4f55-9adc-fee87e26eed0 | ITER: 8 END: OK
2020-04-07 18:54:27.737 1037 INFO rally.task.runner [-] Task a46f4895-59bf-4f55-9adc-fee87e26eed0 | ITER: 22 END: OK
2020-04-07 18:54:27.748 1006 INFO rally.task.runner [-] Task a46f4895-59bf-4f55-9adc-fee87e26eed0 | ITER: 26 END: OK
2020-04-07 18:54:27.990 1007 INFO rally.task.runner [-] Task a46f4895-59bf-4f55-9adc-fee87e26eed0 | ITER: 33 END: OK
2020-04-07 18:54:27.995 1048 INFO rally.task.runner [-] Task a46f4895-59bf-4f55-9adc-fee87e26eed0 | ITER: 32 END: OK
2020-04-07 18:54:28.028 1010 INFO rally.task.runner [-] Task a46f4895-59bf-4f55-9adc-fee87e26eed0 | ITER: 25 END: OK
2020-04-07 18:54:28.223 1022 INFO rally.task.runner [-] Task a46f4895-59bf-4f55-9adc-fee87e26eed0 | ITER: 30 END: OK
2020-04-07 18:54:28.432 1033 INFO rally.task.runner [-] Task a46f4895-59bf-4f55-9adc-fee87e26eed0 | ITER: 27 END: OK
2020-04-07 18:54:28.435 1003 INFO rally.task.runner [-] Task a46f4895-59bf-4f55-9adc-fee87e26eed0 | ITER: 24 END: OK
2020-04-07 18:54:28.463 1051 INFO rally.task.runner [-] Task a46f4895-59bf-4f55-9adc-fee87e26eed0 | ITER: 35 END: OK
2020-04-07 18:54:28.618 1028 INFO rally.task.runner [-] Task a46f4895-59bf-4f55-9adc-fee87e26eed0 | ITER: 29 END: OK
2020-04-07 18:54:28.736 1013 INFO rally.task.runner [-] Task a46f4895-59bf-4f55-9adc-fee87e26eed0 | ITER: 31 END: OK
2020-04-07 18:54:28.746 1025 INFO rally.task.runner [-] Task a46f4895-59bf-4f55-9adc-fee87e26eed0 | ITER: 36 END: OK
2020-04-07 18:54:28.906 1005 INFO rally.task.runner [-] Task a46f4895-59bf-4f55-9adc-fee87e26eed0 | ITER: 37 END: OK
2020-04-07 18:54:28.989 1045 INFO rally.task.runner [-] Task a46f4895-59bf-4f55-9adc-fee87e26eed0 | ITER: 40 END: OK
2020-04-07 18:54:29.015 1042 INFO rally.task.runner [-] Task a46f4895-59bf-4f55-9adc-fee87e26eed0 | ITER: 38 END: OK
2020-04-07 18:54:29.261 1034 INFO rally.task.runner [-] Task a46f4895-59bf-4f55-9adc-fee87e26eed0 | ITER: 28 END: OK
2020-04-07 18:54:29.283 1019 INFO rally.task.runner [-] Task a46f4895-59bf-4f55-9adc-fee87e26eed0 | ITER: 39 END: OK
2020-04-07 18:54:29.319 1052 INFO rally.task.runner [-] Task a46f4895-59bf-4f55-9adc-fee87e26eed0 | ITER: 34 END: OK
2020-04-07 18:54:29.347 15 INFO rally.task.context [-] Task a46f4895-59bf-4f55-9adc-fee87e26eed0 | Context cleanup@openstack cleanup() started
2020-04-07 18:54:29.350 15 RALLYDEBUG rally_openstack.cleanup.manager [-] Cleaning up neutron vip objects
2020-04-07 18:54:29.546 15 RALLYDEBUG rally_openstack.cleanup.manager [-] Cleaning up neutron health_monitor objects
2020-04-07 18:54:29.743 15 RALLYDEBUG rally_openstack.cleanup.manager [-] Cleaning up neutron pool objects
2020-04-07 18:54:29.937 15 RALLYDEBUG rally_openstack.cleanup.manager [-] Cleaning up neutron loadbalancer objects
2020-04-07 18:54:30.129 15 RALLYDEBUG rally_openstack.cleanup.manager [-] Cleaning up neutron floatingip objects
2020-04-07 18:54:30.331 15 RALLYDEBUG rally_openstack.cleanup.manager [-] Cleaning up neutron trunk objects
2020-04-07 18:54:30.516 15 DEBUG neutronclient.v2_0.client [-] Error message: {"NeutronError": {"message": "Invalid input for operation: 'tenant_id' is not supported for filtering.", "type": "InvalidInput", "detail": ""}} _handle_fault_response /usr/lib/python2.7/site-packages/neutronclient/v2_0/client.py:259
2020-04-07 18:54:30.552 15 DEBUG neutronclient.v2_0.client [-] Error message: {"NeutronError": {"message": "Invalid input for operation: 'tenant_id' is not supported for filtering.", "type": "InvalidInput", "detail": ""}} _handle_fault_response /usr/lib/python2.7/site-packages/neutronclient/v2_0/client.py:259
2020-04-07 18:54:30.584 15 DEBUG neutronclient.v2_0.client [-] Error message: {"NeutronError": {"message": "Invalid input for operation: 'tenant_id' is not supported for filtering.", "type": "InvalidInput", "detail": ""}} _handle_fault_response /usr/lib/python2.7/site-packages/neutronclient/v2_0/client.py:259
2020-04-07 18:54:30.584 15 ERROR rally_openstack.cleanup.manager [-] Seems like rally_openstack.cleanup.resources.NeutronTrunk.list(self) method is broken. It shouldn't raise any exceptions.: BadRequest: Invalid input for operation: 'tenant_id' is not supported for filtering. Neutron server returns request_ids: ['req-8636cd91-bf8d-4db5-929a-2b5a5394c8d0']
2020-04-07 18:54:30.584 15 ERROR rally_openstack.cleanup.manager
Traceback (most recent call last):
2020-04-07 18:54:30.584 15 ERROR rally_openstack.cleanup.manager
File "/usr/lib/python2.7/site-packages/rally_openstack/cleanup/manager.py", line 133, in _publish
2020-04-07 18:54:30.584 15 ERROR rally_openstack.cleanup.manager for raw_resource in rutils.retry(3, manager.list):
2020-04-07 18:54:30.584 15 ERROR rally_openstack.cleanup.manager
File "/usr/lib/python2.7/site-packages/rally/common/utils.py", line 230, in retry
2020-04-07 18:54:30.584 15 ERROR rally_openstack.cleanup.manager return func(*args, **kwargs)
2020-04-07 18:54:30.584 15 ERROR rally_openstack.cleanup.manager
File "/usr/lib/python2.7/site-packages/rally_openstack/cleanup/resources.py", line 396, in list
2020-04-07 18:54:30.584 15 ERROR rally_openstack.cleanup.manager return super(NeutronTrunk, self).list()
2020-04-07 18:54:30.584 15 ERROR rally_openstack.cleanup.manager
File "/usr/lib/python2.7/site-packages/rally_openstack/cleanup/resources.py", line 273, in list
2020-04-07 18:54:30.584 15 ERROR rally_openstack.cleanup.manager result = list_method(tenant_id=self.tenant_uuid)[resources]
2020-04-07 18:54:30.584 15 ERROR rally_openstack.cleanup.manager
File "/usr/lib/python2.7/site-packages/neutronclient/v2_0/client.py", line 2105, in list_trunks
2020-04-07 18:54:30.584 15 ERROR rally_openstack.cleanup.manager **_params)
2020-04-07 18:54:30.584 15 ERROR rally_openstack.cleanup.manager
File "/usr/lib/python2.7/site-packages/neutronclient/v2_0/client.py", line 369, in list
2020-04-07 18:54:30.584 15 ERROR rally_openstack.cleanup.manager for r in self._pagination(collection, path, **params):
2020-04-07 18:54:30.584 15 ERROR rally_openstack.cleanup.manager
File "/usr/lib/python2.7/site-packages/neutronclient/v2_0/client.py", line 384, in _pagination
2020-04-07 18:54:30.584 15 ERROR rally_openstack.cleanup.manager res = self.get(path, params=params)
2020-04-07 18:54:30.584 15 ERROR rally_openstack.cleanup.manager
File "/usr/lib/python2.7/site-packages/neutronclient/v2_0/client.py", line 354, in get
2020-04-07 18:54:30.584 15 ERROR rally_openstack.cleanup.manager headers=headers, params=params)
2020-04-07 18:54:30.584 15 ERROR rally_openstack.cleanup.manager
File "/usr/lib/python2.7/site-packages/neutronclient/v2_0/client.py", line 331, in retry_request
2020-04-07 18:54:30.584 15 ERROR rally_openstack.cleanup.manager headers=headers, params=params)
2020-04-07 18:54:30.584 15 ERROR rally_openstack.cleanup.manager
File "/usr/lib/python2.7/site-packages/neutronclient/v2_0/client.py", line 294, in do_request
2020-04-07 18:54:30.584 15 ERROR rally_openstack.cleanup.manager self._handle_fault_response(status_code, replybody, resp)
2020-04-07 18:54:30.584 15 ERROR rally_openstack.cleanup.manager
File "/usr/lib/python2.7/site-packages/neutronclient/v2_0/client.py", line 269, in _handle_fault_response
2020-04-07 18:54:30.584 15 ERROR rally_openstack.cleanup.manager exception_handler_v20(status_code, error_body)
2020-04-07 18:54:30.584 15 ERROR rally_openstack.cleanup.manager
File "/usr/lib/python2.7/site-packages/neutronclient/v2_0/client.py", line 93, in exception_handler_v20
2020-04-07 18:54:30.584 15 ERROR rally_openstack.cleanup.manager request_ids=request_ids)
2020-04-07 18:54:30.584 15 ERROR rally_openstack.cleanup.manager BadRequest: Invalid input for operation: 'tenant_id' is not supported for filtering.
2020-04-07 18:54:30.584 15 ERROR rally_openstack.cleanup.manager Neutron server returns request_ids: ['req-8636cd91-bf8d-4db5-929a-2b5a5394c8d0']
2020-04-07 18:54:30.584 15 ERROR rally_openstack.cleanup.manager
2020-04-07 18:54:30.594 15 RALLYDEBUG rally_openstack.cleanup.manager [-] Cleaning up neutron port objects
2020-04-07 18:54:30.814 15 RALLYDEBUG rally_openstack.cleanup.manager [-] Cleaning up neutron subnet objects
2020-04-07 18:54:31.178 15 RALLYDEBUG rally_openstack.cleanup.manager [-] Cleaning up neutron network objects
2020-04-07 18:54:31.422 15 RALLYDEBUG rally_openstack.cleanup.manager [-] Cleaning up neutron router objects
2020-04-07 18:54:31.684 15 RALLYDEBUG rally_openstack.cleanup.manager [-] Cleaning up neutron security_group objects
2020-04-07 18:54:31.964 15 INFO rally.task.context [-] Task a46f4895-59bf-4f55-9adc-fee87e26eed0 | Context cleanup@openstack cleanup() finished in 2.62 sec
2020-04-07 18:54:31.964 15 INFO rally.task.context [-] Task a46f4895-59bf-4f55-9adc-fee87e26eed0 | Context quotas@openstack cleanup() started
2020-04-07 18:54:32.007 15 INFO rally.task.context [-] Task a46f4895-59bf-4f55-9adc-fee87e26eed0 | Context quotas@openstack cleanup() finished in 43.29 msec
2020-04-07 18:54:32.008 15 INFO rally.task.context [-] Task a46f4895-59bf-4f55-9adc-fee87e26eed0 | Context users@openstack cleanup() started
2020-04-07 18:54:33.471 15 INFO rally.task.context [-] Task a46f4895-59bf-4f55-9adc-fee87e26eed0 | Context users@openstack cleanup() finished in 1.46 sec
2020-04-07 18:54:33.941 15 INFO rally.task.engine [-] Load duration is: 6.285198
2020-04-07 18:54:33.942 15 INFO rally.task.engine [-] Full runner duration is: 6.337255
2020-04-07 18:54:33.942 15 INFO rally.task.engine [-] Full duration is: 11.594127
2020-04-07 18:54:34.037 15 INFO rally.task.engine [-] Running workload: position = 0 config = { "version": 2, "title": "A cropped version of a bigger task.", "description": "Auto-generated task from a single workload (uuid=d352c157-47fe-4b7b-a4bc-fcc4c0ccb1ed)", "subtasks": [ { "title": "NeutronNetworks.create_and_list_subnets", "description": "Create and a given number of subnets and list all subnets.", "scenario": { "NeutronNetworks.create_and_list_subnets": { "subnets_per_network": 2 } }, "contexts": { "users": { "tenants": 1, "users_per_tenant": 1 }, "quotas": { "neutron": { "subnet": -1, "network": -1 } } }, "runner": { "constant": { "times": 40, "concurrency": 20 } }, "hooks": [], "sla": { "failure_rate": { "max": 0 } } } ] }
2020-04-07 18:54:34.050 15 RALLYDEBUG rally_openstack.contexts.keystone.users [-] Creating 1 tenants using 20 threads
2020-04-07 18:54:34.408 15 RALLYDEBUG rally_openstack.contexts.keystone.users [-] Creating 1 users using 20 threads
2020-04-07 18:54:34.884 15 INFO rally.task.context [-] Task a46f4895-59bf-4f55-9adc-fee87e26eed0 | Context users@openstack setup() finished in 0.83 sec
2020-04-07 18:54:35.252 15 INFO rally.task.context [-] Task a46f4895-59bf-4f55-9adc-fee87e26eed0 | Context quotas@openstack setup() finished in 0.37 sec
2020-04-07 18:54:35.253 15 INFO rally.task.context [-] Task a46f4895-59bf-4f55-9adc-fee87e26eed0 | Context cleanup@openstack setup() finished in 0.01 msec
2020-04-07 18:54:35.262 15 RALLYDEBUG rally.task.runner [-] Starting the constant runner (task UUID: a46f4895-59bf-4f55-9adc-fee87e26eed0). timeout: 0 concurrency: 20 concurrency_per_worker: 1 times: 40 concurrency_overhead: 0 processes_to_start: 20 max_cpu_used: 88
2020-04-07 18:54:35.274 1405 RALLYDEBUG rally.task.runner [-] Starting a worker. concurrency: 1 args: {"subnets_per_network": 2} times: 40 method_name: run timeout: 0 duration: None cls:
2020-04-07 18:54:35.277 1406 RALLYDEBUG rally.task.runner [-] Starting a worker. concurrency: 1 args: {"subnets_per_network": 2} times: 40 method_name: run timeout: 0 duration: None cls:
2020-04-07 18:54:35.279 1407 RALLYDEBUG rally.task.runner [-] Starting a worker. concurrency: 1 args: {"subnets_per_network": 2} times: 40 method_name: run timeout: 0 duration: None cls:
2020-04-07 18:54:35.280 1405 INFO rally.task.runner [-] Task a46f4895-59bf-4f55-9adc-fee87e26eed0 | ITER: 1 START
2020-04-07 18:54:35.282 1408 RALLYDEBUG rally.task.runner [-] Starting a worker. concurrency: 1 args: {"subnets_per_network": 2} times: 40 method_name: run timeout: 0 duration: None cls:
2020-04-07 18:54:35.283 1406 INFO rally.task.runner [-] Task a46f4895-59bf-4f55-9adc-fee87e26eed0 | ITER: 2 START
2020-04-07 18:54:35.285 1407 INFO rally.task.runner [-] Task a46f4895-59bf-4f55-9adc-fee87e26eed0 | ITER: 3 START
2020-04-07 18:54:35.285 1409 RALLYDEBUG rally.task.runner [-] Starting a worker. concurrency: 1 args: {"subnets_per_network": 2} times: 40 method_name: run timeout: 0 duration: None cls:
2020-04-07 18:54:35.287 1412 RALLYDEBUG rally.task.runner [-] Starting a worker. concurrency: 1 args: {"subnets_per_network": 2} times: 40 method_name: run timeout: 0 duration: None cls:
2020-04-07 18:54:35.288 1408 INFO rally.task.runner [-] Task a46f4895-59bf-4f55-9adc-fee87e26eed0 | ITER: 4 START
2020-04-07 18:54:35.290 1409 INFO rally.task.runner [-] Task a46f4895-59bf-4f55-9adc-fee87e26eed0 | ITER: 5 START
2020-04-07 18:54:35.290 1415 RALLYDEBUG rally.task.runner [-] Starting a worker. concurrency: 1 args: {"subnets_per_network": 2} times: 40 method_name: run timeout: 0 duration: None cls:
2020-04-07 18:54:35.293 1412 INFO rally.task.runner [-] Task a46f4895-59bf-4f55-9adc-fee87e26eed0 | ITER: 6 START
2020-04-07 18:54:35.293 1418 RALLYDEBUG rally.task.runner [-] Starting a worker. concurrency: 1 args: {"subnets_per_network": 2} times: 40 method_name: run timeout: 0 duration: None cls:
2020-04-07 18:54:35.296 1415 INFO rally.task.runner [-] Task a46f4895-59bf-4f55-9adc-fee87e26eed0 | ITER: 7 START
2020-04-07 18:54:35.296 1421 RALLYDEBUG rally.task.runner [-] Starting a worker. concurrency: 1 args: {"subnets_per_network": 2} times: 40 method_name: run timeout: 0 duration: None cls:
2020-04-07 18:54:35.299 1418 INFO rally.task.runner [-] Task a46f4895-59bf-4f55-9adc-fee87e26eed0 | ITER: 8 START
2020-04-07 18:54:35.299 1424 RALLYDEBUG rally.task.runner [-] Starting a worker. concurrency: 1 args: {"subnets_per_network": 2} times: 40 method_name: run timeout: 0 duration: None cls:
2020-04-07 18:54:35.302 1421 INFO rally.task.runner [-] Task a46f4895-59bf-4f55-9adc-fee87e26eed0 | ITER: 9 START
2020-04-07 18:54:35.302 1428 RALLYDEBUG rally.task.runner [-] Starting a worker. concurrency: 1 args: {"subnets_per_network": 2} times: 40 method_name: run timeout: 0 duration: None cls:
2020-04-07 18:54:35.304 1430 RALLYDEBUG rally.task.runner [-] Starting a worker. concurrency: 1 args: {"subnets_per_network": 2} times: 40 method_name: run timeout: 0 duration: None cls:
2020-04-07 18:54:35.305 1424 INFO rally.task.runner [-] Task a46f4895-59bf-4f55-9adc-fee87e26eed0 | ITER: 10 START
2020-04-07 18:54:35.308 1428 INFO rally.task.runner [-] Task a46f4895-59bf-4f55-9adc-fee87e26eed0 | ITER: 11 START
2020-04-07 18:54:35.307 1433 RALLYDEBUG rally.task.runner [-] Starting a worker. concurrency: 1 args: {"subnets_per_network": 2} times: 40 method_name: run timeout: 0 duration: None cls:
2020-04-07 18:54:35.310 1430 INFO rally.task.runner [-] Task a46f4895-59bf-4f55-9adc-fee87e26eed0 | ITER: 12 START
2020-04-07 18:54:35.310 1436 RALLYDEBUG rally.task.runner [-] Starting a worker. concurrency: 1 args: {"subnets_per_network": 2} times: 40 method_name: run timeout: 0 duration: None cls:
2020-04-07 18:54:35.313 1433 INFO rally.task.runner [-] Task a46f4895-59bf-4f55-9adc-fee87e26eed0 | ITER: 13 START
2020-04-07 18:54:35.313 1440 RALLYDEBUG rally.task.runner [-] Starting a worker. concurrency: 1 args: {"subnets_per_network": 2} times: 40 method_name: run timeout: 0 duration: None cls:
2020-04-07 18:54:35.316 1436 INFO rally.task.runner [-] Task a46f4895-59bf-4f55-9adc-fee87e26eed0 | ITER: 14 START
2020-04-07 18:54:35.316 1443 RALLYDEBUG rally.task.runner [-] Starting a worker. concurrency: 1 args: {"subnets_per_network": 2} times: 40 method_name: run timeout: 0 duration: None cls:
2020-04-07 18:54:35.318 1445 RALLYDEBUG rally.task.runner [-] Starting a worker. concurrency: 1 args: {"subnets_per_network": 2} times: 40 method_name: run timeout: 0 duration: None cls:
2020-04-07 18:54:35.319 1440 INFO rally.task.runner [-] Task a46f4895-59bf-4f55-9adc-fee87e26eed0 | ITER: 15 START
2020-04-07 18:54:35.321 1448 RALLYDEBUG rally.task.runner [-] Starting a worker. concurrency: 1 args: {"subnets_per_network": 2} times: 40 method_name: run timeout: 0 duration: None cls:
2020-04-07 18:54:35.321 1443 INFO rally.task.runner [-] Task a46f4895-59bf-4f55-9adc-fee87e26eed0 | ITER: 16 START
2020-04-07 18:54:35.322 1445 INFO rally.task.runner [-] Task a46f4895-59bf-4f55-9adc-fee87e26eed0 | ITER: 17 START
2020-04-07 18:54:35.324 1451 RALLYDEBUG rally.task.runner [-] Starting a worker. concurrency: 1 args: {"subnets_per_network": 2} times: 40 method_name: run timeout: 0 duration: None cls:
2020-04-07 18:54:35.326 1448 INFO rally.task.runner [-] Task a46f4895-59bf-4f55-9adc-fee87e26eed0 | ITER: 18 START
2020-04-07 18:54:35.327 1455 RALLYDEBUG rally.task.runner [-] Starting a worker. concurrency: 1 args: {"subnets_per_network": 2} times: 40 method_name: run timeout: 0 duration: None cls:
2020-04-07 18:54:35.328 1451 INFO rally.task.runner [-] Task a46f4895-59bf-4f55-9adc-fee87e26eed0 | ITER: 19 START
2020-04-07 18:54:35.332 1455 INFO rally.task.runner [-] Task a46f4895-59bf-4f55-9adc-fee87e26eed0 | ITER: 20 START
2020-04-07 18:54:35.948 1433 RALLYDEBUG rally_openstack.wrappers.network [-] CIDR generated: 10.2.0.0/24
2020-04-07 18:54:35.971 1405 RALLYDEBUG rally_openstack.wrappers.network [-] CIDR generated: 10.2.1.0/24
2020-04-07 18:54:36.013 1412 RALLYDEBUG rally_openstack.wrappers.network [-] CIDR generated: 10.2.2.0/24
2020-04-07 18:54:36.119 1408 RALLYDEBUG rally_openstack.wrappers.network [-] CIDR generated: 10.2.3.0/24
2020-04-07 18:54:36.242 1436 RALLYDEBUG rally_openstack.wrappers.network [-] CIDR generated: 10.2.4.0/24
2020-04-07 18:54:36.247 1445 RALLYDEBUG rally_openstack.wrappers.network [-] CIDR generated: 10.2.5.0/24
2020-04-07 18:54:36.267 1440 RALLYDEBUG rally_openstack.wrappers.network [-] CIDR generated: 10.2.6.0/24
2020-04-07 18:54:36.312 1418 RALLYDEBUG rally_openstack.wrappers.network [-] CIDR generated: 10.2.7.0/24
2020-04-07 18:54:36.443 1428 RALLYDEBUG rally_openstack.wrappers.network [-] CIDR generated: 10.2.8.0/24
2020-04-07 18:54:36.639 1430 RALLYDEBUG rally_openstack.wrappers.network [-] CIDR generated: 10.2.9.0/24
2020-04-07 18:54:36.867 1408 RALLYDEBUG rally_openstack.wrappers.network [-] CIDR generated: 10.2.10.0/24
2020-04-07 18:54:37.042 1405 RALLYDEBUG rally_openstack.wrappers.network [-] CIDR generated: 10.2.11.0/24
2020-04-07 18:54:37.134 1433 RALLYDEBUG rally_openstack.wrappers.network [-] CIDR generated: 10.2.12.0/24
2020-04-07 18:54:37.253 1440 RALLYDEBUG rally_openstack.wrappers.network [-] CIDR generated: 10.2.13.0/24
2020-04-07 18:54:37.537 1445 RALLYDEBUG rally_openstack.wrappers.network [-] CIDR generated: 10.2.14.0/24
2020-04-07 18:54:37.543 1436 RALLYDEBUG rally_openstack.wrappers.network [-] CIDR generated: 10.2.15.0/24
2020-04-07 18:54:37.649 1412 RALLYDEBUG rally_openstack.wrappers.network [-] CIDR generated: 10.2.16.0/24
2020-04-07 18:54:37.731 1418 RALLYDEBUG rally_openstack.wrappers.network [-] CIDR generated: 10.2.17.0/24
2020-04-07 18:54:38.083 1428 RALLYDEBUG rally_openstack.wrappers.network [-] CIDR generated: 10.2.18.0/24
2020-04-07 18:54:38.420 1430 RALLYDEBUG rally_openstack.wrappers.network [-] CIDR generated: 10.2.19.0/24
2020-04-07 18:54:38.697 1408 INFO rally.task.runner [-] Task a46f4895-59bf-4f55-9adc-fee87e26eed0 | ITER: 4 END: OK
2020-04-07 18:54:38.702 1408 INFO rally.task.runner [-] Task a46f4895-59bf-4f55-9adc-fee87e26eed0 | ITER: 21 START
2020-04-07 18:54:38.819 1433 INFO rally.task.runner [-] Task a46f4895-59bf-4f55-9adc-fee87e26eed0 | ITER: 13 END: OK
2020-04-07 18:54:38.823 1433 INFO rally.task.runner [-] Task a46f4895-59bf-4f55-9adc-fee87e26eed0 | ITER: 22 START
2020-04-07 18:54:38.889 1440 INFO rally.task.runner [-] Task a46f4895-59bf-4f55-9adc-fee87e26eed0 | ITER: 15 END: OK
2020-04-07 18:54:38.893 1440 INFO rally.task.runner [-] Task a46f4895-59bf-4f55-9adc-fee87e26eed0 | ITER: 23 START
2020-04-07 18:54:38.935 1405 INFO rally.task.runner [-] Task a46f4895-59bf-4f55-9adc-fee87e26eed0 | ITER: 1 END: OK
2020-04-07 18:54:38.939 1405 INFO rally.task.runner [-] Task a46f4895-59bf-4f55-9adc-fee87e26eed0 | ITER: 24 START
2020-04-07 18:54:39.176 1436 INFO rally.task.runner [-] Task a46f4895-59bf-4f55-9adc-fee87e26eed0 | ITER: 14 END: OK
2020-04-07 18:54:39.180 1445 INFO rally.task.runner [-] Task a46f4895-59bf-4f55-9adc-fee87e26eed0 | ITER: 17 END: OK
2020-04-07 18:54:39.181 1436 INFO rally.task.runner [-] Task a46f4895-59bf-4f55-9adc-fee87e26eed0 | ITER: 25 START
2020-04-07 18:54:39.184 1445 INFO rally.task.runner [-] Task a46f4895-59bf-4f55-9adc-fee87e26eed0 | ITER: 26 START
2020-04-07 18:54:39.547 1428 INFO rally.task.runner [-] Task a46f4895-59bf-4f55-9adc-fee87e26eed0 | ITER: 11 END: OK
2020-04-07 18:54:39.552 1428 INFO rally.task.runner [-] Task a46f4895-59bf-4f55-9adc-fee87e26eed0 | ITER: 27 START
2020-04-07 18:54:39.578 1412 INFO rally.task.runner [-] Task a46f4895-59bf-4f55-9adc-fee87e26eed0 | ITER: 6 END: OK
2020-04-07 18:54:39.584 1412 INFO rally.task.runner [-] Task a46f4895-59bf-4f55-9adc-fee87e26eed0 | ITER: 28 START
2020-04-07 18:54:39.604 1418 INFO rally.task.runner [-] Task a46f4895-59bf-4f55-9adc-fee87e26eed0 | ITER: 8 END: OK
2020-04-07 18:54:39.609 1418 INFO rally.task.runner [-] Task a46f4895-59bf-4f55-9adc-fee87e26eed0 | ITER: 29 START
2020-04-07 18:54:39.654 1440 RALLYDEBUG rally_openstack.wrappers.network [-] CIDR generated: 10.2.20.0/24
2020-04-07 18:54:39.744 1430 INFO rally.task.runner [-] Task a46f4895-59bf-4f55-9adc-fee87e26eed0 | ITER: 12 END: OK
2020-04-07 18:54:39.749 1430 INFO rally.task.runner [-] Task a46f4895-59bf-4f55-9adc-fee87e26eed0 | ITER: 30 START
2020-04-07 18:54:40.237 1412 RALLYDEBUG rally_openstack.wrappers.network [-] CIDR generated: 10.2.21.0/24
2020-04-07 18:54:40.431 1418 RALLYDEBUG rally_openstack.wrappers.network [-] CIDR generated: 10.2.22.0/24
2020-04-07 18:54:40.524 1428 RALLYDEBUG rally_openstack.wrappers.network [-] CIDR generated: 10.2.23.0/24
2020-04-07 18:54:40.704 1440 RALLYDEBUG rally_openstack.wrappers.network [-] CIDR generated: 10.2.24.0/24
2020-04-07 18:54:41.213 1428 RALLYDEBUG rally_openstack.wrappers.network [-] CIDR generated: 10.2.25.0/24
2020-04-07 18:54:41.542 1412 RALLYDEBUG rally_openstack.wrappers.network [-] CIDR generated: 10.2.26.0/24
2020-04-07 18:54:41.588 1440 INFO rally.task.runner [-] Task a46f4895-59bf-4f55-9adc-fee87e26eed0 | ITER: 23 END: OK
2020-04-07 18:54:41.592 1440 INFO rally.task.runner [-] Task a46f4895-59bf-4f55-9adc-fee87e26eed0 | ITER: 31 START
2020-04-07 18:54:41.634 1418 RALLYDEBUG rally_openstack.wrappers.network [-] CIDR generated: 10.2.27.0/24
2020-04-07 18:54:42.059 1440 RALLYDEBUG rally_openstack.wrappers.network [-] CIDR generated: 10.2.28.0/24
2020-04-07 18:54:42.506 1418 INFO rally.task.runner [-] Task a46f4895-59bf-4f55-9adc-fee87e26eed0 | ITER: 29 END: OK
2020-04-07 18:54:42.510 1418 INFO rally.task.runner [-] Task a46f4895-59bf-4f55-9adc-fee87e26eed0 | ITER: 32 START
2020-04-07 18:54:42.566 1428 INFO rally.task.runner [-] Task a46f4895-59bf-4f55-9adc-fee87e26eed0 | ITER: 27 END: OK
2020-04-07 18:54:42.570 1428 INFO rally.task.runner [-] Task a46f4895-59bf-4f55-9adc-fee87e26eed0 | ITER: 33 START
2020-04-07 18:54:42.657 1412 INFO rally.task.runner [-] Task a46f4895-59bf-4f55-9adc-fee87e26eed0 | ITER: 28 END: OK
2020-04-07 18:54:42.661 1412 INFO rally.task.runner [-] Task a46f4895-59bf-4f55-9adc-fee87e26eed0 | ITER: 34 START
2020-04-07 18:54:42.860 1440 RALLYDEBUG rally_openstack.wrappers.network [-] CIDR generated: 10.2.29.0/24
2020-04-07 18:54:43.124 1428 RALLYDEBUG rally_openstack.wrappers.network [-] CIDR generated: 10.2.30.0/24
2020-04-07 18:54:43.190 1418 RALLYDEBUG rally_openstack.wrappers.network [-] CIDR generated: 10.2.31.0/24
2020-04-07 18:54:43.544 1412 RALLYDEBUG rally_openstack.wrappers.network [-] CIDR generated: 10.2.32.0/24
2020-04-07 18:54:43.916 1418 RALLYDEBUG rally_openstack.wrappers.network [-] CIDR generated: 10.2.33.0/24
2020-04-07 18:54:44.242 1428 RALLYDEBUG rally_openstack.wrappers.network [-] CIDR generated: 10.2.34.0/24
2020-04-07 18:54:44.490 1440 INFO rally.task.runner [-] Task a46f4895-59bf-4f55-9adc-fee87e26eed0 | ITER: 31 END: OK
2020-04-07 18:54:44.493 1440 INFO rally.task.runner [-] Task a46f4895-59bf-4f55-9adc-fee87e26eed0 | ITER: 35 START
2020-04-07 18:54:44.524 1412 RALLYDEBUG rally_openstack.wrappers.network [-] CIDR generated: 10.2.35.0/24
2020-04-07 18:54:45.079 1418 INFO rally.task.runner [-] Task a46f4895-59bf-4f55-9adc-fee87e26eed0 | ITER: 32 END: OK
2020-04-07 18:54:45.083 1418 INFO rally.task.runner [-] Task a46f4895-59bf-4f55-9adc-fee87e26eed0 | ITER: 36 START
2020-04-07 18:54:45.425 1428 INFO rally.task.runner [-] Task a46f4895-59bf-4f55-9adc-fee87e26eed0 | ITER: 33 END: OK
2020-04-07 18:54:45.429 1428 INFO rally.task.runner [-] Task a46f4895-59bf-4f55-9adc-fee87e26eed0 | ITER: 37 START
2020-04-07 18:54:45.509 1412 INFO rally.task.runner [-] Task a46f4895-59bf-4f55-9adc-fee87e26eed0 | ITER: 34 END: OK
2020-04-07 18:54:45.512 1412 INFO rally.task.runner [-] Task a46f4895-59bf-4f55-9adc-fee87e26eed0 | ITER: 38 START
2020-04-07 18:54:46.002 1412 RALLYDEBUG rally_openstack.wrappers.network [-] CIDR generated: 10.2.36.0/24
2020-04-07 18:54:46.745 1412 RALLYDEBUG rally_openstack.wrappers.network [-] CIDR generated: 10.2.37.0/24
2020-04-07 18:54:47.817 1412 INFO rally.task.runner [-] Task a46f4895-59bf-4f55-9adc-fee87e26eed0 | ITER: 38 END: OK
2020-04-07 18:54:47.821 1412 INFO rally.task.runner [-] Task a46f4895-59bf-4f55-9adc-fee87e26eed0 | ITER: 39 START
2020-04-07 18:54:51.003 1406 RALLYDEBUG rally_openstack.wrappers.network [-] CIDR generated: 10.2.38.0/24
2020-04-07 18:54:51.681 1406 RALLYDEBUG rally_openstack.wrappers.network [-] CIDR generated: 10.2.39.0/24
2020-04-07 18:54:52.593 1406 INFO rally.task.runner [-] Task a46f4895-59bf-4f55-9adc-fee87e26eed0 | ITER: 2 END: OK
2020-04-07 18:54:52.598 1406 INFO rally.task.runner [-] Task a46f4895-59bf-4f55-9adc-fee87e26eed0 | ITER: 40 START
2020-04-07 18:54:54.095 1407 RALLYDEBUG rally_openstack.wrappers.network [-] CIDR generated: 10.2.40.0/24
2020-04-07 18:54:54.148 1415 RALLYDEBUG rally_openstack.wrappers.network [-] CIDR generated: 10.2.41.0/24
2020-04-07 18:54:54.577 1443 RALLYDEBUG rally_openstack.wrappers.network [-] CIDR generated: 10.2.42.0/24
2020-04-07 18:54:54.656 1424 RALLYDEBUG rally_openstack.wrappers.network [-] CIDR generated: 10.2.43.0/24
2020-04-07 18:54:54.675 1451 RALLYDEBUG rally_openstack.wrappers.network [-] CIDR generated: 10.2.44.0/24
2020-04-07 18:54:54.678 1448 RALLYDEBUG rally_openstack.wrappers.network [-] CIDR generated: 10.2.45.0/24
2020-04-07 18:54:54.698 1455 RALLYDEBUG rally_openstack.wrappers.network [-] CIDR generated: 10.2.46.0/24
2020-04-07 18:54:54.722 1430 RALLYDEBUG rally_openstack.wrappers.network [-] CIDR generated: 10.2.47.0/24
2020-04-07 18:54:54.780 1408 RALLYDEBUG rally_openstack.wrappers.network [-] CIDR generated: 10.2.48.0/24
2020-04-07 18:54:54.901 1407 RALLYDEBUG rally_openstack.wrappers.network [-] CIDR generated: 10.2.49.0/24
2020-04-07 18:54:54.966 1445 RALLYDEBUG rally_openstack.wrappers.network [-] CIDR generated: 10.2.50.0/24
2020-04-07 18:54:54.976 1409 RALLYDEBUG rally_openstack.wrappers.network [-] CIDR generated: 10.2.51.0/24
2020-04-07 18:54:55.024 1405 RALLYDEBUG rally_openstack.wrappers.network [-] CIDR generated: 10.2.52.0/24
2020-04-07 18:54:55.161 1418 RALLYDEBUG rally_openstack.wrappers.network [-] CIDR generated: 10.2.53.0/24
2020-04-07 18:54:55.187 1406 RALLYDEBUG rally_openstack.wrappers.network [-] CIDR generated: 10.2.54.0/24
2020-04-07 18:54:55.439 1440 RALLYDEBUG rally_openstack.wrappers.network [-] CIDR generated: 10.2.55.0/24
2020-04-07 18:54:55.482 1421 RALLYDEBUG rally_openstack.wrappers.network [-] CIDR generated: 10.2.56.0/24
2020-04-07 18:54:55.518 1412 RALLYDEBUG rally_openstack.wrappers.network [-] CIDR generated: 10.2.57.0/24
2020-04-07 18:54:55.523 1433 RALLYDEBUG rally_openstack.wrappers.network [-] CIDR generated: 10.2.58.0/24
2020-04-07 18:54:55.728 1430 RALLYDEBUG rally_openstack.wrappers.network [-] CIDR generated: 10.2.59.0/24
2020-04-07 18:54:55.739 1451 RALLYDEBUG rally_openstack.wrappers.network [-] CIDR generated: 10.2.60.0/24
2020-04-07 18:54:55.760 1428 RALLYDEBUG rally_openstack.wrappers.network [-] CIDR generated: 10.2.61.0/24
2020-04-07 18:54:55.917 1424 RALLYDEBUG rally_openstack.wrappers.network [-] CIDR generated: 10.2.62.0/24
2020-04-07 18:54:55.919 1455 RALLYDEBUG rally_openstack.wrappers.network [-] CIDR generated: 10.2.63.0/24
2020-04-07 18:54:56.010 1436 RALLYDEBUG rally_openstack.wrappers.network [-] CIDR generated: 10.2.64.0/24
2020-04-07 18:54:56.241 1445 RALLYDEBUG rally_openstack.wrappers.network [-] CIDR generated: 10.2.65.0/24
2020-04-07 18:54:56.334 1415 RALLYDEBUG rally_openstack.wrappers.network [-] CIDR generated: 10.2.66.0/24
2020-04-07 18:54:56.444 1418 RALLYDEBUG rally_openstack.wrappers.network [-] CIDR generated: 10.2.67.0/24
2020-04-07 18:54:56.471 1407 INFO rally.task.runner [-] Task a46f4895-59bf-4f55-9adc-fee87e26eed0 | ITER: 3 END: OK
2020-04-07 18:54:56.753 1443 RALLYDEBUG rally_openstack.wrappers.network [-] CIDR generated: 10.2.68.0/24
2020-04-07 18:54:56.757 1405 RALLYDEBUG rally_openstack.wrappers.network [-] CIDR generated: 10.2.69.0/24
2020-04-07 18:54:56.792 1433 RALLYDEBUG rally_openstack.wrappers.network [-] CIDR generated: 10.2.70.0/24
2020-04-07 18:54:56.808 1408 RALLYDEBUG rally_openstack.wrappers.network [-] CIDR generated: 10.2.71.0/24
2020-04-07 18:54:56.809 1448 RALLYDEBUG rally_openstack.wrappers.network [-] CIDR generated: 10.2.72.0/24
2020-04-07 18:54:56.867 1436 RALLYDEBUG rally_openstack.wrappers.network [-] CIDR generated: 10.2.73.0/24
2020-04-07 18:54:56.894 1409 RALLYDEBUG rally_openstack.wrappers.network [-] CIDR generated: 10.2.74.0/24
2020-04-07 18:54:56.906 1406 RALLYDEBUG rally_openstack.wrappers.network [-] CIDR generated: 10.2.75.0/24
2020-04-07 18:54:57.070 1412 RALLYDEBUG rally_openstack.wrappers.network [-] CIDR generated: 10.2.76.0/24
2020-04-07 18:54:57.272 1430 INFO rally.task.runner [-] Task a46f4895-59bf-4f55-9adc-fee87e26eed0 | ITER: 30 END: OK
2020-04-07 18:54:57.699 1424 INFO rally.task.runner [-] Task a46f4895-59bf-4f55-9adc-fee87e26eed0 | ITER: 10 END: OK
2020-04-07 18:54:57.701 1455 INFO rally.task.runner [-] Task a46f4895-59bf-4f55-9adc-fee87e26eed0 | ITER: 20 END: OK
2020-04-07 18:54:57.880 1415 INFO rally.task.runner [-] Task a46f4895-59bf-4f55-9adc-fee87e26eed0 | ITER: 7 END: OK
2020-04-07 18:54:58.172 1433 INFO rally.task.runner [-] Task a46f4895-59bf-4f55-9adc-fee87e26eed0 | ITER: 22 END: OK
2020-04-07 18:54:58.246 1445 INFO rally.task.runner [-] Task a46f4895-59bf-4f55-9adc-fee87e26eed0 | ITER: 26 END: OK
2020-04-07 18:54:58.269 1418 INFO rally.task.runner [-] Task a46f4895-59bf-4f55-9adc-fee87e26eed0 | ITER: 36 END: OK
2020-04-07 18:54:58.365 1451 INFO rally.task.runner [-] Task a46f4895-59bf-4f55-9adc-fee87e26eed0 | ITER: 19 END: OK
2020-04-07 18:54:58.401 1421 RALLYDEBUG rally_openstack.wrappers.network [-] CIDR generated: 10.2.77.0/24
2020-04-07 18:54:58.412 1440 RALLYDEBUG rally_openstack.wrappers.network [-] CIDR generated: 10.2.78.0/24
2020-04-07 18:54:58.572 1428 RALLYDEBUG rally_openstack.wrappers.network [-] CIDR generated: 10.2.79.0/24
2020-04-07 18:54:58.580 1436 INFO rally.task.runner [-] Task a46f4895-59bf-4f55-9adc-fee87e26eed0 | ITER: 25 END: OK
2020-04-07 18:54:58.730 1405 INFO rally.task.runner [-] Task a46f4895-59bf-4f55-9adc-fee87e26eed0 | ITER: 24 END: OK
2020-04-07 18:54:58.872 1409 INFO rally.task.runner [-] Task a46f4895-59bf-4f55-9adc-fee87e26eed0 | ITER: 5 END: OK
2020-04-07 18:54:58.900 1448 INFO rally.task.runner [-] Task a46f4895-59bf-4f55-9adc-fee87e26eed0 | ITER: 18 END: OK
2020-04-07 18:54:58.942 1412 INFO rally.task.runner [-] Task a46f4895-59bf-4f55-9adc-fee87e26eed0 | ITER: 39 END: OK
2020-04-07 18:54:59.135 1406 INFO rally.task.runner [-] Task a46f4895-59bf-4f55-9adc-fee87e26eed0 | ITER: 40 END: OK
2020-04-07 18:54:59.547 1421 INFO rally.task.runner [-] Task a46f4895-59bf-4f55-9adc-fee87e26eed0 | ITER: 9 END: OK
2020-04-07 18:54:59.574 1443 INFO rally.task.runner [-] Task a46f4895-59bf-4f55-9adc-fee87e26eed0 | ITER: 16 END: OK
2020-04-07 18:54:59.931 1408 INFO rally.task.runner [-] Task a46f4895-59bf-4f55-9adc-fee87e26eed0 | ITER: 21 END: OK
2020-04-07 18:55:00.001 1440 INFO rally.task.runner [-] Task a46f4895-59bf-4f55-9adc-fee87e26eed0 | ITER: 35 END: OK
2020-04-07 18:55:00.321 1428 INFO rally.task.runner [-] Task a46f4895-59bf-4f55-9adc-fee87e26eed0 | ITER: 37 END: OK
2020-04-07 18:55:00.344 15 INFO rally.task.context [-] Task a46f4895-59bf-4f55-9adc-fee87e26eed0 | Context cleanup@openstack cleanup() started
2020-04-07 18:55:00.347 15 RALLYDEBUG rally_openstack.cleanup.manager [-] Cleaning up neutron vip objects
2020-04-07 18:55:00.543 15 RALLYDEBUG rally_openstack.cleanup.manager [-] Cleaning up neutron health_monitor objects
2020-04-07 18:55:00.723 15 RALLYDEBUG rally_openstack.cleanup.manager [-] Cleaning up neutron pool objects
2020-04-07 18:55:00.936 15 RALLYDEBUG rally_openstack.cleanup.manager [-] Cleaning up neutron loadbalancer objects
2020-04-07 18:55:01.129 15 RALLYDEBUG rally_openstack.cleanup.manager [-] Cleaning up neutron floatingip objects
2020-04-07 18:55:01.335 15 RALLYDEBUG rally_openstack.cleanup.manager [-] Cleaning up neutron trunk objects
2020-04-07 18:55:01.515 15 DEBUG neutronclient.v2_0.client [-] Error message: {"NeutronError": {"message": "Invalid input for operation: 'tenant_id' is not supported for filtering.", "type": "InvalidInput", "detail": ""}} _handle_fault_response /usr/lib/python2.7/site-packages/neutronclient/v2_0/client.py:259
2020-04-07 18:55:01.546 15 DEBUG neutronclient.v2_0.client [-] Error message: {"NeutronError": {"message": "Invalid input for operation: 'tenant_id' is not supported for filtering.", "type": "InvalidInput", "detail": ""}} _handle_fault_response /usr/lib/python2.7/site-packages/neutronclient/v2_0/client.py:259
2020-04-07 18:55:01.580 15 DEBUG neutronclient.v2_0.client [-] Error message: {"NeutronError": {"message": "Invalid input for operation: 'tenant_id' is not supported for filtering.", "type": "InvalidInput", "detail": ""}} _handle_fault_response /usr/lib/python2.7/site-packages/neutronclient/v2_0/client.py:259
2020-04-07 18:55:01.581 15 ERROR rally_openstack.cleanup.manager [-] Seems like rally_openstack.cleanup.resources.NeutronTrunk.list(self) method is broken. It shouldn't raise any exceptions.: BadRequest: Invalid input for operation: 'tenant_id' is not supported for filtering. Neutron server returns request_ids: ['req-ec9d31cc-dd81-46bf-8c5c-23a46e06a16a']
2020-04-07 18:55:01.581 15 ERROR rally_openstack.cleanup.manager
Traceback (most recent call last):
2020-04-07 18:55:01.581 15 ERROR rally_openstack.cleanup.manager
File "/usr/lib/python2.7/site-packages/rally_openstack/cleanup/manager.py", line 133, in _publish
2020-04-07 18:55:01.581 15 ERROR rally_openstack.cleanup.manager for raw_resource in rutils.retry(3, manager.list):
2020-04-07 18:55:01.581 15 ERROR rally_openstack.cleanup.manager
File "/usr/lib/python2.7/site-packages/rally/common/utils.py", line 230, in retry
2020-04-07 18:55:01.581 15 ERROR rally_openstack.cleanup.manager return func(*args, **kwargs)
2020-04-07 18:55:01.581 15 ERROR rally_openstack.cleanup.manager
File "/usr/lib/python2.7/site-packages/rally_openstack/cleanup/resources.py", line 396, in list
2020-04-07 18:55:01.581 15 ERROR rally_openstack.cleanup.manager return super(NeutronTrunk, self).list()
2020-04-07 18:55:01.581 15 ERROR rally_openstack.cleanup.manager
File "/usr/lib/python2.7/site-packages/rally_openstack/cleanup/resources.py", line 273, in list
2020-04-07 18:55:01.581 15 ERROR rally_openstack.cleanup.manager result = list_method(tenant_id=self.tenant_uuid)[resources]
2020-04-07 18:55:01.581 15 ERROR rally_openstack.cleanup.manager
File "/usr/lib/python2.7/site-packages/neutronclient/v2_0/client.py", line 2105, in list_trunks
2020-04-07 18:55:01.581 15 ERROR rally_openstack.cleanup.manager **_params)
2020-04-07 18:55:01.581 15 ERROR rally_openstack.cleanup.manager
File "/usr/lib/python2.7/site-packages/neutronclient/v2_0/client.py", line 369, in list
2020-04-07 18:55:01.581 15 ERROR rally_openstack.cleanup.manager for r in self._pagination(collection, path, **params):
2020-04-07 18:55:01.581 15 ERROR rally_openstack.cleanup.manager
File "/usr/lib/python2.7/site-packages/neutronclient/v2_0/client.py", line 384, in _pagination
2020-04-07 18:55:01.581 15 ERROR rally_openstack.cleanup.manager res = self.get(path, params=params)
2020-04-07 18:55:01.581 15 ERROR rally_openstack.cleanup.manager
File "/usr/lib/python2.7/site-packages/neutronclient/v2_0/client.py", line 354, in get
2020-04-07 18:55:01.581 15 ERROR rally_openstack.cleanup.manager headers=headers, params=params)
2020-04-07 18:55:01.581 15 ERROR rally_openstack.cleanup.manager
File "/usr/lib/python2.7/site-packages/neutronclient/v2_0/client.py", line 331, in retry_request
2020-04-07 18:55:01.581 15 ERROR rally_openstack.cleanup.manager headers=headers, params=params)
2020-04-07 18:55:01.581 15 ERROR rally_openstack.cleanup.manager
File "/usr/lib/python2.7/site-packages/neutronclient/v2_0/client.py", line 294, in do_request
2020-04-07 18:55:01.581 15 ERROR rally_openstack.cleanup.manager self._handle_fault_response(status_code, replybody, resp)
2020-04-07 18:55:01.581 15 ERROR rally_openstack.cleanup.manager
File "/usr/lib/python2.7/site-packages/neutronclient/v2_0/client.py", line 269, in _handle_fault_response
2020-04-07 18:55:01.581 15 ERROR rally_openstack.cleanup.manager exception_handler_v20(status_code, error_body)
2020-04-07 18:55:01.581 15 ERROR rally_openstack.cleanup.manager
File "/usr/lib/python2.7/site-packages/neutronclient/v2_0/client.py", line 93, in exception_handler_v20
2020-04-07 18:55:01.581 15 ERROR rally_openstack.cleanup.manager request_ids=request_ids)
2020-04-07 18:55:01.581 15 ERROR rally_openstack.cleanup.manager BadRequest: Invalid input for operation: 'tenant_id' is not supported for filtering.
2020-04-07 18:55:01.581 15 ERROR rally_openstack.cleanup.manager Neutron server returns request_ids: ['req-ec9d31cc-dd81-46bf-8c5c-23a46e06a16a']
2020-04-07 18:55:01.581 15 ERROR rally_openstack.cleanup.manager
2020-04-07 18:55:01.591 15 RALLYDEBUG rally_openstack.cleanup.manager [-] Cleaning up neutron port objects
2020-04-07 18:55:02.088 15 RALLYDEBUG rally_openstack.cleanup.manager [-] Cleaning up neutron subnet objects
2020-04-07 18:55:02.682 15 RALLYDEBUG rally_openstack.cleanup.manager [-] Deleting neutron.subnet object s_rally_d352c157_1xev2Vnw (0426ca90-0c94-4492-a57c-6760c3071afb)
2020-04-07 18:55:02.687 15 RALLYDEBUG rally_openstack.cleanup.manager [-] Deleting neutron.subnet object s_rally_d352c157_p9B9LmIB (051103b1-2089-4e8e-978c-c10ba603249e)
2020-04-07 18:55:02.700 15 RALLYDEBUG rally_openstack.cleanup.manager [-] Deleting neutron.subnet object s_rally_d352c157_KrNtUOBC (05c22978-732a-4204-9349-b7ac15e548f1)
2020-04-07 18:55:02.711 15 RALLYDEBUG rally_openstack.cleanup.manager [-] Deleting neutron.subnet object s_rally_d352c157_fj7pXDU6 (0fa55751-ca16-4ead-a9d8-59eeecf1ca2b)
2020-04-07 18:55:02.712 15 RALLYDEBUG rally_openstack.cleanup.manager [-] Deleting neutron.subnet object s_rally_d352c157_bJ1NOJMt (0dd4aa18-3ddd-4ab4-bf97-3b0678a13d89)
2020-04-07 18:55:02.730 15 RALLYDEBUG rally_openstack.cleanup.manager [-] Deleting neutron.subnet object s_rally_d352c157_5F2l0aee (10fceda5-d964-4372-a9c4-53936af809f5)
2020-04-07 18:55:02.727 15 RALLYDEBUG rally_openstack.cleanup.manager [-] Deleting neutron.subnet object s_rally_d352c157_RTgQfAQZ (10a7d204-6b89-43f7-a612-1ac0147ff621)
2020-04-07 18:55:02.735 15 RALLYDEBUG rally_openstack.cleanup.manager [-] Deleting neutron.subnet object s_rally_d352c157_dlCyPuTg (1270d118-48c6-4231-b54e-9e9b6a602e9f)
2020-04-07 18:55:02.749 15 RALLYDEBUG rally_openstack.cleanup.manager [-] Deleting neutron.subnet object s_rally_d352c157_Tn2pVCPy (1d05799b-0c11-4cb4-8971-8597d6fb31e3)
2020-04-07 18:55:02.816 15 RALLYDEBUG rally_openstack.cleanup.manager [-] Deleting neutron.subnet object s_rally_d352c157_3v3ZbPQ5 (1f63ca2e-ba37-4c8d-b6c7-3db6836b0ba3)
2020-04-07 18:55:02.849 15 RALLYDEBUG rally_openstack.cleanup.manager [-] Deleting neutron.subnet object s_rally_d352c157_pK3vyoys (31d00f30-8d6f-43ea-8cf3-7af106a56723)
2020-04-07 18:55:02.849 15 RALLYDEBUG rally_openstack.cleanup.manager [-] Deleting neutron.subnet object s_rally_d352c157_R4KVosrU (2ca9c227-7989-45a7-904c-176ffb100b7b)
2020-04-07 18:55:02.852 15 RALLYDEBUG rally_openstack.cleanup.manager [-] Deleting neutron.subnet object s_rally_d352c157_4UOZCXD9 (23c93933-cc0a-4c0e-bc29-7d9a0b74e3e9)
2020-04-07 18:55:02.860 15 RALLYDEBUG rally_openstack.cleanup.manager [-] Deleting neutron.subnet object s_rally_d352c157_xQ7aQEPs (2d018a6e-fa1a-4c5c-8cc5-8dc3a5c6ebee)
2020-04-07 18:55:02.877 15 RALLYDEBUG rally_openstack.cleanup.manager [-] Deleting neutron.subnet object s_rally_d352c157_7TOrvKei (24c06884-0998-4698-9dd9-07b6e31d41f6)
2020-04-07 18:55:02.891 15 RALLYDEBUG rally_openstack.cleanup.manager [-] Deleting neutron.subnet object s_rally_d352c157_fYavIBfA (3354fd71-bf39-4b44-b0b1-0a8082798f88)
2020-04-07 18:55:02.893 15 RALLYDEBUG rally_openstack.cleanup.manager [-] Deleting neutron.subnet object s_rally_d352c157_D9ARe3hq (359ef707-2161-41ff-addc-95a24db1ae9b)
2020-04-07 18:55:02.901 15 RALLYDEBUG rally_openstack.cleanup.manager [-] Deleting neutron.subnet object s_rally_d352c157_ckKUCcpA (3df7c9a5-ca6d-42ac-98c5-3ab43621edaf)
2020-04-07 18:55:02.923 15 RALLYDEBUG rally_openstack.cleanup.manager [-] Deleting neutron.subnet object s_rally_d352c157_cIz04MZv (351fec85-27fe-46cd-b956-2d4a99b339e6)
2020-04-07 18:55:02.935 15 RALLYDEBUG rally_openstack.cleanup.manager [-] Deleting neutron.subnet object s_rally_d352c157_w8nuSyES (3fb602ca-5c87-4f2c-aa41-3fce44c7052c)
2020-04-07 18:55:05.563 15 RALLYDEBUG rally_openstack.cleanup.manager [-] Deleting neutron.subnet object s_rally_d352c157_ICitboca (44a5f159-8cc0-4c47-9930-eb68bea12db8)
2020-04-07 18:55:05.637 15 RALLYDEBUG rally_openstack.cleanup.manager [-] Deleting neutron.subnet object s_rally_d352c157_6S7UHdpa (4c952c44-d7f9-414e-8dcd-d2ebc36abc6f)
2020-04-07 18:55:05.662 15 RALLYDEBUG rally_openstack.cleanup.manager [-] Deleting neutron.subnet object s_rally_d352c157_wBQhhRR2 (4dd39cec-8b03-47c9-bc43-b84c41e21d2f)
2020-04-07 18:55:05.841 15 RALLYDEBUG rally_openstack.cleanup.manager [-] Deleting neutron.subnet object s_rally_d352c157_CfFkgGyK (4fd58cf2-5b25-42f4-8883-9643261af414)
2020-04-07 18:55:05.994 15 RALLYDEBUG rally_openstack.cleanup.manager [-] Deleting neutron.subnet object s_rally_d352c157_w2AwsGoF (552434f2-314f-4885-8cad-28024f16f1d5)
2020-04-07 18:55:06.069 15 RALLYDEBUG rally_openstack.cleanup.manager [-] Deleting neutron.subnet object s_rally_d352c157_Lf2U2lYd (5591c1d8-dba9-4610-b778-388c8cfef4d1)
2020-04-07 18:55:06.183 15 RALLYDEBUG rally_openstack.cleanup.manager [-] Deleting neutron.subnet object s_rally_d352c157_oD9qncE0 (56f3899f-72bd-4793-b429-005ae216d583)
2020-04-07 18:55:06.197 15 RALLYDEBUG rally_openstack.cleanup.manager [-] Deleting neutron.subnet object s_rally_d352c157_E7TO4h83 (57f35322-f1b2-4754-b113-a8bc6be5c6f0)
2020-04-07 18:55:06.202 15 RALLYDEBUG rally_openstack.cleanup.manager [-] Deleting neutron.subnet object s_rally_d352c157_iukro3Io (5dac8216-e43b-4df1-83da-a11b56aacb3c)
2020-04-07 18:55:06.314 15 RALLYDEBUG rally_openstack.cleanup.manager [-] Deleting neutron.subnet object s_rally_d352c157_nZ4XExx9 (6205cba1-42a5-40e5-a902-9360eea070cc)
2020-04-07 18:55:06.493 15 RALLYDEBUG rally_openstack.cleanup.manager [-] Deleting neutron.subnet object s_rally_d352c157_1rasX4Cs (66997176-043e-4a66-836b-5b57686251b4)
2020-04-07 18:55:06.670 15 RALLYDEBUG rally_openstack.cleanup.manager [-] Deleting neutron.subnet object s_rally_d352c157_LbkQ5ht4 (6c4c6cbf-d841-487e-96e7-e927f933a89b)
2020-04-07 18:55:06.723 15 RALLYDEBUG rally_openstack.cleanup.manager [-] Deleting neutron.subnet object s_rally_d352c157_oFx7PDbc (6d612cd0-113e-4432-94ee-ec066188777a)
2020-04-07 18:55:06.826 15 RALLYDEBUG rally_openstack.cleanup.manager [-] Deleting neutron.subnet object s_rally_d352c157_29QHo3CP (70ea7c1e-50c5-44e0-8743-f359f6d10248)
2020-04-07 18:55:06.920 15 RALLYDEBUG rally_openstack.cleanup.manager [-] Deleting neutron.subnet object s_rally_d352c157_TufZxmE4 (7103a12c-4bf3-4de9-8f0b-9508067f2e67)
2020-04-07 18:55:07.138 15 RALLYDEBUG rally_openstack.cleanup.manager [-] Deleting neutron.subnet object s_rally_d352c157_G9hqcbfo (75b537a2-602c-4946-abaf-75d377d4c23d)
2020-04-07 18:55:07.532 15 RALLYDEBUG rally_openstack.cleanup.manager [-] Deleting neutron.subnet object s_rally_d352c157_vaSEHtP5 (77387891-79b0-4156-92e8-cee754148cbd)
2020-04-07 18:55:07.576 15 RALLYDEBUG rally_openstack.cleanup.manager [-] Deleting neutron.subnet object s_rally_d352c157_qBkKJjlY (780027a6-a6c3-4fd1-acd8-d0e4e6be362a)
2020-04-07 18:55:08.037 15 RALLYDEBUG rally_openstack.cleanup.manager [-] Deleting neutron.subnet object s_rally_d352c157_fBgS4Tuq (7e44ea8a-bf32-436d-b58c-46fc5ed568d5)
2020-04-07 18:55:08.090 15 RALLYDEBUG rally_openstack.cleanup.manager [-] Deleting neutron.subnet object s_rally_d352c157_foL11WJ4 (8001c769-ed04-42c9-b0cf-7578f1072025)
2020-04-07 18:55:08.507 15 RALLYDEBUG rally_openstack.cleanup.manager [-] Deleting neutron.subnet object s_rally_d352c157_IjzZT7nU (83c9d12c-1518-4bf5-bf0e-40a4ea142a5d)
2020-04-07 18:55:08.545 15 RALLYDEBUG rally_openstack.cleanup.manager [-] Deleting neutron.subnet object s_rally_d352c157_Q511Dvtp (887fde94-d35e-4b7c-8d53-aba428ceb932)
2020-04-07 18:55:08.570 15 RALLYDEBUG rally_openstack.cleanup.manager [-] Deleting neutron.subnet object s_rally_d352c157_Jxqtmmo4 (964bf4b1-2fe7-4b45-97df-3f959e2c76e5)
2020-04-07 18:55:08.859 15 RALLYDEBUG rally_openstack.cleanup.manager [-] Deleting neutron.subnet object s_rally_d352c157_KgNKIzEk (98638ad8-4f52-44d7-8997-4852212243c3)
2020-04-07 18:55:09.069 15 RALLYDEBUG rally_openstack.cleanup.manager [-] Deleting neutron.subnet object s_rally_d352c157_wgMYkILM (98e0e74e-446a-4a3d-9d11-7a46d7a26a3a)
2020-04-07 18:55:09.300 15 RALLYDEBUG rally_openstack.cleanup.manager [-] Deleting neutron.subnet object s_rally_d352c157_eTVLJTbZ (990cfdb9-0065-42ac-88f0-323bf87dd864)
2020-04-07 18:55:09.364 15 RALLYDEBUG rally_openstack.cleanup.manager [-] Deleting neutron.subnet object s_rally_d352c157_sheVrCXz (99cc454b-4976-438a-bb53-7afc9b908b13)
2020-04-07 18:55:09.431 15 RALLYDEBUG rally_openstack.cleanup.manager [-] Deleting neutron.subnet object s_rally_d352c157_k1NKnIH2 (9adf2b85-b823-4979-a0be-08ecaf00a049)
2020-04-07 18:55:09.456 15 RALLYDEBUG rally_openstack.cleanup.manager [-] Deleting neutron.subnet object s_rally_d352c157_FXnqBHfe (9c341fa2-a0db-40ad-8fe4-99110230633f)
2020-04-07 18:55:09.816 15 RALLYDEBUG rally_openstack.cleanup.manager [-] Deleting neutron.subnet object s_rally_d352c157_1aL8xM3I (9e389b6b-21ff-4234-b515-e328cb9a7ec7)
2020-04-07 18:55:09.837 15 RALLYDEBUG rally_openstack.cleanup.manager [-] Deleting neutron.subnet object s_rally_d352c157_7LGffWSm (9e6b3449-80d9-4c07-977a-c43f9545f8e3)
2020-04-07 18:55:09.988 15 RALLYDEBUG rally_openstack.cleanup.manager [-] Deleting neutron.subnet object s_rally_d352c157_6xUSbq0M (a3929828-8548-49f8-87e0-a0d08048f8ba)
2020-04-07 18:55:10.182 15 RALLYDEBUG rally_openstack.cleanup.manager [-] Deleting neutron.subnet object s_rally_d352c157_9GtHRi9H (a4c2fffb-b50b-487e-9059-836138e32126)
2020-04-07 18:55:10.241 15 RALLYDEBUG rally_openstack.cleanup.manager [-] Deleting neutron.subnet object s_rally_d352c157_YDg7JHF6 (a61c7b9c-54b1-40d0-b7e8-f295fd5d8345)
2020-04-07 18:55:10.693 15 RALLYDEBUG rally_openstack.cleanup.manager [-] Deleting neutron.subnet object s_rally_d352c157_TzMe0VAv (a659f825-afd2-4c19-8bfc-1dfefeade1d8)
2020-04-07 18:55:11.013 15 RALLYDEBUG rally_openstack.cleanup.manager [-] Deleting neutron.subnet object s_rally_d352c157_9b6rSg58 (aa51df6d-a7c3-437b-8383-f6c5ed37ae77)
2020-04-07 18:55:11.185 15 RALLYDEBUG rally_openstack.cleanup.manager [-] Deleting neutron.subnet object s_rally_d352c157_UAnMfAcp (ab384b9d-7ef1-43d1-88d4-6fad430ca5c2)
