2020-04-07 18:56:01.532 1826 RALLYDEBUG rally_openstack.wrappers.network [-] CIDR generated: 1.218.0.0/16
2020-04-07 18:56:01.599 1807 RALLYDEBUG rally_openstack.wrappers.network [-] CIDR generated: 1.219.0.0/16
2020-04-07 18:56:01.771 1817 INFO rally.task.runner [-] Task a46f4895-59bf-4f55-9adc-fee87e26eed0 | ITER: 59 END: OK
2020-04-07 18:56:01.780 1817 INFO rally.task.runner [-] Task a46f4895-59bf-4f55-9adc-fee87e26eed0 | ITER: 75 START
2020-04-07 18:56:01.845 1850 RALLYDEBUG rally_openstack.wrappers.network [-] CIDR generated: 1.220.0.0/16
2020-04-07 18:56:01.959 1810 RALLYDEBUG rally_openstack.wrappers.network [-] CIDR generated: 1.221.0.0/16
2020-04-07 18:56:02.375 1835 RALLYDEBUG rally_openstack.wrappers.network [-] CIDR generated: 1.222.0.0/16
2020-04-07 18:56:02.540 1844 RALLYDEBUG rally_openstack.wrappers.network [-] CIDR generated: 1.223.0.0/16
2020-04-07 18:56:02.814 1841 RALLYDEBUG rally_openstack.wrappers.network [-] CIDR generated: 1.224.0.0/16
2020-04-07 18:56:02.926 1826 RALLYDEBUG rally_openstack.wrappers.network [-] CIDR generated: 1.225.0.0/16
2020-04-07 18:56:02.929 1807 RALLYDEBUG rally_openstack.wrappers.network [-] CIDR generated: 1.226.0.0/16
2020-04-07 18:56:02.972 1823 INFO rally.task.runner [-] Task a46f4895-59bf-4f55-9adc-fee87e26eed0 | ITER: 67 END: OK
2020-04-07 18:56:02.978 1823 INFO rally.task.runner [-] Task a46f4895-59bf-4f55-9adc-fee87e26eed0 | ITER: 76 START
2020-04-07 18:56:03.343 1829 RALLYDEBUG rally_openstack.wrappers.network [-] CIDR generated: 1.227.0.0/16
2020-04-07 18:56:03.372 1809 RALLYDEBUG rally_openstack.wrappers.network [-] CIDR generated: 1.228.0.0/16
2020-04-07 18:56:03.786 1817 RALLYDEBUG rally_openstack.wrappers.network [-] CIDR generated: 1.229.0.0/16
2020-04-07 18:56:04.033 1823 RALLYDEBUG rally_openstack.wrappers.network [-] CIDR generated: 1.230.0.0/16
2020-04-07 18:56:04.293 1841 RALLYDEBUG rally_openstack.wrappers.network [-] CIDR generated: 1.231.0.0/16
2020-04-07 18:56:04.353 1850 INFO rally.task.runner [-] Task a46f4895-59bf-4f55-9adc-fee87e26eed0 | ITER: 66 END: OK
2020-04-07 18:56:04.363 1850 INFO rally.task.runner [-] Task a46f4895-59bf-4f55-9adc-fee87e26eed0 | ITER: 77 START
2020-04-07 18:56:04.730 1848 INFO rally.task.runner [-] Task a46f4895-59bf-4f55-9adc-fee87e26eed0 | ITER: 57 END: OK
2020-04-07 18:56:04.735 1848 INFO rally.task.runner [-] Task a46f4895-59bf-4f55-9adc-fee87e26eed0 | ITER: 78 START
2020-04-07 18:56:04.845 1858 INFO rally.task.runner [-] Task a46f4895-59bf-4f55-9adc-fee87e26eed0 | ITER: 58 END: OK
2020-04-07 18:56:04.852 1858 INFO rally.task.runner [-] Task a46f4895-59bf-4f55-9adc-fee87e26eed0 | ITER: 79 START
2020-04-07 18:56:04.856 1850 RALLYDEBUG rally_openstack.wrappers.network [-] CIDR generated: 1.232.0.0/16
2020-04-07 18:56:05.063 1838 INFO rally.task.runner [-] Task a46f4895-59bf-4f55-9adc-fee87e26eed0 | ITER: 65 END: OK
2020-04-07 18:56:05.072 1838 INFO rally.task.runner [-] Task a46f4895-59bf-4f55-9adc-fee87e26eed0 | ITER: 80 START
2020-04-07 18:56:05.278 1811 INFO rally.task.runner [-] Task a46f4895-59bf-4f55-9adc-fee87e26eed0 | ITER: 60 END: OK
2020-04-07 18:56:05.286 1811 INFO rally.task.runner [-] Task a46f4895-59bf-4f55-9adc-fee87e26eed0 | ITER: 81 START
2020-04-07 18:56:05.666 1838 RALLYDEBUG rally_openstack.wrappers.network [-] CIDR generated: 1.233.0.0/16
2020-04-07 18:56:05.740 1850 RALLYDEBUG rally_openstack.wrappers.network [-] CIDR generated: 1.234.0.0/16
2020-04-07 18:56:05.942 1835 INFO rally.task.runner [-] Task a46f4895-59bf-4f55-9adc-fee87e26eed0 | ITER: 69 END: OK
2020-04-07 18:56:05.949 1835 INFO rally.task.runner [-] Task a46f4895-59bf-4f55-9adc-fee87e26eed0 | ITER: 82 START
2020-04-07 18:56:06.166 1858 RALLYDEBUG rally_openstack.wrappers.network [-] CIDR generated: 1.235.0.0/16
2020-04-07 18:56:06.183 1823 RALLYDEBUG rally_openstack.wrappers.network [-] CIDR generated: 1.236.0.0/16
2020-04-07 18:56:06.339 1811 RALLYDEBUG rally_openstack.wrappers.network [-] CIDR generated: 1.237.0.0/16
2020-04-07 18:56:06.519 1838 RALLYDEBUG rally_openstack.wrappers.network [-] CIDR generated: 1.238.0.0/16
2020-04-07 18:56:06.818 1835 RALLYDEBUG rally_openstack.wrappers.network [-] CIDR generated: 1.239.0.0/16
2020-04-07 18:56:06.845 1832 INFO rally.task.runner [-] Task a46f4895-59bf-4f55-9adc-fee87e26eed0 | ITER: 55 END: OK
2020-04-07 18:56:06.855 1832 INFO rally.task.runner [-] Task a46f4895-59bf-4f55-9adc-fee87e26eed0 | ITER: 83 START
2020-04-07 18:56:07.591 1811 RALLYDEBUG rally_openstack.wrappers.network [-] CIDR generated: 1.240.0.0/16
2020-04-07 18:56:07.655 1848 RALLYDEBUG rally_openstack.wrappers.network [-] CIDR generated: 1.241.0.0/16
2020-04-07 18:56:07.793 1844 INFO rally.task.runner [-] Task a46f4895-59bf-4f55-9adc-fee87e26eed0 | ITER: 62 END: OK
2020-04-07 18:56:07.801 1844 INFO rally.task.runner [-] Task a46f4895-59bf-4f55-9adc-fee87e26eed0 | ITER: 84 START
2020-04-07 18:56:07.803 1858 RALLYDEBUG rally_openstack.wrappers.network [-] CIDR generated: 1.242.0.0/16
2020-04-07 18:56:07.811 1832 RALLYDEBUG rally_openstack.wrappers.network [-] CIDR generated: 1.243.0.0/16
2020-04-07 18:56:07.949 1841 INFO rally.task.runner [-] Task a46f4895-59bf-4f55-9adc-fee87e26eed0 | ITER: 71 END: OK
2020-04-07 18:56:07.957 1841 INFO rally.task.runner [-] Task a46f4895-59bf-4f55-9adc-fee87e26eed0 | ITER: 85 START
2020-04-07 18:56:08.269 1844 RALLYDEBUG rally_openstack.wrappers.network [-] CIDR generated: 1.244.0.0/16
2020-04-07 18:56:08.376 1835 RALLYDEBUG rally_openstack.wrappers.network [-] CIDR generated: 1.245.0.0/16
2020-04-07 18:56:08.380 1809 RALLYDEBUG rally_openstack.wrappers.network [-] CIDR generated: 1.246.0.0/16
2020-04-07 18:56:08.395 1829 RALLYDEBUG rally_openstack.wrappers.network [-] CIDR generated: 1.247.0.0/16
2020-04-07 18:56:08.513 1820 INFO rally.task.runner [-] Task a46f4895-59bf-4f55-9adc-fee87e26eed0 | ITER: 56 END: OK
2020-04-07 18:56:08.520 1820 INFO rally.task.runner [-] Task a46f4895-59bf-4f55-9adc-fee87e26eed0 | ITER: 86 START
2020-04-07 18:56:08.793 1817 RALLYDEBUG rally_openstack.wrappers.network [-] CIDR generated: 1.248.0.0/16
2020-04-07 18:56:08.821 1850 INFO rally.task.runner [-] Task a46f4895-59bf-4f55-9adc-fee87e26eed0 | ITER: 77 END: OK
2020-04-07 18:56:08.826 1850 INFO rally.task.runner [-] Task a46f4895-59bf-4f55-9adc-fee87e26eed0 | ITER: 87 START
2020-04-07 18:56:08.941 1844 RALLYDEBUG rally_openstack.wrappers.network [-] CIDR generated: 1.249.0.0/16
2020-04-07 18:56:08.978 1808 INFO rally.task.runner [-] Task a46f4895-59bf-4f55-9adc-fee87e26eed0 | ITER: 64 END: OK
2020-04-07 18:56:08.986 1808 INFO rally.task.runner [-] Task a46f4895-59bf-4f55-9adc-fee87e26eed0 | ITER: 88 START
2020-04-07 18:56:09.136 1820 RALLYDEBUG rally_openstack.wrappers.network [-] CIDR generated: 1.250.0.0/16
2020-04-07 18:56:09.463 1850 RALLYDEBUG rally_openstack.wrappers.network [-] CIDR generated: 1.251.0.0/16
2020-04-07 18:56:09.679 1808 RALLYDEBUG rally_openstack.wrappers.network [-] CIDR generated: 1.252.0.0/16
2020-04-07 18:56:10.054 1853 INFO rally.task.runner [-] Task a46f4895-59bf-4f55-9adc-fee87e26eed0 | ITER: 68 END: OK
2020-04-07 18:56:10.059 1853 INFO rally.task.runner [-] Task a46f4895-59bf-4f55-9adc-fee87e26eed0 | ITER: 89 START
2020-04-07 18:56:10.300 1832 RALLYDEBUG rally_openstack.wrappers.network [-] CIDR generated: 1.253.0.0/16
2020-04-07 18:56:10.304 1808 RALLYDEBUG rally_openstack.wrappers.network [-] CIDR generated: 1.254.0.0/16
2020-04-07 18:56:10.667 1838 INFO rally.task.runner [-] Task a46f4895-59bf-4f55-9adc-fee87e26eed0 | ITER: 80 END: OK
2020-04-07 18:56:10.673 1838 INFO rally.task.runner [-] Task a46f4895-59bf-4f55-9adc-fee87e26eed0 | ITER: 90 START
2020-04-07 18:56:10.704 1823 INFO rally.task.runner [-] Task a46f4895-59bf-4f55-9adc-fee87e26eed0 | ITER: 76 END: OK
2020-04-07 18:56:10.710 1823 INFO rally.task.runner [-] Task a46f4895-59bf-4f55-9adc-fee87e26eed0 | ITER: 91 START
2020-04-07 18:56:10.836 1853 RALLYDEBUG rally_openstack.wrappers.network [-] CIDR generated: 1.255.0.0/16
2020-04-07 18:56:10.952 1858 INFO rally.task.runner [-] Task a46f4895-59bf-4f55-9adc-fee87e26eed0 | ITER: 79 END: OK
2020-04-07 18:56:10.958 1858 INFO rally.task.runner [-] Task a46f4895-59bf-4f55-9adc-fee87e26eed0 | ITER: 92 START
2020-04-07 18:56:11.356 1838 RALLYDEBUG rally_openstack.wrappers.network [-] CIDR generated: 2.0.0.0/16
2020-04-07 18:56:11.388 1823 RALLYDEBUG rally_openstack.wrappers.network [-] CIDR generated: 2.1.0.0/16
2020-04-07 18:56:11.403 1850 RALLYDEBUG rally_openstack.wrappers.network [-] CIDR generated: 2.2.0.0/16
2020-04-07 18:56:11.460 1858 RALLYDEBUG rally_openstack.wrappers.network [-] CIDR generated: 2.3.0.0/16
2020-04-07 18:56:11.485 1814 INFO rally.task.runner [-] Task a46f4895-59bf-4f55-9adc-fee87e26eed0 | ITER: 61 END: OK
2020-04-07 18:56:11.495 1814 INFO rally.task.runner [-] Task a46f4895-59bf-4f55-9adc-fee87e26eed0 | ITER: 93 START
2020-04-07 18:56:11.547 1841 RALLYDEBUG rally_openstack.wrappers.network [-] CIDR generated: 2.4.0.0/16
2020-04-07 18:56:11.971 1814 RALLYDEBUG rally_openstack.wrappers.network [-] CIDR generated: 2.5.0.0/16
2020-04-07 18:56:12.022 1823 RALLYDEBUG rally_openstack.wrappers.network [-] CIDR generated: 2.6.0.0/16
2020-04-07 18:56:12.251 1838 RALLYDEBUG rally_openstack.wrappers.network [-] CIDR generated: 2.7.0.0/16
2020-04-07 18:56:12.449 1858 RALLYDEBUG rally_openstack.wrappers.network [-] CIDR generated: 2.8.0.0/16
2020-04-07 18:56:12.614 1844 INFO rally.task.runner [-] Task a46f4895-59bf-4f55-9adc-fee87e26eed0 | ITER: 84 END: OK
2020-04-07 18:56:12.619 1844 INFO rally.task.runner [-] Task a46f4895-59bf-4f55-9adc-fee87e26eed0 | ITER: 94 START
2020-04-07 18:56:12.650 1841 RALLYDEBUG rally_openstack.wrappers.network [-] CIDR generated: 2.9.0.0/16
2020-04-07 18:56:12.781 1810 INFO rally.task.runner [-] Task a46f4895-59bf-4f55-9adc-fee87e26eed0 | ITER: 63 END: OK
2020-04-07 18:56:12.788 1810 INFO rally.task.runner [-] Task a46f4895-59bf-4f55-9adc-fee87e26eed0 | ITER: 95 START
2020-04-07 18:56:12.832 1811 INFO rally.task.runner [-] Task a46f4895-59bf-4f55-9adc-fee87e26eed0 | ITER: 81 END: OK
2020-04-07 18:56:12.837 1811 INFO rally.task.runner [-] Task a46f4895-59bf-4f55-9adc-fee87e26eed0 | ITER: 96 START
2020-04-07 18:56:13.086 1844 RALLYDEBUG rally_openstack.wrappers.network [-] CIDR generated: 2.10.0.0/16
2020-04-07 18:56:13.436 1848 RALLYDEBUG rally_openstack.wrappers.network [-] CIDR generated: 2.11.0.0/16
2020-04-07 18:56:13.647 1811 RALLYDEBUG rally_openstack.wrappers.network [-] CIDR generated: 2.12.0.0/16
2020-04-07 18:56:13.898 1835 INFO rally.task.runner [-] Task a46f4895-59bf-4f55-9adc-fee87e26eed0 | ITER: 82 END: OK
2020-04-07 18:56:13.903 1835 INFO rally.task.runner [-] Task a46f4895-59bf-4f55-9adc-fee87e26eed0 | ITER: 97 START
2020-04-07 18:56:13.991 1844 RALLYDEBUG rally_openstack.wrappers.network [-] CIDR generated: 2.13.0.0/16
2020-04-07 18:56:14.363 1835 RALLYDEBUG rally_openstack.wrappers.network [-] CIDR generated: 2.14.0.0/16
2020-04-07 18:56:14.858 1811 RALLYDEBUG rally_openstack.wrappers.network [-] CIDR generated: 2.15.0.0/16
2020-04-07 18:56:14.883 1820 RALLYDEBUG rally_openstack.wrappers.network [-] CIDR generated: 2.16.0.0/16
2020-04-07 18:56:15.005 1810 RALLYDEBUG rally_openstack.wrappers.network [-] CIDR generated: 2.17.0.0/16
2020-04-07 18:56:15.039 1835 RALLYDEBUG rally_openstack.wrappers.network [-] CIDR generated: 2.18.0.0/16
2020-04-07 18:56:15.049 1826 INFO rally.task.runner [-] Task a46f4895-59bf-4f55-9adc-fee87e26eed0 | ITER: 70 END: OK
2020-04-07 18:56:15.054 1826 INFO rally.task.runner [-] Task a46f4895-59bf-4f55-9adc-fee87e26eed0 | ITER: 98 START
2020-04-07 18:56:15.371 1808 INFO rally.task.runner [-] Task a46f4895-59bf-4f55-9adc-fee87e26eed0 | ITER: 88 END: OK
2020-04-07 18:56:15.376 1808 INFO rally.task.runner [-] Task a46f4895-59bf-4f55-9adc-fee87e26eed0 | ITER: 99 START
2020-04-07 18:56:15.530 1850 INFO rally.task.runner [-] Task a46f4895-59bf-4f55-9adc-fee87e26eed0 | ITER: 87 END: OK
2020-04-07 18:56:15.536 1850 INFO rally.task.runner [-] Task a46f4895-59bf-4f55-9adc-fee87e26eed0 | ITER: 100 START
2020-04-07 18:56:15.658 1826 RALLYDEBUG rally_openstack.wrappers.network [-] CIDR generated: 2.19.0.0/16
2020-04-07 18:56:15.709 1853 RALLYDEBUG rally_openstack.wrappers.network [-] CIDR generated: 2.20.0.0/16
2020-04-07 18:56:15.968 1850 RALLYDEBUG rally_openstack.wrappers.network [-] CIDR generated: 2.21.0.0/16
2020-04-07 18:56:15.998 1814 RALLYDEBUG rally_openstack.wrappers.network [-] CIDR generated: 2.22.0.0/16
2020-04-07 18:56:16.122 1808 RALLYDEBUG rally_openstack.wrappers.network [-] CIDR generated: 2.23.0.0/16
2020-04-07 18:56:16.342 1807 INFO rally.task.runner [-] Task a46f4895-59bf-4f55-9adc-fee87e26eed0 | ITER: 73 END: OK
2020-04-07 18:56:16.474 1826 RALLYDEBUG rally_openstack.wrappers.network [-] CIDR generated: 2.24.0.0/16
2020-04-07 18:56:16.705 1823 INFO rally.task.runner [-] Task a46f4895-59bf-4f55-9adc-fee87e26eed0 | ITER: 91 END: OK
2020-04-07 18:56:16.775 1848 INFO rally.task.runner [-] Task a46f4895-59bf-4f55-9adc-fee87e26eed0 | ITER: 78 END: OK
2020-04-07 18:56:16.925 1809 INFO rally.task.runner [-] Task a46f4895-59bf-4f55-9adc-fee87e26eed0 | ITER: 72 END: OK
2020-04-07 18:56:16.962 1817 INFO rally.task.runner [-] Task a46f4895-59bf-4f55-9adc-fee87e26eed0 | ITER: 75 END: OK
2020-04-07 18:56:17.109 1850 RALLYDEBUG rally_openstack.wrappers.network [-] CIDR generated: 2.25.0.0/16
2020-04-07 18:56:17.194 1808 RALLYDEBUG rally_openstack.wrappers.network [-] CIDR generated: 2.26.0.0/16
2020-04-07 18:56:17.328 1844 INFO rally.task.runner [-] Task a46f4895-59bf-4f55-9adc-fee87e26eed0 | ITER: 94 END: OK
2020-04-07 18:56:17.531 1858 INFO rally.task.runner [-] Task a46f4895-59bf-4f55-9adc-fee87e26eed0 | ITER: 92 END: OK
2020-04-07 18:56:17.678 1829 INFO rally.task.runner [-] Task a46f4895-59bf-4f55-9adc-fee87e26eed0 | ITER: 74 END: OK
2020-04-07 18:56:17.772 1841 INFO rally.task.runner [-] Task a46f4895-59bf-4f55-9adc-fee87e26eed0 | ITER: 85 END: OK
2020-04-07 18:56:18.389 1820 INFO rally.task.runner [-] Task a46f4895-59bf-4f55-9adc-fee87e26eed0 | ITER: 86 END: OK
2020-04-07 18:56:18.465 1810 RALLYDEBUG rally_openstack.wrappers.network [-] CIDR generated: 2.27.0.0/16
2020-04-07 18:56:18.742 1811 INFO rally.task.runner [-] Task a46f4895-59bf-4f55-9adc-fee87e26eed0 | ITER: 96 END: OK
2020-04-07 18:56:19.119 1838 INFO rally.task.runner [-] Task a46f4895-59bf-4f55-9adc-fee87e26eed0 | ITER: 90 END: OK
2020-04-07 18:56:19.667 1850 INFO rally.task.runner [-] Task a46f4895-59bf-4f55-9adc-fee87e26eed0 | ITER: 100 END: OK
2020-04-07 18:56:20.490 1826 INFO rally.task.runner [-] Task a46f4895-59bf-4f55-9adc-fee87e26eed0 | ITER: 98 END: OK
2020-04-07 18:56:20.631 1832 INFO rally.task.runner [-] Task a46f4895-59bf-4f55-9adc-fee87e26eed0 | ITER: 83 END: OK
2020-04-07 18:56:21.622 1835 INFO rally.task.runner [-] Task a46f4895-59bf-4f55-9adc-fee87e26eed0 | ITER: 97 END: OK
2020-04-07 18:56:21.816 1808 INFO rally.task.runner [-] Task a46f4895-59bf-4f55-9adc-fee87e26eed0 | ITER: 99 END: OK
2020-04-07 18:56:21.899 1810 INFO rally.task.runner [-] Task a46f4895-59bf-4f55-9adc-fee87e26eed0 | ITER: 95 END: OK
2020-04-07 18:56:22.443 1853 INFO rally.task.runner [-] Task a46f4895-59bf-4f55-9adc-fee87e26eed0 | ITER: 89 END: OK
2020-04-07 18:56:22.448 1814 INFO rally.task.runner [-] Task a46f4895-59bf-4f55-9adc-fee87e26eed0 | ITER: 93 END: OK
2020-04-07 18:56:22.470 15 INFO rally.task.context [-] Task a46f4895-59bf-4f55-9adc-fee87e26eed0 | Context cleanup@openstack cleanup() started
2020-04-07 18:56:22.476 15 RALLYDEBUG rally_openstack.cleanup.manager [-] Cleaning up neutron vip objects
2020-04-07 18:56:22.681 15 RALLYDEBUG rally_openstack.cleanup.manager [-] Cleaning up neutron health_monitor objects
2020-04-07 18:56:22.871 15 RALLYDEBUG rally_openstack.cleanup.manager [-] Cleaning up neutron pool objects
2020-04-07 18:56:23.061 15 RALLYDEBUG rally_openstack.cleanup.manager [-] Cleaning up neutron loadbalancer objects
2020-04-07 18:56:23.247 15 RALLYDEBUG rally_openstack.cleanup.manager [-] Cleaning up neutron floatingip objects
2020-04-07 18:56:23.458 15 RALLYDEBUG rally_openstack.cleanup.manager [-] Cleaning up neutron trunk objects
2020-04-07 18:56:23.629 15 DEBUG neutronclient.v2_0.client [-] Error message: {"NeutronError": {"message": "Invalid input for operation: 'tenant_id' is not supported for filtering.", "type": "InvalidInput", "detail": ""}} _handle_fault_response /usr/lib/python2.7/site-packages/neutronclient/v2_0/client.py:259
2020-04-07 18:56:23.662 15 DEBUG neutronclient.v2_0.client [-] Error message: {"NeutronError": {"message": "Invalid input for operation: 'tenant_id' is not supported for filtering.", "type": "InvalidInput", "detail": ""}} _handle_fault_response /usr/lib/python2.7/site-packages/neutronclient/v2_0/client.py:259
2020-04-07 18:56:23.698 15 DEBUG neutronclient.v2_0.client [-] Error message: {"NeutronError": {"message": "Invalid input for operation: 'tenant_id' is not supported for filtering.", "type": "InvalidInput", "detail": ""}} _handle_fault_response /usr/lib/python2.7/site-packages/neutronclient/v2_0/client.py:259
2020-04-07 18:56:23.699 15 ERROR rally_openstack.cleanup.manager [-] Seems like rally_openstack.cleanup.resources.NeutronTrunk.list(self) method is broken. It shouldn't raise any exceptions.: BadRequest: Invalid input for operation: 'tenant_id' is not supported for filtering. Neutron server returns request_ids: ['req-745f7d38-b1ad-43ad-a3dd-c59fb05aea7b']
2020-04-07 18:56:23.699 15 ERROR rally_openstack.cleanup.manager
Traceback (most recent call last):
2020-04-07 18:56:23.699 15 ERROR rally_openstack.cleanup.manager
File "/usr/lib/python2.7/site-packages/rally_openstack/cleanup/manager.py", line 133, in _publish
2020-04-07 18:56:23.699 15 ERROR rally_openstack.cleanup.manager for raw_resource in rutils.retry(3, manager.list):
2020-04-07 18:56:23.699 15 ERROR rally_openstack.cleanup.manager
File "/usr/lib/python2.7/site-packages/rally/common/utils.py", line 230, in retry
2020-04-07 18:56:23.699 15 ERROR rally_openstack.cleanup.manager return func(*args, **kwargs)
2020-04-07 18:56:23.699 15 ERROR rally_openstack.cleanup.manager
File "/usr/lib/python2.7/site-packages/rally_openstack/cleanup/resources.py", line 396, in list
2020-04-07 18:56:23.699 15 ERROR rally_openstack.cleanup.manager return super(NeutronTrunk, self).list()
2020-04-07 18:56:23.699 15 ERROR rally_openstack.cleanup.manager
File "/usr/lib/python2.7/site-packages/rally_openstack/cleanup/resources.py", line 273, in list
2020-04-07 18:56:23.699 15 ERROR rally_openstack.cleanup.manager result = list_method(tenant_id=self.tenant_uuid)[resources]
2020-04-07 18:56:23.699 15 ERROR rally_openstack.cleanup.manager
File "/usr/lib/python2.7/site-packages/neutronclient/v2_0/client.py", line 2105, in list_trunks
2020-04-07 18:56:23.699 15 ERROR rally_openstack.cleanup.manager **_params)
2020-04-07 18:56:23.699 15 ERROR rally_openstack.cleanup.manager
File "/usr/lib/python2.7/site-packages/neutronclient/v2_0/client.py", line 369, in list
2020-04-07 18:56:23.699 15 ERROR rally_openstack.cleanup.manager for r in self._pagination(collection, path, **params):
2020-04-07 18:56:23.699 15 ERROR rally_openstack.cleanup.manager
File "/usr/lib/python2.7/site-packages/neutronclient/v2_0/client.py", line 384, in _pagination
2020-04-07 18:56:23.699 15 ERROR rally_openstack.cleanup.manager res = self.get(path, params=params)
2020-04-07 18:56:23.699 15 ERROR rally_openstack.cleanup.manager
File "/usr/lib/python2.7/site-packages/neutronclient/v2_0/client.py", line 354, in get
2020-04-07 18:56:23.699 15 ERROR rally_openstack.cleanup.manager headers=headers, params=params)
2020-04-07 18:56:23.699 15 ERROR rally_openstack.cleanup.manager
File "/usr/lib/python2.7/site-packages/neutronclient/v2_0/client.py", line 331, in retry_request
2020-04-07 18:56:23.699 15 ERROR rally_openstack.cleanup.manager headers=headers, params=params)
2020-04-07 18:56:23.699 15 ERROR rally_openstack.cleanup.manager
File "/usr/lib/python2.7/site-packages/neutronclient/v2_0/client.py", line 294, in do_request
2020-04-07 18:56:23.699 15 ERROR rally_openstack.cleanup.manager self._handle_fault_response(status_code, replybody, resp)
2020-04-07 18:56:23.699 15 ERROR rally_openstack.cleanup.manager
File "/usr/lib/python2.7/site-packages/neutronclient/v2_0/client.py", line 269, in _handle_fault_response
2020-04-07 18:56:23.699 15 ERROR rally_openstack.cleanup.manager exception_handler_v20(status_code, error_body)
2020-04-07 18:56:23.699 15 ERROR rally_openstack.cleanup.manager
File "/usr/lib/python2.7/site-packages/neutronclient/v2_0/client.py", line 93, in exception_handler_v20
2020-04-07 18:56:23.699 15 ERROR rally_openstack.cleanup.manager request_ids=request_ids)
2020-04-07 18:56:23.699 15 ERROR rally_openstack.cleanup.manager BadRequest: Invalid input for operation: 'tenant_id' is not supported for filtering.
2020-04-07 18:56:23.699 15 ERROR rally_openstack.cleanup.manager Neutron server returns request_ids: ['req-745f7d38-b1ad-43ad-a3dd-c59fb05aea7b']
2020-04-07 18:56:23.699 15 ERROR rally_openstack.cleanup.manager
2020-04-07 18:56:23.709 15 RALLYDEBUG rally_openstack.cleanup.manager [-] Cleaning up neutron port objects
2020-04-07 18:56:23.938 15 RALLYDEBUG rally_openstack.cleanup.manager [-] Cleaning up neutron subnet objects
2020-04-07 18:56:24.863 15 RALLYDEBUG rally_openstack.cleanup.manager [-] Deleting neutron.subnet object s_rally_bcde9b6e_242X6SVY (04ab5f8a-70f6-4192-a88a-34bea873dd55)
2020-04-07 18:56:24.866 15 RALLYDEBUG rally_openstack.cleanup.manager [-] Deleting neutron.subnet object s_rally_bcde9b6e_C23khlvN (0547b110-0ca4-4e39-ad79-356412907fd1)
2020-04-07 18:56:24.866 15 RALLYDEBUG rally_openstack.cleanup.manager [-] Deleting neutron.subnet object s_rally_bcde9b6e_korYiybd (01de6361-e770-4843-8e62-61008c331041)
2020-04-07 18:56:24.869 15 RALLYDEBUG rally_openstack.cleanup.manager [-] Deleting neutron.subnet object s_rally_bcde9b6e_DBeBmCMe (01bb56ff-db88-4cc6-8f1e-71bfcebc1483)
2020-04-07 18:56:24.880 15 RALLYDEBUG rally_openstack.cleanup.manager [-] Deleting neutron.subnet object s_rally_bcde9b6e_sZzeuPuG (074023af-ffb5-4df5-9ccd-94239d4b614f)
2020-04-07 18:56:24.893 15 RALLYDEBUG rally_openstack.cleanup.manager [-] Deleting neutron.subnet object s_rally_bcde9b6e_YLr8Wct2 (014fac33-3e10-44c9-bd02-5fb21e4c7954)
2020-04-07 18:56:24.894 15 RALLYDEBUG rally_openstack.cleanup.manager [-] Deleting neutron.subnet object s_rally_bcde9b6e_oEf2jRdn (0ba79154-bf0e-461e-b587-5cc270f9837f)
2020-04-07 18:56:24.937 15 RALLYDEBUG rally_openstack.cleanup.manager [-] Deleting neutron.subnet object s_rally_bcde9b6e_XszuLxEj (0c5b7067-d587-4389-a249-31b457236fe8)
2020-04-07 18:56:24.942 15 RALLYDEBUG rally_openstack.cleanup.manager [-] Deleting neutron.subnet object s_rally_bcde9b6e_wkoLUu4o (0eac8012-b907-46be-a6b2-4f6bfb99a51c)
2020-04-07 18:56:24.968 15 RALLYDEBUG rally_openstack.cleanup.manager [-] Deleting neutron.subnet object s_rally_bcde9b6e_scc7MmyH (0e611f20-6bf8-439c-b803-fd388234b06e)
2020-04-07 18:56:24.985 15 RALLYDEBUG rally_openstack.cleanup.manager [-] Deleting neutron.subnet object s_rally_bcde9b6e_0iAph39K (0f4a5858-ce3d-47ed-999a-60676f970148)
2020-04-07 18:56:24.994 15 RALLYDEBUG rally_openstack.cleanup.manager [-] Deleting neutron.subnet object s_rally_bcde9b6e_L8xs8Svl (0fc56dbb-e6d8-4c2a-abaf-99ed4f2473d8)
2020-04-07 18:56:25.002 15 RALLYDEBUG rally_openstack.cleanup.manager [-] Deleting neutron.subnet object s_rally_bcde9b6e_hdETV6xu (158bdc5a-8b58-42f8-a4bf-271262aa39b5)
2020-04-07 18:56:25.016 15 RALLYDEBUG rally_openstack.cleanup.manager [-] Deleting neutron.subnet object s_rally_bcde9b6e_yDng7thh (11c2a519-2921-45b3-b77e-8b4690eb2ebc)
2020-04-07 18:56:25.029 15 RALLYDEBUG rally_openstack.cleanup.manager [-] Deleting neutron.subnet object s_rally_bcde9b6e_Y7h6lLFZ (10c95620-47e8-480c-b3af-111dd1681a65)
2020-04-07 18:56:25.034 15 RALLYDEBUG rally_openstack.cleanup.manager [-] Deleting neutron.subnet object s_rally_bcde9b6e_wi0jtmIi (1675824b-327a-42a9-b117-6792c3ee54d9)
2020-04-07 18:56:25.053 15 RALLYDEBUG rally_openstack.cleanup.manager [-] Deleting neutron.subnet object s_rally_bcde9b6e_ZxGhn2wY (166e015e-e5cf-4c78-aa3b-8197d5e41b82)
2020-04-07 18:56:25.069 15 RALLYDEBUG rally_openstack.cleanup.manager [-] Deleting neutron.subnet object s_rally_bcde9b6e_Qj8diCyJ (16877c0a-dd91-46fc-8a9b-12fac5834613)
2020-04-07 18:56:25.138 15 RALLYDEBUG rally_openstack.cleanup.manager [-] Deleting neutron.subnet object s_rally_bcde9b6e_Fda95baB (1cd1b1cc-4bb6-4f6c-8b64-771ceecf2da4)
2020-04-07 18:56:25.171 15 RALLYDEBUG rally_openstack.cleanup.manager [-] Deleting neutron.subnet object s_rally_bcde9b6e_prxD11Lo (1b60328d-4ae7-40ee-962b-25ff88cf66c5)
2020-04-07 18:56:27.255 15 RALLYDEBUG rally_openstack.cleanup.manager [-] Deleting neutron.subnet object s_rally_bcde9b6e_9m9drGSj (1e0c8a31-6ae6-4ec0-b6d3-af36d1cbcea1)
2020-04-07 18:56:27.284 15 RALLYDEBUG rally_openstack.cleanup.manager [-] Deleting neutron.subnet object s_rally_bcde9b6e_yloydio2 (1e8394b9-2602-4d5a-8044-285bbd5f0dc8)
2020-04-07 18:56:27.410 15 RALLYDEBUG rally_openstack.cleanup.manager [-] Deleting neutron.subnet object s_rally_bcde9b6e_JCcdzsEl (2056bd28-f9ac-4117-9939-012caf5195dd)
2020-04-07 18:56:27.699 15 RALLYDEBUG rally_openstack.cleanup.manager [-] Deleting neutron.subnet object s_rally_bcde9b6e_uh9Rx0zY (20683f28-8ebc-48e4-9715-61fe0505ddf5)
2020-04-07 18:56:27.708 15 RALLYDEBUG rally_openstack.cleanup.manager [-] Deleting neutron.subnet object s_rally_bcde9b6e_Hc8FyBFK (20f4242e-0053-4ce4-bda7-5cae845cd27b)
2020-04-07 18:56:27.853 15 RALLYDEBUG rally_openstack.cleanup.manager [-] Deleting neutron.subnet object s_rally_bcde9b6e_4objk3cQ (21acb67a-ea81-437c-b00a-53d67bd41214)
2020-04-07 18:56:27.970 15 RALLYDEBUG rally_openstack.cleanup.manager [-] Deleting neutron.subnet object s_rally_bcde9b6e_OtUEyDPQ (22aeeb18-c09b-4edb-b643-a2aacb3345f3)
2020-04-07 18:56:28.060 15 RALLYDEBUG rally_openstack.cleanup.manager [-] Deleting neutron.subnet object s_rally_bcde9b6e_6LjtSUkx (2535bd36-f9fe-4ee5-a346-5f1102238c2a)
2020-04-07 18:56:28.136 15 RALLYDEBUG rally_openstack.cleanup.manager [-] Deleting neutron.subnet object s_rally_bcde9b6e_oMAyhKFb (25db1583-44b5-4cd0-9916-369050aa450f)
2020-04-07 18:56:28.169 15 RALLYDEBUG rally_openstack.cleanup.manager [-] Deleting neutron.subnet object s_rally_bcde9b6e_jPxrszJP (28419b51-9757-4c42-802f-23e7139ea4c0)
2020-04-07 18:56:28.174 15 RALLYDEBUG rally_openstack.cleanup.manager [-] Deleting neutron.subnet object s_rally_bcde9b6e_y4l26ImN (2901d8c9-7b40-4c3a-bd03-86654c183361)
2020-04-07 18:56:28.367 15 RALLYDEBUG rally_openstack.cleanup.manager [-] Deleting neutron.subnet object s_rally_bcde9b6e_reKVZuXT (29b613ef-1f19-4eb5-b118-164b47269a4e)
2020-04-07 18:56:28.537 15 RALLYDEBUG rally_openstack.cleanup.manager [-] Deleting neutron.subnet object s_rally_bcde9b6e_FppwYr64 (2a64b7de-4267-4114-b39d-ab571d15ea1d)
2020-04-07 18:56:28.544 15 RALLYDEBUG rally_openstack.cleanup.manager [-] Deleting neutron.subnet object s_rally_bcde9b6e_7wwsvD5U (2ab70425-0313-4ca1-bcc0-890b5bbfd9f2)
2020-04-07 18:56:28.826 15 RALLYDEBUG rally_openstack.cleanup.manager [-] Deleting neutron.subnet object s_rally_bcde9b6e_y0JIuNwb (2c503a6e-96a1-441d-9d2b-84002d13fa35)
2020-04-07 18:56:28.827 15 RALLYDEBUG rally_openstack.cleanup.manager [-] Deleting neutron.subnet object s_rally_bcde9b6e_oXGa9EGu (2e67dc79-5d04-4e83-b9e2-ef8107756cd5)
2020-04-07 18:56:28.866 15 RALLYDEBUG rally_openstack.cleanup.manager [-] Deleting neutron.subnet object s_rally_bcde9b6e_WkYp4kqY (2f5f9504-25a2-4638-ad8e-25facffade46)
2020-04-07 18:56:28.961 15 RALLYDEBUG rally_openstack.cleanup.manager [-] Deleting neutron.subnet object s_rally_bcde9b6e_IBlIxJ48 (2fdfa9ba-b2d8-4d40-8594-18bab73648d8)
2020-04-07 18:56:29.019 15 RALLYDEBUG rally_openstack.cleanup.manager [-] Deleting neutron.subnet object s_rally_bcde9b6e_sXlyN0ce (307b0ebd-6817-4ce9-b95f-87a82796ca4e)
2020-04-07 18:56:29.030 15 RALLYDEBUG rally_openstack.cleanup.manager [-] Deleting neutron.subnet object s_rally_bcde9b6e_7GyKT8R1 (31068973-9e3f-4eba-9b85-2e7cdac31b2f)
2020-04-07 18:56:29.237 15 RALLYDEBUG rally_openstack.cleanup.manager [-] Deleting neutron.subnet object s_rally_bcde9b6e_AjuQzhT8 (332f392d-b2d7-4a6f-842c-180657e7aebe)
2020-04-07 18:56:29.773 15 RALLYDEBUG rally_openstack.cleanup.manager [-] Deleting neutron.subnet object s_rally_bcde9b6e_gFo9H3uP (34437456-fb64-4cfd-b5c7-e81f7e7690b2)
2020-04-07 18:56:30.162 15 RALLYDEBUG rally_openstack.cleanup.manager [-] Deleting neutron.subnet object s_rally_bcde9b6e_aU6xYC9t (3487f522-9e69-4ec1-bdd2-24afa6f2684a)
2020-04-07 18:56:30.460 15 RALLYDEBUG rally_openstack.cleanup.manager [-] Deleting neutron.subnet object s_rally_bcde9b6e_2u6JziJ8 (34c71ea5-8ec1-41cb-b015-7471419abdad)
2020-04-07 18:56:30.645 15 RALLYDEBUG rally_openstack.cleanup.manager [-] Deleting neutron.subnet object s_rally_bcde9b6e_6UzXcVVd (37c71690-6779-4ce2-b6ea-931562838989)
2020-04-07 18:56:30.649 15 RALLYDEBUG rally_openstack.cleanup.manager [-] Deleting neutron.subnet object s_rally_bcde9b6e_keFtHMyz (383e771f-415c-44ee-85ba-293286778cc2)
2020-04-07 18:56:30.746 15 RALLYDEBUG rally_openstack.cleanup.manager [-] Deleting neutron.subnet object s_rally_bcde9b6e_REvtSMSd (3ac46210-d088-40db-a506-d298066a97c8)
2020-04-07 18:56:30.801 15 RALLYDEBUG rally_openstack.cleanup.manager [-] Deleting neutron.subnet object s_rally_bcde9b6e_2AnJoG7U (3e688b97-9c2c-4543-b5a7-cbca93a5400d)
2020-04-07 18:56:30.870 15 RALLYDEBUG rally_openstack.cleanup.manager [-] Deleting neutron.subnet object s_rally_bcde9b6e_dXbZxtFF (44cfc21d-8fc8-4449-8659-57453c0cf3bf)
2020-04-07 18:56:30.882 15 RALLYDEBUG rally_openstack.cleanup.manager [-] Deleting neutron.subnet object s_rally_bcde9b6e_cxu7MUBh (49bc60bd-938b-4eaa-9bb1-5f5047037a4d)
2020-04-07 18:56:31.047 15 RALLYDEBUG rally_openstack.cleanup.manager [-] Deleting neutron.subnet object s_rally_bcde9b6e_WCPwx6yP (4a006009-c376-4da0-b0a3-f968bbe079a4)
2020-04-07 18:56:31.151 15 RALLYDEBUG rally_openstack.cleanup.manager [-] Deleting neutron.subnet object s_rally_bcde9b6e_AYZQeitv (4b4b8977-041c-47e4-8ff2-e90ad833f873)
2020-04-07 18:56:31.172 15 RALLYDEBUG rally_openstack.cleanup.manager [-] Deleting neutron.subnet object s_rally_bcde9b6e_ee3o8C5z (4c2189f5-f66d-4634-a62c-a05925b02f34)
2020-04-07 18:56:31.192 15 RALLYDEBUG rally_openstack.cleanup.manager [-] Deleting neutron.subnet object s_rally_bcde9b6e_H6Uq4hwU (4e06af1a-684d-4f59-9a0d-4823550adce8)
2020-04-07 18:56:31.441 15 RALLYDEBUG rally_openstack.cleanup.manager [-] Deleting neutron.subnet object s_rally_bcde9b6e_JkAHJBLI (50af4483-136b-442c-b7af-6556eea73529)
2020-04-07 18:56:31.631 15 RALLYDEBUG rally_openstack.cleanup.manager [-] Deleting neutron.subnet object s_rally_bcde9b6e_3LwebC8F (51688a2d-d963-4230-8b13-b88360a45af1)
2020-04-07 18:56:31.678 15 RALLYDEBUG rally_openstack.cleanup.manager [-] Deleting neutron.subnet object s_rally_bcde9b6e_oEzWlak8 (51f90ac7-0017-4987-96f0-63f17ecd49d4)
2020-04-07 18:56:31.719 15 RALLYDEBUG rally_openstack.cleanup.manager [-] Deleting neutron.subnet object s_rally_bcde9b6e_NPrkfGqt (530d3015-5898-40cb-b37b-4dff90c3c39c)
2020-04-07 18:56:31.977 15 RALLYDEBUG rally_openstack.cleanup.manager [-] Deleting neutron.subnet object s_rally_bcde9b6e_4aSUM80N (559b036a-1928-48eb-8337-a1946d9b2c58)
2020-04-07 18:56:32.000 15 RALLYDEBUG rally_openstack.cleanup.manager [-] Deleting neutron.subnet object s_rally_bcde9b6e_dSEUBrDo (55ac3637-2b95-4eb0-a8b9-3cc8e70565b3)
2020-04-07 18:56:32.252 15 RALLYDEBUG rally_openstack.cleanup.manager [-] Deleting neutron.subnet object s_rally_bcde9b6e_gLNuwmF0 (57803121-3f18-461f-b197-d608c5135fb2)
2020-04-07 18:56:32.485 15 RALLYDEBUG rally_openstack.cleanup.manager [-] Deleting neutron.subnet object s_rally_bcde9b6e_FhNcWXz1 (57e25aa8-3b83-480a-92cb-b67d05f177e9)
2020-04-07 18:56:32.556 15 RALLYDEBUG rally_openstack.cleanup.manager [-] Deleting neutron.subnet object s_rally_bcde9b6e_4fNbQzlS (57e81b98-e138-4ef3-b662-e4e3c0e1b5b5)
2020-04-07 18:56:32.627 15 RALLYDEBUG rally_openstack.cleanup.manager [-] Deleting neutron.subnet object s_rally_bcde9b6e_tuu69cqp (57ea5b33-05c9-4601-93bc-9e36cb8cdf85)
2020-04-07 18:56:33.247 15 RALLYDEBUG rally_openstack.cleanup.manager [-] Deleting neutron.subnet object s_rally_bcde9b6e_Ryuw3boR (58e281fd-2c6b-485f-8f5f-71baeb3476fd)
2020-04-07 18:56:33.452 15 RALLYDEBUG rally_openstack.cleanup.manager [-] Deleting neutron.subnet object s_rally_bcde9b6e_2y9Y2tLU (59922424-80c6-4da6-9cd6-f782712da83c)
2020-04-07 18:56:33.456 15 RALLYDEBUG rally_openstack.cleanup.manager [-] Deleting neutron.subnet object s_rally_bcde9b6e_EthOH86C (5ae838b5-fba4-46b4-a27a-c454f77c6e82)
2020-04-07 18:56:33.761 15 RALLYDEBUG rally_openstack.cleanup.manager [-] Deleting neutron.subnet object s_rally_bcde9b6e_II5EEAdl (5bc865c0-195f-43a6-9df9-d751d6ae970a)
2020-04-07 18:56:33.924 15 RALLYDEBUG rally_openstack.cleanup.manager [-] Deleting neutron.subnet object s_rally_bcde9b6e_x4PZMzNC (5c1499b9-a4a2-425f-a535-8da7e9acd974)
2020-04-07 18:56:34.099 15 RALLYDEBUG rally_openstack.cleanup.manager [-] Deleting neutron.subnet object s_rally_bcde9b6e_cavmLsAi (5c6570ad-8849-4dd4-8883-7774f36a20e3)
2020-04-07 18:56:34.162 15 RALLYDEBUG rally_openstack.cleanup.manager [-] Deleting neutron.subnet object s_rally_bcde9b6e_vJ4VtG5h (5cc15296-1fad-44fe-9265-7ecd2d607ed7)
2020-04-07 18:56:34.506 15 RALLYDEBUG rally_openstack.cleanup.manager [-] Deleting neutron.subnet object s_rally_bcde9b6e_y8PkWB4r (5e97c239-e635-4c4e-b2df-ccce3ddd57ad)
2020-04-07 18:56:34.510 15 RALLYDEBUG rally_openstack.cleanup.manager [-] Deleting neutron.subnet object s_rally_bcde9b6e_8bJFP1n6 (5ef3df45-b33e-44e5-a580-f4e3adb5d49d)
2020-04-07 18:56:34.518 15 RALLYDEBUG rally_openstack.cleanup.manager [-] Deleting neutron.subnet object s_rally_bcde9b6e_Q2aKEL2H (5f313edb-eb79-4344-9c10-36a28bd50a38)
2020-04-07 18:56:34.655 15 RALLYDEBUG rally_openstack.cleanup.manager [-] Deleting neutron.subnet object s_rally_bcde9b6e_v3nnu6LM (614a302e-f08a-436b-b965-348e0eb932b6)
2020-04-07 18:56:34.817 15 RALLYDEBUG rally_openstack.cleanup.manager [-] Deleting neutron.subnet object s_rally_bcde9b6e_69Qrs8RQ (61a6a511-a437-4e85-b41a-bf02fbc7a67d)
2020-04-07 18:56:34.841 15 RALLYDEBUG rally_openstack.cleanup.manager [-] Deleting neutron.subnet object s_rally_bcde9b6e_jX6lBoHv (61dcb0f5-5b8a-4dde-8d81-a4173ea8754c)
2020-04-07 18:56:35.301 15 RALLYDEBUG rally_openstack.cleanup.manager [-] Deleting neutron.subnet object s_rally_bcde9b6e_St5h46sf (647cc600-0966-46cc-ac44-a8d168924667)
2020-04-07 18:56:35.442 15 RALLYDEBUG rally_openstack.cleanup.manager [-] Deleting neutron.subnet object s_rally_bcde9b6e_FCqB8iXb (664d89f2-5d7d-4f5d-aaa1-fe109739058d)
2020-04-07 18:56:35.697 15 RALLYDEBUG rally_openstack.cleanup.manager [-] Deleting neutron.subnet object s_rally_bcde9b6e_JiXefu6B (672c6b61-0c9b-44a8-b0b5-6af9a95b346a)
2020-04-07 18:56:35.854 15 RALLYDEBUG rally_openstack.cleanup.manager [-] Deleting neutron.subnet object s_rally_bcde9b6e_K55szZPy (673a4cc9-1108-482a-83db-b1a65e24aebe)
2020-04-07 18:56:35.897 15 RALLYDEBUG rally_openstack.cleanup.manager [-] Deleting neutron.subnet object s_rally_bcde9b6e_E2PhX5xs (695ccf0f-3267-4cfc-938e-860bff3aa3d2)
2020-04-07 18:56:36.132 15 RALLYDEBUG rally_openstack.cleanup.manager [-] Deleting neutron.subnet object s_rally_bcde9b6e_pbOJTMz0 (69963e88-21fd-4407-b626-148e275ee6f4)
2020-04-07 18:56:36.137 15 RALLYDEBUG rally_openstack.cleanup.manager [-] Deleting neutron.subnet object s_rally_bcde9b6e_Jot6UijP (6a23b00b-21ab-4529-a063-c77262e7a65d)
2020-04-07 18:56:36.225 15 RALLYDEBUG rally_openstack.cleanup.manager [-] Deleting neutron.subnet object s_rally_bcde9b6e_Opb3Nb4s (6d476e5c-eaae-4c05-a5c8-9db72674953b)
2020-04-07 18:56:36.318 15 RALLYDEBUG rally_openstack.cleanup.manager [-] Deleting neutron.subnet object s_rally_bcde9b6e_ldG3Mx3h (6d720e24-8ba1-4969-94bf-adfa6d457628)
2020-04-07 18:56:36.379 15 RALLYDEBUG rally_openstack.cleanup.manager [-] Deleting neutron.subnet object s_rally_bcde9b6e_MaoXazCF (6ec6e649-9049-4b23-bb70-f0bde6aae742)
2020-04-07 18:56:36.425 15 RALLYDEBUG rally_openstack.cleanup.manager [-] Deleting neutron.subnet object s_rally_bcde9b6e_7yYElWrv (6ed5d738-e01e-49b1-b1d5-1681fddf39a9)
2020-04-07 18:56:36.587 15 RALLYDEBUG rally_openstack.cleanup.manager [-] Deleting neutron.subnet object s_rally_bcde9b6e_uej2EICB (70858399-5825-45fb-90df-3aa9e5d95d46)
2020-04-07 18:56:36.611 15 RALLYDEBUG rally_openstack.cleanup.manager [-] Deleting neutron.subnet object s_rally_bcde9b6e_rj4FNXAq (70c4184e-646d-4208-8697-01733b89bdf0)
2020-04-07 18:56:36.669 15 RALLYDEBUG rally_openstack.cleanup.manager [-] Deleting neutron.subnet object s_rally_bcde9b6e_J5zIxF5I (71c7f36f-7e76-4e2e-a181-75d5b2438c52)
2020-04-07 18:56:36.768 15 RALLYDEBUG rally_openstack.cleanup.manager [-] Deleting neutron.subnet object s_rally_bcde9b6e_su7QeRJp (730150fc-b842-4652-a9cf-d0ed7443a4a6)
2020-04-07 18:56:36.807 15 RALLYDEBUG rally_openstack.cleanup.manager [-] Deleting neutron.subnet object s_rally_bcde9b6e_Ceqf7PCi (75adcbda-c236-4064-b3cd-07f80e1ec0c8)
2020-04-07 18:56:37.112 15 RALLYDEBUG rally_openstack.cleanup.manager [-] Deleting neutron.subnet object s_rally_bcde9b6e_CN7inDv8 (75efe888-a165-4914-8e7d-2546a7a3978b)
2020-04-07 18:56:37.173 15 RALLYDEBUG rally_openstack.cleanup.manager [-] Deleting neutron.subnet object s_rally_bcde9b6e_oF4uMGLb (770c6e41-8c8d-4ad0-80f9-f32504b46972)
2020-04-07 18:56:37.366 15 RALLYDEBUG rally_openstack.cleanup.manager [-] Deleting neutron.subnet object s_rally_bcde9b6e_6WWsvJRk (78a13421-b2a4-4d98-91be-75df874ec3e3)
2020-04-07 18:56:37.436 15 RALLYDEBUG rally_openstack.cleanup.manager [-] Deleting neutron.subnet object s_rally_bcde9b6e_RfTt4tPi (790189cd-47c5-4b4e-a2fe-c802931f5631)
2020-04-07 18:56:37.479 15 RALLYDEBUG rally_openstack.cleanup.manager [-] Deleting neutron.subnet object s_rally_bcde9b6e_1GD23yYR (7902aa43-98a7-482e-82a8-b1440cf9d85b)
2020-04-07 18:56:37.729 15 RALLYDEBUG rally_openstack.cleanup.manager [-] Deleting neutron.subnet object s_rally_bcde9b6e_R6tUA6cy (7a71e28b-be6b-471e-93d2-b8ccd8345616)
2020-04-07 18:56:37.819 15 RALLYDEBUG rally_openstack.cleanup.manager [-] Deleting neutron.subnet object s_rally_bcde9b6e_53inPMNS (7b4c1931-45b5-4e55-8bb1-56b78850da93)
2020-04-07 18:56:38.084 15 RALLYDEBUG rally_openstack.cleanup.manager [-] Deleting neutron.subnet object s_rally_bcde9b6e_WemqPiLT (7bf974e0-24db-4857-b727-a5f52b5bac39)
2020-04-07 18:56:38.296 15 RALLYDEBUG rally_openstack.cleanup.manager [-] Deleting neutron.subnet object s_rally_bcde9b6e_EZ0ckecx (7c82c6c8-8fa8-4979-b59e-986361b728a3)
2020-04-07 18:56:38.383 15 RALLYDEBUG rally_openstack.cleanup.manager [-] Deleting neutron.subnet object s_rally_bcde9b6e_NrY5C9iR (7d92536a-2da8-4b38-8d49-8969a778998c)
2020-04-07 18:56:38.586 15 RALLYDEBUG rally_openstack.cleanup.manager [-] Deleting neutron.subnet object s_rally_bcde9b6e_uIPv6ELe (800a0bf7-aa90-4e30-ae8b-8b42baa1aff3)
2020-04-07 18:56:38.593 15 RALLYDEBUG rally_openstack.cleanup.manager [-] Deleting neutron.subnet object s_rally_bcde9b6e_P7Jb0pyq (807ced73-975f-40fe-94ab-32a28a69108c)
2020-04-07 18:56:38.816 15 RALLYDEBUG rally_openstack.cleanup.manager [-] Deleting neutron.subnet object s_rally_bcde9b6e_8M8TS3oY (81d54f1e-ce39-4ccd-acd1-6d91ec543fea)
2020-04-07 18:56:39.030 15 RALLYDEBUG rally_openstack.cleanup.manager [-] Deleting neutron.subnet object s_rally_bcde9b6e_tnTyHGFH (82c743ab-af62-47c1-a1ac-c123167921b5)
2020-04-07 18:56:39.616 15 RALLYDEBUG rally_openstack.cleanup.manager [-] Deleting neutron.subnet object s_rally_bcde9b6e_efMrXINS (86edbab0-d3bb-4723-9487-2f77a06472d7)
2020-04-07 18:56:39.937 15 RALLYDEBUG rally_openstack.cleanup.manager [-] Deleting neutron.subnet object s_rally_bcde9b6e_hUAxcNhP (8703808d-1866-444a-8477-8ce651f72298)
2020-04-07 18:56:40.193 15 RALLYDEBUG rally_openstack.cleanup.manager [-] Deleting neutron.subnet object s_rally_bcde9b6e_chPtGyv1 (87504325-9ed3-4f25-b5db-3837a50a6832)
2020-04-07 18:56:40.434 15 RALLYDEBUG rally_openstack.cleanup.manager [-] Deleting neutron.subnet object s_rally_bcde9b6e_KQza5NCU (8785afe3-3106-4012-97fa-a461328d73ba)
2020-04-07 18:56:40.804 15 RALLYDEBUG rally_openstack.cleanup.manager [-] Deleting neutron.subnet object s_rally_bcde9b6e_OUbCOUig (888b3a1d-8d13-4757-a52e-700932943d76)
2020-04-07 18:56:41.092 15 RALLYDEBUG rally_openstack.cleanup.manager [-] Deleting neutron.subnet object s_rally_bcde9b6e_WF14BCi6 (88a43f63-ff11-4039-abe3-6c3f581ea8a0)
2020-04-07 18:56:41.135 15 RALLYDEBUG rally_openstack.cleanup.manager [-] Deleting neutron.subnet object s_rally_bcde9b6e_krLFTfdQ (8bdeac33-50a8-4531-97a5-47dd63a040b1)
2020-04-07 18:56:41.343 15 RALLYDEBUG rally_openstack.cleanup.manager [-] Deleting neutron.subnet object s_rally_bcde9b6e_i6jPJPwP (8c16e8e3-f3b7-49c9-a43a-734ce3404b0c)
2020-04-07 18:56:41.391 15 RALLYDEBUG rally_openstack.cleanup.manager [-] Deleting neutron.subnet object s_rally_bcde9b6e_EQeVzNEC (8d238a2f-3213-4771-9400-6a80b22dfd72)
2020-04-07 18:56:42.100 15 RALLYDEBUG rally_openstack.cleanup.manager [-] Deleting neutron.subnet object s_rally_bcde9b6e_ZvcaDNF3 (8fc6358a-1943-401f-ab53-6b062fd22e36)
2020-04-07 18:56:43.423 15 RALLYDEBUG rally_openstack.cleanup.manager [-] Deleting neutron.subnet object s_rally_bcde9b6e_VxIWanYv (8ffff519-7a89-4084-bb62-03ae2948f822)
2020-04-07 18:56:43.443 15 RALLYDEBUG rally_openstack.cleanup.manager [-] Deleting neutron.subnet object s_rally_bcde9b6e_zoTUU3BZ (92ab0e5b-8223-464a-a684-877233efbba3)
2020-04-07 18:56:44.281 15 RALLYDEBUG rally_openstack.cleanup.manager [-] Deleting neutron.subnet object s_rally_bcde9b6e_D74IsuGk (92cd95d0-803d-4d9e-ac5f-a5872951451a)
2020-04-07 18:56:47.267 15 RALLYDEBUG rally_openstack.cleanup.manager [-] Deleting neutron.subnet object s_rally_bcde9b6e_yezqA7Ge (93983ff1-e40e-47fc-9eb3-d68944e86be7)
2020-04-07 18:56:53.407 15 RALLYDEBUG rally_openstack.cleanup.manager [-] Deleting neutron.subnet object s_rally_bcde9b6e_Onmccox4 (954d0dfc-51ae-40da-95e8-f15a4272425e)
2020-04-07 18:56:55.316 15 RALLYDEBUG rally_openstack.cleanup.manager [-] Deleting neutron.subnet object s_rally_bcde9b6e_dJs5IK5L (9570dd45-77cd-46f5-b279-1e3b7f8d5e52)
2020-04-07 18:56:59.581 15 RALLYDEBUG rally_openstack.cleanup.manager [-] Deleting neutron.subnet object s_rally_bcde9b6e_qZwDVyfN (95d24e88-2171-45d7-88bf-35f9ef016a8d)
2020-04-07 18:57:01.695 15 RALLYDEBUG rally_openstack.cleanup.manager [-] Deleting neutron.subnet object s_rally_bcde9b6e_VDk0cRuD (990d2c6f-0b5c-4614-bf45-d0304fbd5e6c)
2020-04-07 18:57:02.326 15 RALLYDEBUG rally_openstack.cleanup.manager [-] Deleting neutron.subnet object s_rally_bcde9b6e_0eP9TRS9 (9b0f6624-7735-40a7-ba3d-20ef3560569f)
2020-04-07 18:57:03.645 15 RALLYDEBUG rally_openstack.cleanup.manager [-] Deleting neutron.subnet object s_rally_bcde9b6e_Vk8SmUua (9b6605ef-cef2-484d-ac32-4f19e64855da)
2020-04-07 18:57:05.600 15 RALLYDEBUG rally_openstack.cleanup.manager [-] Deleting neutron.subnet object s_rally_bcde9b6e_BYOp7GAI (9ce4f2a4-615a-42d4-b1a0-e0df66f81e0e)
2020-04-07 18:57:05.992 15 RALLYDEBUG rally_openstack.cleanup.manager [-] Deleting neutron.subnet object s_rally_bcde9b6e_tO7QPmYf (9d0044a4-1f15-4f37-8aa8-2bb3a7f50ad7)
2020-04-07 18:57:07.963 15 RALLYDEBUG rally_openstack.cleanup.manager [-] Deleting neutron.subnet object s_rally_bcde9b6e_a2MYxmRc (9e13a3c9-8b40-444b-ba72-1ac308e90eb2)
2020-04-07 18:57:08.307 15 RALLYDEBUG rally_openstack.cleanup.manager [-] Deleting neutron.subnet object s_rally_bcde9b6e_VJAVZYDf (9e3a9b1d-c5b0-4f21-892b-fb70b8b74750)
2020-04-07 18:57:08.516 15 RALLYDEBUG rally_openstack.cleanup.manager [-] Deleting neutron.subnet object s_rally_bcde9b6e_52rTCOWI (9fdf09ce-867e-499c-aa3c-9df0851b1c21)
2020-04-07 18:57:10.431 15 RALLYDEBUG rally_openstack.cleanup.manager [-] Deleting neutron.subnet object s_rally_bcde9b6e_5oBtyICd (a10bec57-72dc-43ab-a42c-6c77db33f241)
2020-04-07 18:57:10.643 15 RALLYDEBUG rally_openstack.cleanup.manager [-] Deleting neutron.subnet object s_rally_bcde9b6e_47V2Ku9I (a1bb043c-2060-4e35-b57a-873d4042b58f)
2020-04-07 18:57:10.943 15 RALLYDEBUG rally_openstack.cleanup.manager [-] Deleting neutron.subnet object s_rally_bcde9b6e_UMOVJaMZ (a4b75ff5-cd21-48b8-a19e-e0a501f8dad6)
2020-04-07 18:57:12.407 15 RALLYDEBUG rally_openstack.cleanup.manager [-] Deleting neutron.subnet object s_rally_bcde9b6e_ZLvDwSLW (a5906401-5a06-4f75-bd6a-503ede0cb833)
2020-04-07 18:57:12.702 15 RALLYDEBUG rally_openstack.cleanup.manager [-] Deleting neutron.subnet object s_rally_bcde9b6e_y9i0KrsE (a803114c-bc5f-49a5-b6a3-3978411ef481)
2020-04-07 18:57:12.961 15 RALLYDEBUG rally_openstack.cleanup.manager [-] Deleting neutron.subnet object s_rally_bcde9b6e_CBMVUavJ (a90cb85e-6d50-48a5-8c3d-891dd04c429c)
2020-04-07 18:57:14.473 15 RALLYDEBUG rally_openstack.cleanup.manager [-] Deleting neutron.subnet object s_rally_bcde9b6e_VLeR1A5a (aab96c5f-07c0-4a0c-bffd-7622b9a22500)
2020-04-07 18:57:14.882 15 RALLYDEBUG rally_openstack.cleanup.manager [-] Deleting neutron.subnet object s_rally_bcde9b6e_tzx7EIVd (acf9b11f-c12c-476a-bfc4-1a220e5d52b9)
2020-04-07 18:57:14.992 15 RALLYDEBUG rally_openstack.cleanup.manager [-] Deleting neutron.subnet object s_rally_bcde9b6e_WeIdJdv5 (ad6fb3e7-4729-411c-a8d6-e6f89492be5a)
2020-04-07 18:57:15.101 15 RALLYDEBUG rally_openstack.cleanup.manager [-] Deleting neutron.subnet object s_rally_bcde9b6e_r29eB66m (ae20f3fe-c551-4ac7-8a31-b219f127dbac)
2020-04-07 18:57:16.490 15 RALLYDEBUG rally_openstack.cleanup.manager [-] Deleting neutron.subnet object s_rally_bcde9b6e_Eo6LHzqQ (afff0410-9adb-4498-81b8-8da5d1e4dd88)
2020-04-07 18:57:16.778 15 RALLYDEBUG rally_openstack.cleanup.manager [-] Deleting neutron.subnet object s_rally_bcde9b6e_gn0X8IG1 (b32a36a3-4542-48f0-a602-0ec607c898c3)
2020-04-07 18:57:16.935 15 RALLYDEBUG rally_openstack.cleanup.manager [-] Deleting neutron.subnet object s_rally_bcde9b6e_mYNnyzOE (b8eef2be-f92b-4dee-97dd-4f9823fc27b0)
2020-04-07 18:57:17.133 15 RALLYDEBUG rally_openstack.cleanup.manager [-] Deleting neutron.subnet object s_rally_bcde9b6e_Olmtx2Au (b9692c8b-4713-4215-a358-9cd591938412)
2020-04-07 18:57:17.510 15 RALLYDEBUG rally_openstack.cleanup.manager [-] Deleting neutron.subnet object s_rally_bcde9b6e_bUGAG5ce (b9ef35e5-4381-438b-b72e-725901f1d5e3)
2020-04-07 18:57:18.884 15 RALLYDEBUG rally_openstack.cleanup.manager [-] Deleting neutron.subnet object s_rally_bcde9b6e_MvPwqzRD (bd3d6c8a-468f-494e-9160-7676a0c276c5)
2020-04-07 18:57:18.966 15 RALLYDEBUG rally_openstack.cleanup.manager [-] Deleting neutron.subnet object s_rally_bcde9b6e_OdvYPxVi (c03a9ff0-3245-499d-a906-677a24fcf1eb)
2020-04-07 18:57:19.099 15 RALLYDEBUG rally_openstack.cleanup.manager [-] Deleting neutron.subnet object s_rally_bcde9b6e_lfDBGWV2 (c2b5457b-58f7-4efb-a41b-12805e9f83c9)
2020-04-07 18:57:19.253 15 RALLYDEBUG rally_openstack.cleanup.manager [-] Deleting neutron.subnet object s_rally_bcde9b6e_VpxBJKfa (c302d892-e837-4b65-b20d-52b8776bfd28)
2020-04-07 18:57:19.573 15 RALLYDEBUG rally_openstack.cleanup.manager [-] Deleting neutron.subnet object s_rally_bcde9b6e_9S6mp7fA (c455435c-a444-403d-8b6b-c21c4a6ef078)
2020-04-07 18:57:20.831 15 RALLYDEBUG rally_openstack.cleanup.manager [-] Deleting neutron.subnet object s_rally_bcde9b6e_14wOocoO (c4a429e3-1a82-45e9-a2bd-65434e0cca34)
2020-04-07 18:57:21.097 15 RALLYDEBUG rally_openstack.cleanup.manager [-] Deleting neutron.subnet object s_rally_bcde9b6e_979OhunS (c53c6dd5-8561-4b59-90e9-5bbe477a572d)
2020-04-07 18:57:21.215 15 RALLYDEBUG rally_openstack.cleanup.manager [-] Deleting neutron.subnet object s_rally_bcde9b6e_bwexjEHz (c5dfaf19-9f8d-463d-b15b-8c84c0f82b43)
2020-04-07 18:57:21.250 15 RALLYDEBUG rally_openstack.cleanup.manager [-] Deleting neutron.subnet object s_rally_bcde9b6e_3DWA8aO6 (cbdd6d73-f077-4308-a279-7a0d9eb98096)
2020-04-07 18:57:21.338 15 RALLYDEBUG rally_openstack.cleanup.manager [-] Deleting neutron.subnet object s_rally_bcde9b6e_9Jw6wzWE (cc13520f-311f-404b-a9ac-b0d2e0c8c094)
2020-04-07 18:57:21.679 15 RALLYDEBUG rally_openstack.cleanup.manager [-] Deleting neutron.subnet object s_rally_bcde9b6e_abBVb2Zl (cc31c234-8e07-46d1-b90d-d511708ff239)
2020-04-07 18:57:23.004 15 RALLYDEBUG rally_openstack.cleanup.manager [-] Deleting neutron.subnet object s_rally_bcde9b6e_blwq55Th (ceca4cf9-be44-46a6-bd04-66f4b47c8482)
2020-04-07 18:57:23.169 15 RALLYDEBUG rally_openstack.cleanup.manager [-] Deleting neutron.subnet object s_rally_bcde9b6e_7gTXNWTj (cfaa3f81-2448-490a-9d42-2bb33a98c9d3)
2020-04-07 18:57:23.497 15 RALLYDEBUG rally_openstack.cleanup.manager [-] Deleting neutron.subnet object s_rally_bcde9b6e_vTwrHCmZ (d02a3869-bccc-4cd6-948a-ca792231d8b3)
2020-04-07 18:57:23.724 15 RALLYDEBUG rally_openstack.cleanup.manager [-] Deleting neutron.subnet object s_rally_bcde9b6e_INYVR1F9 (d774421b-3b6d-4218-bfe8-80191d0b459a)
2020-04-07 18:57:23.785 15 RALLYDEBUG rally_openstack.cleanup.manager [-] Deleting neutron.subnet object s_rally_bcde9b6e_KOyk1vi6 (daafd8b6-5e42-46d4-a0bd-99587cb6c399)
2020-04-07 18:57:23.948 15 RALLYDEBUG rally_openstack.cleanup.manager [-] Deleting neutron.subnet object s_rally_bcde9b6e_fWfORoF1 (dcc4548a-f1fb-4906-99e7-06aa2ea73629)
2020-04-07 18:57:25.031 15 RALLYDEBUG rally_openstack.cleanup.manager [-] Deleting neutron.subnet object s_rally_bcde9b6e_pNGj2lJi (dd9e7d8b-02ec-4821-b144-7fddac27ab8a)
2020-04-07 18:57:25.087 15 ERROR rally_openstack.osclients [-] Unable to authenticate for user c_rally_bcde9b6e_x5XaYU6y in project c_rally_bcde9b6e_zaBW75AD: BadGateway: Bad Gateway (HTTP 502)
2020-04-07 18:57:25.087 15 ERROR rally_openstack.osclients
Traceback (most recent call last):
2020-04-07 18:57:25.087 15 ERROR rally_openstack.osclients
File "/usr/lib/python2.7/site-packages/rally_openstack/osclients.py", line 273, in auth_ref
2020-04-07 18:57:25.087 15 ERROR rally_openstack.osclients self.cache["keystone_auth_ref"] = plugin.get_access(sess)
2020-04-07 18:57:25.087 15 ERROR rally_openstack.osclients
