2020-01-01 15:26:02.373 725 DEBUG novaclient.v2.client [-] RESP BODY: {"flavors": [{"links": [{"href": "http://compute-airship.intel-pod17.opnfv.org/v2.1/flavors/15b50de2-7b53-46bb-84a6-2b30e7d242f8", "rel": "self"}, {"href": "http://compute-airship.intel-pod17.opnfv.org/flavors/15b50de2-7b53-46bb-84a6-2b30e7d242f8", "rel": "bookmark"}], "ram": 4096, "OS-FLV-DISABLED:disabled": false, "os-flavor-access:is_public": true, "rxtx_factor": 1.0, "disk": 40, "id": "15b50de2-7b53-46bb-84a6-2b30e7d242f8", "name": "m1.medium", "vcpus": 2, "swap": "", "OS-FLV-EXT-DATA:ephemeral": 0}, {"links": [{"href": "http://compute-airship.intel-pod17.opnfv.org/v2.1/flavors/1a067f8c-0f4f-49fd-a501-3e636e0e0123", "rel": "self"}, {"href": "http://compute-airship.intel-pod17.opnfv.org/flavors/1a067f8c-0f4f-49fd-a501-3e636e0e0123", "rel": "bookmark"}], "ram": 64, "OS-FLV-DISABLED:disabled": false, "os-flavor-access:is_public": true, "rxtx_factor": 1.0, "disk": 0, "id": "1a067f8c-0f4f-49fd-a501-3e636e0e0123", "name": "rally_verify_411fb48c_dyI3sg6V", "vcpus": 1, "swap": "", "OS-FLV-EXT-DATA:ephemeral": 0}, {"links": [{"href": "http://compute-airship.intel-pod17.opnfv.org/v2.1/flavors/361ca5ec-db08-4f35-8a3a-f92e0a9775cd", "rel": "self"}, {"href": "http://compute-airship.intel-pod17.opnfv.org/flavors/361ca5ec-db08-4f35-8a3a-f92e0a9775cd", "rel": "bookmark"}], "ram": 16384, "OS-FLV-DISABLED:disabled": false, "os-flavor-access:is_public": true, "rxtx_factor": 1.0, "disk": 160, "id": "361ca5ec-db08-4f35-8a3a-f92e0a9775cd", "name": "m1.xlarge", "vcpus": 8, "swap": "", "OS-FLV-EXT-DATA:ephemeral": 0}, {"links": [{"href": "http://compute-airship.intel-pod17.opnfv.org/v2.1/flavors/4166c54e-593e-45de-a981-af35e5429a6a", "rel": "self"}, {"href": "http://compute-airship.intel-pod17.opnfv.org/flavors/4166c54e-593e-45de-a981-af35e5429a6a", "rel": "bookmark"}], "ram": 512, "OS-FLV-DISABLED:disabled": false, "os-flavor-access:is_public": true, "rxtx_factor": 1.0, "disk": 1, "id": "4166c54e-593e-45de-a981-af35e5429a6a", "name": "rally_full-flavor_8a07300d-7d6a-4dd0-9766-cfe5d220176e", "vcpus": 1, "swap": "", "OS-FLV-EXT-DATA:ephemeral": 0}, {"links": [{"href": "http://compute-airship.intel-pod17.opnfv.org/v2.1/flavors/7756472a-d86e-4844-a896-954b14eed0fa", "rel": "self"}, {"href": "http://compute-airship.intel-pod17.opnfv.org/flavors/7756472a-d86e-4844-a896-954b14eed0fa", "rel": "bookmark"}], "ram": 1024, "OS-FLV-DISABLED:disabled": false, "os-flavor-access:is_public": true, "rxtx_factor": 1.0, "disk": 1, "id": "7756472a-d86e-4844-a896-954b14eed0fa", "name": "rally_full-flavor_alt_8a07300d-7d6a-4dd0-9766-cfe5d220176e", "vcpus": 1, "swap": "", "OS-FLV-EXT-DATA:ephemeral": 0}, {"links": [{"href": "http://compute-airship.intel-pod17.opnfv.org/v2.1/flavors/9c897b26-4ad5-474a-a554-52cadd3026cd", "rel": "self"}, {"href": "http://compute-airship.intel-pod17.opnfv.org/flavors/9c897b26-4ad5-474a-a554-52cadd3026cd", "rel": "bookmark"}], "ram": 512, "OS-FLV-DISABLED:disabled": false, "os-flavor-access:is_public": true, "rxtx_factor": 1.0, "disk": 1, "id": "9c897b26-4ad5-474a-a554-52cadd3026cd", "name": "m1.tiny", "vcpus": 1, "swap": "", "OS-FLV-EXT-DATA:ephemeral": 0}, {"links": [{"href": "http://compute-airship.intel-pod17.opnfv.org/v2.1/flavors/ab29f176-31d3-4219-b6fa-1b876c336ab8", "rel": "self"}, {"href": "http://compute-airship.intel-pod17.opnfv.org/flavors/ab29f176-31d3-4219-b6fa-1b876c336ab8", "rel": "bookmark"}], "ram": 2048, "OS-FLV-DISABLED:disabled": false, "os-flavor-access:is_public": true, "rxtx_factor": 1.0, "disk": 20, "id": "ab29f176-31d3-4219-b6fa-1b876c336ab8", "name": "m1.small", "vcpus": 1, "swap": "", "OS-FLV-EXT-DATA:ephemeral": 0}, {"links": [{"href": "http://compute-airship.intel-pod17.opnfv.org/v2.1/flavors/f857a84d-c0c7-4afe-86cd-8d5714730799", "rel": "self"}, {"href": "http://compute-airship.intel-pod17.opnfv.org/flavors/f857a84d-c0c7-4afe-86cd-8d5714730799", "rel": "bookmark"}], "ram": 8192, "OS-FLV-DISABLED:disabled": false, "os-flavor-access:is_public": true, "rxtx_factor": 1.0, "disk": 80, "id": "f857a84d-c0c7-4afe-86cd-8d5714730799", "name": "m1.large", "vcpus": 4, "swap": "", "OS-FLV-EXT-DATA:ephemeral": 0}]} _http_log_response /usr/lib/python2.7/site-packages/keystoneauth1/session.py:511
2020-01-01 15:26:02.373 725 DEBUG novaclient.v2.client [-] GET call to compute for http://compute-airship.intel-pod17.opnfv.org/v2.1/flavors/detail used request id req-c7ed47c4-d12e-40ac-9b16-55607d73dcc8 request /usr/lib/python2.7/site-packages/keystoneauth1/session.py:844
2020-01-01 15:26:02.462 725 DEBUG novaclient.v2.client [-] REQ: curl -g -i -X GET http://compute-airship.intel-pod17.opnfv.org/v2.1/flavors/4166c54e-593e-45de-a981-af35e5429a6a -H "Accept: application/json" -H "User-Agent: python-novaclient" -H "X-Auth-Token: {SHA1}165caca2ddcba612160efa1e0e84640817baa359" _http_log_request /usr/lib/python2.7/site-packages/keystoneauth1/session.py:448
2020-01-01 15:26:02.585 725 DEBUG novaclient.v2.client [-] RESP: [200] Connection: keep-alive Content-Encoding: gzip Content-Type: application/json Date: Wed, 01 Jan 2020 15:26:02 GMT Openstack-Api-Version: compute 2.1 Transfer-Encoding: chunked Vary: Accept-Encoding, OpenStack-API-Version, X-OpenStack-Nova-API-Version X-Compute-Request-Id: req-d212dba5-303d-4072-b2a3-30e427870604 X-Openstack-Nova-Api-Version: 2.1 _http_log_response /usr/lib/python2.7/site-packages/keystoneauth1/session.py:479
2020-01-01 15:26:02.586 725 DEBUG novaclient.v2.client [-] RESP BODY: {"flavor": {"links": [{"href": "http://compute-airship.intel-pod17.opnfv.org/v2.1/flavors/4166c54e-593e-45de-a981-af35e5429a6a", "rel": "self"}, {"href": "http://compute-airship.intel-pod17.opnfv.org/flavors/4166c54e-593e-45de-a981-af35e5429a6a", "rel": "bookmark"}], "ram": 512, "OS-FLV-DISABLED:disabled": false, "os-flavor-access:is_public": true, "rxtx_factor": 1.0, "disk": 1, "id": "4166c54e-593e-45de-a981-af35e5429a6a", "name": "rally_full-flavor_8a07300d-7d6a-4dd0-9766-cfe5d220176e", "vcpus": 1, "swap": "", "OS-FLV-EXT-DATA:ephemeral": 0}} _http_log_response /usr/lib/python2.7/site-packages/keystoneauth1/session.py:511
2020-01-01 15:26:02.586 725 DEBUG novaclient.v2.client [-] GET call to compute for http://compute-airship.intel-pod17.opnfv.org/v2.1/flavors/4166c54e-593e-45de-a981-af35e5429a6a used request id req-d212dba5-303d-4072-b2a3-30e427870604 request /usr/lib/python2.7/site-packages/keystoneauth1/session.py:844
2020-01-01 15:26:03.011 725 INFO rally.task.context [-] Task c77dd543-f145-49bd-9725-c9fd5e054567 | Context users@openstack cleanup() started
2020-01-01 15:26:04.504 725 INFO rally.task.context [-] Task c77dd543-f145-49bd-9725-c9fd5e054567 | Context users@openstack cleanup() finished in 1.49 sec
2020-01-01 15:26:04.505 725 INFO rally.task.engine [-] Task c77dd543-f145-49bd-9725-c9fd5e054567 | Completed: Task validation of semantic.
2020-01-01 15:26:04.505 725 INFO rally.task.engine [-] Task c77dd543-f145-49bd-9725-c9fd5e054567 | Completed: Task validation.
2020-01-01 15:26:04.505 725 INFO rally.api [-] Task c77dd543-f145-49bd-9725-c9fd5e054567 input file is valid.
2020-01-01 15:26:04.505 725 INFO rally.api [-] Run Task c77dd543-f145-49bd-9725-c9fd5e054567 against Deployment 3517720b-9298-4d6c-be0e-f57158ae758b
2020-01-01 15:26:04.505 725 INFO rally.task.engine [-] Task c77dd543-f145-49bd-9725-c9fd5e054567 | Starting: Running task.
2020-01-01 15:26:04.553 725 INFO rally.task.engine [-] Running workload: position = 0 config = { "version": 2, "title": "A cropped version of a bigger task.", "description": "Auto-generated task from a single workload (uuid=3c93b7d2-8d23-4160-b03b-df3910c8dc44)", "subtasks": [ { "title": "GlanceImages.create_and_delete_image", "description": "Create and then delete an image.", "scenario": { "GlanceImages.create_and_delete_image": { "container_format": "bare", "disk_format": "qcow2", "image_location": "/home/opnfv/functest/images/cirros-0.4.0-x86_64-disk.img" } }, "contexts": { "users": { "tenants": 3, "users_per_tenant": 2 } }, "runner": { "constant": { "concurrency": 4, "times": 10 } }, "hooks": [], "sla": { "failure_rate": { "max": 0 } } } ] }
2020-01-01 15:26:04.572 725 RALLYDEBUG rally_openstack.contexts.keystone.users [-] Creating 3 tenants using 20 threads
2020-01-01 15:26:04.990 725 RALLYDEBUG rally_openstack.contexts.keystone.users [-] Creating 6 users using 20 threads
2020-01-01 15:26:05.699 725 INFO rally.task.context [-] Task c77dd543-f145-49bd-9725-c9fd5e054567 | Context users@openstack setup() finished in 1.13 sec
2020-01-01 15:26:05.700 725 INFO rally.task.context [-] Task c77dd543-f145-49bd-9725-c9fd5e054567 | Context cleanup@openstack setup() finished in 0.01 msec
2020-01-01 15:26:05.709 725 RALLYDEBUG rally.task.runner [-] Starting the constant runner (task UUID: c77dd543-f145-49bd-9725-c9fd5e054567). timeout: 0 concurrency: 4 concurrency_per_worker: 1 times: 10 concurrency_overhead: 0 processes_to_start: 4 max_cpu_used: 88
2020-01-01 15:26:05.723 849 RALLYDEBUG rally.task.runner [-] Starting a worker. concurrency: 1 args: {"container_format": "bare", "disk_format": "qcow2", "image_location": "/home/opnfv/functest/images/cirros-0.4.0-x86_64-disk.img"} times: 10 method_name: run timeout: 0 duration: None cls:
2020-01-01 15:26:05.726 850 RALLYDEBUG rally.task.runner [-] Starting a worker. concurrency: 1 args: {"container_format": "bare", "disk_format": "qcow2", "image_location": "/home/opnfv/functest/images/cirros-0.4.0-x86_64-disk.img"} times: 10 method_name: run timeout: 0 duration: None cls:
2020-01-01 15:26:05.728 851 RALLYDEBUG rally.task.runner [-] Starting a worker. concurrency: 1 args: {"container_format": "bare", "disk_format": "qcow2", "image_location": "/home/opnfv/functest/images/cirros-0.4.0-x86_64-disk.img"} times: 10 method_name: run timeout: 0 duration: None cls:
2020-01-01 15:26:05.729 852 RALLYDEBUG rally.task.runner [-] Starting a worker. concurrency: 1 args: {"container_format": "bare", "disk_format": "qcow2", "image_location": "/home/opnfv/functest/images/cirros-0.4.0-x86_64-disk.img"} times: 10 method_name: run timeout: 0 duration: None cls:
2020-01-01 15:26:05.729 849 INFO rally.task.runner [-] Task c77dd543-f145-49bd-9725-c9fd5e054567 | ITER: 1 START
2020-01-01 15:26:05.733 850 INFO rally.task.runner [-] Task c77dd543-f145-49bd-9725-c9fd5e054567 | ITER: 2 START
2020-01-01 15:26:05.734 852 INFO rally.task.runner [-] Task c77dd543-f145-49bd-9725-c9fd5e054567 | ITER: 4 START
2020-01-01 15:26:05.735 851 INFO rally.task.runner [-] Task c77dd543-f145-49bd-9725-c9fd5e054567 | ITER: 3 START
2020-01-01 15:26:08.557 849 RALLYDEBUG rally.task.utils [-] Waiting for resource u'070806df-62aa-4d9a-89a8-a6be14ca7906'. Status changed: NONE => QUEUED in 0.0724301338196
2020-01-01 15:26:08.610 852 RALLYDEBUG rally.task.utils [-] Waiting for resource u'905002bf-be2a-4fd9-9b83-5750858f44ae'. Status changed: NONE => QUEUED in 0.0964639186859
2020-01-01 15:26:08.619 851 RALLYDEBUG rally.task.utils [-] Waiting for resource u'1955e09b-1924-4e84-87b0-aa3ef496920b'. Status changed: NONE => QUEUED in 0.0855629444122
2020-01-01 15:26:08.641 850 RALLYDEBUG rally.task.utils [-] Waiting for resource u'f49d736c-7236-48ee-ac54-8896eed2eda6'. Status changed: NONE => QUEUED in 0.0774312019348
2020-01-01 15:26:09.858 849 RALLYDEBUG rally.task.utils [-] Waiting for resource s_rally_3c93b7d2_GWfNVVZG. Status changed: QUEUED => ACTIVE in 0.0622529983521
2020-01-01 15:26:09.904 852 RALLYDEBUG rally.task.utils [-] Waiting for resource s_rally_3c93b7d2_6eCMIHwZ. Status changed: QUEUED => ACTIVE in 0.0465798377991
2020-01-01 15:26:09.976 850 RALLYDEBUG rally.task.utils [-] Waiting for resource s_rally_3c93b7d2_0UmVLi0q. Status changed: QUEUED => ACTIVE in 0.0543828010559
2020-01-01 15:26:10.274 851 RALLYDEBUG rally.task.utils [-] Waiting for resource s_rally_3c93b7d2_rPVkjhiY. Status changed: QUEUED => ACTIVE in 0.0452449321747
2020-01-01 15:26:10.390 852 INFO rally.task.runner [-] Task c77dd543-f145-49bd-9725-c9fd5e054567 | ITER: 4 END: OK
2020-01-01 15:26:10.394 852 INFO rally.task.runner [-] Task c77dd543-f145-49bd-9725-c9fd5e054567 | ITER: 5 START
2020-01-01 15:26:10.585 849 INFO rally.task.runner [-] Task c77dd543-f145-49bd-9725-c9fd5e054567 | ITER: 1 END: OK
2020-01-01 15:26:10.589 849 INFO rally.task.runner [-] Task c77dd543-f145-49bd-9725-c9fd5e054567 | ITER: 6 START
2020-01-01 15:26:10.631 850 INFO rally.task.runner [-] Task c77dd543-f145-49bd-9725-c9fd5e054567 | ITER: 2 END: OK
2020-01-01 15:26:10.636 850 INFO rally.task.runner [-] Task c77dd543-f145-49bd-9725-c9fd5e054567 | ITER: 7 START
2020-01-01 15:26:10.858 851 INFO rally.task.runner [-] Task c77dd543-f145-49bd-9725-c9fd5e054567 | ITER: 3 END: OK
2020-01-01 15:26:10.863 851 INFO rally.task.runner [-] Task c77dd543-f145-49bd-9725-c9fd5e054567 | ITER: 8 START
2020-01-01 15:26:13.024 852 RALLYDEBUG rally.task.utils [-] Waiting for resource u'3ba9ee3c-cea9-4b71-88b5-ab75c96f1fe7'. Status changed: NONE => QUEUED in 0.078439950943
2020-01-01 15:26:13.221 849 RALLYDEBUG rally.task.utils [-] Waiting for resource u'4b8fba9c-e05f-4bc5-aa4f-635d8981dd54'. Status changed: NONE => QUEUED in 0.114753007889
2020-01-01 15:26:13.289 850 RALLYDEBUG rally.task.utils [-] Waiting for resource u'c4e3e765-1168-4caf-9444-f20d155fbd76'. Status changed: NONE => QUEUED in 0.128607988358
2020-01-01 15:26:13.352 851 RALLYDEBUG rally.task.utils [-] Waiting for resource u'572d23eb-4338-4636-b650-15e3c7255ad4'. Status changed: NONE => QUEUED in 0.0868139266968
2020-01-01 15:26:14.002 852 RALLYDEBUG rally.task.utils [-] Waiting for resource s_rally_3c93b7d2_uhzPClfp. Status changed: QUEUED => ACTIVE in 0.037703037262
2020-01-01 15:26:14.268 849 RALLYDEBUG rally.task.utils [-] Waiting for resource s_rally_3c93b7d2_DSAItG04. Status changed: QUEUED => ACTIVE in 0.0511960983276
2020-01-01 15:26:14.341 850 RALLYDEBUG rally.task.utils [-] Waiting for resource s_rally_3c93b7d2_Y8JiFlpD. Status changed: QUEUED => ACTIVE in 0.061812877655
2020-01-01 15:26:14.510 851 RALLYDEBUG rally.task.utils [-] Waiting for resource s_rally_3c93b7d2_iAAMHovj. Status changed: QUEUED => ACTIVE in 0.0691440105438
2020-01-01 15:26:14.529 852 INFO rally.task.runner [-] Task c77dd543-f145-49bd-9725-c9fd5e054567 | ITER: 5 END: OK
2020-01-01 15:26:14.533 852 INFO rally.task.runner [-] Task c77dd543-f145-49bd-9725-c9fd5e054567 | ITER: 9 START
2020-01-01 15:26:14.797 849 INFO rally.task.runner [-] Task c77dd543-f145-49bd-9725-c9fd5e054567 | ITER: 6 END: OK
2020-01-01 15:26:14.801 849 INFO rally.task.runner [-] Task c77dd543-f145-49bd-9725-c9fd5e054567 | ITER: 10 START
2020-01-01 15:26:14.879 850 INFO rally.task.runner [-] Task c77dd543-f145-49bd-9725-c9fd5e054567 | ITER: 7 END: OK
2020-01-01 15:26:15.077 851 INFO rally.task.runner [-] Task c77dd543-f145-49bd-9725-c9fd5e054567 | ITER: 8 END: OK
2020-01-01 15:26:17.139 852 RALLYDEBUG rally.task.utils [-] Waiting for resource u'8607ac76-42e4-49e6-bada-b06c6ed89c21'. Status changed: NONE => QUEUED in 0.0698020458221
2020-01-01 15:26:17.296 849 RALLYDEBUG rally.task.utils [-] Waiting for resource u'7dc4fe4d-7b33-4ffa-8437-2579f7426b29'. Status changed: NONE => QUEUED in 0.0840380191803
2020-01-01 15:26:18.181 852 RALLYDEBUG rally.task.utils [-] Waiting for resource s_rally_3c93b7d2_bKTkhgFy. Status changed: QUEUED => ACTIVE in 0.0466029644012
2020-01-01 15:26:18.326 849 RALLYDEBUG rally.task.utils [-] Waiting for resource s_rally_3c93b7d2_21mSKOVN. Status changed: QUEUED => ACTIVE in 0.0470108985901
2020-01-01 15:26:18.773 852 INFO rally.task.runner [-] Task c77dd543-f145-49bd-9725-c9fd5e054567 | ITER: 9 END: OK
2020-01-01 15:26:18.899 849 INFO rally.task.runner [-] Task c77dd543-f145-49bd-9725-c9fd5e054567 | ITER: 10 END: OK
2020-01-01 15:26:18.929 725 INFO rally.task.context [-] Task c77dd543-f145-49bd-9725-c9fd5e054567 | Context cleanup@openstack cleanup() started
2020-01-01 15:26:18.934 725 RALLYDEBUG rally_openstack.cleanup.manager [-] Cleaning up glance images objects
2020-01-01 15:26:19.967 725 INFO rally.task.context [-] Task c77dd543-f145-49bd-9725-c9fd5e054567 | Context cleanup@openstack cleanup() finished in 1.04 sec
2020-01-01 15:26:19.967 725 INFO rally.task.context [-] Task c77dd543-f145-49bd-9725-c9fd5e054567 | Context users@openstack cleanup() started
2020-01-01 15:26:22.955 725 INFO rally.task.context [-] Task c77dd543-f145-49bd-9725-c9fd5e054567 | Context users@openstack cleanup() finished in 2.99 sec
2020-01-01 15:26:24.682 725 INFO rally.task.engine [-] Load duration is: 12.766957
2020-01-01 15:26:24.682 725 INFO rally.task.engine [-] Full runner duration is: 13.220173
2020-01-01 15:26:24.682 725 INFO rally.task.engine [-] Full duration is: 18.384736
2020-01-01 15:26:24.770 725 INFO rally.task.engine [-] Running workload: position = 0 config = { "version": 2, "title": "A cropped version of a bigger task.", "description": "Auto-generated task from a single workload (uuid=3aac8d8d-bcc0-4809-b044-cb4bab93118d)", "subtasks": [ { "title": "GlanceImages.create_and_list_image", "description": "Create an image and then list all images.", "scenario": { "GlanceImages.create_and_list_image": { "container_format": "bare", "disk_format": "qcow2", "image_location": "/home/opnfv/functest/images/cirros-0.4.0-x86_64-disk.img" } }, "contexts": { "users": { "tenants": 3, "users_per_tenant": 2 } }, "runner": { "constant": { "concurrency": 4, "times": 10 } }, "hooks": [], "sla": { "failure_rate": { "max": 0 } } } ] }
2020-01-01 15:26:24.784 725 RALLYDEBUG rally_openstack.contexts.keystone.users [-] Creating 3 tenants using 20 threads
2020-01-01 15:26:25.157 725 RALLYDEBUG rally_openstack.contexts.keystone.users [-] Creating 6 users using 20 threads
2020-01-01 15:26:26.117 725 INFO rally.task.context [-] Task c77dd543-f145-49bd-9725-c9fd5e054567 | Context users@openstack setup() finished in 1.33 sec
2020-01-01 15:26:26.117 725 INFO rally.task.context [-] Task c77dd543-f145-49bd-9725-c9fd5e054567 | Context cleanup@openstack setup() finished in 0.01 msec
2020-01-01 15:26:26.127 725 RALLYDEBUG rally.task.runner [-] Starting the constant runner (task UUID: c77dd543-f145-49bd-9725-c9fd5e054567). timeout: 0 concurrency: 4 concurrency_per_worker: 1 times: 10 concurrency_overhead: 0 processes_to_start: 4 max_cpu_used: 88
2020-01-01 15:26:26.138 973 RALLYDEBUG rally.task.runner [-] Starting a worker. concurrency: 1 args: {"container_format": "bare", "disk_format": "qcow2", "image_location": "/home/opnfv/functest/images/cirros-0.4.0-x86_64-disk.img"} times: 10 method_name: run timeout: 0 duration: None cls:
2020-01-01 15:26:26.140 974 RALLYDEBUG rally.task.runner [-] Starting a worker. concurrency: 1 args: {"container_format": "bare", "disk_format": "qcow2", "image_location": "/home/opnfv/functest/images/cirros-0.4.0-x86_64-disk.img"} times: 10 method_name: run timeout: 0 duration: None cls:
2020-01-01 15:26:26.143 975 RALLYDEBUG rally.task.runner [-] Starting a worker. concurrency: 1 args: {"container_format": "bare", "disk_format": "qcow2", "image_location": "/home/opnfv/functest/images/cirros-0.4.0-x86_64-disk.img"} times: 10 method_name: run timeout: 0 duration: None cls:
2020-01-01 15:26:26.145 973 INFO rally.task.runner [-] Task c77dd543-f145-49bd-9725-c9fd5e054567 | ITER: 1 START
2020-01-01 15:26:26.145 976 RALLYDEBUG rally.task.runner [-] Starting a worker. concurrency: 1 args: {"container_format": "bare", "disk_format": "qcow2", "image_location": "/home/opnfv/functest/images/cirros-0.4.0-x86_64-disk.img"} times: 10 method_name: run timeout: 0 duration: None cls:
2020-01-01 15:26:26.147 974 INFO rally.task.runner [-] Task c77dd543-f145-49bd-9725-c9fd5e054567 | ITER: 2 START
2020-01-01 15:26:26.149 975 INFO rally.task.runner [-] Task c77dd543-f145-49bd-9725-c9fd5e054567 | ITER: 3 START
2020-01-01 15:26:26.152 976 INFO rally.task.runner [-] Task c77dd543-f145-49bd-9725-c9fd5e054567 | ITER: 4 START
2020-01-01 15:26:28.921 974 RALLYDEBUG rally.task.utils [-] Waiting for resource u'c47ef9b8-657e-4c2d-9b63-ea7124f62eed'. Status changed: NONE => QUEUED in 0.0801959037781
2020-01-01 15:26:28.957 975 RALLYDEBUG rally.task.utils [-] Waiting for resource u'1b9b191a-686e-405d-a7b4-e61868c2a28b'. Status changed: NONE => QUEUED in 0.111974000931
2020-01-01 15:26:28.960 976 RALLYDEBUG rally.task.utils [-] Waiting for resource u'810818b2-ed66-4c73-bf0c-de819350d216'. Status changed: NONE => QUEUED in 0.0897769927979
2020-01-01 15:26:28.992 973 RALLYDEBUG rally.task.utils [-] Waiting for resource u'685b2091-938a-4cfe-8153-ca5cae51767c'. Status changed: NONE => QUEUED in 0.0905699729919
2020-01-01 15:26:30.078 974 RALLYDEBUG rally.task.utils [-] Waiting for resource s_rally_3aac8d8d_GyxwQhpI. Status changed: QUEUED => ACTIVE in 0.0581369400024
2020-01-01 15:26:30.171 974 INFO rally.task.runner [-] Task c77dd543-f145-49bd-9725-c9fd5e054567 | ITER: 2 END: OK
2020-01-01 15:26:30.176 974 INFO rally.task.runner [-] Task c77dd543-f145-49bd-9725-c9fd5e054567 | ITER: 5 START
2020-01-01 15:26:30.270 973 RALLYDEBUG rally.task.utils [-] Waiting for resource s_rally_3aac8d8d_kVYvNu1L. Status changed: QUEUED => ACTIVE in 0.0432250499725
2020-01-01 15:26:30.270 975 RALLYDEBUG rally.task.utils [-] Waiting for resource s_rally_3aac8d8d_UCXdRIyk. Status changed: QUEUED => ACTIVE in 0.0391728878021
2020-01-01 15:26:30.335 975 INFO rally.task.runner [-] Task c77dd543-f145-49bd-9725-c9fd5e054567 | ITER: 3 END: OK
2020-01-01 15:26:30.339 975 INFO rally.task.runner [-] Task c77dd543-f145-49bd-9725-c9fd5e054567 | ITER: 6 START
2020-01-01 15:26:30.429 973 INFO rally.task.runner [-] Task c77dd543-f145-49bd-9725-c9fd5e054567 | ITER: 1 END: OK
2020-01-01 15:26:30.433 973 INFO rally.task.runner [-] Task c77dd543-f145-49bd-9725-c9fd5e054567 | ITER: 7 START
2020-01-01 15:26:30.509 976 RALLYDEBUG rally.task.utils [-] Waiting for resource s_rally_3aac8d8d_GjEvDNOG. Status changed: QUEUED => ACTIVE in 0.0400068759918
2020-01-01 15:26:30.580 976 INFO rally.task.runner [-] Task c77dd543-f145-49bd-9725-c9fd5e054567 | ITER: 4 END: OK
2020-01-01 15:26:30.585 976 INFO rally.task.runner [-] Task c77dd543-f145-49bd-9725-c9fd5e054567 | ITER: 8 START
2020-01-01 15:26:32.840 974 RALLYDEBUG rally.task.utils [-] Waiting for resource u'eb701c38-88ae-4b7a-935c-d46f1abbca6f'. Status changed: NONE => QUEUED in 0.0772321224213
2020-01-01 15:26:33.065 975 RALLYDEBUG rally.task.utils [-] Waiting for resource u'fabc1bff-fb15-44ef-8926-4f8c10ea1176'. Status changed: NONE => QUEUED in 0.114235877991
2020-01-01 15:26:33.071 973 RALLYDEBUG rally.task.utils [-] Waiting for resource u'f290455e-3c2a-4afc-8420-54fd5bcc07bb'. Status changed: NONE => QUEUED in 0.0852689743042
2020-01-01 15:26:33.252 976 RALLYDEBUG rally.task.utils [-] Waiting for resource u'c3887171-7216-471b-8aa9-933361c5e083'. Status changed: NONE => QUEUED in 0.0985770225525
2020-01-01 15:26:33.907 974 RALLYDEBUG rally.task.utils [-] Waiting for resource s_rally_3aac8d8d_o2XugxOV. Status changed: QUEUED => ACTIVE in 0.0371870994568
2020-01-01 15:26:33.972 974 INFO rally.task.runner [-] Task c77dd543-f145-49bd-9725-c9fd5e054567 | ITER: 5 END: OK
2020-01-01 15:26:33.976 974 INFO rally.task.runner [-] Task c77dd543-f145-49bd-9725-c9fd5e054567 | ITER: 9 START
2020-01-01 15:26:34.376 975 RALLYDEBUG rally.task.utils [-] Waiting for resource s_rally_3aac8d8d_Bh8zUeW7. Status changed: QUEUED => ACTIVE in 0.0729100704193
2020-01-01 15:26:34.382 973 RALLYDEBUG rally.task.utils [-] Waiting for resource s_rally_3aac8d8d_gnJTOHh9. Status changed: QUEUED => ACTIVE in 0.0497710704803
2020-01-01 15:26:34.477 976 RALLYDEBUG rally.task.utils [-] Waiting for resource s_rally_3aac8d8d_nD1tJMe6. Status changed: QUEUED => ACTIVE in 0.0428199768066
2020-01-01 15:26:34.517 975 INFO rally.task.runner [-] Task c77dd543-f145-49bd-9725-c9fd5e054567 | ITER: 6 END: OK
2020-01-01 15:26:34.522 975 INFO rally.task.runner [-] Task c77dd543-f145-49bd-9725-c9fd5e054567 | ITER: 10 START
2020-01-01 15:26:34.558 973 INFO rally.task.runner [-] Task c77dd543-f145-49bd-9725-c9fd5e054567 | ITER: 7 END: OK
2020-01-01 15:26:34.578 976 INFO rally.task.runner [-] Task c77dd543-f145-49bd-9725-c9fd5e054567 | ITER: 8 END: OK
2020-01-01 15:26:36.704 974 RALLYDEBUG rally.task.utils [-] Waiting for resource u'c5a7d1fc-70b2-4558-9070-3c543674a66e'. Status changed: NONE => QUEUED in 0.0828828811646
2020-01-01 15:26:36.981 975 RALLYDEBUG rally.task.utils [-] Waiting for resource u'e6d1c35a-c4fb-437a-898c-14ce08fa3415'. Status changed: NONE => QUEUED in 0.077164888382
2020-01-01 15:26:37.628 974 RALLYDEBUG rally.task.utils [-] Waiting for resource s_rally_3aac8d8d_WTuNONvp. Status changed: QUEUED => ACTIVE in 0.0442998409271
2020-01-01 15:26:37.693 974 INFO rally.task.runner [-] Task c77dd543-f145-49bd-9725-c9fd5e054567 | ITER: 9 END: OK
2020-01-01 15:26:37.951 975 RALLYDEBUG rally.task.utils [-] Waiting for resource s_rally_3aac8d8d_TcOySTle. Status changed: QUEUED => ACTIVE in 0.0385220050812
2020-01-01 15:26:38.018 975 INFO rally.task.runner [-] Task c77dd543-f145-49bd-9725-c9fd5e054567 | ITER: 10 END: OK
2020-01-01 15:26:38.042 725 INFO rally.task.context [-] Task c77dd543-f145-49bd-9725-c9fd5e054567 | Context cleanup@openstack cleanup() started
2020-01-01 15:26:38.045 725 RALLYDEBUG rally_openstack.cleanup.manager [-] Cleaning up glance images objects
2020-01-01 15:26:39.137 725 RALLYDEBUG rally_openstack.cleanup.manager [-] Deleting glance.images object s_rally_3aac8d8d_Bh8zUeW7 (fabc1bff-fb15-44ef-8926-4f8c10ea1176)
2020-01-01 15:26:39.135 725 RALLYDEBUG rally_openstack.cleanup.manager [-] Deleting glance.images object s_rally_3aac8d8d_WTuNONvp (c5a7d1fc-70b2-4558-9070-3c543674a66e)
2020-01-01 15:26:39.136 725 RALLYDEBUG rally_openstack.cleanup.manager [-] Deleting glance.images object s_rally_3aac8d8d_nD1tJMe6 (c3887171-7216-471b-8aa9-933361c5e083)
2020-01-01 15:26:39.138 725 RALLYDEBUG rally_openstack.cleanup.manager [-] Deleting glance.images object s_rally_3aac8d8d_gnJTOHh9 (f290455e-3c2a-4afc-8420-54fd5bcc07bb)
2020-01-01 15:26:39.144 725 RALLYDEBUG rally_openstack.cleanup.manager [-] Deleting glance.images object s_rally_3aac8d8d_TcOySTle (e6d1c35a-c4fb-437a-898c-14ce08fa3415)
2020-01-01 15:26:39.148 725 RALLYDEBUG rally_openstack.cleanup.manager [-] Deleting glance.images object s_rally_3aac8d8d_GyxwQhpI (c47ef9b8-657e-4c2d-9b63-ea7124f62eed)
2020-01-01 15:26:39.160 725 RALLYDEBUG rally_openstack.cleanup.manager [-] Deleting glance.images object s_rally_3aac8d8d_kVYvNu1L (685b2091-938a-4cfe-8153-ca5cae51767c)
2020-01-01 15:26:39.162 725 RALLYDEBUG rally_openstack.cleanup.manager [-] Deleting glance.images object s_rally_3aac8d8d_UCXdRIyk (1b9b191a-686e-405d-a7b4-e61868c2a28b)
2020-01-01 15:26:39.165 725 RALLYDEBUG rally_openstack.cleanup.manager [-] Deleting glance.images object s_rally_3aac8d8d_o2XugxOV (eb701c38-88ae-4b7a-935c-d46f1abbca6f)
2020-01-01 15:26:39.172 725 RALLYDEBUG rally_openstack.cleanup.manager [-] Deleting glance.images object s_rally_3aac8d8d_GjEvDNOG (810818b2-ed66-4c73-bf0c-de819350d216)
2020-01-01 15:26:40.304 725 DEBUG glanceclient.common.http [-] Request returned failure status 404. _handle_response /usr/lib/python2.7/site-packages/glanceclient/common/http.py:125
2020-01-01 15:26:40.314 725 DEBUG glanceclient.common.http [-] Request returned failure status 404. _handle_response /usr/lib/python2.7/site-packages/glanceclient/common/http.py:125
2020-01-01 15:26:40.370 725 DEBUG glanceclient.common.http [-] Request returned failure status 404. _handle_response /usr/lib/python2.7/site-packages/glanceclient/common/http.py:125
2020-01-01 15:26:40.376 725 DEBUG glanceclient.common.http [-] Request returned failure status 404. _handle_response /usr/lib/python2.7/site-packages/glanceclient/common/http.py:125
2020-01-01 15:26:40.396 725 DEBUG glanceclient.common.http [-] Request returned failure status 404. _handle_response /usr/lib/python2.7/site-packages/glanceclient/common/http.py:125
2020-01-01 15:26:40.404 725 DEBUG glanceclient.common.http [-] Request returned failure status 404. _handle_response /usr/lib/python2.7/site-packages/glanceclient/common/http.py:125
2020-01-01 15:26:40.407 725 DEBUG glanceclient.common.http [-] Request returned failure status 404. _handle_response /usr/lib/python2.7/site-packages/glanceclient/common/http.py:125
2020-01-01 15:26:40.435 725 DEBUG glanceclient.common.http [-] Request returned failure status 404. _handle_response /usr/lib/python2.7/site-packages/glanceclient/common/http.py:125
2020-01-01 15:26:40.459 725 DEBUG glanceclient.common.http [-] Request returned failure status 404. _handle_response /usr/lib/python2.7/site-packages/glanceclient/common/http.py:125
2020-01-01 15:26:40.471 725 DEBUG glanceclient.common.http [-] Request returned failure status 404. _handle_response /usr/lib/python2.7/site-packages/glanceclient/common/http.py:125
2020-01-01 15:26:40.476 725 DEBUG glanceclient.common.http [-] Request returned failure status 404. _handle_response /usr/lib/python2.7/site-packages/glanceclient/common/http.py:125
2020-01-01 15:26:40.522 725 DEBUG glanceclient.common.http [-] Request returned failure status 404. _handle_response /usr/lib/python2.7/site-packages/glanceclient/common/http.py:125
2020-01-01 15:26:40.524 725 DEBUG glanceclient.common.http [-] Request returned failure status 404. _handle_response /usr/lib/python2.7/site-packages/glanceclient/common/http.py:125
2020-01-01 15:26:40.532 725 DEBUG glanceclient.common.http [-] Request returned failure status 404. _handle_response /usr/lib/python2.7/site-packages/glanceclient/common/http.py:125
2020-01-01 15:26:40.534 725 DEBUG glanceclient.common.http [-] Request returned failure status 404. _handle_response /usr/lib/python2.7/site-packages/glanceclient/common/http.py:125
2020-01-01 15:26:40.535 725 DEBUG glanceclient.common.http [-] Request returned failure status 404. _handle_response /usr/lib/python2.7/site-packages/glanceclient/common/http.py:125
2020-01-01 15:26:40.565 725 DEBUG glanceclient.common.http [-] Request returned failure status 404. _handle_response /usr/lib/python2.7/site-packages/glanceclient/common/http.py:125
2020-01-01 15:26:40.585 725 DEBUG glanceclient.common.http [-] Request returned failure status 404. _handle_response /usr/lib/python2.7/site-packages/glanceclient/common/http.py:125
2020-01-01 15:26:40.591 725 DEBUG glanceclient.common.http [-] Request returned failure status 404. _handle_response /usr/lib/python2.7/site-packages/glanceclient/common/http.py:125
2020-01-01 15:26:40.595 725 DEBUG glanceclient.common.http [-] Request returned failure status 404. _handle_response /usr/lib/python2.7/site-packages/glanceclient/common/http.py:125
2020-01-01 15:26:41.598 725 INFO rally.task.context [-] Task c77dd543-f145-49bd-9725-c9fd5e054567 | Context cleanup@openstack cleanup() finished in 3.56 sec
2020-01-01 15:26:41.599 725 INFO rally.task.context [-] Task c77dd543-f145-49bd-9725-c9fd5e054567 | Context users@openstack cleanup() started
2020-01-01 15:26:45.367 725 INFO rally.task.context [-] Task c77dd543-f145-49bd-9725-c9fd5e054567 | Context users@openstack cleanup() finished in 3.77 sec
2020-01-01 15:26:46.902 725 INFO rally.task.engine [-] Load duration is: 11.490309
2020-01-01 15:26:46.902 725 INFO rally.task.engine [-] Full runner duration is: 11.914677
2020-01-01 15:26:46.903 725 INFO rally.task.engine [-] Full duration is: 20.584604
2020-01-01 15:26:46.990 725 INFO rally.task.engine [-] Running workload: position = 0 config = { "version": 2, "title": "A cropped version of a bigger task.", "description": "Auto-generated task from a single workload (uuid=292fff2c-f295-4e8c-ac32-8df2a734a48d)", "subtasks": [ { "title": "GlanceImages.list_images", "description": "List all images.", "scenario": { "GlanceImages.list_images": {} }, "contexts": { "users": { "tenants": 3, "users_per_tenant": 2 } }, "runner": { "constant": { "concurrency": 4, "times": 10 } }, "hooks": [], "sla": { "failure_rate": { "max": 0 } } } ] }
2020-01-01 15:26:47.003 725 RALLYDEBUG rally_openstack.contexts.keystone.users [-] Creating 3 tenants using 20 threads
2020-01-01 15:26:47.448 725 RALLYDEBUG rally_openstack.contexts.keystone.users [-] Creating 6 users using 20 threads
2020-01-01 15:26:48.198 725 INFO rally.task.context [-] Task c77dd543-f145-49bd-9725-c9fd5e054567 | Context users@openstack setup() finished in 1.20 sec
2020-01-01 15:26:48.208 725 RALLYDEBUG rally.task.runner [-] Starting the constant runner (task UUID: c77dd543-f145-49bd-9725-c9fd5e054567). timeout: 0 concurrency: 4 concurrency_per_worker: 1 times: 10 concurrency_overhead: 0 processes_to_start: 4 max_cpu_used: 88
2020-01-01 15:26:48.222 1097 RALLYDEBUG rally.task.runner [-] Starting a worker. concurrency: 1 args: {} times: 10 method_name: run timeout: 0 duration: None cls:
2020-01-01 15:26:48.225 1098 RALLYDEBUG rally.task.runner [-] Starting a worker. concurrency: 1 args: {} times: 10 method_name: run timeout: 0 duration: None cls:
2020-01-01 15:26:48.227 1099 RALLYDEBUG rally.task.runner [-] Starting a worker. concurrency: 1 args: {} times: 10 method_name: run timeout: 0 duration: None cls:
2020-01-01 15:26:48.229 1097 INFO rally.task.runner [-] Task c77dd543-f145-49bd-9725-c9fd5e054567 | ITER: 1 START
2020-01-01 15:26:48.231 1100 RALLYDEBUG rally.task.runner [-] Starting a worker. concurrency: 1 args: {} times: 10 method_name: run timeout: 0 duration: None cls:
2020-01-01 15:26:48.232 1098 INFO rally.task.runner [-] Task c77dd543-f145-49bd-9725-c9fd5e054567 | ITER: 2 START
2020-01-01 15:26:48.234 1099 INFO rally.task.runner [-] Task c77dd543-f145-49bd-9725-c9fd5e054567 | ITER: 3 START
2020-01-01 15:26:48.238 1100 INFO rally.task.runner [-] Task c77dd543-f145-49bd-9725-c9fd5e054567 | ITER: 4 START
2020-01-01 15:26:48.982 1099 INFO rally.task.runner [-] Task c77dd543-f145-49bd-9725-c9fd5e054567 | ITER: 3 END: OK
2020-01-01 15:26:48.986 1099 INFO rally.task.runner [-] Task c77dd543-f145-49bd-9725-c9fd5e054567 | ITER: 5 START
2020-01-01 15:26:49.107 1097 INFO rally.task.runner [-] Task c77dd543-f145-49bd-9725-c9fd5e054567 | ITER: 1 END: OK
2020-01-01 15:26:49.111 1097 INFO rally.task.runner [-] Task c77dd543-f145-49bd-9725-c9fd5e054567 | ITER: 6 START
2020-01-01 15:26:49.146 1100 INFO rally.task.runner [-] Task c77dd543-f145-49bd-9725-c9fd5e054567 | ITER: 4 END: OK
2020-01-01 15:26:49.151 1100 INFO rally.task.runner [-] Task c77dd543-f145-49bd-9725-c9fd5e054567 | ITER: 7 START
2020-01-01 15:26:49.154 1098 INFO rally.task.runner [-] Task c77dd543-f145-49bd-9725-c9fd5e054567 | ITER: 2 END: OK
2020-01-01 15:26:49.157 1098 INFO rally.task.runner [-] Task c77dd543-f145-49bd-9725-c9fd5e054567 | ITER: 8 START
2020-01-01 15:26:50.453 1099 INFO rally.task.runner [-] Task c77dd543-f145-49bd-9725-c9fd5e054567 | ITER: 5 END: OK
2020-01-01 15:26:50.457 1099 INFO rally.task.runner [-] Task c77dd543-f145-49bd-9725-c9fd5e054567 | ITER: 9 START
2020-01-01 15:26:50.461 1100 INFO rally.task.runner [-] Task c77dd543-f145-49bd-9725-c9fd5e054567 | ITER: 7 END: OK
2020-01-01 15:26:50.465 1100 INFO rally.task.runner [-] Task c77dd543-f145-49bd-9725-c9fd5e054567 | ITER: 10 START
2020-01-01 15:26:51.268 1097 INFO rally.task.runner [-] Task c77dd543-f145-49bd-9725-c9fd5e054567 | ITER: 6 END: OK
2020-01-01 15:26:51.442 1099 INFO rally.task.runner [-] Task c77dd543-f145-49bd-9725-c9fd5e054567 | ITER: 9 END: OK
2020-01-01 15:26:51.456 1098 INFO rally.task.runner [-] Task c77dd543-f145-49bd-9725-c9fd5e054567 | ITER: 8 END: OK
2020-01-01 15:26:51.456 1100 INFO rally.task.runner [-] Task c77dd543-f145-49bd-9725-c9fd5e054567 | ITER: 10 END: OK
2020-01-01 15:26:51.483 725 INFO rally.task.context [-] Task c77dd543-f145-49bd-9725-c9fd5e054567 | Context users@openstack cleanup() started
2020-01-01 15:26:54.645 725 INFO rally.task.context [-] Task c77dd543-f145-49bd-9725-c9fd5e054567 | Context users@openstack cleanup() finished in 3.16 sec
2020-01-01 15:26:55.054 725 INFO rally.task.engine [-] Load duration is: 2.803323
2020-01-01 15:26:55.054 725 INFO rally.task.engine [-] Full runner duration is: 3.276054
2020-01-01 15:26:55.054 725 INFO rally.task.engine [-] Full duration is: 7.643353
2020-01-01 15:26:55.141 725 INFO rally.task.engine [-] Running workload: position = 0 config = { "version": 2, "title": "A cropped version of a bigger task.", "description": "Auto-generated task from a single workload (uuid=1827df74-ee1e-4900-b17b-df89547d30ab)", "subtasks": [ { "title": "GlanceImages.create_image_and_boot_instances", "description": "Create an image and boot several instances from it.", "scenario": { "GlanceImages.create_image_and_boot_instances": { "container_format": "bare", "disk_format": "qcow2", "image_location": "/home/opnfv/functest/images/cirros-0.4.0-x86_64-disk.img", "flavor": { "name": "rally_full-flavor_8a07300d-7d6a-4dd0-9766-cfe5d220176e" }, "number_instances": 2, "nics": [ { "net-id": "26881d62-6ddf-47e1-b411-bfac3768000a" } ] } }, "contexts": { "users": { "tenants": 3, "users_per_tenant": 2 }, "quotas": { "nova": { "cores": -1, "floating_ips": -1, "instances": -1, "ram": -1, "security_group_rules": -1, "security_groups": -1 } } }, "runner": { "constant": { "concurrency": 4, "times": 10 } }, "hooks": [], "sla": { "failure_rate": { "max": 0 } } } ] }
2020-01-01 15:26:55.163 725 RALLYDEBUG rally_openstack.contexts.keystone.users [-] Creating 3 tenants using 20 threads
2020-01-01 15:26:55.575 725 RALLYDEBUG rally_openstack.contexts.keystone.users [-] Creating 6 users using 20 threads
2020-01-01 15:26:56.452 725 INFO rally.task.context [-] Task c77dd543-f145-49bd-9725-c9fd5e054567 | Context users@openstack setup() finished in 1.29 sec
2020-01-01 15:26:56.607 725 DEBUG novaclient.v2.client [-] REQ: curl -g -i -X PUT http://compute-airship.intel-pod17.opnfv.org/v2.1/os-quota-sets/c978ebdc12d2400789b27aa81846fe52 -H "Accept: application/json" -H "Content-Type: application/json" -H "User-Agent: python-novaclient" -H "X-Auth-Token: {SHA1}ab801394c4a5c4e7d8f9ab2b2db5cb9d168b2747" -d '{"quota_set": {"ram": -1, "floating_ips": -1, "security_group_rules": -1, "instances": -1, "cores": -1, "security_groups": -1}}' _http_log_request /usr/lib/python2.7/site-packages/keystoneauth1/session.py:448
2020-01-01 15:26:56.885 725 DEBUG novaclient.v2.client [-] RESP: [200] Connection: keep-alive Content-Encoding: gzip Content-Type: application/json Date: Wed, 01 Jan 2020 15:26:56 GMT Openstack-Api-Version: compute 2.1 Transfer-Encoding: chunked Vary: Accept-Encoding, OpenStack-API-Version, X-OpenStack-Nova-API-Version X-Compute-Request-Id: req-e2419c42-a99d-49ef-a299-e8b47ca84764 X-Openstack-Nova-Api-Version: 2.1 _http_log_response /usr/lib/python2.7/site-packages/keystoneauth1/session.py:479
2020-01-01 15:26:56.886 725 DEBUG novaclient.v2.client [-] RESP BODY: {"quota_set": {"injected_file_content_bytes": 10240, "metadata_items": 128, "server_group_members": 10, "server_groups": 10, "ram": -1, "floating_ips": -1, "key_pairs": 100, "instances": -1, "security_group_rules": -1, "injected_files": 5, "cores": -1, "fixed_ips": -1, "injected_file_path_bytes": 255, "security_groups": -1}} _http_log_response /usr/lib/python2.7/site-packages/keystoneauth1/session.py:511
2020-01-01 15:26:56.886 725 DEBUG novaclient.v2.client [-] PUT call to compute for http://compute-airship.intel-pod17.opnfv.org/v2.1/os-quota-sets/c978ebdc12d2400789b27aa81846fe52 used request id req-e2419c42-a99d-49ef-a299-e8b47ca84764 request /usr/lib/python2.7/site-packages/keystoneauth1/session.py:844
2020-01-01 15:26:56.888 725 DEBUG novaclient.v2.client [-] REQ: curl -g -i -X PUT http://compute-airship.intel-pod17.opnfv.org/v2.1/os-quota-sets/abefd9df9ac045adb957ba1ae0eb01d7 -H "Accept: application/json" -H "Content-Type: application/json" -H "User-Agent: python-novaclient" -H "X-Auth-Token: {SHA1}ab801394c4a5c4e7d8f9ab2b2db5cb9d168b2747" -d '{"quota_set": {"ram": -1, "floating_ips": -1, "security_group_rules": -1, "instances": -1, "cores": -1, "security_groups": -1}}' _http_log_request /usr/lib/python2.7/site-packages/keystoneauth1/session.py:448
2020-01-01 15:26:57.002 725 DEBUG novaclient.v2.client [-] RESP: [200] Connection: keep-alive Content-Encoding: gzip Content-Type: application/json Date: Wed, 01 Jan 2020 15:26:56 GMT Openstack-Api-Version: compute 2.1 Transfer-Encoding: chunked Vary: Accept-Encoding, OpenStack-API-Version, X-OpenStack-Nova-API-Version X-Compute-Request-Id: req-91d6a62b-dcb4-4b0f-abd2-30f7c2556104 X-Openstack-Nova-Api-Version: 2.1 _http_log_response /usr/lib/python2.7/site-packages/keystoneauth1/session.py:479
2020-01-01 15:26:57.003 725 DEBUG novaclient.v2.client [-] RESP BODY: {"quota_set": {"injected_file_content_bytes": 10240, "metadata_items": 128, "server_group_members": 10, "server_groups": 10, "ram": -1, "floating_ips": -1, "key_pairs": 100, "instances": -1, "security_group_rules": -1, "injected_files": 5, "cores": -1, "fixed_ips": -1, "injected_file_path_bytes": 255, "security_groups": -1}} _http_log_response /usr/lib/python2.7/site-packages/keystoneauth1/session.py:511
2020-01-01 15:26:57.003 725 DEBUG novaclient.v2.client [-] PUT call to compute for http://compute-airship.intel-pod17.opnfv.org/v2.1/os-quota-sets/abefd9df9ac045adb957ba1ae0eb01d7 used request id req-91d6a62b-dcb4-4b0f-abd2-30f7c2556104 request /usr/lib/python2.7/site-packages/keystoneauth1/session.py:844
2020-01-01 15:26:57.005 725 DEBUG novaclient.v2.client [-] REQ: curl -g -i -X PUT http://compute-airship.intel-pod17.opnfv.org/v2.1/os-quota-sets/d7460cd6251642e2abc36b2afa8d2546 -H "Accept: application/json" -H "Content-Type: application/json" -H "User-Agent: python-novaclient" -H "X-Auth-Token: {SHA1}ab801394c4a5c4e7d8f9ab2b2db5cb9d168b2747" -d '{"quota_set": {"ram": -1, "floating_ips": -1, "security_group_rules": -1, "instances": -1, "cores": -1, "security_groups": -1}}' _http_log_request /usr/lib/python2.7/site-packages/keystoneauth1/session.py:448
2020-01-01 15:26:57.114 725 DEBUG novaclient.v2.client [-] RESP: [200] Connection: keep-alive Content-Encoding: gzip Content-Type: application/json Date: Wed, 01 Jan 2020 15:26:57 GMT Openstack-Api-Version: compute 2.1 Transfer-Encoding: chunked Vary: Accept-Encoding, OpenStack-API-Version, X-OpenStack-Nova-API-Version X-Compute-Request-Id: req-38e7e93c-2ce0-4f53-b421-cb47c79a8959 X-Openstack-Nova-Api-Version: 2.1 _http_log_response /usr/lib/python2.7/site-packages/keystoneauth1/session.py:479
2020-01-01 15:26:57.114 725 DEBUG novaclient.v2.client [-] RESP BODY: {"quota_set": {"injected_file_content_bytes": 10240, "metadata_items": 128, "server_group_members": 10, "server_groups": 10, "ram": -1, "floating_ips": -1, "key_pairs": 100, "instances": -1, "security_group_rules": -1, "injected_files": 5, "cores": -1, "fixed_ips": -1, "injected_file_path_bytes": 255, "security_groups": -1}} _http_log_response /usr/lib/python2.7/site-packages/keystoneauth1/session.py:511
2020-01-01 15:26:57.115 725 DEBUG novaclient.v2.client [-] PUT call to compute for http://compute-airship.intel-pod17.opnfv.org/v2.1/os-quota-sets/d7460cd6251642e2abc36b2afa8d2546 used request id req-38e7e93c-2ce0-4f53-b421-cb47c79a8959 request /usr/lib/python2.7/site-packages/keystoneauth1/session.py:844
2020-01-01 15:26:57.115 725 INFO rally.task.context [-] Task c77dd543-f145-49bd-9725-c9fd5e054567 | Context quotas@openstack setup() finished in 0.66 sec
2020-01-01 15:26:57.116 725 INFO rally.task.context [-] Task c77dd543-f145-49bd-9725-c9fd5e054567 | Context cleanup@openstack setup() finished in 0.02 msec
2020-01-01 15:26:57.224 725 DEBUG novaclient.v2.client [-] REQ: curl -g -i -X GET http://compute-airship.intel-pod17.opnfv.org/v2.1/flavors/detail -H "Accept: application/json" -H "User-Agent: python-novaclient" -H "X-Auth-Token: {SHA1}ccdc6505d5e8123c81d6dcb8d74bb135392ac66a" _http_log_request /usr/lib/python2.7/site-packages/keystoneauth1/session.py:448
2020-01-01 15:26:57.372 725 DEBUG novaclient.v2.client [-] RESP: [200] Connection: keep-alive Content-Encoding: gzip Content-Type: application/json Date: Wed, 01 Jan 2020 15:26:57 GMT Openstack-Api-Version: compute 2.1 Transfer-Encoding: chunked Vary: Accept-Encoding, OpenStack-API-Version, X-OpenStack-Nova-API-Version X-Compute-Request-Id: req-5bff1d16-fde3-47a3-b313-9e120fed84d5 X-Openstack-Nova-Api-Version: 2.1 _http_log_response /usr/lib/python2.7/site-packages/keystoneauth1/session.py:479
2020-01-01 15:26:57.373 725 DEBUG novaclient.v2.client [-] RESP BODY: {"flavors": [{"links": [{"href": "http://compute-airship.intel-pod17.opnfv.org/v2.1/flavors/15b50de2-7b53-46bb-84a6-2b30e7d242f8", "rel": "self"}, {"href": "http://compute-airship.intel-pod17.opnfv.org/flavors/15b50de2-7b53-46bb-84a6-2b30e7d242f8", "rel": "bookmark"}], "ram": 4096, "OS-FLV-DISABLED:disabled": false, "os-flavor-access:is_public": true, "rxtx_factor": 1.0, "disk": 40, "id": "15b50de2-7b53-46bb-84a6-2b30e7d242f8", "name": "m1.medium", "vcpus": 2, "swap": "", "OS-FLV-EXT-DATA:ephemeral": 0}, {"links": [{"href": "http://compute-airship.intel-pod17.opnfv.org/v2.1/flavors/1a067f8c-0f4f-49fd-a501-3e636e0e0123", "rel": "self"}, {"href": "http://compute-airship.intel-pod17.opnfv.org/flavors/1a067f8c-0f4f-49fd-a501-3e636e0e0123", "rel": "bookmark"}], "ram": 64, "OS-FLV-DISABLED:disabled": false, "os-flavor-access:is_public": true, "rxtx_factor": 1.0, "disk": 0, "id": "1a067f8c-0f4f-49fd-a501-3e636e0e0123", "name": "rally_verify_411fb48c_dyI3sg6V", "vcpus": 1, "swap": "", "OS-FLV-EXT-DATA:ephemeral": 0}, {"links": [{"href": "http://compute-airship.intel-pod17.opnfv.org/v2.1/flavors/361ca5ec-db08-4f35-8a3a-f92e0a9775cd", "rel": "self"}, {"href": "http://compute-airship.intel-pod17.opnfv.org/flavors/361ca5ec-db08-4f35-8a3a-f92e0a9775cd", "rel": "bookmark"}], "ram": 16384, "OS-FLV-DISABLED:disabled": false, "os-flavor-access:is_public": true, "rxtx_factor": 1.0, "disk": 160, "id": "361ca5ec-db08-4f35-8a3a-f92e0a9775cd", "name": "m1.xlarge", "vcpus": 8, "swap": "", "OS-FLV-EXT-DATA:ephemeral": 0}, {"links": [{"href": "http://compute-airship.intel-pod17.opnfv.org/v2.1/flavors/4166c54e-593e-45de-a981-af35e5429a6a", "rel": "self"}, {"href": "http://compute-airship.intel-pod17.opnfv.org/flavors/4166c54e-593e-45de-a981-af35e5429a6a", "rel": "bookmark"}], "ram": 512, "OS-FLV-DISABLED:disabled": false, "os-flavor-access:is_public": true, "rxtx_factor": 1.0, "disk": 1, "id": "4166c54e-593e-45de-a981-af35e5429a6a", "name": "rally_full-flavor_8a07300d-7d6a-4dd0-9766-cfe5d220176e", "vcpus": 1, "swap": "", "OS-FLV-EXT-DATA:ephemeral": 0}, {"links": [{"href": "http://compute-airship.intel-pod17.opnfv.org/v2.1/flavors/7756472a-d86e-4844-a896-954b14eed0fa", "rel": "self"}, {"href": "http://compute-airship.intel-pod17.opnfv.org/flavors/7756472a-d86e-4844-a896-954b14eed0fa", "rel": "bookmark"}], "ram": 1024, "OS-FLV-DISABLED:disabled": false, "os-flavor-access:is_public": true, "rxtx_factor": 1.0, "disk": 1, "id": "7756472a-d86e-4844-a896-954b14eed0fa", "name": "rally_full-flavor_alt_8a07300d-7d6a-4dd0-9766-cfe5d220176e", "vcpus": 1, "swap": "", "OS-FLV-EXT-DATA:ephemeral": 0}, {"links": [{"href": "http://compute-airship.intel-pod17.opnfv.org/v2.1/flavors/9c897b26-4ad5-474a-a554-52cadd3026cd", "rel": "self"}, {"href": "http://compute-airship.intel-pod17.opnfv.org/flavors/9c897b26-4ad5-474a-a554-52cadd3026cd", "rel": "bookmark"}], "ram": 512, "OS-FLV-DISABLED:disabled": false, "os-flavor-access:is_public": true, "rxtx_factor": 1.0, "disk": 1, "id": "9c897b26-4ad5-474a-a554-52cadd3026cd", "name": "m1.tiny", "vcpus": 1, "swap": "", "OS-FLV-EXT-DATA:ephemeral": 0}, {"links": [{"href": "http://compute-airship.intel-pod17.opnfv.org/v2.1/flavors/ab29f176-31d3-4219-b6fa-1b876c336ab8", "rel": "self"}, {"href": "http://compute-airship.intel-pod17.opnfv.org/flavors/ab29f176-31d3-4219-b6fa-1b876c336ab8", "rel": "bookmark"}], "ram": 2048, "OS-FLV-DISABLED:disabled": false, "os-flavor-access:is_public": true, "rxtx_factor": 1.0, "disk": 20, "id": "ab29f176-31d3-4219-b6fa-1b876c336ab8", "name": "m1.small", "vcpus": 1, "swap": "", "OS-FLV-EXT-DATA:ephemeral": 0}, {"links": [{"href": "http://compute-airship.intel-pod17.opnfv.org/v2.1/flavors/f857a84d-c0c7-4afe-86cd-8d5714730799", "rel": "self"}, {"href": "http://compute-airship.intel-pod17.opnfv.org/flavors/f857a84d-c0c7-4afe-86cd-8d5714730799", "rel": "bookmark"}], "ram": 8192, "OS-FLV-DISABLED:disabled": false, "os-flavor-access:is_public": true, "rxtx_factor": 1.0, "disk": 80, "id": "f857a84d-c0c7-4afe-86cd-8d5714730799", "name": "m1.large", "vcpus": 4, "swap": "", "OS-FLV-EXT-DATA:ephemeral": 0}]} _http_log_response /usr/lib/python2.7/site-packages/keystoneauth1/session.py:511
2020-01-01 15:26:57.374 725 DEBUG novaclient.v2.client [-] GET call to compute for http://compute-airship.intel-pod17.opnfv.org/v2.1/flavors/detail used request id req-5bff1d16-fde3-47a3-b313-9e120fed84d5 request /usr/lib/python2.7/site-packages/keystoneauth1/session.py:844
2020-01-01 15:26:57.377 725 RALLYDEBUG rally.task.runner [-] Starting the constant runner (task UUID: c77dd543-f145-49bd-9725-c9fd5e054567). timeout: 0 concurrency: 4 concurrency_per_worker: 1 times: 10 concurrency_overhead: 0 processes_to_start: 4 max_cpu_used: 88
2020-01-01 15:26:57.388 1201 RALLYDEBUG rally.task.runner [-] Starting a worker. concurrency: 1 args: {"container_format": "bare", "disk_format": "qcow2", "image_location": "/home/opnfv/functest/images/cirros-0.4.0-x86_64-disk.img", "flavor": "4166c54e-593e-45de-a981-af35e5429a6a", "number_instances": 2, "nics": [{"net-id": "26881d62-6ddf-47e1-b411-bfac3768000a"}]} times: 10 method_name: run timeout: 0 duration: None cls:
2020-01-01 15:26:57.392 1202 RALLYDEBUG rally.task.runner [-] Starting a worker. concurrency: 1 args: {"container_format": "bare", "disk_format": "qcow2", "image_location": "/home/opnfv/functest/images/cirros-0.4.0-x86_64-disk.img", "flavor": "4166c54e-593e-45de-a981-af35e5429a6a", "number_instances": 2, "nics": [{"net-id": "26881d62-6ddf-47e1-b411-bfac3768000a"}]} times: 10 method_name: run timeout: 0 duration: None cls:
