2019-12-29 16:31:12.797 6 RALLYDEBUG rally.api [-] INFO logs from urllib3 and requests module are hide.
2019-12-29 16:31:12.797 6 RALLYDEBUG rally.api [-] urllib3 insecure warnings are hidden.
2019-12-29 16:31:12.798 6 RALLYDEBUG rally.api [-] ERROR log from boto module is hide.
2019-12-29 16:31:14.134 6 ERROR rally.cli.cliutils [-] Unexpected exception in CLI: DBRecordNotFound: Record for uuid or name is opnfv-rally not found in table envs
2019-12-29 16:31:14.134 6 ERROR rally.cli.cliutils
Traceback (most recent call last):
2019-12-29 16:31:14.134 6 ERROR rally.cli.cliutils
File "/usr/lib/python2.7/site-packages/rally/cli/cliutils.py", line 674, in run
2019-12-29 16:31:14.134 6 ERROR rally.cli.cliutils ret = fn(*fn_args, **fn_kwargs)
2019-12-29 16:31:14.134 6 ERROR rally.cli.cliutils File "", line 2, in destroy
2019-12-29 16:31:14.134 6 ERROR rally.cli.cliutils
File "/usr/lib/python2.7/site-packages/rally/cli/envutils.py", line 68, in default_from_global
2019-12-29 16:31:14.134 6 ERROR rally.cli.cliutils return f(*args, **kwargs)
2019-12-29 16:31:14.134 6 ERROR rally.cli.cliutils File "", line 2, in destroy
2019-12-29 16:31:14.134 6 ERROR rally.cli.cliutils
File "/usr/lib/python2.7/site-packages/rally/plugins/__init__.py", line 51, in ensure_plugins_are_loaded
2019-12-29 16:31:14.134 6 ERROR rally.cli.cliutils return f(*args, **kwargs)
2019-12-29 16:31:14.134 6 ERROR rally.cli.cliutils
File "/usr/lib/python2.7/site-packages/rally/cli/commands/deployment.py", line 157, in destroy
2019-12-29 16:31:14.134 6 ERROR rally.cli.cliutils api.deployment.destroy(deployment=deployment)
2019-12-29 16:31:14.134 6 ERROR rally.cli.cliutils
File "/usr/lib/python2.7/site-packages/rally/api.py", line 115, in destroy
2019-12-29 16:31:14.134 6 ERROR rally.cli.cliutils deploy = objects.Deployment.get(deployment)
2019-12-29 16:31:14.134 6 ERROR rally.cli.cliutils
File "/usr/lib/python2.7/site-packages/rally/common/objects/deploy.py", line 124, in get
2019-12-29 16:31:14.134 6 ERROR rally.cli.cliutils return Deployment(env_mgr.EnvManager.get(deploy))
2019-12-29 16:31:14.134 6 ERROR rally.cli.cliutils
File "/usr/lib/python2.7/site-packages/rally/env/env_mgr.py", line 212, in get
2019-12-29 16:31:14.134 6 ERROR rally.cli.cliutils return cls(db.env_get(uuid_or_name))
2019-12-29 16:31:14.134 6 ERROR rally.cli.cliutils
File "/usr/lib/python2.7/site-packages/rally/common/db/api.py", line 135, in wrapper
2019-12-29 16:31:14.134 6 ERROR rally.cli.cliutils result = f(session, *args, **kwargs)
2019-12-29 16:31:14.134 6 ERROR rally.cli.cliutils
File "/usr/lib/python2.7/site-packages/rally/common/db/api.py", line 521, in env_get
2019-12-29 16:31:14.134 6 ERROR rally.cli.cliutils criteria="uuid or name is %s" % uuid_or_name, table="envs")
2019-12-29 16:31:14.134 6 ERROR rally.cli.cliutils DBRecordNotFound: Record for uuid or name is opnfv-rally not found in table envs
2019-12-29 16:31:14.134 6 ERROR rally.cli.cliutils
2019-12-29 16:31:14.896 8 RALLYDEBUG rally.api [-] INFO logs from urllib3 and requests module are hide.
2019-12-29 16:31:14.896 8 RALLYDEBUG rally.api [-] urllib3 insecure warnings are hidden.
2019-12-29 16:31:14.896 8 RALLYDEBUG rally.api [-] ERROR log from boto module is hide.
2019-12-29 16:31:16.975 10 RALLYDEBUG rally.api [-] INFO logs from urllib3 and requests module are hide.
2019-12-29 16:31:16.975 10 RALLYDEBUG rally.api [-] urllib3 insecure warnings are hidden.
2019-12-29 16:31:16.976 10 RALLYDEBUG rally.api [-] ERROR log from boto module is hide.
2019-12-29 16:31:19.556 13 RALLYDEBUG rally.api [-] INFO logs from urllib3 and requests module are hide.
2019-12-29 16:31:19.557 13 RALLYDEBUG rally.api [-] urllib3 insecure warnings are hidden.
2019-12-29 16:31:19.557 13 RALLYDEBUG rally.api [-] ERROR log from boto module is hide.
2019-12-29 16:31:20.840 15 RALLYDEBUG rally.api [-] INFO logs from urllib3 and requests module are hide.
2019-12-29 16:31:20.840 15 RALLYDEBUG rally.api [-] urllib3 insecure warnings are hidden.
2019-12-29 16:31:20.841 15 RALLYDEBUG rally.api [-] ERROR log from boto module is hide.
2019-12-29 16:31:22.083 15 INFO rally.common.plugin.discover [-] Loading plugins from directories /root/.rally/plugins/*
2019-12-29 16:31:22.084 15 INFO rally.common.plugin.discover [-] Loaded module with plugins: /root/.rally/plugins/__init__.py
2019-12-29 16:31:22.086 15 INFO rally.common.plugin.discover [-] Loaded module with plugins: /root/.rally/plugins/trunk_scenario.py
2019-12-29 16:31:22.261 15 INFO rally.task.engine [-] Task 71c2276b-c1ff-44cb-8328-82eb4083a367 | Starting: Task validation.
2019-12-29 16:31:22.273 15 INFO rally.task.engine [-] Task 71c2276b-c1ff-44cb-8328-82eb4083a367 | Starting: Task validation of syntax.
2019-12-29 16:31:22.424 15 INFO rally.task.engine [-] Task 71c2276b-c1ff-44cb-8328-82eb4083a367 | Completed: Task validation of syntax.
2019-12-29 16:31:22.425 15 INFO rally.task.engine [-] Task 71c2276b-c1ff-44cb-8328-82eb4083a367 | Starting: Task validation of required platforms.
2019-12-29 16:31:22.492 15 INFO rally.task.engine [-] Task 71c2276b-c1ff-44cb-8328-82eb4083a367 | Completed: Task validation of required platforms.
2019-12-29 16:31:22.492 15 INFO rally.task.engine [-] Task 71c2276b-c1ff-44cb-8328-82eb4083a367 | Starting: Task validation of semantic.
2019-12-29 16:31:22.493 15 INFO rally.task.engine [-] Check health of the environment '6b08f80b-4991-4f02-a898-aea793d191d0'.
2019-12-29 16:31:22.870 15 INFO rally.task.engine [-] Platform existing@openstack (available: True): OK!
2019-12-29 16:31:22.881 15 RALLYDEBUG rally_openstack.contexts.keystone.users [-] Creating 1 tenants using 20 threads
2019-12-29 16:31:23.089 15 RALLYDEBUG rally_openstack.contexts.keystone.users [-] Creating 1 users using 20 threads
2019-12-29 16:31:23.489 15 INFO rally.task.context [-] Task 71c2276b-c1ff-44cb-8328-82eb4083a367 | Context users@openstack setup() finished in 0.61 sec
2019-12-29 16:31:24.763 15 INFO rally.task.context [-] Task 71c2276b-c1ff-44cb-8328-82eb4083a367 | Context users@openstack cleanup() started
2019-12-29 16:31:26.332 15 INFO rally.task.context [-] Task 71c2276b-c1ff-44cb-8328-82eb4083a367 | Context users@openstack cleanup() finished in 1.57 sec
2019-12-29 16:31:26.332 15 INFO rally.task.engine [-] Task 71c2276b-c1ff-44cb-8328-82eb4083a367 | Completed: Task validation of semantic.
2019-12-29 16:31:26.332 15 INFO rally.task.engine [-] Task 71c2276b-c1ff-44cb-8328-82eb4083a367 | Completed: Task validation.
2019-12-29 16:31:26.333 15 INFO rally.api [-] Task 71c2276b-c1ff-44cb-8328-82eb4083a367 input file is valid.
2019-12-29 16:31:26.333 15 INFO rally.api [-] Run Task 71c2276b-c1ff-44cb-8328-82eb4083a367 against Deployment 6b08f80b-4991-4f02-a898-aea793d191d0
2019-12-29 16:31:26.333 15 INFO rally.task.engine [-] Task 71c2276b-c1ff-44cb-8328-82eb4083a367 | Starting: Running task.
2019-12-29 16:31:26.378 15 INFO rally.task.engine [-] Running workload: position = 0 config = { "version": 2, "title": "A cropped version of a bigger task.", "description": "Auto-generated task from a single workload (uuid=2a6d63fc-7f1e-4871-b071-5cfcf9b5d340)", "subtasks": [ { "title": "NeutronNetworks.create_and_list_networks", "description": "Check performance of list_networks action and ensure > network quotas are not exceeded", "scenario": { "NeutronNetworks.create_and_list_networks": {} }, "contexts": { "users": { "tenants": 1, "users_per_tenant": 1 }, "quotas": { "neutron": { "network": 119 } } }, "runner": { "constant": { "times": 100, "concurrency": 20 } }, "hooks": [], "sla": { "max_avg_duration_per_atomic": { "neutron.list_networks": 15 }, "failure_rate": { "max": 0 } } } ] }
2019-12-29 16:31:26.389 15 RALLYDEBUG rally_openstack.contexts.keystone.users [-] Creating 1 tenants using 20 threads
2019-12-29 16:31:26.688 15 RALLYDEBUG rally_openstack.contexts.keystone.users [-] Creating 1 users using 20 threads
2019-12-29 16:31:27.047 15 INFO rally.task.context [-] Task 71c2276b-c1ff-44cb-8328-82eb4083a367 | Context users@openstack setup() finished in 0.66 sec
2019-12-29 16:31:27.350 15 INFO rally.task.context [-] Task 71c2276b-c1ff-44cb-8328-82eb4083a367 | Context quotas@openstack setup() finished in 0.30 sec
2019-12-29 16:31:27.351 15 INFO rally.task.context [-] Task 71c2276b-c1ff-44cb-8328-82eb4083a367 | Context cleanup@openstack setup() finished in 0.01 msec
2019-12-29 16:31:27.360 15 RALLYDEBUG rally.task.runner [-] Starting the constant runner (task UUID: 71c2276b-c1ff-44cb-8328-82eb4083a367). timeout: 0 concurrency: 20 concurrency_per_worker: 1 times: 100 concurrency_overhead: 0 processes_to_start: 20 max_cpu_used: 88
2019-12-29 16:31:27.376 139 RALLYDEBUG rally.task.runner [-] Starting a worker. concurrency: 1 args: {} times: 100 method_name: run timeout: 0 duration: None cls:
2019-12-29 16:31:27.378 140 RALLYDEBUG rally.task.runner [-] Starting a worker. concurrency: 1 args: {} times: 100 method_name: run timeout: 0 duration: None cls:
2019-12-29 16:31:27.380 141 RALLYDEBUG rally.task.runner [-] Starting a worker. concurrency: 1 args: {} times: 100 method_name: run timeout: 0 duration: None cls:
2019-12-29 16:31:27.381 139 INFO rally.task.runner [-] Task 71c2276b-c1ff-44cb-8328-82eb4083a367 | ITER: 1 START
2019-12-29 16:31:27.383 142 RALLYDEBUG rally.task.runner [-] Starting a worker. concurrency: 1 args: {} times: 100 method_name: run timeout: 0 duration: None cls:
2019-12-29 16:31:27.384 140 INFO rally.task.runner [-] Task 71c2276b-c1ff-44cb-8328-82eb4083a367 | ITER: 2 START
2019-12-29 16:31:27.386 141 INFO rally.task.runner [-] Task 71c2276b-c1ff-44cb-8328-82eb4083a367 | ITER: 3 START
2019-12-29 16:31:27.386 144 RALLYDEBUG rally.task.runner [-] Starting a worker. concurrency: 1 args: {} times: 100 method_name: run timeout: 0 duration: None cls:
2019-12-29 16:31:27.388 148 RALLYDEBUG rally.task.runner [-] Starting a worker. concurrency: 1 args: {} times: 100 method_name: run timeout: 0 duration: None cls:
2019-12-29 16:31:27.389 142 INFO rally.task.runner [-] Task 71c2276b-c1ff-44cb-8328-82eb4083a367 | ITER: 4 START
2019-12-29 16:31:27.390 144 INFO rally.task.runner [-] Task 71c2276b-c1ff-44cb-8328-82eb4083a367 | ITER: 5 START
2019-12-29 16:31:27.391 151 RALLYDEBUG rally.task.runner [-] Starting a worker. concurrency: 1 args: {} times: 100 method_name: run timeout: 0 duration: None cls:
2019-12-29 16:31:27.393 148 INFO rally.task.runner [-] Task 71c2276b-c1ff-44cb-8328-82eb4083a367 | ITER: 6 START
2019-12-29 16:31:27.393 154 RALLYDEBUG rally.task.runner [-] Starting a worker. concurrency: 1 args: {} times: 100 method_name: run timeout: 0 duration: None cls:
2019-12-29 16:31:27.397 151 INFO rally.task.runner [-] Task 71c2276b-c1ff-44cb-8328-82eb4083a367 | ITER: 7 START
2019-12-29 16:31:27.396 157 RALLYDEBUG rally.task.runner [-] Starting a worker. concurrency: 1 args: {} times: 100 method_name: run timeout: 0 duration: None cls:
2019-12-29 16:31:27.398 154 INFO rally.task.runner [-] Task 71c2276b-c1ff-44cb-8328-82eb4083a367 | ITER: 8 START
2019-12-29 16:31:27.402 157 INFO rally.task.runner [-] Task 71c2276b-c1ff-44cb-8328-82eb4083a367 | ITER: 9 START
2019-12-29 16:31:27.403 164 RALLYDEBUG rally.task.runner [-] Starting a worker. concurrency: 1 args: {} times: 100 method_name: run timeout: 0 duration: None cls:
2019-12-29 16:31:27.408 164 INFO rally.task.runner [-] Task 71c2276b-c1ff-44cb-8328-82eb4083a367 | ITER: 10 START
2019-12-29 16:31:27.408 167 RALLYDEBUG rally.task.runner [-] Starting a worker. concurrency: 1 args: {} times: 100 method_name: run timeout: 0 duration: None cls:
2019-12-29 16:31:27.412 168 RALLYDEBUG rally.task.runner [-] Starting a worker. concurrency: 1 args: {} times: 100 method_name: run timeout: 0 duration: None cls:
2019-12-29 16:31:27.413 167 INFO rally.task.runner [-] Task 71c2276b-c1ff-44cb-8328-82eb4083a367 | ITER: 11 START
2019-12-29 16:31:27.414 171 RALLYDEBUG rally.task.runner [-] Starting a worker. concurrency: 1 args: {} times: 100 method_name: run timeout: 0 duration: None cls:
2019-12-29 16:31:27.417 168 INFO rally.task.runner [-] Task 71c2276b-c1ff-44cb-8328-82eb4083a367 | ITER: 12 START
2019-12-29 16:31:27.417 173 RALLYDEBUG rally.task.runner [-] Starting a worker. concurrency: 1 args: {} times: 100 method_name: run timeout: 0 duration: None cls:
2019-12-29 16:31:27.419 175 RALLYDEBUG rally.task.runner [-] Starting a worker. concurrency: 1 args: {} times: 100 method_name: run timeout: 0 duration: None cls:
2019-12-29 16:31:27.420 171 INFO rally.task.runner [-] Task 71c2276b-c1ff-44cb-8328-82eb4083a367 | ITER: 13 START
2019-12-29 16:31:27.423 173 INFO rally.task.runner [-] Task 71c2276b-c1ff-44cb-8328-82eb4083a367 | ITER: 14 START
2019-12-29 16:31:27.423 178 RALLYDEBUG rally.task.runner [-] Starting a worker. concurrency: 1 args: {} times: 100 method_name: run timeout: 0 duration: None cls:
2019-12-29 16:31:27.425 181 RALLYDEBUG rally.task.runner [-] Starting a worker. concurrency: 1 args: {} times: 100 method_name: run timeout: 0 duration: None cls:
2019-12-29 16:31:27.424 175 INFO rally.task.runner [-] Task 71c2276b-c1ff-44cb-8328-82eb4083a367 | ITER: 15 START
2019-12-29 16:31:27.428 185 RALLYDEBUG rally.task.runner [-] Starting a worker. concurrency: 1 args: {} times: 100 method_name: run timeout: 0 duration: None cls:
2019-12-29 16:31:27.428 178 INFO rally.task.runner [-] Task 71c2276b-c1ff-44cb-8328-82eb4083a367 | ITER: 16 START
2019-12-29 16:31:27.431 187 RALLYDEBUG rally.task.runner [-] Starting a worker. concurrency: 1 args: {} times: 100 method_name: run timeout: 0 duration: None cls:
2019-12-29 16:31:27.432 181 INFO rally.task.runner [-] Task 71c2276b-c1ff-44cb-8328-82eb4083a367 | ITER: 17 START
2019-12-29 16:31:27.434 190 RALLYDEBUG rally.task.runner [-] Starting a worker. concurrency: 1 args: {} times: 100 method_name: run timeout: 0 duration: None cls:
2019-12-29 16:31:27.436 185 INFO rally.task.runner [-] Task 71c2276b-c1ff-44cb-8328-82eb4083a367 | ITER: 18 START
2019-12-29 16:31:27.439 187 INFO rally.task.runner [-] Task 71c2276b-c1ff-44cb-8328-82eb4083a367 | ITER: 19 START
2019-12-29 16:31:27.441 190 INFO rally.task.runner [-] Task 71c2276b-c1ff-44cb-8328-82eb4083a367 | ITER: 20 START
2019-12-29 16:31:28.744 139 INFO rally.task.runner [-] Task 71c2276b-c1ff-44cb-8328-82eb4083a367 | ITER: 1 END: OK
2019-12-29 16:31:28.749 139 INFO rally.task.runner [-] Task 71c2276b-c1ff-44cb-8328-82eb4083a367 | ITER: 21 START
2019-12-29 16:31:28.926 142 INFO rally.task.runner [-] Task 71c2276b-c1ff-44cb-8328-82eb4083a367 | ITER: 4 END: OK
2019-12-29 16:31:28.931 142 INFO rally.task.runner [-] Task 71c2276b-c1ff-44cb-8328-82eb4083a367 | ITER: 22 START
2019-12-29 16:31:28.976 140 INFO rally.task.runner [-] Task 71c2276b-c1ff-44cb-8328-82eb4083a367 | ITER: 2 END: OK
2019-12-29 16:31:28.977 141 INFO rally.task.runner [-] Task 71c2276b-c1ff-44cb-8328-82eb4083a367 | ITER: 3 END: OK
2019-12-29 16:31:28.980 140 INFO rally.task.runner [-] Task 71c2276b-c1ff-44cb-8328-82eb4083a367 | ITER: 23 START
2019-12-29 16:31:28.982 141 INFO rally.task.runner [-] Task 71c2276b-c1ff-44cb-8328-82eb4083a367 | ITER: 24 START
2019-12-29 16:31:29.641 144 INFO rally.task.runner [-] Task 71c2276b-c1ff-44cb-8328-82eb4083a367 | ITER: 5 END: OK
2019-12-29 16:31:29.646 144 INFO rally.task.runner [-] Task 71c2276b-c1ff-44cb-8328-82eb4083a367 | ITER: 25 START
2019-12-29 16:31:29.725 151 INFO rally.task.runner [-] Task 71c2276b-c1ff-44cb-8328-82eb4083a367 | ITER: 7 END: OK
2019-12-29 16:31:29.730 151 INFO rally.task.runner [-] Task 71c2276b-c1ff-44cb-8328-82eb4083a367 | ITER: 26 START
2019-12-29 16:31:29.761 148 INFO rally.task.runner [-] Task 71c2276b-c1ff-44cb-8328-82eb4083a367 | ITER: 6 END: OK
2019-12-29 16:31:29.766 148 INFO rally.task.runner [-] Task 71c2276b-c1ff-44cb-8328-82eb4083a367 | ITER: 27 START
2019-12-29 16:31:30.077 167 INFO rally.task.runner [-] Task 71c2276b-c1ff-44cb-8328-82eb4083a367 | ITER: 11 END: OK
2019-12-29 16:31:30.082 167 INFO rally.task.runner [-] Task 71c2276b-c1ff-44cb-8328-82eb4083a367 | ITER: 28 START
2019-12-29 16:31:30.089 154 INFO rally.task.runner [-] Task 71c2276b-c1ff-44cb-8328-82eb4083a367 | ITER: 8 END: OK
2019-12-29 16:31:30.093 154 INFO rally.task.runner [-] Task 71c2276b-c1ff-44cb-8328-82eb4083a367 | ITER: 29 START
2019-12-29 16:31:30.221 157 INFO rally.task.runner [-] Task 71c2276b-c1ff-44cb-8328-82eb4083a367 | ITER: 9 END: OK
2019-12-29 16:31:30.226 157 INFO rally.task.runner [-] Task 71c2276b-c1ff-44cb-8328-82eb4083a367 | ITER: 30 START
2019-12-29 16:31:30.315 164 INFO rally.task.runner [-] Task 71c2276b-c1ff-44cb-8328-82eb4083a367 | ITER: 10 END: OK
2019-12-29 16:31:30.320 164 INFO rally.task.runner [-] Task 71c2276b-c1ff-44cb-8328-82eb4083a367 | ITER: 31 START
2019-12-29 16:31:30.404 171 INFO rally.task.runner [-] Task 71c2276b-c1ff-44cb-8328-82eb4083a367 | ITER: 13 END: OK
2019-12-29 16:31:30.409 171 INFO rally.task.runner [-] Task 71c2276b-c1ff-44cb-8328-82eb4083a367 | ITER: 32 START
2019-12-29 16:31:30.463 168 INFO rally.task.runner [-] Task 71c2276b-c1ff-44cb-8328-82eb4083a367 | ITER: 12 END: OK
2019-12-29 16:31:30.468 168 INFO rally.task.runner [-] Task 71c2276b-c1ff-44cb-8328-82eb4083a367 | ITER: 33 START
2019-12-29 16:31:30.592 173 INFO rally.task.runner [-] Task 71c2276b-c1ff-44cb-8328-82eb4083a367 | ITER: 14 END: OK
2019-12-29 16:31:30.597 173 INFO rally.task.runner [-] Task 71c2276b-c1ff-44cb-8328-82eb4083a367 | ITER: 34 START
2019-12-29 16:31:30.621 175 INFO rally.task.runner [-] Task 71c2276b-c1ff-44cb-8328-82eb4083a367 | ITER: 15 END: OK
2019-12-29 16:31:30.625 175 INFO rally.task.runner [-] Task 71c2276b-c1ff-44cb-8328-82eb4083a367 | ITER: 35 START
2019-12-29 16:31:30.940 185 INFO rally.task.runner [-] Task 71c2276b-c1ff-44cb-8328-82eb4083a367 | ITER: 18 END: OK
2019-12-29 16:31:30.944 185 INFO rally.task.runner [-] Task 71c2276b-c1ff-44cb-8328-82eb4083a367 | ITER: 36 START
2019-12-29 16:31:31.002 190 INFO rally.task.runner [-] Task 71c2276b-c1ff-44cb-8328-82eb4083a367 | ITER: 20 END: OK
2019-12-29 16:31:31.007 190 INFO rally.task.runner [-] Task 71c2276b-c1ff-44cb-8328-82eb4083a367 | ITER: 37 START
2019-12-29 16:31:31.061 178 INFO rally.task.runner [-] Task 71c2276b-c1ff-44cb-8328-82eb4083a367 | ITER: 16 END: OK
2019-12-29 16:31:31.065 178 INFO rally.task.runner [-] Task 71c2276b-c1ff-44cb-8328-82eb4083a367 | ITER: 38 START
2019-12-29 16:31:31.191 187 INFO rally.task.runner [-] Task 71c2276b-c1ff-44cb-8328-82eb4083a367 | ITER: 19 END: OK
2019-12-29 16:31:31.194 187 INFO rally.task.runner [-] Task 71c2276b-c1ff-44cb-8328-82eb4083a367 | ITER: 39 START
2019-12-29 16:31:31.195 139 INFO rally.task.runner [-] Task 71c2276b-c1ff-44cb-8328-82eb4083a367 | ITER: 21 END: OK
2019-12-29 16:31:31.199 139 INFO rally.task.runner [-] Task 71c2276b-c1ff-44cb-8328-82eb4083a367 | ITER: 40 START
2019-12-29 16:31:31.213 181 INFO rally.task.runner [-] Task 71c2276b-c1ff-44cb-8328-82eb4083a367 | ITER: 17 END: OK
2019-12-29 16:31:31.218 181 INFO rally.task.runner [-] Task 71c2276b-c1ff-44cb-8328-82eb4083a367 | ITER: 41 START
2019-12-29 16:31:31.545 142 INFO rally.task.runner [-] Task 71c2276b-c1ff-44cb-8328-82eb4083a367 | ITER: 22 END: OK
2019-12-29 16:31:31.549 142 INFO rally.task.runner [-] Task 71c2276b-c1ff-44cb-8328-82eb4083a367 | ITER: 42 START
2019-12-29 16:31:31.628 141 INFO rally.task.runner [-] Task 71c2276b-c1ff-44cb-8328-82eb4083a367 | ITER: 24 END: OK
2019-12-29 16:31:31.632 141 INFO rally.task.runner [-] Task 71c2276b-c1ff-44cb-8328-82eb4083a367 | ITER: 43 START
2019-12-29 16:31:31.686 151 INFO rally.task.runner [-] Task 71c2276b-c1ff-44cb-8328-82eb4083a367 | ITER: 26 END: OK
2019-12-29 16:31:31.690 151 INFO rally.task.runner [-] Task 71c2276b-c1ff-44cb-8328-82eb4083a367 | ITER: 44 START
2019-12-29 16:31:31.692 140 INFO rally.task.runner [-] Task 71c2276b-c1ff-44cb-8328-82eb4083a367 | ITER: 23 END: OK
2019-12-29 16:31:31.696 140 INFO rally.task.runner [-] Task 71c2276b-c1ff-44cb-8328-82eb4083a367 | ITER: 45 START
2019-12-29 16:31:31.837 148 INFO rally.task.runner [-] Task 71c2276b-c1ff-44cb-8328-82eb4083a367 | ITER: 27 END: OK
2019-12-29 16:31:31.841 148 INFO rally.task.runner [-] Task 71c2276b-c1ff-44cb-8328-82eb4083a367 | ITER: 46 START
2019-12-29 16:31:31.896 167 INFO rally.task.runner [-] Task 71c2276b-c1ff-44cb-8328-82eb4083a367 | ITER: 28 END: OK
2019-12-29 16:31:31.900 167 INFO rally.task.runner [-] Task 71c2276b-c1ff-44cb-8328-82eb4083a367 | ITER: 47 START
2019-12-29 16:31:32.093 157 INFO rally.task.runner [-] Task 71c2276b-c1ff-44cb-8328-82eb4083a367 | ITER: 30 END: OK
2019-12-29 16:31:32.096 157 INFO rally.task.runner [-] Task 71c2276b-c1ff-44cb-8328-82eb4083a367 | ITER: 48 START
2019-12-29 16:31:32.117 144 INFO rally.task.runner [-] Task 71c2276b-c1ff-44cb-8328-82eb4083a367 | ITER: 25 END: OK
2019-12-29 16:31:32.121 144 INFO rally.task.runner [-] Task 71c2276b-c1ff-44cb-8328-82eb4083a367 | ITER: 49 START
2019-12-29 16:31:32.224 154 INFO rally.task.runner [-] Task 71c2276b-c1ff-44cb-8328-82eb4083a367 | ITER: 29 END: OK
2019-12-29 16:31:32.228 154 INFO rally.task.runner [-] Task 71c2276b-c1ff-44cb-8328-82eb4083a367 | ITER: 50 START
2019-12-29 16:31:32.317 168 INFO rally.task.runner [-] Task 71c2276b-c1ff-44cb-8328-82eb4083a367 | ITER: 33 END: OK
2019-12-29 16:31:32.321 168 INFO rally.task.runner [-] Task 71c2276b-c1ff-44cb-8328-82eb4083a367 | ITER: 51 START
2019-12-29 16:31:32.626 185 INFO rally.task.runner [-] Task 71c2276b-c1ff-44cb-8328-82eb4083a367 | ITER: 36 END: OK
2019-12-29 16:31:32.629 185 INFO rally.task.runner [-] Task 71c2276b-c1ff-44cb-8328-82eb4083a367 | ITER: 52 START
2019-12-29 16:31:32.877 173 INFO rally.task.runner [-] Task 71c2276b-c1ff-44cb-8328-82eb4083a367 | ITER: 34 END: OK
2019-12-29 16:31:32.880 173 INFO rally.task.runner [-] Task 71c2276b-c1ff-44cb-8328-82eb4083a367 | ITER: 53 START
2019-12-29 16:31:32.933 164 INFO rally.task.runner [-] Task 71c2276b-c1ff-44cb-8328-82eb4083a367 | ITER: 31 END: OK
2019-12-29 16:31:32.937 164 INFO rally.task.runner [-] Task 71c2276b-c1ff-44cb-8328-82eb4083a367 | ITER: 54 START
2019-12-29 16:31:33.061 171 INFO rally.task.runner [-] Task 71c2276b-c1ff-44cb-8328-82eb4083a367 | ITER: 32 END: OK
2019-12-29 16:31:33.065 171 INFO rally.task.runner [-] Task 71c2276b-c1ff-44cb-8328-82eb4083a367 | ITER: 55 START
2019-12-29 16:31:33.212 139 INFO rally.task.runner [-] Task 71c2276b-c1ff-44cb-8328-82eb4083a367 | ITER: 40 END: OK
2019-12-29 16:31:33.216 139 INFO rally.task.runner [-] Task 71c2276b-c1ff-44cb-8328-82eb4083a367 | ITER: 56 START
2019-12-29 16:31:33.250 190 INFO rally.task.runner [-] Task 71c2276b-c1ff-44cb-8328-82eb4083a367 | ITER: 37 END: OK
2019-12-29 16:31:33.254 190 INFO rally.task.runner [-] Task 71c2276b-c1ff-44cb-8328-82eb4083a367 | ITER: 57 START
2019-12-29 16:31:33.355 175 INFO rally.task.runner [-] Task 71c2276b-c1ff-44cb-8328-82eb4083a367 | ITER: 35 END: OK
2019-12-29 16:31:33.359 175 INFO rally.task.runner [-] Task 71c2276b-c1ff-44cb-8328-82eb4083a367 | ITER: 58 START
2019-12-29 16:31:33.552 187 INFO rally.task.runner [-] Task 71c2276b-c1ff-44cb-8328-82eb4083a367 | ITER: 39 END: OK
2019-12-29 16:31:33.556 187 INFO rally.task.runner [-] Task 71c2276b-c1ff-44cb-8328-82eb4083a367 | ITER: 59 START
2019-12-29 16:31:33.646 141 INFO rally.task.runner [-] Task 71c2276b-c1ff-44cb-8328-82eb4083a367 | ITER: 43 END: OK
2019-12-29 16:31:33.650 141 INFO rally.task.runner [-] Task 71c2276b-c1ff-44cb-8328-82eb4083a367 | ITER: 60 START
2019-12-29 16:31:33.669 178 INFO rally.task.runner [-] Task 71c2276b-c1ff-44cb-8328-82eb4083a367 | ITER: 38 END: OK
2019-12-29 16:31:33.672 178 INFO rally.task.runner [-] Task 71c2276b-c1ff-44cb-8328-82eb4083a367 | ITER: 61 START
2019-12-29 16:31:33.893 140 INFO rally.task.runner [-] Task 71c2276b-c1ff-44cb-8328-82eb4083a367 | ITER: 45 END: OK
2019-12-29 16:31:33.896 140 INFO rally.task.runner [-] Task 71c2276b-c1ff-44cb-8328-82eb4083a367 | ITER: 62 START
2019-12-29 16:31:34.097 181 INFO rally.task.runner [-] Task 71c2276b-c1ff-44cb-8328-82eb4083a367 | ITER: 41 END: OK
2019-12-29 16:31:34.101 181 INFO rally.task.runner [-] Task 71c2276b-c1ff-44cb-8328-82eb4083a367 | ITER: 63 START
2019-12-29 16:31:34.104 151 INFO rally.task.runner [-] Task 71c2276b-c1ff-44cb-8328-82eb4083a367 | ITER: 44 END: OK
2019-12-29 16:31:34.107 151 INFO rally.task.runner [-] Task 71c2276b-c1ff-44cb-8328-82eb4083a367 | ITER: 64 START
2019-12-29 16:31:34.134 148 INFO rally.task.runner [-] Task 71c2276b-c1ff-44cb-8328-82eb4083a367 | ITER: 46 END: OK
2019-12-29 16:31:34.138 148 INFO rally.task.runner [-] Task 71c2276b-c1ff-44cb-8328-82eb4083a367 | ITER: 65 START
2019-12-29 16:31:34.264 142 INFO rally.task.runner [-] Task 71c2276b-c1ff-44cb-8328-82eb4083a367 | ITER: 42 END: OK
2019-12-29 16:31:34.267 142 INFO rally.task.runner [-] Task 71c2276b-c1ff-44cb-8328-82eb4083a367 | ITER: 66 START
2019-12-29 16:31:34.339 157 INFO rally.task.runner [-] Task 71c2276b-c1ff-44cb-8328-82eb4083a367 | ITER: 48 END: OK
2019-12-29 16:31:34.342 157 INFO rally.task.runner [-] Task 71c2276b-c1ff-44cb-8328-82eb4083a367 | ITER: 67 START
2019-12-29 16:31:34.471 167 INFO rally.task.runner [-] Task 71c2276b-c1ff-44cb-8328-82eb4083a367 | ITER: 47 END: OK
2019-12-29 16:31:34.475 167 INFO rally.task.runner [-] Task 71c2276b-c1ff-44cb-8328-82eb4083a367 | ITER: 68 START
2019-12-29 16:31:34.641 144 INFO rally.task.runner [-] Task 71c2276b-c1ff-44cb-8328-82eb4083a367 | ITER: 49 END: OK
2019-12-29 16:31:34.645 144 INFO rally.task.runner [-] Task 71c2276b-c1ff-44cb-8328-82eb4083a367 | ITER: 69 START
2019-12-29 16:31:34.851 154 INFO rally.task.runner [-] Task 71c2276b-c1ff-44cb-8328-82eb4083a367 | ITER: 50 END: OK
2019-12-29 16:31:34.854 154 INFO rally.task.runner [-] Task 71c2276b-c1ff-44cb-8328-82eb4083a367 | ITER: 70 START
2019-12-29 16:31:34.975 168 INFO rally.task.runner [-] Task 71c2276b-c1ff-44cb-8328-82eb4083a367 | ITER: 51 END: OK
2019-12-29 16:31:34.978 168 INFO rally.task.runner [-] Task 71c2276b-c1ff-44cb-8328-82eb4083a367 | ITER: 71 START
2019-12-29 16:31:35.040 171 INFO rally.task.runner [-] Task 71c2276b-c1ff-44cb-8328-82eb4083a367 | ITER: 55 END: OK
2019-12-29 16:31:35.044 171 INFO rally.task.runner [-] Task 71c2276b-c1ff-44cb-8328-82eb4083a367 | ITER: 72 START
2019-12-29 16:31:35.077 139 INFO rally.task.runner [-] Task 71c2276b-c1ff-44cb-8328-82eb4083a367 | ITER: 56 END: OK
2019-12-29 16:31:35.081 139 INFO rally.task.runner [-] Task 71c2276b-c1ff-44cb-8328-82eb4083a367 | ITER: 73 START
2019-12-29 16:31:35.190 173 INFO rally.task.runner [-] Task 71c2276b-c1ff-44cb-8328-82eb4083a367 | ITER: 53 END: OK
2019-12-29 16:31:35.194 173 INFO rally.task.runner [-] Task 71c2276b-c1ff-44cb-8328-82eb4083a367 | ITER: 74 START
2019-12-29 16:31:35.224 185 INFO rally.task.runner [-] Task 71c2276b-c1ff-44cb-8328-82eb4083a367 | ITER: 52 END: OK
2019-12-29 16:31:35.228 185 INFO rally.task.runner [-] Task 71c2276b-c1ff-44cb-8328-82eb4083a367 | ITER: 75 START
2019-12-29 16:31:35.233 164 INFO rally.task.runner [-] Task 71c2276b-c1ff-44cb-8328-82eb4083a367 | ITER: 54 END: OK
2019-12-29 16:31:35.236 164 INFO rally.task.runner [-] Task 71c2276b-c1ff-44cb-8328-82eb4083a367 | ITER: 76 START
2019-12-29 16:31:35.412 190 INFO rally.task.runner [-] Task 71c2276b-c1ff-44cb-8328-82eb4083a367 | ITER: 57 END: OK
2019-12-29 16:31:35.416 190 INFO rally.task.runner [-] Task 71c2276b-c1ff-44cb-8328-82eb4083a367 | ITER: 77 START
2019-12-29 16:31:35.608 175 INFO rally.task.runner [-] Task 71c2276b-c1ff-44cb-8328-82eb4083a367 | ITER: 58 END: OK
2019-12-29 16:31:35.612 175 INFO rally.task.runner [-] Task 71c2276b-c1ff-44cb-8328-82eb4083a367 | ITER: 78 START
2019-12-29 16:31:36.052 151 INFO rally.task.runner [-] Task 71c2276b-c1ff-44cb-8328-82eb4083a367 | ITER: 64 END: OK
2019-12-29 16:31:36.055 151 INFO rally.task.runner [-] Task 71c2276b-c1ff-44cb-8328-82eb4083a367 | ITER: 79 START
2019-12-29 16:31:36.120 181 INFO rally.task.runner [-] Task 71c2276b-c1ff-44cb-8328-82eb4083a367 | ITER: 63 END: OK
2019-12-29 16:31:36.124 181 INFO rally.task.runner [-] Task 71c2276b-c1ff-44cb-8328-82eb4083a367 | ITER: 80 START
2019-12-29 16:31:36.177 178 INFO rally.task.runner [-] Task 71c2276b-c1ff-44cb-8328-82eb4083a367 | ITER: 61 END: OK
2019-12-29 16:31:36.181 178 INFO rally.task.runner [-] Task 71c2276b-c1ff-44cb-8328-82eb4083a367 | ITER: 81 START
2019-12-29 16:31:36.182 187 INFO rally.task.runner [-] Task 71c2276b-c1ff-44cb-8328-82eb4083a367 | ITER: 59 END: OK
2019-12-29 16:31:36.186 187 INFO rally.task.runner [-] Task 71c2276b-c1ff-44cb-8328-82eb4083a367 | ITER: 82 START
2019-12-29 16:31:36.400 141 INFO rally.task.runner [-] Task 71c2276b-c1ff-44cb-8328-82eb4083a367 | ITER: 60 END: OK
2019-12-29 16:31:36.403 141 INFO rally.task.runner [-] Task 71c2276b-c1ff-44cb-8328-82eb4083a367 | ITER: 83 START
2019-12-29 16:31:36.554 148 INFO rally.task.runner [-] Task 71c2276b-c1ff-44cb-8328-82eb4083a367 | ITER: 65 END: OK
2019-12-29 16:31:36.558 148 INFO rally.task.runner [-] Task 71c2276b-c1ff-44cb-8328-82eb4083a367 | ITER: 84 START
2019-12-29 16:31:36.976 167 INFO rally.task.runner [-] Task 71c2276b-c1ff-44cb-8328-82eb4083a367 | ITER: 68 END: OK
2019-12-29 16:31:36.980 167 INFO rally.task.runner [-] Task 71c2276b-c1ff-44cb-8328-82eb4083a367 | ITER: 85 START
2019-12-29 16:31:37.055 140 INFO rally.task.runner [-] Task 71c2276b-c1ff-44cb-8328-82eb4083a367 | ITER: 62 END: OK
2019-12-29 16:31:37.058 140 INFO rally.task.runner [-] Task 71c2276b-c1ff-44cb-8328-82eb4083a367 | ITER: 86 START
2019-12-29 16:31:37.227 142 INFO rally.task.runner [-] Task 71c2276b-c1ff-44cb-8328-82eb4083a367 | ITER: 66 END: OK
2019-12-29 16:31:37.231 142 INFO rally.task.runner [-] Task 71c2276b-c1ff-44cb-8328-82eb4083a367 | ITER: 87 START
2019-12-29 16:31:37.858 168 INFO rally.task.runner [-] Task 71c2276b-c1ff-44cb-8328-82eb4083a367 | ITER: 71 END: OK
2019-12-29 16:31:37.861 168 INFO rally.task.runner [-] Task 71c2276b-c1ff-44cb-8328-82eb4083a367 | ITER: 88 START
2019-12-29 16:31:37.874 154 INFO rally.task.runner [-] Task 71c2276b-c1ff-44cb-8328-82eb4083a367 | ITER: 70 END: OK
2019-12-29 16:31:37.878 154 INFO rally.task.runner [-] Task 71c2276b-c1ff-44cb-8328-82eb4083a367 | ITER: 89 START
2019-12-29 16:31:37.905 157 INFO rally.task.runner [-] Task 71c2276b-c1ff-44cb-8328-82eb4083a367 | ITER: 67 END: OK
2019-12-29 16:31:37.906 144 INFO rally.task.runner [-] Task 71c2276b-c1ff-44cb-8328-82eb4083a367 | ITER: 69 END: OK
2019-12-29 16:31:37.908 157 INFO rally.task.runner [-] Task 71c2276b-c1ff-44cb-8328-82eb4083a367 | ITER: 90 START
2019-12-29 16:31:37.909 144 INFO rally.task.runner [-] Task 71c2276b-c1ff-44cb-8328-82eb4083a367 | ITER: 91 START
2019-12-29 16:31:37.921 173 INFO rally.task.runner [-] Task 71c2276b-c1ff-44cb-8328-82eb4083a367 | ITER: 74 END: OK
2019-12-29 16:31:37.925 173 INFO rally.task.runner [-] Task 71c2276b-c1ff-44cb-8328-82eb4083a367 | ITER: 92 START
2019-12-29 16:31:37.999 190 INFO rally.task.runner [-] Task 71c2276b-c1ff-44cb-8328-82eb4083a367 | ITER: 77 END: OK
2019-12-29 16:31:38.002 190 INFO rally.task.runner [-] Task 71c2276b-c1ff-44cb-8328-82eb4083a367 | ITER: 93 START
2019-12-29 16:31:38.361 151 INFO rally.task.runner [-] Task 71c2276b-c1ff-44cb-8328-82eb4083a367 | ITER: 79 END: OK
2019-12-29 16:31:38.364 151 INFO rally.task.runner [-] Task 71c2276b-c1ff-44cb-8328-82eb4083a367 | ITER: 94 START
2019-12-29 16:31:38.464 187 INFO rally.task.runner [-] Task 71c2276b-c1ff-44cb-8328-82eb4083a367 | ITER: 82 END: OK
2019-12-29 16:31:38.467 187 INFO rally.task.runner [-] Task 71c2276b-c1ff-44cb-8328-82eb4083a367 | ITER: 95 START
2019-12-29 16:31:38.832 167 INFO rally.task.runner [-] Task 71c2276b-c1ff-44cb-8328-82eb4083a367 | ITER: 85 END: OK
2019-12-29 16:31:38.836 167 INFO rally.task.runner [-] Task 71c2276b-c1ff-44cb-8328-82eb4083a367 | ITER: 96 START
2019-12-29 16:31:38.848 178 INFO rally.task.runner [-] Task 71c2276b-c1ff-44cb-8328-82eb4083a367 | ITER: 81 END: OK
2019-12-29 16:31:38.852 178 INFO rally.task.runner [-] Task 71c2276b-c1ff-44cb-8328-82eb4083a367 | ITER: 97 START
2019-12-29 16:31:39.004 181 INFO rally.task.runner [-] Task 71c2276b-c1ff-44cb-8328-82eb4083a367 | ITER: 80 END: OK
2019-12-29 16:31:39.007 181 INFO rally.task.runner [-] Task 71c2276b-c1ff-44cb-8328-82eb4083a367 | ITER: 98 START
2019-12-29 16:31:39.109 140 INFO rally.task.runner [-] Task 71c2276b-c1ff-44cb-8328-82eb4083a367 | ITER: 86 END: OK
2019-12-29 16:31:39.113 140 INFO rally.task.runner [-] Task 71c2276b-c1ff-44cb-8328-82eb4083a367 | ITER: 99 START
2019-12-29 16:31:39.289 141 INFO rally.task.runner [-] Task 71c2276b-c1ff-44cb-8328-82eb4083a367 | ITER: 83 END: OK
2019-12-29 16:31:39.292 141 INFO rally.task.runner [-] Task 71c2276b-c1ff-44cb-8328-82eb4083a367 | ITER: 100 START
2019-12-29 16:31:39.647 185 INFO rally.task.runner [-] Task 71c2276b-c1ff-44cb-8328-82eb4083a367 | ITER: 75 END: OK
2019-12-29 16:31:39.649 139 INFO rally.task.runner [-] Task 71c2276b-c1ff-44cb-8328-82eb4083a367 | ITER: 73 END: OK
2019-12-29 16:31:40.042 171 INFO rally.task.runner [-] Task 71c2276b-c1ff-44cb-8328-82eb4083a367 | ITER: 72 END: OK
2019-12-29 16:31:40.141 175 INFO rally.task.runner [-] Task 71c2276b-c1ff-44cb-8328-82eb4083a367 | ITER: 78 END: OK
2019-12-29 16:31:40.255 164 INFO rally.task.runner [-] Task 71c2276b-c1ff-44cb-8328-82eb4083a367 | ITER: 76 END: OK
2019-12-29 16:31:40.259 151 INFO rally.task.runner [-] Task 71c2276b-c1ff-44cb-8328-82eb4083a367 | ITER: 94 END: OK
2019-12-29 16:31:40.273 148 INFO rally.task.runner [-] Task 71c2276b-c1ff-44cb-8328-82eb4083a367 | ITER: 84 END: OK
2019-12-29 16:31:40.454 173 INFO rally.task.runner [-] Task 71c2276b-c1ff-44cb-8328-82eb4083a367 | ITER: 92 END: OK
2019-12-29 16:31:40.571 178 INFO rally.task.runner [-] Task 71c2276b-c1ff-44cb-8328-82eb4083a367 | ITER: 97 END: OK
2019-12-29 16:31:40.645 181 INFO rally.task.runner [-] Task 71c2276b-c1ff-44cb-8328-82eb4083a367 | ITER: 98 END: OK
2019-12-29 16:31:40.656 142 INFO rally.task.runner [-] Task 71c2276b-c1ff-44cb-8328-82eb4083a367 | ITER: 87 END: OK
2019-12-29 16:31:40.690 157 INFO rally.task.runner [-] Task 71c2276b-c1ff-44cb-8328-82eb4083a367 | ITER: 90 END: OK
2019-12-29 16:31:40.774 190 INFO rally.task.runner [-] Task 71c2276b-c1ff-44cb-8328-82eb4083a367 | ITER: 93 END: OK
2019-12-29 16:31:40.928 168 INFO rally.task.runner [-] Task 71c2276b-c1ff-44cb-8328-82eb4083a367 | ITER: 88 END: OK
2019-12-29 16:31:41.040 167 INFO rally.task.runner [-] Task 71c2276b-c1ff-44cb-8328-82eb4083a367 | ITER: 96 END: OK
2019-12-29 16:31:41.296 154 INFO rally.task.runner [-] Task 71c2276b-c1ff-44cb-8328-82eb4083a367 | ITER: 89 END: OK
2019-12-29 16:31:41.296 140 INFO rally.task.runner [-] Task 71c2276b-c1ff-44cb-8328-82eb4083a367 | ITER: 99 END: OK
2019-12-29 16:31:41.888 144 INFO rally.task.runner [-] Task 71c2276b-c1ff-44cb-8328-82eb4083a367 | ITER: 91 END: OK
2019-12-29 16:31:41.975 187 INFO rally.task.runner [-] Task 71c2276b-c1ff-44cb-8328-82eb4083a367 | ITER: 95 END: OK
2019-12-29 16:31:42.207 141 INFO rally.task.runner [-] Task 71c2276b-c1ff-44cb-8328-82eb4083a367 | ITER: 100 END: OK
2019-12-29 16:31:42.230 15 INFO rally.task.context [-] Task 71c2276b-c1ff-44cb-8328-82eb4083a367 | Context cleanup@openstack cleanup() started
2019-12-29 16:31:42.234 15 RALLYDEBUG rally_openstack.cleanup.manager [-] Cleaning up neutron vip objects
2019-12-29 16:31:42.450 15 RALLYDEBUG rally_openstack.cleanup.manager [-] Cleaning up neutron health_monitor objects
2019-12-29 16:31:42.656 15 RALLYDEBUG rally_openstack.cleanup.manager [-] Cleaning up neutron pool objects
2019-12-29 16:31:42.862 15 RALLYDEBUG rally_openstack.cleanup.manager [-] Cleaning up neutron loadbalancer objects
2019-12-29 16:31:43.058 15 RALLYDEBUG rally_openstack.cleanup.manager [-] Cleaning up neutron floatingip objects
2019-12-29 16:31:43.336 15 RALLYDEBUG rally_openstack.cleanup.manager [-] Cleaning up neutron trunk objects
2019-12-29 16:31:43.523 15 DEBUG neutronclient.v2_0.client [-] Error message: {"message": "The resource could not be found.

\n\n\n", "code": "404 Not Found", "title": "Not Found"} _handle_fault_response /usr/lib/python2.7/site-packages/neutronclient/v2_0/client.py:259
2019-12-29 16:31:43.534 15 RALLYDEBUG rally_openstack.cleanup.manager [-] Cleaning up neutron port objects
2019-12-29 16:31:43.775 15 RALLYDEBUG rally_openstack.cleanup.manager [-] Cleaning up neutron subnet objects
2019-12-29 16:31:44.000 15 RALLYDEBUG rally_openstack.cleanup.manager [-] Cleaning up neutron network objects
2019-12-29 16:31:44.678 15 RALLYDEBUG rally_openstack.cleanup.manager [-] Deleting neutron.network object s_rally_2a6d63fc_7UawoCAu (09e3c035-fa4e-4bb1-83c8-a96d00e30199)
2019-12-29 16:31:44.694 15 RALLYDEBUG rally_openstack.cleanup.manager [-] Deleting neutron.network object s_rally_2a6d63fc_KaiVchQk (04bf6541-6fb2-4311-a665-2270285025d0)
2019-12-29 16:31:44.696 15 RALLYDEBUG rally_openstack.cleanup.manager [-] Deleting neutron.network object s_rally_2a6d63fc_ytEDRklw (00c01313-b846-44d9-beba-0e5d92ca9cd0)
2019-12-29 16:31:44.697 15 RALLYDEBUG rally_openstack.cleanup.manager [-] Deleting neutron.network object s_rally_2a6d63fc_QY8lVGlC (07303ef2-dd38-4f16-8e2c-d9a4df8447e3)
2019-12-29 16:31:44.697 15 RALLYDEBUG rally_openstack.cleanup.manager [-] Deleting neutron.network object s_rally_2a6d63fc_OTfF8kKJ (09a20e9e-4f31-4e60-855a-ce345b52c6ff)
2019-12-29 16:31:44.702 15 RALLYDEBUG rally_openstack.cleanup.manager [-] Deleting neutron.network object s_rally_2a6d63fc_Ucb5OOMp (14a21dd4-68b8-4d0b-8ba8-3e3b7f9b0be6)
2019-12-29 16:31:44.704 15 RALLYDEBUG rally_openstack.cleanup.manager [-] Deleting neutron.network object s_rally_2a6d63fc_N6ySs9Pq (0bb20a4d-a776-4eaf-bc85-22a53d43d0b5)
2019-12-29 16:31:44.720 15 RALLYDEBUG rally_openstack.cleanup.manager [-] Deleting neutron.network object s_rally_2a6d63fc_PN5abdlP (0ad63ab5-1436-41d3-b9fe-bfc83467218c)
2019-12-29 16:31:44.722 15 RALLYDEBUG rally_openstack.cleanup.manager [-] Deleting neutron.network object s_rally_2a6d63fc_LeX6pyVL (134f4e3d-c89d-417f-8a3c-de29daa88379)
2019-12-29 16:31:44.729 15 RALLYDEBUG rally_openstack.cleanup.manager [-] Deleting neutron.network object s_rally_2a6d63fc_iaKFzZbo (175462b7-d241-44eb-80b5-ad9fb3350ef8)
2019-12-29 16:31:44.745 15 RALLYDEBUG rally_openstack.cleanup.manager [-] Deleting neutron.network object s_rally_2a6d63fc_Mv7C8pEG (10ced731-8c53-49be-87a4-edfb9e852df4)
2019-12-29 16:31:44.758 15 RALLYDEBUG rally_openstack.cleanup.manager [-] Deleting neutron.network object s_rally_2a6d63fc_Qu4ClY1C (1dde92ec-c7ce-49fc-aea9-54acc17fd990)
2019-12-29 16:31:44.736 15 RALLYDEBUG rally_openstack.cleanup.manager [-] Deleting neutron.network object s_rally_2a6d63fc_dt33rBCz (1db1e958-824e-46bc-b7d8-bb609e02b100)
2019-12-29 16:31:44.775 15 RALLYDEBUG rally_openstack.cleanup.manager [-] Deleting neutron.network object s_rally_2a6d63fc_xspyQKmf (25153daf-ec04-4371-94ed-c540afa8f93b)
2019-12-29 16:31:44.776 15 RALLYDEBUG rally_openstack.cleanup.manager [-] Deleting neutron.network object s_rally_2a6d63fc_JrQdzqBJ (264beacc-8b5b-4f74-8edc-a38180d7cc7e)
2019-12-29 16:31:44.792 15 RALLYDEBUG rally_openstack.cleanup.manager [-] Deleting neutron.network object s_rally_2a6d63fc_3P3OSTeV (2bf0f058-f0bd-4fad-abae-7beb2368042e)
2019-12-29 16:31:44.807 15 RALLYDEBUG rally_openstack.cleanup.manager [-] Deleting neutron.network object s_rally_2a6d63fc_TDMk8QLs (2c716ca8-8368-4df2-acf6-0e5860eedf21)
2019-12-29 16:31:44.821 15 RALLYDEBUG rally_openstack.cleanup.manager [-] Deleting neutron.network object s_rally_2a6d63fc_R3lAkRDQ (2d58cf2d-b721-4220-b3e8-b8e6315d2c96)
2019-12-29 16:31:44.852 15 RALLYDEBUG rally_openstack.cleanup.manager [-] Deleting neutron.network object s_rally_2a6d63fc_U4T0vWCG (2dc8e419-f8ef-44cf-a508-e632fb21a695)
2019-12-29 16:31:44.948 15 RALLYDEBUG rally_openstack.cleanup.manager [-] Deleting neutron.network object s_rally_2a6d63fc_kFGFZYzH (3195b5c2-98f0-4b13-abf7-159fff2da254)
2019-12-29 16:31:47.312 15 RALLYDEBUG rally_openstack.cleanup.manager [-] Deleting neutron.network object s_rally_2a6d63fc_AEiFtWw5 (34a15d76-c19f-4ef6-b6b1-562eaaa62071)
2019-12-29 16:31:47.742 15 RALLYDEBUG rally_openstack.cleanup.manager [-] Deleting neutron.network object s_rally_2a6d63fc_VNUvKG5w (38e2c49a-f06f-4fb6-968a-9374c5c4205b)
2019-12-29 16:31:48.253 15 RALLYDEBUG rally_openstack.cleanup.manager [-] Deleting neutron.network object s_rally_2a6d63fc_ACPAzgo3 (3b8de4d3-ef65-4700-94ff-c10cb0c7432c)
2019-12-29 16:31:48.261 15 RALLYDEBUG rally_openstack.cleanup.manager [-] Deleting neutron.network object s_rally_2a6d63fc_wobjmnIb (3cfc8a93-3f5e-48d5-846e-5b83778b1cbb)
2019-12-29 16:31:56.898 15 RALLYDEBUG rally_openstack.cleanup.manager [-] Deleting neutron.network object s_rally_2a6d63fc_Jo1xYKaV (3e241a1e-be71-4f4d-a5bc-e3fda4782360)
2019-12-29 16:31:59.932 15 RALLYDEBUG rally_openstack.cleanup.manager [-] Deleting neutron.network object s_rally_2a6d63fc_llyr5GAV (3e895d00-bdd5-4447-befb-e736e7cec4d8)
2019-12-29 16:32:02.902 15 RALLYDEBUG rally_openstack.cleanup.manager [-] Deleting neutron.network object s_rally_2a6d63fc_M5fnAPjz (40b295a6-3257-43ef-b495-e02504bde1dc)
2019-12-29 16:32:06.058 15 RALLYDEBUG rally_openstack.cleanup.manager [-] Deleting neutron.network object s_rally_2a6d63fc_ox5eol3l (41283300-8151-480d-ac58-d5ed9f7b0c08)
2019-12-29 16:32:09.296 15 RALLYDEBUG rally_openstack.cleanup.manager [-] Deleting neutron.network object s_rally_2a6d63fc_siCqDL1G (4661bff7-1ad7-46b6-ae2c-1a8a8c94d257)
2019-12-29 16:32:18.384 15 RALLYDEBUG rally_openstack.cleanup.manager [-] Deleting neutron.network object s_rally_2a6d63fc_ZDaGhHhl (4ca5e4e0-d66b-4f10-8800-901d8dbb4f57)
2019-12-29 16:32:18.396 15 WARNING keystoneauth.identity.generic.base [-] Failed to discover available identity versions when contacting http://identity-airship.intel-pod17.opnfv.org:80/. Attempting to parse version from URL.: ServiceUnavailable: Service Unavailable (HTTP 503)
2019-12-29 16:32:18.401 15 WARNING keystoneauth.identity.generic.base [-] Failed to discover available identity versions when contacting http://identity-airship.intel-pod17.opnfv.org:80/. Attempting to parse version from URL.: ServiceUnavailable: Service Unavailable (HTTP 503)
2019-12-29 16:32:18.405 15 WARNING keystoneauth.identity.generic.base [-] Failed to discover available identity versions when contacting http://identity-airship.intel-pod17.opnfv.org:80/. Attempting to parse version from URL.: ServiceUnavailable: Service Unavailable (HTTP 503)
2019-12-29 16:32:18.405 15 ERROR rally_openstack.cleanup.manager [-] Resource deletion failed, max retries exceeded for neutron.network: 4ca5e4e0-d66b-4f10-8800-901d8dbb4f57.: AuthenticationFailed: Could not find versioned identity endpoints when attempting to authenticate. Please check that your auth_url is correct. Service Unavailable (HTTP 503)
2019-12-29 16:32:18.405 15 ERROR rally_openstack.cleanup.manager
Traceback (most recent call last):
2019-12-29 16:32:18.405 15 ERROR rally_openstack.cleanup.manager
File "/usr/lib/python2.7/site-packages/rally_openstack/cleanup/manager.py", line 85, in _delete_single_resource
2019-12-29 16:32:18.405 15 ERROR rally_openstack.cleanup.manager rutils.retry(resource._max_attempts, resource.delete)
2019-12-29 16:32:18.405 15 ERROR rally_openstack.cleanup.manager
File "/usr/lib/python2.7/site-packages/rally/common/utils.py", line 230, in retry
2019-12-29 16:32:18.405 15 ERROR rally_openstack.cleanup.manager return func(*args, **kwargs)
2019-12-29 16:32:18.405 15 ERROR rally_openstack.cleanup.manager
File "/usr/lib/python2.7/site-packages/rally_openstack/cleanup/resources.py", line 264, in delete
2019-12-29 16:32:18.405 15 ERROR rally_openstack.cleanup.manager delete_method = getattr(self._manager(), "delete_%s" % self._resource)
2019-12-29 16:32:18.405 15 ERROR rally_openstack.cleanup.manager
File "/usr/lib/python2.7/site-packages/rally_openstack/cleanup/resources.py", line 255, in _manager
2019-12-29 16:32:18.405 15 ERROR rally_openstack.cleanup.manager return getattr(client, self._service)()
2019-12-29 16:32:18.405 15 ERROR rally_openstack.cleanup.manager
File "/usr/lib/python2.7/site-packages/rally_openstack/osclients.py", line 244, in __call__
2019-12-29 16:32:18.405 15 ERROR rally_openstack.cleanup.manager self.cache[key] = self.create_client(*args, **kwargs)
2019-12-29 16:32:18.405 15 ERROR rally_openstack.cleanup.manager
File "/usr/lib/python2.7/site-packages/rally_openstack/osclients.py", line 442, in create_client
2019-12-29 16:32:18.405 15 ERROR rally_openstack.cleanup.manager endpoint_override=self._get_endpoint(service_type),
2019-12-29 16:32:18.405 15 ERROR rally_openstack.cleanup.manager
File "/usr/lib/python2.7/site-packages/rally_openstack/osclients.py", line 199, in _get_endpoint
2019-12-29 16:32:18.405 15 ERROR rally_openstack.cleanup.manager api_url = self.keystone.service_catalog.url_for(**kw)
2019-12-29 16:32:18.405 15 ERROR rally_openstack.cleanup.manager
File "/usr/lib/python2.7/site-packages/rally_openstack/osclients.py", line 266, in service_catalog
2019-12-29 16:32:18.405 15 ERROR rally_openstack.cleanup.manager return self.auth_ref.service_catalog
2019-12-29 16:32:18.405 15 ERROR rally_openstack.cleanup.manager
File "/usr/lib/python2.7/site-packages/rally_openstack/osclients.py", line 288, in auth_ref
2019-12-29 16:32:18.405 15 ERROR rally_openstack.cleanup.manager raise e
2019-12-29 16:32:18.405 15 ERROR rally_openstack.cleanup.manager AuthenticationFailed: Could not find versioned identity endpoints when attempting to authenticate. Please check that your auth_url is correct. Service Unavailable (HTTP 503)
2019-12-29 16:32:18.405 15 ERROR rally_openstack.cleanup.manager
2019-12-29 16:32:18.410 15 RALLYDEBUG rally_openstack.cleanup.manager [-] Deleting neutron.network object s_rally_2a6d63fc_wMUA1ZU3 (51343231-ef65-441a-be3b-95491f992d5c)
2019-12-29 16:32:18.419 15 WARNING keystoneauth.identity.generic.base [-] Failed to discover available identity versions when contacting http://identity-airship.intel-pod17.opnfv.org:80/. Attempting to parse version from URL.: ServiceUnavailable: Service Unavailable (HTTP 503)
2019-12-29 16:32:18.422 15 WARNING keystoneauth.identity.generic.base [-] Failed to discover available identity versions when contacting http://identity-airship.intel-pod17.opnfv.org:80/. Attempting to parse version from URL.: ServiceUnavailable: Service Unavailable (HTTP 503)
2019-12-29 16:32:18.425 15 WARNING keystoneauth.identity.generic.base [-] Failed to discover available identity versions when contacting http://identity-airship.intel-pod17.opnfv.org:80/. Attempting to parse version from URL.: ServiceUnavailable: Service Unavailable (HTTP 503)
2019-12-29 16:32:18.426 15 ERROR rally_openstack.cleanup.manager [-] Resource deletion failed, max retries exceeded for neutron.network: 51343231-ef65-441a-be3b-95491f992d5c.: AuthenticationFailed: Could not find versioned identity endpoints when attempting to authenticate. Please check that your auth_url is correct. Service Unavailable (HTTP 503)
2019-12-29 16:32:18.426 15 ERROR rally_openstack.cleanup.manager
Traceback (most recent call last):
2019-12-29 16:32:18.426 15 ERROR rally_openstack.cleanup.manager
File "/usr/lib/python2.7/site-packages/rally_openstack/cleanup/manager.py", line 85, in _delete_single_resource
2019-12-29 16:32:18.426 15 ERROR rally_openstack.cleanup.manager rutils.retry(resource._max_attempts, resource.delete)
2019-12-29 16:32:18.426 15 ERROR rally_openstack.cleanup.manager
File "/usr/lib/python2.7/site-packages/rally/common/utils.py", line 230, in retry
2019-12-29 16:32:18.426 15 ERROR rally_openstack.cleanup.manager return func(*args, **kwargs)
2019-12-29 16:32:18.426 15 ERROR rally_openstack.cleanup.manager
File "/usr/lib/python2.7/site-packages/rally_openstack/cleanup/resources.py", line 264, in delete
2019-12-29 16:32:18.426 15 ERROR rally_openstack.cleanup.manager delete_method = getattr(self._manager(), "delete_%s" % self._resource)
2019-12-29 16:32:18.426 15 ERROR rally_openstack.cleanup.manager
File "/usr/lib/python2.7/site-packages/rally_openstack/cleanup/resources.py", line 255, in _manager
2019-12-29 16:32:18.426 15 ERROR rally_openstack.cleanup.manager return getattr(client, self._service)()
2019-12-29 16:32:18.426 15 ERROR rally_openstack.cleanup.manager
File "/usr/lib/python2.7/site-packages/rally_openstack/osclients.py", line 244, in __call__
2019-12-29 16:32:18.426 15 ERROR rally_openstack.cleanup.manager self.cache[key] = self.create_client(*args, **kwargs)
2019-12-29 16:32:18.426 15 ERROR rally_openstack.cleanup.manager
File "/usr/lib/python2.7/site-packages/rally_openstack/osclients.py", line 442, in create_client
2019-12-29 16:32:18.426 15 ERROR rally_openstack.cleanup.manager endpoint_override=self._get_endpoint(service_type),
2019-12-29 16:32:18.426 15 ERROR rally_openstack.cleanup.manager
File "/usr/lib/python2.7/site-packages/rally_openstack/osclients.py", line 199, in _get_endpoint
2019-12-29 16:32:18.426 15 ERROR rally_openstack.cleanup.manager api_url = self.keystone.service_catalog.url_for(**kw)
2019-12-29 16:32:18.426 15 ERROR rally_openstack.cleanup.manager
File "/usr/lib/python2.7/site-packages/rally_openstack/osclients.py", line 266, in service_catalog
2019-12-29 16:32:18.426 15 ERROR rally_openstack.cleanup.manager return self.auth_ref.service_catalog
2019-12-29 16:32:18.426 15 ERROR rally_openstack.cleanup.manager
File "/usr/lib/python2.7/site-packages/rally_openstack/osclients.py", line 288, in auth_ref
2019-12-29 16:32:18.426 15 ERROR rally_openstack.cleanup.manager raise e
2019-12-29 16:32:18.426 15 ERROR rally_openstack.cleanup.manager AuthenticationFailed: Could not find versioned identity endpoints when attempting to authenticate. Please check that your auth_url is correct. Service Unavailable (HTTP 503)
2019-12-29 16:32:18.426 15 ERROR rally_openstack.cleanup.manager
2019-12-29 16:32:18.428 15 RALLYDEBUG rally_openstack.cleanup.manager [-] Deleting neutron.network object s_rally_2a6d63fc_SJCgTZ9B (53fef576-5b7e-46b1-9408-ef9c4bdcad3f)
