2020-03-17 15:23:23.279 725 DEBUG novaclient.v2.client [-] RESP BODY: {"flavors": [{"links": [{"href": "http://compute-airship.intel-pod17.opnfv.org/v2.1/flavors/0ae9a8f5-a995-4f91-9cbd-3ee05412c1a0", "rel": "self"}, {"href": "http://compute-airship.intel-pod17.opnfv.org/flavors/0ae9a8f5-a995-4f91-9cbd-3ee05412c1a0", "rel": "bookmark"}], "ram": 512, "OS-FLV-DISABLED:disabled": false, "os-flavor-access:is_public": true, "rxtx_factor": 1.0, "disk": 1, "id": "0ae9a8f5-a995-4f91-9cbd-3ee05412c1a0", "name": "m1.tiny", "vcpus": 1, "swap": "", "OS-FLV-EXT-DATA:ephemeral": 0}, {"links": [{"href": "http://compute-airship.intel-pod17.opnfv.org/v2.1/flavors/429f4c0c-421a-4991-a9ae-6de474d42c39", "rel": "self"}, {"href": "http://compute-airship.intel-pod17.opnfv.org/flavors/429f4c0c-421a-4991-a9ae-6de474d42c39", "rel": "bookmark"}], "ram": 512, "OS-FLV-DISABLED:disabled": false, "os-flavor-access:is_public": true, "rxtx_factor": 1.0, "disk": 1, "id": "429f4c0c-421a-4991-a9ae-6de474d42c39", "name": "rally_full-flavor_3e6b4afa-9998-47a5-9500-638da7a1c7bb", "vcpus": 1, "swap": "", "OS-FLV-EXT-DATA:ephemeral": 0}, {"links": [{"href": "http://compute-airship.intel-pod17.opnfv.org/v2.1/flavors/523705c8-feb5-48e5-9482-36d08a82bbc9", "rel": "self"}, {"href": "http://compute-airship.intel-pod17.opnfv.org/flavors/523705c8-feb5-48e5-9482-36d08a82bbc9", "rel": "bookmark"}], "ram": 4096, "OS-FLV-DISABLED:disabled": false, "os-flavor-access:is_public": true, "rxtx_factor": 1.0, "disk": 40, "id": "523705c8-feb5-48e5-9482-36d08a82bbc9", "name": "m1.medium", "vcpus": 2, "swap": "", "OS-FLV-EXT-DATA:ephemeral": 0}, {"links": [{"href": "http://compute-airship.intel-pod17.opnfv.org/v2.1/flavors/b0ab0c09-076f-4a7d-99e0-537b3b69fbe1", "rel": "self"}, {"href": "http://compute-airship.intel-pod17.opnfv.org/flavors/b0ab0c09-076f-4a7d-99e0-537b3b69fbe1", "rel": "bookmark"}], "ram": 64, "OS-FLV-DISABLED:disabled": false, "os-flavor-access:is_public": true, "rxtx_factor": 1.0, "disk": 0, "id": "b0ab0c09-076f-4a7d-99e0-537b3b69fbe1", "name": "rally_verify_2f581f91_9RYOWxy6", "vcpus": 1, "swap": "", "OS-FLV-EXT-DATA:ephemeral": 0}, {"links": [{"href": "http://compute-airship.intel-pod17.opnfv.org/v2.1/flavors/bf6e93b3-dc74-4624-8c69-73fdcf9ee0c4", "rel": "self"}, {"href": "http://compute-airship.intel-pod17.opnfv.org/flavors/bf6e93b3-dc74-4624-8c69-73fdcf9ee0c4", "rel": "bookmark"}], "ram": 2048, "OS-FLV-DISABLED:disabled": false, "os-flavor-access:is_public": true, "rxtx_factor": 1.0, "disk": 20, "id": "bf6e93b3-dc74-4624-8c69-73fdcf9ee0c4", "name": "m1.small", "vcpus": 1, "swap": "", "OS-FLV-EXT-DATA:ephemeral": 0}, {"links": [{"href": "http://compute-airship.intel-pod17.opnfv.org/v2.1/flavors/cf752147-89dd-43b3-a5f3-1074c937afd5", "rel": "self"}, {"href": "http://compute-airship.intel-pod17.opnfv.org/flavors/cf752147-89dd-43b3-a5f3-1074c937afd5", "rel": "bookmark"}], "ram": 8192, "OS-FLV-DISABLED:disabled": false, "os-flavor-access:is_public": true, "rxtx_factor": 1.0, "disk": 80, "id": "cf752147-89dd-43b3-a5f3-1074c937afd5", "name": "m1.large", "vcpus": 4, "swap": "", "OS-FLV-EXT-DATA:ephemeral": 0}, {"links": [{"href": "http://compute-airship.intel-pod17.opnfv.org/v2.1/flavors/da446220-b6ea-46cd-8bf2-2cc2e695d81a", "rel": "self"}, {"href": "http://compute-airship.intel-pod17.opnfv.org/flavors/da446220-b6ea-46cd-8bf2-2cc2e695d81a", "rel": "bookmark"}], "ram": 16384, "OS-FLV-DISABLED:disabled": false, "os-flavor-access:is_public": true, "rxtx_factor": 1.0, "disk": 160, "id": "da446220-b6ea-46cd-8bf2-2cc2e695d81a", "name": "m1.xlarge", "vcpus": 8, "swap": "", "OS-FLV-EXT-DATA:ephemeral": 0}, {"links": [{"href": "http://compute-airship.intel-pod17.opnfv.org/v2.1/flavors/ee535a12-8282-442f-85d0-b7db7a001c12", "rel": "self"}, {"href": "http://compute-airship.intel-pod17.opnfv.org/flavors/ee535a12-8282-442f-85d0-b7db7a001c12", "rel": "bookmark"}], "ram": 1024, "OS-FLV-DISABLED:disabled": false, "os-flavor-access:is_public": true, "rxtx_factor": 1.0, "disk": 1, "id": "ee535a12-8282-442f-85d0-b7db7a001c12", "name": "rally_full-flavor_alt_3e6b4afa-9998-47a5-9500-638da7a1c7bb", "vcpus": 1, "swap": "", "OS-FLV-EXT-DATA:ephemeral": 0}]} _http_log_response /usr/lib/python2.7/site-packages/keystoneauth1/session.py:511
2020-03-17 15:23:23.279 725 DEBUG novaclient.v2.client [-] GET call to compute for http://compute-airship.intel-pod17.opnfv.org/v2.1/flavors/detail used request id req-740862e1-144e-447e-a042-4b6ef5409af5 request /usr/lib/python2.7/site-packages/keystoneauth1/session.py:844
2020-03-17 15:23:23.382 725 DEBUG novaclient.v2.client [-] REQ: curl -g -i -X GET http://compute-airship.intel-pod17.opnfv.org/v2.1/flavors/429f4c0c-421a-4991-a9ae-6de474d42c39 -H "Accept: application/json" -H "User-Agent: python-novaclient" -H "X-Auth-Token: {SHA1}52a33f5c8eb63a089cd25129b6201e793fcd74ad" _http_log_request /usr/lib/python2.7/site-packages/keystoneauth1/session.py:448
2020-03-17 15:23:23.515 725 DEBUG novaclient.v2.client [-] RESP: [200] Connection: keep-alive Content-Encoding: gzip Content-Type: application/json Date: Tue, 17 Mar 2020 15:23:23 GMT Openstack-Api-Version: compute 2.1 Transfer-Encoding: chunked Vary: Accept-Encoding, OpenStack-API-Version, X-OpenStack-Nova-API-Version X-Compute-Request-Id: req-71427c70-0a9d-4c15-859d-613e23f0b5b2 X-Openstack-Nova-Api-Version: 2.1 _http_log_response /usr/lib/python2.7/site-packages/keystoneauth1/session.py:479
2020-03-17 15:23:23.516 725 DEBUG novaclient.v2.client [-] RESP BODY: {"flavor": {"links": [{"href": "http://compute-airship.intel-pod17.opnfv.org/v2.1/flavors/429f4c0c-421a-4991-a9ae-6de474d42c39", "rel": "self"}, {"href": "http://compute-airship.intel-pod17.opnfv.org/flavors/429f4c0c-421a-4991-a9ae-6de474d42c39", "rel": "bookmark"}], "ram": 512, "OS-FLV-DISABLED:disabled": false, "os-flavor-access:is_public": true, "rxtx_factor": 1.0, "disk": 1, "id": "429f4c0c-421a-4991-a9ae-6de474d42c39", "name": "rally_full-flavor_3e6b4afa-9998-47a5-9500-638da7a1c7bb", "vcpus": 1, "swap": "", "OS-FLV-EXT-DATA:ephemeral": 0}} _http_log_response /usr/lib/python2.7/site-packages/keystoneauth1/session.py:511
2020-03-17 15:23:23.516 725 DEBUG novaclient.v2.client [-] GET call to compute for http://compute-airship.intel-pod17.opnfv.org/v2.1/flavors/429f4c0c-421a-4991-a9ae-6de474d42c39 used request id req-71427c70-0a9d-4c15-859d-613e23f0b5b2 request /usr/lib/python2.7/site-packages/keystoneauth1/session.py:844
2020-03-17 15:23:23.937 725 INFO rally.task.context [-] Task a32992cc-ef76-4c04-b043-35b0a848d4f7 | Context users@openstack cleanup() started
2020-03-17 15:23:25.401 725 INFO rally.task.context [-] Task a32992cc-ef76-4c04-b043-35b0a848d4f7 | Context users@openstack cleanup() finished in 1.46 sec
2020-03-17 15:23:25.401 725 INFO rally.task.engine [-] Task a32992cc-ef76-4c04-b043-35b0a848d4f7 | Completed: Task validation of semantic.
2020-03-17 15:23:25.402 725 INFO rally.task.engine [-] Task a32992cc-ef76-4c04-b043-35b0a848d4f7 | Completed: Task validation.
2020-03-17 15:23:25.402 725 INFO rally.api [-] Task a32992cc-ef76-4c04-b043-35b0a848d4f7 input file is valid.
2020-03-17 15:23:25.402 725 INFO rally.api [-] Run Task a32992cc-ef76-4c04-b043-35b0a848d4f7 against Deployment ba8696f6-c416-4fe4-8c04-2c0df39e0b25
2020-03-17 15:23:25.403 725 INFO rally.task.engine [-] Task a32992cc-ef76-4c04-b043-35b0a848d4f7 | Starting: Running task.
2020-03-17 15:23:25.454 725 INFO rally.task.engine [-] Running workload: position = 0 config = { "version": 2, "title": "A cropped version of a bigger task.", "description": "Auto-generated task from a single workload (uuid=0b2c4726-b357-4201-b0a7-4bf841130744)", "subtasks": [ { "title": "GlanceImages.create_and_delete_image", "description": "Create and then delete an image.", "scenario": { "GlanceImages.create_and_delete_image": { "container_format": "bare", "disk_format": "qcow2", "image_location": "/home/opnfv/functest/images/cirros-0.4.0-x86_64-disk.img" } }, "contexts": { "users": { "tenants": 3, "users_per_tenant": 2 } }, "runner": { "constant": { "concurrency": 4, "times": 10 } }, "hooks": [], "sla": { "failure_rate": { "max": 0 } } } ] }
2020-03-17 15:23:25.475 725 RALLYDEBUG rally_openstack.contexts.keystone.users [-] Creating 3 tenants using 20 threads
2020-03-17 15:23:31.962 725 RALLYDEBUG rally_openstack.contexts.keystone.users [-] Creating 6 users using 20 threads
2020-03-17 15:23:32.845 725 INFO rally.task.context [-] Task a32992cc-ef76-4c04-b043-35b0a848d4f7 | Context users@openstack setup() finished in 7.37 sec
2020-03-17 15:23:32.846 725 INFO rally.task.context [-] Task a32992cc-ef76-4c04-b043-35b0a848d4f7 | Context cleanup@openstack setup() finished in 0.01 msec
2020-03-17 15:23:32.856 725 RALLYDEBUG rally.task.runner [-] Starting the constant runner (task UUID: a32992cc-ef76-4c04-b043-35b0a848d4f7). timeout: 0 concurrency: 4 concurrency_per_worker: 1 times: 10 concurrency_overhead: 0 processes_to_start: 4 max_cpu_used: 88
2020-03-17 15:23:32.869 849 RALLYDEBUG rally.task.runner [-] Starting a worker. concurrency: 1 args: {"container_format": "bare", "disk_format": "qcow2", "image_location": "/home/opnfv/functest/images/cirros-0.4.0-x86_64-disk.img"} times: 10 method_name: run timeout: 0 duration: None cls:
2020-03-17 15:23:32.871 850 RALLYDEBUG rally.task.runner [-] Starting a worker. concurrency: 1 args: {"container_format": "bare", "disk_format": "qcow2", "image_location": "/home/opnfv/functest/images/cirros-0.4.0-x86_64-disk.img"} times: 10 method_name: run timeout: 0 duration: None cls:
2020-03-17 15:23:32.874 851 RALLYDEBUG rally.task.runner [-] Starting a worker. concurrency: 1 args: {"container_format": "bare", "disk_format": "qcow2", "image_location": "/home/opnfv/functest/images/cirros-0.4.0-x86_64-disk.img"} times: 10 method_name: run timeout: 0 duration: None cls:
2020-03-17 15:23:32.876 849 INFO rally.task.runner [-] Task a32992cc-ef76-4c04-b043-35b0a848d4f7 | ITER: 1 START
2020-03-17 15:23:32.876 852 RALLYDEBUG rally.task.runner [-] Starting a worker. concurrency: 1 args: {"container_format": "bare", "disk_format": "qcow2", "image_location": "/home/opnfv/functest/images/cirros-0.4.0-x86_64-disk.img"} times: 10 method_name: run timeout: 0 duration: None cls:
2020-03-17 15:23:32.878 850 INFO rally.task.runner [-] Task a32992cc-ef76-4c04-b043-35b0a848d4f7 | ITER: 2 START
2020-03-17 15:23:32.880 851 INFO rally.task.runner [-] Task a32992cc-ef76-4c04-b043-35b0a848d4f7 | ITER: 3 START
2020-03-17 15:23:32.883 852 INFO rally.task.runner [-] Task a32992cc-ef76-4c04-b043-35b0a848d4f7 | ITER: 4 START
2020-03-17 15:23:35.678 852 RALLYDEBUG rally.task.utils [-] Waiting for resource u'91693743-b08f-4f96-839b-bd513d84dee8'. Status changed: NONE => QUEUED in 0.0795941352844
2020-03-17 15:23:35.741 849 RALLYDEBUG rally.task.utils [-] Waiting for resource u'a95cb21e-407b-4786-bb6f-25519960e6a1'. Status changed: NONE => QUEUED in 0.137021064758
2020-03-17 15:23:35.742 850 RALLYDEBUG rally.task.utils [-] Waiting for resource u'ab4d30cc-611f-430d-af34-d3e2767aba1f'. Status changed: NONE => QUEUED in 0.128674030304
2020-03-17 15:23:35.775 851 RALLYDEBUG rally.task.utils [-] Waiting for resource u'97660b9b-3e07-4893-92d6-6d84ceafae38'. Status changed: NONE => QUEUED in 0.102830886841
2020-03-17 15:23:36.859 850 RALLYDEBUG rally.task.utils [-] Waiting for resource s_rally_0b2c4726_1FXTebWo. Status changed: QUEUED => ACTIVE in 0.0426681041718
2020-03-17 15:23:36.886 852 RALLYDEBUG rally.task.utils [-] Waiting for resource s_rally_0b2c4726_B5IVfPq0. Status changed: QUEUED => ACTIVE in 0.027694940567
2020-03-17 15:23:37.041 851 RALLYDEBUG rally.task.utils [-] Waiting for resource s_rally_0b2c4726_33zBBThN. Status changed: QUEUED => ACTIVE in 0.0520370006561
2020-03-17 15:23:37.156 849 RALLYDEBUG rally.task.utils [-] Waiting for resource s_rally_0b2c4726_a0qXFfvL. Status changed: QUEUED => ACTIVE in 0.0487599372864
2020-03-17 15:23:37.377 850 INFO rally.task.runner [-] Task a32992cc-ef76-4c04-b043-35b0a848d4f7 | ITER: 2 END: OK
2020-03-17 15:23:37.381 850 INFO rally.task.runner [-] Task a32992cc-ef76-4c04-b043-35b0a848d4f7 | ITER: 5 START
2020-03-17 15:23:37.517 852 INFO rally.task.runner [-] Task a32992cc-ef76-4c04-b043-35b0a848d4f7 | ITER: 4 END: OK
2020-03-17 15:23:37.522 852 INFO rally.task.runner [-] Task a32992cc-ef76-4c04-b043-35b0a848d4f7 | ITER: 6 START
2020-03-17 15:23:37.679 851 INFO rally.task.runner [-] Task a32992cc-ef76-4c04-b043-35b0a848d4f7 | ITER: 3 END: OK
2020-03-17 15:23:37.684 849 INFO rally.task.runner [-] Task a32992cc-ef76-4c04-b043-35b0a848d4f7 | ITER: 1 END: OK
2020-03-17 15:23:37.683 851 INFO rally.task.runner [-] Task a32992cc-ef76-4c04-b043-35b0a848d4f7 | ITER: 7 START
2020-03-17 15:23:37.688 849 INFO rally.task.runner [-] Task a32992cc-ef76-4c04-b043-35b0a848d4f7 | ITER: 8 START
2020-03-17 15:23:39.883 850 RALLYDEBUG rally.task.utils [-] Waiting for resource u'04150be3-1269-4ed8-b838-7acb1be6d24e'. Status changed: NONE => QUEUED in 0.0760321617126
2020-03-17 15:23:40.063 852 RALLYDEBUG rally.task.utils [-] Waiting for resource u'ee709131-4f4e-4b76-97ab-be2a9935f3ff'. Status changed: NONE => QUEUED in 0.082072019577
2020-03-17 15:23:40.325 849 RALLYDEBUG rally.task.utils [-] Waiting for resource u'e12d7348-6db1-4915-8a64-15c3f6255bce'. Status changed: NONE => QUEUED in 0.081475019455
2020-03-17 15:23:40.371 851 RALLYDEBUG rally.task.utils [-] Waiting for resource u'2c19092e-f32b-43ae-bfb8-9ba5ab87772e'. Status changed: NONE => QUEUED in 0.0829608440399
2020-03-17 15:23:40.984 850 RALLYDEBUG rally.task.utils [-] Waiting for resource s_rally_0b2c4726_c7LlXOZ7. Status changed: QUEUED => ACTIVE in 0.0543711185455
2020-03-17 15:23:41.079 852 RALLYDEBUG rally.task.utils [-] Waiting for resource s_rally_0b2c4726_JiHYM9Vx. Status changed: QUEUED => ACTIVE in 0.0516719818115
2020-03-17 15:23:41.447 849 RALLYDEBUG rally.task.utils [-] Waiting for resource s_rally_0b2c4726_uLJaTMrr. Status changed: QUEUED => ACTIVE in 0.0497989654541
2020-03-17 15:23:41.470 850 INFO rally.task.runner [-] Task a32992cc-ef76-4c04-b043-35b0a848d4f7 | ITER: 5 END: OK
2020-03-17 15:23:41.475 850 INFO rally.task.runner [-] Task a32992cc-ef76-4c04-b043-35b0a848d4f7 | ITER: 9 START
2020-03-17 15:23:41.477 851 RALLYDEBUG rally.task.utils [-] Waiting for resource s_rally_0b2c4726_HAKId4ua. Status changed: QUEUED => ACTIVE in 0.0485708713531
2020-03-17 15:23:41.578 852 INFO rally.task.runner [-] Task a32992cc-ef76-4c04-b043-35b0a848d4f7 | ITER: 6 END: OK
2020-03-17 15:23:41.582 852 INFO rally.task.runner [-] Task a32992cc-ef76-4c04-b043-35b0a848d4f7 | ITER: 10 START
2020-03-17 15:23:41.947 849 INFO rally.task.runner [-] Task a32992cc-ef76-4c04-b043-35b0a848d4f7 | ITER: 8 END: OK
2020-03-17 15:23:42.066 851 INFO rally.task.runner [-] Task a32992cc-ef76-4c04-b043-35b0a848d4f7 | ITER: 7 END: OK
2020-03-17 15:23:44.061 850 RALLYDEBUG rally.task.utils [-] Waiting for resource u'75733627-5df4-4b44-b711-fc37f54cf037'. Status changed: NONE => QUEUED in 0.120353937149
2020-03-17 15:23:44.132 852 RALLYDEBUG rally.task.utils [-] Waiting for resource u'6ee51ecf-2935-4aa9-a33b-7ad6b986d55e'. Status changed: NONE => QUEUED in 0.0740559101105
2020-03-17 15:23:45.070 850 RALLYDEBUG rally.task.utils [-] Waiting for resource s_rally_0b2c4726_FqolrYcx. Status changed: QUEUED => ACTIVE in 0.061989068985
2020-03-17 15:23:45.172 852 RALLYDEBUG rally.task.utils [-] Waiting for resource s_rally_0b2c4726_T7QQOVuY. Status changed: QUEUED => ACTIVE in 0.0536479949951
2020-03-17 15:23:45.619 850 INFO rally.task.runner [-] Task a32992cc-ef76-4c04-b043-35b0a848d4f7 | ITER: 9 END: OK
2020-03-17 15:23:45.671 852 INFO rally.task.runner [-] Task a32992cc-ef76-4c04-b043-35b0a848d4f7 | ITER: 10 END: OK
2020-03-17 15:23:45.691 725 INFO rally.task.context [-] Task a32992cc-ef76-4c04-b043-35b0a848d4f7 | Context cleanup@openstack cleanup() started
2020-03-17 15:23:45.696 725 RALLYDEBUG rally_openstack.cleanup.manager [-] Cleaning up glance images objects
2020-03-17 15:23:46.774 725 INFO rally.task.context [-] Task a32992cc-ef76-4c04-b043-35b0a848d4f7 | Context cleanup@openstack cleanup() finished in 1.08 sec
2020-03-17 15:23:46.774 725 INFO rally.task.context [-] Task a32992cc-ef76-4c04-b043-35b0a848d4f7 | Context users@openstack cleanup() started
2020-03-17 15:23:49.812 725 INFO rally.task.context [-] Task a32992cc-ef76-4c04-b043-35b0a848d4f7 | Context users@openstack cleanup() finished in 3.04 sec
2020-03-17 15:23:51.613 725 INFO rally.task.engine [-] Load duration is: 12.383543
2020-03-17 15:23:51.614 725 INFO rally.task.engine [-] Full runner duration is: 12.835381
2020-03-17 15:23:51.614 725 INFO rally.task.engine [-] Full duration is: 24.338756
2020-03-17 15:23:51.700 725 INFO rally.task.engine [-] Running workload: position = 0 config = { "version": 2, "title": "A cropped version of a bigger task.", "description": "Auto-generated task from a single workload (uuid=b742df2e-e5a0-46ae-ba96-cea368f12793)", "subtasks": [ { "title": "GlanceImages.create_and_list_image", "description": "Create an image and then list all images.", "scenario": { "GlanceImages.create_and_list_image": { "container_format": "bare", "disk_format": "qcow2", "image_location": "/home/opnfv/functest/images/cirros-0.4.0-x86_64-disk.img" } }, "contexts": { "users": { "tenants": 3, "users_per_tenant": 2 } }, "runner": { "constant": { "concurrency": 4, "times": 10 } }, "hooks": [], "sla": { "failure_rate": { "max": 0 } } } ] }
2020-03-17 15:23:51.712 725 RALLYDEBUG rally_openstack.contexts.keystone.users [-] Creating 3 tenants using 20 threads
2020-03-17 15:23:52.154 725 RALLYDEBUG rally_openstack.contexts.keystone.users [-] Creating 6 users using 20 threads
2020-03-17 15:23:52.901 725 INFO rally.task.context [-] Task a32992cc-ef76-4c04-b043-35b0a848d4f7 | Context users@openstack setup() finished in 1.19 sec
2020-03-17 15:23:52.901 725 INFO rally.task.context [-] Task a32992cc-ef76-4c04-b043-35b0a848d4f7 | Context cleanup@openstack setup() finished in 0.01 msec
2020-03-17 15:23:52.911 725 RALLYDEBUG rally.task.runner [-] Starting the constant runner (task UUID: a32992cc-ef76-4c04-b043-35b0a848d4f7). timeout: 0 concurrency: 4 concurrency_per_worker: 1 times: 10 concurrency_overhead: 0 processes_to_start: 4 max_cpu_used: 88
2020-03-17 15:23:52.924 973 RALLYDEBUG rally.task.runner [-] Starting a worker. concurrency: 1 args: {"container_format": "bare", "disk_format": "qcow2", "image_location": "/home/opnfv/functest/images/cirros-0.4.0-x86_64-disk.img"} times: 10 method_name: run timeout: 0 duration: None cls:
2020-03-17 15:23:52.927 974 RALLYDEBUG rally.task.runner [-] Starting a worker. concurrency: 1 args: {"container_format": "bare", "disk_format": "qcow2", "image_location": "/home/opnfv/functest/images/cirros-0.4.0-x86_64-disk.img"} times: 10 method_name: run timeout: 0 duration: None cls:
2020-03-17 15:23:52.929 975 RALLYDEBUG rally.task.runner [-] Starting a worker. concurrency: 1 args: {"container_format": "bare", "disk_format": "qcow2", "image_location": "/home/opnfv/functest/images/cirros-0.4.0-x86_64-disk.img"} times: 10 method_name: run timeout: 0 duration: None cls:
2020-03-17 15:23:52.931 973 INFO rally.task.runner [-] Task a32992cc-ef76-4c04-b043-35b0a848d4f7 | ITER: 1 START
2020-03-17 15:23:52.932 976 RALLYDEBUG rally.task.runner [-] Starting a worker. concurrency: 1 args: {"container_format": "bare", "disk_format": "qcow2", "image_location": "/home/opnfv/functest/images/cirros-0.4.0-x86_64-disk.img"} times: 10 method_name: run timeout: 0 duration: None cls:
2020-03-17 15:23:52.934 974 INFO rally.task.runner [-] Task a32992cc-ef76-4c04-b043-35b0a848d4f7 | ITER: 2 START
2020-03-17 15:23:52.936 975 INFO rally.task.runner [-] Task a32992cc-ef76-4c04-b043-35b0a848d4f7 | ITER: 3 START
2020-03-17 15:23:52.939 976 INFO rally.task.runner [-] Task a32992cc-ef76-4c04-b043-35b0a848d4f7 | ITER: 4 START
2020-03-17 15:23:55.725 974 RALLYDEBUG rally.task.utils [-] Waiting for resource u'411eecf6-1268-4771-8572-a8ad023d5abf'. Status changed: NONE => QUEUED in 0.0753080844879
2020-03-17 15:23:55.736 973 RALLYDEBUG rally.task.utils [-] Waiting for resource u'dd114b9d-4641-4174-a434-e3c2ecf843c1'. Status changed: NONE => QUEUED in 0.0976669788361
2020-03-17 15:23:55.742 976 RALLYDEBUG rally.task.utils [-] Waiting for resource u'9d163ebb-c50d-4a05-ba51-5adb5a1a758c'. Status changed: NONE => QUEUED in 0.0877149105072
2020-03-17 15:23:55.898 975 RALLYDEBUG rally.task.utils [-] Waiting for resource u'abafd660-cdc5-4099-80e4-3ff5d650e3d4'. Status changed: NONE => QUEUED in 0.07674908638
2020-03-17 15:23:56.945 974 RALLYDEBUG rally.task.utils [-] Waiting for resource s_rally_b742df2e_w7tkGCWj. Status changed: QUEUED => ACTIVE in 0.0516421794891
2020-03-17 15:23:57.034 974 INFO rally.task.runner [-] Task a32992cc-ef76-4c04-b043-35b0a848d4f7 | ITER: 2 END: OK
2020-03-17 15:23:57.039 974 INFO rally.task.runner [-] Task a32992cc-ef76-4c04-b043-35b0a848d4f7 | ITER: 5 START
2020-03-17 15:23:57.165 975 RALLYDEBUG rally.task.utils [-] Waiting for resource s_rally_b742df2e_lyAc7zDI. Status changed: QUEUED => ACTIVE in 0.047553062439
2020-03-17 15:23:57.167 976 RALLYDEBUG rally.task.utils [-] Waiting for resource s_rally_b742df2e_AF1SznUp. Status changed: QUEUED => ACTIVE in 0.0586049556732
2020-03-17 15:23:57.174 973 RALLYDEBUG rally.task.utils [-] Waiting for resource s_rally_b742df2e_EMpF2OcY. Status changed: QUEUED => ACTIVE in 0.0449888706207
2020-03-17 15:23:57.231 975 INFO rally.task.runner [-] Task a32992cc-ef76-4c04-b043-35b0a848d4f7 | ITER: 3 END: OK
2020-03-17 15:23:57.236 975 INFO rally.task.runner [-] Task a32992cc-ef76-4c04-b043-35b0a848d4f7 | ITER: 6 START
2020-03-17 15:23:57.258 976 INFO rally.task.runner [-] Task a32992cc-ef76-4c04-b043-35b0a848d4f7 | ITER: 4 END: OK
2020-03-17 15:23:57.263 976 INFO rally.task.runner [-] Task a32992cc-ef76-4c04-b043-35b0a848d4f7 | ITER: 7 START
2020-03-17 15:23:57.264 973 INFO rally.task.runner [-] Task a32992cc-ef76-4c04-b043-35b0a848d4f7 | ITER: 1 END: OK
2020-03-17 15:23:57.269 973 INFO rally.task.runner [-] Task a32992cc-ef76-4c04-b043-35b0a848d4f7 | ITER: 8 START
2020-03-17 15:23:59.531 974 RALLYDEBUG rally.task.utils [-] Waiting for resource u'2dce156a-d0ab-4b40-869c-d531606b5ccd'. Status changed: NONE => QUEUED in 0.0791201591492
2020-03-17 15:23:59.876 975 RALLYDEBUG rally.task.utils [-] Waiting for resource u'66368355-c232-4fa5-9bc7-6da73b5dcbab'. Status changed: NONE => QUEUED in 0.0914759635925
2020-03-17 15:23:59.910 976 RALLYDEBUG rally.task.utils [-] Waiting for resource u'3d37c2f6-adc1-4795-a04e-2d5e89fdf740'. Status changed: NONE => QUEUED in 0.0998117923737
2020-03-17 15:23:59.954 973 RALLYDEBUG rally.task.utils [-] Waiting for resource u'71d07f5e-ec35-4478-bf41-977936898b81'. Status changed: NONE => QUEUED in 0.0857172012329
2020-03-17 15:24:00.655 974 RALLYDEBUG rally.task.utils [-] Waiting for resource s_rally_b742df2e_BL05QPft. Status changed: QUEUED => ACTIVE in 0.0523328781128
2020-03-17 15:24:00.742 974 INFO rally.task.runner [-] Task a32992cc-ef76-4c04-b043-35b0a848d4f7 | ITER: 5 END: OK
2020-03-17 15:24:00.747 974 INFO rally.task.runner [-] Task a32992cc-ef76-4c04-b043-35b0a848d4f7 | ITER: 9 START
2020-03-17 15:24:01.134 975 RALLYDEBUG rally.task.utils [-] Waiting for resource s_rally_b742df2e_Bs9Vesdz. Status changed: QUEUED => ACTIVE in 0.0445790290833
2020-03-17 15:24:01.150 973 RALLYDEBUG rally.task.utils [-] Waiting for resource s_rally_b742df2e_VRgVhohx. Status changed: QUEUED => ACTIVE in 0.0534989833832
2020-03-17 15:24:01.172 976 RALLYDEBUG rally.task.utils [-] Waiting for resource s_rally_b742df2e_VUWLa5Br. Status changed: QUEUED => ACTIVE in 0.0431241989136
2020-03-17 15:24:01.221 973 INFO rally.task.runner [-] Task a32992cc-ef76-4c04-b043-35b0a848d4f7 | ITER: 8 END: OK
2020-03-17 15:24:01.226 973 INFO rally.task.runner [-] Task a32992cc-ef76-4c04-b043-35b0a848d4f7 | ITER: 10 START
2020-03-17 15:24:01.240 975 INFO rally.task.runner [-] Task a32992cc-ef76-4c04-b043-35b0a848d4f7 | ITER: 6 END: OK
2020-03-17 15:24:01.262 976 INFO rally.task.runner [-] Task a32992cc-ef76-4c04-b043-35b0a848d4f7 | ITER: 7 END: OK
2020-03-17 15:24:03.249 974 RALLYDEBUG rally.task.utils [-] Waiting for resource u'1db01fd3-49fa-42ed-8905-b5d4c864a294'. Status changed: NONE => QUEUED in 0.0806109905243
2020-03-17 15:24:03.702 973 RALLYDEBUG rally.task.utils [-] Waiting for resource u'37252ff9-44e0-41e5-b1aa-aaec0bfa2540'. Status changed: NONE => QUEUED in 0.0760350227356
2020-03-17 15:24:04.777 973 RALLYDEBUG rally.task.utils [-] Waiting for resource s_rally_b742df2e_LLl6K1LS. Status changed: QUEUED => ACTIVE in 0.0446200370789
2020-03-17 15:24:04.853 973 INFO rally.task.runner [-] Task a32992cc-ef76-4c04-b043-35b0a848d4f7 | ITER: 10 END: OK
2020-03-17 15:24:10.234 974 RALLYDEBUG rally.task.utils [-] Waiting for resource s_rally_b742df2e_mICJsy36. Status changed: QUEUED => ACTIVE in 0.0410749912262
2020-03-17 15:24:10.303 974 INFO rally.task.runner [-] Task a32992cc-ef76-4c04-b043-35b0a848d4f7 | ITER: 9 END: OK
2020-03-17 15:24:10.325 725 INFO rally.task.context [-] Task a32992cc-ef76-4c04-b043-35b0a848d4f7 | Context cleanup@openstack cleanup() started
2020-03-17 15:24:10.329 725 RALLYDEBUG rally_openstack.cleanup.manager [-] Cleaning up glance images objects
2020-03-17 15:24:11.484 725 RALLYDEBUG rally_openstack.cleanup.manager [-] Deleting glance.images object s_rally_b742df2e_EMpF2OcY (dd114b9d-4641-4174-a434-e3c2ecf843c1)
2020-03-17 15:24:11.485 725 RALLYDEBUG rally_openstack.cleanup.manager [-] Deleting glance.images object s_rally_b742df2e_BL05QPft (2dce156a-d0ab-4b40-869c-d531606b5ccd)
2020-03-17 15:24:11.487 725 RALLYDEBUG rally_openstack.cleanup.manager [-] Deleting glance.images object s_rally_b742df2e_lyAc7zDI (abafd660-cdc5-4099-80e4-3ff5d650e3d4)
2020-03-17 15:24:11.494 725 RALLYDEBUG rally_openstack.cleanup.manager [-] Deleting glance.images object s_rally_b742df2e_VRgVhohx (71d07f5e-ec35-4478-bf41-977936898b81)
2020-03-17 15:24:11.507 725 RALLYDEBUG rally_openstack.cleanup.manager [-] Deleting glance.images object s_rally_b742df2e_Bs9Vesdz (66368355-c232-4fa5-9bc7-6da73b5dcbab)
2020-03-17 15:24:11.508 725 RALLYDEBUG rally_openstack.cleanup.manager [-] Deleting glance.images object s_rally_b742df2e_AF1SznUp (9d163ebb-c50d-4a05-ba51-5adb5a1a758c)
2020-03-17 15:24:11.549 725 RALLYDEBUG rally_openstack.cleanup.manager [-] Deleting glance.images object s_rally_b742df2e_w7tkGCWj (411eecf6-1268-4771-8572-a8ad023d5abf)
2020-03-17 15:24:11.550 725 RALLYDEBUG rally_openstack.cleanup.manager [-] Deleting glance.images object s_rally_b742df2e_LLl6K1LS (37252ff9-44e0-41e5-b1aa-aaec0bfa2540)
2020-03-17 15:24:11.553 725 RALLYDEBUG rally_openstack.cleanup.manager [-] Deleting glance.images object s_rally_b742df2e_VUWLa5Br (3d37c2f6-adc1-4795-a04e-2d5e89fdf740)
2020-03-17 15:24:11.557 725 RALLYDEBUG rally_openstack.cleanup.manager [-] Deleting glance.images object s_rally_b742df2e_mICJsy36 (1db01fd3-49fa-42ed-8905-b5d4c864a294)
2020-03-17 15:24:12.652 725 DEBUG glanceclient.common.http [-] Request returned failure status 404. _handle_response /usr/lib/python2.7/site-packages/glanceclient/common/http.py:125
2020-03-17 15:24:12.701 725 DEBUG glanceclient.common.http [-] Request returned failure status 404. _handle_response /usr/lib/python2.7/site-packages/glanceclient/common/http.py:125
2020-03-17 15:24:12.845 725 DEBUG glanceclient.common.http [-] Request returned failure status 404. _handle_response /usr/lib/python2.7/site-packages/glanceclient/common/http.py:125
2020-03-17 15:24:12.886 725 DEBUG glanceclient.common.http [-] Request returned failure status 404. _handle_response /usr/lib/python2.7/site-packages/glanceclient/common/http.py:125
2020-03-17 15:24:12.953 725 DEBUG glanceclient.common.http [-] Request returned failure status 404. _handle_response /usr/lib/python2.7/site-packages/glanceclient/common/http.py:125
2020-03-17 15:24:13.013 725 DEBUG glanceclient.common.http [-] Request returned failure status 404. _handle_response /usr/lib/python2.7/site-packages/glanceclient/common/http.py:125
2020-03-17 15:24:13.082 725 DEBUG glanceclient.common.http [-] Request returned failure status 404. _handle_response /usr/lib/python2.7/site-packages/glanceclient/common/http.py:125
2020-03-17 15:24:13.114 725 DEBUG glanceclient.common.http [-] Request returned failure status 404. _handle_response /usr/lib/python2.7/site-packages/glanceclient/common/http.py:125
2020-03-17 15:24:13.120 725 DEBUG glanceclient.common.http [-] Request returned failure status 404. _handle_response /usr/lib/python2.7/site-packages/glanceclient/common/http.py:125
2020-03-17 15:24:13.315 725 DEBUG glanceclient.common.http [-] Request returned failure status 404. _handle_response /usr/lib/python2.7/site-packages/glanceclient/common/http.py:125
2020-03-17 15:24:13.324 725 DEBUG glanceclient.common.http [-] Request returned failure status 404. _handle_response /usr/lib/python2.7/site-packages/glanceclient/common/http.py:125
2020-03-17 15:24:13.325 725 DEBUG glanceclient.common.http [-] Request returned failure status 404. _handle_response /usr/lib/python2.7/site-packages/glanceclient/common/http.py:125
2020-03-17 15:24:13.330 725 DEBUG glanceclient.common.http [-] Request returned failure status 404. _handle_response /usr/lib/python2.7/site-packages/glanceclient/common/http.py:125
2020-03-17 15:24:13.327 725 DEBUG glanceclient.common.http [-] Request returned failure status 404. _handle_response /usr/lib/python2.7/site-packages/glanceclient/common/http.py:125
2020-03-17 15:24:13.380 725 DEBUG glanceclient.common.http [-] Request returned failure status 404. _handle_response /usr/lib/python2.7/site-packages/glanceclient/common/http.py:125
2020-03-17 15:24:13.410 725 DEBUG glanceclient.common.http [-] Request returned failure status 404. _handle_response /usr/lib/python2.7/site-packages/glanceclient/common/http.py:125
2020-03-17 15:24:13.411 725 DEBUG glanceclient.common.http [-] Request returned failure status 404. _handle_response /usr/lib/python2.7/site-packages/glanceclient/common/http.py:125
2020-03-17 15:24:13.443 725 DEBUG glanceclient.common.http [-] Request returned failure status 404. _handle_response /usr/lib/python2.7/site-packages/glanceclient/common/http.py:125
2020-03-17 15:24:13.462 725 DEBUG glanceclient.common.http [-] Request returned failure status 404. _handle_response /usr/lib/python2.7/site-packages/glanceclient/common/http.py:125
2020-03-17 15:24:13.490 725 DEBUG glanceclient.common.http [-] Request returned failure status 404. _handle_response /usr/lib/python2.7/site-packages/glanceclient/common/http.py:125
2020-03-17 15:24:14.493 725 INFO rally.task.context [-] Task a32992cc-ef76-4c04-b043-35b0a848d4f7 | Context cleanup@openstack cleanup() finished in 4.17 sec
2020-03-17 15:24:14.493 725 INFO rally.task.context [-] Task a32992cc-ef76-4c04-b043-35b0a848d4f7 | Context users@openstack cleanup() started
2020-03-17 15:24:17.734 725 INFO rally.task.context [-] Task a32992cc-ef76-4c04-b043-35b0a848d4f7 | Context users@openstack cleanup() finished in 3.24 sec
2020-03-17 15:24:17.840 725 INFO rally.task.engine [-] Load duration is: 16.982229
2020-03-17 15:24:17.841 725 INFO rally.task.engine [-] Full runner duration is: 17.414436
2020-03-17 15:24:17.841 725 INFO rally.task.engine [-] Full duration is: 26.023936
2020-03-17 15:24:17.928 725 INFO rally.task.engine [-] Running workload: position = 0 config = { "version": 2, "title": "A cropped version of a bigger task.", "description": "Auto-generated task from a single workload (uuid=c40fdacb-ed41-480b-9885-0a402ba6819a)", "subtasks": [ { "title": "GlanceImages.list_images", "description": "List all images.", "scenario": { "GlanceImages.list_images": {} }, "contexts": { "users": { "tenants": 3, "users_per_tenant": 2 } }, "runner": { "constant": { "concurrency": 4, "times": 10 } }, "hooks": [], "sla": { "failure_rate": { "max": 0 } } } ] }
2020-03-17 15:24:17.940 725 RALLYDEBUG rally_openstack.contexts.keystone.users [-] Creating 3 tenants using 20 threads
2020-03-17 15:24:18.402 725 RALLYDEBUG rally_openstack.contexts.keystone.users [-] Creating 6 users using 20 threads
2020-03-17 15:24:19.191 725 INFO rally.task.context [-] Task a32992cc-ef76-4c04-b043-35b0a848d4f7 | Context users@openstack setup() finished in 1.25 sec
2020-03-17 15:24:19.199 725 RALLYDEBUG rally.task.runner [-] Starting the constant runner (task UUID: a32992cc-ef76-4c04-b043-35b0a848d4f7). timeout: 0 concurrency: 4 concurrency_per_worker: 1 times: 10 concurrency_overhead: 0 processes_to_start: 4 max_cpu_used: 88
2020-03-17 15:24:19.213 1097 RALLYDEBUG rally.task.runner [-] Starting a worker. concurrency: 1 args: {} times: 10 method_name: run timeout: 0 duration: None cls:
2020-03-17 15:24:19.216 1098 RALLYDEBUG rally.task.runner [-] Starting a worker. concurrency: 1 args: {} times: 10 method_name: run timeout: 0 duration: None cls:
2020-03-17 15:24:19.218 1099 RALLYDEBUG rally.task.runner [-] Starting a worker. concurrency: 1 args: {} times: 10 method_name: run timeout: 0 duration: None cls:
2020-03-17 15:24:19.220 1097 INFO rally.task.runner [-] Task a32992cc-ef76-4c04-b043-35b0a848d4f7 | ITER: 1 START
2020-03-17 15:24:19.221 1100 RALLYDEBUG rally.task.runner [-] Starting a worker. concurrency: 1 args: {} times: 10 method_name: run timeout: 0 duration: None cls:
2020-03-17 15:24:19.223 1098 INFO rally.task.runner [-] Task a32992cc-ef76-4c04-b043-35b0a848d4f7 | ITER: 2 START
2020-03-17 15:24:19.225 1099 INFO rally.task.runner [-] Task a32992cc-ef76-4c04-b043-35b0a848d4f7 | ITER: 3 START
2020-03-17 15:24:19.228 1100 INFO rally.task.runner [-] Task a32992cc-ef76-4c04-b043-35b0a848d4f7 | ITER: 4 START
2020-03-17 15:24:20.100 1099 INFO rally.task.runner [-] Task a32992cc-ef76-4c04-b043-35b0a848d4f7 | ITER: 3 END: OK
2020-03-17 15:24:20.104 1099 INFO rally.task.runner [-] Task a32992cc-ef76-4c04-b043-35b0a848d4f7 | ITER: 5 START
2020-03-17 15:24:22.879 1097 INFO rally.task.runner [-] Task a32992cc-ef76-4c04-b043-35b0a848d4f7 | ITER: 1 END: OK
2020-03-17 15:24:22.883 1097 INFO rally.task.runner [-] Task a32992cc-ef76-4c04-b043-35b0a848d4f7 | ITER: 6 START
2020-03-17 15:24:22.918 1098 INFO rally.task.runner [-] Task a32992cc-ef76-4c04-b043-35b0a848d4f7 | ITER: 2 END: OK
2020-03-17 15:24:22.922 1098 INFO rally.task.runner [-] Task a32992cc-ef76-4c04-b043-35b0a848d4f7 | ITER: 7 START
2020-03-17 15:24:22.948 1100 INFO rally.task.runner [-] Task a32992cc-ef76-4c04-b043-35b0a848d4f7 | ITER: 4 END: OK
2020-03-17 15:24:22.952 1100 INFO rally.task.runner [-] Task a32992cc-ef76-4c04-b043-35b0a848d4f7 | ITER: 8 START
2020-03-17 15:24:22.969 1099 INFO rally.task.runner [-] Task a32992cc-ef76-4c04-b043-35b0a848d4f7 | ITER: 5 END: OK
2020-03-17 15:24:22.973 1099 INFO rally.task.runner [-] Task a32992cc-ef76-4c04-b043-35b0a848d4f7 | ITER: 9 START
2020-03-17 15:24:23.391 1099 INFO rally.task.runner [-] Task a32992cc-ef76-4c04-b043-35b0a848d4f7 | ITER: 9 END: OK
2020-03-17 15:24:23.395 1099 INFO rally.task.runner [-] Task a32992cc-ef76-4c04-b043-35b0a848d4f7 | ITER: 10 START
2020-03-17 15:24:23.462 1097 INFO rally.task.runner [-] Task a32992cc-ef76-4c04-b043-35b0a848d4f7 | ITER: 6 END: OK
2020-03-17 15:24:23.617 1100 INFO rally.task.runner [-] Task a32992cc-ef76-4c04-b043-35b0a848d4f7 | ITER: 8 END: OK
2020-03-17 15:24:23.619 1098 INFO rally.task.runner [-] Task a32992cc-ef76-4c04-b043-35b0a848d4f7 | ITER: 7 END: OK
2020-03-17 15:24:23.751 1099 INFO rally.task.runner [-] Task a32992cc-ef76-4c04-b043-35b0a848d4f7 | ITER: 10 END: OK
2020-03-17 15:24:23.774 725 INFO rally.task.context [-] Task a32992cc-ef76-4c04-b043-35b0a848d4f7 | Context users@openstack cleanup() started
2020-03-17 15:24:27.348 725 INFO rally.task.context [-] Task a32992cc-ef76-4c04-b043-35b0a848d4f7 | Context users@openstack cleanup() finished in 3.57 sec
2020-03-17 15:24:27.999 725 INFO rally.task.engine [-] Load duration is: 4.115644
2020-03-17 15:24:28.000 725 INFO rally.task.engine [-] Full runner duration is: 4.575316
2020-03-17 15:24:28.000 725 INFO rally.task.engine [-] Full duration is: 9.409169
2020-03-17 15:24:28.084 725 INFO rally.task.engine [-] Running workload: position = 0 config = { "version": 2, "title": "A cropped version of a bigger task.", "description": "Auto-generated task from a single workload (uuid=d2bd5b86-21b2-4407-91dd-2dd60fe61990)", "subtasks": [ { "title": "GlanceImages.create_image_and_boot_instances", "description": "Create an image and boot several instances from it.", "scenario": { "GlanceImages.create_image_and_boot_instances": { "container_format": "bare", "disk_format": "qcow2", "image_location": "/home/opnfv/functest/images/cirros-0.4.0-x86_64-disk.img", "flavor": { "name": "rally_full-flavor_3e6b4afa-9998-47a5-9500-638da7a1c7bb" }, "number_instances": 2, "nics": [ { "net-id": "f16128cc-9677-40d4-b0fc-db213247bbb2" } ] } }, "contexts": { "users": { "tenants": 3, "users_per_tenant": 2 }, "quotas": { "nova": { "cores": -1, "floating_ips": -1, "instances": -1, "ram": -1, "security_group_rules": -1, "security_groups": -1 } } }, "runner": { "constant": { "concurrency": 4, "times": 10 } }, "hooks": [], "sla": { "failure_rate": { "max": 0 } } } ] }
2020-03-17 15:24:28.097 725 RALLYDEBUG rally_openstack.contexts.keystone.users [-] Creating 3 tenants using 20 threads
2020-03-17 15:24:34.487 725 RALLYDEBUG rally_openstack.contexts.keystone.users [-] Creating 6 users using 20 threads
2020-03-17 15:24:35.304 725 INFO rally.task.context [-] Task a32992cc-ef76-4c04-b043-35b0a848d4f7 | Context users@openstack setup() finished in 7.21 sec
2020-03-17 15:24:35.457 725 DEBUG novaclient.v2.client [-] REQ: curl -g -i -X PUT http://compute-airship.intel-pod17.opnfv.org/v2.1/os-quota-sets/b737fa0f990641d4beb18df1d4b5149f -H "Accept: application/json" -H "Content-Type: application/json" -H "User-Agent: python-novaclient" -H "X-Auth-Token: {SHA1}88beabb389e7ca59e271071609f11fe2b0db5626" -d '{"quota_set": {"ram": -1, "floating_ips": -1, "security_group_rules": -1, "instances": -1, "cores": -1, "security_groups": -1}}' _http_log_request /usr/lib/python2.7/site-packages/keystoneauth1/session.py:448
2020-03-17 15:24:35.753 725 DEBUG novaclient.v2.client [-] RESP: [200] Connection: keep-alive Content-Encoding: gzip Content-Type: application/json Date: Tue, 17 Mar 2020 15:24:35 GMT Openstack-Api-Version: compute 2.1 Transfer-Encoding: chunked Vary: Accept-Encoding, OpenStack-API-Version, X-OpenStack-Nova-API-Version X-Compute-Request-Id: req-2e1087e0-ecd0-4f2c-a806-e608e7a4d934 X-Openstack-Nova-Api-Version: 2.1 _http_log_response /usr/lib/python2.7/site-packages/keystoneauth1/session.py:479
2020-03-17 15:24:35.753 725 DEBUG novaclient.v2.client [-] RESP BODY: {"quota_set": {"injected_file_content_bytes": 10240, "metadata_items": 128, "server_group_members": 10, "server_groups": 10, "ram": -1, "floating_ips": -1, "key_pairs": 100, "instances": -1, "security_group_rules": -1, "injected_files": 5, "cores": -1, "fixed_ips": -1, "injected_file_path_bytes": 255, "security_groups": -1}} _http_log_response /usr/lib/python2.7/site-packages/keystoneauth1/session.py:511
2020-03-17 15:24:35.754 725 DEBUG novaclient.v2.client [-] PUT call to compute for http://compute-airship.intel-pod17.opnfv.org/v2.1/os-quota-sets/b737fa0f990641d4beb18df1d4b5149f used request id req-2e1087e0-ecd0-4f2c-a806-e608e7a4d934 request /usr/lib/python2.7/site-packages/keystoneauth1/session.py:844
2020-03-17 15:24:35.755 725 DEBUG novaclient.v2.client [-] REQ: curl -g -i -X PUT http://compute-airship.intel-pod17.opnfv.org/v2.1/os-quota-sets/f87f63b526394b789bffa063fc2d7db8 -H "Accept: application/json" -H "Content-Type: application/json" -H "User-Agent: python-novaclient" -H "X-Auth-Token: {SHA1}88beabb389e7ca59e271071609f11fe2b0db5626" -d '{"quota_set": {"ram": -1, "floating_ips": -1, "security_group_rules": -1, "instances": -1, "cores": -1, "security_groups": -1}}' _http_log_request /usr/lib/python2.7/site-packages/keystoneauth1/session.py:448
2020-03-17 15:24:35.869 725 DEBUG novaclient.v2.client [-] RESP: [200] Connection: keep-alive Content-Encoding: gzip Content-Type: application/json Date: Tue, 17 Mar 2020 15:24:35 GMT Openstack-Api-Version: compute 2.1 Transfer-Encoding: chunked Vary: Accept-Encoding, OpenStack-API-Version, X-OpenStack-Nova-API-Version X-Compute-Request-Id: req-d59a1046-68cb-40c8-ae58-c1749a08ad05 X-Openstack-Nova-Api-Version: 2.1 _http_log_response /usr/lib/python2.7/site-packages/keystoneauth1/session.py:479
2020-03-17 15:24:35.870 725 DEBUG novaclient.v2.client [-] RESP BODY: {"quota_set": {"injected_file_content_bytes": 10240, "metadata_items": 128, "server_group_members": 10, "server_groups": 10, "ram": -1, "floating_ips": -1, "key_pairs": 100, "instances": -1, "security_group_rules": -1, "injected_files": 5, "cores": -1, "fixed_ips": -1, "injected_file_path_bytes": 255, "security_groups": -1}} _http_log_response /usr/lib/python2.7/site-packages/keystoneauth1/session.py:511
2020-03-17 15:24:35.870 725 DEBUG novaclient.v2.client [-] PUT call to compute for http://compute-airship.intel-pod17.opnfv.org/v2.1/os-quota-sets/f87f63b526394b789bffa063fc2d7db8 used request id req-d59a1046-68cb-40c8-ae58-c1749a08ad05 request /usr/lib/python2.7/site-packages/keystoneauth1/session.py:844
2020-03-17 15:24:35.872 725 DEBUG novaclient.v2.client [-] REQ: curl -g -i -X PUT http://compute-airship.intel-pod17.opnfv.org/v2.1/os-quota-sets/16ecfeb5eb1a4a169f2d93831f9c92b6 -H "Accept: application/json" -H "Content-Type: application/json" -H "User-Agent: python-novaclient" -H "X-Auth-Token: {SHA1}88beabb389e7ca59e271071609f11fe2b0db5626" -d '{"quota_set": {"ram": -1, "floating_ips": -1, "security_group_rules": -1, "instances": -1, "cores": -1, "security_groups": -1}}' _http_log_request /usr/lib/python2.7/site-packages/keystoneauth1/session.py:448
2020-03-17 15:24:35.997 725 DEBUG novaclient.v2.client [-] RESP: [200] Connection: keep-alive Content-Encoding: gzip Content-Type: application/json Date: Tue, 17 Mar 2020 15:24:35 GMT Openstack-Api-Version: compute 2.1 Transfer-Encoding: chunked Vary: Accept-Encoding, OpenStack-API-Version, X-OpenStack-Nova-API-Version X-Compute-Request-Id: req-bf825d95-4b6f-48aa-95f4-e449afa9dec7 X-Openstack-Nova-Api-Version: 2.1 _http_log_response /usr/lib/python2.7/site-packages/keystoneauth1/session.py:479
2020-03-17 15:24:35.998 725 DEBUG novaclient.v2.client [-] RESP BODY: {"quota_set": {"injected_file_content_bytes": 10240, "metadata_items": 128, "server_group_members": 10, "server_groups": 10, "ram": -1, "floating_ips": -1, "key_pairs": 100, "instances": -1, "security_group_rules": -1, "injected_files": 5, "cores": -1, "fixed_ips": -1, "injected_file_path_bytes": 255, "security_groups": -1}} _http_log_response /usr/lib/python2.7/site-packages/keystoneauth1/session.py:511
2020-03-17 15:24:35.998 725 DEBUG novaclient.v2.client [-] PUT call to compute for http://compute-airship.intel-pod17.opnfv.org/v2.1/os-quota-sets/16ecfeb5eb1a4a169f2d93831f9c92b6 used request id req-bf825d95-4b6f-48aa-95f4-e449afa9dec7 request /usr/lib/python2.7/site-packages/keystoneauth1/session.py:844
2020-03-17 15:24:35.999 725 INFO rally.task.context [-] Task a32992cc-ef76-4c04-b043-35b0a848d4f7 | Context quotas@openstack setup() finished in 0.69 sec
2020-03-17 15:24:35.999 725 INFO rally.task.context [-] Task a32992cc-ef76-4c04-b043-35b0a848d4f7 | Context cleanup@openstack setup() finished in 0.01 msec
2020-03-17 15:24:36.101 725 DEBUG novaclient.v2.client [-] REQ: curl -g -i -X GET http://compute-airship.intel-pod17.opnfv.org/v2.1/flavors/detail -H "Accept: application/json" -H "User-Agent: python-novaclient" -H "X-Auth-Token: {SHA1}46dbac3ae03f35b1c7b3bab346b28f303fb3ed78" _http_log_request /usr/lib/python2.7/site-packages/keystoneauth1/session.py:448
2020-03-17 15:24:36.329 725 DEBUG novaclient.v2.client [-] RESP: [200] Connection: keep-alive Content-Encoding: gzip Content-Type: application/json Date: Tue, 17 Mar 2020 15:24:36 GMT Openstack-Api-Version: compute 2.1 Transfer-Encoding: chunked Vary: Accept-Encoding, OpenStack-API-Version, X-OpenStack-Nova-API-Version X-Compute-Request-Id: req-ea1533b6-174f-4009-91e2-dab671b0e391 X-Openstack-Nova-Api-Version: 2.1 _http_log_response /usr/lib/python2.7/site-packages/keystoneauth1/session.py:479
2020-03-17 15:24:36.330 725 DEBUG novaclient.v2.client [-] RESP BODY: {"flavors": [{"links": [{"href": "http://compute-airship.intel-pod17.opnfv.org/v2.1/flavors/0ae9a8f5-a995-4f91-9cbd-3ee05412c1a0", "rel": "self"}, {"href": "http://compute-airship.intel-pod17.opnfv.org/flavors/0ae9a8f5-a995-4f91-9cbd-3ee05412c1a0", "rel": "bookmark"}], "ram": 512, "OS-FLV-DISABLED:disabled": false, "os-flavor-access:is_public": true, "rxtx_factor": 1.0, "disk": 1, "id": "0ae9a8f5-a995-4f91-9cbd-3ee05412c1a0", "name": "m1.tiny", "vcpus": 1, "swap": "", "OS-FLV-EXT-DATA:ephemeral": 0}, {"links": [{"href": "http://compute-airship.intel-pod17.opnfv.org/v2.1/flavors/429f4c0c-421a-4991-a9ae-6de474d42c39", "rel": "self"}, {"href": "http://compute-airship.intel-pod17.opnfv.org/flavors/429f4c0c-421a-4991-a9ae-6de474d42c39", "rel": "bookmark"}], "ram": 512, "OS-FLV-DISABLED:disabled": false, "os-flavor-access:is_public": true, "rxtx_factor": 1.0, "disk": 1, "id": "429f4c0c-421a-4991-a9ae-6de474d42c39", "name": "rally_full-flavor_3e6b4afa-9998-47a5-9500-638da7a1c7bb", "vcpus": 1, "swap": "", "OS-FLV-EXT-DATA:ephemeral": 0}, {"links": [{"href": "http://compute-airship.intel-pod17.opnfv.org/v2.1/flavors/523705c8-feb5-48e5-9482-36d08a82bbc9", "rel": "self"}, {"href": "http://compute-airship.intel-pod17.opnfv.org/flavors/523705c8-feb5-48e5-9482-36d08a82bbc9", "rel": "bookmark"}], "ram": 4096, "OS-FLV-DISABLED:disabled": false, "os-flavor-access:is_public": true, "rxtx_factor": 1.0, "disk": 40, "id": "523705c8-feb5-48e5-9482-36d08a82bbc9", "name": "m1.medium", "vcpus": 2, "swap": "", "OS-FLV-EXT-DATA:ephemeral": 0}, {"links": [{"href": "http://compute-airship.intel-pod17.opnfv.org/v2.1/flavors/b0ab0c09-076f-4a7d-99e0-537b3b69fbe1", "rel": "self"}, {"href": "http://compute-airship.intel-pod17.opnfv.org/flavors/b0ab0c09-076f-4a7d-99e0-537b3b69fbe1", "rel": "bookmark"}], "ram": 64, "OS-FLV-DISABLED:disabled": false, "os-flavor-access:is_public": true, "rxtx_factor": 1.0, "disk": 0, "id": "b0ab0c09-076f-4a7d-99e0-537b3b69fbe1", "name": "rally_verify_2f581f91_9RYOWxy6", "vcpus": 1, "swap": "", "OS-FLV-EXT-DATA:ephemeral": 0}, {"links": [{"href": "http://compute-airship.intel-pod17.opnfv.org/v2.1/flavors/bf6e93b3-dc74-4624-8c69-73fdcf9ee0c4", "rel": "self"}, {"href": "http://compute-airship.intel-pod17.opnfv.org/flavors/bf6e93b3-dc74-4624-8c69-73fdcf9ee0c4", "rel": "bookmark"}], "ram": 2048, "OS-FLV-DISABLED:disabled": false, "os-flavor-access:is_public": true, "rxtx_factor": 1.0, "disk": 20, "id": "bf6e93b3-dc74-4624-8c69-73fdcf9ee0c4", "name": "m1.small", "vcpus": 1, "swap": "", "OS-FLV-EXT-DATA:ephemeral": 0}, {"links": [{"href": "http://compute-airship.intel-pod17.opnfv.org/v2.1/flavors/cf752147-89dd-43b3-a5f3-1074c937afd5", "rel": "self"}, {"href": "http://compute-airship.intel-pod17.opnfv.org/flavors/cf752147-89dd-43b3-a5f3-1074c937afd5", "rel": "bookmark"}], "ram": 8192, "OS-FLV-DISABLED:disabled": false, "os-flavor-access:is_public": true, "rxtx_factor": 1.0, "disk": 80, "id": "cf752147-89dd-43b3-a5f3-1074c937afd5", "name": "m1.large", "vcpus": 4, "swap": "", "OS-FLV-EXT-DATA:ephemeral": 0}, {"links": [{"href": "http://compute-airship.intel-pod17.opnfv.org/v2.1/flavors/da446220-b6ea-46cd-8bf2-2cc2e695d81a", "rel": "self"}, {"href": "http://compute-airship.intel-pod17.opnfv.org/flavors/da446220-b6ea-46cd-8bf2-2cc2e695d81a", "rel": "bookmark"}], "ram": 16384, "OS-FLV-DISABLED:disabled": false, "os-flavor-access:is_public": true, "rxtx_factor": 1.0, "disk": 160, "id": "da446220-b6ea-46cd-8bf2-2cc2e695d81a", "name": "m1.xlarge", "vcpus": 8, "swap": "", "OS-FLV-EXT-DATA:ephemeral": 0}, {"links": [{"href": "http://compute-airship.intel-pod17.opnfv.org/v2.1/flavors/ee535a12-8282-442f-85d0-b7db7a001c12", "rel": "self"}, {"href": "http://compute-airship.intel-pod17.opnfv.org/flavors/ee535a12-8282-442f-85d0-b7db7a001c12", "rel": "bookmark"}], "ram": 1024, "OS-FLV-DISABLED:disabled": false, "os-flavor-access:is_public": true, "rxtx_factor": 1.0, "disk": 1, "id": "ee535a12-8282-442f-85d0-b7db7a001c12", "name": "rally_full-flavor_alt_3e6b4afa-9998-47a5-9500-638da7a1c7bb", "vcpus": 1, "swap": "", "OS-FLV-EXT-DATA:ephemeral": 0}]} _http_log_response /usr/lib/python2.7/site-packages/keystoneauth1/session.py:511
2020-03-17 15:24:36.331 725 DEBUG novaclient.v2.client [-] GET call to compute for http://compute-airship.intel-pod17.opnfv.org/v2.1/flavors/detail used request id req-ea1533b6-174f-4009-91e2-dab671b0e391 request /usr/lib/python2.7/site-packages/keystoneauth1/session.py:844
2020-03-17 15:24:36.333 725 RALLYDEBUG rally.task.runner [-] Starting the constant runner (task UUID: a32992cc-ef76-4c04-b043-35b0a848d4f7). timeout: 0 concurrency: 4 concurrency_per_worker: 1 times: 10 concurrency_overhead: 0 processes_to_start: 4 max_cpu_used: 88
2020-03-17 15:24:36.344 1201 RALLYDEBUG rally.task.runner [-] Starting a worker. concurrency: 1 args: {"container_format": "bare", "disk_format": "qcow2", "image_location": "/home/opnfv/functest/images/cirros-0.4.0-x86_64-disk.img", "flavor": "429f4c0c-421a-4991-a9ae-6de474d42c39", "number_instances": 2, "nics": [{"net-id": "f16128cc-9677-40d4-b0fc-db213247bbb2"}]} times: 10 method_name: run timeout: 0 duration: None cls:
2020-03-17 15:24:36.347 1202 RALLYDEBUG rally.task.runner [-] Starting a worker. concurrency: 1 args: {"container_format": "bare", "disk_format": "qcow2", "image_location": "/home/opnfv/functest/images/cirros-0.4.0-x86_64-disk.img", "flavor": "429f4c0c-421a-4991-a9ae-6de474d42c39", "number_instances": 2, "nics": [{"net-id": "f16128cc-9677-40d4-b0fc-db213247bbb2"}]} times: 10 method_name: run timeout: 0 duration: None cls:
