File "/usr/lib/python2.7/site-packages/keystoneauth1/identity/v3/base.py", line 178, in get_auth_ref
2020-04-13 15:49:23.451 15 ERROR rally_openstack.osclients authenticated=False, log=False, **rkwargs)
2020-04-13 15:49:23.451 15 ERROR rally_openstack.osclients
File "/usr/lib/python2.7/site-packages/keystoneauth1/session.py", line 1019, in post
2020-04-13 15:49:23.451 15 ERROR rally_openstack.osclients return self.request(url, 'POST', **kwargs)
2020-04-13 15:49:23.451 15 ERROR rally_openstack.osclients
File "/usr/lib/python2.7/site-packages/keystoneauth1/session.py", line 869, in request
2020-04-13 15:49:23.451 15 ERROR rally_openstack.osclients raise exceptions.from_response(resp, method, url)
2020-04-13 15:49:23.451 15 ERROR rally_openstack.osclients ServiceUnavailable: Service Unavailable (HTTP 503)
2020-04-13 15:49:23.451 15 ERROR rally_openstack.osclients
2020-04-13 15:49:23.454 15 ERROR rally_openstack.osclients [-] Unable to authenticate for user c_rally_43be6137_ZPcWlSBZ in project c_rally_43be6137_hIKiAqHe: ServiceUnavailable: Service Unavailable (HTTP 503)
2020-04-13 15:49:23.454 15 ERROR rally_openstack.osclients
Traceback (most recent call last):
2020-04-13 15:49:23.454 15 ERROR rally_openstack.osclients
File "/usr/lib/python2.7/site-packages/rally_openstack/osclients.py", line 273, in auth_ref
2020-04-13 15:49:23.454 15 ERROR rally_openstack.osclients self.cache["keystone_auth_ref"] = plugin.get_access(sess)
2020-04-13 15:49:23.454 15 ERROR rally_openstack.osclients
File "/usr/lib/python2.7/site-packages/keystoneauth1/identity/base.py", line 134, in get_access
2020-04-13 15:49:23.454 15 ERROR rally_openstack.osclients self.auth_ref = self.get_auth_ref(session)
2020-04-13 15:49:23.454 15 ERROR rally_openstack.osclients
File "/usr/lib/python2.7/site-packages/keystoneauth1/identity/generic/base.py", line 208, in get_auth_ref
2020-04-13 15:49:23.454 15 ERROR rally_openstack.osclients return self._plugin.get_auth_ref(session, **kwargs)
2020-04-13 15:49:23.454 15 ERROR rally_openstack.osclients
File "/usr/lib/python2.7/site-packages/keystoneauth1/identity/v3/base.py", line 178, in get_auth_ref
2020-04-13 15:49:23.454 15 ERROR rally_openstack.osclients authenticated=False, log=False, **rkwargs)
2020-04-13 15:49:23.454 15 ERROR rally_openstack.osclients
File "/usr/lib/python2.7/site-packages/keystoneauth1/session.py", line 1019, in post
2020-04-13 15:49:23.454 15 ERROR rally_openstack.osclients return self.request(url, 'POST', **kwargs)
2020-04-13 15:49:23.454 15 ERROR rally_openstack.osclients
File "/usr/lib/python2.7/site-packages/keystoneauth1/session.py", line 869, in request
2020-04-13 15:49:23.454 15 ERROR rally_openstack.osclients raise exceptions.from_response(resp, method, url)
2020-04-13 15:49:23.454 15 ERROR rally_openstack.osclients ServiceUnavailable: Service Unavailable (HTTP 503)
2020-04-13 15:49:23.454 15 ERROR rally_openstack.osclients
2020-04-13 15:49:23.454 15 ERROR rally_openstack.cleanup.manager [-] Resource deletion failed, max retries exceeded for neutron.network: 3df0e509-4b12-4c05-9116-edf3554b3d86.: AuthenticationFailed: Failed to authenticate to http://identity-airship.intel-pod17.opnfv.org:80/v3 for user 'c_rally_43be6137_ZPcWlSBZ' in project 'c_rally_43be6137_hIKiAqHe': [ServiceUnavailable] Service Unavailable (HTTP 503)
2020-04-13 15:49:23.454 15 ERROR rally_openstack.cleanup.manager
Traceback (most recent call last):
2020-04-13 15:49:23.454 15 ERROR rally_openstack.cleanup.manager
File "/usr/lib/python2.7/site-packages/rally_openstack/cleanup/manager.py", line 85, in _delete_single_resource
2020-04-13 15:49:23.454 15 ERROR rally_openstack.cleanup.manager rutils.retry(resource._max_attempts, resource.delete)
2020-04-13 15:49:23.454 15 ERROR rally_openstack.cleanup.manager
File "/usr/lib/python2.7/site-packages/rally/common/utils.py", line 230, in retry
2020-04-13 15:49:23.454 15 ERROR rally_openstack.cleanup.manager return func(*args, **kwargs)
2020-04-13 15:49:23.454 15 ERROR rally_openstack.cleanup.manager
File "/usr/lib/python2.7/site-packages/rally_openstack/cleanup/resources.py", line 264, in delete
2020-04-13 15:49:23.454 15 ERROR rally_openstack.cleanup.manager delete_method = getattr(self._manager(), "delete_%s" % self._resource)
2020-04-13 15:49:23.454 15 ERROR rally_openstack.cleanup.manager
File "/usr/lib/python2.7/site-packages/rally_openstack/cleanup/resources.py", line 255, in _manager
2020-04-13 15:49:23.454 15 ERROR rally_openstack.cleanup.manager return getattr(client, self._service)()
2020-04-13 15:49:23.454 15 ERROR rally_openstack.cleanup.manager
File "/usr/lib/python2.7/site-packages/rally_openstack/osclients.py", line 244, in __call__
2020-04-13 15:49:23.454 15 ERROR rally_openstack.cleanup.manager self.cache[key] = self.create_client(*args, **kwargs)
2020-04-13 15:49:23.454 15 ERROR rally_openstack.cleanup.manager
File "/usr/lib/python2.7/site-packages/rally_openstack/osclients.py", line 442, in create_client
2020-04-13 15:49:23.454 15 ERROR rally_openstack.cleanup.manager endpoint_override=self._get_endpoint(service_type),
2020-04-13 15:49:23.454 15 ERROR rally_openstack.cleanup.manager
File "/usr/lib/python2.7/site-packages/rally_openstack/osclients.py", line 199, in _get_endpoint
2020-04-13 15:49:23.454 15 ERROR rally_openstack.cleanup.manager api_url = self.keystone.service_catalog.url_for(**kw)
2020-04-13 15:49:23.454 15 ERROR rally_openstack.cleanup.manager
File "/usr/lib/python2.7/site-packages/rally_openstack/osclients.py", line 266, in service_catalog
2020-04-13 15:49:23.454 15 ERROR rally_openstack.cleanup.manager return self.auth_ref.service_catalog
2020-04-13 15:49:23.454 15 ERROR rally_openstack.cleanup.manager
File "/usr/lib/python2.7/site-packages/rally_openstack/osclients.py", line 288, in auth_ref
2020-04-13 15:49:23.454 15 ERROR rally_openstack.cleanup.manager raise e
2020-04-13 15:49:23.454 15 ERROR rally_openstack.cleanup.manager AuthenticationFailed: Failed to authenticate to http://identity-airship.intel-pod17.opnfv.org:80/v3 for user 'c_rally_43be6137_ZPcWlSBZ' in project 'c_rally_43be6137_hIKiAqHe': [ServiceUnavailable] Service Unavailable (HTTP 503)
2020-04-13 15:49:23.454 15 ERROR rally_openstack.cleanup.manager
2020-04-13 15:49:23.455 15 ERROR rally_openstack.cleanup.manager [-] Resource deletion failed, max retries exceeded for neutron.network: 47082336-5bee-4eaf-af86-ffa03532fdd7.: AuthenticationFailed: Failed to authenticate to http://identity-airship.intel-pod17.opnfv.org:80/v3 for user 'c_rally_43be6137_ZPcWlSBZ' in project 'c_rally_43be6137_hIKiAqHe': [ServiceUnavailable] Service Unavailable (HTTP 503)
2020-04-13 15:49:23.455 15 ERROR rally_openstack.cleanup.manager
Traceback (most recent call last):
2020-04-13 15:49:23.455 15 ERROR rally_openstack.cleanup.manager
File "/usr/lib/python2.7/site-packages/rally_openstack/cleanup/manager.py", line 85, in _delete_single_resource
2020-04-13 15:49:23.455 15 ERROR rally_openstack.cleanup.manager rutils.retry(resource._max_attempts, resource.delete)
2020-04-13 15:49:23.455 15 ERROR rally_openstack.cleanup.manager
File "/usr/lib/python2.7/site-packages/rally/common/utils.py", line 230, in retry
2020-04-13 15:49:23.455 15 ERROR rally_openstack.cleanup.manager return func(*args, **kwargs)
2020-04-13 15:49:23.455 15 ERROR rally_openstack.cleanup.manager
File "/usr/lib/python2.7/site-packages/rally_openstack/cleanup/resources.py", line 264, in delete
2020-04-13 15:49:23.455 15 ERROR rally_openstack.cleanup.manager delete_method = getattr(self._manager(), "delete_%s" % self._resource)
2020-04-13 15:49:23.455 15 ERROR rally_openstack.cleanup.manager
File "/usr/lib/python2.7/site-packages/rally_openstack/cleanup/resources.py", line 255, in _manager
2020-04-13 15:49:23.455 15 ERROR rally_openstack.cleanup.manager return getattr(client, self._service)()
2020-04-13 15:49:23.455 15 ERROR rally_openstack.cleanup.manager
File "/usr/lib/python2.7/site-packages/rally_openstack/osclients.py", line 244, in __call__
2020-04-13 15:49:23.455 15 ERROR rally_openstack.cleanup.manager self.cache[key] = self.create_client(*args, **kwargs)
2020-04-13 15:49:23.455 15 ERROR rally_openstack.cleanup.manager
File "/usr/lib/python2.7/site-packages/rally_openstack/osclients.py", line 442, in create_client
2020-04-13 15:49:23.455 15 ERROR rally_openstack.cleanup.manager endpoint_override=self._get_endpoint(service_type),
2020-04-13 15:49:23.455 15 ERROR rally_openstack.cleanup.manager
File "/usr/lib/python2.7/site-packages/rally_openstack/osclients.py", line 199, in _get_endpoint
2020-04-13 15:49:23.455 15 ERROR rally_openstack.cleanup.manager api_url = self.keystone.service_catalog.url_for(**kw)
2020-04-13 15:49:23.455 15 ERROR rally_openstack.cleanup.manager
File "/usr/lib/python2.7/site-packages/rally_openstack/osclients.py", line 266, in service_catalog
2020-04-13 15:49:23.455 15 ERROR rally_openstack.cleanup.manager return self.auth_ref.service_catalog
2020-04-13 15:49:23.455 15 ERROR rally_openstack.cleanup.manager
File "/usr/lib/python2.7/site-packages/rally_openstack/osclients.py", line 288, in auth_ref
2020-04-13 15:49:23.455 15 ERROR rally_openstack.cleanup.manager raise e
2020-04-13 15:49:23.455 15 ERROR rally_openstack.cleanup.manager AuthenticationFailed: Failed to authenticate to http://identity-airship.intel-pod17.opnfv.org:80/v3 for user 'c_rally_43be6137_ZPcWlSBZ' in project 'c_rally_43be6137_hIKiAqHe': [ServiceUnavailable] Service Unavailable (HTTP 503)
2020-04-13 15:49:23.455 15 ERROR rally_openstack.cleanup.manager
2020-04-13 15:49:23.480 15 ERROR rally_openstack.osclients [-] Unable to authenticate for user c_rally_43be6137_ZPcWlSBZ in project c_rally_43be6137_hIKiAqHe: ServiceUnavailable: Service Unavailable (HTTP 503)
2020-04-13 15:49:23.480 15 ERROR rally_openstack.osclients
Traceback (most recent call last):
2020-04-13 15:49:23.480 15 ERROR rally_openstack.osclients
File "/usr/lib/python2.7/site-packages/rally_openstack/osclients.py", line 273, in auth_ref
2020-04-13 15:49:23.480 15 ERROR rally_openstack.osclients self.cache["keystone_auth_ref"] = plugin.get_access(sess)
2020-04-13 15:49:23.480 15 ERROR rally_openstack.osclients
File "/usr/lib/python2.7/site-packages/keystoneauth1/identity/base.py", line 134, in get_access
2020-04-13 15:49:23.480 15 ERROR rally_openstack.osclients self.auth_ref = self.get_auth_ref(session)
2020-04-13 15:49:23.480 15 ERROR rally_openstack.osclients
File "/usr/lib/python2.7/site-packages/keystoneauth1/identity/generic/base.py", line 208, in get_auth_ref
2020-04-13 15:49:23.480 15 ERROR rally_openstack.osclients return self._plugin.get_auth_ref(session, **kwargs)
2020-04-13 15:49:23.480 15 ERROR rally_openstack.osclients
File "/usr/lib/python2.7/site-packages/keystoneauth1/identity/v3/base.py", line 178, in get_auth_ref
2020-04-13 15:49:23.480 15 ERROR rally_openstack.osclients authenticated=False, log=False, **rkwargs)
2020-04-13 15:49:23.480 15 ERROR rally_openstack.osclients
File "/usr/lib/python2.7/site-packages/keystoneauth1/session.py", line 1019, in post
2020-04-13 15:49:23.480 15 ERROR rally_openstack.osclients return self.request(url, 'POST', **kwargs)
2020-04-13 15:49:23.480 15 ERROR rally_openstack.osclients
File "/usr/lib/python2.7/site-packages/keystoneauth1/session.py", line 869, in request
2020-04-13 15:49:23.480 15 ERROR rally_openstack.osclients raise exceptions.from_response(resp, method, url)
2020-04-13 15:49:23.480 15 ERROR rally_openstack.osclients ServiceUnavailable: Service Unavailable (HTTP 503)
2020-04-13 15:49:23.480 15 ERROR rally_openstack.osclients
2020-04-13 15:49:23.485 15 ERROR rally_openstack.osclients [-] Unable to authenticate for user c_rally_43be6137_ZPcWlSBZ in project c_rally_43be6137_hIKiAqHe: ServiceUnavailable: Service Unavailable (HTTP 503)
2020-04-13 15:49:23.485 15 ERROR rally_openstack.osclients
Traceback (most recent call last):
2020-04-13 15:49:23.485 15 ERROR rally_openstack.osclients
File "/usr/lib/python2.7/site-packages/rally_openstack/osclients.py", line 273, in auth_ref
2020-04-13 15:49:23.485 15 ERROR rally_openstack.osclients self.cache["keystone_auth_ref"] = plugin.get_access(sess)
2020-04-13 15:49:23.485 15 ERROR rally_openstack.osclients
File "/usr/lib/python2.7/site-packages/keystoneauth1/identity/base.py", line 134, in get_access
2020-04-13 15:49:23.485 15 ERROR rally_openstack.osclients self.auth_ref = self.get_auth_ref(session)
2020-04-13 15:49:23.485 15 ERROR rally_openstack.osclients
File "/usr/lib/python2.7/site-packages/keystoneauth1/identity/generic/base.py", line 208, in get_auth_ref
2020-04-13 15:49:23.485 15 ERROR rally_openstack.osclients return self._plugin.get_auth_ref(session, **kwargs)
2020-04-13 15:49:23.485 15 ERROR rally_openstack.osclients
File "/usr/lib/python2.7/site-packages/keystoneauth1/identity/v3/base.py", line 178, in get_auth_ref
2020-04-13 15:49:23.485 15 ERROR rally_openstack.osclients authenticated=False, log=False, **rkwargs)
2020-04-13 15:49:23.485 15 ERROR rally_openstack.osclients
File "/usr/lib/python2.7/site-packages/keystoneauth1/session.py", line 1019, in post
2020-04-13 15:49:23.485 15 ERROR rally_openstack.osclients return self.request(url, 'POST', **kwargs)
2020-04-13 15:49:23.485 15 ERROR rally_openstack.osclients
File "/usr/lib/python2.7/site-packages/keystoneauth1/session.py", line 869, in request
2020-04-13 15:49:23.485 15 ERROR rally_openstack.osclients raise exceptions.from_response(resp, method, url)
2020-04-13 15:49:23.485 15 ERROR rally_openstack.osclients ServiceUnavailable: Service Unavailable (HTTP 503)
2020-04-13 15:49:23.485 15 ERROR rally_openstack.osclients
2020-04-13 15:49:23.490 15 ERROR rally_openstack.osclients [-] Unable to authenticate for user c_rally_43be6137_ZPcWlSBZ in project c_rally_43be6137_hIKiAqHe: ServiceUnavailable: Service Unavailable (HTTP 503)
2020-04-13 15:49:23.490 15 ERROR rally_openstack.osclients
Traceback (most recent call last):
2020-04-13 15:49:23.490 15 ERROR rally_openstack.osclients
File "/usr/lib/python2.7/site-packages/rally_openstack/osclients.py", line 273, in auth_ref
2020-04-13 15:49:23.490 15 ERROR rally_openstack.osclients self.cache["keystone_auth_ref"] = plugin.get_access(sess)
2020-04-13 15:49:23.490 15 ERROR rally_openstack.osclients
File "/usr/lib/python2.7/site-packages/keystoneauth1/identity/base.py", line 134, in get_access
2020-04-13 15:49:23.490 15 ERROR rally_openstack.osclients self.auth_ref = self.get_auth_ref(session)
2020-04-13 15:49:23.490 15 ERROR rally_openstack.osclients
File "/usr/lib/python2.7/site-packages/keystoneauth1/identity/generic/base.py", line 208, in get_auth_ref
2020-04-13 15:49:23.490 15 ERROR rally_openstack.osclients return self._plugin.get_auth_ref(session, **kwargs)
2020-04-13 15:49:23.490 15 ERROR rally_openstack.osclients
File "/usr/lib/python2.7/site-packages/keystoneauth1/identity/v3/base.py", line 178, in get_auth_ref
2020-04-13 15:49:23.490 15 ERROR rally_openstack.osclients authenticated=False, log=False, **rkwargs)
2020-04-13 15:49:23.490 15 ERROR rally_openstack.osclients
File "/usr/lib/python2.7/site-packages/keystoneauth1/session.py", line 1019, in post
2020-04-13 15:49:23.490 15 ERROR rally_openstack.osclients return self.request(url, 'POST', **kwargs)
2020-04-13 15:49:23.490 15 ERROR rally_openstack.osclients
File "/usr/lib/python2.7/site-packages/keystoneauth1/session.py", line 869, in request
2020-04-13 15:49:23.490 15 ERROR rally_openstack.osclients raise exceptions.from_response(resp, method, url)
2020-04-13 15:49:23.490 15 ERROR rally_openstack.osclients ServiceUnavailable: Service Unavailable (HTTP 503)
2020-04-13 15:49:23.490 15 ERROR rally_openstack.osclients
2020-04-13 15:49:23.491 15 ERROR rally_openstack.cleanup.manager [-] Resource deletion failed, max retries exceeded for neutron.network: 50eea3cf-4f3b-41c8-b490-4293a1bce27e.: AuthenticationFailed: Failed to authenticate to http://identity-airship.intel-pod17.opnfv.org:80/v3 for user 'c_rally_43be6137_ZPcWlSBZ' in project 'c_rally_43be6137_hIKiAqHe': [ServiceUnavailable] Service Unavailable (HTTP 503)
2020-04-13 15:49:23.491 15 ERROR rally_openstack.cleanup.manager
Traceback (most recent call last):
2020-04-13 15:49:23.491 15 ERROR rally_openstack.cleanup.manager
File "/usr/lib/python2.7/site-packages/rally_openstack/cleanup/manager.py", line 85, in _delete_single_resource
2020-04-13 15:49:23.491 15 ERROR rally_openstack.cleanup.manager rutils.retry(resource._max_attempts, resource.delete)
2020-04-13 15:49:23.491 15 ERROR rally_openstack.cleanup.manager
File "/usr/lib/python2.7/site-packages/rally/common/utils.py", line 230, in retry
2020-04-13 15:49:23.491 15 ERROR rally_openstack.cleanup.manager return func(*args, **kwargs)
2020-04-13 15:49:23.491 15 ERROR rally_openstack.cleanup.manager
File "/usr/lib/python2.7/site-packages/rally_openstack/cleanup/resources.py", line 264, in delete
2020-04-13 15:49:23.491 15 ERROR rally_openstack.cleanup.manager delete_method = getattr(self._manager(), "delete_%s" % self._resource)
2020-04-13 15:49:23.491 15 ERROR rally_openstack.cleanup.manager
File "/usr/lib/python2.7/site-packages/rally_openstack/cleanup/resources.py", line 255, in _manager
2020-04-13 15:49:23.491 15 ERROR rally_openstack.cleanup.manager return getattr(client, self._service)()
2020-04-13 15:49:23.491 15 ERROR rally_openstack.cleanup.manager
File "/usr/lib/python2.7/site-packages/rally_openstack/osclients.py", line 244, in __call__
2020-04-13 15:49:23.491 15 ERROR rally_openstack.cleanup.manager self.cache[key] = self.create_client(*args, **kwargs)
2020-04-13 15:49:23.491 15 ERROR rally_openstack.cleanup.manager
File "/usr/lib/python2.7/site-packages/rally_openstack/osclients.py", line 442, in create_client
2020-04-13 15:49:23.491 15 ERROR rally_openstack.cleanup.manager endpoint_override=self._get_endpoint(service_type),
2020-04-13 15:49:23.491 15 ERROR rally_openstack.cleanup.manager
File "/usr/lib/python2.7/site-packages/rally_openstack/osclients.py", line 199, in _get_endpoint
2020-04-13 15:49:23.491 15 ERROR rally_openstack.cleanup.manager api_url = self.keystone.service_catalog.url_for(**kw)
2020-04-13 15:49:23.491 15 ERROR rally_openstack.cleanup.manager
File "/usr/lib/python2.7/site-packages/rally_openstack/osclients.py", line 266, in service_catalog
2020-04-13 15:49:23.491 15 ERROR rally_openstack.cleanup.manager return self.auth_ref.service_catalog
2020-04-13 15:49:23.491 15 ERROR rally_openstack.cleanup.manager
File "/usr/lib/python2.7/site-packages/rally_openstack/osclients.py", line 288, in auth_ref
2020-04-13 15:49:23.491 15 ERROR rally_openstack.cleanup.manager raise e
2020-04-13 15:49:23.491 15 ERROR rally_openstack.cleanup.manager AuthenticationFailed: Failed to authenticate to http://identity-airship.intel-pod17.opnfv.org:80/v3 for user 'c_rally_43be6137_ZPcWlSBZ' in project 'c_rally_43be6137_hIKiAqHe': [ServiceUnavailable] Service Unavailable (HTTP 503)
2020-04-13 15:49:23.491 15 ERROR rally_openstack.cleanup.manager
2020-04-13 15:49:25.573 15 RALLYDEBUG rally_openstack.cleanup.manager [-] Cleaning up neutron router objects
2020-04-13 15:49:25.860 15 RALLYDEBUG rally_openstack.cleanup.manager [-] Cleaning up neutron security_group objects
2020-04-13 15:49:26.159 15 INFO rally.task.context [-] Task 7421b6ec-b788-4b39-b4e5-8f6569b73c52 | Context cleanup@openstack cleanup() finished in 56.50 sec
2020-04-13 15:49:26.159 15 INFO rally.task.context [-] Task 7421b6ec-b788-4b39-b4e5-8f6569b73c52 | Context quotas@openstack cleanup() started
2020-04-13 15:49:26.209 15 INFO rally.task.context [-] Task 7421b6ec-b788-4b39-b4e5-8f6569b73c52 | Context quotas@openstack cleanup() finished in 49.13 msec
2020-04-13 15:49:26.209 15 INFO rally.task.context [-] Task 7421b6ec-b788-4b39-b4e5-8f6569b73c52 | Context users@openstack cleanup() started
2020-04-13 15:49:27.571 15 INFO rally.task.context [-] Task 7421b6ec-b788-4b39-b4e5-8f6569b73c52 | Context users@openstack cleanup() finished in 1.36 sec
2020-04-13 15:49:28.568 15 INFO rally.task.engine [-] Load duration is: 14.299311
2020-04-13 15:49:28.569 15 INFO rally.task.engine [-] Full runner duration is: 14.34407
2020-04-13 15:49:28.569 15 INFO rally.task.engine [-] Full duration is: 73.330678
2020-04-13 15:49:28.811 15 INFO rally.task.engine [-] Running workload: position = 1 config = { "version": 2, "title": "A cropped version of a bigger task.", "description": "Auto-generated task from a single workload (uuid=84b3ab1f-10de-4ec4-8f68-a071aa8dd17d)", "subtasks": [ { "title": "NeutronNetworks.create_and_update_networks", "description": "Check network update action", "scenario": { "NeutronNetworks.create_and_update_networks": { "network_create_args": {}, "network_update_args": { "admin_state_up": false, "name": "_updated" } } }, "contexts": { "users": { "tenants": 1, "users_per_tenant": 1 }, "quotas": { "neutron": { "network": -1 } } }, "runner": { "constant": { "times": 40, "concurrency": 20 } }, "hooks": [], "sla": { "failure_rate": { "max": 0 } } } ] }
2020-04-13 15:49:28.825 15 RALLYDEBUG rally_openstack.contexts.keystone.users [-] Creating 1 tenants using 20 threads
2020-04-13 15:49:29.162 15 RALLYDEBUG rally_openstack.contexts.keystone.users [-] Creating 1 users using 20 threads
2020-04-13 15:49:29.590 15 INFO rally.task.context [-] Task 7421b6ec-b788-4b39-b4e5-8f6569b73c52 | Context users@openstack setup() finished in 0.76 sec
2020-04-13 15:49:29.930 15 INFO rally.task.context [-] Task 7421b6ec-b788-4b39-b4e5-8f6569b73c52 | Context quotas@openstack setup() finished in 0.34 sec
2020-04-13 15:49:29.931 15 INFO rally.task.context [-] Task 7421b6ec-b788-4b39-b4e5-8f6569b73c52 | Context cleanup@openstack setup() finished in 0.01 msec
2020-04-13 15:49:29.940 15 RALLYDEBUG rally.task.runner [-] Starting the constant runner (task UUID: 7421b6ec-b788-4b39-b4e5-8f6569b73c52). timeout: 0 concurrency: 20 concurrency_per_worker: 1 times: 40 concurrency_overhead: 0 processes_to_start: 20 max_cpu_used: 88
2020-04-13 15:49:29.953 601 RALLYDEBUG rally.task.runner [-] Starting a worker. concurrency: 1 args: {"network_create_args": {}, "network_update_args": {"admin_state_up": false, "name": "_updated"}} times: 40 method_name: run timeout: 0 duration: None cls:
2020-04-13 15:49:29.956 602 RALLYDEBUG rally.task.runner [-] Starting a worker. concurrency: 1 args: {"network_create_args": {}, "network_update_args": {"admin_state_up": false, "name": "_updated"}} times: 40 method_name: run timeout: 0 duration: None cls:
2020-04-13 15:49:29.958 603 RALLYDEBUG rally.task.runner [-] Starting a worker. concurrency: 1 args: {"network_create_args": {}, "network_update_args": {"admin_state_up": false, "name": "_updated"}} times: 40 method_name: run timeout: 0 duration: None cls:
2020-04-13 15:49:29.959 601 INFO rally.task.runner [-] Task 7421b6ec-b788-4b39-b4e5-8f6569b73c52 | ITER: 1 START
2020-04-13 15:49:29.961 604 RALLYDEBUG rally.task.runner [-] Starting a worker. concurrency: 1 args: {"network_create_args": {}, "network_update_args": {"admin_state_up": false, "name": "_updated"}} times: 40 method_name: run timeout: 0 duration: None cls:
2020-04-13 15:49:29.962 602 INFO rally.task.runner [-] Task 7421b6ec-b788-4b39-b4e5-8f6569b73c52 | ITER: 2 START
2020-04-13 15:49:29.964 603 INFO rally.task.runner [-] Task 7421b6ec-b788-4b39-b4e5-8f6569b73c52 | ITER: 3 START
2020-04-13 15:49:29.963 605 RALLYDEBUG rally.task.runner [-] Starting a worker. concurrency: 1 args: {"network_create_args": {}, "network_update_args": {"admin_state_up": false, "name": "_updated"}} times: 40 method_name: run timeout: 0 duration: None cls:
2020-04-13 15:49:29.966 608 RALLYDEBUG rally.task.runner [-] Starting a worker. concurrency: 1 args: {"network_create_args": {}, "network_update_args": {"admin_state_up": false, "name": "_updated"}} times: 40 method_name: run timeout: 0 duration: None cls:
2020-04-13 15:49:29.967 604 INFO rally.task.runner [-] Task 7421b6ec-b788-4b39-b4e5-8f6569b73c52 | ITER: 4 START
2020-04-13 15:49:29.968 611 RALLYDEBUG rally.task.runner [-] Starting a worker. concurrency: 1 args: {"network_create_args": {}, "network_update_args": {"admin_state_up": false, "name": "_updated"}} times: 40 method_name: run timeout: 0 duration: None cls:
2020-04-13 15:49:29.969 605 INFO rally.task.runner [-] Task 7421b6ec-b788-4b39-b4e5-8f6569b73c52 | ITER: 5 START
2020-04-13 15:49:29.972 608 INFO rally.task.runner [-] Task 7421b6ec-b788-4b39-b4e5-8f6569b73c52 | ITER: 6 START
2020-04-13 15:49:29.971 614 RALLYDEBUG rally.task.runner [-] Starting a worker. concurrency: 1 args: {"network_create_args": {}, "network_update_args": {"admin_state_up": false, "name": "_updated"}} times: 40 method_name: run timeout: 0 duration: None cls:
2020-04-13 15:49:29.974 617 RALLYDEBUG rally.task.runner [-] Starting a worker. concurrency: 1 args: {"network_create_args": {}, "network_update_args": {"admin_state_up": false, "name": "_updated"}} times: 40 method_name: run timeout: 0 duration: None cls:
2020-04-13 15:49:29.974 611 INFO rally.task.runner [-] Task 7421b6ec-b788-4b39-b4e5-8f6569b73c52 | ITER: 7 START
2020-04-13 15:49:29.978 614 INFO rally.task.runner [-] Task 7421b6ec-b788-4b39-b4e5-8f6569b73c52 | ITER: 8 START
2020-04-13 15:49:29.978 621 RALLYDEBUG rally.task.runner [-] Starting a worker. concurrency: 1 args: {"network_create_args": {}, "network_update_args": {"admin_state_up": false, "name": "_updated"}} times: 40 method_name: run timeout: 0 duration: None cls:
2020-04-13 15:49:29.979 617 INFO rally.task.runner [-] Task 7421b6ec-b788-4b39-b4e5-8f6569b73c52 | ITER: 9 START
2020-04-13 15:49:29.979 624 RALLYDEBUG rally.task.runner [-] Starting a worker. concurrency: 1 args: {"network_create_args": {}, "network_update_args": {"admin_state_up": false, "name": "_updated"}} times: 40 method_name: run timeout: 0 duration: None cls:
2020-04-13 15:49:29.982 626 RALLYDEBUG rally.task.runner [-] Starting a worker. concurrency: 1 args: {"network_create_args": {}, "network_update_args": {"admin_state_up": false, "name": "_updated"}} times: 40 method_name: run timeout: 0 duration: None cls:
2020-04-13 15:49:29.985 624 INFO rally.task.runner [-] Task 7421b6ec-b788-4b39-b4e5-8f6569b73c52 | ITER: 11 START
2020-04-13 15:49:29.984 630 RALLYDEBUG rally.task.runner [-] Starting a worker. concurrency: 1 args: {"network_create_args": {}, "network_update_args": {"admin_state_up": false, "name": "_updated"}} times: 40 method_name: run timeout: 0 duration: None cls:
2020-04-13 15:49:29.985 632 RALLYDEBUG rally.task.runner [-] Starting a worker. concurrency: 1 args: {"network_create_args": {}, "network_update_args": {"admin_state_up": false, "name": "_updated"}} times: 40 method_name: run timeout: 0 duration: None cls:
2020-04-13 15:49:29.986 621 INFO rally.task.runner [-] Task 7421b6ec-b788-4b39-b4e5-8f6569b73c52 | ITER: 10 START
2020-04-13 15:49:29.988 626 INFO rally.task.runner [-] Task 7421b6ec-b788-4b39-b4e5-8f6569b73c52 | ITER: 12 START
2020-04-13 15:49:29.989 632 INFO rally.task.runner [-] Task 7421b6ec-b788-4b39-b4e5-8f6569b73c52 | ITER: 14 START
2020-04-13 15:49:29.990 630 INFO rally.task.runner [-] Task 7421b6ec-b788-4b39-b4e5-8f6569b73c52 | ITER: 13 START
2020-04-13 15:49:29.990 634 RALLYDEBUG rally.task.runner [-] Starting a worker. concurrency: 1 args: {"network_create_args": {}, "network_update_args": {"admin_state_up": false, "name": "_updated"}} times: 40 method_name: run timeout: 0 duration: None cls:
2020-04-13 15:49:29.992 639 RALLYDEBUG rally.task.runner [-] Starting a worker. concurrency: 1 args: {"network_create_args": {}, "network_update_args": {"admin_state_up": false, "name": "_updated"}} times: 40 method_name: run timeout: 0 duration: None cls:
2020-04-13 15:49:29.994 644 RALLYDEBUG rally.task.runner [-] Starting a worker. concurrency: 1 args: {"network_create_args": {}, "network_update_args": {"admin_state_up": false, "name": "_updated"}} times: 40 method_name: run timeout: 0 duration: None cls:
2020-04-13 15:49:29.996 634 INFO rally.task.runner [-] Task 7421b6ec-b788-4b39-b4e5-8f6569b73c52 | ITER: 15 START
2020-04-13 15:49:29.997 639 INFO rally.task.runner [-] Task 7421b6ec-b788-4b39-b4e5-8f6569b73c52 | ITER: 16 START
2020-04-13 15:49:29.997 646 RALLYDEBUG rally.task.runner [-] Starting a worker. concurrency: 1 args: {"network_create_args": {}, "network_update_args": {"admin_state_up": false, "name": "_updated"}} times: 40 method_name: run timeout: 0 duration: None cls:
2020-04-13 15:49:29.999 644 INFO rally.task.runner [-] Task 7421b6ec-b788-4b39-b4e5-8f6569b73c52 | ITER: 17 START
2020-04-13 15:49:30.000 647 RALLYDEBUG rally.task.runner [-] Starting a worker. concurrency: 1 args: {"network_create_args": {}, "network_update_args": {"admin_state_up": false, "name": "_updated"}} times: 40 method_name: run timeout: 0 duration: None cls:
2020-04-13 15:49:30.003 652 RALLYDEBUG rally.task.runner [-] Starting a worker. concurrency: 1 args: {"network_create_args": {}, "network_update_args": {"admin_state_up": false, "name": "_updated"}} times: 40 method_name: run timeout: 0 duration: None cls:
2020-04-13 15:49:30.003 646 INFO rally.task.runner [-] Task 7421b6ec-b788-4b39-b4e5-8f6569b73c52 | ITER: 18 START
2020-04-13 15:49:30.006 647 INFO rally.task.runner [-] Task 7421b6ec-b788-4b39-b4e5-8f6569b73c52 | ITER: 19 START
2020-04-13 15:49:30.008 652 INFO rally.task.runner [-] Task 7421b6ec-b788-4b39-b4e5-8f6569b73c52 | ITER: 20 START
2020-04-13 15:49:31.565 602 INFO rally.task.runner [-] Task 7421b6ec-b788-4b39-b4e5-8f6569b73c52 | ITER: 2 END: OK
2020-04-13 15:49:31.570 602 INFO rally.task.runner [-] Task 7421b6ec-b788-4b39-b4e5-8f6569b73c52 | ITER: 21 START
2020-04-13 15:49:31.577 601 INFO rally.task.runner [-] Task 7421b6ec-b788-4b39-b4e5-8f6569b73c52 | ITER: 1 END: OK
2020-04-13 15:49:31.582 601 INFO rally.task.runner [-] Task 7421b6ec-b788-4b39-b4e5-8f6569b73c52 | ITER: 22 START
2020-04-13 15:49:32.215 603 INFO rally.task.runner [-] Task 7421b6ec-b788-4b39-b4e5-8f6569b73c52 | ITER: 3 END: OK
2020-04-13 15:49:32.220 603 INFO rally.task.runner [-] Task 7421b6ec-b788-4b39-b4e5-8f6569b73c52 | ITER: 23 START
2020-04-13 15:49:33.294 608 INFO rally.task.runner [-] Task 7421b6ec-b788-4b39-b4e5-8f6569b73c52 | ITER: 6 END: OK
2020-04-13 15:49:33.300 608 INFO rally.task.runner [-] Task 7421b6ec-b788-4b39-b4e5-8f6569b73c52 | ITER: 24 START
2020-04-13 15:49:33.351 630 INFO rally.task.runner [-] Task 7421b6ec-b788-4b39-b4e5-8f6569b73c52 | ITER: 13 END: OK
2020-04-13 15:49:33.356 630 INFO rally.task.runner [-] Task 7421b6ec-b788-4b39-b4e5-8f6569b73c52 | ITER: 25 START
2020-04-13 15:49:33.612 626 INFO rally.task.runner [-] Task 7421b6ec-b788-4b39-b4e5-8f6569b73c52 | ITER: 12 END: OK
2020-04-13 15:49:33.617 626 INFO rally.task.runner [-] Task 7421b6ec-b788-4b39-b4e5-8f6569b73c52 | ITER: 26 START
2020-04-13 15:49:33.675 634 INFO rally.task.runner [-] Task 7421b6ec-b788-4b39-b4e5-8f6569b73c52 | ITER: 15 END: OK
2020-04-13 15:49:33.680 634 INFO rally.task.runner [-] Task 7421b6ec-b788-4b39-b4e5-8f6569b73c52 | ITER: 27 START
2020-04-13 15:49:33.682 605 INFO rally.task.runner [-] Task 7421b6ec-b788-4b39-b4e5-8f6569b73c52 | ITER: 5 END: OK
2020-04-13 15:49:33.687 605 INFO rally.task.runner [-] Task 7421b6ec-b788-4b39-b4e5-8f6569b73c52 | ITER: 28 START
2020-04-13 15:49:33.936 614 INFO rally.task.runner [-] Task 7421b6ec-b788-4b39-b4e5-8f6569b73c52 | ITER: 8 END: OK
2020-04-13 15:49:33.940 614 INFO rally.task.runner [-] Task 7421b6ec-b788-4b39-b4e5-8f6569b73c52 | ITER: 29 START
2020-04-13 15:49:33.944 624 INFO rally.task.runner [-] Task 7421b6ec-b788-4b39-b4e5-8f6569b73c52 | ITER: 11 END: OK
2020-04-13 15:49:33.949 624 INFO rally.task.runner [-] Task 7421b6ec-b788-4b39-b4e5-8f6569b73c52 | ITER: 30 START
2020-04-13 15:49:34.268 617 INFO rally.task.runner [-] Task 7421b6ec-b788-4b39-b4e5-8f6569b73c52 | ITER: 9 END: OK
2020-04-13 15:49:34.272 617 INFO rally.task.runner [-] Task 7421b6ec-b788-4b39-b4e5-8f6569b73c52 | ITER: 31 START
2020-04-13 15:49:34.800 647 INFO rally.task.runner [-] Task 7421b6ec-b788-4b39-b4e5-8f6569b73c52 | ITER: 19 END: OK
2020-04-13 15:49:34.805 647 INFO rally.task.runner [-] Task 7421b6ec-b788-4b39-b4e5-8f6569b73c52 | ITER: 32 START
2020-04-13 15:49:34.809 632 INFO rally.task.runner [-] Task 7421b6ec-b788-4b39-b4e5-8f6569b73c52 | ITER: 14 END: OK
2020-04-13 15:49:34.813 632 INFO rally.task.runner [-] Task 7421b6ec-b788-4b39-b4e5-8f6569b73c52 | ITER: 33 START
2020-04-13 15:49:35.035 602 INFO rally.task.runner [-] Task 7421b6ec-b788-4b39-b4e5-8f6569b73c52 | ITER: 21 END: OK
2020-04-13 15:49:35.040 602 INFO rally.task.runner [-] Task 7421b6ec-b788-4b39-b4e5-8f6569b73c52 | ITER: 34 START
2020-04-13 15:49:35.086 603 INFO rally.task.runner [-] Task 7421b6ec-b788-4b39-b4e5-8f6569b73c52 | ITER: 23 END: OK
2020-04-13 15:49:35.090 603 INFO rally.task.runner [-] Task 7421b6ec-b788-4b39-b4e5-8f6569b73c52 | ITER: 35 START
2020-04-13 15:49:35.190 634 INFO rally.task.runner [-] Task 7421b6ec-b788-4b39-b4e5-8f6569b73c52 | ITER: 27 END: OK
2020-04-13 15:49:35.194 639 INFO rally.task.runner [-] Task 7421b6ec-b788-4b39-b4e5-8f6569b73c52 | ITER: 16 END: OK
2020-04-13 15:49:35.194 634 INFO rally.task.runner [-] Task 7421b6ec-b788-4b39-b4e5-8f6569b73c52 | ITER: 36 START
2020-04-13 15:49:35.199 639 INFO rally.task.runner [-] Task 7421b6ec-b788-4b39-b4e5-8f6569b73c52 | ITER: 37 START
2020-04-13 15:49:35.533 630 INFO rally.task.runner [-] Task 7421b6ec-b788-4b39-b4e5-8f6569b73c52 | ITER: 25 END: OK
2020-04-13 15:49:35.538 630 INFO rally.task.runner [-] Task 7421b6ec-b788-4b39-b4e5-8f6569b73c52 | ITER: 38 START
2020-04-13 15:49:35.654 626 INFO rally.task.runner [-] Task 7421b6ec-b788-4b39-b4e5-8f6569b73c52 | ITER: 26 END: OK
2020-04-13 15:49:35.658 626 INFO rally.task.runner [-] Task 7421b6ec-b788-4b39-b4e5-8f6569b73c52 | ITER: 39 START
2020-04-13 15:49:35.692 614 INFO rally.task.runner [-] Task 7421b6ec-b788-4b39-b4e5-8f6569b73c52 | ITER: 29 END: OK
2020-04-13 15:49:35.696 614 INFO rally.task.runner [-] Task 7421b6ec-b788-4b39-b4e5-8f6569b73c52 | ITER: 40 START
2020-04-13 15:49:35.913 646 INFO rally.task.runner [-] Task 7421b6ec-b788-4b39-b4e5-8f6569b73c52 | ITER: 18 END: OK
2020-04-13 15:49:35.955 611 INFO rally.task.runner [-] Task 7421b6ec-b788-4b39-b4e5-8f6569b73c52 | ITER: 7 END: OK
2020-04-13 15:49:35.980 604 INFO rally.task.runner [-] Task 7421b6ec-b788-4b39-b4e5-8f6569b73c52 | ITER: 4 END: OK
2020-04-13 15:49:36.118 621 INFO rally.task.runner [-] Task 7421b6ec-b788-4b39-b4e5-8f6569b73c52 | ITER: 10 END: OK
2020-04-13 15:49:36.380 647 INFO rally.task.runner [-] Task 7421b6ec-b788-4b39-b4e5-8f6569b73c52 | ITER: 32 END: OK
2020-04-13 15:49:36.385 644 INFO rally.task.runner [-] Task 7421b6ec-b788-4b39-b4e5-8f6569b73c52 | ITER: 17 END: OK
2020-04-13 15:49:36.583 652 INFO rally.task.runner [-] Task 7421b6ec-b788-4b39-b4e5-8f6569b73c52 | ITER: 20 END: OK
2020-04-13 15:49:36.693 603 INFO rally.task.runner [-] Task 7421b6ec-b788-4b39-b4e5-8f6569b73c52 | ITER: 35 END: OK
2020-04-13 15:49:37.059 605 INFO rally.task.runner [-] Task 7421b6ec-b788-4b39-b4e5-8f6569b73c52 | ITER: 28 END: OK
2020-04-13 15:49:37.106 601 INFO rally.task.runner [-] Task 7421b6ec-b788-4b39-b4e5-8f6569b73c52 | ITER: 22 END: OK
2020-04-13 15:49:37.163 634 INFO rally.task.runner [-] Task 7421b6ec-b788-4b39-b4e5-8f6569b73c52 | ITER: 36 END: OK
2020-04-13 15:49:37.390 608 INFO rally.task.runner [-] Task 7421b6ec-b788-4b39-b4e5-8f6569b73c52 | ITER: 24 END: OK
2020-04-13 15:49:37.424 630 INFO rally.task.runner [-] Task 7421b6ec-b788-4b39-b4e5-8f6569b73c52 | ITER: 38 END: OK
2020-04-13 15:49:38.096 602 INFO rally.task.runner [-] Task 7421b6ec-b788-4b39-b4e5-8f6569b73c52 | ITER: 34 END: OK
2020-04-13 15:49:38.293 626 INFO rally.task.runner [-] Task 7421b6ec-b788-4b39-b4e5-8f6569b73c52 | ITER: 39 END: OK
2020-04-13 15:49:39.129 632 INFO rally.task.runner [-] Task 7421b6ec-b788-4b39-b4e5-8f6569b73c52 | ITER: 33 END: OK
2020-04-13 15:49:39.683 624 INFO rally.task.runner [-] Task 7421b6ec-b788-4b39-b4e5-8f6569b73c52 | ITER: 30 END: OK
2020-04-13 15:49:39.700 617 INFO rally.task.runner [-] Task 7421b6ec-b788-4b39-b4e5-8f6569b73c52 | ITER: 31 END: OK
2020-04-13 15:49:39.937 639 INFO rally.task.runner [-] Task 7421b6ec-b788-4b39-b4e5-8f6569b73c52 | ITER: 37 END: OK
2020-04-13 15:49:40.045 614 INFO rally.task.runner [-] Task 7421b6ec-b788-4b39-b4e5-8f6569b73c52 | ITER: 40 END: OK
2020-04-13 15:49:40.067 15 INFO rally.task.context [-] Task 7421b6ec-b788-4b39-b4e5-8f6569b73c52 | Context cleanup@openstack cleanup() started
2020-04-13 15:49:40.070 15 RALLYDEBUG rally_openstack.cleanup.manager [-] Cleaning up neutron vip objects
2020-04-13 15:49:40.276 15 RALLYDEBUG rally_openstack.cleanup.manager [-] Cleaning up neutron health_monitor objects
2020-04-13 15:49:40.462 15 RALLYDEBUG rally_openstack.cleanup.manager [-] Cleaning up neutron pool objects
2020-04-13 15:49:40.688 15 RALLYDEBUG rally_openstack.cleanup.manager [-] Cleaning up neutron loadbalancer objects
2020-04-13 15:49:40.897 15 RALLYDEBUG rally_openstack.cleanup.manager [-] Cleaning up neutron floatingip objects
2020-04-13 15:49:41.122 15 RALLYDEBUG rally_openstack.cleanup.manager [-] Cleaning up neutron trunk objects
2020-04-13 15:49:41.311 15 DEBUG neutronclient.v2_0.client [-] Error message: {"NeutronError": {"message": "Invalid input for operation: 'tenant_id' is not supported for filtering.", "type": "InvalidInput", "detail": ""}} _handle_fault_response /usr/lib/python2.7/site-packages/neutronclient/v2_0/client.py:259
2020-04-13 15:49:41.348 15 DEBUG neutronclient.v2_0.client [-] Error message: {"NeutronError": {"message": "Invalid input for operation: 'tenant_id' is not supported for filtering.", "type": "InvalidInput", "detail": ""}} _handle_fault_response /usr/lib/python2.7/site-packages/neutronclient/v2_0/client.py:259
2020-04-13 15:49:41.380 15 DEBUG neutronclient.v2_0.client [-] Error message: {"NeutronError": {"message": "Invalid input for operation: 'tenant_id' is not supported for filtering.", "type": "InvalidInput", "detail": ""}} _handle_fault_response /usr/lib/python2.7/site-packages/neutronclient/v2_0/client.py:259
2020-04-13 15:49:41.381 15 ERROR rally_openstack.cleanup.manager [-] Seems like rally_openstack.cleanup.resources.NeutronTrunk.list(self) method is broken. It shouldn't raise any exceptions.: BadRequest: Invalid input for operation: 'tenant_id' is not supported for filtering. Neutron server returns request_ids: ['req-396e81ad-be3d-4fd3-936c-131af57e2aee']
2020-04-13 15:49:41.381 15 ERROR rally_openstack.cleanup.manager
Traceback (most recent call last):
2020-04-13 15:49:41.381 15 ERROR rally_openstack.cleanup.manager
File "/usr/lib/python2.7/site-packages/rally_openstack/cleanup/manager.py", line 133, in _publish
2020-04-13 15:49:41.381 15 ERROR rally_openstack.cleanup.manager for raw_resource in rutils.retry(3, manager.list):
2020-04-13 15:49:41.381 15 ERROR rally_openstack.cleanup.manager
File "/usr/lib/python2.7/site-packages/rally/common/utils.py", line 230, in retry
2020-04-13 15:49:41.381 15 ERROR rally_openstack.cleanup.manager return func(*args, **kwargs)
2020-04-13 15:49:41.381 15 ERROR rally_openstack.cleanup.manager
File "/usr/lib/python2.7/site-packages/rally_openstack/cleanup/resources.py", line 396, in list
2020-04-13 15:49:41.381 15 ERROR rally_openstack.cleanup.manager return super(NeutronTrunk, self).list()
2020-04-13 15:49:41.381 15 ERROR rally_openstack.cleanup.manager
File "/usr/lib/python2.7/site-packages/rally_openstack/cleanup/resources.py", line 273, in list
2020-04-13 15:49:41.381 15 ERROR rally_openstack.cleanup.manager result = list_method(tenant_id=self.tenant_uuid)[resources]
2020-04-13 15:49:41.381 15 ERROR rally_openstack.cleanup.manager
File "/usr/lib/python2.7/site-packages/neutronclient/v2_0/client.py", line 2105, in list_trunks
2020-04-13 15:49:41.381 15 ERROR rally_openstack.cleanup.manager **_params)
2020-04-13 15:49:41.381 15 ERROR rally_openstack.cleanup.manager
File "/usr/lib/python2.7/site-packages/neutronclient/v2_0/client.py", line 369, in list
2020-04-13 15:49:41.381 15 ERROR rally_openstack.cleanup.manager for r in self._pagination(collection, path, **params):
2020-04-13 15:49:41.381 15 ERROR rally_openstack.cleanup.manager
File "/usr/lib/python2.7/site-packages/neutronclient/v2_0/client.py", line 384, in _pagination
2020-04-13 15:49:41.381 15 ERROR rally_openstack.cleanup.manager res = self.get(path, params=params)
2020-04-13 15:49:41.381 15 ERROR rally_openstack.cleanup.manager
File "/usr/lib/python2.7/site-packages/neutronclient/v2_0/client.py", line 354, in get
2020-04-13 15:49:41.381 15 ERROR rally_openstack.cleanup.manager headers=headers, params=params)
2020-04-13 15:49:41.381 15 ERROR rally_openstack.cleanup.manager
File "/usr/lib/python2.7/site-packages/neutronclient/v2_0/client.py", line 331, in retry_request
2020-04-13 15:49:41.381 15 ERROR rally_openstack.cleanup.manager headers=headers, params=params)
2020-04-13 15:49:41.381 15 ERROR rally_openstack.cleanup.manager
File "/usr/lib/python2.7/site-packages/neutronclient/v2_0/client.py", line 294, in do_request
2020-04-13 15:49:41.381 15 ERROR rally_openstack.cleanup.manager self._handle_fault_response(status_code, replybody, resp)
2020-04-13 15:49:41.381 15 ERROR rally_openstack.cleanup.manager
File "/usr/lib/python2.7/site-packages/neutronclient/v2_0/client.py", line 269, in _handle_fault_response
2020-04-13 15:49:41.381 15 ERROR rally_openstack.cleanup.manager exception_handler_v20(status_code, error_body)
2020-04-13 15:49:41.381 15 ERROR rally_openstack.cleanup.manager
File "/usr/lib/python2.7/site-packages/neutronclient/v2_0/client.py", line 93, in exception_handler_v20
2020-04-13 15:49:41.381 15 ERROR rally_openstack.cleanup.manager request_ids=request_ids)
2020-04-13 15:49:41.381 15 ERROR rally_openstack.cleanup.manager BadRequest: Invalid input for operation: 'tenant_id' is not supported for filtering.
2020-04-13 15:49:41.381 15 ERROR rally_openstack.cleanup.manager Neutron server returns request_ids: ['req-396e81ad-be3d-4fd3-936c-131af57e2aee']
2020-04-13 15:49:41.381 15 ERROR rally_openstack.cleanup.manager
2020-04-13 15:49:41.390 15 RALLYDEBUG rally_openstack.cleanup.manager [-] Cleaning up neutron port objects
2020-04-13 15:49:41.629 15 RALLYDEBUG rally_openstack.cleanup.manager [-] Cleaning up neutron subnet objects
2020-04-13 15:49:41.878 15 RALLYDEBUG rally_openstack.cleanup.manager [-] Cleaning up neutron network objects
2020-04-13 15:49:42.348 15 RALLYDEBUG rally_openstack.cleanup.manager [-] Deleting neutron.network object s_rally_84b3ab1f_2klL3NE5 (0a2f2d25-0c21-4d1d-b7c3-2f48fb1f8330)
2020-04-13 15:49:42.350 15 RALLYDEBUG rally_openstack.cleanup.manager [-] Deleting neutron.network object s_rally_84b3ab1f_4wOhhaQZ (20a01e58-9d90-45a0-80af-b9b4b39b5c0a)
2020-04-13 15:49:42.352 15 RALLYDEBUG rally_openstack.cleanup.manager [-] Deleting neutron.network object s_rally_84b3ab1f_Si7e3lzN (0a6cda31-da54-48fc-b956-80f79329dcbb)
2020-04-13 15:49:42.356 15 RALLYDEBUG rally_openstack.cleanup.manager [-] Deleting neutron.network object s_rally_84b3ab1f_Q5jA9yaW (194fc748-42ca-440a-aafa-3aa13dbe92fc)
2020-04-13 15:49:42.362 15 RALLYDEBUG rally_openstack.cleanup.manager [-] Deleting neutron.network object s_rally_84b3ab1f_yiwXudHU (24252cd7-4466-404f-9c87-5c7787095af6)
2020-04-13 15:49:42.361 15 RALLYDEBUG rally_openstack.cleanup.manager [-] Deleting neutron.network object s_rally_84b3ab1f_PanhiXsX (083c1d69-e8bb-40a9-8f13-49df639565b4)
2020-04-13 15:49:42.398 15 RALLYDEBUG rally_openstack.cleanup.manager [-] Deleting neutron.network object s_rally_84b3ab1f_vyzxzqC7 (22e5538d-6780-417b-acfa-96465434c671)
2020-04-13 15:49:42.423 15 RALLYDEBUG rally_openstack.cleanup.manager [-] Deleting neutron.network object s_rally_84b3ab1f_yDpvab08 (4f9ebba7-869e-4061-9ee3-f8f41e2bca08)
2020-04-13 15:49:42.428 15 RALLYDEBUG rally_openstack.cleanup.manager [-] Deleting neutron.network object s_rally_84b3ab1f_NjkKqdLL (4d492bc8-fb75-4de8-b0a4-f0cfa0ceadd8)
2020-04-13 15:49:42.435 15 RALLYDEBUG rally_openstack.cleanup.manager [-] Deleting neutron.network object s_rally_84b3ab1f_1JNaHPtk (3f1167d3-79ca-483c-a552-52a8a467a4db)
2020-04-13 15:49:42.434 15 RALLYDEBUG rally_openstack.cleanup.manager [-] Deleting neutron.network object s_rally_84b3ab1f_8rcHS28T (36729778-de71-4833-a5b6-e547d1726b09)
2020-04-13 15:49:42.449 15 RALLYDEBUG rally_openstack.cleanup.manager [-] Deleting neutron.network object s_rally_84b3ab1f_mNedoQ5M (3aeb596e-101b-43e4-9aba-d15a5dc28b4a)
2020-04-13 15:49:42.445 15 RALLYDEBUG rally_openstack.cleanup.manager [-] Deleting neutron.network object s_rally_84b3ab1f_LZJ7INqA (34730330-be6e-4d53-a654-9c1428952dad)
2020-04-13 15:49:42.441 15 RALLYDEBUG rally_openstack.cleanup.manager [-] Deleting neutron.network object s_rally_84b3ab1f_GR8HaWej (4f2d119f-a6c5-4f89-8eb2-1916afd8176b)
2020-04-13 15:49:42.454 15 RALLYDEBUG rally_openstack.cleanup.manager [-] Deleting neutron.network object s_rally_84b3ab1f_LobYWa8q (0ef90ab9-b2ba-4dbf-89bf-1f4f47c1b433)
2020-04-13 15:49:42.460 15 RALLYDEBUG rally_openstack.cleanup.manager [-] Deleting neutron.network object s_rally_84b3ab1f_msFufyMU (413c359d-0a56-402f-81a7-45150a3d7b5c)
2020-04-13 15:49:42.464 15 RALLYDEBUG rally_openstack.cleanup.manager [-] Deleting neutron.network object s_rally_84b3ab1f_Gb3DICan (5581a904-bfb0-43e1-b228-bbed5b761929)
2020-04-13 15:49:42.461 15 RALLYDEBUG rally_openstack.cleanup.manager [-] Deleting neutron.network object s_rally_84b3ab1f_Ty1P6HEc (5523bd0d-b10e-4728-897e-eba1e8c2ac58)
2020-04-13 15:49:42.503 15 RALLYDEBUG rally_openstack.cleanup.manager [-] Deleting neutron.network object s_rally_84b3ab1f_aqJPCXpM (60dcfd3d-6764-4b23-8ba3-bb651b19b102)
2020-04-13 15:49:42.537 15 RALLYDEBUG rally_openstack.cleanup.manager [-] Deleting neutron.network object s_rally_84b3ab1f_CgOuqs0u (7531a65d-91e5-4230-ad38-2a3e14ae55fc)
2020-04-13 15:49:46.295 15 RALLYDEBUG rally_openstack.cleanup.manager [-] Deleting neutron.network object s_rally_84b3ab1f_bwY6tLmW (783579a9-d03f-4476-89c8-83f1d23f2c93)
2020-04-13 15:49:46.471 15 RALLYDEBUG rally_openstack.cleanup.manager [-] Deleting neutron.network object s_rally_84b3ab1f_qaBrcrYw (7a885b15-8aaa-4130-a16a-eed0c0521080)
2020-04-13 15:49:46.672 15 RALLYDEBUG rally_openstack.cleanup.manager [-] Deleting neutron.network object s_rally_84b3ab1f_bYUhjbjp (7c975cd9-3a0c-4479-a4f0-7817cff965b1)
2020-04-13 15:49:46.910 15 RALLYDEBUG rally_openstack.cleanup.manager [-] Deleting neutron.network object s_rally_84b3ab1f_C7k809SS (818f7d17-c0e0-4a51-ba10-4ae937eb1695)
2020-04-13 15:49:46.948 15 RALLYDEBUG rally_openstack.cleanup.manager [-] Deleting neutron.network object s_rally_84b3ab1f_9X2hV8FM (8355f0dd-6cd5-4f24-b559-f57d79ef0f9c)
2020-04-13 15:49:47.110 15 RALLYDEBUG rally_openstack.cleanup.manager [-] Deleting neutron.network object s_rally_84b3ab1f_wgLzLzBh (84b44822-a8fc-4a36-b62a-5e43cc1b0296)
2020-04-13 15:49:47.198 15 RALLYDEBUG rally_openstack.cleanup.manager [-] Deleting neutron.network object s_rally_84b3ab1f_uvQbBtqt (8c52a8ef-4aa7-48fb-8654-53bd1414389f)
2020-04-13 15:49:47.216 15 RALLYDEBUG rally_openstack.cleanup.manager [-] Deleting neutron.network object s_rally_84b3ab1f_8a8o1PBX (97e53ebb-1938-40d4-887d-1d5c5d8cfe50)
2020-04-13 15:49:47.276 15 RALLYDEBUG rally_openstack.cleanup.manager [-] Deleting neutron.network object s_rally_84b3ab1f_vQNN5qCv (9e6d9a80-cad2-4afd-ae00-28fe79cbaede)
2020-04-13 15:49:47.277 15 RALLYDEBUG rally_openstack.cleanup.manager [-] Deleting neutron.network object s_rally_84b3ab1f_9KKYpJ0w (9801af34-0a41-40e6-a6b3-423fe66cbe0d)
2020-04-13 15:49:47.479 15 RALLYDEBUG rally_openstack.cleanup.manager [-] Deleting neutron.network object s_rally_84b3ab1f_b4xsKIgb (af9d0f64-4b99-4940-bd07-8cf543c771e5)
2020-04-13 15:49:47.741 15 RALLYDEBUG rally_openstack.cleanup.manager [-] Deleting neutron.network object s_rally_84b3ab1f_WDU3KdTI (b2edf304-4b6f-403c-b014-d3368d92c360)
2020-04-13 15:49:47.768 15 RALLYDEBUG rally_openstack.cleanup.manager [-] Deleting neutron.network object s_rally_84b3ab1f_xvO7nG4U (c82a3862-6f6f-4948-a22a-e94d6757389c)
2020-04-13 15:49:48.103 15 RALLYDEBUG rally_openstack.cleanup.manager [-] Deleting neutron.network object s_rally_84b3ab1f_zqwR3Lzu (ce624660-3c42-4797-8b98-2d3369b0b5d3)
2020-04-13 15:49:48.127 15 RALLYDEBUG rally_openstack.cleanup.manager [-] Deleting neutron.network object s_rally_84b3ab1f_gfJYg7DB (d110a0fb-798f-4236-891f-4cf697e5b28a)
2020-04-13 15:49:48.231 15 RALLYDEBUG rally_openstack.cleanup.manager [-] Deleting neutron.network object s_rally_84b3ab1f_TvwUOb2H (dbf4a0e1-c58c-442f-8fcf-d7f4016778d3)
2020-04-13 15:49:48.272 15 RALLYDEBUG rally_openstack.cleanup.manager [-] Deleting neutron.network object s_rally_84b3ab1f_JxLbQNl7 (e2e26041-b0a3-4f43-9baa-1c5afbf7a142)
2020-04-13 15:49:48.389 15 RALLYDEBUG rally_openstack.cleanup.manager [-] Deleting neutron.network object s_rally_84b3ab1f_cQoMIqh8 (e7ba972f-3397-42e3-9613-7d91ee31d16a)
2020-04-13 15:49:48.553 15 RALLYDEBUG rally_openstack.cleanup.manager [-] Deleting neutron.network object s_rally_84b3ab1f_fCytnuxE (ed54d44e-6a11-4701-9e69-e535fd7a23e3)
2020-04-13 15:49:48.569 15 RALLYDEBUG rally_openstack.cleanup.manager [-] Deleting neutron.network object s_rally_84b3ab1f_20rQpd3Y (f15dc67e-6f87-4894-8ee6-2be7f2da71b5)
2020-04-13 15:49:51.102 15 RALLYDEBUG rally_openstack.cleanup.manager [-] Cleaning up neutron router objects
2020-04-13 15:49:51.355 15 RALLYDEBUG rally_openstack.cleanup.manager [-] Cleaning up neutron security_group objects
2020-04-13 15:49:51.626 15 INFO rally.task.context [-] Task 7421b6ec-b788-4b39-b4e5-8f6569b73c52 | Context cleanup@openstack cleanup() finished in 11.56 sec
2020-04-13 15:49:51.627 15 INFO rally.task.context [-] Task 7421b6ec-b788-4b39-b4e5-8f6569b73c52 | Context quotas@openstack cleanup() started
2020-04-13 15:49:51.666 15 INFO rally.task.context [-] Task 7421b6ec-b788-4b39-b4e5-8f6569b73c52 | Context quotas@openstack cleanup() finished in 39.14 msec
2020-04-13 15:49:51.666 15 INFO rally.task.context [-] Task 7421b6ec-b788-4b39-b4e5-8f6569b73c52 | Context users@openstack cleanup() started
