2020-04-13 15:47:59.906 6 RALLYDEBUG rally.api [-] INFO logs from urllib3 and requests module are hide.
2020-04-13 15:47:59.906 6 RALLYDEBUG rally.api [-] urllib3 insecure warnings are hidden.
2020-04-13 15:47:59.906 6 RALLYDEBUG rally.api [-] ERROR log from boto module is hide.
2020-04-13 15:48:01.196 6 ERROR rally.cli.cliutils [-] Unexpected exception in CLI: DBRecordNotFound: Record for uuid or name is opnfv-rally not found in table envs
2020-04-13 15:48:01.196 6 ERROR rally.cli.cliutils
Traceback (most recent call last):
2020-04-13 15:48:01.196 6 ERROR rally.cli.cliutils
File "/usr/lib/python2.7/site-packages/rally/cli/cliutils.py", line 674, in run
2020-04-13 15:48:01.196 6 ERROR rally.cli.cliutils ret = fn(*fn_args, **fn_kwargs)
2020-04-13 15:48:01.196 6 ERROR rally.cli.cliutils File "", line 2, in destroy
2020-04-13 15:48:01.196 6 ERROR rally.cli.cliutils
File "/usr/lib/python2.7/site-packages/rally/cli/envutils.py", line 68, in default_from_global
2020-04-13 15:48:01.196 6 ERROR rally.cli.cliutils return f(*args, **kwargs)
2020-04-13 15:48:01.196 6 ERROR rally.cli.cliutils File "", line 2, in destroy
2020-04-13 15:48:01.196 6 ERROR rally.cli.cliutils
File "/usr/lib/python2.7/site-packages/rally/plugins/__init__.py", line 51, in ensure_plugins_are_loaded
2020-04-13 15:48:01.196 6 ERROR rally.cli.cliutils return f(*args, **kwargs)
2020-04-13 15:48:01.196 6 ERROR rally.cli.cliutils
File "/usr/lib/python2.7/site-packages/rally/cli/commands/deployment.py", line 157, in destroy
2020-04-13 15:48:01.196 6 ERROR rally.cli.cliutils api.deployment.destroy(deployment=deployment)
2020-04-13 15:48:01.196 6 ERROR rally.cli.cliutils
File "/usr/lib/python2.7/site-packages/rally/api.py", line 115, in destroy
2020-04-13 15:48:01.196 6 ERROR rally.cli.cliutils deploy = objects.Deployment.get(deployment)
2020-04-13 15:48:01.196 6 ERROR rally.cli.cliutils
File "/usr/lib/python2.7/site-packages/rally/common/objects/deploy.py", line 124, in get
2020-04-13 15:48:01.196 6 ERROR rally.cli.cliutils return Deployment(env_mgr.EnvManager.get(deploy))
2020-04-13 15:48:01.196 6 ERROR rally.cli.cliutils
File "/usr/lib/python2.7/site-packages/rally/env/env_mgr.py", line 212, in get
2020-04-13 15:48:01.196 6 ERROR rally.cli.cliutils return cls(db.env_get(uuid_or_name))
2020-04-13 15:48:01.196 6 ERROR rally.cli.cliutils
File "/usr/lib/python2.7/site-packages/rally/common/db/api.py", line 135, in wrapper
2020-04-13 15:48:01.196 6 ERROR rally.cli.cliutils result = f(session, *args, **kwargs)
2020-04-13 15:48:01.196 6 ERROR rally.cli.cliutils
File "/usr/lib/python2.7/site-packages/rally/common/db/api.py", line 521, in env_get
2020-04-13 15:48:01.196 6 ERROR rally.cli.cliutils criteria="uuid or name is %s" % uuid_or_name, table="envs")
2020-04-13 15:48:01.196 6 ERROR rally.cli.cliutils DBRecordNotFound: Record for uuid or name is opnfv-rally not found in table envs
2020-04-13 15:48:01.196 6 ERROR rally.cli.cliutils
2020-04-13 15:48:01.968 8 RALLYDEBUG rally.api [-] INFO logs from urllib3 and requests module are hide.
2020-04-13 15:48:01.969 8 RALLYDEBUG rally.api [-] urllib3 insecure warnings are hidden.
2020-04-13 15:48:01.969 8 RALLYDEBUG rally.api [-] ERROR log from boto module is hide.
2020-04-13 15:48:04.206 10 RALLYDEBUG rally.api [-] INFO logs from urllib3 and requests module are hide.
2020-04-13 15:48:04.206 10 RALLYDEBUG rally.api [-] urllib3 insecure warnings are hidden.
2020-04-13 15:48:04.206 10 RALLYDEBUG rally.api [-] ERROR log from boto module is hide.
2020-04-13 15:48:06.886 13 RALLYDEBUG rally.api [-] INFO logs from urllib3 and requests module are hide.
2020-04-13 15:48:06.886 13 RALLYDEBUG rally.api [-] urllib3 insecure warnings are hidden.
2020-04-13 15:48:06.886 13 RALLYDEBUG rally.api [-] ERROR log from boto module is hide.
2020-04-13 15:48:08.218 15 RALLYDEBUG rally.api [-] INFO logs from urllib3 and requests module are hide.
2020-04-13 15:48:08.218 15 RALLYDEBUG rally.api [-] urllib3 insecure warnings are hidden.
2020-04-13 15:48:08.218 15 RALLYDEBUG rally.api [-] ERROR log from boto module is hide.
2020-04-13 15:48:09.488 15 INFO rally.common.plugin.discover [-] Loading plugins from directories /root/.rally/plugins/*
2020-04-13 15:48:09.488 15 INFO rally.common.plugin.discover [-] Loaded module with plugins: /root/.rally/plugins/__init__.py
2020-04-13 15:48:09.491 15 INFO rally.common.plugin.discover [-] Loaded module with plugins: /root/.rally/plugins/trunk_scenario.py
2020-04-13 15:48:09.680 15 INFO rally.task.engine [-] Task 7421b6ec-b788-4b39-b4e5-8f6569b73c52 | Starting: Task validation.
2020-04-13 15:48:09.692 15 INFO rally.task.engine [-] Task 7421b6ec-b788-4b39-b4e5-8f6569b73c52 | Starting: Task validation of syntax.
2020-04-13 15:48:09.854 15 INFO rally.task.engine [-] Task 7421b6ec-b788-4b39-b4e5-8f6569b73c52 | Completed: Task validation of syntax.
2020-04-13 15:48:09.854 15 INFO rally.task.engine [-] Task 7421b6ec-b788-4b39-b4e5-8f6569b73c52 | Starting: Task validation of required platforms.
2020-04-13 15:48:09.925 15 INFO rally.task.engine [-] Task 7421b6ec-b788-4b39-b4e5-8f6569b73c52 | Completed: Task validation of required platforms.
2020-04-13 15:48:09.926 15 INFO rally.task.engine [-] Task 7421b6ec-b788-4b39-b4e5-8f6569b73c52 | Starting: Task validation of semantic.
2020-04-13 15:48:09.926 15 INFO rally.task.engine [-] Check health of the environment 'a7169427-abd1-4072-8b86-81079e5a251f'.
2020-04-13 15:48:10.372 15 INFO rally.task.engine [-] Platform existing@openstack (available: True): OK!
2020-04-13 15:48:10.381 15 RALLYDEBUG rally_openstack.contexts.keystone.users [-] Creating 1 tenants using 20 threads
2020-04-13 15:48:10.668 15 RALLYDEBUG rally_openstack.contexts.keystone.users [-] Creating 1 users using 20 threads
2020-04-13 15:48:11.105 15 INFO rally.task.context [-] Task 7421b6ec-b788-4b39-b4e5-8f6569b73c52 | Context users@openstack setup() finished in 0.72 sec
2020-04-13 15:48:12.629 15 INFO rally.task.context [-] Task 7421b6ec-b788-4b39-b4e5-8f6569b73c52 | Context users@openstack cleanup() started
2020-04-13 15:48:14.171 15 INFO rally.task.context [-] Task 7421b6ec-b788-4b39-b4e5-8f6569b73c52 | Context users@openstack cleanup() finished in 1.54 sec
2020-04-13 15:48:14.171 15 INFO rally.task.engine [-] Task 7421b6ec-b788-4b39-b4e5-8f6569b73c52 | Completed: Task validation of semantic.
2020-04-13 15:48:14.172 15 INFO rally.task.engine [-] Task 7421b6ec-b788-4b39-b4e5-8f6569b73c52 | Completed: Task validation.
2020-04-13 15:48:14.172 15 INFO rally.api [-] Task 7421b6ec-b788-4b39-b4e5-8f6569b73c52 input file is valid.
2020-04-13 15:48:14.172 15 INFO rally.api [-] Run Task 7421b6ec-b788-4b39-b4e5-8f6569b73c52 against Deployment a7169427-abd1-4072-8b86-81079e5a251f
2020-04-13 15:48:14.173 15 INFO rally.task.engine [-] Task 7421b6ec-b788-4b39-b4e5-8f6569b73c52 | Starting: Running task.
2020-04-13 15:48:14.226 15 INFO rally.task.engine [-] Running workload: position = 0 config = { "version": 2, "title": "A cropped version of a bigger task.", "description": "Auto-generated task from a single workload (uuid=43be6137-d154-4200-a985-cde1485ea5da)", "subtasks": [ { "title": "NeutronNetworks.create_and_list_networks", "description": "Check performance of list_networks action and ensure > network quotas are not exceeded", "scenario": { "NeutronNetworks.create_and_list_networks": {} }, "contexts": { "users": { "tenants": 1, "users_per_tenant": 1 }, "quotas": { "neutron": { "network": 119 } } }, "runner": { "constant": { "times": 100, "concurrency": 20 } }, "hooks": [], "sla": { "max_avg_duration_per_atomic": { "neutron.list_networks": 15 }, "failure_rate": { "max": 0 } } } ] }
2020-04-13 15:48:14.243 15 RALLYDEBUG rally_openstack.contexts.keystone.users [-] Creating 1 tenants using 20 threads
2020-04-13 15:48:14.575 15 RALLYDEBUG rally_openstack.contexts.keystone.users [-] Creating 1 users using 20 threads
2020-04-13 15:48:14.995 15 INFO rally.task.context [-] Task 7421b6ec-b788-4b39-b4e5-8f6569b73c52 | Context users@openstack setup() finished in 0.75 sec
2020-04-13 15:48:15.306 15 INFO rally.task.context [-] Task 7421b6ec-b788-4b39-b4e5-8f6569b73c52 | Context quotas@openstack setup() finished in 0.31 sec
2020-04-13 15:48:15.307 15 INFO rally.task.context [-] Task 7421b6ec-b788-4b39-b4e5-8f6569b73c52 | Context cleanup@openstack setup() finished in 0.02 msec
2020-04-13 15:48:15.317 15 RALLYDEBUG rally.task.runner [-] Starting the constant runner (task UUID: 7421b6ec-b788-4b39-b4e5-8f6569b73c52). timeout: 0 concurrency: 20 concurrency_per_worker: 1 times: 100 concurrency_overhead: 0 processes_to_start: 20 max_cpu_used: 88
2020-04-13 15:48:15.331 139 RALLYDEBUG rally.task.runner [-] Starting a worker. concurrency: 1 args: {} times: 100 method_name: run timeout: 0 duration: None cls:
2020-04-13 15:48:15.333 140 RALLYDEBUG rally.task.runner [-] Starting a worker. concurrency: 1 args: {} times: 100 method_name: run timeout: 0 duration: None cls:
2020-04-13 15:48:15.336 141 RALLYDEBUG rally.task.runner [-] Starting a worker. concurrency: 1 args: {} times: 100 method_name: run timeout: 0 duration: None cls:
2020-04-13 15:48:15.337 139 INFO rally.task.runner [-] Task 7421b6ec-b788-4b39-b4e5-8f6569b73c52 | ITER: 1 START
2020-04-13 15:48:15.339 140 INFO rally.task.runner [-] Task 7421b6ec-b788-4b39-b4e5-8f6569b73c52 | ITER: 2 START
2020-04-13 15:48:15.338 142 RALLYDEBUG rally.task.runner [-] Starting a worker. concurrency: 1 args: {} times: 100 method_name: run timeout: 0 duration: None cls:
2020-04-13 15:48:15.341 141 INFO rally.task.runner [-] Task 7421b6ec-b788-4b39-b4e5-8f6569b73c52 | ITER: 3 START
2020-04-13 15:48:15.341 143 RALLYDEBUG rally.task.runner [-] Starting a worker. concurrency: 1 args: {} times: 100 method_name: run timeout: 0 duration: None cls:
2020-04-13 15:48:15.343 147 RALLYDEBUG rally.task.runner [-] Starting a worker. concurrency: 1 args: {} times: 100 method_name: run timeout: 0 duration: None cls:
2020-04-13 15:48:15.344 142 INFO rally.task.runner [-] Task 7421b6ec-b788-4b39-b4e5-8f6569b73c52 | ITER: 4 START
2020-04-13 15:48:15.346 151 RALLYDEBUG rally.task.runner [-] Starting a worker. concurrency: 1 args: {} times: 100 method_name: run timeout: 0 duration: None cls:
2020-04-13 15:48:15.347 143 INFO rally.task.runner [-] Task 7421b6ec-b788-4b39-b4e5-8f6569b73c52 | ITER: 5 START
2020-04-13 15:48:15.349 147 INFO rally.task.runner [-] Task 7421b6ec-b788-4b39-b4e5-8f6569b73c52 | ITER: 6 START
2020-04-13 15:48:15.349 154 RALLYDEBUG rally.task.runner [-] Starting a worker. concurrency: 1 args: {} times: 100 method_name: run timeout: 0 duration: None cls:
2020-04-13 15:48:15.351 151 INFO rally.task.runner [-] Task 7421b6ec-b788-4b39-b4e5-8f6569b73c52 | ITER: 7 START
2020-04-13 15:48:15.352 157 RALLYDEBUG rally.task.runner [-] Starting a worker. concurrency: 1 args: {} times: 100 method_name: run timeout: 0 duration: None cls:
2020-04-13 15:48:15.354 154 INFO rally.task.runner [-] Task 7421b6ec-b788-4b39-b4e5-8f6569b73c52 | ITER: 8 START
2020-04-13 15:48:15.354 160 RALLYDEBUG rally.task.runner [-] Starting a worker. concurrency: 1 args: {} times: 100 method_name: run timeout: 0 duration: None cls:
2020-04-13 15:48:15.357 157 INFO rally.task.runner [-] Task 7421b6ec-b788-4b39-b4e5-8f6569b73c52 | ITER: 9 START
2020-04-13 15:48:15.357 163 RALLYDEBUG rally.task.runner [-] Starting a worker. concurrency: 1 args: {} times: 100 method_name: run timeout: 0 duration: None cls:
2020-04-13 15:48:15.359 160 INFO rally.task.runner [-] Task 7421b6ec-b788-4b39-b4e5-8f6569b73c52 | ITER: 10 START
2020-04-13 15:48:15.359 166 RALLYDEBUG rally.task.runner [-] Starting a worker. concurrency: 1 args: {} times: 100 method_name: run timeout: 0 duration: None cls:
2020-04-13 15:48:15.362 163 INFO rally.task.runner [-] Task 7421b6ec-b788-4b39-b4e5-8f6569b73c52 | ITER: 11 START
2020-04-13 15:48:15.362 169 RALLYDEBUG rally.task.runner [-] Starting a worker. concurrency: 1 args: {} times: 100 method_name: run timeout: 0 duration: None cls:
2020-04-13 15:48:15.364 166 INFO rally.task.runner [-] Task 7421b6ec-b788-4b39-b4e5-8f6569b73c52 | ITER: 12 START
2020-04-13 15:48:15.365 172 RALLYDEBUG rally.task.runner [-] Starting a worker. concurrency: 1 args: {} times: 100 method_name: run timeout: 0 duration: None cls:
2020-04-13 15:48:15.366 175 RALLYDEBUG rally.task.runner [-] Starting a worker. concurrency: 1 args: {} times: 100 method_name: run timeout: 0 duration: None cls:
2020-04-13 15:48:15.367 169 INFO rally.task.runner [-] Task 7421b6ec-b788-4b39-b4e5-8f6569b73c52 | ITER: 13 START
2020-04-13 15:48:15.370 178 RALLYDEBUG rally.task.runner [-] Starting a worker. concurrency: 1 args: {} times: 100 method_name: run timeout: 0 duration: None cls:
2020-04-13 15:48:15.370 172 INFO rally.task.runner [-] Task 7421b6ec-b788-4b39-b4e5-8f6569b73c52 | ITER: 14 START
2020-04-13 15:48:15.371 175 INFO rally.task.runner [-] Task 7421b6ec-b788-4b39-b4e5-8f6569b73c52 | ITER: 15 START
2020-04-13 15:48:15.372 181 RALLYDEBUG rally.task.runner [-] Starting a worker. concurrency: 1 args: {} times: 100 method_name: run timeout: 0 duration: None cls:
2020-04-13 15:48:15.373 183 RALLYDEBUG rally.task.runner [-] Starting a worker. concurrency: 1 args: {} times: 100 method_name: run timeout: 0 duration: None cls:
2020-04-13 15:48:15.375 178 INFO rally.task.runner [-] Task 7421b6ec-b788-4b39-b4e5-8f6569b73c52 | ITER: 16 START
2020-04-13 15:48:15.377 181 INFO rally.task.runner [-] Task 7421b6ec-b788-4b39-b4e5-8f6569b73c52 | ITER: 17 START
2020-04-13 15:48:15.377 183 INFO rally.task.runner [-] Task 7421b6ec-b788-4b39-b4e5-8f6569b73c52 | ITER: 18 START
2020-04-13 15:48:15.376 187 RALLYDEBUG rally.task.runner [-] Starting a worker. concurrency: 1 args: {} times: 100 method_name: run timeout: 0 duration: None cls:
2020-04-13 15:48:15.379 190 RALLYDEBUG rally.task.runner [-] Starting a worker. concurrency: 1 args: {} times: 100 method_name: run timeout: 0 duration: None cls:
2020-04-13 15:48:15.381 187 INFO rally.task.runner [-] Task 7421b6ec-b788-4b39-b4e5-8f6569b73c52 | ITER: 19 START
2020-04-13 15:48:15.383 190 INFO rally.task.runner [-] Task 7421b6ec-b788-4b39-b4e5-8f6569b73c52 | ITER: 20 START
2020-04-13 15:48:16.583 139 INFO rally.task.runner [-] Task 7421b6ec-b788-4b39-b4e5-8f6569b73c52 | ITER: 1 END: OK
2020-04-13 15:48:16.588 139 INFO rally.task.runner [-] Task 7421b6ec-b788-4b39-b4e5-8f6569b73c52 | ITER: 21 START
2020-04-13 15:48:16.958 140 INFO rally.task.runner [-] Task 7421b6ec-b788-4b39-b4e5-8f6569b73c52 | ITER: 2 END: OK
2020-04-13 15:48:16.963 140 INFO rally.task.runner [-] Task 7421b6ec-b788-4b39-b4e5-8f6569b73c52 | ITER: 22 START
2020-04-13 15:48:17.109 141 INFO rally.task.runner [-] Task 7421b6ec-b788-4b39-b4e5-8f6569b73c52 | ITER: 3 END: OK
2020-04-13 15:48:17.114 141 INFO rally.task.runner [-] Task 7421b6ec-b788-4b39-b4e5-8f6569b73c52 | ITER: 23 START
2020-04-13 15:48:17.733 142 INFO rally.task.runner [-] Task 7421b6ec-b788-4b39-b4e5-8f6569b73c52 | ITER: 4 END: OK
2020-04-13 15:48:17.738 142 INFO rally.task.runner [-] Task 7421b6ec-b788-4b39-b4e5-8f6569b73c52 | ITER: 24 START
2020-04-13 15:48:17.907 143 INFO rally.task.runner [-] Task 7421b6ec-b788-4b39-b4e5-8f6569b73c52 | ITER: 5 END: OK
2020-04-13 15:48:17.909 147 INFO rally.task.runner [-] Task 7421b6ec-b788-4b39-b4e5-8f6569b73c52 | ITER: 6 END: OK
2020-04-13 15:48:17.912 143 INFO rally.task.runner [-] Task 7421b6ec-b788-4b39-b4e5-8f6569b73c52 | ITER: 25 START
2020-04-13 15:48:17.913 147 INFO rally.task.runner [-] Task 7421b6ec-b788-4b39-b4e5-8f6569b73c52 | ITER: 26 START
2020-04-13 15:48:18.054 154 INFO rally.task.runner [-] Task 7421b6ec-b788-4b39-b4e5-8f6569b73c52 | ITER: 8 END: OK
2020-04-13 15:48:18.058 154 INFO rally.task.runner [-] Task 7421b6ec-b788-4b39-b4e5-8f6569b73c52 | ITER: 27 START
2020-04-13 15:48:18.185 175 INFO rally.task.runner [-] Task 7421b6ec-b788-4b39-b4e5-8f6569b73c52 | ITER: 15 END: OK
2020-04-13 15:48:18.189 175 INFO rally.task.runner [-] Task 7421b6ec-b788-4b39-b4e5-8f6569b73c52 | ITER: 28 START
2020-04-13 15:48:18.252 157 INFO rally.task.runner [-] Task 7421b6ec-b788-4b39-b4e5-8f6569b73c52 | ITER: 9 END: OK
2020-04-13 15:48:18.256 157 INFO rally.task.runner [-] Task 7421b6ec-b788-4b39-b4e5-8f6569b73c52 | ITER: 29 START
2020-04-13 15:48:18.297 160 INFO rally.task.runner [-] Task 7421b6ec-b788-4b39-b4e5-8f6569b73c52 | ITER: 10 END: OK
2020-04-13 15:48:18.302 160 INFO rally.task.runner [-] Task 7421b6ec-b788-4b39-b4e5-8f6569b73c52 | ITER: 30 START
2020-04-13 15:48:18.333 151 INFO rally.task.runner [-] Task 7421b6ec-b788-4b39-b4e5-8f6569b73c52 | ITER: 7 END: OK
2020-04-13 15:48:18.337 151 INFO rally.task.runner [-] Task 7421b6ec-b788-4b39-b4e5-8f6569b73c52 | ITER: 31 START
2020-04-13 15:48:18.420 183 INFO rally.task.runner [-] Task 7421b6ec-b788-4b39-b4e5-8f6569b73c52 | ITER: 18 END: OK
2020-04-13 15:48:18.421 163 INFO rally.task.runner [-] Task 7421b6ec-b788-4b39-b4e5-8f6569b73c52 | ITER: 11 END: OK
2020-04-13 15:48:18.425 183 INFO rally.task.runner [-] Task 7421b6ec-b788-4b39-b4e5-8f6569b73c52 | ITER: 32 START
2020-04-13 15:48:18.425 163 INFO rally.task.runner [-] Task 7421b6ec-b788-4b39-b4e5-8f6569b73c52 | ITER: 33 START
2020-04-13 15:48:18.487 178 INFO rally.task.runner [-] Task 7421b6ec-b788-4b39-b4e5-8f6569b73c52 | ITER: 16 END: OK
2020-04-13 15:48:18.492 178 INFO rally.task.runner [-] Task 7421b6ec-b788-4b39-b4e5-8f6569b73c52 | ITER: 34 START
2020-04-13 15:48:18.492 169 INFO rally.task.runner [-] Task 7421b6ec-b788-4b39-b4e5-8f6569b73c52 | ITER: 13 END: OK
2020-04-13 15:48:18.497 169 INFO rally.task.runner [-] Task 7421b6ec-b788-4b39-b4e5-8f6569b73c52 | ITER: 35 START
2020-04-13 15:48:18.591 181 INFO rally.task.runner [-] Task 7421b6ec-b788-4b39-b4e5-8f6569b73c52 | ITER: 17 END: OK
2020-04-13 15:48:18.595 181 INFO rally.task.runner [-] Task 7421b6ec-b788-4b39-b4e5-8f6569b73c52 | ITER: 36 START
2020-04-13 15:48:18.676 190 INFO rally.task.runner [-] Task 7421b6ec-b788-4b39-b4e5-8f6569b73c52 | ITER: 20 END: OK
2020-04-13 15:48:18.681 190 INFO rally.task.runner [-] Task 7421b6ec-b788-4b39-b4e5-8f6569b73c52 | ITER: 37 START
2020-04-13 15:48:18.719 166 INFO rally.task.runner [-] Task 7421b6ec-b788-4b39-b4e5-8f6569b73c52 | ITER: 12 END: OK
2020-04-13 15:48:18.724 166 INFO rally.task.runner [-] Task 7421b6ec-b788-4b39-b4e5-8f6569b73c52 | ITER: 38 START
2020-04-13 15:48:18.924 139 INFO rally.task.runner [-] Task 7421b6ec-b788-4b39-b4e5-8f6569b73c52 | ITER: 21 END: OK
2020-04-13 15:48:18.927 139 INFO rally.task.runner [-] Task 7421b6ec-b788-4b39-b4e5-8f6569b73c52 | ITER: 39 START
2020-04-13 15:48:18.933 172 INFO rally.task.runner [-] Task 7421b6ec-b788-4b39-b4e5-8f6569b73c52 | ITER: 14 END: OK
2020-04-13 15:48:18.937 172 INFO rally.task.runner [-] Task 7421b6ec-b788-4b39-b4e5-8f6569b73c52 | ITER: 40 START
2020-04-13 15:48:19.019 187 INFO rally.task.runner [-] Task 7421b6ec-b788-4b39-b4e5-8f6569b73c52 | ITER: 19 END: OK
2020-04-13 15:48:19.024 187 INFO rally.task.runner [-] Task 7421b6ec-b788-4b39-b4e5-8f6569b73c52 | ITER: 41 START
2020-04-13 15:48:19.483 142 INFO rally.task.runner [-] Task 7421b6ec-b788-4b39-b4e5-8f6569b73c52 | ITER: 24 END: OK
2020-04-13 15:48:19.486 142 INFO rally.task.runner [-] Task 7421b6ec-b788-4b39-b4e5-8f6569b73c52 | ITER: 42 START
2020-04-13 15:48:19.493 143 INFO rally.task.runner [-] Task 7421b6ec-b788-4b39-b4e5-8f6569b73c52 | ITER: 25 END: OK
2020-04-13 15:48:19.496 143 INFO rally.task.runner [-] Task 7421b6ec-b788-4b39-b4e5-8f6569b73c52 | ITER: 43 START
2020-04-13 15:48:19.702 140 INFO rally.task.runner [-] Task 7421b6ec-b788-4b39-b4e5-8f6569b73c52 | ITER: 22 END: OK
2020-04-13 15:48:19.705 140 INFO rally.task.runner [-] Task 7421b6ec-b788-4b39-b4e5-8f6569b73c52 | ITER: 44 START
2020-04-13 15:48:19.866 141 INFO rally.task.runner [-] Task 7421b6ec-b788-4b39-b4e5-8f6569b73c52 | ITER: 23 END: OK
2020-04-13 15:48:19.870 141 INFO rally.task.runner [-] Task 7421b6ec-b788-4b39-b4e5-8f6569b73c52 | ITER: 45 START
2020-04-13 15:48:19.883 154 INFO rally.task.runner [-] Task 7421b6ec-b788-4b39-b4e5-8f6569b73c52 | ITER: 27 END: OK
2020-04-13 15:48:19.887 154 INFO rally.task.runner [-] Task 7421b6ec-b788-4b39-b4e5-8f6569b73c52 | ITER: 46 START
2020-04-13 15:48:20.055 147 INFO rally.task.runner [-] Task 7421b6ec-b788-4b39-b4e5-8f6569b73c52 | ITER: 26 END: OK
2020-04-13 15:48:20.059 147 INFO rally.task.runner [-] Task 7421b6ec-b788-4b39-b4e5-8f6569b73c52 | ITER: 47 START
2020-04-13 15:48:20.623 157 INFO rally.task.runner [-] Task 7421b6ec-b788-4b39-b4e5-8f6569b73c52 | ITER: 29 END: OK
2020-04-13 15:48:20.626 157 INFO rally.task.runner [-] Task 7421b6ec-b788-4b39-b4e5-8f6569b73c52 | ITER: 48 START
2020-04-13 15:48:20.679 183 INFO rally.task.runner [-] Task 7421b6ec-b788-4b39-b4e5-8f6569b73c52 | ITER: 32 END: OK
2020-04-13 15:48:20.683 183 INFO rally.task.runner [-] Task 7421b6ec-b788-4b39-b4e5-8f6569b73c52 | ITER: 49 START
2020-04-13 15:48:20.713 160 INFO rally.task.runner [-] Task 7421b6ec-b788-4b39-b4e5-8f6569b73c52 | ITER: 30 END: OK
2020-04-13 15:48:20.717 160 INFO rally.task.runner [-] Task 7421b6ec-b788-4b39-b4e5-8f6569b73c52 | ITER: 50 START
2020-04-13 15:48:20.776 163 INFO rally.task.runner [-] Task 7421b6ec-b788-4b39-b4e5-8f6569b73c52 | ITER: 33 END: OK
2020-04-13 15:48:20.779 163 INFO rally.task.runner [-] Task 7421b6ec-b788-4b39-b4e5-8f6569b73c52 | ITER: 51 START
2020-04-13 15:48:20.802 151 INFO rally.task.runner [-] Task 7421b6ec-b788-4b39-b4e5-8f6569b73c52 | ITER: 31 END: OK
2020-04-13 15:48:20.806 151 INFO rally.task.runner [-] Task 7421b6ec-b788-4b39-b4e5-8f6569b73c52 | ITER: 52 START
2020-04-13 15:48:20.842 169 INFO rally.task.runner [-] Task 7421b6ec-b788-4b39-b4e5-8f6569b73c52 | ITER: 35 END: OK
2020-04-13 15:48:20.846 169 INFO rally.task.runner [-] Task 7421b6ec-b788-4b39-b4e5-8f6569b73c52 | ITER: 53 START
2020-04-13 15:48:20.986 166 INFO rally.task.runner [-] Task 7421b6ec-b788-4b39-b4e5-8f6569b73c52 | ITER: 38 END: OK
2020-04-13 15:48:20.989 166 INFO rally.task.runner [-] Task 7421b6ec-b788-4b39-b4e5-8f6569b73c52 | ITER: 54 START
2020-04-13 15:48:21.015 175 INFO rally.task.runner [-] Task 7421b6ec-b788-4b39-b4e5-8f6569b73c52 | ITER: 28 END: OK
2020-04-13 15:48:21.019 175 INFO rally.task.runner [-] Task 7421b6ec-b788-4b39-b4e5-8f6569b73c52 | ITER: 55 START
2020-04-13 15:48:21.110 187 INFO rally.task.runner [-] Task 7421b6ec-b788-4b39-b4e5-8f6569b73c52 | ITER: 41 END: OK
2020-04-13 15:48:21.114 187 INFO rally.task.runner [-] Task 7421b6ec-b788-4b39-b4e5-8f6569b73c52 | ITER: 56 START
2020-04-13 15:48:21.182 178 INFO rally.task.runner [-] Task 7421b6ec-b788-4b39-b4e5-8f6569b73c52 | ITER: 34 END: OK
2020-04-13 15:48:21.186 178 INFO rally.task.runner [-] Task 7421b6ec-b788-4b39-b4e5-8f6569b73c52 | ITER: 57 START
2020-04-13 15:48:21.403 142 INFO rally.task.runner [-] Task 7421b6ec-b788-4b39-b4e5-8f6569b73c52 | ITER: 42 END: OK
2020-04-13 15:48:21.407 142 INFO rally.task.runner [-] Task 7421b6ec-b788-4b39-b4e5-8f6569b73c52 | ITER: 58 START
2020-04-13 15:48:21.438 190 INFO rally.task.runner [-] Task 7421b6ec-b788-4b39-b4e5-8f6569b73c52 | ITER: 37 END: OK
2020-04-13 15:48:21.442 190 INFO rally.task.runner [-] Task 7421b6ec-b788-4b39-b4e5-8f6569b73c52 | ITER: 59 START
2020-04-13 15:48:21.496 181 INFO rally.task.runner [-] Task 7421b6ec-b788-4b39-b4e5-8f6569b73c52 | ITER: 36 END: OK
2020-04-13 15:48:21.500 181 INFO rally.task.runner [-] Task 7421b6ec-b788-4b39-b4e5-8f6569b73c52 | ITER: 60 START
2020-04-13 15:48:21.501 140 INFO rally.task.runner [-] Task 7421b6ec-b788-4b39-b4e5-8f6569b73c52 | ITER: 44 END: OK
2020-04-13 15:48:21.505 140 INFO rally.task.runner [-] Task 7421b6ec-b788-4b39-b4e5-8f6569b73c52 | ITER: 61 START
2020-04-13 15:48:21.611 139 INFO rally.task.runner [-] Task 7421b6ec-b788-4b39-b4e5-8f6569b73c52 | ITER: 39 END: OK
2020-04-13 15:48:21.615 139 INFO rally.task.runner [-] Task 7421b6ec-b788-4b39-b4e5-8f6569b73c52 | ITER: 62 START
2020-04-13 15:48:21.626 172 INFO rally.task.runner [-] Task 7421b6ec-b788-4b39-b4e5-8f6569b73c52 | ITER: 40 END: OK
2020-04-13 15:48:21.629 172 INFO rally.task.runner [-] Task 7421b6ec-b788-4b39-b4e5-8f6569b73c52 | ITER: 63 START
2020-04-13 15:48:22.029 147 INFO rally.task.runner [-] Task 7421b6ec-b788-4b39-b4e5-8f6569b73c52 | ITER: 47 END: OK
2020-04-13 15:48:22.033 147 INFO rally.task.runner [-] Task 7421b6ec-b788-4b39-b4e5-8f6569b73c52 | ITER: 64 START
2020-04-13 15:48:22.074 141 INFO rally.task.runner [-] Task 7421b6ec-b788-4b39-b4e5-8f6569b73c52 | ITER: 45 END: OK
2020-04-13 15:48:22.078 141 INFO rally.task.runner [-] Task 7421b6ec-b788-4b39-b4e5-8f6569b73c52 | ITER: 65 START
2020-04-13 15:48:22.094 154 INFO rally.task.runner [-] Task 7421b6ec-b788-4b39-b4e5-8f6569b73c52 | ITER: 46 END: OK
2020-04-13 15:48:22.098 154 INFO rally.task.runner [-] Task 7421b6ec-b788-4b39-b4e5-8f6569b73c52 | ITER: 66 START
2020-04-13 15:48:22.424 157 INFO rally.task.runner [-] Task 7421b6ec-b788-4b39-b4e5-8f6569b73c52 | ITER: 48 END: OK
2020-04-13 15:48:22.428 157 INFO rally.task.runner [-] Task 7421b6ec-b788-4b39-b4e5-8f6569b73c52 | ITER: 67 START
2020-04-13 15:48:22.530 143 INFO rally.task.runner [-] Task 7421b6ec-b788-4b39-b4e5-8f6569b73c52 | ITER: 43 END: OK
2020-04-13 15:48:22.533 143 INFO rally.task.runner [-] Task 7421b6ec-b788-4b39-b4e5-8f6569b73c52 | ITER: 68 START
2020-04-13 15:48:22.652 151 INFO rally.task.runner [-] Task 7421b6ec-b788-4b39-b4e5-8f6569b73c52 | ITER: 52 END: OK
2020-04-13 15:48:22.656 151 INFO rally.task.runner [-] Task 7421b6ec-b788-4b39-b4e5-8f6569b73c52 | ITER: 69 START
2020-04-13 15:48:22.970 183 INFO rally.task.runner [-] Task 7421b6ec-b788-4b39-b4e5-8f6569b73c52 | ITER: 49 END: OK
2020-04-13 15:48:22.973 183 INFO rally.task.runner [-] Task 7421b6ec-b788-4b39-b4e5-8f6569b73c52 | ITER: 70 START
2020-04-13 15:48:23.066 166 INFO rally.task.runner [-] Task 7421b6ec-b788-4b39-b4e5-8f6569b73c52 | ITER: 54 END: OK
2020-04-13 15:48:23.070 166 INFO rally.task.runner [-] Task 7421b6ec-b788-4b39-b4e5-8f6569b73c52 | ITER: 71 START
2020-04-13 15:48:23.139 169 INFO rally.task.runner [-] Task 7421b6ec-b788-4b39-b4e5-8f6569b73c52 | ITER: 53 END: OK
2020-04-13 15:48:23.142 169 INFO rally.task.runner [-] Task 7421b6ec-b788-4b39-b4e5-8f6569b73c52 | ITER: 72 START
2020-04-13 15:48:23.175 160 INFO rally.task.runner [-] Task 7421b6ec-b788-4b39-b4e5-8f6569b73c52 | ITER: 50 END: OK
2020-04-13 15:48:23.178 160 INFO rally.task.runner [-] Task 7421b6ec-b788-4b39-b4e5-8f6569b73c52 | ITER: 73 START
2020-04-13 15:48:23.214 187 INFO rally.task.runner [-] Task 7421b6ec-b788-4b39-b4e5-8f6569b73c52 | ITER: 56 END: OK
2020-04-13 15:48:23.218 187 INFO rally.task.runner [-] Task 7421b6ec-b788-4b39-b4e5-8f6569b73c52 | ITER: 74 START
2020-04-13 15:48:23.297 163 INFO rally.task.runner [-] Task 7421b6ec-b788-4b39-b4e5-8f6569b73c52 | ITER: 51 END: OK
2020-04-13 15:48:23.301 163 INFO rally.task.runner [-] Task 7421b6ec-b788-4b39-b4e5-8f6569b73c52 | ITER: 75 START
2020-04-13 15:48:23.505 175 INFO rally.task.runner [-] Task 7421b6ec-b788-4b39-b4e5-8f6569b73c52 | ITER: 55 END: OK
2020-04-13 15:48:23.508 178 INFO rally.task.runner [-] Task 7421b6ec-b788-4b39-b4e5-8f6569b73c52 | ITER: 57 END: OK
2020-04-13 15:48:23.508 175 INFO rally.task.runner [-] Task 7421b6ec-b788-4b39-b4e5-8f6569b73c52 | ITER: 76 START
2020-04-13 15:48:23.512 178 INFO rally.task.runner [-] Task 7421b6ec-b788-4b39-b4e5-8f6569b73c52 | ITER: 77 START
2020-04-13 15:48:23.609 190 INFO rally.task.runner [-] Task 7421b6ec-b788-4b39-b4e5-8f6569b73c52 | ITER: 59 END: OK
2020-04-13 15:48:23.613 190 INFO rally.task.runner [-] Task 7421b6ec-b788-4b39-b4e5-8f6569b73c52 | ITER: 78 START
2020-04-13 15:48:23.736 142 INFO rally.task.runner [-] Task 7421b6ec-b788-4b39-b4e5-8f6569b73c52 | ITER: 58 END: OK
2020-04-13 15:48:23.740 142 INFO rally.task.runner [-] Task 7421b6ec-b788-4b39-b4e5-8f6569b73c52 | ITER: 79 START
2020-04-13 15:48:23.805 181 INFO rally.task.runner [-] Task 7421b6ec-b788-4b39-b4e5-8f6569b73c52 | ITER: 60 END: OK
2020-04-13 15:48:23.808 181 INFO rally.task.runner [-] Task 7421b6ec-b788-4b39-b4e5-8f6569b73c52 | ITER: 80 START
2020-04-13 15:48:23.870 140 INFO rally.task.runner [-] Task 7421b6ec-b788-4b39-b4e5-8f6569b73c52 | ITER: 61 END: OK
2020-04-13 15:48:23.873 140 INFO rally.task.runner [-] Task 7421b6ec-b788-4b39-b4e5-8f6569b73c52 | ITER: 81 START
2020-04-13 15:48:23.983 172 INFO rally.task.runner [-] Task 7421b6ec-b788-4b39-b4e5-8f6569b73c52 | ITER: 63 END: OK
2020-04-13 15:48:23.986 172 INFO rally.task.runner [-] Task 7421b6ec-b788-4b39-b4e5-8f6569b73c52 | ITER: 82 START
2020-04-13 15:48:24.134 139 INFO rally.task.runner [-] Task 7421b6ec-b788-4b39-b4e5-8f6569b73c52 | ITER: 62 END: OK
2020-04-13 15:48:24.137 139 INFO rally.task.runner [-] Task 7421b6ec-b788-4b39-b4e5-8f6569b73c52 | ITER: 83 START
2020-04-13 15:48:24.567 151 INFO rally.task.runner [-] Task 7421b6ec-b788-4b39-b4e5-8f6569b73c52 | ITER: 69 END: OK
2020-04-13 15:48:24.571 151 INFO rally.task.runner [-] Task 7421b6ec-b788-4b39-b4e5-8f6569b73c52 | ITER: 84 START
2020-04-13 15:48:24.815 147 INFO rally.task.runner [-] Task 7421b6ec-b788-4b39-b4e5-8f6569b73c52 | ITER: 64 END: OK
2020-04-13 15:48:24.819 147 INFO rally.task.runner [-] Task 7421b6ec-b788-4b39-b4e5-8f6569b73c52 | ITER: 85 START
2020-04-13 15:48:24.979 154 INFO rally.task.runner [-] Task 7421b6ec-b788-4b39-b4e5-8f6569b73c52 | ITER: 66 END: OK
2020-04-13 15:48:24.983 154 INFO rally.task.runner [-] Task 7421b6ec-b788-4b39-b4e5-8f6569b73c52 | ITER: 86 START
2020-04-13 15:48:24.990 141 INFO rally.task.runner [-] Task 7421b6ec-b788-4b39-b4e5-8f6569b73c52 | ITER: 65 END: OK
2020-04-13 15:48:24.994 141 INFO rally.task.runner [-] Task 7421b6ec-b788-4b39-b4e5-8f6569b73c52 | ITER: 87 START
2020-04-13 15:48:25.271 143 INFO rally.task.runner [-] Task 7421b6ec-b788-4b39-b4e5-8f6569b73c52 | ITER: 68 END: OK
2020-04-13 15:48:25.275 143 INFO rally.task.runner [-] Task 7421b6ec-b788-4b39-b4e5-8f6569b73c52 | ITER: 88 START
2020-04-13 15:48:25.293 160 INFO rally.task.runner [-] Task 7421b6ec-b788-4b39-b4e5-8f6569b73c52 | ITER: 73 END: OK
2020-04-13 15:48:25.297 160 INFO rally.task.runner [-] Task 7421b6ec-b788-4b39-b4e5-8f6569b73c52 | ITER: 89 START
2020-04-13 15:48:25.436 166 INFO rally.task.runner [-] Task 7421b6ec-b788-4b39-b4e5-8f6569b73c52 | ITER: 71 END: OK
2020-04-13 15:48:25.440 166 INFO rally.task.runner [-] Task 7421b6ec-b788-4b39-b4e5-8f6569b73c52 | ITER: 90 START
2020-04-13 15:48:25.502 157 INFO rally.task.runner [-] Task 7421b6ec-b788-4b39-b4e5-8f6569b73c52 | ITER: 67 END: OK
2020-04-13 15:48:25.506 157 INFO rally.task.runner [-] Task 7421b6ec-b788-4b39-b4e5-8f6569b73c52 | ITER: 91 START
2020-04-13 15:48:25.645 175 INFO rally.task.runner [-] Task 7421b6ec-b788-4b39-b4e5-8f6569b73c52 | ITER: 76 END: OK
2020-04-13 15:48:25.649 175 INFO rally.task.runner [-] Task 7421b6ec-b788-4b39-b4e5-8f6569b73c52 | ITER: 92 START
2020-04-13 15:48:25.922 169 INFO rally.task.runner [-] Task 7421b6ec-b788-4b39-b4e5-8f6569b73c52 | ITER: 72 END: OK
2020-04-13 15:48:25.925 169 INFO rally.task.runner [-] Task 7421b6ec-b788-4b39-b4e5-8f6569b73c52 | ITER: 93 START
2020-04-13 15:48:26.234 172 INFO rally.task.runner [-] Task 7421b6ec-b788-4b39-b4e5-8f6569b73c52 | ITER: 82 END: OK
2020-04-13 15:48:26.235 163 INFO rally.task.runner [-] Task 7421b6ec-b788-4b39-b4e5-8f6569b73c52 | ITER: 75 END: OK
2020-04-13 15:48:26.237 172 INFO rally.task.runner [-] Task 7421b6ec-b788-4b39-b4e5-8f6569b73c52 | ITER: 94 START
2020-04-13 15:48:26.238 163 INFO rally.task.runner [-] Task 7421b6ec-b788-4b39-b4e5-8f6569b73c52 | ITER: 95 START
2020-04-13 15:48:26.277 178 INFO rally.task.runner [-] Task 7421b6ec-b788-4b39-b4e5-8f6569b73c52 | ITER: 77 END: OK
2020-04-13 15:48:26.280 178 INFO rally.task.runner [-] Task 7421b6ec-b788-4b39-b4e5-8f6569b73c52 | ITER: 96 START
2020-04-13 15:48:26.459 181 INFO rally.task.runner [-] Task 7421b6ec-b788-4b39-b4e5-8f6569b73c52 | ITER: 80 END: OK
2020-04-13 15:48:26.462 181 INFO rally.task.runner [-] Task 7421b6ec-b788-4b39-b4e5-8f6569b73c52 | ITER: 97 START
2020-04-13 15:48:26.607 139 INFO rally.task.runner [-] Task 7421b6ec-b788-4b39-b4e5-8f6569b73c52 | ITER: 83 END: OK
2020-04-13 15:48:26.610 139 INFO rally.task.runner [-] Task 7421b6ec-b788-4b39-b4e5-8f6569b73c52 | ITER: 98 START
2020-04-13 15:48:26.654 142 INFO rally.task.runner [-] Task 7421b6ec-b788-4b39-b4e5-8f6569b73c52 | ITER: 79 END: OK
2020-04-13 15:48:26.657 142 INFO rally.task.runner [-] Task 7421b6ec-b788-4b39-b4e5-8f6569b73c52 | ITER: 99 START
2020-04-13 15:48:26.682 183 INFO rally.task.runner [-] Task 7421b6ec-b788-4b39-b4e5-8f6569b73c52 | ITER: 70 END: OK
2020-04-13 15:48:26.686 183 INFO rally.task.runner [-] Task 7421b6ec-b788-4b39-b4e5-8f6569b73c52 | ITER: 100 START
2020-04-13 15:48:26.816 190 INFO rally.task.runner [-] Task 7421b6ec-b788-4b39-b4e5-8f6569b73c52 | ITER: 78 END: OK
2020-04-13 15:48:26.895 140 INFO rally.task.runner [-] Task 7421b6ec-b788-4b39-b4e5-8f6569b73c52 | ITER: 81 END: OK
2020-04-13 15:48:26.991 141 INFO rally.task.runner [-] Task 7421b6ec-b788-4b39-b4e5-8f6569b73c52 | ITER: 87 END: OK
2020-04-13 15:48:27.061 187 INFO rally.task.runner [-] Task 7421b6ec-b788-4b39-b4e5-8f6569b73c52 | ITER: 74 END: OK
2020-04-13 15:48:27.392 147 INFO rally.task.runner [-] Task 7421b6ec-b788-4b39-b4e5-8f6569b73c52 | ITER: 85 END: OK
2020-04-13 15:48:27.548 151 INFO rally.task.runner [-] Task 7421b6ec-b788-4b39-b4e5-8f6569b73c52 | ITER: 84 END: OK
2020-04-13 15:48:27.884 175 INFO rally.task.runner [-] Task 7421b6ec-b788-4b39-b4e5-8f6569b73c52 | ITER: 92 END: OK
2020-04-13 15:48:28.116 143 INFO rally.task.runner [-] Task 7421b6ec-b788-4b39-b4e5-8f6569b73c52 | ITER: 88 END: OK
2020-04-13 15:48:28.330 154 INFO rally.task.runner [-] Task 7421b6ec-b788-4b39-b4e5-8f6569b73c52 | ITER: 86 END: OK
2020-04-13 15:48:28.555 157 INFO rally.task.runner [-] Task 7421b6ec-b788-4b39-b4e5-8f6569b73c52 | ITER: 91 END: OK
2020-04-13 15:48:28.620 178 INFO rally.task.runner [-] Task 7421b6ec-b788-4b39-b4e5-8f6569b73c52 | ITER: 96 END: OK
2020-04-13 15:48:28.820 160 INFO rally.task.runner [-] Task 7421b6ec-b788-4b39-b4e5-8f6569b73c52 | ITER: 89 END: OK
2020-04-13 15:48:28.828 166 INFO rally.task.runner [-] Task 7421b6ec-b788-4b39-b4e5-8f6569b73c52 | ITER: 90 END: OK
2020-04-13 15:48:29.170 183 INFO rally.task.runner [-] Task 7421b6ec-b788-4b39-b4e5-8f6569b73c52 | ITER: 100 END: OK
2020-04-13 15:48:29.174 142 INFO rally.task.runner [-] Task 7421b6ec-b788-4b39-b4e5-8f6569b73c52 | ITER: 99 END: OK
2020-04-13 15:48:29.216 163 INFO rally.task.runner [-] Task 7421b6ec-b788-4b39-b4e5-8f6569b73c52 | ITER: 95 END: OK
2020-04-13 15:48:29.224 169 INFO rally.task.runner [-] Task 7421b6ec-b788-4b39-b4e5-8f6569b73c52 | ITER: 93 END: OK
2020-04-13 15:48:29.235 139 INFO rally.task.runner [-] Task 7421b6ec-b788-4b39-b4e5-8f6569b73c52 | ITER: 98 END: OK
2020-04-13 15:48:29.315 172 INFO rally.task.runner [-] Task 7421b6ec-b788-4b39-b4e5-8f6569b73c52 | ITER: 94 END: OK
2020-04-13 15:48:29.638 181 INFO rally.task.runner [-] Task 7421b6ec-b788-4b39-b4e5-8f6569b73c52 | ITER: 97 END: OK
2020-04-13 15:48:29.660 15 INFO rally.task.context [-] Task 7421b6ec-b788-4b39-b4e5-8f6569b73c52 | Context cleanup@openstack cleanup() started
2020-04-13 15:48:29.664 15 RALLYDEBUG rally_openstack.cleanup.manager [-] Cleaning up neutron vip objects
2020-04-13 15:48:29.858 15 RALLYDEBUG rally_openstack.cleanup.manager [-] Cleaning up neutron health_monitor objects
2020-04-13 15:48:30.065 15 RALLYDEBUG rally_openstack.cleanup.manager [-] Cleaning up neutron pool objects
2020-04-13 15:48:30.251 15 RALLYDEBUG rally_openstack.cleanup.manager [-] Cleaning up neutron loadbalancer objects
2020-04-13 15:48:30.443 15 RALLYDEBUG rally_openstack.cleanup.manager [-] Cleaning up neutron floatingip objects
2020-04-13 15:48:30.651 15 RALLYDEBUG rally_openstack.cleanup.manager [-] Cleaning up neutron trunk objects
2020-04-13 15:48:30.843 15 DEBUG neutronclient.v2_0.client [-] Error message: {"NeutronError": {"message": "Invalid input for operation: 'tenant_id' is not supported for filtering.", "type": "InvalidInput", "detail": ""}} _handle_fault_response /usr/lib/python2.7/site-packages/neutronclient/v2_0/client.py:259
2020-04-13 15:48:30.880 15 DEBUG neutronclient.v2_0.client [-] Error message: {"NeutronError": {"message": "Invalid input for operation: 'tenant_id' is not supported for filtering.", "type": "InvalidInput", "detail": ""}} _handle_fault_response /usr/lib/python2.7/site-packages/neutronclient/v2_0/client.py:259
2020-04-13 15:48:30.916 15 DEBUG neutronclient.v2_0.client [-] Error message: {"NeutronError": {"message": "Invalid input for operation: 'tenant_id' is not supported for filtering.", "type": "InvalidInput", "detail": ""}} _handle_fault_response /usr/lib/python2.7/site-packages/neutronclient/v2_0/client.py:259
2020-04-13 15:48:30.917 15 ERROR rally_openstack.cleanup.manager [-] Seems like rally_openstack.cleanup.resources.NeutronTrunk.list(self) method is broken. It shouldn't raise any exceptions.: BadRequest: Invalid input for operation: 'tenant_id' is not supported for filtering. Neutron server returns request_ids: ['req-4eb79108-b74f-4d68-b711-033abb0b7ed0']
2020-04-13 15:48:30.917 15 ERROR rally_openstack.cleanup.manager
Traceback (most recent call last):
2020-04-13 15:48:30.917 15 ERROR rally_openstack.cleanup.manager
File "/usr/lib/python2.7/site-packages/rally_openstack/cleanup/manager.py", line 133, in _publish
2020-04-13 15:48:30.917 15 ERROR rally_openstack.cleanup.manager for raw_resource in rutils.retry(3, manager.list):
2020-04-13 15:48:30.917 15 ERROR rally_openstack.cleanup.manager
File "/usr/lib/python2.7/site-packages/rally/common/utils.py", line 230, in retry
2020-04-13 15:48:30.917 15 ERROR rally_openstack.cleanup.manager return func(*args, **kwargs)
2020-04-13 15:48:30.917 15 ERROR rally_openstack.cleanup.manager
File "/usr/lib/python2.7/site-packages/rally_openstack/cleanup/resources.py", line 396, in list
2020-04-13 15:48:30.917 15 ERROR rally_openstack.cleanup.manager return super(NeutronTrunk, self).list()
2020-04-13 15:48:30.917 15 ERROR rally_openstack.cleanup.manager
File "/usr/lib/python2.7/site-packages/rally_openstack/cleanup/resources.py", line 273, in list
2020-04-13 15:48:30.917 15 ERROR rally_openstack.cleanup.manager result = list_method(tenant_id=self.tenant_uuid)[resources]
2020-04-13 15:48:30.917 15 ERROR rally_openstack.cleanup.manager
File "/usr/lib/python2.7/site-packages/neutronclient/v2_0/client.py", line 2105, in list_trunks
2020-04-13 15:48:30.917 15 ERROR rally_openstack.cleanup.manager **_params)
2020-04-13 15:48:30.917 15 ERROR rally_openstack.cleanup.manager
File "/usr/lib/python2.7/site-packages/neutronclient/v2_0/client.py", line 369, in list
2020-04-13 15:48:30.917 15 ERROR rally_openstack.cleanup.manager for r in self._pagination(collection, path, **params):
2020-04-13 15:48:30.917 15 ERROR rally_openstack.cleanup.manager
File "/usr/lib/python2.7/site-packages/neutronclient/v2_0/client.py", line 384, in _pagination
2020-04-13 15:48:30.917 15 ERROR rally_openstack.cleanup.manager res = self.get(path, params=params)
2020-04-13 15:48:30.917 15 ERROR rally_openstack.cleanup.manager
File "/usr/lib/python2.7/site-packages/neutronclient/v2_0/client.py", line 354, in get
2020-04-13 15:48:30.917 15 ERROR rally_openstack.cleanup.manager headers=headers, params=params)
2020-04-13 15:48:30.917 15 ERROR rally_openstack.cleanup.manager
File "/usr/lib/python2.7/site-packages/neutronclient/v2_0/client.py", line 331, in retry_request
2020-04-13 15:48:30.917 15 ERROR rally_openstack.cleanup.manager headers=headers, params=params)
2020-04-13 15:48:30.917 15 ERROR rally_openstack.cleanup.manager
File "/usr/lib/python2.7/site-packages/neutronclient/v2_0/client.py", line 294, in do_request
2020-04-13 15:48:30.917 15 ERROR rally_openstack.cleanup.manager self._handle_fault_response(status_code, replybody, resp)
2020-04-13 15:48:30.917 15 ERROR rally_openstack.cleanup.manager
File "/usr/lib/python2.7/site-packages/neutronclient/v2_0/client.py", line 269, in _handle_fault_response
2020-04-13 15:48:30.917 15 ERROR rally_openstack.cleanup.manager exception_handler_v20(status_code, error_body)
2020-04-13 15:48:30.917 15 ERROR rally_openstack.cleanup.manager
File "/usr/lib/python2.7/site-packages/neutronclient/v2_0/client.py", line 93, in exception_handler_v20
2020-04-13 15:48:30.917 15 ERROR rally_openstack.cleanup.manager request_ids=request_ids)
2020-04-13 15:48:30.917 15 ERROR rally_openstack.cleanup.manager BadRequest: Invalid input for operation: 'tenant_id' is not supported for filtering.
2020-04-13 15:48:30.917 15 ERROR rally_openstack.cleanup.manager Neutron server returns request_ids: ['req-4eb79108-b74f-4d68-b711-033abb0b7ed0']
2020-04-13 15:48:30.917 15 ERROR rally_openstack.cleanup.manager
2020-04-13 15:48:30.929 15 RALLYDEBUG rally_openstack.cleanup.manager [-] Cleaning up neutron port objects
2020-04-13 15:48:31.159 15 RALLYDEBUG rally_openstack.cleanup.manager [-] Cleaning up neutron subnet objects
2020-04-13 15:48:31.388 15 RALLYDEBUG rally_openstack.cleanup.manager [-] Cleaning up neutron network objects
2020-04-13 15:48:32.092 15 RALLYDEBUG rally_openstack.cleanup.manager [-] Deleting neutron.network object s_rally_43be6137_ijfcSTE2 (02b7386e-9034-4dcf-87ed-820141972885)
2020-04-13 15:48:32.093 15 RALLYDEBUG rally_openstack.cleanup.manager [-] Deleting neutron.network object s_rally_43be6137_sbQH3QV7 (073cfd19-f547-4252-aba8-2071bdb127b8)
2020-04-13 15:48:32.096 15 RALLYDEBUG rally_openstack.cleanup.manager [-] Deleting neutron.network object s_rally_43be6137_9bcBsqcV (00740a2b-337f-404f-baba-60f5d5354dbf)
2020-04-13 15:48:32.097 15 RALLYDEBUG rally_openstack.cleanup.manager [-] Deleting neutron.network object s_rally_43be6137_KOUBvKDg (01d2d1c7-8af3-4c14-b39a-ad42a44c5d2d)
2020-04-13 15:48:32.107 15 RALLYDEBUG rally_openstack.cleanup.manager [-] Deleting neutron.network object s_rally_43be6137_S517yagi (07c4f097-8086-41d5-a267-c24a89deae2f)
2020-04-13 15:48:32.114 15 RALLYDEBUG rally_openstack.cleanup.manager [-] Deleting neutron.network object s_rally_43be6137_L6gLCn7v (00e9396a-4923-4238-9617-e2ecf627c8ae)
2020-04-13 15:48:32.117 15 RALLYDEBUG rally_openstack.cleanup.manager [-] Deleting neutron.network object s_rally_43be6137_IAUIjkbR (06d2846a-1825-475f-9a50-d2850d585682)
2020-04-13 15:48:32.137 15 RALLYDEBUG rally_openstack.cleanup.manager [-] Deleting neutron.network object s_rally_43be6137_KU3lou6v (09ab7303-7a13-4ed2-9426-cee3f1caf953)
2020-04-13 15:48:32.161 15 RALLYDEBUG rally_openstack.cleanup.manager [-] Deleting neutron.network object s_rally_43be6137_baYKAs2k (10fef70e-8fa4-44ae-93d4-221b68b10268)
2020-04-13 15:48:32.162 15 RALLYDEBUG rally_openstack.cleanup.manager [-] Deleting neutron.network object s_rally_43be6137_vbfWKF74 (17785b0c-d8bd-4b7d-a474-3a81043b4faa)
2020-04-13 15:48:32.163 15 RALLYDEBUG rally_openstack.cleanup.manager [-] Deleting neutron.network object s_rally_43be6137_vPYanqvl (10f26a05-65c3-4344-93ac-1aba6162043b)
2020-04-13 15:48:32.174 15 RALLYDEBUG rally_openstack.cleanup.manager [-] Deleting neutron.network object s_rally_43be6137_yWmwNxPv (0c2e8695-bf0e-4c71-8626-0f895d0786f7)
2020-04-13 15:48:32.193 15 RALLYDEBUG rally_openstack.cleanup.manager [-] Deleting neutron.network object s_rally_43be6137_AnzwK4gT (1952d598-7b4f-45f2-8c2a-bff9cd7ce20b)
2020-04-13 15:48:32.198 15 RALLYDEBUG rally_openstack.cleanup.manager [-] Deleting neutron.network object s_rally_43be6137_zTv3lfki (15fb924a-ac01-4b2f-b3e8-c1228cb04261)
2020-04-13 15:48:32.205 15 RALLYDEBUG rally_openstack.cleanup.manager [-] Deleting neutron.network object s_rally_43be6137_P86T2vtH (1f0b8eee-2134-4637-b8df-f25a9b673421)
2020-04-13 15:48:32.215 15 RALLYDEBUG rally_openstack.cleanup.manager [-] Deleting neutron.network object s_rally_43be6137_zqXOaJxS (2ac8804f-eb7d-4436-9f2c-a3db943df388)
2020-04-13 15:48:32.220 15 RALLYDEBUG rally_openstack.cleanup.manager [-] Deleting neutron.network object s_rally_43be6137_gfBrSoNw (2af5d1dc-0e12-45f5-914d-9a0f9317380c)
2020-04-13 15:48:32.233 15 RALLYDEBUG rally_openstack.cleanup.manager [-] Deleting neutron.network object s_rally_43be6137_8uM45lSq (2b0bc612-ceaa-49f1-a64e-624bcd34490f)
2020-04-13 15:48:32.252 15 RALLYDEBUG rally_openstack.cleanup.manager [-] Deleting neutron.network object s_rally_43be6137_G7p0eup4 (2c3ebfbd-4e22-4d83-a281-70c85ae2bc73)
2020-04-13 15:48:32.281 15 RALLYDEBUG rally_openstack.cleanup.manager [-] Deleting neutron.network object s_rally_43be6137_vuZdikc2 (30df82ed-5655-4824-b6f3-7d7773451d1b)
2020-04-13 15:48:34.724 15 RALLYDEBUG rally_openstack.cleanup.manager [-] Deleting neutron.network object s_rally_43be6137_kYwNjZYc (3df0e509-4b12-4c05-9116-edf3554b3d86)
2020-04-13 15:48:34.753 15 RALLYDEBUG rally_openstack.cleanup.manager [-] Deleting neutron.network object s_rally_43be6137_fyAf1L2k (47082336-5bee-4eaf-af86-ffa03532fdd7)
2020-04-13 15:48:44.050 15 RALLYDEBUG rally_openstack.cleanup.manager [-] Deleting neutron.network object s_rally_43be6137_jn52znWt (50eea3cf-4f3b-41c8-b490-4293a1bce27e)
2020-04-13 15:49:00.721 15 DEBUG neutronclient.v2_0.client [-] Error message: {"message": "The server is currently unavailable. Please try again at a later time.

\n\n\n", "code": "503 Service Unavailable", "title": "Service Unavailable"} _handle_fault_response /usr/lib/python2.7/site-packages/neutronclient/v2_0/client.py:259
2020-04-13 15:49:00.752 15 DEBUG neutronclient.v2_0.client [-] Error message: {"message": "The server is currently unavailable. Please try again at a later time.

\n\n\n", "code": "503 Service Unavailable", "title": "Service Unavailable"} _handle_fault_response /usr/lib/python2.7/site-packages/neutronclient/v2_0/client.py:259
2020-04-13 15:49:00.770 15 DEBUG neutronclient.v2_0.client [-] Error message: {"message": "The server is currently unavailable. Please try again at a later time.

\n\n\n", "code": "503 Service Unavailable", "title": "Service Unavailable"} _handle_fault_response /usr/lib/python2.7/site-packages/neutronclient/v2_0/client.py:259
2020-04-13 15:49:00.771 15 ERROR rally_openstack.cleanup.manager [-] Resource deletion failed, max retries exceeded for neutron.network: 1952d598-7b4f-45f2-8c2a-bff9cd7ce20b.: ServiceUnavailable: The server is currently unavailable. Please try again at a later time.

Neutron server returns request_ids: ['req-2263a78b-8e51-4f69-9806-26149c5920ed']
2020-04-13 15:49:00.771 15 ERROR rally_openstack.cleanup.manager
Traceback (most recent call last):
2020-04-13 15:49:00.771 15 ERROR rally_openstack.cleanup.manager
File "/usr/lib/python2.7/site-packages/rally_openstack/cleanup/manager.py", line 85, in _delete_single_resource
2020-04-13 15:49:00.771 15 ERROR rally_openstack.cleanup.manager rutils.retry(resource._max_attempts, resource.delete)
2020-04-13 15:49:00.771 15 ERROR rally_openstack.cleanup.manager
File "/usr/lib/python2.7/site-packages/rally/common/utils.py", line 230, in retry
2020-04-13 15:49:00.771 15 ERROR rally_openstack.cleanup.manager return func(*args, **kwargs)
2020-04-13 15:49:00.771 15 ERROR rally_openstack.cleanup.manager
File "/usr/lib/python2.7/site-packages/rally_openstack/cleanup/resources.py", line 265, in delete
2020-04-13 15:49:00.771 15 ERROR rally_openstack.cleanup.manager delete_method(self.id())
2020-04-13 15:49:00.771 15 ERROR rally_openstack.cleanup.manager
File "/usr/lib/python2.7/site-packages/neutronclient/v2_0/client.py", line 826, in delete_network
2020-04-13 15:49:00.771 15 ERROR rally_openstack.cleanup.manager return self.delete(self.network_path % (network))
2020-04-13 15:49:00.771 15 ERROR rally_openstack.cleanup.manager
File "/usr/lib/python2.7/site-packages/neutronclient/v2_0/client.py", line 350, in delete
2020-04-13 15:49:00.771 15 ERROR rally_openstack.cleanup.manager headers=headers, params=params)
2020-04-13 15:49:00.771 15 ERROR rally_openstack.cleanup.manager
File "/usr/lib/python2.7/site-packages/neutronclient/v2_0/client.py", line 331, in retry_request
2020-04-13 15:49:00.771 15 ERROR rally_openstack.cleanup.manager headers=headers, params=params)
2020-04-13 15:49:00.771 15 ERROR rally_openstack.cleanup.manager
File "/usr/lib/python2.7/site-packages/neutronclient/v2_0/client.py", line 294, in do_request
2020-04-13 15:49:00.771 15 ERROR rally_openstack.cleanup.manager self._handle_fault_response(status_code, replybody, resp)
2020-04-13 15:49:00.771 15 ERROR rally_openstack.cleanup.manager
File "/usr/lib/python2.7/site-packages/neutronclient/v2_0/client.py", line 269, in _handle_fault_response
2020-04-13 15:49:00.771 15 ERROR rally_openstack.cleanup.manager exception_handler_v20(status_code, error_body)
2020-04-13 15:49:00.771 15 ERROR rally_openstack.cleanup.manager
File "/usr/lib/python2.7/site-packages/neutronclient/v2_0/client.py", line 93, in exception_handler_v20
2020-04-13 15:49:00.771 15 ERROR rally_openstack.cleanup.manager request_ids=request_ids)
2020-04-13 15:49:00.771 15 ERROR rally_openstack.cleanup.manager ServiceUnavailable: The server is currently unavailable. Please try again at a later time.

2020-04-13 15:49:00.771 15 ERROR rally_openstack.cleanup.manager
2020-04-13 15:49:00.771 15 ERROR rally_openstack.cleanup.manager
2020-04-13 15:49:00.771 15 ERROR rally_openstack.cleanup.manager
2020-04-13 15:49:00.771 15 ERROR rally_openstack.cleanup.manager Neutron server returns request_ids: ['req-2263a78b-8e51-4f69-9806-26149c5920ed']
2020-04-13 15:49:00.771 15 ERROR rally_openstack.cleanup.manager
2020-04-13 15:49:00.776 15 RALLYDEBUG rally_openstack.cleanup.manager [-] Deleting neutron.network object s_rally_43be6137_zdkVIFMD (50eec05e-18fd-4ff0-ab3c-f85690b9ca14)
2020-04-13 15:49:00.788 15 WARNING keystoneauth.identity.generic.base [-] Failed to discover available identity versions when contacting http://identity-airship.intel-pod17.opnfv.org:80/. Attempting to parse version from URL.: ServiceUnavailable: Service Unavailable (HTTP 503)
2020-04-13 15:49:00.792 15 WARNING keystoneauth.identity.generic.base [-] Failed to discover available identity versions when contacting http://identity-airship.intel-pod17.opnfv.org:80/. Attempting to parse version from URL.: ServiceUnavailable: Service Unavailable (HTTP 503)
