2020-04-03 16:04:13.908 6 RALLYDEBUG rally.api [-] INFO logs from urllib3 and requests module are hide.
2020-04-03 16:04:13.908 6 RALLYDEBUG rally.api [-] urllib3 insecure warnings are hidden.
2020-04-03 16:04:13.908 6 RALLYDEBUG rally.api [-] ERROR log from boto module is hide.
2020-04-03 16:04:15.213 6 ERROR rally.cli.cliutils [-] Unexpected exception in CLI: DBRecordNotFound: Record for uuid or name is opnfv-rally not found in table envs
2020-04-03 16:04:15.213 6 ERROR rally.cli.cliutils
Traceback (most recent call last):
2020-04-03 16:04:15.213 6 ERROR rally.cli.cliutils
File "/usr/lib/python2.7/site-packages/rally/cli/cliutils.py", line 674, in run
2020-04-03 16:04:15.213 6 ERROR rally.cli.cliutils ret = fn(*fn_args, **fn_kwargs)
2020-04-03 16:04:15.213 6 ERROR rally.cli.cliutils File "", line 2, in destroy
2020-04-03 16:04:15.213 6 ERROR rally.cli.cliutils
File "/usr/lib/python2.7/site-packages/rally/cli/envutils.py", line 68, in default_from_global
2020-04-03 16:04:15.213 6 ERROR rally.cli.cliutils return f(*args, **kwargs)
2020-04-03 16:04:15.213 6 ERROR rally.cli.cliutils File "", line 2, in destroy
2020-04-03 16:04:15.213 6 ERROR rally.cli.cliutils
File "/usr/lib/python2.7/site-packages/rally/plugins/__init__.py", line 51, in ensure_plugins_are_loaded
2020-04-03 16:04:15.213 6 ERROR rally.cli.cliutils return f(*args, **kwargs)
2020-04-03 16:04:15.213 6 ERROR rally.cli.cliutils
File "/usr/lib/python2.7/site-packages/rally/cli/commands/deployment.py", line 157, in destroy
2020-04-03 16:04:15.213 6 ERROR rally.cli.cliutils api.deployment.destroy(deployment=deployment)
2020-04-03 16:04:15.213 6 ERROR rally.cli.cliutils
File "/usr/lib/python2.7/site-packages/rally/api.py", line 115, in destroy
2020-04-03 16:04:15.213 6 ERROR rally.cli.cliutils deploy = objects.Deployment.get(deployment)
2020-04-03 16:04:15.213 6 ERROR rally.cli.cliutils
File "/usr/lib/python2.7/site-packages/rally/common/objects/deploy.py", line 124, in get
2020-04-03 16:04:15.213 6 ERROR rally.cli.cliutils return Deployment(env_mgr.EnvManager.get(deploy))
2020-04-03 16:04:15.213 6 ERROR rally.cli.cliutils
File "/usr/lib/python2.7/site-packages/rally/env/env_mgr.py", line 212, in get
2020-04-03 16:04:15.213 6 ERROR rally.cli.cliutils return cls(db.env_get(uuid_or_name))
2020-04-03 16:04:15.213 6 ERROR rally.cli.cliutils
File "/usr/lib/python2.7/site-packages/rally/common/db/api.py", line 135, in wrapper
2020-04-03 16:04:15.213 6 ERROR rally.cli.cliutils result = f(session, *args, **kwargs)
2020-04-03 16:04:15.213 6 ERROR rally.cli.cliutils
File "/usr/lib/python2.7/site-packages/rally/common/db/api.py", line 521, in env_get
2020-04-03 16:04:15.213 6 ERROR rally.cli.cliutils criteria="uuid or name is %s" % uuid_or_name, table="envs")
2020-04-03 16:04:15.213 6 ERROR rally.cli.cliutils DBRecordNotFound: Record for uuid or name is opnfv-rally not found in table envs
2020-04-03 16:04:15.213 6 ERROR rally.cli.cliutils
2020-04-03 16:04:16.003 8 RALLYDEBUG rally.api [-] INFO logs from urllib3 and requests module are hide.
2020-04-03 16:04:16.003 8 RALLYDEBUG rally.api [-] urllib3 insecure warnings are hidden.
2020-04-03 16:04:16.003 8 RALLYDEBUG rally.api [-] ERROR log from boto module is hide.
2020-04-03 16:04:18.285 10 RALLYDEBUG rally.api [-] INFO logs from urllib3 and requests module are hide.
2020-04-03 16:04:18.285 10 RALLYDEBUG rally.api [-] urllib3 insecure warnings are hidden.
2020-04-03 16:04:18.285 10 RALLYDEBUG rally.api [-] ERROR log from boto module is hide.
2020-04-03 16:04:21.026 13 RALLYDEBUG rally.api [-] INFO logs from urllib3 and requests module are hide.
2020-04-03 16:04:21.026 13 RALLYDEBUG rally.api [-] urllib3 insecure warnings are hidden.
2020-04-03 16:04:21.026 13 RALLYDEBUG rally.api [-] ERROR log from boto module is hide.
2020-04-03 16:04:22.092 15 RALLYDEBUG rally.api [-] INFO logs from urllib3 and requests module are hide.
2020-04-03 16:04:22.092 15 RALLYDEBUG rally.api [-] urllib3 insecure warnings are hidden.
2020-04-03 16:04:22.092 15 RALLYDEBUG rally.api [-] ERROR log from boto module is hide.
2020-04-03 16:04:23.507 15 INFO rally.task.engine [-] Task 84bbb655-66d1-4181-b8b3-78e256aff393 | Starting: Task validation.
2020-04-03 16:04:23.519 15 INFO rally.task.engine [-] Task 84bbb655-66d1-4181-b8b3-78e256aff393 | Starting: Task validation of syntax.
2020-04-03 16:04:23.565 15 INFO rally.task.engine [-] Task 84bbb655-66d1-4181-b8b3-78e256aff393 | Completed: Task validation of syntax.
2020-04-03 16:04:23.566 15 INFO rally.task.engine [-] Task 84bbb655-66d1-4181-b8b3-78e256aff393 | Starting: Task validation of required platforms.
2020-04-03 16:04:23.594 15 INFO rally.task.engine [-] Task 84bbb655-66d1-4181-b8b3-78e256aff393 | Completed: Task validation of required platforms.
2020-04-03 16:04:23.594 15 INFO rally.task.engine [-] Task 84bbb655-66d1-4181-b8b3-78e256aff393 | Starting: Task validation of semantic.
2020-04-03 16:04:23.595 15 INFO rally.task.engine [-] Check health of the environment 'd3de978b-92b0-49ce-a61e-4c4fa51be424'.
2020-04-03 16:04:24.007 15 INFO rally.task.engine [-] Platform existing@openstack (available: True): OK!
2020-04-03 16:04:24.016 15 RALLYDEBUG rally_openstack.contexts.keystone.users [-] Creating 1 tenants using 20 threads
2020-04-03 16:04:24.304 15 RALLYDEBUG rally_openstack.contexts.keystone.users [-] Creating 1 users using 20 threads
2020-04-03 16:04:24.736 15 INFO rally.task.context [-] Task 84bbb655-66d1-4181-b8b3-78e256aff393 | Context users@openstack setup() finished in 0.72 sec
2020-04-03 16:04:24.765 15 INFO rally.task.context [-] Task 84bbb655-66d1-4181-b8b3-78e256aff393 | Context users@openstack cleanup() started
2020-04-03 16:04:26.510 15 INFO rally.task.context [-] Task 84bbb655-66d1-4181-b8b3-78e256aff393 | Context users@openstack cleanup() finished in 1.75 sec
2020-04-03 16:04:26.511 15 INFO rally.task.engine [-] Task 84bbb655-66d1-4181-b8b3-78e256aff393 | Completed: Task validation of semantic.
2020-04-03 16:04:26.511 15 INFO rally.task.engine [-] Task 84bbb655-66d1-4181-b8b3-78e256aff393 | Completed: Task validation.
2020-04-03 16:04:26.512 15 INFO rally.api [-] Task 84bbb655-66d1-4181-b8b3-78e256aff393 input file is valid.
2020-04-03 16:04:26.512 15 INFO rally.api [-] Run Task 84bbb655-66d1-4181-b8b3-78e256aff393 against Deployment d3de978b-92b0-49ce-a61e-4c4fa51be424
2020-04-03 16:04:26.513 15 INFO rally.task.engine [-] Task 84bbb655-66d1-4181-b8b3-78e256aff393 | Starting: Running task.
2020-04-03 16:04:26.557 15 INFO rally.task.engine [-] Running workload: position = 0 config = { "version": 2, "title": "A cropped version of a bigger task.", "description": "Auto-generated task from a single workload (uuid=412fb628-2909-49e5-bda9-888a2c239301)", "subtasks": [ { "title": "Authenticate.keystone", "description": "Check Keystone Client.", "scenario": { "Authenticate.keystone": {} }, "contexts": { "users": { "tenants": 3, "users_per_tenant": 2 } }, "runner": { "constant": { "concurrency": 4, "times": 10 } }, "hooks": [], "sla": { "failure_rate": { "max": 0 } } } ] }
2020-04-03 16:04:26.570 15 RALLYDEBUG rally_openstack.contexts.keystone.users [-] Creating 3 tenants using 20 threads
2020-04-03 16:04:27.421 15 RALLYDEBUG rally_openstack.contexts.keystone.users [-] Creating 6 users using 20 threads
2020-04-03 16:04:28.221 15 INFO rally.task.context [-] Task 84bbb655-66d1-4181-b8b3-78e256aff393 | Context users@openstack setup() finished in 1.65 sec
2020-04-03 16:04:28.230 15 RALLYDEBUG rally.task.runner [-] Starting the constant runner (task UUID: 84bbb655-66d1-4181-b8b3-78e256aff393). timeout: 0 concurrency: 4 concurrency_per_worker: 1 times: 10 concurrency_overhead: 0 processes_to_start: 4 max_cpu_used: 88
2020-04-03 16:04:28.244 139 RALLYDEBUG rally.task.runner [-] Starting a worker. concurrency: 1 args: {} times: 10 method_name: run timeout: 0 duration: None cls:
2020-04-03 16:04:28.247 140 RALLYDEBUG rally.task.runner [-] Starting a worker. concurrency: 1 args: {} times: 10 method_name: run timeout: 0 duration: None cls:
2020-04-03 16:04:28.249 141 RALLYDEBUG rally.task.runner [-] Starting a worker. concurrency: 1 args: {} times: 10 method_name: run timeout: 0 duration: None cls:
2020-04-03 16:04:28.251 139 INFO rally.task.runner [-] Task 84bbb655-66d1-4181-b8b3-78e256aff393 | ITER: 1 START
2020-04-03 16:04:28.251 142 RALLYDEBUG rally.task.runner [-] Starting a worker. concurrency: 1 args: {} times: 10 method_name: run timeout: 0 duration: None cls:
2020-04-03 16:04:28.253 140 INFO rally.task.runner [-] Task 84bbb655-66d1-4181-b8b3-78e256aff393 | ITER: 2 START
2020-04-03 16:04:28.256 141 INFO rally.task.runner [-] Task 84bbb655-66d1-4181-b8b3-78e256aff393 | ITER: 3 START
2020-04-03 16:04:28.258 142 INFO rally.task.runner [-] Task 84bbb655-66d1-4181-b8b3-78e256aff393 | ITER: 4 START
2020-04-03 16:04:28.574 140 INFO rally.task.runner [-] Task 84bbb655-66d1-4181-b8b3-78e256aff393 | ITER: 2 END: OK
2020-04-03 16:04:28.579 140 INFO rally.task.runner [-] Task 84bbb655-66d1-4181-b8b3-78e256aff393 | ITER: 5 START
2020-04-03 16:04:28.637 142 INFO rally.task.runner [-] Task 84bbb655-66d1-4181-b8b3-78e256aff393 | ITER: 4 END: OK
2020-04-03 16:04:28.642 142 INFO rally.task.runner [-] Task 84bbb655-66d1-4181-b8b3-78e256aff393 | ITER: 6 START
2020-04-03 16:04:28.647 139 INFO rally.task.runner [-] Task 84bbb655-66d1-4181-b8b3-78e256aff393 | ITER: 1 END: OK
2020-04-03 16:04:28.652 139 INFO rally.task.runner [-] Task 84bbb655-66d1-4181-b8b3-78e256aff393 | ITER: 7 START
2020-04-03 16:04:28.794 140 INFO rally.task.runner [-] Task 84bbb655-66d1-4181-b8b3-78e256aff393 | ITER: 5 END: OK
2020-04-03 16:04:28.798 140 INFO rally.task.runner [-] Task 84bbb655-66d1-4181-b8b3-78e256aff393 | ITER: 8 START
2020-04-03 16:04:28.885 139 INFO rally.task.runner [-] Task 84bbb655-66d1-4181-b8b3-78e256aff393 | ITER: 7 END: OK
2020-04-03 16:04:28.890 139 INFO rally.task.runner [-] Task 84bbb655-66d1-4181-b8b3-78e256aff393 | ITER: 9 START
2020-04-03 16:04:28.992 141 INFO rally.task.runner [-] Task 84bbb655-66d1-4181-b8b3-78e256aff393 | ITER: 3 END: OK
2020-04-03 16:04:28.997 141 INFO rally.task.runner [-] Task 84bbb655-66d1-4181-b8b3-78e256aff393 | ITER: 10 START
2020-04-03 16:04:29.029 142 INFO rally.task.runner [-] Task 84bbb655-66d1-4181-b8b3-78e256aff393 | ITER: 6 END: OK
2020-04-03 16:04:29.104 140 INFO rally.task.runner [-] Task 84bbb655-66d1-4181-b8b3-78e256aff393 | ITER: 8 END: OK
2020-04-03 16:04:29.314 139 INFO rally.task.runner [-] Task 84bbb655-66d1-4181-b8b3-78e256aff393 | ITER: 9 END: OK
2020-04-03 16:04:29.398 141 INFO rally.task.runner [-] Task 84bbb655-66d1-4181-b8b3-78e256aff393 | ITER: 10 END: OK
2020-04-03 16:04:29.419 15 INFO rally.task.context [-] Task 84bbb655-66d1-4181-b8b3-78e256aff393 | Context users@openstack cleanup() started
2020-04-03 16:04:32.748 15 INFO rally.task.context [-] Task 84bbb655-66d1-4181-b8b3-78e256aff393 | Context users@openstack cleanup() finished in 3.33 sec
2020-04-03 16:04:34.628 15 INFO rally.task.engine [-] Load duration is: 1.145381
2020-04-03 16:04:34.628 15 INFO rally.task.engine [-] Full runner duration is: 1.189929
2020-04-03 16:04:34.629 15 INFO rally.task.engine [-] Full duration is: 6.180006
2020-04-03 16:04:34.706 15 INFO rally.task.engine [-] Running workload: position = 0 config = { "version": 2, "title": "A cropped version of a bigger task.", "description": "Auto-generated task from a single workload (uuid=9cb2d697-f435-4b1d-8461-af959a809d0d)", "subtasks": [ { "title": "Authenticate.validate_cinder", "description": "Check Cinder Client to ensure validation of token.", "scenario": { "Authenticate.validate_cinder": { "repetitions": 2 } }, "contexts": { "users": { "tenants": 3, "users_per_tenant": 2 } }, "runner": { "constant": { "concurrency": 4, "times": 10 } }, "hooks": [], "sla": { "failure_rate": { "max": 0 } } } ] }
2020-04-03 16:04:34.719 15 RALLYDEBUG rally_openstack.contexts.keystone.users [-] Creating 3 tenants using 20 threads
2020-04-03 16:04:35.079 15 RALLYDEBUG rally_openstack.contexts.keystone.users [-] Creating 6 users using 20 threads
2020-04-03 16:04:35.789 15 INFO rally.task.context [-] Task 84bbb655-66d1-4181-b8b3-78e256aff393 | Context users@openstack setup() finished in 1.07 sec
2020-04-03 16:04:35.798 15 RALLYDEBUG rally.task.runner [-] Starting the constant runner (task UUID: 84bbb655-66d1-4181-b8b3-78e256aff393). timeout: 0 concurrency: 4 concurrency_per_worker: 1 times: 10 concurrency_overhead: 0 processes_to_start: 4 max_cpu_used: 88
2020-04-03 16:04:35.811 243 RALLYDEBUG rally.task.runner [-] Starting a worker. concurrency: 1 args: {"repetitions": 2} times: 10 method_name: run timeout: 0 duration: None cls:
2020-04-03 16:04:35.813 244 RALLYDEBUG rally.task.runner [-] Starting a worker. concurrency: 1 args: {"repetitions": 2} times: 10 method_name: run timeout: 0 duration: None cls:
2020-04-03 16:04:35.816 245 RALLYDEBUG rally.task.runner [-] Starting a worker. concurrency: 1 args: {"repetitions": 2} times: 10 method_name: run timeout: 0 duration: None cls:
2020-04-03 16:04:35.817 243 INFO rally.task.runner [-] Task 84bbb655-66d1-4181-b8b3-78e256aff393 | ITER: 1 START
2020-04-03 16:04:35.818 246 RALLYDEBUG rally.task.runner [-] Starting a worker. concurrency: 1 args: {"repetitions": 2} times: 10 method_name: run timeout: 0 duration: None cls:
2020-04-03 16:04:35.820 244 INFO rally.task.runner [-] Task 84bbb655-66d1-4181-b8b3-78e256aff393 | ITER: 2 START
2020-04-03 16:04:35.823 245 INFO rally.task.runner [-] Task 84bbb655-66d1-4181-b8b3-78e256aff393 | ITER: 3 START
2020-04-03 16:04:35.825 246 INFO rally.task.runner [-] Task 84bbb655-66d1-4181-b8b3-78e256aff393 | ITER: 4 START
2020-04-03 16:04:36.421 246 INFO rally.task.runner [-] Task 84bbb655-66d1-4181-b8b3-78e256aff393 | ITER: 4 END: OK
2020-04-03 16:04:36.426 246 INFO rally.task.runner [-] Task 84bbb655-66d1-4181-b8b3-78e256aff393 | ITER: 5 START
2020-04-03 16:04:36.476 243 INFO rally.task.runner [-] Task 84bbb655-66d1-4181-b8b3-78e256aff393 | ITER: 1 END: OK
2020-04-03 16:04:36.482 243 INFO rally.task.runner [-] Task 84bbb655-66d1-4181-b8b3-78e256aff393 | ITER: 6 START
2020-04-03 16:04:36.527 244 INFO rally.task.runner [-] Task 84bbb655-66d1-4181-b8b3-78e256aff393 | ITER: 2 END: OK
2020-04-03 16:04:36.533 244 INFO rally.task.runner [-] Task 84bbb655-66d1-4181-b8b3-78e256aff393 | ITER: 7 START
2020-04-03 16:04:36.581 245 INFO rally.task.runner [-] Task 84bbb655-66d1-4181-b8b3-78e256aff393 | ITER: 3 END: OK
2020-04-03 16:04:36.586 245 INFO rally.task.runner [-] Task 84bbb655-66d1-4181-b8b3-78e256aff393 | ITER: 8 START
2020-04-03 16:04:36.801 244 INFO rally.task.runner [-] Task 84bbb655-66d1-4181-b8b3-78e256aff393 | ITER: 7 END: OK
2020-04-03 16:04:36.805 244 INFO rally.task.runner [-] Task 84bbb655-66d1-4181-b8b3-78e256aff393 | ITER: 9 START
2020-04-03 16:04:36.808 246 INFO rally.task.runner [-] Task 84bbb655-66d1-4181-b8b3-78e256aff393 | ITER: 5 END: OK
2020-04-03 16:04:36.812 246 INFO rally.task.runner [-] Task 84bbb655-66d1-4181-b8b3-78e256aff393 | ITER: 10 START
2020-04-03 16:04:36.869 243 INFO rally.task.runner [-] Task 84bbb655-66d1-4181-b8b3-78e256aff393 | ITER: 6 END: OK
2020-04-03 16:04:37.106 245 INFO rally.task.runner [-] Task 84bbb655-66d1-4181-b8b3-78e256aff393 | ITER: 8 END: OK
2020-04-03 16:04:37.142 244 INFO rally.task.runner [-] Task 84bbb655-66d1-4181-b8b3-78e256aff393 | ITER: 9 END: OK
2020-04-03 16:04:37.190 246 INFO rally.task.runner [-] Task 84bbb655-66d1-4181-b8b3-78e256aff393 | ITER: 10 END: OK
2020-04-03 16:04:37.211 15 INFO rally.task.context [-] Task 84bbb655-66d1-4181-b8b3-78e256aff393 | Context users@openstack cleanup() started
2020-04-03 16:04:40.781 15 INFO rally.task.context [-] Task 84bbb655-66d1-4181-b8b3-78e256aff393 | Context users@openstack cleanup() finished in 3.57 sec
2020-04-03 16:04:42.770 15 INFO rally.task.engine [-] Load duration is: 1.371337
2020-04-03 16:04:42.770 15 INFO rally.task.engine [-] Full runner duration is: 1.412842
2020-04-03 16:04:42.771 15 INFO rally.task.engine [-] Full duration is: 6.063321
2020-04-03 16:04:42.848 15 INFO rally.task.engine [-] Running workload: position = 0 config = { "version": 2, "title": "A cropped version of a bigger task.", "description": "Auto-generated task from a single workload (uuid=50e3634b-8dc4-412b-a1e8-6a960dbfd655)", "subtasks": [ { "title": "Authenticate.validate_glance", "description": "Check Glance Client to ensure validation of token.", "scenario": { "Authenticate.validate_glance": { "repetitions": 2 } }, "contexts": { "users": { "tenants": 3, "users_per_tenant": 2 } }, "runner": { "constant": { "concurrency": 4, "times": 10 } }, "hooks": [], "sla": { "failure_rate": { "max": 0 } } } ] }
2020-04-03 16:04:42.863 15 RALLYDEBUG rally_openstack.contexts.keystone.users [-] Creating 3 tenants using 20 threads
2020-04-03 16:04:43.279 15 RALLYDEBUG rally_openstack.contexts.keystone.users [-] Creating 6 users using 20 threads
2020-04-03 16:05:10.905 15 INFO rally.task.context [-] Task 84bbb655-66d1-4181-b8b3-78e256aff393 | Context users@openstack setup() finished in 28.04 sec
2020-04-03 16:05:10.914 15 RALLYDEBUG rally.task.runner [-] Starting the constant runner (task UUID: 84bbb655-66d1-4181-b8b3-78e256aff393). timeout: 0 concurrency: 4 concurrency_per_worker: 1 times: 10 concurrency_overhead: 0 processes_to_start: 4 max_cpu_used: 88
2020-04-03 16:05:10.928 347 RALLYDEBUG rally.task.runner [-] Starting a worker. concurrency: 1 args: {"repetitions": 2} times: 10 method_name: run timeout: 0 duration: None cls:
2020-04-03 16:05:10.929 348 RALLYDEBUG rally.task.runner [-] Starting a worker. concurrency: 1 args: {"repetitions": 2} times: 10 method_name: run timeout: 0 duration: None cls:
2020-04-03 16:05:10.935 348 INFO rally.task.runner [-] Task 84bbb655-66d1-4181-b8b3-78e256aff393 | ITER: 2 START
2020-04-03 16:05:10.935 347 INFO rally.task.runner [-] Task 84bbb655-66d1-4181-b8b3-78e256aff393 | ITER: 1 START
2020-04-03 16:05:10.936 349 RALLYDEBUG rally.task.runner [-] Starting a worker. concurrency: 1 args: {"repetitions": 2} times: 10 method_name: run timeout: 0 duration: None cls:
2020-04-03 16:05:10.938 350 RALLYDEBUG rally.task.runner [-] Starting a worker. concurrency: 1 args: {"repetitions": 2} times: 10 method_name: run timeout: 0 duration: None cls:
2020-04-03 16:05:10.944 349 INFO rally.task.runner [-] Task 84bbb655-66d1-4181-b8b3-78e256aff393 | ITER: 3 START
2020-04-03 16:05:10.945 350 INFO rally.task.runner [-] Task 84bbb655-66d1-4181-b8b3-78e256aff393 | ITER: 4 START
2020-04-03 16:05:11.536 348 INFO rally.task.runner [-] Task 84bbb655-66d1-4181-b8b3-78e256aff393 | ITER: 2 END: OK
2020-04-03 16:05:11.541 348 INFO rally.task.runner [-] Task 84bbb655-66d1-4181-b8b3-78e256aff393 | ITER: 5 START
2020-04-03 16:05:11.668 347 INFO rally.task.runner [-] Task 84bbb655-66d1-4181-b8b3-78e256aff393 | ITER: 1 END: OK
2020-04-03 16:05:11.673 347 INFO rally.task.runner [-] Task 84bbb655-66d1-4181-b8b3-78e256aff393 | ITER: 6 START
2020-04-03 16:05:11.939 349 INFO rally.task.runner [-] Task 84bbb655-66d1-4181-b8b3-78e256aff393 | ITER: 3 END: OK
2020-04-03 16:05:11.944 349 INFO rally.task.runner [-] Task 84bbb655-66d1-4181-b8b3-78e256aff393 | ITER: 7 START
2020-04-03 16:05:12.067 350 INFO rally.task.runner [-] Task 84bbb655-66d1-4181-b8b3-78e256aff393 | ITER: 4 END: OK
2020-04-03 16:05:12.072 350 INFO rally.task.runner [-] Task 84bbb655-66d1-4181-b8b3-78e256aff393 | ITER: 8 START
2020-04-03 16:05:12.359 349 INFO rally.task.runner [-] Task 84bbb655-66d1-4181-b8b3-78e256aff393 | ITER: 7 END: OK
2020-04-03 16:05:12.364 349 INFO rally.task.runner [-] Task 84bbb655-66d1-4181-b8b3-78e256aff393 | ITER: 9 START
2020-04-03 16:05:12.380 348 INFO rally.task.runner [-] Task 84bbb655-66d1-4181-b8b3-78e256aff393 | ITER: 5 END: OK
2020-04-03 16:05:12.385 348 INFO rally.task.runner [-] Task 84bbb655-66d1-4181-b8b3-78e256aff393 | ITER: 10 START
2020-04-03 16:05:12.455 347 INFO rally.task.runner [-] Task 84bbb655-66d1-4181-b8b3-78e256aff393 | ITER: 6 END: OK
2020-04-03 16:05:12.484 350 INFO rally.task.runner [-] Task 84bbb655-66d1-4181-b8b3-78e256aff393 | ITER: 8 END: OK
2020-04-03 16:05:12.708 349 INFO rally.task.runner [-] Task 84bbb655-66d1-4181-b8b3-78e256aff393 | ITER: 9 END: OK
2020-04-03 16:05:12.770 348 INFO rally.task.runner [-] Task 84bbb655-66d1-4181-b8b3-78e256aff393 | ITER: 10 END: OK
2020-04-03 16:05:12.797 15 INFO rally.task.context [-] Task 84bbb655-66d1-4181-b8b3-78e256aff393 | Context users@openstack cleanup() started
2020-04-03 16:05:17.135 15 INFO rally.task.context [-] Task 84bbb655-66d1-4181-b8b3-78e256aff393 | Context users@openstack cleanup() finished in 4.34 sec
2020-04-03 16:05:19.053 15 INFO rally.task.engine [-] Load duration is: 1.834372
2020-04-03 16:05:19.053 15 INFO rally.task.engine [-] Full runner duration is: 1.882993
2020-04-03 16:05:19.054 15 INFO rally.task.engine [-] Full duration is: 34.272949
2020-04-03 16:05:19.130 15 INFO rally.task.engine [-] Running workload: position = 0 config = { "version": 2, "title": "A cropped version of a bigger task.", "description": "Auto-generated task from a single workload (uuid=40d842c7-d47a-4452-bfa3-50ab1f8eb532)", "subtasks": [ { "title": "Authenticate.validate_heat", "description": "Check Heat Client to ensure validation of token.", "scenario": { "Authenticate.validate_heat": { "repetitions": 2 } }, "contexts": { "users": { "tenants": 3, "users_per_tenant": 2 } }, "runner": { "constant": { "concurrency": 4, "times": 10 } }, "hooks": [], "sla": { "failure_rate": { "max": 0 } } } ] }
2020-04-03 16:05:19.142 15 RALLYDEBUG rally_openstack.contexts.keystone.users [-] Creating 3 tenants using 20 threads
2020-04-03 16:05:19.614 15 RALLYDEBUG rally_openstack.contexts.keystone.users [-] Creating 6 users using 20 threads
2020-04-03 16:05:20.432 15 INFO rally.task.context [-] Task 84bbb655-66d1-4181-b8b3-78e256aff393 | Context users@openstack setup() finished in 1.29 sec
2020-04-03 16:05:20.441 15 RALLYDEBUG rally.task.runner [-] Starting the constant runner (task UUID: 84bbb655-66d1-4181-b8b3-78e256aff393). timeout: 0 concurrency: 4 concurrency_per_worker: 1 times: 10 concurrency_overhead: 0 processes_to_start: 4 max_cpu_used: 88
2020-04-03 16:05:20.455 451 RALLYDEBUG rally.task.runner [-] Starting a worker. concurrency: 1 args: {"repetitions": 2} times: 10 method_name: run timeout: 0 duration: None cls:
2020-04-03 16:05:20.457 452 RALLYDEBUG rally.task.runner [-] Starting a worker. concurrency: 1 args: {"repetitions": 2} times: 10 method_name: run timeout: 0 duration: None cls:
2020-04-03 16:05:20.460 453 RALLYDEBUG rally.task.runner [-] Starting a worker. concurrency: 1 args: {"repetitions": 2} times: 10 method_name: run timeout: 0 duration: None cls:
2020-04-03 16:05:20.461 451 INFO rally.task.runner [-] Task 84bbb655-66d1-4181-b8b3-78e256aff393 | ITER: 1 START
2020-04-03 16:05:20.462 454 RALLYDEBUG rally.task.runner [-] Starting a worker. concurrency: 1 args: {"repetitions": 2} times: 10 method_name: run timeout: 0 duration: None cls:
2020-04-03 16:05:20.465 452 INFO rally.task.runner [-] Task 84bbb655-66d1-4181-b8b3-78e256aff393 | ITER: 2 START
2020-04-03 16:05:20.467 453 INFO rally.task.runner [-] Task 84bbb655-66d1-4181-b8b3-78e256aff393 | ITER: 3 START
2020-04-03 16:05:20.469 454 INFO rally.task.runner [-] Task 84bbb655-66d1-4181-b8b3-78e256aff393 | ITER: 4 START
2020-04-03 16:05:21.085 451 INFO rally.task.runner [-] Task 84bbb655-66d1-4181-b8b3-78e256aff393 | ITER: 1 END: OK
2020-04-03 16:05:21.090 451 INFO rally.task.runner [-] Task 84bbb655-66d1-4181-b8b3-78e256aff393 | ITER: 5 START
2020-04-03 16:05:21.095 454 INFO rally.task.runner [-] Task 84bbb655-66d1-4181-b8b3-78e256aff393 | ITER: 4 END: OK
2020-04-03 16:05:21.100 454 INFO rally.task.runner [-] Task 84bbb655-66d1-4181-b8b3-78e256aff393 | ITER: 6 START
2020-04-03 16:05:21.129 453 INFO rally.task.runner [-] Task 84bbb655-66d1-4181-b8b3-78e256aff393 | ITER: 3 END: OK
2020-04-03 16:05:21.133 453 INFO rally.task.runner [-] Task 84bbb655-66d1-4181-b8b3-78e256aff393 | ITER: 7 START
2020-04-03 16:05:21.338 452 INFO rally.task.runner [-] Task 84bbb655-66d1-4181-b8b3-78e256aff393 | ITER: 2 END: OK
2020-04-03 16:05:21.342 452 INFO rally.task.runner [-] Task 84bbb655-66d1-4181-b8b3-78e256aff393 | ITER: 8 START
2020-04-03 16:05:21.501 451 INFO rally.task.runner [-] Task 84bbb655-66d1-4181-b8b3-78e256aff393 | ITER: 5 END: OK
2020-04-03 16:05:21.506 451 INFO rally.task.runner [-] Task 84bbb655-66d1-4181-b8b3-78e256aff393 | ITER: 9 START
2020-04-03 16:05:21.628 454 INFO rally.task.runner [-] Task 84bbb655-66d1-4181-b8b3-78e256aff393 | ITER: 6 END: OK
2020-04-03 16:05:21.633 454 INFO rally.task.runner [-] Task 84bbb655-66d1-4181-b8b3-78e256aff393 | ITER: 10 START
2020-04-03 16:05:21.655 452 INFO rally.task.runner [-] Task 84bbb655-66d1-4181-b8b3-78e256aff393 | ITER: 8 END: OK
2020-04-03 16:05:21.665 453 INFO rally.task.runner [-] Task 84bbb655-66d1-4181-b8b3-78e256aff393 | ITER: 7 END: OK
2020-04-03 16:05:21.789 451 INFO rally.task.runner [-] Task 84bbb655-66d1-4181-b8b3-78e256aff393 | ITER: 9 END: OK
2020-04-03 16:05:21.902 454 INFO rally.task.runner [-] Task 84bbb655-66d1-4181-b8b3-78e256aff393 | ITER: 10 END: OK
2020-04-03 16:05:21.923 15 INFO rally.task.context [-] Task 84bbb655-66d1-4181-b8b3-78e256aff393 | Context users@openstack cleanup() started
2020-04-03 16:06:13.480 15 ERROR rally.common.broker [-] Failed to consume a task from the queue: BadGateway: Bad Gateway (HTTP 502)
2020-04-03 16:06:13.480 15 ERROR rally.common.broker
Traceback (most recent call last):
2020-04-03 16:06:13.480 15 ERROR rally.common.broker
File "/usr/lib/python2.7/site-packages/rally/common/broker.py", line 42, in _consumer
2020-04-03 16:06:13.480 15 ERROR rally.common.broker consume(cache, args)
2020-04-03 16:06:13.480 15 ERROR rally.common.broker
File "/usr/lib/python2.7/site-packages/rally_openstack/contexts/keystone/users.py", line 249, in consume
2020-04-03 16:06:13.480 15 ERROR rally.common.broker cache["client"] = identity.Identity(clients)
2020-04-03 16:06:13.480 15 ERROR rally.common.broker
File "/usr/lib/python2.7/site-packages/rally/task/service.py", line 284, in __init__
2020-04-03 16:06:13.480 15 ERROR rally.common.broker impl_cls, _all_impls = self.discover_impl()
2020-04-03 16:06:13.480 15 ERROR rally.common.broker
File "/usr/lib/python2.7/site-packages/rally/task/service.py", line 116, in wrapper
2020-04-03 16:06:13.480 15 ERROR rally.common.broker return func(instance, *args, **kwargs)
2020-04-03 16:06:13.480 15 ERROR rally.common.broker
File "/usr/lib/python2.7/site-packages/rally/task/service.py", line 325, in discover_impl
2020-04-03 16:06:13.480 15 ERROR rally.common.broker if cls.is_applicable(self._clients):
2020-04-03 16:06:13.480 15 ERROR rally.common.broker
File "/usr/lib/python2.7/site-packages/rally_openstack/services/identity/identity.py", line 28, in is_applicable
2020-04-03 16:06:13.480 15 ERROR rally.common.broker cloud_version = clients.keystone().version.split(".")[0][1:]
2020-04-03 16:06:13.480 15 ERROR rally.common.broker
File "/usr/lib/python2.7/site-packages/rally_openstack/osclients.py", line 244, in __call__
2020-04-03 16:06:13.480 15 ERROR rally.common.broker self.cache[key] = self.create_client(*args, **kwargs)
2020-04-03 16:06:13.480 15 ERROR rally.common.broker
File "/usr/lib/python2.7/site-packages/rally_openstack/osclients.py", line 395, in create_client
2020-04-03 16:06:13.480 15 ERROR rally.common.broker return client.Client(**kw)
2020-04-03 16:06:13.480 15 ERROR rally.common.broker
File "/usr/lib/python2.7/site-packages/keystoneclient/client.py", line 62, in Client
2020-04-03 16:06:13.480 15 ERROR rally.common.broker d = discover.Discover(session=session, **kwargs)
2020-04-03 16:06:13.480 15 ERROR rally.common.broker
File "/usr/lib/python2.7/site-packages/keystoneclient/discover.py", line 178, in __init__
2020-04-03 16:06:13.480 15 ERROR rally.common.broker authenticated=authenticated)
2020-04-03 16:06:13.480 15 ERROR rally.common.broker
File "/usr/lib/python2.7/site-packages/keystoneclient/_discover.py", line 143, in __init__
2020-04-03 16:06:13.480 15 ERROR rally.common.broker authenticated=authenticated)
2020-04-03 16:06:13.480 15 ERROR rally.common.broker
File "/usr/lib/python2.7/site-packages/keystoneclient/_discover.py", line 38, in get_version_data
2020-04-03 16:06:13.480 15 ERROR rally.common.broker resp = session.get(url, headers=headers, authenticated=authenticated)
2020-04-03 16:06:13.480 15 ERROR rally.common.broker
File "/usr/lib/python2.7/site-packages/keystoneauth1/session.py", line 1011, in get
2020-04-03 16:06:13.480 15 ERROR rally.common.broker return self.request(url, 'GET', **kwargs)
2020-04-03 16:06:13.480 15 ERROR rally.common.broker
File "/usr/lib/python2.7/site-packages/keystoneauth1/session.py", line 684, in request
2020-04-03 16:06:13.480 15 ERROR rally.common.broker auth_headers = self.get_auth_headers(auth)
2020-04-03 16:06:13.480 15 ERROR rally.common.broker
File "/usr/lib/python2.7/site-packages/keystoneauth1/session.py", line 1071, in get_auth_headers
2020-04-03 16:06:13.480 15 ERROR rally.common.broker return auth.get_headers(self, **kwargs)
2020-04-03 16:06:13.480 15 ERROR rally.common.broker
File "/usr/lib/python2.7/site-packages/keystoneauth1/plugin.py", line 95, in get_headers
2020-04-03 16:06:13.480 15 ERROR rally.common.broker token = self.get_token(session)
2020-04-03 16:06:13.480 15 ERROR rally.common.broker
File "/usr/lib/python2.7/site-packages/keystoneauth1/identity/base.py", line 88, in get_token
2020-04-03 16:06:13.480 15 ERROR rally.common.broker return self.get_access(session).auth_token
2020-04-03 16:06:13.480 15 ERROR rally.common.broker
File "/usr/lib/python2.7/site-packages/keystoneauth1/identity/base.py", line 134, in get_access
2020-04-03 16:06:13.480 15 ERROR rally.common.broker self.auth_ref = self.get_auth_ref(session)
2020-04-03 16:06:13.480 15 ERROR rally.common.broker
File "/usr/lib/python2.7/site-packages/keystoneauth1/identity/generic/base.py", line 208, in get_auth_ref
2020-04-03 16:06:13.480 15 ERROR rally.common.broker return self._plugin.get_auth_ref(session, **kwargs)
2020-04-03 16:06:13.480 15 ERROR rally.common.broker
File "/usr/lib/python2.7/site-packages/keystoneauth1/identity/v3/base.py", line 178, in get_auth_ref
2020-04-03 16:06:13.480 15 ERROR rally.common.broker authenticated=False, log=False, **rkwargs)
2020-04-03 16:06:13.480 15 ERROR rally.common.broker
File "/usr/lib/python2.7/site-packages/keystoneauth1/session.py", line 1019, in post
2020-04-03 16:06:13.480 15 ERROR rally.common.broker return self.request(url, 'POST', **kwargs)
2020-04-03 16:06:13.480 15 ERROR rally.common.broker
File "/usr/lib/python2.7/site-packages/keystoneauth1/session.py", line 869, in request
2020-04-03 16:06:13.480 15 ERROR rally.common.broker raise exceptions.from_response(resp, method, url)
2020-04-03 16:06:13.480 15 ERROR rally.common.broker BadGateway: Bad Gateway (HTTP 502)
2020-04-03 16:06:13.480 15 ERROR rally.common.broker
2020-04-03 16:06:14.403 15 INFO rally.task.context [-] Task 84bbb655-66d1-4181-b8b3-78e256aff393 | Context users@openstack cleanup() finished in 52.48 sec
2020-04-03 16:06:15.362 15 INFO rally.task.engine [-] Load duration is: 1.439016
2020-04-03 16:06:15.362 15 INFO rally.task.engine [-] Full runner duration is: 1.482265
2020-04-03 16:06:15.362 15 INFO rally.task.engine [-] Full duration is: 55.26179
2020-04-03 16:06:15.440 15 INFO rally.task.engine [-] Running workload: position = 0 config = { "version": 2, "title": "A cropped version of a bigger task.", "description": "Auto-generated task from a single workload (uuid=ac6d8cec-b1ed-4456-8d07-0e435577457b)", "subtasks": [ { "title": "Authenticate.validate_neutron", "description": "Check Neutron Client to ensure validation of token.", "scenario": { "Authenticate.validate_neutron": { "repetitions": 2 } }, "contexts": { "users": { "tenants": 3, "users_per_tenant": 2 } }, "runner": { "constant": { "concurrency": 4, "times": 10 } }, "hooks": [], "sla": { "failure_rate": { "max": 0 } } } ] }
2020-04-03 16:06:15.459 15 RALLYDEBUG rally_openstack.contexts.keystone.users [-] Creating 3 tenants using 20 threads
2020-04-03 16:06:16.004 15 RALLYDEBUG rally_openstack.contexts.keystone.users [-] Creating 6 users using 20 threads
2020-04-03 16:06:17.287 15 INFO rally.task.context [-] Task 84bbb655-66d1-4181-b8b3-78e256aff393 | Context users@openstack setup() finished in 1.83 sec
2020-04-03 16:06:17.296 15 RALLYDEBUG rally.task.runner [-] Starting the constant runner (task UUID: 84bbb655-66d1-4181-b8b3-78e256aff393). timeout: 0 concurrency: 4 concurrency_per_worker: 1 times: 10 concurrency_overhead: 0 processes_to_start: 4 max_cpu_used: 88
2020-04-03 16:06:17.309 555 RALLYDEBUG rally.task.runner [-] Starting a worker. concurrency: 1 args: {"repetitions": 2} times: 10 method_name: run timeout: 0 duration: None cls:
2020-04-03 16:06:17.312 556 RALLYDEBUG rally.task.runner [-] Starting a worker. concurrency: 1 args: {"repetitions": 2} times: 10 method_name: run timeout: 0 duration: None cls:
2020-04-03 16:06:17.314 557 RALLYDEBUG rally.task.runner [-] Starting a worker. concurrency: 1 args: {"repetitions": 2} times: 10 method_name: run timeout: 0 duration: None cls:
2020-04-03 16:06:17.316 555 INFO rally.task.runner [-] Task 84bbb655-66d1-4181-b8b3-78e256aff393 | ITER: 1 START
2020-04-03 16:06:17.317 558 RALLYDEBUG rally.task.runner [-] Starting a worker. concurrency: 1 args: {"repetitions": 2} times: 10 method_name: run timeout: 0 duration: None cls:
2020-04-03 16:06:17.319 556 INFO rally.task.runner [-] Task 84bbb655-66d1-4181-b8b3-78e256aff393 | ITER: 2 START
2020-04-03 16:06:17.321 557 INFO rally.task.runner [-] Task 84bbb655-66d1-4181-b8b3-78e256aff393 | ITER: 3 START
2020-04-03 16:06:17.324 558 INFO rally.task.runner [-] Task 84bbb655-66d1-4181-b8b3-78e256aff393 | ITER: 4 START
2020-04-03 16:06:18.077 558 INFO rally.task.runner [-] Task 84bbb655-66d1-4181-b8b3-78e256aff393 | ITER: 4 END: OK
2020-04-03 16:06:18.082 558 INFO rally.task.runner [-] Task 84bbb655-66d1-4181-b8b3-78e256aff393 | ITER: 5 START
2020-04-03 16:06:18.420 556 INFO rally.task.runner [-] Task 84bbb655-66d1-4181-b8b3-78e256aff393 | ITER: 2 END: OK
2020-04-03 16:06:18.425 556 INFO rally.task.runner [-] Task 84bbb655-66d1-4181-b8b3-78e256aff393 | ITER: 6 START
2020-04-03 16:06:18.649 557 INFO rally.task.runner [-] Task 84bbb655-66d1-4181-b8b3-78e256aff393 | ITER: 3 END: OK
2020-04-03 16:06:18.654 557 INFO rally.task.runner [-] Task 84bbb655-66d1-4181-b8b3-78e256aff393 | ITER: 7 START
2020-04-03 16:06:21.383 555 INFO rally.task.runner [-] Task 84bbb655-66d1-4181-b8b3-78e256aff393 | ITER: 1 END: OK
2020-04-03 16:06:21.388 555 INFO rally.task.runner [-] Task 84bbb655-66d1-4181-b8b3-78e256aff393 | ITER: 8 START
2020-04-03 16:06:27.615 558 INFO rally.task.runner [-] Task 84bbb655-66d1-4181-b8b3-78e256aff393 | ITER: 5 END: OK
2020-04-03 16:06:27.620 558 INFO rally.task.runner [-] Task 84bbb655-66d1-4181-b8b3-78e256aff393 | ITER: 9 START
2020-04-03 16:06:39.714 557 INFO rally.task.runner [-] Task 84bbb655-66d1-4181-b8b3-78e256aff393 | ITER: 7 END: OK
2020-04-03 16:06:39.719 557 INFO rally.task.runner [-] Task 84bbb655-66d1-4181-b8b3-78e256aff393 | ITER: 10 START
2020-04-03 16:06:42.692 555 INFO rally.task.runner [-] Task 84bbb655-66d1-4181-b8b3-78e256aff393 | ITER: 8 END: OK
2020-04-03 16:06:51.840 558 INFO rally.task.runner [-] Task 84bbb655-66d1-4181-b8b3-78e256aff393 | ITER: 9 END: OK
2020-04-03 16:06:54.827 556 INFO rally.task.runner [-] Task 84bbb655-66d1-4181-b8b3-78e256aff393 | ITER: 6 END: OK
2020-04-03 16:07:04.128 557 INFO rally.task.runner [-] Task 84bbb655-66d1-4181-b8b3-78e256aff393 | ITER: 10 END: OK
2020-04-03 16:07:04.150 15 INFO rally.task.context [-] Task 84bbb655-66d1-4181-b8b3-78e256aff393 | Context users@openstack cleanup() started
2020-04-03 16:07:08.127 15 INFO rally.task.context [-] Task 84bbb655-66d1-4181-b8b3-78e256aff393 | Context users@openstack cleanup() finished in 3.98 sec
2020-04-03 16:07:09.683 15 INFO rally.task.engine [-] Load duration is: 46.810546
2020-04-03 16:07:09.683 15 INFO rally.task.engine [-] Full runner duration is: 46.85462
2020-04-03 16:07:09.684 15 INFO rally.task.engine [-] Full duration is: 52.671452
2020-04-03 16:07:09.766 15 INFO rally.task.engine [-] Running workload: position = 0 config = { "version": 2, "title": "A cropped version of a bigger task.", "description": "Auto-generated task from a single workload (uuid=9b7158a7-bcd3-4233-ba74-a7268567e344)", "subtasks": [ { "title": "Authenticate.validate_nova", "description": "Check Nova Client to ensure validation of token.", "scenario": { "Authenticate.validate_nova": { "repetitions": 2 } }, "contexts": { "users": { "tenants": 3, "users_per_tenant": 2 } }, "runner": { "constant": { "concurrency": 4, "times": 10 } }, "hooks": [], "sla": { "failure_rate": { "max": 0 } } } ] }
2020-04-03 16:07:09.779 15 RALLYDEBUG rally_openstack.contexts.keystone.users [-] Creating 3 tenants using 20 threads
2020-04-03 16:07:10.244 15 RALLYDEBUG rally_openstack.contexts.keystone.users [-] Creating 6 users using 20 threads
2020-04-03 16:07:11.219 15 INFO rally.task.context [-] Task 84bbb655-66d1-4181-b8b3-78e256aff393 | Context users@openstack setup() finished in 1.44 sec
2020-04-03 16:07:11.228 15 RALLYDEBUG rally.task.runner [-] Starting the constant runner (task UUID: 84bbb655-66d1-4181-b8b3-78e256aff393). timeout: 0 concurrency: 4 concurrency_per_worker: 1 times: 10 concurrency_overhead: 0 processes_to_start: 4 max_cpu_used: 88
2020-04-03 16:07:11.240 659 RALLYDEBUG rally.task.runner [-] Starting a worker. concurrency: 1 args: {"repetitions": 2} times: 10 method_name: run timeout: 0 duration: None cls:
2020-04-03 16:07:11.242 660 RALLYDEBUG rally.task.runner [-] Starting a worker. concurrency: 1 args: {"repetitions": 2} times: 10 method_name: run timeout: 0 duration: None cls:
2020-04-03 16:07:11.244 661 RALLYDEBUG rally.task.runner [-] Starting a worker. concurrency: 1 args: {"repetitions": 2} times: 10 method_name: run timeout: 0 duration: None cls:
2020-04-03 16:07:11.247 659 INFO rally.task.runner [-] Task 84bbb655-66d1-4181-b8b3-78e256aff393 | ITER: 1 START
2020-04-03 16:07:11.247 662 RALLYDEBUG rally.task.runner [-] Starting a worker. concurrency: 1 args: {"repetitions": 2} times: 10 method_name: run timeout: 0 duration: None cls:
2020-04-03 16:07:11.249 660 INFO rally.task.runner [-] Task 84bbb655-66d1-4181-b8b3-78e256aff393 | ITER: 2 START
2020-04-03 16:07:11.250 661 INFO rally.task.runner [-] Task 84bbb655-66d1-4181-b8b3-78e256aff393 | ITER: 3 START
2020-04-03 16:07:11.254 662 INFO rally.task.runner [-] Task 84bbb655-66d1-4181-b8b3-78e256aff393 | ITER: 4 START
2020-04-03 16:07:11.516 659 DEBUG novaclient.v2.client [-] REQ: curl -g -i -X GET http://compute-airship.intel-pod17.opnfv.org/v2.1/flavors/detail -H "Accept: application/json" -H "User-Agent: python-novaclient" -H "X-Auth-Token: {SHA1}b94b74754644b85572486667b8b11076104ac2e6" _http_log_request /usr/lib/python2.7/site-packages/keystoneauth1/session.py:448
2020-04-03 16:07:11.534 660 DEBUG novaclient.v2.client [-] REQ: curl -g -i -X GET http://compute-airship.intel-pod17.opnfv.org/v2.1/flavors/detail -H "Accept: application/json" -H "User-Agent: python-novaclient" -H "X-Auth-Token: {SHA1}c3cc5c3cb55432d495729e135f21acded736c30c" _http_log_request /usr/lib/python2.7/site-packages/keystoneauth1/session.py:448
2020-04-03 16:07:11.689 661 DEBUG novaclient.v2.client [-] REQ: curl -g -i -X GET http://compute-airship.intel-pod17.opnfv.org/v2.1/flavors/detail -H "Accept: application/json" -H "User-Agent: python-novaclient" -H "X-Auth-Token: {SHA1}da63310ab4877735e7bcb8bb7f5d886ebd220f4a" _http_log_request /usr/lib/python2.7/site-packages/keystoneauth1/session.py:448
2020-04-03 16:07:11.708 662 DEBUG novaclient.v2.client [-] REQ: curl -g -i -X GET http://compute-airship.intel-pod17.opnfv.org/v2.1/flavors/detail -H "Accept: application/json" -H "User-Agent: python-novaclient" -H "X-Auth-Token: {SHA1}bac387188ad5a51ff165443c863a0565a61501ae" _http_log_request /usr/lib/python2.7/site-packages/keystoneauth1/session.py:448
2020-04-03 16:07:11.852 659 DEBUG novaclient.v2.client [-] RESP: [200] Connection: keep-alive Content-Encoding: gzip Content-Type: application/json Date: Fri, 03 Apr 2020 16:07:11 GMT Openstack-Api-Version: compute 2.1 Transfer-Encoding: chunked Vary: Accept-Encoding, OpenStack-API-Version, X-OpenStack-Nova-API-Version X-Compute-Request-Id: req-b3bb9459-9b56-40c9-aa74-c864c0610623 X-Openstack-Nova-Api-Version: 2.1 _http_log_response /usr/lib/python2.7/site-packages/keystoneauth1/session.py:479
2020-04-03 16:07:11.854 659 DEBUG novaclient.v2.client [-] RESP BODY: {"flavors": [{"links": [{"href": "http://compute-airship.intel-pod17.opnfv.org/v2.1/flavors/246bd8be-4f07-4da9-946a-f8035a12178b", "rel": "self"}, {"href": "http://compute-airship.intel-pod17.opnfv.org/flavors/246bd8be-4f07-4da9-946a-f8035a12178b", "rel": "bookmark"}], "ram": 8192, "OS-FLV-DISABLED:disabled": false, "os-flavor-access:is_public": true, "rxtx_factor": 1.0, "disk": 80, "id": "246bd8be-4f07-4da9-946a-f8035a12178b", "name": "m1.large", "vcpus": 4, "swap": "", "OS-FLV-EXT-DATA:ephemeral": 0}, {"links": [{"href": "http://compute-airship.intel-pod17.opnfv.org/v2.1/flavors/551c3fe2-20b8-4750-8b04-81222be6bf28", "rel": "self"}, {"href": "http://compute-airship.intel-pod17.opnfv.org/flavors/551c3fe2-20b8-4750-8b04-81222be6bf28", "rel": "bookmark"}], "ram": 16384, "OS-FLV-DISABLED:disabled": false, "os-flavor-access:is_public": true, "rxtx_factor": 1.0, "disk": 160, "id": "551c3fe2-20b8-4750-8b04-81222be6bf28", "name": "m1.xlarge", "vcpus": 8, "swap": "", "OS-FLV-EXT-DATA:ephemeral": 0}, {"links": [{"href": "http://compute-airship.intel-pod17.opnfv.org/v2.1/flavors/5bde94d6-c235-465a-bda2-1956fc6d7efd", "rel": "self"}, {"href": "http://compute-airship.intel-pod17.opnfv.org/flavors/5bde94d6-c235-465a-bda2-1956fc6d7efd", "rel": "bookmark"}], "ram": 512, "OS-FLV-DISABLED:disabled": false, "os-flavor-access:is_public": true, "rxtx_factor": 1.0, "disk": 1, "id": "5bde94d6-c235-465a-bda2-1956fc6d7efd", "name": "rally_full-flavor_bf53dcae-9392-47da-9ecb-38878eb89dba", "vcpus": 1, "swap": "", "OS-FLV-EXT-DATA:ephemeral": 0}, {"links": [{"href": "http://compute-airship.intel-pod17.opnfv.org/v2.1/flavors/87c86126-ddf7-4e25-8765-e2b649f4e06e", "rel": "self"}, {"href": "http://compute-airship.intel-pod17.opnfv.org/flavors/87c86126-ddf7-4e25-8765-e2b649f4e06e", "rel": "bookmark"}], "ram": 4096, "OS-FLV-DISABLED:disabled": false, "os-flavor-access:is_public": true, "rxtx_factor": 1.0, "disk": 40, "id": "87c86126-ddf7-4e25-8765-e2b649f4e06e", "name": "m1.medium", "vcpus": 2, "swap": "", "OS-FLV-EXT-DATA:ephemeral": 0}, {"links": [{"href": "http://compute-airship.intel-pod17.opnfv.org/v2.1/flavors/f17546c0-3566-4328-ad7a-bfb2ffe36f08", "rel": "self"}, {"href": "http://compute-airship.intel-pod17.opnfv.org/flavors/f17546c0-3566-4328-ad7a-bfb2ffe36f08", "rel": "bookmark"}], "ram": 512, "OS-FLV-DISABLED:disabled": false, "os-flavor-access:is_public": true, "rxtx_factor": 1.0, "disk": 1, "id": "f17546c0-3566-4328-ad7a-bfb2ffe36f08", "name": "m1.tiny", "vcpus": 1, "swap": "", "OS-FLV-EXT-DATA:ephemeral": 0}, {"links": [{"href": "http://compute-airship.intel-pod17.opnfv.org/v2.1/flavors/fa832475-7f1c-482f-8054-70b52bb1478f", "rel": "self"}, {"href": "http://compute-airship.intel-pod17.opnfv.org/flavors/fa832475-7f1c-482f-8054-70b52bb1478f", "rel": "bookmark"}], "ram": 2048, "OS-FLV-DISABLED:disabled": false, "os-flavor-access:is_public": true, "rxtx_factor": 1.0, "disk": 20, "id": "fa832475-7f1c-482f-8054-70b52bb1478f", "name": "m1.small", "vcpus": 1, "swap": "", "OS-FLV-EXT-DATA:ephemeral": 0}, {"links": [{"href": "http://compute-airship.intel-pod17.opnfv.org/v2.1/flavors/fea5cd09-398e-487e-b9f4-1f1852bbaf89", "rel": "self"}, {"href": "http://compute-airship.intel-pod17.opnfv.org/flavors/fea5cd09-398e-487e-b9f4-1f1852bbaf89", "rel": "bookmark"}], "ram": 1024, "OS-FLV-DISABLED:disabled": false, "os-flavor-access:is_public": true, "rxtx_factor": 1.0, "disk": 1, "id": "fea5cd09-398e-487e-b9f4-1f1852bbaf89", "name": "rally_full-flavor_alt_bf53dcae-9392-47da-9ecb-38878eb89dba", "vcpus": 1, "swap": "", "OS-FLV-EXT-DATA:ephemeral": 0}]} _http_log_response /usr/lib/python2.7/site-packages/keystoneauth1/session.py:511
2020-04-03 16:07:11.854 659 DEBUG novaclient.v2.client [-] GET call to compute for http://compute-airship.intel-pod17.opnfv.org/v2.1/flavors/detail used request id req-b3bb9459-9b56-40c9-aa74-c864c0610623 request /usr/lib/python2.7/site-packages/keystoneauth1/session.py:844
2020-04-03 16:07:11.856 659 DEBUG novaclient.v2.client [-] REQ: curl -g -i -X GET http://compute-airship.intel-pod17.opnfv.org/v2.1/flavors/detail -H "Accept: application/json" -H "User-Agent: python-novaclient" -H "X-Auth-Token: {SHA1}b94b74754644b85572486667b8b11076104ac2e6" _http_log_request /usr/lib/python2.7/site-packages/keystoneauth1/session.py:448
2020-04-03 16:07:11.889 660 DEBUG novaclient.v2.client [-] RESP: [200] Connection: keep-alive Content-Encoding: gzip Content-Type: application/json Date: Fri, 03 Apr 2020 16:07:11 GMT Openstack-Api-Version: compute 2.1 Transfer-Encoding: chunked Vary: Accept-Encoding, OpenStack-API-Version, X-OpenStack-Nova-API-Version X-Compute-Request-Id: req-27c651b7-afae-4b83-a693-76412c05eb94 X-Openstack-Nova-Api-Version: 2.1 _http_log_response /usr/lib/python2.7/site-packages/keystoneauth1/session.py:479
2020-04-03 16:07:11.890 660 DEBUG novaclient.v2.client [-] RESP BODY: {"flavors": [{"links": [{"href": "http://compute-airship.intel-pod17.opnfv.org/v2.1/flavors/246bd8be-4f07-4da9-946a-f8035a12178b", "rel": "self"}, {"href": "http://compute-airship.intel-pod17.opnfv.org/flavors/246bd8be-4f07-4da9-946a-f8035a12178b", "rel": "bookmark"}], "ram": 8192, "OS-FLV-DISABLED:disabled": false, "os-flavor-access:is_public": true, "rxtx_factor": 1.0, "disk": 80, "id": "246bd8be-4f07-4da9-946a-f8035a12178b", "name": "m1.large", "vcpus": 4, "swap": "", "OS-FLV-EXT-DATA:ephemeral": 0}, {"links": [{"href": "http://compute-airship.intel-pod17.opnfv.org/v2.1/flavors/551c3fe2-20b8-4750-8b04-81222be6bf28", "rel": "self"}, {"href": "http://compute-airship.intel-pod17.opnfv.org/flavors/551c3fe2-20b8-4750-8b04-81222be6bf28", "rel": "bookmark"}], "ram": 16384, "OS-FLV-DISABLED:disabled": false, "os-flavor-access:is_public": true, "rxtx_factor": 1.0, "disk": 160, "id": "551c3fe2-20b8-4750-8b04-81222be6bf28", "name": "m1.xlarge", "vcpus": 8, "swap": "", "OS-FLV-EXT-DATA:ephemeral": 0}, {"links": [{"href": "http://compute-airship.intel-pod17.opnfv.org/v2.1/flavors/5bde94d6-c235-465a-bda2-1956fc6d7efd", "rel": "self"}, {"href": "http://compute-airship.intel-pod17.opnfv.org/flavors/5bde94d6-c235-465a-bda2-1956fc6d7efd", "rel": "bookmark"}], "ram": 512, "OS-FLV-DISABLED:disabled": false, "os-flavor-access:is_public": true, "rxtx_factor": 1.0, "disk": 1, "id": "5bde94d6-c235-465a-bda2-1956fc6d7efd", "name": "rally_full-flavor_bf53dcae-9392-47da-9ecb-38878eb89dba", "vcpus": 1, "swap": "", "OS-FLV-EXT-DATA:ephemeral": 0}, {"links": [{"href": "http://compute-airship.intel-pod17.opnfv.org/v2.1/flavors/87c86126-ddf7-4e25-8765-e2b649f4e06e", "rel": "self"}, {"href": "http://compute-airship.intel-pod17.opnfv.org/flavors/87c86126-ddf7-4e25-8765-e2b649f4e06e", "rel": "bookmark"}], "ram": 4096, "OS-FLV-DISABLED:disabled": false, "os-flavor-access:is_public": true, "rxtx_factor": 1.0, "disk": 40, "id": "87c86126-ddf7-4e25-8765-e2b649f4e06e", "name": "m1.medium", "vcpus": 2, "swap": "", "OS-FLV-EXT-DATA:ephemeral": 0}, {"links": [{"href": "http://compute-airship.intel-pod17.opnfv.org/v2.1/flavors/f17546c0-3566-4328-ad7a-bfb2ffe36f08", "rel": "self"}, {"href": "http://compute-airship.intel-pod17.opnfv.org/flavors/f17546c0-3566-4328-ad7a-bfb2ffe36f08", "rel": "bookmark"}], "ram": 512, "OS-FLV-DISABLED:disabled": false, "os-flavor-access:is_public": true, "rxtx_factor": 1.0, "disk": 1, "id": "f17546c0-3566-4328-ad7a-bfb2ffe36f08", "name": "m1.tiny", "vcpus": 1, "swap": "", "OS-FLV-EXT-DATA:ephemeral": 0}, {"links": [{"href": "http://compute-airship.intel-pod17.opnfv.org/v2.1/flavors/fa832475-7f1c-482f-8054-70b52bb1478f", "rel": "self"}, {"href": "http://compute-airship.intel-pod17.opnfv.org/flavors/fa832475-7f1c-482f-8054-70b52bb1478f", "rel": "bookmark"}], "ram": 2048, "OS-FLV-DISABLED:disabled": false, "os-flavor-access:is_public": true, "rxtx_factor": 1.0, "disk": 20, "id": "fa832475-7f1c-482f-8054-70b52bb1478f", "name": "m1.small", "vcpus": 1, "swap": "", "OS-FLV-EXT-DATA:ephemeral": 0}, {"links": [{"href": "http://compute-airship.intel-pod17.opnfv.org/v2.1/flavors/fea5cd09-398e-487e-b9f4-1f1852bbaf89", "rel": "self"}, {"href": "http://compute-airship.intel-pod17.opnfv.org/flavors/fea5cd09-398e-487e-b9f4-1f1852bbaf89", "rel": "bookmark"}], "ram": 1024, "OS-FLV-DISABLED:disabled": false, "os-flavor-access:is_public": true, "rxtx_factor": 1.0, "disk": 1, "id": "fea5cd09-398e-487e-b9f4-1f1852bbaf89", "name": "rally_full-flavor_alt_bf53dcae-9392-47da-9ecb-38878eb89dba", "vcpus": 1, "swap": "", "OS-FLV-EXT-DATA:ephemeral": 0}]} _http_log_response /usr/lib/python2.7/site-packages/keystoneauth1/session.py:511
2020-04-03 16:07:11.891 660 DEBUG novaclient.v2.client [-] GET call to compute for http://compute-airship.intel-pod17.opnfv.org/v2.1/flavors/detail used request id req-27c651b7-afae-4b83-a693-76412c05eb94 request /usr/lib/python2.7/site-packages/keystoneauth1/session.py:844
2020-04-03 16:07:11.892 660 DEBUG novaclient.v2.client [-] REQ: curl -g -i -X GET http://compute-airship.intel-pod17.opnfv.org/v2.1/flavors/detail -H "Accept: application/json" -H "User-Agent: python-novaclient" -H "X-Auth-Token: {SHA1}c3cc5c3cb55432d495729e135f21acded736c30c" _http_log_request /usr/lib/python2.7/site-packages/keystoneauth1/session.py:448
