2020-04-03 16:07:28.441 725 INFO rally.task.engine [-] Running workload: position = 0 config = { "version": 2, "title": "A cropped version of a bigger task.", "description": "Auto-generated task from a single workload (uuid=363b06a7-2356-4344-80c7-a511a4e7e328)", "subtasks": [ { "title": "GlanceImages.create_and_delete_image", "description": "Create and then delete an image.", "scenario": { "GlanceImages.create_and_delete_image": { "container_format": "bare", "disk_format": "qcow2", "image_location": "/home/opnfv/functest/images/cirros-0.4.0-x86_64-disk.img" } }, "contexts": { "users": { "tenants": 3, "users_per_tenant": 2 } }, "runner": { "constant": { "concurrency": 4, "times": 10 } }, "hooks": [], "sla": { "failure_rate": { "max": 0 } } } ] }
2020-04-03 16:07:28.461 725 RALLYDEBUG rally_openstack.contexts.keystone.users [-] Creating 3 tenants using 20 threads
2020-04-03 16:07:28.937 725 RALLYDEBUG rally_openstack.contexts.keystone.users [-] Creating 6 users using 20 threads
2020-04-03 16:07:29.910 725 INFO rally.task.context [-] Task fe1de9e8-6928-4d0e-a872-e3dd1581fdbd | Context users@openstack setup() finished in 1.45 sec
2020-04-03 16:07:29.910 725 INFO rally.task.context [-] Task fe1de9e8-6928-4d0e-a872-e3dd1581fdbd | Context cleanup@openstack setup() finished in 0.00 msec
2020-04-03 16:07:29.920 725 RALLYDEBUG rally.task.runner [-] Starting the constant runner (task UUID: fe1de9e8-6928-4d0e-a872-e3dd1581fdbd). timeout: 0 concurrency: 4 concurrency_per_worker: 1 times: 10 concurrency_overhead: 0 processes_to_start: 4 max_cpu_used: 88
2020-04-03 16:07:29.934 849 RALLYDEBUG rally.task.runner [-] Starting a worker. concurrency: 1 args: {"container_format": "bare", "disk_format": "qcow2", "image_location": "/home/opnfv/functest/images/cirros-0.4.0-x86_64-disk.img"} times: 10 method_name: run timeout: 0 duration: None cls:
2020-04-03 16:07:29.936 850 RALLYDEBUG rally.task.runner [-] Starting a worker. concurrency: 1 args: {"container_format": "bare", "disk_format": "qcow2", "image_location": "/home/opnfv/functest/images/cirros-0.4.0-x86_64-disk.img"} times: 10 method_name: run timeout: 0 duration: None cls:
2020-04-03 16:07:29.939 851 RALLYDEBUG rally.task.runner [-] Starting a worker. concurrency: 1 args: {"container_format": "bare", "disk_format": "qcow2", "image_location": "/home/opnfv/functest/images/cirros-0.4.0-x86_64-disk.img"} times: 10 method_name: run timeout: 0 duration: None cls:
2020-04-03 16:07:29.941 849 INFO rally.task.runner [-] Task fe1de9e8-6928-4d0e-a872-e3dd1581fdbd | ITER: 1 START
2020-04-03 16:07:29.941 852 RALLYDEBUG rally.task.runner [-] Starting a worker. concurrency: 1 args: {"container_format": "bare", "disk_format": "qcow2", "image_location": "/home/opnfv/functest/images/cirros-0.4.0-x86_64-disk.img"} times: 10 method_name: run timeout: 0 duration: None cls:
2020-04-03 16:07:29.944 850 INFO rally.task.runner [-] Task fe1de9e8-6928-4d0e-a872-e3dd1581fdbd | ITER: 2 START
2020-04-03 16:07:29.946 851 INFO rally.task.runner [-] Task fe1de9e8-6928-4d0e-a872-e3dd1581fdbd | ITER: 3 START
2020-04-03 16:07:29.947 852 INFO rally.task.runner [-] Task fe1de9e8-6928-4d0e-a872-e3dd1581fdbd | ITER: 4 START
2020-04-03 16:07:32.859 850 RALLYDEBUG rally.task.utils [-] Waiting for resource u'2dc59575-cbad-421c-8198-799e21e77597'. Status changed: NONE => QUEUED in 0.110301971436
2020-04-03 16:07:32.860 851 RALLYDEBUG rally.task.utils [-] Waiting for resource u'5f77ea8d-63a0-4795-b177-ad1dc2765be1'. Status changed: NONE => QUEUED in 0.0995740890503
2020-04-03 16:07:32.962 849 RALLYDEBUG rally.task.utils [-] Waiting for resource u'4e3d8fe5-ed1b-46c8-8090-cacae0160b5f'. Status changed: NONE => QUEUED in 0.0774519443512
2020-04-03 16:07:33.035 852 RALLYDEBUG rally.task.utils [-] Waiting for resource u'1369798a-c714-4da5-9859-e561949db525'. Status changed: NONE => QUEUED in 0.084911108017
2020-04-03 16:07:34.372 851 RALLYDEBUG rally.task.utils [-] Waiting for resource s_rally_363b06a7_k3bgORj9. Status changed: QUEUED => ACTIVE in 0.060476064682
2020-04-03 16:07:34.399 850 RALLYDEBUG rally.task.utils [-] Waiting for resource s_rally_363b06a7_SSU0EpAD. Status changed: QUEUED => ACTIVE in 0.0598709583282
2020-04-03 16:07:34.497 849 RALLYDEBUG rally.task.utils [-] Waiting for resource s_rally_363b06a7_cOscuqu1. Status changed: QUEUED => ACTIVE in 0.0926129817963
2020-04-03 16:07:34.674 852 RALLYDEBUG rally.task.utils [-] Waiting for resource s_rally_363b06a7_LzuChgty. Status changed: QUEUED => ACTIVE in 0.0505890846252
2020-04-03 16:07:35.044 851 INFO rally.task.runner [-] Task fe1de9e8-6928-4d0e-a872-e3dd1581fdbd | ITER: 3 END: OK
2020-04-03 16:07:35.050 851 INFO rally.task.runner [-] Task fe1de9e8-6928-4d0e-a872-e3dd1581fdbd | ITER: 5 START
2020-04-03 16:07:35.127 850 INFO rally.task.runner [-] Task fe1de9e8-6928-4d0e-a872-e3dd1581fdbd | ITER: 2 END: OK
2020-04-03 16:07:35.133 850 INFO rally.task.runner [-] Task fe1de9e8-6928-4d0e-a872-e3dd1581fdbd | ITER: 6 START
2020-04-03 16:07:35.199 849 INFO rally.task.runner [-] Task fe1de9e8-6928-4d0e-a872-e3dd1581fdbd | ITER: 1 END: OK
2020-04-03 16:07:35.204 849 INFO rally.task.runner [-] Task fe1de9e8-6928-4d0e-a872-e3dd1581fdbd | ITER: 7 START
2020-04-03 16:07:35.213 852 INFO rally.task.runner [-] Task fe1de9e8-6928-4d0e-a872-e3dd1581fdbd | ITER: 4 END: OK
2020-04-03 16:07:35.217 852 INFO rally.task.runner [-] Task fe1de9e8-6928-4d0e-a872-e3dd1581fdbd | ITER: 8 START
2020-04-03 16:07:37.969 851 RALLYDEBUG rally.task.utils [-] Waiting for resource u'5454710e-b94b-460c-8efb-a78a47909edd'. Status changed: NONE => QUEUED in 0.0724701881409
2020-04-03 16:07:38.036 850 RALLYDEBUG rally.task.utils [-] Waiting for resource u'cdfb2e62-69ff-46cd-9843-82961fc09ce5'. Status changed: NONE => QUEUED in 0.0834691524506
2020-04-03 16:07:38.048 849 RALLYDEBUG rally.task.utils [-] Waiting for resource u'19ba148b-a74f-4ad9-810f-cb693f2f03dc'. Status changed: NONE => QUEUED in 0.0777668952942
2020-04-03 16:07:38.153 852 RALLYDEBUG rally.task.utils [-] Waiting for resource u'215aa7d5-0697-43fb-b076-8d85fc8f1aac'. Status changed: NONE => QUEUED in 0.072389125824
2020-04-03 16:07:39.034 851 RALLYDEBUG rally.task.utils [-] Waiting for resource s_rally_363b06a7_ZMjDht2n. Status changed: QUEUED => ACTIVE in 0.0526711940765
2020-04-03 16:07:39.485 852 RALLYDEBUG rally.task.utils [-] Waiting for resource s_rally_363b06a7_PipzSZAE. Status changed: QUEUED => ACTIVE in 0.0464029312134
2020-04-03 16:07:39.590 851 INFO rally.task.runner [-] Task fe1de9e8-6928-4d0e-a872-e3dd1581fdbd | ITER: 5 END: OK
2020-04-03 16:07:39.594 851 INFO rally.task.runner [-] Task fe1de9e8-6928-4d0e-a872-e3dd1581fdbd | ITER: 9 START
2020-04-03 16:07:39.657 850 RALLYDEBUG rally.task.utils [-] Waiting for resource s_rally_363b06a7_duCx6RQo. Status changed: QUEUED => ACTIVE in 0.0647909641266
2020-04-03 16:07:39.659 849 RALLYDEBUG rally.task.utils [-] Waiting for resource s_rally_363b06a7_F42uuCyB. Status changed: QUEUED => ACTIVE in 0.0480029582977
2020-04-03 16:07:40.127 852 INFO rally.task.runner [-] Task fe1de9e8-6928-4d0e-a872-e3dd1581fdbd | ITER: 8 END: OK
2020-04-03 16:07:40.131 852 INFO rally.task.runner [-] Task fe1de9e8-6928-4d0e-a872-e3dd1581fdbd | ITER: 10 START
2020-04-03 16:07:40.379 850 INFO rally.task.runner [-] Task fe1de9e8-6928-4d0e-a872-e3dd1581fdbd | ITER: 6 END: OK
2020-04-03 16:07:40.407 849 INFO rally.task.runner [-] Task fe1de9e8-6928-4d0e-a872-e3dd1581fdbd | ITER: 7 END: OK
2020-04-03 16:07:42.200 851 RALLYDEBUG rally.task.utils [-] Waiting for resource u'9b3f103e-8f94-4676-a178-da5584fe61df'. Status changed: NONE => QUEUED in 0.0737822055817
2020-04-03 16:07:42.603 852 RALLYDEBUG rally.task.utils [-] Waiting for resource u'52ed323d-480f-4568-b61c-0965f958b54b'. Status changed: NONE => QUEUED in 0.0716731548309
2020-04-03 16:07:43.173 851 RALLYDEBUG rally.task.utils [-] Waiting for resource s_rally_363b06a7_8QQ8AlUX. Status changed: QUEUED => ACTIVE in 0.0415120124817
2020-04-03 16:07:43.528 852 RALLYDEBUG rally.task.utils [-] Waiting for resource s_rally_363b06a7_ZtKDll02. Status changed: QUEUED => ACTIVE in 0.051656961441
2020-04-03 16:07:43.667 851 INFO rally.task.runner [-] Task fe1de9e8-6928-4d0e-a872-e3dd1581fdbd | ITER: 9 END: OK
2020-04-03 16:07:44.034 852 INFO rally.task.runner [-] Task fe1de9e8-6928-4d0e-a872-e3dd1581fdbd | ITER: 10 END: OK
2020-04-03 16:07:44.055 725 INFO rally.task.context [-] Task fe1de9e8-6928-4d0e-a872-e3dd1581fdbd | Context cleanup@openstack cleanup() started
2020-04-03 16:07:44.060 725 RALLYDEBUG rally_openstack.cleanup.manager [-] Cleaning up glance images objects
2020-04-03 16:07:44.981 725 INFO rally.task.context [-] Task fe1de9e8-6928-4d0e-a872-e3dd1581fdbd | Context cleanup@openstack cleanup() finished in 0.93 sec
2020-04-03 16:07:44.981 725 INFO rally.task.context [-] Task fe1de9e8-6928-4d0e-a872-e3dd1581fdbd | Context users@openstack cleanup() started
2020-04-03 16:07:48.798 725 INFO rally.task.context [-] Task fe1de9e8-6928-4d0e-a872-e3dd1581fdbd | Context users@openstack cleanup() finished in 3.82 sec
2020-04-03 16:07:50.573 725 INFO rally.task.engine [-] Load duration is: 13.655368
2020-04-03 16:07:50.573 725 INFO rally.task.engine [-] Full runner duration is: 14.134857
2020-04-03 16:07:50.574 725 INFO rally.task.engine [-] Full duration is: 20.339125
2020-04-03 16:07:50.661 725 INFO rally.task.engine [-] Running workload: position = 0 config = { "version": 2, "title": "A cropped version of a bigger task.", "description": "Auto-generated task from a single workload (uuid=5096afe1-666b-4eb7-a589-efdf43344bfa)", "subtasks": [ { "title": "GlanceImages.create_and_list_image", "description": "Create an image and then list all images.", "scenario": { "GlanceImages.create_and_list_image": { "container_format": "bare", "disk_format": "qcow2", "image_location": "/home/opnfv/functest/images/cirros-0.4.0-x86_64-disk.img" } }, "contexts": { "users": { "tenants": 3, "users_per_tenant": 2 } }, "runner": { "constant": { "concurrency": 4, "times": 10 } }, "hooks": [], "sla": { "failure_rate": { "max": 0 } } } ] }
2020-04-03 16:07:50.673 725 RALLYDEBUG rally_openstack.contexts.keystone.users [-] Creating 3 tenants using 20 threads
2020-04-03 16:07:51.162 725 RALLYDEBUG rally_openstack.contexts.keystone.users [-] Creating 6 users using 20 threads
2020-04-03 16:08:34.238 725 INFO rally.task.context [-] Task fe1de9e8-6928-4d0e-a872-e3dd1581fdbd | Context users@openstack setup() finished in 43.56 sec
2020-04-03 16:08:34.238 725 INFO rally.task.context [-] Task fe1de9e8-6928-4d0e-a872-e3dd1581fdbd | Context cleanup@openstack setup() finished in 0.04 msec
2020-04-03 16:08:34.249 725 RALLYDEBUG rally.task.runner [-] Starting the constant runner (task UUID: fe1de9e8-6928-4d0e-a872-e3dd1581fdbd). timeout: 0 concurrency: 4 concurrency_per_worker: 1 times: 10 concurrency_overhead: 0 processes_to_start: 4 max_cpu_used: 88
2020-04-03 16:08:34.263 973 RALLYDEBUG rally.task.runner [-] Starting a worker. concurrency: 1 args: {"container_format": "bare", "disk_format": "qcow2", "image_location": "/home/opnfv/functest/images/cirros-0.4.0-x86_64-disk.img"} times: 10 method_name: run timeout: 0 duration: None cls:
2020-04-03 16:08:34.265 974 RALLYDEBUG rally.task.runner [-] Starting a worker. concurrency: 1 args: {"container_format": "bare", "disk_format": "qcow2", "image_location": "/home/opnfv/functest/images/cirros-0.4.0-x86_64-disk.img"} times: 10 method_name: run timeout: 0 duration: None cls:
2020-04-03 16:08:34.268 975 RALLYDEBUG rally.task.runner [-] Starting a worker. concurrency: 1 args: {"container_format": "bare", "disk_format": "qcow2", "image_location": "/home/opnfv/functest/images/cirros-0.4.0-x86_64-disk.img"} times: 10 method_name: run timeout: 0 duration: None cls:
2020-04-03 16:08:34.270 973 INFO rally.task.runner [-] Task fe1de9e8-6928-4d0e-a872-e3dd1581fdbd | ITER: 1 START
2020-04-03 16:08:34.270 976 RALLYDEBUG rally.task.runner [-] Starting a worker. concurrency: 1 args: {"container_format": "bare", "disk_format": "qcow2", "image_location": "/home/opnfv/functest/images/cirros-0.4.0-x86_64-disk.img"} times: 10 method_name: run timeout: 0 duration: None cls:
2020-04-03 16:08:34.272 974 INFO rally.task.runner [-] Task fe1de9e8-6928-4d0e-a872-e3dd1581fdbd | ITER: 2 START
2020-04-03 16:08:34.275 975 INFO rally.task.runner [-] Task fe1de9e8-6928-4d0e-a872-e3dd1581fdbd | ITER: 3 START
2020-04-03 16:08:34.277 976 INFO rally.task.runner [-] Task fe1de9e8-6928-4d0e-a872-e3dd1581fdbd | ITER: 4 START
2020-04-03 16:08:37.746 973 RALLYDEBUG rally.task.utils [-] Waiting for resource u'9ec953fb-78b7-41ed-9345-f66b285434f9'. Status changed: NONE => QUEUED in 0.079311132431
2020-04-03 16:08:37.997 975 RALLYDEBUG rally.task.utils [-] Waiting for resource u'73b175a3-4223-4ddd-9f41-9c3c3573f8a3'. Status changed: NONE => QUEUED in 0.0821461677551
2020-04-03 16:08:38.097 974 RALLYDEBUG rally.task.utils [-] Waiting for resource u'88dc22e9-bc47-4cff-ad26-bd14cbc3e77b'. Status changed: NONE => QUEUED in 0.085618019104
2020-04-03 16:08:38.109 976 RALLYDEBUG rally.task.utils [-] Waiting for resource u'ae38a1a1-c005-4008-882a-2f75c9586e9c'. Status changed: NONE => QUEUED in 0.172816991806
2020-04-03 16:08:39.069 973 RALLYDEBUG rally.task.utils [-] Waiting for resource s_rally_5096afe1_GGpVuAmd. Status changed: QUEUED => ACTIVE in 0.0408430099487
2020-04-03 16:08:39.117 973 INFO rally.task.runner [-] Task fe1de9e8-6928-4d0e-a872-e3dd1581fdbd | ITER: 1 END: OK
2020-04-03 16:08:39.121 973 INFO rally.task.runner [-] Task fe1de9e8-6928-4d0e-a872-e3dd1581fdbd | ITER: 5 START
2020-04-03 16:08:39.304 975 RALLYDEBUG rally.task.utils [-] Waiting for resource s_rally_5096afe1_MWSTC5mF. Status changed: QUEUED => ACTIVE in 0.0443229675293
2020-04-03 16:08:39.369 975 INFO rally.task.runner [-] Task fe1de9e8-6928-4d0e-a872-e3dd1581fdbd | ITER: 3 END: OK
2020-04-03 16:08:39.374 975 INFO rally.task.runner [-] Task fe1de9e8-6928-4d0e-a872-e3dd1581fdbd | ITER: 6 START
2020-04-03 16:08:39.442 974 RALLYDEBUG rally.task.utils [-] Waiting for resource s_rally_5096afe1_KuaTL1If. Status changed: QUEUED => ACTIVE in 0.0488648414612
2020-04-03 16:08:39.515 974 INFO rally.task.runner [-] Task fe1de9e8-6928-4d0e-a872-e3dd1581fdbd | ITER: 2 END: OK
2020-04-03 16:08:39.516 976 RALLYDEBUG rally.task.utils [-] Waiting for resource s_rally_5096afe1_NN6QgmDr. Status changed: QUEUED => ACTIVE in 0.0849299430847
2020-04-03 16:08:39.519 974 INFO rally.task.runner [-] Task fe1de9e8-6928-4d0e-a872-e3dd1581fdbd | ITER: 7 START
2020-04-03 16:08:39.581 976 INFO rally.task.runner [-] Task fe1de9e8-6928-4d0e-a872-e3dd1581fdbd | ITER: 4 END: OK
2020-04-03 16:08:39.585 976 INFO rally.task.runner [-] Task fe1de9e8-6928-4d0e-a872-e3dd1581fdbd | ITER: 8 START
2020-04-03 16:09:15.105 973 RALLYDEBUG rally.task.utils [-] Waiting for resource u'f3f77a0f-9d8b-44c5-8b0a-08dc51e3c634'. Status changed: NONE => QUEUED in 0.081414937973
2020-04-03 16:09:16.109 973 RALLYDEBUG rally.task.utils [-] Waiting for resource s_rally_5096afe1_KYbFgHp4. Status changed: QUEUED => ACTIVE in 0.0464661121368
2020-04-03 16:09:16.180 973 INFO rally.task.runner [-] Task fe1de9e8-6928-4d0e-a872-e3dd1581fdbd | ITER: 5 END: OK
2020-04-03 16:09:16.185 973 INFO rally.task.runner [-] Task fe1de9e8-6928-4d0e-a872-e3dd1581fdbd | ITER: 9 START
2020-04-03 16:09:18.827 973 RALLYDEBUG rally.task.utils [-] Waiting for resource u'f891233a-5b4b-4f50-91d6-d3bfd29bb53a'. Status changed: NONE => QUEUED in 0.0792908668518
2020-04-03 16:09:19.801 973 RALLYDEBUG rally.task.utils [-] Waiting for resource s_rally_5096afe1_h29zpDzd. Status changed: QUEUED => ACTIVE in 0.0477230548859
2020-04-03 16:09:20.033 973 INFO rally.task.runner [-] Task fe1de9e8-6928-4d0e-a872-e3dd1581fdbd | ITER: 9 END: OK
2020-04-03 16:09:20.038 973 INFO rally.task.runner [-] Task fe1de9e8-6928-4d0e-a872-e3dd1581fdbd | ITER: 10 START
2020-04-03 16:09:21.018 975 RALLYDEBUG rally.task.utils [-] Waiting for resource u'eaa9419b-8971-4dbf-96f7-a0ea5f536744'. Status changed: NONE => QUEUED in 0.0803940296173
2020-04-03 16:09:22.035 975 RALLYDEBUG rally.task.utils [-] Waiting for resource s_rally_5096afe1_DdcV7jB3. Status changed: QUEUED => ACTIVE in 0.0464119911194
2020-04-03 16:09:22.096 975 INFO rally.task.runner [-] Task fe1de9e8-6928-4d0e-a872-e3dd1581fdbd | ITER: 6 END: OK
2020-04-03 16:09:22.645 973 RALLYDEBUG rally.task.utils [-] Waiting for resource u'f3a789a8-2a1b-4d92-a43a-3b43df015a79'. Status changed: NONE => QUEUED in 0.0730841159821
2020-04-03 16:09:23.628 973 RALLYDEBUG rally.task.utils [-] Waiting for resource s_rally_5096afe1_CiywFiGO. Status changed: QUEUED => ACTIVE in 0.0440828800201
2020-04-03 16:09:23.801 973 INFO rally.task.runner [-] Task fe1de9e8-6928-4d0e-a872-e3dd1581fdbd | ITER: 10 END: OK
2020-04-03 16:09:25.014 976 ERROR rally_openstack.osclients [-] Unable to authenticate for user rally_full-user_bf53dcae-9392-47da-9ecb-38878eb89dba in project rally_full-project_bf53dcae-9392-47da-9ecb-38878eb89dba: BadGateway: Bad Gateway (HTTP 502)
2020-04-03 16:09:25.014 976 ERROR rally_openstack.osclients
Traceback (most recent call last):
2020-04-03 16:09:25.014 976 ERROR rally_openstack.osclients
File "/usr/lib/python2.7/site-packages/rally_openstack/osclients.py", line 273, in auth_ref
2020-04-03 16:09:25.014 976 ERROR rally_openstack.osclients self.cache["keystone_auth_ref"] = plugin.get_access(sess)
2020-04-03 16:09:25.014 976 ERROR rally_openstack.osclients
File "/usr/lib/python2.7/site-packages/keystoneauth1/identity/base.py", line 134, in get_access
2020-04-03 16:09:25.014 976 ERROR rally_openstack.osclients self.auth_ref = self.get_auth_ref(session)
2020-04-03 16:09:25.014 976 ERROR rally_openstack.osclients
File "/usr/lib/python2.7/site-packages/keystoneauth1/identity/generic/base.py", line 208, in get_auth_ref
2020-04-03 16:09:25.014 976 ERROR rally_openstack.osclients return self._plugin.get_auth_ref(session, **kwargs)
2020-04-03 16:09:25.014 976 ERROR rally_openstack.osclients
File "/usr/lib/python2.7/site-packages/keystoneauth1/identity/v3/base.py", line 178, in get_auth_ref
2020-04-03 16:09:25.014 976 ERROR rally_openstack.osclients authenticated=False, log=False, **rkwargs)
2020-04-03 16:09:25.014 976 ERROR rally_openstack.osclients
File "/usr/lib/python2.7/site-packages/keystoneauth1/session.py", line 1019, in post
2020-04-03 16:09:25.014 976 ERROR rally_openstack.osclients return self.request(url, 'POST', **kwargs)
2020-04-03 16:09:25.014 976 ERROR rally_openstack.osclients
File "/usr/lib/python2.7/site-packages/keystoneauth1/session.py", line 869, in request
2020-04-03 16:09:25.014 976 ERROR rally_openstack.osclients raise exceptions.from_response(resp, method, url)
2020-04-03 16:09:25.014 976 ERROR rally_openstack.osclients BadGateway: Bad Gateway (HTTP 502)
2020-04-03 16:09:25.014 976 ERROR rally_openstack.osclients
2020-04-03 16:09:27.104 974 RALLYDEBUG rally.task.utils [-] Waiting for resource u'10d74b1f-03a9-484b-8ce2-23009b1d8215'. Status changed: NONE => QUEUED in 0.0767529010773
2020-04-03 16:09:28.290 974 RALLYDEBUG rally.task.utils [-] Waiting for resource s_rally_5096afe1_FSdTWZ2R. Status changed: QUEUED => ACTIVE in 0.0486588478088
2020-04-03 16:09:28.359 974 INFO rally.task.runner [-] Task fe1de9e8-6928-4d0e-a872-e3dd1581fdbd | ITER: 7 END: OK
2020-04-03 16:09:28.380 725 INFO rally.task.context [-] Task fe1de9e8-6928-4d0e-a872-e3dd1581fdbd | Context cleanup@openstack cleanup() started
2020-04-03 16:09:28.383 725 RALLYDEBUG rally_openstack.cleanup.manager [-] Cleaning up glance images objects
2020-04-03 16:09:29.423 725 RALLYDEBUG rally_openstack.cleanup.manager [-] Deleting glance.images object s_rally_5096afe1_FSdTWZ2R (10d74b1f-03a9-484b-8ce2-23009b1d8215)
2020-04-03 16:09:29.425 725 RALLYDEBUG rally_openstack.cleanup.manager [-] Deleting glance.images object s_rally_5096afe1_DdcV7jB3 (eaa9419b-8971-4dbf-96f7-a0ea5f536744)
2020-04-03 16:09:29.426 725 RALLYDEBUG rally_openstack.cleanup.manager [-] Deleting glance.images object s_rally_5096afe1_MWSTC5mF (73b175a3-4223-4ddd-9f41-9c3c3573f8a3)
2020-04-03 16:09:29.435 725 RALLYDEBUG rally_openstack.cleanup.manager [-] Deleting glance.images object s_rally_5096afe1_NN6QgmDr (ae38a1a1-c005-4008-882a-2f75c9586e9c)
2020-04-03 16:09:29.436 725 RALLYDEBUG rally_openstack.cleanup.manager [-] Deleting glance.images object s_rally_5096afe1_KuaTL1If (88dc22e9-bc47-4cff-ad26-bd14cbc3e77b)
2020-04-03 16:09:29.453 725 RALLYDEBUG rally_openstack.cleanup.manager [-] Deleting glance.images object s_rally_5096afe1_KYbFgHp4 (f3f77a0f-9d8b-44c5-8b0a-08dc51e3c634)
2020-04-03 16:09:29.475 725 RALLYDEBUG rally_openstack.cleanup.manager [-] Deleting glance.images object s_rally_5096afe1_h29zpDzd (f891233a-5b4b-4f50-91d6-d3bfd29bb53a)
2020-04-03 16:09:29.481 725 RALLYDEBUG rally_openstack.cleanup.manager [-] Deleting glance.images object s_rally_5096afe1_CiywFiGO (f3a789a8-2a1b-4d92-a43a-3b43df015a79)
2020-04-03 16:09:29.518 725 RALLYDEBUG rally_openstack.cleanup.manager [-] Deleting glance.images object s_rally_5096afe1_GGpVuAmd (9ec953fb-78b7-41ed-9345-f66b285434f9)
2020-04-03 16:09:32.459 725 DEBUG glanceclient.common.http [-] Request returned failure status 404. _handle_response /usr/lib/python2.7/site-packages/glanceclient/common/http.py:125
2020-04-03 16:09:32.531 725 DEBUG glanceclient.common.http [-] Request returned failure status 404. _handle_response /usr/lib/python2.7/site-packages/glanceclient/common/http.py:125
2020-04-03 16:09:32.533 725 DEBUG glanceclient.common.http [-] Request returned failure status 404. _handle_response /usr/lib/python2.7/site-packages/glanceclient/common/http.py:125
2020-04-03 16:09:32.590 725 DEBUG glanceclient.common.http [-] Request returned failure status 404. _handle_response /usr/lib/python2.7/site-packages/glanceclient/common/http.py:125
2020-04-03 16:09:32.595 725 DEBUG glanceclient.common.http [-] Request returned failure status 404. _handle_response /usr/lib/python2.7/site-packages/glanceclient/common/http.py:125
2020-04-03 16:09:32.621 725 DEBUG glanceclient.common.http [-] Request returned failure status 404. _handle_response /usr/lib/python2.7/site-packages/glanceclient/common/http.py:125
2020-04-03 16:09:32.638 725 DEBUG glanceclient.common.http [-] Request returned failure status 404. _handle_response /usr/lib/python2.7/site-packages/glanceclient/common/http.py:125
2020-04-03 16:09:32.671 725 DEBUG glanceclient.common.http [-] Request returned failure status 404. _handle_response /usr/lib/python2.7/site-packages/glanceclient/common/http.py:125
2020-04-03 16:09:32.825 725 DEBUG glanceclient.common.http [-] Request returned failure status 404. _handle_response /usr/lib/python2.7/site-packages/glanceclient/common/http.py:125
2020-04-03 16:09:32.827 725 DEBUG glanceclient.common.http [-] Request returned failure status 404. _handle_response /usr/lib/python2.7/site-packages/glanceclient/common/http.py:125
2020-04-03 16:09:32.887 725 DEBUG glanceclient.common.http [-] Request returned failure status 404. _handle_response /usr/lib/python2.7/site-packages/glanceclient/common/http.py:125
2020-04-03 16:09:32.887 725 DEBUG glanceclient.common.http [-] Request returned failure status 404. _handle_response /usr/lib/python2.7/site-packages/glanceclient/common/http.py:125
2020-04-03 16:09:32.891 725 DEBUG glanceclient.common.http [-] Request returned failure status 404. _handle_response /usr/lib/python2.7/site-packages/glanceclient/common/http.py:125
2020-04-03 16:09:32.938 725 DEBUG glanceclient.common.http [-] Request returned failure status 404. _handle_response /usr/lib/python2.7/site-packages/glanceclient/common/http.py:125
2020-04-03 16:09:32.939 725 DEBUG glanceclient.common.http [-] Request returned failure status 404. _handle_response /usr/lib/python2.7/site-packages/glanceclient/common/http.py:125
2020-04-03 16:09:32.951 725 DEBUG glanceclient.common.http [-] Request returned failure status 404. _handle_response /usr/lib/python2.7/site-packages/glanceclient/common/http.py:125
2020-04-03 16:09:32.999 725 DEBUG glanceclient.common.http [-] Request returned failure status 404. _handle_response /usr/lib/python2.7/site-packages/glanceclient/common/http.py:125
2020-04-03 16:09:33.004 725 DEBUG glanceclient.common.http [-] Request returned failure status 404. _handle_response /usr/lib/python2.7/site-packages/glanceclient/common/http.py:125
2020-04-03 16:09:34.007 725 INFO rally.task.context [-] Task fe1de9e8-6928-4d0e-a872-e3dd1581fdbd | Context cleanup@openstack cleanup() finished in 5.63 sec
2020-04-03 16:09:34.008 725 INFO rally.task.context [-] Task fe1de9e8-6928-4d0e-a872-e3dd1581fdbd | Context users@openstack cleanup() started
2020-04-03 16:09:38.903 725 INFO rally.task.context [-] Task fe1de9e8-6928-4d0e-a872-e3dd1581fdbd | Context users@openstack cleanup() finished in 4.89 sec
2020-04-03 16:09:39.085 725 INFO rally.task.engine [-] Load duration is: 53.202837
2020-04-03 16:09:39.085 725 INFO rally.task.engine [-] Full runner duration is: 54.130887
2020-04-03 16:09:39.086 725 INFO rally.task.engine [-] Full duration is: 108.231084
2020-04-03 16:09:39.175 725 INFO rally.task.engine [-] Running workload: position = 0 config = { "version": 2, "title": "A cropped version of a bigger task.", "description": "Auto-generated task from a single workload (uuid=0c4fd392-3591-4329-bbe5-de2837b91ee1)", "subtasks": [ { "title": "GlanceImages.list_images", "description": "List all images.", "scenario": { "GlanceImages.list_images": {} }, "contexts": { "users": { "tenants": 3, "users_per_tenant": 2 } }, "runner": { "constant": { "concurrency": 4, "times": 10 } }, "hooks": [], "sla": { "failure_rate": { "max": 0 } } } ] }
2020-04-03 16:09:39.186 725 RALLYDEBUG rally_openstack.contexts.keystone.users [-] Creating 3 tenants using 20 threads
2020-04-03 16:09:39.921 725 RALLYDEBUG rally_openstack.contexts.keystone.users [-] Creating 6 users using 20 threads
2020-04-03 16:09:42.136 725 INFO rally.task.context [-] Task fe1de9e8-6928-4d0e-a872-e3dd1581fdbd | Context users@openstack setup() finished in 2.95 sec
2020-04-03 16:09:42.145 725 RALLYDEBUG rally.task.runner [-] Starting the constant runner (task UUID: fe1de9e8-6928-4d0e-a872-e3dd1581fdbd). timeout: 0 concurrency: 4 concurrency_per_worker: 1 times: 10 concurrency_overhead: 0 processes_to_start: 4 max_cpu_used: 88
2020-04-03 16:09:42.158 1097 RALLYDEBUG rally.task.runner [-] Starting a worker. concurrency: 1 args: {} times: 10 method_name: run timeout: 0 duration: None cls:
2020-04-03 16:09:42.161 1098 RALLYDEBUG rally.task.runner [-] Starting a worker. concurrency: 1 args: {} times: 10 method_name: run timeout: 0 duration: None cls:
2020-04-03 16:09:42.164 1099 RALLYDEBUG rally.task.runner [-] Starting a worker. concurrency: 1 args: {} times: 10 method_name: run timeout: 0 duration: None cls:
2020-04-03 16:09:42.166 1097 INFO rally.task.runner [-] Task fe1de9e8-6928-4d0e-a872-e3dd1581fdbd | ITER: 1 START
2020-04-03 16:09:42.167 1100 RALLYDEBUG rally.task.runner [-] Starting a worker. concurrency: 1 args: {} times: 10 method_name: run timeout: 0 duration: None cls:
2020-04-03 16:09:42.168 1098 INFO rally.task.runner [-] Task fe1de9e8-6928-4d0e-a872-e3dd1581fdbd | ITER: 2 START
2020-04-03 16:09:42.170 1099 INFO rally.task.runner [-] Task fe1de9e8-6928-4d0e-a872-e3dd1581fdbd | ITER: 3 START
2020-04-03 16:09:42.173 1100 INFO rally.task.runner [-] Task fe1de9e8-6928-4d0e-a872-e3dd1581fdbd | ITER: 4 START
2020-04-03 16:09:43.223 1097 INFO rally.task.runner [-] Task fe1de9e8-6928-4d0e-a872-e3dd1581fdbd | ITER: 1 END: OK
2020-04-03 16:09:43.228 1097 INFO rally.task.runner [-] Task fe1de9e8-6928-4d0e-a872-e3dd1581fdbd | ITER: 5 START
2020-04-03 16:09:43.276 1098 INFO rally.task.runner [-] Task fe1de9e8-6928-4d0e-a872-e3dd1581fdbd | ITER: 2 END: OK
2020-04-03 16:09:43.280 1098 INFO rally.task.runner [-] Task fe1de9e8-6928-4d0e-a872-e3dd1581fdbd | ITER: 6 START
2020-04-03 16:09:43.425 1100 INFO rally.task.runner [-] Task fe1de9e8-6928-4d0e-a872-e3dd1581fdbd | ITER: 4 END: OK
2020-04-03 16:09:43.430 1100 INFO rally.task.runner [-] Task fe1de9e8-6928-4d0e-a872-e3dd1581fdbd | ITER: 7 START
2020-04-03 16:09:43.632 1099 INFO rally.task.runner [-] Task fe1de9e8-6928-4d0e-a872-e3dd1581fdbd | ITER: 3 END: OK
2020-04-03 16:09:43.636 1099 INFO rally.task.runner [-] Task fe1de9e8-6928-4d0e-a872-e3dd1581fdbd | ITER: 8 START
2020-04-03 16:09:43.895 1097 INFO rally.task.runner [-] Task fe1de9e8-6928-4d0e-a872-e3dd1581fdbd | ITER: 5 END: OK
2020-04-03 16:09:43.899 1097 INFO rally.task.runner [-] Task fe1de9e8-6928-4d0e-a872-e3dd1581fdbd | ITER: 9 START
2020-04-03 16:09:44.202 1098 INFO rally.task.runner [-] Task fe1de9e8-6928-4d0e-a872-e3dd1581fdbd | ITER: 6 END: OK
2020-04-03 16:09:44.206 1098 INFO rally.task.runner [-] Task fe1de9e8-6928-4d0e-a872-e3dd1581fdbd | ITER: 10 START
2020-04-03 16:09:44.524 1100 INFO rally.task.runner [-] Task fe1de9e8-6928-4d0e-a872-e3dd1581fdbd | ITER: 7 END: OK
2020-04-03 16:09:44.840 1099 INFO rally.task.runner [-] Task fe1de9e8-6928-4d0e-a872-e3dd1581fdbd | ITER: 8 END: OK
2020-04-03 16:09:45.025 1097 INFO rally.task.runner [-] Task fe1de9e8-6928-4d0e-a872-e3dd1581fdbd | ITER: 9 END: OK
2020-04-03 16:09:45.146 1098 INFO rally.task.runner [-] Task fe1de9e8-6928-4d0e-a872-e3dd1581fdbd | ITER: 10 END: OK
2020-04-03 16:09:45.172 725 INFO rally.task.context [-] Task fe1de9e8-6928-4d0e-a872-e3dd1581fdbd | Context users@openstack cleanup() started
2020-04-03 16:09:50.191 725 INFO rally.task.context [-] Task fe1de9e8-6928-4d0e-a872-e3dd1581fdbd | Context users@openstack cleanup() finished in 5.02 sec
2020-04-03 16:09:51.272 725 INFO rally.task.engine [-] Load duration is: 2.404753
2020-04-03 16:09:51.273 725 INFO rally.task.engine [-] Full runner duration is: 3.026982
2020-04-03 16:09:51.273 725 INFO rally.task.engine [-] Full duration is: 11.004997
2020-04-03 16:09:51.356 725 INFO rally.task.engine [-] Running workload: position = 0 config = { "version": 2, "title": "A cropped version of a bigger task.", "description": "Auto-generated task from a single workload (uuid=59189508-56cd-40e2-a080-f732fdd0b610)", "subtasks": [ { "title": "GlanceImages.create_image_and_boot_instances", "description": "Create an image and boot several instances from it.", "scenario": { "GlanceImages.create_image_and_boot_instances": { "container_format": "bare", "disk_format": "qcow2", "image_location": "/home/opnfv/functest/images/cirros-0.4.0-x86_64-disk.img", "flavor": { "name": "rally_full-flavor_bf53dcae-9392-47da-9ecb-38878eb89dba" }, "number_instances": 2, "nics": [ { "net-id": "7082dd2c-d3f0-4ffc-812e-537f95329d34" } ] } }, "contexts": { "users": { "tenants": 3, "users_per_tenant": 2 }, "quotas": { "nova": { "cores": -1, "floating_ips": -1, "instances": -1, "ram": -1, "security_group_rules": -1, "security_groups": -1 } } }, "runner": { "constant": { "concurrency": 4, "times": 10 } }, "hooks": [], "sla": { "failure_rate": { "max": 0 } } } ] }
2020-04-03 16:09:51.367 725 RALLYDEBUG rally_openstack.contexts.keystone.users [-] Creating 3 tenants using 20 threads
2020-04-03 16:09:52.180 725 RALLYDEBUG rally_openstack.contexts.keystone.users [-] Creating 6 users using 20 threads
2020-04-03 16:09:57.223 725 INFO rally.task.context [-] Task fe1de9e8-6928-4d0e-a872-e3dd1581fdbd | Context users@openstack setup() finished in 5.86 sec
2020-04-03 16:10:15.408 725 DEBUG novaclient.v2.client [-] REQ: curl -g -i -X PUT http://compute-airship.intel-pod17.opnfv.org/v2.1/os-quota-sets/c3bb7365b4b84a8f86b232ea8eddb4a7 -H "Accept: application/json" -H "Content-Type: application/json" -H "User-Agent: python-novaclient" -H "X-Auth-Token: {SHA1}debfb30535dd12e18014773faf4e7a7d507c88c1" -d '{"quota_set": {"ram": -1, "floating_ips": -1, "security_group_rules": -1, "instances": -1, "cores": -1, "security_groups": -1}}' _http_log_request /usr/lib/python2.7/site-packages/keystoneauth1/session.py:448
2020-04-03 16:10:27.687 725 DEBUG novaclient.v2.client [-] RESP: [200] Connection: keep-alive Content-Encoding: gzip Content-Type: application/json Date: Fri, 03 Apr 2020 16:10:27 GMT Openstack-Api-Version: compute 2.1 Transfer-Encoding: chunked Vary: Accept-Encoding, OpenStack-API-Version, X-OpenStack-Nova-API-Version X-Compute-Request-Id: req-9854b4da-7247-41a6-b102-35638b660b52 X-Openstack-Nova-Api-Version: 2.1 _http_log_response /usr/lib/python2.7/site-packages/keystoneauth1/session.py:479
2020-04-03 16:10:27.688 725 DEBUG novaclient.v2.client [-] RESP BODY: {"quota_set": {"injected_file_content_bytes": 10240, "metadata_items": 128, "server_group_members": 10, "server_groups": 10, "ram": -1, "floating_ips": -1, "key_pairs": 100, "instances": -1, "security_group_rules": -1, "injected_files": 5, "cores": -1, "fixed_ips": -1, "injected_file_path_bytes": 255, "security_groups": -1}} _http_log_response /usr/lib/python2.7/site-packages/keystoneauth1/session.py:511
2020-04-03 16:10:27.688 725 DEBUG novaclient.v2.client [-] PUT call to compute for http://compute-airship.intel-pod17.opnfv.org/v2.1/os-quota-sets/c3bb7365b4b84a8f86b232ea8eddb4a7 used request id req-9854b4da-7247-41a6-b102-35638b660b52 request /usr/lib/python2.7/site-packages/keystoneauth1/session.py:844
2020-04-03 16:10:27.689 725 DEBUG novaclient.v2.client [-] REQ: curl -g -i -X PUT http://compute-airship.intel-pod17.opnfv.org/v2.1/os-quota-sets/3d85634c56a84468a0a5d4570591cc7f -H "Accept: application/json" -H "Content-Type: application/json" -H "User-Agent: python-novaclient" -H "X-Auth-Token: {SHA1}debfb30535dd12e18014773faf4e7a7d507c88c1" -d '{"quota_set": {"ram": -1, "floating_ips": -1, "security_group_rules": -1, "instances": -1, "cores": -1, "security_groups": -1}}' _http_log_request /usr/lib/python2.7/site-packages/keystoneauth1/session.py:448
2020-04-03 16:10:27.821 725 DEBUG novaclient.v2.client [-] RESP: [200] Connection: keep-alive Content-Encoding: gzip Content-Type: application/json Date: Fri, 03 Apr 2020 16:10:27 GMT Openstack-Api-Version: compute 2.1 Transfer-Encoding: chunked Vary: Accept-Encoding, OpenStack-API-Version, X-OpenStack-Nova-API-Version X-Compute-Request-Id: req-2da387bd-48a7-4305-84d0-0d7bf3e02d8c X-Openstack-Nova-Api-Version: 2.1 _http_log_response /usr/lib/python2.7/site-packages/keystoneauth1/session.py:479
2020-04-03 16:10:27.822 725 DEBUG novaclient.v2.client [-] RESP BODY: {"quota_set": {"injected_file_content_bytes": 10240, "metadata_items": 128, "server_group_members": 10, "server_groups": 10, "ram": -1, "floating_ips": -1, "key_pairs": 100, "instances": -1, "security_group_rules": -1, "injected_files": 5, "cores": -1, "fixed_ips": -1, "injected_file_path_bytes": 255, "security_groups": -1}} _http_log_response /usr/lib/python2.7/site-packages/keystoneauth1/session.py:511
2020-04-03 16:10:27.822 725 DEBUG novaclient.v2.client [-] PUT call to compute for http://compute-airship.intel-pod17.opnfv.org/v2.1/os-quota-sets/3d85634c56a84468a0a5d4570591cc7f used request id req-2da387bd-48a7-4305-84d0-0d7bf3e02d8c request /usr/lib/python2.7/site-packages/keystoneauth1/session.py:844
2020-04-03 16:10:27.823 725 DEBUG novaclient.v2.client [-] REQ: curl -g -i -X PUT http://compute-airship.intel-pod17.opnfv.org/v2.1/os-quota-sets/dbf245c7b65544eea62152fd8e4465d9 -H "Accept: application/json" -H "Content-Type: application/json" -H "User-Agent: python-novaclient" -H "X-Auth-Token: {SHA1}debfb30535dd12e18014773faf4e7a7d507c88c1" -d '{"quota_set": {"ram": -1, "floating_ips": -1, "security_group_rules": -1, "instances": -1, "cores": -1, "security_groups": -1}}' _http_log_request /usr/lib/python2.7/site-packages/keystoneauth1/session.py:448
2020-04-03 16:10:27.927 725 DEBUG novaclient.v2.client [-] RESP: [200] Connection: keep-alive Content-Encoding: gzip Content-Type: application/json Date: Fri, 03 Apr 2020 16:10:28 GMT Openstack-Api-Version: compute 2.1 Transfer-Encoding: chunked Vary: Accept-Encoding, OpenStack-API-Version, X-OpenStack-Nova-API-Version X-Compute-Request-Id: req-db37542c-e8e9-413a-9060-950b6c12ab17 X-Openstack-Nova-Api-Version: 2.1 _http_log_response /usr/lib/python2.7/site-packages/keystoneauth1/session.py:479
2020-04-03 16:10:27.928 725 DEBUG novaclient.v2.client [-] RESP BODY: {"quota_set": {"injected_file_content_bytes": 10240, "metadata_items": 128, "server_group_members": 10, "server_groups": 10, "ram": -1, "floating_ips": -1, "key_pairs": 100, "instances": -1, "security_group_rules": -1, "injected_files": 5, "cores": -1, "fixed_ips": -1, "injected_file_path_bytes": 255, "security_groups": -1}} _http_log_response /usr/lib/python2.7/site-packages/keystoneauth1/session.py:511
2020-04-03 16:10:27.928 725 DEBUG novaclient.v2.client [-] PUT call to compute for http://compute-airship.intel-pod17.opnfv.org/v2.1/os-quota-sets/dbf245c7b65544eea62152fd8e4465d9 used request id req-db37542c-e8e9-413a-9060-950b6c12ab17 request /usr/lib/python2.7/site-packages/keystoneauth1/session.py:844
2020-04-03 16:10:27.929 725 INFO rally.task.context [-] Task fe1de9e8-6928-4d0e-a872-e3dd1581fdbd | Context quotas@openstack setup() finished in 30.71 sec
2020-04-03 16:10:27.929 725 INFO rally.task.context [-] Task fe1de9e8-6928-4d0e-a872-e3dd1581fdbd | Context cleanup@openstack setup() finished in 0.02 msec
2020-04-03 16:10:27.970 725 WARNING keystoneauth.identity.generic.base [-] Failed to discover available identity versions when contacting http://identity-airship.intel-pod17.opnfv.org:80/. Attempting to parse version from URL.: ServiceUnavailable: Service Unavailable (HTTP 503)
2020-04-03 16:10:27.976 725 INFO rally.task.context [-] Task fe1de9e8-6928-4d0e-a872-e3dd1581fdbd | Context cleanup@openstack cleanup() started
2020-04-03 16:10:27.982 725 RALLYDEBUG rally_openstack.cleanup.manager [-] Cleaning up nova servers objects
2020-04-03 16:10:27.998 725 WARNING keystoneauth.identity.generic.base [-] Failed to discover available identity versions when contacting http://identity-airship.intel-pod17.opnfv.org:80/. Attempting to parse version from URL.: ServiceUnavailable: Service Unavailable (HTTP 503)
2020-04-03 16:10:28.004 725 WARNING keystoneauth.identity.generic.base [-] Failed to discover available identity versions when contacting http://identity-airship.intel-pod17.opnfv.org:80/. Attempting to parse version from URL.: ServiceUnavailable: Service Unavailable (HTTP 503)
2020-04-03 16:10:28.009 725 WARNING keystoneauth.identity.generic.base [-] Failed to discover available identity versions when contacting http://identity-airship.intel-pod17.opnfv.org:80/. Attempting to parse version from URL.: ServiceUnavailable: Service Unavailable (HTTP 503)
2020-04-03 16:10:28.009 725 ERROR rally_openstack.cleanup.manager [-] Seems like rally_openstack.cleanup.resources.NovaServer.list(self) method is broken. It shouldn't raise any exceptions.: AuthenticationFailed: Could not find versioned identity endpoints when attempting to authenticate. Please check that your auth_url is correct. Service Unavailable (HTTP 503)
2020-04-03 16:10:28.009 725 ERROR rally_openstack.cleanup.manager
Traceback (most recent call last):
2020-04-03 16:10:28.009 725 ERROR rally_openstack.cleanup.manager
File "/usr/lib/python2.7/site-packages/rally_openstack/cleanup/manager.py", line 133, in _publish
2020-04-03 16:10:28.009 725 ERROR rally_openstack.cleanup.manager for raw_resource in rutils.retry(3, manager.list):
2020-04-03 16:10:28.009 725 ERROR rally_openstack.cleanup.manager
File "/usr/lib/python2.7/site-packages/rally/common/utils.py", line 230, in retry
2020-04-03 16:10:28.009 725 ERROR rally_openstack.cleanup.manager return func(*args, **kwargs)
2020-04-03 16:10:28.009 725 ERROR rally_openstack.cleanup.manager
File "/usr/lib/python2.7/site-packages/rally_openstack/cleanup/resources.py", line 147, in list
2020-04-03 16:10:28.009 725 ERROR rally_openstack.cleanup.manager return self._manager().list(limit=-1)
2020-04-03 16:10:28.009 725 ERROR rally_openstack.cleanup.manager
File "/usr/lib/python2.7/site-packages/rally_openstack/cleanup/base.py", line 103, in _manager
2020-04-03 16:10:28.009 725 ERROR rally_openstack.cleanup.manager return getattr(getattr(client, self._service)(), self._resource)
2020-04-03 16:10:28.009 725 ERROR rally_openstack.cleanup.manager
File "/usr/lib/python2.7/site-packages/rally_openstack/osclients.py", line 244, in __call__
2020-04-03 16:10:28.009 725 ERROR rally_openstack.cleanup.manager self.cache[key] = self.create_client(*args, **kwargs)
2020-04-03 16:10:28.009 725 ERROR rally_openstack.cleanup.manager
File "/usr/lib/python2.7/site-packages/rally_openstack/osclients.py", line 420, in create_client
2020-04-03 16:10:28.009 725 ERROR rally_openstack.cleanup.manager endpoint_override=self._get_endpoint(service_type))
2020-04-03 16:10:28.009 725 ERROR rally_openstack.cleanup.manager
File "/usr/lib/python2.7/site-packages/rally_openstack/osclients.py", line 199, in _get_endpoint
2020-04-03 16:10:28.009 725 ERROR rally_openstack.cleanup.manager api_url = self.keystone.service_catalog.url_for(**kw)
2020-04-03 16:10:28.009 725 ERROR rally_openstack.cleanup.manager
File "/usr/lib/python2.7/site-packages/rally_openstack/osclients.py", line 266, in service_catalog
2020-04-03 16:10:28.009 725 ERROR rally_openstack.cleanup.manager return self.auth_ref.service_catalog
2020-04-03 16:10:28.009 725 ERROR rally_openstack.cleanup.manager
File "/usr/lib/python2.7/site-packages/rally_openstack/osclients.py", line 288, in auth_ref
2020-04-03 16:10:28.009 725 ERROR rally_openstack.cleanup.manager raise e
2020-04-03 16:10:28.009 725 ERROR rally_openstack.cleanup.manager AuthenticationFailed: Could not find versioned identity endpoints when attempting to authenticate. Please check that your auth_url is correct. Service Unavailable (HTTP 503)
2020-04-03 16:10:28.009 725 ERROR rally_openstack.cleanup.manager
2020-04-03 16:10:28.022 725 WARNING keystoneauth.identity.generic.base [-] Failed to discover available identity versions when contacting http://identity-airship.intel-pod17.opnfv.org:80/. Attempting to parse version from URL.: ServiceUnavailable: Service Unavailable (HTTP 503)
2020-04-03 16:10:28.026 725 WARNING keystoneauth.identity.generic.base [-] Failed to discover available identity versions when contacting http://identity-airship.intel-pod17.opnfv.org:80/. Attempting to parse version from URL.: ServiceUnavailable: Service Unavailable (HTTP 503)
2020-04-03 16:10:28.029 725 WARNING keystoneauth.identity.generic.base [-] Failed to discover available identity versions when contacting http://identity-airship.intel-pod17.opnfv.org:80/. Attempting to parse version from URL.: ServiceUnavailable: Service Unavailable (HTTP 503)
2020-04-03 16:10:28.029 725 ERROR rally_openstack.cleanup.manager [-] Seems like rally_openstack.cleanup.resources.NovaServer.list(self) method is broken. It shouldn't raise any exceptions.: AuthenticationFailed: Could not find versioned identity endpoints when attempting to authenticate. Please check that your auth_url is correct. Service Unavailable (HTTP 503)
2020-04-03 16:10:28.029 725 ERROR rally_openstack.cleanup.manager
Traceback (most recent call last):
2020-04-03 16:10:28.029 725 ERROR rally_openstack.cleanup.manager
File "/usr/lib/python2.7/site-packages/rally_openstack/cleanup/manager.py", line 133, in _publish
2020-04-03 16:10:28.029 725 ERROR rally_openstack.cleanup.manager for raw_resource in rutils.retry(3, manager.list):
2020-04-03 16:10:28.029 725 ERROR rally_openstack.cleanup.manager
File "/usr/lib/python2.7/site-packages/rally/common/utils.py", line 230, in retry
2020-04-03 16:10:28.029 725 ERROR rally_openstack.cleanup.manager return func(*args, **kwargs)
2020-04-03 16:10:28.029 725 ERROR rally_openstack.cleanup.manager
File "/usr/lib/python2.7/site-packages/rally_openstack/cleanup/resources.py", line 147, in list
2020-04-03 16:10:28.029 725 ERROR rally_openstack.cleanup.manager return self._manager().list(limit=-1)
2020-04-03 16:10:28.029 725 ERROR rally_openstack.cleanup.manager
File "/usr/lib/python2.7/site-packages/rally_openstack/cleanup/base.py", line 103, in _manager
2020-04-03 16:10:28.029 725 ERROR rally_openstack.cleanup.manager return getattr(getattr(client, self._service)(), self._resource)
2020-04-03 16:10:28.029 725 ERROR rally_openstack.cleanup.manager
File "/usr/lib/python2.7/site-packages/rally_openstack/osclients.py", line 244, in __call__
2020-04-03 16:10:28.029 725 ERROR rally_openstack.cleanup.manager self.cache[key] = self.create_client(*args, **kwargs)
2020-04-03 16:10:28.029 725 ERROR rally_openstack.cleanup.manager
File "/usr/lib/python2.7/site-packages/rally_openstack/osclients.py", line 420, in create_client
2020-04-03 16:10:28.029 725 ERROR rally_openstack.cleanup.manager endpoint_override=self._get_endpoint(service_type))
2020-04-03 16:10:28.029 725 ERROR rally_openstack.cleanup.manager
File "/usr/lib/python2.7/site-packages/rally_openstack/osclients.py", line 199, in _get_endpoint
2020-04-03 16:10:28.029 725 ERROR rally_openstack.cleanup.manager api_url = self.keystone.service_catalog.url_for(**kw)
2020-04-03 16:10:28.029 725 ERROR rally_openstack.cleanup.manager
File "/usr/lib/python2.7/site-packages/rally_openstack/osclients.py", line 266, in service_catalog
2020-04-03 16:10:28.029 725 ERROR rally_openstack.cleanup.manager return self.auth_ref.service_catalog
2020-04-03 16:10:28.029 725 ERROR rally_openstack.cleanup.manager
File "/usr/lib/python2.7/site-packages/rally_openstack/osclients.py", line 288, in auth_ref
2020-04-03 16:10:28.029 725 ERROR rally_openstack.cleanup.manager raise e
2020-04-03 16:10:28.029 725 ERROR rally_openstack.cleanup.manager AuthenticationFailed: Could not find versioned identity endpoints when attempting to authenticate. Please check that your auth_url is correct. Service Unavailable (HTTP 503)
2020-04-03 16:10:28.029 725 ERROR rally_openstack.cleanup.manager
2020-04-03 16:10:28.040 725 WARNING keystoneauth.identity.generic.base [-] Failed to discover available identity versions when contacting http://identity-airship.intel-pod17.opnfv.org:80/. Attempting to parse version from URL.: ServiceUnavailable: Service Unavailable (HTTP 503)
2020-04-03 16:10:28.043 725 WARNING keystoneauth.identity.generic.base [-] Failed to discover available identity versions when contacting http://identity-airship.intel-pod17.opnfv.org:80/. Attempting to parse version from URL.: ServiceUnavailable: Service Unavailable (HTTP 503)
2020-04-03 16:10:28.046 725 WARNING keystoneauth.identity.generic.base [-] Failed to discover available identity versions when contacting http://identity-airship.intel-pod17.opnfv.org:80/. Attempting to parse version from URL.: ServiceUnavailable: Service Unavailable (HTTP 503)
2020-04-03 16:10:28.046 725 ERROR rally_openstack.cleanup.manager [-] Seems like rally_openstack.cleanup.resources.NovaServer.list(self) method is broken. It shouldn't raise any exceptions.: AuthenticationFailed: Could not find versioned identity endpoints when attempting to authenticate. Please check that your auth_url is correct. Service Unavailable (HTTP 503)
2020-04-03 16:10:28.046 725 ERROR rally_openstack.cleanup.manager
Traceback (most recent call last):
2020-04-03 16:10:28.046 725 ERROR rally_openstack.cleanup.manager
File "/usr/lib/python2.7/site-packages/rally_openstack/cleanup/manager.py", line 133, in _publish
2020-04-03 16:10:28.046 725 ERROR rally_openstack.cleanup.manager for raw_resource in rutils.retry(3, manager.list):
2020-04-03 16:10:28.046 725 ERROR rally_openstack.cleanup.manager
File "/usr/lib/python2.7/site-packages/rally/common/utils.py", line 230, in retry
2020-04-03 16:10:28.046 725 ERROR rally_openstack.cleanup.manager return func(*args, **kwargs)
2020-04-03 16:10:28.046 725 ERROR rally_openstack.cleanup.manager
File "/usr/lib/python2.7/site-packages/rally_openstack/cleanup/resources.py", line 147, in list
2020-04-03 16:10:28.046 725 ERROR rally_openstack.cleanup.manager return self._manager().list(limit=-1)
2020-04-03 16:10:28.046 725 ERROR rally_openstack.cleanup.manager
File "/usr/lib/python2.7/site-packages/rally_openstack/cleanup/base.py", line 103, in _manager
2020-04-03 16:10:28.046 725 ERROR rally_openstack.cleanup.manager return getattr(getattr(client, self._service)(), self._resource)
2020-04-03 16:10:28.046 725 ERROR rally_openstack.cleanup.manager
File "/usr/lib/python2.7/site-packages/rally_openstack/osclients.py", line 244, in __call__
2020-04-03 16:10:28.046 725 ERROR rally_openstack.cleanup.manager self.cache[key] = self.create_client(*args, **kwargs)
2020-04-03 16:10:28.046 725 ERROR rally_openstack.cleanup.manager
File "/usr/lib/python2.7/site-packages/rally_openstack/osclients.py", line 420, in create_client
2020-04-03 16:10:28.046 725 ERROR rally_openstack.cleanup.manager endpoint_override=self._get_endpoint(service_type))
2020-04-03 16:10:28.046 725 ERROR rally_openstack.cleanup.manager
File "/usr/lib/python2.7/site-packages/rally_openstack/osclients.py", line 199, in _get_endpoint
2020-04-03 16:10:28.046 725 ERROR rally_openstack.cleanup.manager api_url = self.keystone.service_catalog.url_for(**kw)
2020-04-03 16:10:28.046 725 ERROR rally_openstack.cleanup.manager
File "/usr/lib/python2.7/site-packages/rally_openstack/osclients.py", line 266, in service_catalog
2020-04-03 16:10:28.046 725 ERROR rally_openstack.cleanup.manager return self.auth_ref.service_catalog
2020-04-03 16:10:28.046 725 ERROR rally_openstack.cleanup.manager
File "/usr/lib/python2.7/site-packages/rally_openstack/osclients.py", line 288, in auth_ref
2020-04-03 16:10:28.046 725 ERROR rally_openstack.cleanup.manager raise e
2020-04-03 16:10:28.046 725 ERROR rally_openstack.cleanup.manager AuthenticationFailed: Could not find versioned identity endpoints when attempting to authenticate. Please check that your auth_url is correct. Service Unavailable (HTTP 503)
2020-04-03 16:10:28.046 725 ERROR rally_openstack.cleanup.manager
2020-04-03 16:10:28.054 725 RALLYDEBUG rally_openstack.cleanup.manager [-] Cleaning up nova server_groups objects
