2017-05-23 12:43:13.812 31295 DEBUG oslo_concurrency.lockutils [req-5fe4f68b-38d0-4a19-be82-a980d3650a07 - - - - -] Lock "policy_enforcer" released by "ironic.common.policy.init_enforcer" :: held 0.002s inner /usr/local/lib/python2.7/dist-packages/oslo_concurrency/lockutils.py:282
2017-05-23 12:43:13.813 31295 DEBUG oslo_policy._cache_handler [req-5fe4f68b-38d0-4a19-be82-a980d3650a07 - - - - -] Reloading cached file /etc/ironic/policy.json read_cached_file /usr/local/lib/python2.7/dist-packages/oslo_policy/_cache_handler.py:40
2017-05-23 12:43:13.814 31298 INFO eventlet.wsgi.server [req-13c6c255-dd17-472e-8e4f-110c63c07c01 - - - - -] 127.0.0.1 "GET /v1/nodes/c1a56cb3-fcef-59d5-8105-7e6815154f70 HTTP/1.1" status: 200 len: 1765 time: 0.0184562
2017-05-23 12:43:13.816 31295 DEBUG oslo_policy.policy [req-5fe4f68b-38d0-4a19-be82-a980d3650a07 - - - - -] Reloaded policy file: /etc/ironic/policy.json _load_policy_file /usr/local/lib/python2.7/dist-packages/oslo_policy/policy.py:683
2017-05-23 12:43:13.822 31295 DEBUG oslo_db.api [req-5fe4f68b-38d0-4a19-be82-a980d3650a07 - - - - -] Loading backend 'sqlalchemy' from 'ironic.db.sqlalchemy.api' _load_backend /usr/local/lib/python2.7/dist-packages/oslo_db/api.py:237
2017-05-23 12:43:13.976 31295 DEBUG oslo_db.sqlalchemy.engines [req-5fe4f68b-38d0-4a19-be82-a980d3650a07 - - - - -] MySQL server mode set to STRICT_TRANS_TABLES,STRICT_ALL_TABLES,NO_ZERO_IN_DATE,NO_ZERO_DATE,ERROR_FOR_DIVISION_BY_ZERO,TRADITIONAL,NO_AUTO_CREATE_USER,NO_ENGINE_SUBSTITUTION _check_effective_sql_mode /usr/local/lib/python2.7/dist-packages/oslo_db/sqlalchemy/engines.py:260
2017-05-23 12:43:14.005 31295 INFO eventlet.wsgi.server [req-5fe4f68b-38d0-4a19-be82-a980d3650a07 - - - - -] 127.0.0.1 "GET /v1/nodes/e1369efa-5391-5035-8533-3a065c44a584 HTTP/1.1" status: 200 len: 1768 time: 0.2040331
2017-05-23 12:43:14.029 31295 WARNING oslo_config.cfg [req-0505ef7e-55be-482f-963a-acfafdb731a9 - - - - -] Option "rabbit_userid" from group "DEFAULT" is deprecated. Use option "rabbit_userid" from group "oslo_messaging_rabbit".
2017-05-23 12:43:14.030 31295 WARNING oslo_config.cfg [req-0505ef7e-55be-482f-963a-acfafdb731a9 - - - - -] Option "rabbit_userid" from group "oslo_messaging_rabbit" is deprecated for removal (Replaced by [DEFAULT]/transport_url). Its value may be silently ignored in the future.
2017-05-23 12:43:14.030 31295 WARNING oslo_config.cfg [req-0505ef7e-55be-482f-963a-acfafdb731a9 - - - - -] Option "rabbit_password" from group "DEFAULT" is deprecated. Use option "rabbit_password" from group "oslo_messaging_rabbit".
2017-05-23 12:43:14.030 31295 WARNING oslo_config.cfg [req-0505ef7e-55be-482f-963a-acfafdb731a9 - - - - -] Option "rabbit_password" from group "oslo_messaging_rabbit" is deprecated for removal (Replaced by [DEFAULT]/transport_url). Its value may be silently ignored in the future.
2017-05-23 12:43:14.088 31295 INFO eventlet.wsgi.server [req-0505ef7e-55be-482f-963a-acfafdb731a9 - - - - -] 127.0.0.1 "GET /v1/nodes/e1369efa-5391-5035-8533-3a065c44a584/validate HTTP/1.1" status: 200 len: 1081 time: 0.0786271
2017-05-23 12:43:14.186 31295 INFO eventlet.wsgi.server [req-6824b0cf-051b-4802-aa69-158d58e4994a - - - - -] 127.0.0.1 "GET /v1/nodes/e1369efa-5391-5035-8533-3a065c44a584 HTTP/1.1" status: 200 len: 1768 time: 0.0273361
2017-05-23 12:43:15.558 31284 INFO eventlet.wsgi.server [req-bd5cbae9-ce0a-47d6-939a-3b483866d6ce - - - - -] 127.0.0.1 "GET /v1/nodes/93494378-56ee-5e22-b6f0-e3be3a9ebdf1 HTTP/1.1" status: 200 len: 1762 time: 0.0265710
2017-05-23 12:43:15.578 31292 INFO eventlet.wsgi.server [req-deada54f-43a8-475e-bbb0-be1c3e991ae6 - - - - -] 127.0.0.1 "GET /v1/nodes/c1a56cb3-fcef-59d5-8105-7e6815154f70 HTTP/1.1" status: 200 len: 1746 time: 0.0259261
2017-05-23 12:43:15.621 31294 INFO eventlet.wsgi.server [req-aa63c511-3eca-4471-9345-4c5cc986f55a - - - - -] 127.0.0.1 "GET /v1/nodes/e1369efa-5391-5035-8533-3a065c44a584 HTTP/1.1" status: 200 len: 1749 time: 0.0172770
2017-05-23 12:43:17.596 31284 INFO eventlet.wsgi.server [req-e6596074-1a09-4931-a31d-3f1d265af9e6 - - - - -] 127.0.0.1 "GET /v1/nodes/93494378-56ee-5e22-b6f0-e3be3a9ebdf1 HTTP/1.1" status: 200 len: 1762 time: 0.0302200
2017-05-23 12:43:17.612 31292 INFO eventlet.wsgi.server [req-f0a5c945-c3fc-4bd1-9ae3-49a0f835b4b4 - - - - -] 127.0.0.1 "GET /v1/nodes/c1a56cb3-fcef-59d5-8105-7e6815154f70 HTTP/1.1" status: 200 len: 1746 time: 0.0270619
2017-05-23 12:43:17.656 31294 INFO eventlet.wsgi.server [req-02dbdb47-34b2-4063-97f4-7d06ec40e574 - - - - -] 127.0.0.1 "GET /v1/nodes/e1369efa-5391-5035-8533-3a065c44a584 HTTP/1.1" status: 200 len: 1749 time: 0.0284781
2017-05-23 12:43:18.710 31298 INFO eventlet.wsgi.server [req-60a8e765-19e7-4274-944b-1ee14410d92d - - - - -] 127.0.0.1 "GET /v1/nodes/c1a56cb3-fcef-59d5-8105-7e6815154f70/ports HTTP/1.1" status: 200 len: 623 time: 0.0368361
2017-05-23 12:43:19.089 31294 INFO eventlet.wsgi.server [req-f56a2acf-c758-408a-86ab-dcd024125b12 - - - - -] 127.0.0.1 "PUT /v1/nodes/93494378-56ee-5e22-b6f0-e3be3a9ebdf1/management/boot_device HTTP/1.1" status: 204 len: 300 time: 5.3495340
2017-05-23 12:43:19.228 31294 INFO eventlet.wsgi.server [req-633ef8d7-8bb0-4e49-b417-64290bf628c7 - - - - -] 127.0.0.1 "PUT /v1/nodes/93494378-56ee-5e22-b6f0-e3be3a9ebdf1/states/power HTTP/1.1" status: 202 len: 384 time: 0.1348631
2017-05-23 12:43:19.631 31284 INFO eventlet.wsgi.server [req-8b3b251c-2b29-4b4d-8b4c-7194a38975f5 - - - - -] 127.0.0.1 "GET /v1/nodes/93494378-56ee-5e22-b6f0-e3be3a9ebdf1 HTTP/1.1" status: 200 len: 1768 time: 0.0277681
2017-05-23 12:43:19.647 31292 INFO eventlet.wsgi.server [req-1660fdb6-76cc-4d72-8992-f83577cb0a71 - - - - -] 127.0.0.1 "GET /v1/nodes/c1a56cb3-fcef-59d5-8105-7e6815154f70 HTTP/1.1" status: 200 len: 1766 time: 0.0283940
2017-05-23 12:43:19.691 31294 INFO eventlet.wsgi.server [req-22dae06a-6c00-40e8-a606-5cfc044dbd00 - - - - -] 127.0.0.1 "GET /v1/nodes/e1369efa-5391-5035-8533-3a065c44a584 HTTP/1.1" status: 200 len: 1749 time: 0.0273731
2017-05-23 12:43:20.461 31295 INFO eventlet.wsgi.server [req-b9f21225-8360-4694-858f-a740d652f114 - - - - -] 127.0.0.1 "GET /v1/nodes HTTP/1.1" status: 200 len: 1459 time: 0.2967131
2017-05-23 12:43:21.666 31284 INFO eventlet.wsgi.server [req-cb5a51d0-4845-4a55-95d7-e24af48fc403 - - - - -] 127.0.0.1 "GET /v1/nodes/93494378-56ee-5e22-b6f0-e3be3a9ebdf1 HTTP/1.1" status: 200 len: 1768 time: 0.0285120
2017-05-23 12:43:21.685 31292 INFO eventlet.wsgi.server [req-197cb6ff-5b91-4674-8745-10274a647d90 - - - - -] 127.0.0.1 "GET /v1/nodes/c1a56cb3-fcef-59d5-8105-7e6815154f70 HTTP/1.1" status: 200 len: 1766 time: 0.0309770
2017-05-23 12:43:21.726 31294 INFO eventlet.wsgi.server [req-fa6b4ac9-a57c-4c6a-996e-5b18a29fd822 - - - - -] 127.0.0.1 "GET /v1/nodes/e1369efa-5391-5035-8533-3a065c44a584 HTTP/1.1" status: 200 len: 1749 time: 0.0279589
2017-05-23 12:43:23.707 31284 INFO eventlet.wsgi.server [req-f86a5350-df12-4f18-b558-196d1c5e5d70 - - - - -] 127.0.0.1 "GET /v1/nodes/93494378-56ee-5e22-b6f0-e3be3a9ebdf1 HTTP/1.1" status: 200 len: 1768 time: 0.0323560
2017-05-23 12:43:23.716 31295 INFO eventlet.wsgi.server [req-a9a402f5-aca6-46ea-8005-1868bc1dcb98 - - - - -] 127.0.0.1 "GET /v1/nodes/e1369efa-5391-5035-8533-3a065c44a584/ports HTTP/1.1" status: 200 len: 623 time: 0.0408640
2017-05-23 12:43:23.721 31292 INFO eventlet.wsgi.server [req-9a6dd878-ec7f-4bd7-9fff-f96ed0a90826 - - - - -] 127.0.0.1 "GET /v1/nodes/c1a56cb3-fcef-59d5-8105-7e6815154f70 HTTP/1.1" status: 200 len: 1766 time: 0.0282679
2017-05-23 12:43:23.761 31294 INFO eventlet.wsgi.server [req-e3f94103-8524-4755-ac9d-086f8e212f64 - - - - -] 127.0.0.1 "GET /v1/nodes/e1369efa-5391-5035-8533-3a065c44a584 HTTP/1.1" status: 200 len: 1749 time: 0.0281248
2017-05-23 12:43:24.053 31298 INFO eventlet.wsgi.server [req-49a90c20-d668-4dfb-bd2d-cea31d851307 - - - - -] 127.0.0.1 "PUT /v1/nodes/c1a56cb3-fcef-59d5-8105-7e6815154f70/management/boot_device HTTP/1.1" status: 204 len: 300 time: 5.2987571
2017-05-23 12:43:24.212 31298 INFO eventlet.wsgi.server [req-49444ef2-9f28-4d2c-8831-2e269909f408 - - - - -] 127.0.0.1 "PUT /v1/nodes/c1a56cb3-fcef-59d5-8105-7e6815154f70/states/power HTTP/1.1" status: 202 len: 384 time: 0.1551549
2017-05-23 12:43:25.743 31284 INFO eventlet.wsgi.server [req-5b622701-9072-49ea-8cbe-e7407d218676 - - - - -] 127.0.0.1 "GET /v1/nodes/93494378-56ee-5e22-b6f0-e3be3a9ebdf1 HTTP/1.1" status: 200 len: 1768 time: 0.0283868
2017-05-23 12:43:25.755 31292 INFO eventlet.wsgi.server [req-c24e2121-83dd-43d8-b949-c6775493c9d5 - - - - -] 127.0.0.1 "GET /v1/nodes/c1a56cb3-fcef-59d5-8105-7e6815154f70 HTTP/1.1" status: 200 len: 1772 time: 0.0280089
2017-05-23 12:43:25.797 31294 INFO eventlet.wsgi.server [req-7152492a-cd4c-4d55-80d9-2151c593b0c0 - - - - -] 127.0.0.1 "GET /v1/nodes/e1369efa-5391-5035-8533-3a065c44a584 HTTP/1.1" status: 200 len: 1769 time: 0.0289741
2017-05-23 12:43:27.780 31284 INFO eventlet.wsgi.server [req-3bb013c1-cce1-471f-8ce6-2c19a1fdf939 - - - - -] 127.0.0.1 "GET /v1/nodes/93494378-56ee-5e22-b6f0-e3be3a9ebdf1 HTTP/1.1" status: 200 len: 1768 time: 0.0296550
2017-05-23 12:43:27.785 31292 INFO eventlet.wsgi.server [req-9b783bfe-905d-46b4-a186-091d63eac44a - - - - -] 127.0.0.1 "GET /v1/nodes/c1a56cb3-fcef-59d5-8105-7e6815154f70 HTTP/1.1" status: 200 len: 1772 time: 0.0247629
2017-05-23 12:43:27.830 31294 INFO eventlet.wsgi.server [req-4d2a2908-777c-4bf2-b295-7df750d9b9e8 - - - - -] 127.0.0.1 "GET /v1/nodes/e1369efa-5391-5035-8533-3a065c44a584 HTTP/1.1" status: 200 len: 1769 time: 0.0261121
2017-05-23 12:43:29.197 31295 INFO eventlet.wsgi.server [req-685c6925-40e6-44e2-a9c1-34d37bcd5165 - - - - -] 127.0.0.1 "PUT /v1/nodes/e1369efa-5391-5035-8533-3a065c44a584/management/boot_device HTTP/1.1" status: 204 len: 300 time: 5.4183798
2017-05-23 12:43:29.337 31295 INFO eventlet.wsgi.server [req-99445640-41c4-427b-a718-24b052fc50eb - - - - -] 127.0.0.1 "PUT /v1/nodes/e1369efa-5391-5035-8533-3a065c44a584/states/power HTTP/1.1" status: 202 len: 384 time: 0.1354911
2017-05-23 12:43:29.809 31284 INFO eventlet.wsgi.server [req-d8f3b8fd-f603-403d-8d43-2dc78f80371b - - - - -] 127.0.0.1 "GET /v1/nodes/93494378-56ee-5e22-b6f0-e3be3a9ebdf1 HTTP/1.1" status: 200 len: 1768 time: 0.0245731
2017-05-23 12:43:29.820 31292 INFO eventlet.wsgi.server [req-021f7c0e-e31e-41d2-bda2-5a5933ae4475 - - - - -] 127.0.0.1 "GET /v1/nodes/c1a56cb3-fcef-59d5-8105-7e6815154f70 HTTP/1.1" status: 200 len: 1772 time: 0.0275311
2017-05-23 12:43:29.863 31294 INFO eventlet.wsgi.server [req-8c30f660-128d-400d-8a4b-f43f5e5f62a1 - - - - -] 127.0.0.1 "GET /v1/nodes/e1369efa-5391-5035-8533-3a065c44a584 HTTP/1.1" status: 200 len: 1775 time: 0.0260351
2017-05-23 12:43:31.833 31284 INFO eventlet.wsgi.server [req-0c45d55d-0a7b-42ac-a8fb-165c5306deaa - - - - -] 127.0.0.1 "GET /v1/nodes/93494378-56ee-5e22-b6f0-e3be3a9ebdf1 HTTP/1.1" status: 200 len: 1768 time: 0.0171289
2017-05-23 12:43:31.851 31292 INFO eventlet.wsgi.server [req-d6b43e50-7393-488f-98ed-b280aaa471e5 - - - - -] 127.0.0.1 "GET /v1/nodes/c1a56cb3-fcef-59d5-8105-7e6815154f70 HTTP/1.1" status: 200 len: 1772 time: 0.0263109
2017-05-23 12:43:31.898 31294 INFO eventlet.wsgi.server [req-6d85cfa4-cca8-4eaa-95ff-4da6735b6eb6 - - - - -] 127.0.0.1 "GET /v1/nodes/e1369efa-5391-5035-8533-3a065c44a584 HTTP/1.1" status: 200 len: 1775 time: 0.0286911
2017-05-23 12:43:33.865 31284 INFO eventlet.wsgi.server [req-1477f321-7379-40a2-a976-0c8184ece87c - - - - -] 127.0.0.1 "GET /v1/nodes/93494378-56ee-5e22-b6f0-e3be3a9ebdf1 HTTP/1.1" status: 200 len: 1768 time: 0.0255351
2017-05-23 12:43:33.880 31292 INFO eventlet.wsgi.server [req-24b1f022-9a50-4854-b9fd-da65e50618d9 - - - - -] 127.0.0.1 "GET /v1/nodes/c1a56cb3-fcef-59d5-8105-7e6815154f70 HTTP/1.1" status: 200 len: 1772 time: 0.0237298
2017-05-23 12:43:33.930 31294 INFO eventlet.wsgi.server [req-b38752be-4743-425b-8018-417d91c10ddd - - - - -] 127.0.0.1 "GET /v1/nodes/e1369efa-5391-5035-8533-3a065c44a584 HTTP/1.1" status: 200 len: 1775 time: 0.0266979
2017-05-23 12:43:35.893 31284 INFO eventlet.wsgi.server [req-1dd17905-c360-4c07-88a5-01be03458493 - - - - -] 127.0.0.1 "GET /v1/nodes/93494378-56ee-5e22-b6f0-e3be3a9ebdf1 HTTP/1.1" status: 200 len: 1768 time: 0.0218759
2017-05-23 12:43:35.914 31292 INFO eventlet.wsgi.server [req-33617a6b-a269-4049-bfdf-f8700221a23a - - - - -] 127.0.0.1 "GET /v1/nodes/c1a56cb3-fcef-59d5-8105-7e6815154f70 HTTP/1.1" status: 200 len: 1772 time: 0.0269849
2017-05-23 12:43:35.965 31294 INFO eventlet.wsgi.server [req-2fb8b487-9ecf-4a1a-9281-1efc8411b45e - - - - -] 127.0.0.1 "GET /v1/nodes/e1369efa-5391-5035-8533-3a065c44a584 HTTP/1.1" status: 200 len: 1775 time: 0.0292010
2017-05-23 12:43:37.925 31284 INFO eventlet.wsgi.server [req-14d5afaa-d921-46ab-9a52-59590a3f3f1b - - - - -] 127.0.0.1 "GET /v1/nodes/93494378-56ee-5e22-b6f0-e3be3a9ebdf1 HTTP/1.1" status: 200 len: 1768 time: 0.0279779
2017-05-23 12:43:37.945 31292 INFO eventlet.wsgi.server [req-586ce249-838c-4762-b321-6393bb498b2b - - - - -] 127.0.0.1 "GET /v1/nodes/c1a56cb3-fcef-59d5-8105-7e6815154f70 HTTP/1.1" status: 200 len: 1772 time: 0.0244250
2017-05-23 12:43:37.997 31294 INFO eventlet.wsgi.server [req-9fe9060b-6c57-47d0-bde1-3272bff12fc5 - - - - -] 127.0.0.1 "GET /v1/nodes/e1369efa-5391-5035-8533-3a065c44a584 HTTP/1.1" status: 200 len: 1775 time: 0.0271561
2017-05-23 12:43:39.961 31284 INFO eventlet.wsgi.server [req-e67c7ada-b13e-4c30-b8d0-975c3cfa4d85 - - - - -] 127.0.0.1 "GET /v1/nodes/93494378-56ee-5e22-b6f0-e3be3a9ebdf1 HTTP/1.1" status: 200 len: 1768 time: 0.0292289
2017-05-23 12:43:39.980 31292 INFO eventlet.wsgi.server [req-27362fed-cee6-4905-bc11-9f6f93b1b24f - - - - -] 127.0.0.1 "GET /v1/nodes/c1a56cb3-fcef-59d5-8105-7e6815154f70 HTTP/1.1" status: 200 len: 1772 time: 0.0278139
2017-05-23 12:43:40.030 31294 INFO eventlet.wsgi.server [req-bfedf6f0-3f5e-41b4-bbdf-1b570f6f6933 - - - - -] 127.0.0.1 "GET /v1/nodes/e1369efa-5391-5035-8533-3a065c44a584 HTTP/1.1" status: 200 len: 1775 time: 0.0281062
2017-05-23 12:43:42.000 31284 INFO eventlet.wsgi.server [req-f63baa22-cacb-425e-8439-2056e0bf5f70 - - - - -] 127.0.0.1 "GET /v1/nodes/93494378-56ee-5e22-b6f0-e3be3a9ebdf1 HTTP/1.1" status: 200 len: 1768 time: 0.0315459
2017-05-23 12:43:42.017 31292 INFO eventlet.wsgi.server [req-c70ae454-dbb5-4903-ae7c-d425adf288d8 - - - - -] 127.0.0.1 "GET /v1/nodes/c1a56cb3-fcef-59d5-8105-7e6815154f70 HTTP/1.1" status: 200 len: 1772 time: 0.0291810
2017-05-23 12:43:42.065 31294 INFO eventlet.wsgi.server [req-e644bf06-977d-4ec3-9fea-e55ff97c3974 - - - - -] 127.0.0.1 "GET /v1/nodes/e1369efa-5391-5035-8533-3a065c44a584 HTTP/1.1" status: 200 len: 1775 time: 0.0276790
2017-05-23 12:43:44.035 31284 INFO eventlet.wsgi.server [req-82d3ada6-492e-4808-8820-b764525025f8 - - - - -] 127.0.0.1 "GET /v1/nodes/93494378-56ee-5e22-b6f0-e3be3a9ebdf1 HTTP/1.1" status: 200 len: 1768 time: 0.0292599
2017-05-23 12:43:44.050 31292 INFO eventlet.wsgi.server [req-dc866844-a1ad-415e-bcdc-2733bb7b8346 - - - - -] 127.0.0.1 "GET /v1/nodes/c1a56cb3-fcef-59d5-8105-7e6815154f70 HTTP/1.1" status: 200 len: 1772 time: 0.0273299
2017-05-23 12:43:44.098 31294 INFO eventlet.wsgi.server [req-771fdb43-7cb3-4204-ab85-73bf1c83f41d - - - - -] 127.0.0.1 "GET /v1/nodes/e1369efa-5391-5035-8533-3a065c44a584 HTTP/1.1" status: 200 len: 1775 time: 0.0268400
2017-05-23 12:43:46.072 31284 INFO eventlet.wsgi.server [req-d8c05438-ffcd-43bc-b1c1-692c95d7aaf4 - - - - -] 127.0.0.1 "GET /v1/nodes/93494378-56ee-5e22-b6f0-e3be3a9ebdf1 HTTP/1.1" status: 200 len: 1748 time: 0.0306849
2017-05-23 12:43:46.084 31292 INFO eventlet.wsgi.server [req-22017f65-7b8a-43fe-89c0-460d4bdd4183 - - - - -] 127.0.0.1 "GET /v1/nodes/c1a56cb3-fcef-59d5-8105-7e6815154f70 HTTP/1.1" status: 200 len: 1772 time: 0.0295279
2017-05-23 12:43:46.131 31294 INFO eventlet.wsgi.server [req-21ec63b9-181d-410a-90a1-3dfe32f7e04c - - - - -] 127.0.0.1 "GET /v1/nodes/e1369efa-5391-5035-8533-3a065c44a584 HTTP/1.1" status: 200 len: 1775 time: 0.0264881
2017-05-23 12:43:48.107 31284 INFO eventlet.wsgi.server [req-55748953-91d5-49eb-b0e1-c39316a93c04 - - - - -] 127.0.0.1 "GET /v1/nodes/93494378-56ee-5e22-b6f0-e3be3a9ebdf1 HTTP/1.1" status: 200 len: 1748 time: 0.0274620
2017-05-23 12:43:48.115 31292 INFO eventlet.wsgi.server [req-d5a1e267-b130-4011-90ab-cd840af5f82f - - - - -] 127.0.0.1 "GET /v1/nodes/c1a56cb3-fcef-59d5-8105-7e6815154f70 HTTP/1.1" status: 200 len: 1772 time: 0.0262229
2017-05-23 12:43:48.167 31294 INFO eventlet.wsgi.server [req-5c730138-dac2-43a0-8fe9-bd5a383a7ba1 - - - - -] 127.0.0.1 "GET /v1/nodes/e1369efa-5391-5035-8533-3a065c44a584 HTTP/1.1" status: 200 len: 1775 time: 0.0291350
2017-05-23 12:43:50.143 31284 INFO eventlet.wsgi.server [req-81c0ff78-ec2b-417d-b470-d5884a17b797 - - - - -] 127.0.0.1 "GET /v1/nodes/93494378-56ee-5e22-b6f0-e3be3a9ebdf1 HTTP/1.1" status: 200 len: 1748 time: 0.0300279
2017-05-23 12:43:50.149 31292 INFO eventlet.wsgi.server [req-675700db-3bf7-4b2e-acf9-0ab61a5c6dfe - - - - -] 127.0.0.1 "GET /v1/nodes/c1a56cb3-fcef-59d5-8105-7e6815154f70 HTTP/1.1" status: 200 len: 1772 time: 0.0274310
2017-05-23 12:43:50.203 31294 INFO eventlet.wsgi.server [req-316800fd-3792-489b-8fe2-4190b340cf50 - - - - -] 127.0.0.1 "GET /v1/nodes/e1369efa-5391-5035-8533-3a065c44a584 HTTP/1.1" status: 200 len: 1775 time: 0.0294251
2017-05-23 12:43:52.176 31284 INFO eventlet.wsgi.server [req-d0574ba1-8276-4005-bb5c-a6151d7d3820 - - - - -] 127.0.0.1 "GET /v1/nodes/93494378-56ee-5e22-b6f0-e3be3a9ebdf1 HTTP/1.1" status: 200 len: 1748 time: 0.0272238
2017-05-23 12:43:52.180 31292 INFO eventlet.wsgi.server [req-2e219e4a-ddf0-4e85-8d57-2ca840da99e9 - - - - -] 127.0.0.1 "GET /v1/nodes/c1a56cb3-fcef-59d5-8105-7e6815154f70 HTTP/1.1" status: 200 len: 1752 time: 0.0239708
2017-05-23 12:43:52.237 31294 INFO eventlet.wsgi.server [req-2874952a-3880-4381-bd2c-b0c94124d2c1 - - - - -] 127.0.0.1 "GET /v1/nodes/e1369efa-5391-5035-8533-3a065c44a584 HTTP/1.1" status: 200 len: 1775 time: 0.0286510
2017-05-23 12:43:54.209 31284 INFO eventlet.wsgi.server [req-ee18e7d1-5cff-48fd-a76f-bdeb66c9d520 - - - - -] 127.0.0.1 "GET /v1/nodes/93494378-56ee-5e22-b6f0-e3be3a9ebdf1 HTTP/1.1" status: 200 len: 1748 time: 0.0285549
2017-05-23 12:43:54.213 31292 INFO eventlet.wsgi.server [req-090769aa-2e72-4ee9-89a9-ae2b4a356b69 - - - - -] 127.0.0.1 "GET /v1/nodes/c1a56cb3-fcef-59d5-8105-7e6815154f70 HTTP/1.1" status: 200 len: 1752 time: 0.0275619
2017-05-23 12:43:54.267 31294 INFO eventlet.wsgi.server [req-fea03c24-c91e-4366-ae9e-85b80b081989 - - - - -] 127.0.0.1 "GET /v1/nodes/e1369efa-5391-5035-8533-3a065c44a584 HTTP/1.1" status: 200 len: 1775 time: 0.0259840
2017-05-23 12:43:56.242 31284 INFO eventlet.wsgi.server [req-f8443bf0-48e9-496a-871d-d1046d5c39b9 - - - - -] 127.0.0.1 "GET /v1/nodes/93494378-56ee-5e22-b6f0-e3be3a9ebdf1 HTTP/1.1" status: 200 len: 1748 time: 0.0279939
2017-05-23 12:43:56.247 31292 INFO eventlet.wsgi.server [req-9ab42d58-6cc8-4e46-bb3d-74bbe78dddf2 - - - - -] 127.0.0.1 "GET /v1/nodes/c1a56cb3-fcef-59d5-8105-7e6815154f70 HTTP/1.1" status: 200 len: 1752 time: 0.0269730
2017-05-23 12:43:56.299 31294 INFO eventlet.wsgi.server [req-1daddffb-dcf0-42c0-9e75-34c303b9f778 - - - - -] 127.0.0.1 "GET /v1/nodes/e1369efa-5391-5035-8533-3a065c44a584 HTTP/1.1" status: 200 len: 1755 time: 0.0269792
2017-05-23 12:43:58.274 31284 INFO eventlet.wsgi.server [req-0f60b463-a84d-4b72-b6af-967d6ca73cea - - - - -] 127.0.0.1 "GET /v1/nodes/93494378-56ee-5e22-b6f0-e3be3a9ebdf1 HTTP/1.1" status: 200 len: 1748 time: 0.0269139
2017-05-23 12:43:58.282 31292 INFO eventlet.wsgi.server [req-0eca9a38-caea-4e26-a91f-00f572213208 - - - - -] 127.0.0.1 "GET /v1/nodes/c1a56cb3-fcef-59d5-8105-7e6815154f70 HTTP/1.1" status: 200 len: 1752 time: 0.0289271
2017-05-23 12:43:58.333 31294 INFO eventlet.wsgi.server [req-0df96ccf-5056-4c14-96c0-fac4e8363825 - - - - -] 127.0.0.1 "GET /v1/nodes/e1369efa-5391-5035-8533-3a065c44a584 HTTP/1.1" status: 200 len: 1755 time: 0.0289080
2017-05-23 12:44:00.302 31284 INFO eventlet.wsgi.server [req-0dabc17d-fea9-4709-8fd4-34bbe86e2f7a - - - - -] 127.0.0.1 "GET /v1/nodes/93494378-56ee-5e22-b6f0-e3be3a9ebdf1 HTTP/1.1" status: 200 len: 1748 time: 0.0234880
2017-05-23 12:44:00.316 31292 INFO eventlet.wsgi.server [req-1ec31784-5d70-413d-abaa-59a94a8dd187 - - - - -] 127.0.0.1 "GET /v1/nodes/c1a56cb3-fcef-59d5-8105-7e6815154f70 HTTP/1.1" status: 200 len: 1752 time: 0.0291750
2017-05-23 12:44:00.367 31294 INFO eventlet.wsgi.server [req-5501d44a-7a01-4b32-96d2-37a2a16f0bc8 - - - - -] 127.0.0.1 "GET /v1/nodes/e1369efa-5391-5035-8533-3a065c44a584 HTTP/1.1" status: 200 len: 1755 time: 0.0287402
2017-05-23 12:44:02.334 31284 INFO eventlet.wsgi.server [req-3c887d02-dcff-452a-917d-ef8b87e1516e - - - - -] 127.0.0.1 "GET /v1/nodes/93494378-56ee-5e22-b6f0-e3be3a9ebdf1 HTTP/1.1" status: 200 len: 1748 time: 0.0271180
2017-05-23 12:44:02.348 31292 INFO eventlet.wsgi.server [req-2395a12b-7d50-4769-8307-3cfabe74d57e - - - - -] 127.0.0.1 "GET /v1/nodes/c1a56cb3-fcef-59d5-8105-7e6815154f70 HTTP/1.1" status: 200 len: 1752 time: 0.0268900
2017-05-23 12:44:02.387 31294 INFO eventlet.wsgi.server [req-2df3a96b-9328-409d-aa30-711116884dc1 - - - - -] 127.0.0.1 "GET /v1/nodes/e1369efa-5391-5035-8533-3a065c44a584 HTTP/1.1" status: 200 len: 1755 time: 0.0163071
2017-05-23 12:44:04.369 31284 INFO eventlet.wsgi.server [req-39119478-327c-416e-b343-07b1f17d9989 - - - - -] 127.0.0.1 "GET /v1/nodes/93494378-56ee-5e22-b6f0-e3be3a9ebdf1 HTTP/1.1" status: 200 len: 1748 time: 0.0283961
2017-05-23 12:44:04.381 31292 INFO eventlet.wsgi.server [req-8170a8da-74b7-4083-bb95-ff58d5d465b4 - - - - -] 127.0.0.1 "GET /v1/nodes/c1a56cb3-fcef-59d5-8105-7e6815154f70 HTTP/1.1" status: 200 len: 1752 time: 0.0277040
2017-05-23 12:44:04.419 31294 INFO eventlet.wsgi.server [req-b2073793-76f0-4325-84c8-41c138d3f572 - - - - -] 127.0.0.1 "GET /v1/nodes/e1369efa-5391-5035-8533-3a065c44a584 HTTP/1.1" status: 200 len: 1755 time: 0.0269680
2017-05-23 12:44:06.403 31284 INFO eventlet.wsgi.server [req-e33d9c70-fe53-4d00-a6c9-8cd44c0f4028 - - - - -] 127.0.0.1 "GET /v1/nodes/93494378-56ee-5e22-b6f0-e3be3a9ebdf1 HTTP/1.1" status: 200 len: 1748 time: 0.0283320
2017-05-23 12:44:06.416 31292 INFO eventlet.wsgi.server [req-237dbccd-c45f-4fae-992e-5b7968472b54 - - - - -] 127.0.0.1 "GET /v1/nodes/c1a56cb3-fcef-59d5-8105-7e6815154f70 HTTP/1.1" status: 200 len: 1752 time: 0.0308070
2017-05-23 12:44:06.453 31294 INFO eventlet.wsgi.server [req-3c9228eb-ce0e-44bc-9037-34187f26c5d4 - - - - -] 127.0.0.1 "GET /v1/nodes/e1369efa-5391-5035-8533-3a065c44a584 HTTP/1.1" status: 200 len: 1755 time: 0.0289178
2017-05-23 12:44:08.369 31298 INFO eventlet.wsgi.server [req-21ddef20-b4af-4685-9683-952d7e583f6d - - - - -] 127.0.0.1 "GET /v1/nodes/c1a56cb3-fcef-59d5-8105-7e6815154f70 HTTP/1.1" status: 200 len: 1771 time: 0.0141530
2017-05-23 12:44:08.436 31284 INFO eventlet.wsgi.server [req-3eee5f97-56ba-4e1a-aab8-c6c5c53012d6 - - - - -] 127.0.0.1 "GET /v1/nodes/93494378-56ee-5e22-b6f0-e3be3a9ebdf1 HTTP/1.1" status: 200 len: 1748 time: 0.0279441
2017-05-23 12:44:08.446 31292 INFO eventlet.wsgi.server [req-3f9795c3-6883-4776-9eb1-b4bff6b0106f - - - - -] 127.0.0.1 "GET /v1/nodes/c1a56cb3-fcef-59d5-8105-7e6815154f70 HTTP/1.1" status: 200 len: 1752 time: 0.0248110
2017-05-23 12:44:08.463 31298 INFO eventlet.wsgi.server [req-c987f068-c47d-4e49-a7d7-b752f81c3693 - - - - -] 127.0.0.1 "GET /v1/nodes/c1a56cb3-fcef-59d5-8105-7e6815154f70/ports HTTP/1.1" status: 200 len: 623 time: 0.0284111
2017-05-23 12:44:08.485 31294 INFO eventlet.wsgi.server [req-c255d16e-03eb-4433-b5a9-da96c0337b61 - - - - -] 127.0.0.1 "GET /v1/nodes/e1369efa-5391-5035-8533-3a065c44a584 HTTP/1.1" status: 200 len: 1755 time: 0.0275919
2017-05-23 12:44:08.642 31298 INFO eventlet.wsgi.server [req-76b2c722-225f-419b-b999-bc9502a35b84 - - - - -] 127.0.0.1 "PATCH /v1/nodes/c1a56cb3-fcef-59d5-8105-7e6815154f70 HTTP/1.1" status: 200 len: 1791 time: 0.1727302
2017-05-23 12:44:08.989 31298 INFO eventlet.wsgi.server [req-557a8e15-a50c-49d4-8090-6c2b230c6437 - - - - -] 127.0.0.1 "PATCH /v1/nodes/c1a56cb3-fcef-59d5-8105-7e6815154f70 HTTP/1.1" status: 200 len: 1841 time: 0.3406010
2017-05-23 12:44:09.180 31285 INFO eventlet.wsgi.server [req-0a512ba7-0fc0-46d7-be2d-70f7de271a78 - - - - -] 127.0.0.1 "PUT /v1/nodes/c1a56cb3-fcef-59d5-8105-7e6815154f70/states/power HTTP/1.1" status: 202 len: 384 time: 0.1619179
2017-05-23 12:44:10.455 31284 INFO eventlet.wsgi.server [req-1137044d-77a0-4bab-b848-befdbd359109 - - - - -] 127.0.0.1 "GET /v1/nodes/93494378-56ee-5e22-b6f0-e3be3a9ebdf1 HTTP/1.1" status: 200 len: 1748 time: 0.0143991
2017-05-23 12:44:10.479 31292 INFO eventlet.wsgi.server [req-66a15bb3-f488-4102-a979-5ce994147dcd - - - - -] 127.0.0.1 "GET /v1/nodes/c1a56cb3-fcef-59d5-8105-7e6815154f70 HTTP/1.1" status: 200 len: 1829 time: 0.0284150
2017-05-23 12:44:10.519 31294 INFO eventlet.wsgi.server [req-958cf900-2d7f-48d7-8237-72df7586dbb3 - - - - -] 127.0.0.1 "GET /v1/nodes/e1369efa-5391-5035-8533-3a065c44a584 HTTP/1.1" status: 200 len: 1755 time: 0.0282850
2017-05-23 12:44:12.489 31284 INFO eventlet.wsgi.server [req-186657bf-4f23-48ac-bec6-db32f22c515b - - - - -] 127.0.0.1 "GET /v1/nodes/93494378-56ee-5e22-b6f0-e3be3a9ebdf1 HTTP/1.1" status: 200 len: 1748 time: 0.0277400
2017-05-23 12:44:12.511 31292 INFO eventlet.wsgi.server [req-e1abc217-b7f0-48bf-b12b-557c89842106 - - - - -] 127.0.0.1 "GET /v1/nodes/c1a56cb3-fcef-59d5-8105-7e6815154f70 HTTP/1.1" status: 200 len: 1829 time: 0.0271761
2017-05-23 12:44:12.534 31294 INFO eventlet.wsgi.server [req-978f0748-406d-4dbd-8468-01e3dfafe6bf - - - - -] 127.0.0.1 "GET /v1/nodes/e1369efa-5391-5035-8533-3a065c44a584 HTTP/1.1" status: 200 len: 1755 time: 0.0138171
2017-05-23 12:44:14.524 31284 INFO eventlet.wsgi.server [req-d01dd703-b5c1-4c8f-a857-22282405b4d0 - - - - -] 127.0.0.1 "GET /v1/nodes/93494378-56ee-5e22-b6f0-e3be3a9ebdf1 HTTP/1.1" status: 200 len: 1748 time: 0.0299132
2017-05-23 12:44:14.545 31292 INFO eventlet.wsgi.server [req-3c00e5e8-2d66-4c46-a6c1-bb7576f08889 - - - - -] 127.0.0.1 "GET /v1/nodes/c1a56cb3-fcef-59d5-8105-7e6815154f70 HTTP/1.1" status: 200 len: 1829 time: 0.0291479
2017-05-23 12:44:14.567 31294 INFO eventlet.wsgi.server [req-2b25e5dd-d9b5-44b7-bcbc-2b280b948e7e - - - - -] 127.0.0.1 "GET /v1/nodes/e1369efa-5391-5035-8533-3a065c44a584 HTTP/1.1" status: 200 len: 1755 time: 0.0288401
2017-05-23 12:44:16.134 31287 DEBUG oslo_concurrency.lockutils [req-a84d122b-0f37-4fff-83ef-b91e856e818d - - - - -] Lock "policy_enforcer" acquired by "ironic.common.policy.init_enforcer" :: waited 0.000s inner /usr/local/lib/python2.7/dist-packages/oslo_concurrency/lockutils.py:270
2017-05-23 12:44:16.135 31287 DEBUG oslo_concurrency.lockutils [req-a84d122b-0f37-4fff-83ef-b91e856e818d - - - - -] Lock "policy_enforcer" released by "ironic.common.policy.init_enforcer" :: held 0.001s inner /usr/local/lib/python2.7/dist-packages/oslo_concurrency/lockutils.py:282
2017-05-23 12:44:16.135 31287 DEBUG oslo_policy._cache_handler [req-a84d122b-0f37-4fff-83ef-b91e856e818d - - - - -] Reloading cached file /etc/ironic/policy.json read_cached_file /usr/local/lib/python2.7/dist-packages/oslo_policy/_cache_handler.py:40
2017-05-23 12:44:16.137 31287 DEBUG oslo_policy.policy [req-a84d122b-0f37-4fff-83ef-b91e856e818d - - - - -] Reloaded policy file: /etc/ironic/policy.json _load_policy_file /usr/local/lib/python2.7/dist-packages/oslo_policy/policy.py:683
2017-05-23 12:44:16.140 31287 DEBUG oslo_db.api [req-a84d122b-0f37-4fff-83ef-b91e856e818d - - - - -] Loading backend 'sqlalchemy' from 'ironic.db.sqlalchemy.api' _load_backend /usr/local/lib/python2.7/dist-packages/oslo_db/api.py:237
2017-05-23 12:44:16.314 31287 DEBUG oslo_db.sqlalchemy.engines [req-a84d122b-0f37-4fff-83ef-b91e856e818d - - - - -] MySQL server mode set to STRICT_TRANS_TABLES,STRICT_ALL_TABLES,NO_ZERO_IN_DATE,NO_ZERO_DATE,ERROR_FOR_DIVISION_BY_ZERO,TRADITIONAL,NO_AUTO_CREATE_USER,NO_ENGINE_SUBSTITUTION _check_effective_sql_mode /usr/local/lib/python2.7/dist-packages/oslo_db/sqlalchemy/engines.py:260
2017-05-23 12:44:16.356 31287 INFO eventlet.wsgi.server [req-a84d122b-0f37-4fff-83ef-b91e856e818d - - - - -] 127.0.0.1 "GET /v1/nodes/e1369efa-5391-5035-8533-3a065c44a584 HTTP/1.1" status: 200 len: 1774 time: 0.2272320
2017-05-23 12:44:16.452 31287 INFO eventlet.wsgi.server [req-93267eb2-23c5-4ed0-9764-efc250e3558e - - - - -] 127.0.0.1 "GET /v1/nodes/e1369efa-5391-5035-8533-3a065c44a584/ports HTTP/1.1" status: 200 len: 623 time: 0.0310500
2017-05-23 12:44:16.490 31287 WARNING oslo_config.cfg [req-ce139bef-2df1-40c5-babb-8bd05a903096 - - - - -] Option "rabbit_userid" from group "DEFAULT" is deprecated. Use option "rabbit_userid" from group "oslo_messaging_rabbit".
2017-05-23 12:44:16.491 31287 WARNING oslo_config.cfg [req-ce139bef-2df1-40c5-babb-8bd05a903096 - - - - -] Option "rabbit_userid" from group "oslo_messaging_rabbit" is deprecated for removal (Replaced by [DEFAULT]/transport_url). Its value may be silently ignored in the future.
2017-05-23 12:44:16.491 31287 WARNING oslo_config.cfg [req-ce139bef-2df1-40c5-babb-8bd05a903096 - - - - -] Option "rabbit_password" from group "DEFAULT" is deprecated. Use option "rabbit_password" from group "oslo_messaging_rabbit".
2017-05-23 12:44:16.491 31287 WARNING oslo_config.cfg [req-ce139bef-2df1-40c5-babb-8bd05a903096 - - - - -] Option "rabbit_password" from group "oslo_messaging_rabbit" is deprecated for removal (Replaced by [DEFAULT]/transport_url). Its value may be silently ignored in the future.
2017-05-23 12:44:16.555 31284 INFO eventlet.wsgi.server [req-50b0a269-bedc-4395-82ef-5ef7eb6742cf - - - - -] 127.0.0.1 "GET /v1/nodes/93494378-56ee-5e22-b6f0-e3be3a9ebdf1 HTTP/1.1" status: 200 len: 1748 time: 0.0256262
2017-05-23 12:44:16.564 31292 INFO eventlet.wsgi.server [req-38316e1d-5072-409b-9409-5b39663b3fdc - - - - -] 127.0.0.1 "GET /v1/nodes/c1a56cb3-fcef-59d5-8105-7e6815154f70 HTTP/1.1" status: 200 len: 1829 time: 0.0147629
2017-05-23 12:44:16.600 31294 INFO eventlet.wsgi.server [req-265cf09e-6a25-475c-a6be-8a2fd591d1a5 - - - - -] 127.0.0.1 "GET /v1/nodes/e1369efa-5391-5035-8533-3a065c44a584 HTTP/1.1" status: 200 len: 1775 time: 0.0279460
2017-05-23 12:44:16.658 31287 INFO eventlet.wsgi.server [req-ce139bef-2df1-40c5-babb-8bd05a903096 - - - - -] 127.0.0.1 "PATCH /v1/nodes/e1369efa-5391-5035-8533-3a065c44a584 HTTP/1.1" status: 200 len: 1794 time: 0.2006631
2017-05-23 12:44:16.853 31287 INFO eventlet.wsgi.server [req-c7d9e32a-d9e0-4cf4-89bc-0220990a86e4 - - - - -] 127.0.0.1 "PATCH /v1/nodes/e1369efa-5391-5035-8533-3a065c44a584 HTTP/1.1" status: 200 len: 1844 time: 0.1893930
2017-05-23 12:44:16.912 31298 INFO eventlet.wsgi.server [req-21631c76-454e-402f-afd2-af52d8bd9293 - - - - -] 127.0.0.1 "GET /v1/nodes/93494378-56ee-5e22-b6f0-e3be3a9ebdf1 HTTP/1.1" status: 200 len: 1767 time: 0.0141461
2017-05-23 12:44:17.140 31298 INFO eventlet.wsgi.server [req-192b7a7c-caed-4224-bada-d8b7f9b5d94a - - - - -] 127.0.0.1 "GET /v1/nodes/93494378-56ee-5e22-b6f0-e3be3a9ebdf1/ports HTTP/1.1" status: 200 len: 623 time: 0.0321221
2017-05-23 12:44:17.312 31295 INFO eventlet.wsgi.server [req-979a997d-43c2-492e-ac09-9966b12320ab - - - - -] 127.0.0.1 "PUT /v1/nodes/e1369efa-5391-5035-8533-3a065c44a584/states/power HTTP/1.1" status: 202 len: 384 time: 0.4218509
2017-05-23 12:44:17.395 31298 INFO eventlet.wsgi.server [req-c813f6e1-df3f-417a-8030-dff1c6bbaab9 - - - - -] 127.0.0.1 "PATCH /v1/nodes/93494378-56ee-5e22-b6f0-e3be3a9ebdf1 HTTP/1.1" status: 200 len: 1787 time: 0.2474530
2017-05-23 12:44:17.861 31298 INFO eventlet.wsgi.server [req-96d38650-d3fd-4b04-9b72-7e01f1dc6169 - - - - -] 127.0.0.1 "PATCH /v1/nodes/93494378-56ee-5e22-b6f0-e3be3a9ebdf1 HTTP/1.1" status: 200 len: 1837 time: 0.4599359
2017-05-23 12:44:18.042 31284 INFO eventlet.wsgi.server [req-022b5c08-63bc-416f-a834-07383f2ebd72 - - - - -] 127.0.0.1 "PUT /v1/nodes/93494378-56ee-5e22-b6f0-e3be3a9ebdf1/states/power HTTP/1.1" status: 202 len: 384 time: 0.1556282
2017-05-23 12:44:18.590 31284 INFO eventlet.wsgi.server [req-a5ce128e-1200-42ef-bab6-b62668e01bda - - - - -] 127.0.0.1 "GET /v1/nodes/93494378-56ee-5e22-b6f0-e3be3a9ebdf1 HTTP/1.1" status: 200 len: 1825 time: 0.0300741
2017-05-23 12:44:18.598 31292 INFO eventlet.wsgi.server [req-f41bd18f-a085-4435-964f-de219faf7034 - - - - -] 127.0.0.1 "GET /v1/nodes/c1a56cb3-fcef-59d5-8105-7e6815154f70 HTTP/1.1" status: 200 len: 1829 time: 0.0290420
2017-05-23 12:44:18.634 31294 INFO eventlet.wsgi.server [req-7b79b731-2203-4721-94a4-c43e581d69d2 - - - - -] 127.0.0.1 "GET /v1/nodes/e1369efa-5391-5035-8533-3a065c44a584 HTTP/1.1" status: 200 len: 1832 time: 0.0290670
2017-05-23 12:44:20.171 31290 DEBUG oslo_concurrency.lockutils [req-015a7136-5b83-48c2-8672-4d742a95a42e - - - - -] Lock "policy_enforcer" acquired by "ironic.common.policy.init_enforcer" :: waited 0.000s inner /usr/local/lib/python2.7/dist-packages/oslo_concurrency/lockutils.py:270
2017-05-23 12:44:20.172 31290 DEBUG oslo_concurrency.lockutils [req-015a7136-5b83-48c2-8672-4d742a95a42e - - - - -] Lock "policy_enforcer" released by "ironic.common.policy.init_enforcer" :: held 0.001s inner /usr/local/lib/python2.7/dist-packages/oslo_concurrency/lockutils.py:282
2017-05-23 12:44:20.172 31290 DEBUG oslo_policy._cache_handler [req-015a7136-5b83-48c2-8672-4d742a95a42e - - - - -] Reloading cached file /etc/ironic/policy.json read_cached_file /usr/local/lib/python2.7/dist-packages/oslo_policy/_cache_handler.py:40
2017-05-23 12:44:20.174 31290 DEBUG oslo_policy.policy [req-015a7136-5b83-48c2-8672-4d742a95a42e - - - - -] Reloaded policy file: /etc/ironic/policy.json _load_policy_file /usr/local/lib/python2.7/dist-packages/oslo_policy/policy.py:683
2017-05-23 12:44:20.177 31290 DEBUG oslo_db.api [req-015a7136-5b83-48c2-8672-4d742a95a42e - - - - -] Loading backend 'sqlalchemy' from 'ironic.db.sqlalchemy.api' _load_backend /usr/local/lib/python2.7/dist-packages/oslo_db/api.py:237
2017-05-23 12:44:20.293 31290 DEBUG oslo_db.sqlalchemy.engines [req-015a7136-5b83-48c2-8672-4d742a95a42e - - - - -] MySQL server mode set to STRICT_TRANS_TABLES,STRICT_ALL_TABLES,NO_ZERO_IN_DATE,NO_ZERO_DATE,ERROR_FOR_DIVISION_BY_ZERO,TRADITIONAL,NO_AUTO_CREATE_USER,NO_ENGINE_SUBSTITUTION _check_effective_sql_mode /usr/local/lib/python2.7/dist-packages/oslo_db/sqlalchemy/engines.py:260
2017-05-23 12:44:20.335 31290 INFO eventlet.wsgi.server [req-015a7136-5b83-48c2-8672-4d742a95a42e - - - - -] 127.0.0.1 "GET /v1/nodes HTTP/1.1" status: 200 len: 1478 time: 0.1688900
2017-05-23 12:44:20.614 31292 INFO eventlet.wsgi.server [req-207a3305-d726-4395-bf46-7fb4ff023c4f - - - - -] 127.0.0.1 "GET /v1/nodes/c1a56cb3-fcef-59d5-8105-7e6815154f70 HTTP/1.1" status: 200 len: 1803 time: 0.0140378
2017-05-23 12:44:20.621 31284 INFO eventlet.wsgi.server [req-08fbdb74-c125-49bc-bf4e-cbc0653d4be3 - - - - -] 127.0.0.1 "GET /v1/nodes/93494378-56ee-5e22-b6f0-e3be3a9ebdf1 HTTP/1.1" status: 200 len: 1825 time: 0.0270441
2017-05-23 12:44:20.663 31294 INFO eventlet.wsgi.server [req-22c97fd7-6647-4f19-bf9b-e6f22a43410c - - - - -] 127.0.0.1 "GET /v1/nodes/e1369efa-5391-5035-8533-3a065c44a584 HTTP/1.1" status: 200 len: 1832 time: 0.0268750
2017-05-23 12:44:22.635 31292 INFO eventlet.wsgi.server [req-ac43df6e-def3-4268-9d1b-7422cb429d76 - - - - -] 127.0.0.1 "GET /v1/nodes/c1a56cb3-fcef-59d5-8105-7e6815154f70 HTTP/1.1" status: 200 len: 1795 time: 0.0143521
2017-05-23 12:44:22.656 31284 INFO eventlet.wsgi.server [req-7d6cef17-1c05-441e-be08-4f348c458e4b - - - - -] 127.0.0.1 "GET /v1/nodes/93494378-56ee-5e22-b6f0-e3be3a9ebdf1 HTTP/1.1" status: 200 len: 1825 time: 0.0293870
2017-05-23 12:44:22.696 31294 INFO eventlet.wsgi.server [req-6e28d06a-b35a-44e2-861e-8b3279b2ca87 - - - - -] 127.0.0.1 "GET /v1/nodes/e1369efa-5391-5035-8533-3a065c44a584 HTTP/1.1" status: 200 len: 1832 time: 0.0288460
2017-05-23 12:44:22.778 31292 INFO eventlet.wsgi.server [req-7f8ded51-251c-4719-99db-17ab7958427e - - - - -] 127.0.0.1 "PUT /v1/nodes/c1a56cb3-fcef-59d5-8105-7e6815154f70/states/provision HTTP/1.1" status: 202 len: 383 time: 0.1393750
2017-05-23 12:44:22.799 31292 INFO eventlet.wsgi.server [req-005df150-3587-4cb2-a682-b35e01d475ca - - - - -] 127.0.0.1 "GET /v1/nodes/c1a56cb3-fcef-59d5-8105-7e6815154f70 HTTP/1.1" status: 200 len: 1820 time: 0.0172548
2017-05-23 12:44:24.685 31284 INFO eventlet.wsgi.server [req-d4f9f6cc-2192-4e4a-b998-206a737498ba - - - - -] 127.0.0.1 "GET /v1/nodes/93494378-56ee-5e22-b6f0-e3be3a9ebdf1 HTTP/1.1" status: 200 len: 1825 time: 0.0242388
2017-05-23 12:44:24.727 31294 INFO eventlet.wsgi.server [req-198d37b2-c9e3-453c-9a56-0b17e65b4593 - - - - -] 127.0.0.1 "GET /v1/nodes/e1369efa-5391-5035-8533-3a065c44a584 HTTP/1.1" status: 200 len: 1832 time: 0.0274858
2017-05-23 12:44:24.819 31292 INFO eventlet.wsgi.server [req-5a5cd1a8-8904-4c4f-8716-47a4d82875a3 - - - - -] 127.0.0.1 "GET /v1/nodes/c1a56cb3-fcef-59d5-8105-7e6815154f70 HTTP/1.1" status: 200 len: 1794 time: 0.0143442
2017-05-23 12:44:26.721 31284 INFO eventlet.wsgi.server [req-2f26c58c-0152-4e89-86b5-86f91adf094c - - - - -] 127.0.0.1 "GET /v1/nodes/93494378-56ee-5e22-b6f0-e3be3a9ebdf1 HTTP/1.1" status: 200 len: 1825 time: 0.0309992
2017-05-23 12:44:26.758 31294 INFO eventlet.wsgi.server [req-4154ae32-4ef5-40f9-97e6-258ba7d0def0 - - - - -] 127.0.0.1 "GET /v1/nodes/e1369efa-5391-5035-8533-3a065c44a584 HTTP/1.1" status: 200 len: 1832 time: 0.0242891
2017-05-23 12:44:28.756 31284 INFO eventlet.wsgi.server [req-0eca6b52-f38a-4389-8831-9c6b37a84a07 - - - - -] 127.0.0.1 "GET /v1/nodes/93494378-56ee-5e22-b6f0-e3be3a9ebdf1 HTTP/1.1" status: 200 len: 1825 time: 0.0291119
2017-05-23 12:44:28.793 31294 INFO eventlet.wsgi.server [req-95f7234f-6dc6-4a6f-b6de-71e54dd950f6 - - - - -] 127.0.0.1 "GET /v1/nodes/e1369efa-5391-5035-8533-3a065c44a584 HTTP/1.1" status: 200 len: 1832 time: 0.0283201
2017-05-23 12:44:30.792 31284 INFO eventlet.wsgi.server [req-50e5d643-765a-473c-8173-7f6a724d677b - - - - -] 127.0.0.1 "GET /v1/nodes/93494378-56ee-5e22-b6f0-e3be3a9ebdf1 HTTP/1.1" status: 200 len: 1799 time: 0.0302300
2017-05-23 12:44:30.828 31294 INFO eventlet.wsgi.server [req-930b41f0-e6df-460a-b8f8-b950637d5680 - - - - -] 127.0.0.1 "GET /v1/nodes/e1369efa-5391-5035-8533-3a065c44a584 HTTP/1.1" status: 200 len: 1806 time: 0.0283289
2017-05-23 12:44:32.828 31284 INFO eventlet.wsgi.server [req-d8af3df5-36b0-4519-a90e-cf4f47382fcd - - - - -] 127.0.0.1 "GET /v1/nodes/93494378-56ee-5e22-b6f0-e3be3a9ebdf1 HTTP/1.1" status: 200 len: 1799 time: 0.0312409
2017-05-23 12:44:32.851 31294 INFO eventlet.wsgi.server [req-719193e7-d260-4b3b-9a0d-bd83d4e9e357 - - - - -] 127.0.0.1 "GET /v1/nodes/e1369efa-5391-5035-8533-3a065c44a584 HTTP/1.1" status: 200 len: 1806 time: 0.0167320
2017-05-23 12:44:34.866 31284 INFO eventlet.wsgi.server [req-54b15460-3a64-4858-b6ec-7d5f15444012 - - - - -] 127.0.0.1 "GET /v1/nodes/93494378-56ee-5e22-b6f0-e3be3a9ebdf1 HTTP/1.1" status: 200 len: 1799 time: 0.0312810
2017-05-23 12:44:34.888 31294 INFO eventlet.wsgi.server [req-f0e82fc6-604d-4ad2-9775-27479c06aafa - - - - -] 127.0.0.1 "GET /v1/nodes/e1369efa-5391-5035-8533-3a065c44a584 HTTP/1.1" status: 200 len: 1806 time: 0.0316172
2017-05-23 12:44:36.902 31284 INFO eventlet.wsgi.server [req-8ae3d9c5-625e-466f-9eaa-a8986cee3215 - - - - -] 127.0.0.1 "GET /v1/nodes/93494378-56ee-5e22-b6f0-e3be3a9ebdf1 HTTP/1.1" status: 200 len: 1799 time: 0.0311549
2017-05-23 12:44:36.928 31294 INFO eventlet.wsgi.server [req-3deabfda-8fd0-43b9-800f-1351b874508e - - - - -] 127.0.0.1 "GET /v1/nodes/e1369efa-5391-5035-8533-3a065c44a584 HTTP/1.1" status: 200 len: 1806 time: 0.0333540
2017-05-23 12:44:38.922 31284 INFO eventlet.wsgi.server [req-5120bbf3-fc9a-4647-8939-938d4334f38c - - - - -] 127.0.0.1 "GET /v1/nodes/93494378-56ee-5e22-b6f0-e3be3a9ebdf1 HTTP/1.1" status: 200 len: 1799 time: 0.0157490
2017-05-23 12:44:38.962 31294 INFO eventlet.wsgi.server [req-e426402e-4cad-4bee-b32c-2c444f10f1cb - - - - -] 127.0.0.1 "GET /v1/nodes/e1369efa-5391-5035-8533-3a065c44a584 HTTP/1.1" status: 200 len: 1806 time: 0.0285940
2017-05-23 12:44:40.953 31284 INFO eventlet.wsgi.server [req-24d4957c-1c48-43b1-9acf-dda1913653f5 - - - - -] 127.0.0.1 "GET /v1/nodes/93494378-56ee-5e22-b6f0-e3be3a9ebdf1 HTTP/1.1" status: 200 len: 1799 time: 0.0264750
2017-05-23 12:44:40.994 31294 INFO eventlet.wsgi.server [req-06cc2e23-f633-4979-aa95-334969200612 - - - - -] 127.0.0.1 "GET /v1/nodes/e1369efa-5391-5035-8533-3a065c44a584 HTTP/1.1" status: 200 len: 1806 time: 0.0265841
2017-05-23 12:44:42.989 31284 INFO eventlet.wsgi.server [req-048e4d70-c45f-4b84-8d05-a503376f841e - - - - -] 127.0.0.1 "GET /v1/nodes/93494378-56ee-5e22-b6f0-e3be3a9ebdf1 HTTP/1.1" status: 200 len: 1799 time: 0.0296688
2017-05-23 12:44:43.024 31294 INFO eventlet.wsgi.server [req-c312e04d-9183-4765-b82c-56a1de2ad5ad - - - - -] 127.0.0.1 "GET /v1/nodes/e1369efa-5391-5035-8533-3a065c44a584 HTTP/1.1" status: 200 len: 1806 time: 0.0256159
2017-05-23 12:44:45.025 31284 INFO eventlet.wsgi.server [req-a66ac4cd-a176-47d1-b01e-cfdc1723000c - - - - -] 127.0.0.1 "GET /v1/nodes/93494378-56ee-5e22-b6f0-e3be3a9ebdf1 HTTP/1.1" status: 200 len: 1799 time: 0.0320098
2017-05-23 12:44:45.057 31294 INFO eventlet.wsgi.server [req-e2431484-856b-4e87-8b5d-d4d900b78bc4 - - - - -] 127.0.0.1 "GET /v1/nodes/e1369efa-5391-5035-8533-3a065c44a584 HTTP/1.1" status: 200 len: 1806 time: 0.0282722
2017-05-23 12:44:47.059 31284 INFO eventlet.wsgi.server [req-3fd07e70-20c5-4c94-9837-3510ee85b305 - - - - -] 127.0.0.1 "GET /v1/nodes/93494378-56ee-5e22-b6f0-e3be3a9ebdf1 HTTP/1.1" status: 200 len: 1799 time: 0.0280809
2017-05-23 12:44:47.077 31294 INFO eventlet.wsgi.server [req-57a5746d-6b70-459c-962a-4d486db9b7f5 - - - - -] 127.0.0.1 "GET /v1/nodes/e1369efa-5391-5035-8533-3a065c44a584 HTTP/1.1" status: 200 len: 1806 time: 0.0160601
2017-05-23 12:44:49.082 31284 INFO eventlet.wsgi.server [req-934b77b2-5432-4f08-9e2e-4d13fdb7aec1 - - - - -] 127.0.0.1 "GET /v1/nodes/93494378-56ee-5e22-b6f0-e3be3a9ebdf1 HTTP/1.1" status: 200 len: 1799 time: 0.0210030
2017-05-23 12:44:49.114 31294 INFO eventlet.wsgi.server [req-369574a2-2f3e-48b9-b0ef-1706509c796d - - - - -] 127.0.0.1 "GET /v1/nodes/e1369efa-5391-5035-8533-3a065c44a584 HTTP/1.1" status: 200 len: 1806 time: 0.0315189
2017-05-23 12:44:51.113 31284 INFO eventlet.wsgi.server [req-04ea3d69-831f-4ea7-8873-3e27ae5735d7 - - - - -] 127.0.0.1 "GET /v1/nodes/93494378-56ee-5e22-b6f0-e3be3a9ebdf1 HTTP/1.1" status: 200 len: 1799 time: 0.0256481
2017-05-23 12:44:51.147 31294 INFO eventlet.wsgi.server [req-d755031d-e061-4671-9294-78e93c936857 - - - - -] 127.0.0.1 "GET /v1/nodes/e1369efa-5391-5035-8533-3a065c44a584 HTTP/1.1" status: 200 len: 1806 time: 0.0285141
2017-05-23 12:44:53.146 31284 INFO eventlet.wsgi.server [req-91656e08-ba00-4b62-9078-3d81e2fc5a72 - - - - -] 127.0.0.1 "GET /v1/nodes/93494378-56ee-5e22-b6f0-e3be3a9ebdf1 HTTP/1.1" status: 200 len: 1799 time: 0.0286500
2017-05-23 12:44:53.181 31294 INFO eventlet.wsgi.server [req-a018a9d3-90e2-46da-bcf0-d00275433e77 - - - - -] 127.0.0.1 "GET /v1/nodes/e1369efa-5391-5035-8533-3a065c44a584 HTTP/1.1" status: 200 len: 1806 time: 0.0290539
2017-05-23 12:44:55.173 31284 INFO eventlet.wsgi.server [req-3ff06b06-c502-41f6-8c8a-8949fc768cf5 - - - - -] 127.0.0.1 "GET /v1/nodes/93494378-56ee-5e22-b6f0-e3be3a9ebdf1 HTTP/1.1" status: 200 len: 1799 time: 0.0224061
2017-05-23 12:44:55.204 31294 INFO eventlet.wsgi.server [req-74f275d4-6173-4027-88d9-682fa6f2f6a1 - - - - -] 127.0.0.1 "GET /v1/nodes/e1369efa-5391-5035-8533-3a065c44a584 HTTP/1.1" status: 200 len: 1806 time: 0.0185988
2017-05-23 12:44:57.192 31284 INFO eventlet.wsgi.server [req-587f6662-4744-4361-8935-54b7ec3846d3 - - - - -] 127.0.0.1 "GET /v1/nodes/93494378-56ee-5e22-b6f0-e3be3a9ebdf1 HTTP/1.1" status: 200 len: 1799 time: 0.0151849
2017-05-23 12:44:57.235 31294 INFO eventlet.wsgi.server [req-58bcc939-65b2-4306-8889-e27fe13c1654 - - - - -] 127.0.0.1 "GET /v1/nodes/e1369efa-5391-5035-8533-3a065c44a584 HTTP/1.1" status: 200 len: 1806 time: 0.0264878
2017-05-23 12:44:59.225 31284 INFO eventlet.wsgi.server [req-6a0a949c-56f0-49c0-8ae8-5cd96e3b0807 - - - - -] 127.0.0.1 "GET /v1/nodes/93494378-56ee-5e22-b6f0-e3be3a9ebdf1 HTTP/1.1" status: 200 len: 1799 time: 0.0279970
2017-05-23 12:44:59.262 31294 INFO eventlet.wsgi.server [req-fbd2861e-94ae-4ffd-b4da-e2f44015ea1b - - - - -] 127.0.0.1 "GET /v1/nodes/e1369efa-5391-5035-8533-3a065c44a584 HTTP/1.1" status: 200 len: 1806 time: 0.0205851
2017-05-23 12:45:01.256 31284 INFO eventlet.wsgi.server [req-b35c8fb6-f270-4efa-a112-40f99f6d199d - - - - -] 127.0.0.1 "GET /v1/nodes/93494378-56ee-5e22-b6f0-e3be3a9ebdf1 HTTP/1.1" status: 200 len: 1799 time: 0.0265520
2017-05-23 12:45:01.295 31294 INFO eventlet.wsgi.server [req-165844b7-c8ef-4b77-b3bd-62990002cc05 - - - - -] 127.0.0.1 "GET /v1/nodes/e1369efa-5391-5035-8533-3a065c44a584 HTTP/1.1" status: 200 len: 1806 time: 0.0279429
2017-05-23 12:45:03.292 31284 INFO eventlet.wsgi.server [req-45004d08-2a1d-44f2-938a-8e188bf57701 - - - - -] 127.0.0.1 "GET /v1/nodes/93494378-56ee-5e22-b6f0-e3be3a9ebdf1 HTTP/1.1" status: 200 len: 1799 time: 0.0299201
2017-05-23 12:45:03.328 31294 INFO eventlet.wsgi.server [req-301ef334-297d-4a95-bc07-eb48c1aafd15 - - - - -] 127.0.0.1 "GET /v1/nodes/e1369efa-5391-5035-8533-3a065c44a584 HTTP/1.1" status: 200 len: 1806 time: 0.0270782
2017-05-23 12:45:05.325 31284 INFO eventlet.wsgi.server [req-2f8fb8aa-362a-4a14-aab0-ad68a745dde7 - - - - -] 127.0.0.1 "GET /v1/nodes/93494378-56ee-5e22-b6f0-e3be3a9ebdf1 HTTP/1.1" status: 200 len: 1799 time: 0.0273919
2017-05-23 12:45:05.361 31294 INFO eventlet.wsgi.server [req-8b8a8893-9341-46c9-a989-f9ef23efde3c - - - - -] 127.0.0.1 "GET /v1/nodes/e1369efa-5391-5035-8533-3a065c44a584 HTTP/1.1" status: 200 len: 1806 time: 0.0262840
2017-05-23 12:45:07.379 31284 INFO eventlet.wsgi.server [req-a4ecc7dd-5ab9-456d-aa30-19d090b21d31 - - - - -] 127.0.0.1 "GET /v1/nodes/93494378-56ee-5e22-b6f0-e3be3a9ebdf1 HTTP/1.1" status: 200 len: 1799 time: 0.0242710
2017-05-23 12:45:07.419 31294 INFO eventlet.wsgi.server [req-6dbda0e1-eca5-46c5-959d-1f6088ef6c6e - - - - -] 127.0.0.1 "GET /v1/nodes/e1369efa-5391-5035-8533-3a065c44a584 HTTP/1.1" status: 200 len: 1806 time: 0.0254002
2017-05-23 12:45:09.410 31284 INFO eventlet.wsgi.server [req-f0c8102f-0d8a-4a60-b7d7-713897d8b197 - - - - -] 127.0.0.1 "GET /v1/nodes/93494378-56ee-5e22-b6f0-e3be3a9ebdf1 HTTP/1.1" status: 200 len: 1799 time: 0.0262480
2017-05-23 12:45:09.451 31294 INFO eventlet.wsgi.server [req-f931790a-b681-470b-bded-051210ac93b6 - - - - -] 127.0.0.1 "GET /v1/nodes/e1369efa-5391-5035-8533-3a065c44a584 HTTP/1.1" status: 200 len: 1806 time: 0.0279288
2017-05-23 12:45:11.445 31284 INFO eventlet.wsgi.server [req-38a58713-507b-47d4-acb8-29aa1275251d - - - - -] 127.0.0.1 "GET /v1/nodes/93494378-56ee-5e22-b6f0-e3be3a9ebdf1 HTTP/1.1" status: 200 len: 1799 time: 0.0288110
2017-05-23 12:45:11.482 31294 INFO eventlet.wsgi.server [req-2c50f71b-471f-4638-ba37-2bd3439a6023 - - - - -] 127.0.0.1 "GET /v1/nodes/e1369efa-5391-5035-8533-3a065c44a584 HTTP/1.1" status: 200 len: 1806 time: 0.0245321
2017-05-23 12:45:13.480 31284 INFO eventlet.wsgi.server [req-a1e0e884-7aa4-4a57-a7fa-b44f41ca7ac9 - - - - -] 127.0.0.1 "GET /v1/nodes/93494378-56ee-5e22-b6f0-e3be3a9ebdf1 HTTP/1.1" status: 200 len: 1799 time: 0.0292389
2017-05-23 12:45:13.511 31294 INFO eventlet.wsgi.server [req-27e690dd-c19b-4d3c-8a42-5b350ff1a6d2 - - - - -] 127.0.0.1 "GET /v1/nodes/e1369efa-5391-5035-8533-3a065c44a584 HTTP/1.1" status: 200 len: 1806 time: 0.0220039
2017-05-23 12:45:15.511 31284 INFO eventlet.wsgi.server [req-5b1bb9f4-b24b-4f2d-82bc-fba9207e0f2a - - - - -] 127.0.0.1 "GET /v1/nodes/93494378-56ee-5e22-b6f0-e3be3a9ebdf1 HTTP/1.1" status: 200 len: 1799 time: 0.0262451
2017-05-23 12:45:15.542 31294 INFO eventlet.wsgi.server [req-4590d724-c928-47c7-80e7-2fd1cafa7dd4 - - - - -] 127.0.0.1 "GET /v1/nodes/e1369efa-5391-5035-8533-3a065c44a584 HTTP/1.1" status: 200 len: 1806 time: 0.0240612
2017-05-23 12:45:17.551 31284 INFO eventlet.wsgi.server [req-2af556ae-f060-4153-bea6-a0bd433f05e1 - - - - -] 127.0.0.1 "GET /v1/nodes/93494378-56ee-5e22-b6f0-e3be3a9ebdf1 HTTP/1.1" status: 200 len: 1799 time: 0.0311790
2017-05-23 12:45:17.577 31294 INFO eventlet.wsgi.server [req-6f575d6f-8134-41df-96a4-171379872286 - - - - -] 127.0.0.1 "GET /v1/nodes/e1369efa-5391-5035-8533-3a065c44a584 HTTP/1.1" status: 200 len: 1806 time: 0.0276031
2017-05-23 12:45:19.595 31284 INFO eventlet.wsgi.server [req-517ef06c-9943-4df7-99f0-9fa0753fa9b8 - - - - -] 127.0.0.1 "GET /v1/nodes/93494378-56ee-5e22-b6f0-e3be3a9ebdf1 HTTP/1.1" status: 200 len: 1799 time: 0.0344770
2017-05-23 12:45:19.616 31294 INFO eventlet.wsgi.server [req-a8c59254-c3e7-454c-a4ba-45c50f03016c - - - - -] 127.0.0.1 "GET /v1/nodes/e1369efa-5391-5035-8533-3a065c44a584 HTTP/1.1" status: 200 len: 1806 time: 0.0305450
2017-05-23 12:45:20.229 31284 INFO eventlet.wsgi.server [req-4d4b32b5-6f94-4367-9e45-1aacb9e1a453 - - - - -] 127.0.0.1 "GET /v1/nodes HTTP/1.1" status: 200 len: 1479 time: 0.0519750
2017-05-23 12:45:21.627 31284 INFO eventlet.wsgi.server [req-8b7f6854-5999-4363-82be-9b7badf59a92 - - - - -] 127.0.0.1 "GET /v1/nodes/93494378-56ee-5e22-b6f0-e3be3a9ebdf1 HTTP/1.1" status: 200 len: 1819 time: 0.0234950
2017-05-23 12:45:21.652 31294 INFO eventlet.wsgi.server [req-3c17d840-b1da-4722-9e86-4e52646489a1 - - - - -] 127.0.0.1 "GET /v1/nodes/e1369efa-5391-5035-8533-3a065c44a584 HTTP/1.1" status: 200 len: 1806 time: 0.0297809
2017-05-23 12:45:23.669 31284 INFO eventlet.wsgi.server [req-2fd9f558-32a9-4da1-a677-949c3cedff60 - - - - -] 127.0.0.1 "GET /v1/nodes/93494378-56ee-5e22-b6f0-e3be3a9ebdf1 HTTP/1.1" status: 200 len: 1791 time: 0.0333612
2017-05-23 12:45:23.681 31294 INFO eventlet.wsgi.server [req-5ccdf0b7-58a5-48a2-ad08-b295e06c9a1a - - - - -] 127.0.0.1 "GET /v1/nodes/e1369efa-5391-5035-8533-3a065c44a584 HTTP/1.1" status: 200 len: 1818 time: 0.0246930
2017-05-23 12:45:27.169 31284 INFO eventlet.wsgi.server [req-13fe3926-f08a-4e37-947e-048300958a6b - - - - -] 127.0.0.1 "PUT /v1/nodes/93494378-56ee-5e22-b6f0-e3be3a9ebdf1/states/provision HTTP/1.1" status: 202 len: 383 time: 3.4957480
