2017-05-24 03:09:04.383 5724 INFO eventlet.wsgi.server [req-9d1dd8b3-8d52-406f-aa19-5bb0368f44ef - - - - -] 127.0.0.1 "GET /v1/nodes/e1369efa-5391-5035-8533-3a065c44a584 HTTP/1.1" status: 200 len: 1755 time: 0.0205569
2017-05-24 03:09:05.621 5733 INFO eventlet.wsgi.server [req-c14204c3-4c91-41b8-a773-f41185cf1036 - - - - -] 127.0.0.1 "GET /v1/nodes/c1a56cb3-fcef-59d5-8105-7e6815154f70 HTTP/1.1" status: 200 len: 1752 time: 0.0259430
2017-05-24 03:09:06.397 5724 INFO eventlet.wsgi.server [req-d3a10268-aeff-40ac-a977-75f774e9e517 - - - - -] 127.0.0.1 "GET /v1/nodes/93494378-56ee-5e22-b6f0-e3be3a9ebdf1 HTTP/1.1" status: 200 len: 1748 time: 0.0302241
2017-05-24 03:09:06.421 5724 INFO eventlet.wsgi.server [req-2fe7eaa2-619a-40a4-a65d-bd909c3c255b - - - - -] 127.0.0.1 "GET /v1/nodes/e1369efa-5391-5035-8533-3a065c44a584 HTTP/1.1" status: 200 len: 1755 time: 0.0229430
2017-05-24 03:09:07.655 5733 INFO eventlet.wsgi.server [req-fb366f42-10bb-4cd2-a9f5-fc6fcad279ff - - - - -] 127.0.0.1 "GET /v1/nodes/c1a56cb3-fcef-59d5-8105-7e6815154f70 HTTP/1.1" status: 200 len: 1752 time: 0.0289969
2017-05-24 03:09:08.431 5724 INFO eventlet.wsgi.server [req-c96d509f-07d6-4277-8f02-3deae1520e77 - - - - -] 127.0.0.1 "GET /v1/nodes/93494378-56ee-5e22-b6f0-e3be3a9ebdf1 HTTP/1.1" status: 200 len: 1748 time: 0.0309670
2017-05-24 03:09:08.454 5724 INFO eventlet.wsgi.server [req-419fbe23-869f-4b4d-b871-369f1ac4b1c7 - - - - -] 127.0.0.1 "GET /v1/nodes/e1369efa-5391-5035-8533-3a065c44a584 HTTP/1.1" status: 200 len: 1755 time: 0.0215302
2017-05-24 03:09:09.690 5733 INFO eventlet.wsgi.server [req-29466cc0-4698-41ef-b988-9124a89754b4 - - - - -] 127.0.0.1 "GET /v1/nodes/c1a56cb3-fcef-59d5-8105-7e6815154f70 HTTP/1.1" status: 200 len: 1752 time: 0.0293801
2017-05-24 03:09:10.466 5724 INFO eventlet.wsgi.server [req-f2350eb1-19eb-4d93-968a-6fb90d3e6817 - - - - -] 127.0.0.1 "GET /v1/nodes/93494378-56ee-5e22-b6f0-e3be3a9ebdf1 HTTP/1.1" status: 200 len: 1748 time: 0.0291471
2017-05-24 03:09:10.488 5724 INFO eventlet.wsgi.server [req-3fb11b68-8df8-49f9-9340-1f2ea901e1d2 - - - - -] 127.0.0.1 "GET /v1/nodes/e1369efa-5391-5035-8533-3a065c44a584 HTTP/1.1" status: 200 len: 1755 time: 0.0209661
2017-05-24 03:09:11.726 5733 INFO eventlet.wsgi.server [req-2c9676be-e59d-4a4c-8309-0a85efb9aaa7 - - - - -] 127.0.0.1 "GET /v1/nodes/c1a56cb3-fcef-59d5-8105-7e6815154f70 HTTP/1.1" status: 200 len: 1752 time: 0.0300548
2017-05-24 03:09:12.502 5724 INFO eventlet.wsgi.server [req-fac95d0c-5497-40dc-b626-9afec456d3b8 - - - - -] 127.0.0.1 "GET /v1/nodes/93494378-56ee-5e22-b6f0-e3be3a9ebdf1 HTTP/1.1" status: 200 len: 1748 time: 0.0305040
2017-05-24 03:09:12.522 5724 INFO eventlet.wsgi.server [req-e36e86ef-98ba-43a2-889a-0133886156fb - - - - -] 127.0.0.1 "GET /v1/nodes/e1369efa-5391-5035-8533-3a065c44a584 HTTP/1.1" status: 200 len: 1755 time: 0.0192471
2017-05-24 03:09:13.758 5733 INFO eventlet.wsgi.server [req-647bb2e5-9793-4bf7-862f-495168ed6bf1 - - - - -] 127.0.0.1 "GET /v1/nodes/c1a56cb3-fcef-59d5-8105-7e6815154f70 HTTP/1.1" status: 200 len: 1752 time: 0.0268922
2017-05-24 03:09:14.533 5724 INFO eventlet.wsgi.server [req-b01d411a-1930-474a-8ee7-cdab68804e03 - - - - -] 127.0.0.1 "GET /v1/nodes/93494378-56ee-5e22-b6f0-e3be3a9ebdf1 HTTP/1.1" status: 200 len: 1748 time: 0.0270450
2017-05-24 03:09:14.554 5724 INFO eventlet.wsgi.server [req-694da244-ed3c-47fd-bee4-4121143b0d35 - - - - -] 127.0.0.1 "GET /v1/nodes/e1369efa-5391-5035-8533-3a065c44a584 HTTP/1.1" status: 200 len: 1755 time: 0.0195909
2017-05-24 03:09:15.791 5733 INFO eventlet.wsgi.server [req-23a359c6-0f20-4fd2-8f8f-3d6797134d54 - - - - -] 127.0.0.1 "GET /v1/nodes/c1a56cb3-fcef-59d5-8105-7e6815154f70 HTTP/1.1" status: 200 len: 1752 time: 0.0275099
2017-05-24 03:09:16.537 5723 INFO eventlet.wsgi.server [req-4464deb1-31f9-49c7-b4a2-e5cc4de53d06 - - - - -] 127.0.0.1 "GET /v1/nodes HTTP/1.1" status: 200 len: 1477 time: 0.0649669
2017-05-24 03:09:16.562 5724 INFO eventlet.wsgi.server [req-8eb9880c-2a3e-428f-bff6-450b564a4291 - - - - -] 127.0.0.1 "GET /v1/nodes/93494378-56ee-5e22-b6f0-e3be3a9ebdf1 HTTP/1.1" status: 200 len: 1748 time: 0.0241868
2017-05-24 03:09:16.586 5724 INFO eventlet.wsgi.server [req-5794ab1b-ad96-4f1d-af82-843a220b9486 - - - - -] 127.0.0.1 "GET /v1/nodes/e1369efa-5391-5035-8533-3a065c44a584 HTTP/1.1" status: 200 len: 1755 time: 0.0226059
2017-05-24 03:09:17.824 5733 INFO eventlet.wsgi.server [req-1eee8aeb-d895-48b4-99dd-b73ffdd8ddd3 - - - - -] 127.0.0.1 "GET /v1/nodes/c1a56cb3-fcef-59d5-8105-7e6815154f70 HTTP/1.1" status: 200 len: 1752 time: 0.0282869
2017-05-24 03:09:18.594 5724 INFO eventlet.wsgi.server [req-3221ae2b-8e97-4a34-9fdf-b6aee6e380f0 - - - - -] 127.0.0.1 "GET /v1/nodes/93494378-56ee-5e22-b6f0-e3be3a9ebdf1 HTTP/1.1" status: 200 len: 1748 time: 0.0270960
2017-05-24 03:09:18.615 5724 INFO eventlet.wsgi.server [req-ff057fe3-b2ff-4592-b439-8c724f73e327 - - - - -] 127.0.0.1 "GET /v1/nodes/e1369efa-5391-5035-8533-3a065c44a584 HTTP/1.1" status: 200 len: 1755 time: 0.0198011
2017-05-24 03:09:19.856 5733 INFO eventlet.wsgi.server [req-ed98a985-5c9a-40d0-aec9-6936c727bbc4 - - - - -] 127.0.0.1 "GET /v1/nodes/c1a56cb3-fcef-59d5-8105-7e6815154f70 HTTP/1.1" status: 200 len: 1752 time: 0.0268960
2017-05-24 03:09:20.628 5724 INFO eventlet.wsgi.server [req-c549d923-f2ac-4166-8a78-d7b034da3017 - - - - -] 127.0.0.1 "GET /v1/nodes/93494378-56ee-5e22-b6f0-e3be3a9ebdf1 HTTP/1.1" status: 200 len: 1748 time: 0.0283899
2017-05-24 03:09:20.649 5724 INFO eventlet.wsgi.server [req-d5fc5190-ab52-4fe4-b4e9-3259a57bf211 - - - - -] 127.0.0.1 "GET /v1/nodes/e1369efa-5391-5035-8533-3a065c44a584 HTTP/1.1" status: 200 len: 1755 time: 0.0199189
2017-05-24 03:09:21.886 5733 INFO eventlet.wsgi.server [req-f899840e-0456-4412-8440-f77fa1209de6 - - - - -] 127.0.0.1 "GET /v1/nodes/c1a56cb3-fcef-59d5-8105-7e6815154f70 HTTP/1.1" status: 200 len: 1752 time: 0.0250731
2017-05-24 03:09:22.665 5724 INFO eventlet.wsgi.server [req-efde74b6-c1fa-497a-8af5-38da7af3bddb - - - - -] 127.0.0.1 "GET /v1/nodes/93494378-56ee-5e22-b6f0-e3be3a9ebdf1 HTTP/1.1" status: 200 len: 1748 time: 0.0304480
2017-05-24 03:09:22.687 5724 INFO eventlet.wsgi.server [req-94b974a2-4b3e-4416-8535-567b9d8c20f7 - - - - -] 127.0.0.1 "GET /v1/nodes/e1369efa-5391-5035-8533-3a065c44a584 HTTP/1.1" status: 200 len: 1755 time: 0.0204329
2017-05-24 03:09:23.921 5733 INFO eventlet.wsgi.server [req-223cd25b-97e6-41d6-a118-3e5ea3a72bc5 - - - - -] 127.0.0.1 "GET /v1/nodes/c1a56cb3-fcef-59d5-8105-7e6815154f70 HTTP/1.1" status: 200 len: 1752 time: 0.0280800
2017-05-24 03:09:24.699 5724 INFO eventlet.wsgi.server [req-235075c6-e76e-4464-a557-4321166a35d7 - - - - -] 127.0.0.1 "GET /v1/nodes/93494378-56ee-5e22-b6f0-e3be3a9ebdf1 HTTP/1.1" status: 200 len: 1748 time: 0.0286071
2017-05-24 03:09:24.721 5724 INFO eventlet.wsgi.server [req-50a95e84-a757-4da2-8c71-34413abafa37 - - - - -] 127.0.0.1 "GET /v1/nodes/e1369efa-5391-5035-8533-3a065c44a584 HTTP/1.1" status: 200 len: 1755 time: 0.0205998
2017-05-24 03:09:25.957 5733 INFO eventlet.wsgi.server [req-3787dddf-dee8-4932-af66-1abdf3b8322d - - - - -] 127.0.0.1 "GET /v1/nodes/c1a56cb3-fcef-59d5-8105-7e6815154f70 HTTP/1.1" status: 200 len: 1752 time: 0.0303061
2017-05-24 03:09:26.734 5724 INFO eventlet.wsgi.server [req-7727a51b-b794-4f1c-a906-b0cc5e286d07 - - - - -] 127.0.0.1 "GET /v1/nodes/93494378-56ee-5e22-b6f0-e3be3a9ebdf1 HTTP/1.1" status: 200 len: 1748 time: 0.0295360
2017-05-24 03:09:26.756 5724 INFO eventlet.wsgi.server [req-86242648-97f6-4f72-83b1-9b5a297db674 - - - - -] 127.0.0.1 "GET /v1/nodes/e1369efa-5391-5035-8533-3a065c44a584 HTTP/1.1" status: 200 len: 1755 time: 0.0208471
2017-05-24 03:09:27.991 5733 INFO eventlet.wsgi.server [req-cc76bc61-a9a0-46ff-b552-30d1b9123f0b - - - - -] 127.0.0.1 "GET /v1/nodes/c1a56cb3-fcef-59d5-8105-7e6815154f70 HTTP/1.1" status: 200 len: 1752 time: 0.0272031
2017-05-24 03:09:28.767 5724 INFO eventlet.wsgi.server [req-d30b7131-3c47-4916-9086-83e7b3439495 - - - - -] 127.0.0.1 "GET /v1/nodes/93494378-56ee-5e22-b6f0-e3be3a9ebdf1 HTTP/1.1" status: 200 len: 1748 time: 0.0276608
2017-05-24 03:09:28.788 5724 INFO eventlet.wsgi.server [req-128a8ea2-859f-45a3-b76d-697b1ef0c461 - - - - -] 127.0.0.1 "GET /v1/nodes/e1369efa-5391-5035-8533-3a065c44a584 HTTP/1.1" status: 200 len: 1755 time: 0.0197940
2017-05-24 03:09:30.027 5733 INFO eventlet.wsgi.server [req-2fbb7eb4-824a-459e-a514-3711346e8602 - - - - -] 127.0.0.1 "GET /v1/nodes/c1a56cb3-fcef-59d5-8105-7e6815154f70 HTTP/1.1" status: 200 len: 1752 time: 0.0309250
2017-05-24 03:09:30.804 5724 INFO eventlet.wsgi.server [req-f20e1fc4-5a4b-438e-bc99-2f4e5382da28 - - - - -] 127.0.0.1 "GET /v1/nodes/93494378-56ee-5e22-b6f0-e3be3a9ebdf1 HTTP/1.1" status: 200 len: 1748 time: 0.0313849
2017-05-24 03:09:30.828 5724 INFO eventlet.wsgi.server [req-4c25e400-dc99-4d93-a2a2-2a34d84a648b - - - - -] 127.0.0.1 "GET /v1/nodes/e1369efa-5391-5035-8533-3a065c44a584 HTTP/1.1" status: 200 len: 1755 time: 0.0227470
2017-05-24 03:09:32.060 5733 INFO eventlet.wsgi.server [req-2dae5ad1-bc99-41cb-bc28-ddc0b6e90902 - - - - -] 127.0.0.1 "GET /v1/nodes/c1a56cb3-fcef-59d5-8105-7e6815154f70 HTTP/1.1" status: 200 len: 1752 time: 0.0267098
2017-05-24 03:09:32.835 5724 INFO eventlet.wsgi.server [req-144b107c-8261-434b-bd7c-bb082acedf6c - - - - -] 127.0.0.1 "GET /v1/nodes/93494378-56ee-5e22-b6f0-e3be3a9ebdf1 HTTP/1.1" status: 200 len: 1748 time: 0.0270140
2017-05-24 03:09:32.857 5724 INFO eventlet.wsgi.server [req-554a9d58-7dfc-4f67-be2b-51c10b8dea78 - - - - -] 127.0.0.1 "GET /v1/nodes/e1369efa-5391-5035-8533-3a065c44a584 HTTP/1.1" status: 200 len: 1755 time: 0.0206239
2017-05-24 03:09:34.092 5733 INFO eventlet.wsgi.server [req-b9393704-31cf-45ff-b089-e95c1f35c96f - - - - -] 127.0.0.1 "GET /v1/nodes/c1a56cb3-fcef-59d5-8105-7e6815154f70 HTTP/1.1" status: 200 len: 1752 time: 0.0271828
2017-05-24 03:09:34.872 5724 INFO eventlet.wsgi.server [req-ca4b5a74-481e-432d-9bef-80803faee1fc - - - - -] 127.0.0.1 "GET /v1/nodes/93494378-56ee-5e22-b6f0-e3be3a9ebdf1 HTTP/1.1" status: 200 len: 1748 time: 0.0313661
2017-05-24 03:09:34.893 5724 INFO eventlet.wsgi.server [req-b45397e9-ad5b-4030-9ac4-525e010211b0 - - - - -] 127.0.0.1 "GET /v1/nodes/e1369efa-5391-5035-8533-3a065c44a584 HTTP/1.1" status: 200 len: 1755 time: 0.0203679
2017-05-24 03:09:36.126 5733 INFO eventlet.wsgi.server [req-8d1a9f41-4e72-4c00-a807-caa27c6d5454 - - - - -] 127.0.0.1 "GET /v1/nodes/c1a56cb3-fcef-59d5-8105-7e6815154f70 HTTP/1.1" status: 200 len: 1752 time: 0.0296540
2017-05-24 03:09:36.906 5724 INFO eventlet.wsgi.server [req-4cedd3cf-8101-423d-99e0-8a952d66972e - - - - -] 127.0.0.1 "GET /v1/nodes/93494378-56ee-5e22-b6f0-e3be3a9ebdf1 HTTP/1.1" status: 200 len: 1748 time: 0.0298841
2017-05-24 03:09:36.930 5724 INFO eventlet.wsgi.server [req-8f23b357-0be7-413f-bc4d-6f3ec776239f - - - - -] 127.0.0.1 "GET /v1/nodes/e1369efa-5391-5035-8533-3a065c44a584 HTTP/1.1" status: 200 len: 1755 time: 0.0218110
2017-05-24 03:09:38.162 5733 INFO eventlet.wsgi.server [req-ad68f053-266e-4035-b9fd-302513ca32b7 - - - - -] 127.0.0.1 "GET /v1/nodes/c1a56cb3-fcef-59d5-8105-7e6815154f70 HTTP/1.1" status: 200 len: 1752 time: 0.0295341
2017-05-24 03:09:38.947 5724 INFO eventlet.wsgi.server [req-f92e81b6-47cc-44a5-9117-169953998afc - - - - -] 127.0.0.1 "GET /v1/nodes/93494378-56ee-5e22-b6f0-e3be3a9ebdf1 HTTP/1.1" status: 200 len: 1748 time: 0.0336549
2017-05-24 03:09:38.974 5724 INFO eventlet.wsgi.server [req-b217e519-b7c2-4f48-a4cb-7c1027d7fb3a - - - - -] 127.0.0.1 "GET /v1/nodes/e1369efa-5391-5035-8533-3a065c44a584 HTTP/1.1" status: 200 len: 1755 time: 0.0250490
2017-05-24 03:09:40.196 5733 INFO eventlet.wsgi.server [req-9048611b-cd93-47a9-813e-850070931075 - - - - -] 127.0.0.1 "GET /v1/nodes/c1a56cb3-fcef-59d5-8105-7e6815154f70 HTTP/1.1" status: 200 len: 1752 time: 0.0274260
2017-05-24 03:09:40.982 5724 INFO eventlet.wsgi.server [req-f8119840-caf3-4089-8661-ed27e8e84166 - - - - -] 127.0.0.1 "GET /v1/nodes/93494378-56ee-5e22-b6f0-e3be3a9ebdf1 HTTP/1.1" status: 200 len: 1748 time: 0.0291581
2017-05-24 03:09:41.005 5724 INFO eventlet.wsgi.server [req-9251e40a-04d4-4b5a-9868-9b4c107c750c - - - - -] 127.0.0.1 "GET /v1/nodes/e1369efa-5391-5035-8533-3a065c44a584 HTTP/1.1" status: 200 len: 1755 time: 0.0224140
2017-05-24 03:09:42.233 5733 INFO eventlet.wsgi.server [req-2735f0bb-fae2-426a-9d6d-a510f32959b4 - - - - -] 127.0.0.1 "GET /v1/nodes/c1a56cb3-fcef-59d5-8105-7e6815154f70 HTTP/1.1" status: 200 len: 1752 time: 0.0325620
2017-05-24 03:09:43.016 5724 INFO eventlet.wsgi.server [req-f5144ea5-01ec-4168-85cd-814d1bf86b8e - - - - -] 127.0.0.1 "GET /v1/nodes/93494378-56ee-5e22-b6f0-e3be3a9ebdf1 HTTP/1.1" status: 200 len: 1748 time: 0.0269680
2017-05-24 03:09:43.039 5724 INFO eventlet.wsgi.server [req-95802b59-2edf-4853-9513-81ac909b731e - - - - -] 127.0.0.1 "GET /v1/nodes/e1369efa-5391-5035-8533-3a065c44a584 HTTP/1.1" status: 200 len: 1755 time: 0.0220361
2017-05-24 03:09:44.270 5733 INFO eventlet.wsgi.server [req-963d8fdc-264b-43d0-b587-400459154151 - - - - -] 127.0.0.1 "GET /v1/nodes/c1a56cb3-fcef-59d5-8105-7e6815154f70 HTTP/1.1" status: 200 len: 1752 time: 0.0301800
2017-05-24 03:09:45.051 5724 INFO eventlet.wsgi.server [req-52dbc653-c927-4af2-8e24-8c5b64c6500d - - - - -] 127.0.0.1 "GET /v1/nodes/93494378-56ee-5e22-b6f0-e3be3a9ebdf1 HTTP/1.1" status: 200 len: 1748 time: 0.0302000
2017-05-24 03:09:45.074 5724 INFO eventlet.wsgi.server [req-386b5db3-355f-47b5-aeec-3137c62f89b5 - - - - -] 127.0.0.1 "GET /v1/nodes/e1369efa-5391-5035-8533-3a065c44a584 HTTP/1.1" status: 200 len: 1755 time: 0.0217240
2017-05-24 03:09:46.307 5733 INFO eventlet.wsgi.server [req-c770cc80-aca7-4ce7-82ba-37f2682b1e55 - - - - -] 127.0.0.1 "GET /v1/nodes/c1a56cb3-fcef-59d5-8105-7e6815154f70 HTTP/1.1" status: 200 len: 1752 time: 0.0302310
2017-05-24 03:09:47.087 5724 INFO eventlet.wsgi.server [req-d853cc09-5c2c-4128-b926-4be6dbc689f8 - - - - -] 127.0.0.1 "GET /v1/nodes/93494378-56ee-5e22-b6f0-e3be3a9ebdf1 HTTP/1.1" status: 200 len: 1748 time: 0.0289001
2017-05-24 03:09:47.108 5724 INFO eventlet.wsgi.server [req-2c45f7d6-c1c0-42f0-8a02-cce14d61f3ec - - - - -] 127.0.0.1 "GET /v1/nodes/e1369efa-5391-5035-8533-3a065c44a584 HTTP/1.1" status: 200 len: 1755 time: 0.0194752
2017-05-24 03:09:48.346 5733 INFO eventlet.wsgi.server [req-a1c730fd-6f43-406b-914b-c7144c2ed5a5 - - - - -] 127.0.0.1 "GET /v1/nodes/c1a56cb3-fcef-59d5-8105-7e6815154f70 HTTP/1.1" status: 200 len: 1752 time: 0.0326180
2017-05-24 03:09:49.122 5724 INFO eventlet.wsgi.server [req-f3201295-4f26-4500-be04-ad64af63cbc0 - - - - -] 127.0.0.1 "GET /v1/nodes/93494378-56ee-5e22-b6f0-e3be3a9ebdf1 HTTP/1.1" status: 200 len: 1748 time: 0.0295510
2017-05-24 03:09:49.144 5724 INFO eventlet.wsgi.server [req-a75219a4-e63d-42bb-bbc0-5eadb75fcc3a - - - - -] 127.0.0.1 "GET /v1/nodes/e1369efa-5391-5035-8533-3a065c44a584 HTTP/1.1" status: 200 len: 1755 time: 0.0203180
2017-05-24 03:09:50.382 5733 INFO eventlet.wsgi.server [req-4f76926d-e38c-470a-82a6-7207fbedfe72 - - - - -] 127.0.0.1 "GET /v1/nodes/c1a56cb3-fcef-59d5-8105-7e6815154f70 HTTP/1.1" status: 200 len: 1752 time: 0.0298550
2017-05-24 03:09:51.159 5724 INFO eventlet.wsgi.server [req-8541cfe1-2331-4976-abcf-930016cb19c3 - - - - -] 127.0.0.1 "GET /v1/nodes/93494378-56ee-5e22-b6f0-e3be3a9ebdf1 HTTP/1.1" status: 200 len: 1748 time: 0.0307388
2017-05-24 03:09:51.180 5724 INFO eventlet.wsgi.server [req-b6c68ea5-bd12-4fd1-998c-3b45eb1dd152 - - - - -] 127.0.0.1 "GET /v1/nodes/e1369efa-5391-5035-8533-3a065c44a584 HTTP/1.1" status: 200 len: 1755 time: 0.0195231
2017-05-24 03:09:52.418 5733 INFO eventlet.wsgi.server [req-f4f10199-4fc1-46d5-9b65-16cd509a18a0 - - - - -] 127.0.0.1 "GET /v1/nodes/c1a56cb3-fcef-59d5-8105-7e6815154f70 HTTP/1.1" status: 200 len: 1752 time: 0.0296011
2017-05-24 03:09:53.194 5724 INFO eventlet.wsgi.server [req-e8b6950e-9b92-4ee2-8b9f-be26d02b0a5d - - - - -] 127.0.0.1 "GET /v1/nodes/93494378-56ee-5e22-b6f0-e3be3a9ebdf1 HTTP/1.1" status: 200 len: 1748 time: 0.0299709
2017-05-24 03:09:53.217 5724 INFO eventlet.wsgi.server [req-17eb3878-2129-44e2-baa7-1fc29aa0008d - - - - -] 127.0.0.1 "GET /v1/nodes/e1369efa-5391-5035-8533-3a065c44a584 HTTP/1.1" status: 200 len: 1755 time: 0.0216780
2017-05-24 03:09:54.452 5733 INFO eventlet.wsgi.server [req-68fce56c-12da-49fc-bdcc-d37bd5ac45aa - - - - -] 127.0.0.1 "GET /v1/nodes/c1a56cb3-fcef-59d5-8105-7e6815154f70 HTTP/1.1" status: 200 len: 1752 time: 0.0287709
2017-05-24 03:09:55.234 5724 INFO eventlet.wsgi.server [req-5fe6b809-8ca3-48db-8571-45c58097e569 - - - - -] 127.0.0.1 "GET /v1/nodes/93494378-56ee-5e22-b6f0-e3be3a9ebdf1 HTTP/1.1" status: 200 len: 1748 time: 0.0332229
2017-05-24 03:09:55.262 5724 INFO eventlet.wsgi.server [req-9782597a-6e11-4a7b-9f9e-a8952d619548 - - - - -] 127.0.0.1 "GET /v1/nodes/e1369efa-5391-5035-8533-3a065c44a584 HTTP/1.1" status: 200 len: 1755 time: 0.0256460
2017-05-24 03:09:56.487 5733 INFO eventlet.wsgi.server [req-6609aa44-a931-4b63-a11b-d53f6df6b95f - - - - -] 127.0.0.1 "GET /v1/nodes/c1a56cb3-fcef-59d5-8105-7e6815154f70 HTTP/1.1" status: 200 len: 1752 time: 0.0292408
2017-05-24 03:09:57.268 5724 INFO eventlet.wsgi.server [req-4918226b-e00b-495f-9247-1c805b43ae93 - - - - -] 127.0.0.1 "GET /v1/nodes/93494378-56ee-5e22-b6f0-e3be3a9ebdf1 HTTP/1.1" status: 200 len: 1748 time: 0.0294650
2017-05-24 03:09:57.288 5724 INFO eventlet.wsgi.server [req-636d1dcd-3f52-4c29-897d-c1589db46fa8 - - - - -] 127.0.0.1 "GET /v1/nodes/e1369efa-5391-5035-8533-3a065c44a584 HTTP/1.1" status: 200 len: 1755 time: 0.0197010
2017-05-24 03:09:58.525 5733 INFO eventlet.wsgi.server [req-2b7c9e03-00e5-4fb9-9637-ce91439b7f2a - - - - -] 127.0.0.1 "GET /v1/nodes/c1a56cb3-fcef-59d5-8105-7e6815154f70 HTTP/1.1" status: 200 len: 1752 time: 0.0308061
2017-05-24 03:09:59.297 5724 INFO eventlet.wsgi.server [req-455c6877-7403-42cc-b9a7-3c35ba9c1032 - - - - -] 127.0.0.1 "GET /v1/nodes/93494378-56ee-5e22-b6f0-e3be3a9ebdf1 HTTP/1.1" status: 200 len: 1748 time: 0.0201960
2017-05-24 03:09:59.313 5724 INFO eventlet.wsgi.server [req-1ad941af-1986-4f19-af46-3ccc902f6030 - - - - -] 127.0.0.1 "GET /v1/nodes/e1369efa-5391-5035-8533-3a065c44a584 HTTP/1.1" status: 200 len: 1755 time: 0.0152531
2017-05-24 03:10:00.563 5733 INFO eventlet.wsgi.server [req-bb19f2ae-1262-421c-a34e-f1ea7969f50a - - - - -] 127.0.0.1 "GET /v1/nodes/c1a56cb3-fcef-59d5-8105-7e6815154f70 HTTP/1.1" status: 200 len: 1752 time: 0.0308721
2017-05-24 03:10:01.343 5724 INFO eventlet.wsgi.server [req-35d91bc4-fdf3-4994-93db-ae26fb963f33 - - - - -] 127.0.0.1 "GET /v1/nodes/93494378-56ee-5e22-b6f0-e3be3a9ebdf1 HTTP/1.1" status: 200 len: 1748 time: 0.0376301
2017-05-24 03:10:01.372 5724 INFO eventlet.wsgi.server [req-8c7cd310-42b1-484d-853a-5389cbbd20c3 - - - - -] 127.0.0.1 "GET /v1/nodes/e1369efa-5391-5035-8533-3a065c44a584 HTTP/1.1" status: 200 len: 1755 time: 0.0273049
2017-05-24 03:10:02.598 5733 INFO eventlet.wsgi.server [req-1d8c35d8-7c1c-4ef4-b7bd-c6b1a2c0b2c4 - - - - -] 127.0.0.1 "GET /v1/nodes/c1a56cb3-fcef-59d5-8105-7e6815154f70 HTTP/1.1" status: 200 len: 1752 time: 0.0295730
2017-05-24 03:10:03.370 5724 INFO eventlet.wsgi.server [req-4c89dc58-2522-4c8f-84fe-b6d99eb40ce9 - - - - -] 127.0.0.1 "GET /v1/nodes/93494378-56ee-5e22-b6f0-e3be3a9ebdf1 HTTP/1.1" status: 200 len: 1748 time: 0.0292971
2017-05-24 03:10:03.405 5724 INFO eventlet.wsgi.server [req-157b34a1-8e8d-40b8-85fe-47402fcd75d1 - - - - -] 127.0.0.1 "GET /v1/nodes/e1369efa-5391-5035-8533-3a065c44a584 HTTP/1.1" status: 200 len: 1755 time: 0.0254810
2017-05-24 03:10:04.632 5733 INFO eventlet.wsgi.server [req-dd9fbe0f-47dd-4cc5-bf89-5a5869349e12 - - - - -] 127.0.0.1 "GET /v1/nodes/c1a56cb3-fcef-59d5-8105-7e6815154f70 HTTP/1.1" status: 200 len: 1752 time: 0.0282419
2017-05-24 03:10:05.395 5724 INFO eventlet.wsgi.server [req-a16bbfff-3a8f-4bcf-ac17-84252c3ad2f0 - - - - -] 127.0.0.1 "GET /v1/nodes/93494378-56ee-5e22-b6f0-e3be3a9ebdf1 HTTP/1.1" status: 200 len: 1748 time: 0.0216670
2017-05-24 03:10:05.440 5724 INFO eventlet.wsgi.server [req-e1f07a1d-f18a-49c2-96b2-81a4fb513b61 - - - - -] 127.0.0.1 "GET /v1/nodes/e1369efa-5391-5035-8533-3a065c44a584 HTTP/1.1" status: 200 len: 1755 time: 0.0275490
2017-05-24 03:10:06.666 5733 INFO eventlet.wsgi.server [req-f4ab5903-7164-4131-ad31-a9d535f1073b - - - - -] 127.0.0.1 "GET /v1/nodes/c1a56cb3-fcef-59d5-8105-7e6815154f70 HTTP/1.1" status: 200 len: 1752 time: 0.0276201
2017-05-24 03:10:07.431 5724 INFO eventlet.wsgi.server [req-bf2663d0-db97-4dd2-8712-4cdd8cd9f146 - - - - -] 127.0.0.1 "GET /v1/nodes/93494378-56ee-5e22-b6f0-e3be3a9ebdf1 HTTP/1.1" status: 200 len: 1748 time: 0.0295649
2017-05-24 03:10:07.465 5724 INFO eventlet.wsgi.server [req-c2228183-4a52-4d09-b439-e63fefbf07b6 - - - - -] 127.0.0.1 "GET /v1/nodes/e1369efa-5391-5035-8533-3a065c44a584 HTTP/1.1" status: 200 len: 1755 time: 0.0212212
2017-05-24 03:10:08.705 5733 INFO eventlet.wsgi.server [req-fcd06d63-900d-4ef9-a8bf-03da65cf9e76 - - - - -] 127.0.0.1 "GET /v1/nodes/c1a56cb3-fcef-59d5-8105-7e6815154f70 HTTP/1.1" status: 200 len: 1752 time: 0.0326991
2017-05-24 03:10:09.471 5724 INFO eventlet.wsgi.server [req-ce4af1dd-ca2e-4aac-a252-449335a72af4 - - - - -] 127.0.0.1 "GET /v1/nodes/93494378-56ee-5e22-b6f0-e3be3a9ebdf1 HTTP/1.1" status: 200 len: 1748 time: 0.0330720
2017-05-24 03:10:09.496 5724 INFO eventlet.wsgi.server [req-031a452f-ffee-4727-bbb8-4aceebd69c8e - - - - -] 127.0.0.1 "GET /v1/nodes/e1369efa-5391-5035-8533-3a065c44a584 HTTP/1.1" status: 200 len: 1755 time: 0.0234921
2017-05-24 03:10:10.738 5733 INFO eventlet.wsgi.server [req-eaddfcd8-b39e-467c-a0bf-33589ac73c28 - - - - -] 127.0.0.1 "GET /v1/nodes/c1a56cb3-fcef-59d5-8105-7e6815154f70 HTTP/1.1" status: 200 len: 1752 time: 0.0278459
2017-05-24 03:10:11.508 5724 INFO eventlet.wsgi.server [req-3aa86c65-05ea-4b06-a3d6-ffaddb909c18 - - - - -] 127.0.0.1 "GET /v1/nodes/93494378-56ee-5e22-b6f0-e3be3a9ebdf1 HTTP/1.1" status: 200 len: 1748 time: 0.0321469
2017-05-24 03:10:11.533 5724 INFO eventlet.wsgi.server [req-f728d31c-6250-43ba-9744-bd790f35bebe - - - - -] 127.0.0.1 "GET /v1/nodes/e1369efa-5391-5035-8533-3a065c44a584 HTTP/1.1" status: 200 len: 1755 time: 0.0240381
2017-05-24 03:10:12.775 5733 INFO eventlet.wsgi.server [req-3f88d4ed-6c73-4399-a193-fcd1c76c61da - - - - -] 127.0.0.1 "GET /v1/nodes/c1a56cb3-fcef-59d5-8105-7e6815154f70 HTTP/1.1" status: 200 len: 1752 time: 0.0304501
2017-05-24 03:10:13.544 5724 INFO eventlet.wsgi.server [req-6dd18209-5291-4fba-b973-724d4c881fdd - - - - -] 127.0.0.1 "GET /v1/nodes/93494378-56ee-5e22-b6f0-e3be3a9ebdf1 HTTP/1.1" status: 200 len: 1748 time: 0.0287330
2017-05-24 03:10:13.567 5724 INFO eventlet.wsgi.server [req-1592e545-7ac5-46a2-95b3-2d62fb3f59b0 - - - - -] 127.0.0.1 "GET /v1/nodes/e1369efa-5391-5035-8533-3a065c44a584 HTTP/1.1" status: 200 len: 1755 time: 0.0224271
2017-05-24 03:10:14.804 5733 INFO eventlet.wsgi.server [req-866b833a-6f69-4bc8-a0f9-8ec94d58a1fc - - - - -] 127.0.0.1 "GET /v1/nodes/c1a56cb3-fcef-59d5-8105-7e6815154f70 HTTP/1.1" status: 200 len: 1752 time: 0.0242090
2017-05-24 03:10:15.580 5724 INFO eventlet.wsgi.server [req-1f7c8cc2-6b16-404b-a137-dc0021f6f4a2 - - - - -] 127.0.0.1 "GET /v1/nodes/93494378-56ee-5e22-b6f0-e3be3a9ebdf1 HTTP/1.1" status: 200 len: 1748 time: 0.0307782
2017-05-24 03:10:15.602 5724 INFO eventlet.wsgi.server [req-59221c84-fb11-4461-98c4-272a168c3a42 - - - - -] 127.0.0.1 "GET /v1/nodes/e1369efa-5391-5035-8533-3a065c44a584 HTTP/1.1" status: 200 len: 1755 time: 0.0212390
2017-05-24 03:10:16.537 5726 INFO eventlet.wsgi.server [req-ada70381-18a1-4efd-9ee0-1152b11916c4 - - - - -] 127.0.0.1 "GET /v1/nodes HTTP/1.1" status: 200 len: 1477 time: 0.0609548
2017-05-24 03:10:16.841 5733 INFO eventlet.wsgi.server [req-b6b3c798-eb23-4ed3-82f5-ddccd043434b - - - - -] 127.0.0.1 "GET /v1/nodes/c1a56cb3-fcef-59d5-8105-7e6815154f70 HTTP/1.1" status: 200 len: 1752 time: 0.0309360
2017-05-24 03:10:17.618 5724 INFO eventlet.wsgi.server [req-12e6b788-f2ec-4159-b3e6-f6a1f3583e7a - - - - -] 127.0.0.1 "GET /v1/nodes/93494378-56ee-5e22-b6f0-e3be3a9ebdf1 HTTP/1.1" status: 200 len: 1748 time: 0.0341079
2017-05-24 03:10:17.640 5724 INFO eventlet.wsgi.server [req-f1159c81-6254-4486-91c7-965c14f1aac9 - - - - -] 127.0.0.1 "GET /v1/nodes/e1369efa-5391-5035-8533-3a065c44a584 HTTP/1.1" status: 200 len: 1755 time: 0.0206139
2017-05-24 03:10:18.870 5733 INFO eventlet.wsgi.server [req-d7adfe56-29cb-4195-aa64-f7b26999e541 - - - - -] 127.0.0.1 "GET /v1/nodes/c1a56cb3-fcef-59d5-8105-7e6815154f70 HTTP/1.1" status: 200 len: 1752 time: 0.0236211
2017-05-24 03:10:19.656 5724 INFO eventlet.wsgi.server [req-0922f35f-24a4-4dfc-90cb-66c4c5579dc0 - - - - -] 127.0.0.1 "GET /v1/nodes/93494378-56ee-5e22-b6f0-e3be3a9ebdf1 HTTP/1.1" status: 200 len: 1748 time: 0.0323560
2017-05-24 03:10:19.678 5724 INFO eventlet.wsgi.server [req-5ea9af94-1e24-4ddf-92b6-d755b5ebbc0e - - - - -] 127.0.0.1 "GET /v1/nodes/e1369efa-5391-5035-8533-3a065c44a584 HTTP/1.1" status: 200 len: 1755 time: 0.0208752
2017-05-24 03:10:20.906 5733 INFO eventlet.wsgi.server [req-942a2371-6972-41c3-896d-8c50c14cf669 - - - - -] 127.0.0.1 "GET /v1/nodes/c1a56cb3-fcef-59d5-8105-7e6815154f70 HTTP/1.1" status: 200 len: 1752 time: 0.0311060
2017-05-24 03:10:21.694 5724 INFO eventlet.wsgi.server [req-b4ac98ac-5ed7-4349-b602-4352d1fc72de - - - - -] 127.0.0.1 "GET /v1/nodes/93494378-56ee-5e22-b6f0-e3be3a9ebdf1 HTTP/1.1" status: 200 len: 1748 time: 0.0304010
2017-05-24 03:10:21.721 5724 INFO eventlet.wsgi.server [req-8da77725-6b22-4fc6-9677-91aeb77a1224 - - - - -] 127.0.0.1 "GET /v1/nodes/e1369efa-5391-5035-8533-3a065c44a584 HTTP/1.1" status: 200 len: 1755 time: 0.0249481
2017-05-24 03:10:22.941 5733 INFO eventlet.wsgi.server [req-cec1d076-c490-4e7f-b919-f04c5bc0b341 - - - - -] 127.0.0.1 "GET /v1/nodes/c1a56cb3-fcef-59d5-8105-7e6815154f70 HTTP/1.1" status: 200 len: 1752 time: 0.0292411
2017-05-24 03:10:23.733 5724 INFO eventlet.wsgi.server [req-87746d3a-2603-4dd2-bac8-d81acae1e0ab - - - - -] 127.0.0.1 "GET /v1/nodes/93494378-56ee-5e22-b6f0-e3be3a9ebdf1 HTTP/1.1" status: 200 len: 1748 time: 0.0301039
2017-05-24 03:10:23.757 5724 INFO eventlet.wsgi.server [req-5b0fbc91-de84-4d91-b2d1-03478af991d2 - - - - -] 127.0.0.1 "GET /v1/nodes/e1369efa-5391-5035-8533-3a065c44a584 HTTP/1.1" status: 200 len: 1755 time: 0.0236480
2017-05-24 03:10:24.980 5733 INFO eventlet.wsgi.server [req-1dbc813e-3d8e-4467-9c8e-e9d7e5f60d0a - - - - -] 127.0.0.1 "GET /v1/nodes/c1a56cb3-fcef-59d5-8105-7e6815154f70 HTTP/1.1" status: 200 len: 1752 time: 0.0313771
2017-05-24 03:10:25.769 5724 INFO eventlet.wsgi.server [req-cb319939-4668-4e66-ae5d-1a9492e85d1b - - - - -] 127.0.0.1 "GET /v1/nodes/93494378-56ee-5e22-b6f0-e3be3a9ebdf1 HTTP/1.1" status: 200 len: 1748 time: 0.0281818
2017-05-24 03:10:25.789 5724 INFO eventlet.wsgi.server [req-7d595a38-7f99-41fa-b65b-44a8f0da502a - - - - -] 127.0.0.1 "GET /v1/nodes/e1369efa-5391-5035-8533-3a065c44a584 HTTP/1.1" status: 200 len: 1755 time: 0.0196481
2017-05-24 03:10:27.014 5733 INFO eventlet.wsgi.server [req-a5920029-b5c1-4c62-b3fc-d08163072330 - - - - -] 127.0.0.1 "GET /v1/nodes/c1a56cb3-fcef-59d5-8105-7e6815154f70 HTTP/1.1" status: 200 len: 1752 time: 0.0283580
2017-05-24 03:10:27.804 5724 INFO eventlet.wsgi.server [req-0056831b-3a0c-43e9-8d07-e7c260f6a409 - - - - -] 127.0.0.1 "GET /v1/nodes/93494378-56ee-5e22-b6f0-e3be3a9ebdf1 HTTP/1.1" status: 200 len: 1748 time: 0.0282230
2017-05-24 03:10:27.827 5724 INFO eventlet.wsgi.server [req-ce06654f-0387-4b75-9306-548de9f71df7 - - - - -] 127.0.0.1 "GET /v1/nodes/e1369efa-5391-5035-8533-3a065c44a584 HTTP/1.1" status: 200 len: 1755 time: 0.0216188
2017-05-24 03:10:29.048 5733 INFO eventlet.wsgi.server [req-ef3ba0ab-b5b1-41dd-96c1-3e8b69fdfa90 - - - - -] 127.0.0.1 "GET /v1/nodes/c1a56cb3-fcef-59d5-8105-7e6815154f70 HTTP/1.1" status: 200 len: 1752 time: 0.0277269
2017-05-24 03:10:29.845 5724 INFO eventlet.wsgi.server [req-b02ecfaf-8b27-48b3-ab3f-887b6e06eae0 - - - - -] 127.0.0.1 "GET /v1/nodes/93494378-56ee-5e22-b6f0-e3be3a9ebdf1 HTTP/1.1" status: 200 len: 1748 time: 0.0340800
2017-05-24 03:10:29.874 5724 INFO eventlet.wsgi.server [req-b4191039-5914-4519-8bea-a6ccc602d0b9 - - - - -] 127.0.0.1 "GET /v1/nodes/e1369efa-5391-5035-8533-3a065c44a584 HTTP/1.1" status: 200 len: 1755 time: 0.0266240
2017-05-24 03:10:31.084 5733 INFO eventlet.wsgi.server [req-781842d9-91b0-4166-afc5-385031d2b264 - - - - -] 127.0.0.1 "GET /v1/nodes/c1a56cb3-fcef-59d5-8105-7e6815154f70 HTTP/1.1" status: 200 len: 1752 time: 0.0302849
2017-05-24 03:10:31.883 5724 INFO eventlet.wsgi.server [req-7163ba04-bec1-48be-9614-0cd750198788 - - - - -] 127.0.0.1 "GET /v1/nodes/93494378-56ee-5e22-b6f0-e3be3a9ebdf1 HTTP/1.1" status: 200 len: 1748 time: 0.0329440
2017-05-24 03:10:31.906 5724 INFO eventlet.wsgi.server [req-48b88972-cd1d-4c20-a7e1-329e079afe8b - - - - -] 127.0.0.1 "GET /v1/nodes/e1369efa-5391-5035-8533-3a065c44a584 HTTP/1.1" status: 200 len: 1755 time: 0.0217650
2017-05-24 03:10:33.126 5733 INFO eventlet.wsgi.server [req-3dbfbe2e-d68f-468c-b31b-c68dcf4d3a9d - - - - -] 127.0.0.1 "GET /v1/nodes/c1a56cb3-fcef-59d5-8105-7e6815154f70 HTTP/1.1" status: 200 len: 1752 time: 0.0361280
2017-05-24 03:10:33.914 5724 INFO eventlet.wsgi.server [req-ca1ca251-fc6c-4344-808f-e3df8dbbe8b0 - - - - -] 127.0.0.1 "GET /v1/nodes/93494378-56ee-5e22-b6f0-e3be3a9ebdf1 HTTP/1.1" status: 200 len: 1748 time: 0.0286980
2017-05-24 03:10:33.938 5724 INFO eventlet.wsgi.server [req-5469ed72-fbc7-45b0-b78a-6bc6614a7982 - - - - -] 127.0.0.1 "GET /v1/nodes/e1369efa-5391-5035-8533-3a065c44a584 HTTP/1.1" status: 200 len: 1755 time: 0.0224421
2017-05-24 03:10:35.160 5733 INFO eventlet.wsgi.server [req-14c3e9d9-b640-4369-84ce-79a127bcc37f - - - - -] 127.0.0.1 "GET /v1/nodes/c1a56cb3-fcef-59d5-8105-7e6815154f70 HTTP/1.1" status: 200 len: 1752 time: 0.0284169
2017-05-24 03:10:35.949 5724 INFO eventlet.wsgi.server [req-0fc2e9e7-5ed7-468f-a706-7c72ff15bf2e - - - - -] 127.0.0.1 "GET /v1/nodes/93494378-56ee-5e22-b6f0-e3be3a9ebdf1 HTTP/1.1" status: 200 len: 1748 time: 0.0316789
2017-05-24 03:10:35.972 5724 INFO eventlet.wsgi.server [req-66e2d9ec-178e-4149-b54b-bb9ba3c8197f - - - - -] 127.0.0.1 "GET /v1/nodes/e1369efa-5391-5035-8533-3a065c44a584 HTTP/1.1" status: 200 len: 1755 time: 0.0219409
2017-05-24 03:10:37.196 5733 INFO eventlet.wsgi.server [req-57ca887d-985f-45d7-9d99-9cef83c24e76 - - - - -] 127.0.0.1 "GET /v1/nodes/c1a56cb3-fcef-59d5-8105-7e6815154f70 HTTP/1.1" status: 200 len: 1752 time: 0.0309980
2017-05-24 03:10:37.986 5724 INFO eventlet.wsgi.server [req-a0610fa3-3a1c-494b-9968-781f299f6f22 - - - - -] 127.0.0.1 "GET /v1/nodes/93494378-56ee-5e22-b6f0-e3be3a9ebdf1 HTTP/1.1" status: 200 len: 1748 time: 0.0321100
2017-05-24 03:10:38.008 5724 INFO eventlet.wsgi.server [req-b8a8dcf5-eef8-4156-a2a7-3afb8975f8b6 - - - - -] 127.0.0.1 "GET /v1/nodes/e1369efa-5391-5035-8533-3a065c44a584 HTTP/1.1" status: 200 len: 1755 time: 0.0214388
2017-05-24 03:10:39.242 5733 INFO eventlet.wsgi.server [req-e6440555-b77e-496d-bdaf-56df68220a1c - - - - -] 127.0.0.1 "GET /v1/nodes/c1a56cb3-fcef-59d5-8105-7e6815154f70 HTTP/1.1" status: 200 len: 1752 time: 0.0373800
2017-05-24 03:10:40.025 5724 INFO eventlet.wsgi.server [req-0473d010-6e4a-40e0-b9f1-0784774bd975 - - - - -] 127.0.0.1 "GET /v1/nodes/93494378-56ee-5e22-b6f0-e3be3a9ebdf1 HTTP/1.1" status: 200 len: 1748 time: 0.0338380
2017-05-24 03:10:40.048 5724 INFO eventlet.wsgi.server [req-c2a3c37f-4fb8-4010-b970-237c3c11894e - - - - -] 127.0.0.1 "GET /v1/nodes/e1369efa-5391-5035-8533-3a065c44a584 HTTP/1.1" status: 200 len: 1755 time: 0.0222671
2017-05-24 03:10:41.270 5733 INFO eventlet.wsgi.server [req-720c115d-9df3-4722-b807-ee4bf45bb047 - - - - -] 127.0.0.1 "GET /v1/nodes/c1a56cb3-fcef-59d5-8105-7e6815154f70 HTTP/1.1" status: 200 len: 1752 time: 0.0242789
2017-05-24 03:10:42.063 5724 INFO eventlet.wsgi.server [req-5367e283-9413-4f69-a45c-65612f656320 - - - - -] 127.0.0.1 "GET /v1/nodes/93494378-56ee-5e22-b6f0-e3be3a9ebdf1 HTTP/1.1" status: 200 len: 1748 time: 0.0353820
2017-05-24 03:10:42.088 5724 INFO eventlet.wsgi.server [req-449d1b53-d879-4c39-890e-cb9be38ded0c - - - - -] 127.0.0.1 "GET /v1/nodes/e1369efa-5391-5035-8533-3a065c44a584 HTTP/1.1" status: 200 len: 1755 time: 0.0234692
2017-05-24 03:10:43.303 5733 INFO eventlet.wsgi.server [req-81f815f2-060a-4f55-b1f8-de5f7f7b1bfe - - - - -] 127.0.0.1 "GET /v1/nodes/c1a56cb3-fcef-59d5-8105-7e6815154f70 HTTP/1.1" status: 200 len: 1752 time: 0.0258210
2017-05-24 03:10:44.098 5724 INFO eventlet.wsgi.server [req-d6fde643-eab3-496b-8a7a-85d468f49a5a - - - - -] 127.0.0.1 "GET /v1/nodes/93494378-56ee-5e22-b6f0-e3be3a9ebdf1 HTTP/1.1" status: 200 len: 1748 time: 0.0319729
2017-05-24 03:10:44.122 5724 INFO eventlet.wsgi.server [req-e14d65f1-82e6-4a4d-9c22-311de478a32a - - - - -] 127.0.0.1 "GET /v1/nodes/e1369efa-5391-5035-8533-3a065c44a584 HTTP/1.1" status: 200 len: 1755 time: 0.0232620
2017-05-24 03:10:45.343 5733 INFO eventlet.wsgi.server [req-2871e3b4-bccd-44bf-8d95-b2f627484266 - - - - -] 127.0.0.1 "GET /v1/nodes/c1a56cb3-fcef-59d5-8105-7e6815154f70 HTTP/1.1" status: 200 len: 1752 time: 0.0318880
2017-05-24 03:10:46.131 5724 INFO eventlet.wsgi.server [req-04f23ca0-1855-445f-8f87-ed09b20c333b - - - - -] 127.0.0.1 "GET /v1/nodes/93494378-56ee-5e22-b6f0-e3be3a9ebdf1 HTTP/1.1" status: 200 len: 1748 time: 0.0298121
2017-05-24 03:10:46.155 5724 INFO eventlet.wsgi.server [req-f7f622c5-5e23-4883-9505-c118b2bc9790 - - - - -] 127.0.0.1 "GET /v1/nodes/e1369efa-5391-5035-8533-3a065c44a584 HTTP/1.1" status: 200 len: 1755 time: 0.0234389
2017-05-24 03:10:47.381 5733 INFO eventlet.wsgi.server [req-eedcd497-f61d-4b0f-9bd3-4b2def8f369e - - - - -] 127.0.0.1 "GET /v1/nodes/c1a56cb3-fcef-59d5-8105-7e6815154f70 HTTP/1.1" status: 200 len: 1752 time: 0.0312250
2017-05-24 03:10:48.169 5724 INFO eventlet.wsgi.server [req-b2f31b18-3347-4c12-a8f8-9207375b8584 - - - - -] 127.0.0.1 "GET /v1/nodes/93494378-56ee-5e22-b6f0-e3be3a9ebdf1 HTTP/1.1" status: 200 len: 1748 time: 0.0312979
2017-05-24 03:10:48.191 5724 INFO eventlet.wsgi.server [req-a5aa476f-f33e-4d57-8bf1-1705d7774be6 - - - - -] 127.0.0.1 "GET /v1/nodes/e1369efa-5391-5035-8533-3a065c44a584 HTTP/1.1" status: 200 len: 1755 time: 0.0208111
2017-05-24 03:10:49.415 5733 INFO eventlet.wsgi.server [req-a2e9e710-6c04-414d-b656-3be6e3639f09 - - - - -] 127.0.0.1 "GET /v1/nodes/c1a56cb3-fcef-59d5-8105-7e6815154f70 HTTP/1.1" status: 200 len: 1752 time: 0.0293989
2017-05-24 03:10:50.205 5724 INFO eventlet.wsgi.server [req-09dfb3a0-dd57-4610-86c3-3c6eda3cf562 - - - - -] 127.0.0.1 "GET /v1/nodes/93494378-56ee-5e22-b6f0-e3be3a9ebdf1 HTTP/1.1" status: 200 len: 1748 time: 0.0318179
2017-05-24 03:10:50.230 5724 INFO eventlet.wsgi.server [req-dc761dcf-e306-4b78-bb9a-2ccfe6ade6ba - - - - -] 127.0.0.1 "GET /v1/nodes/e1369efa-5391-5035-8533-3a065c44a584 HTTP/1.1" status: 200 len: 1755 time: 0.0229030
2017-05-24 03:10:51.449 5733 INFO eventlet.wsgi.server [req-0059edf2-adef-4138-9c3f-9a7b089a4880 - - - - -] 127.0.0.1 "GET /v1/nodes/c1a56cb3-fcef-59d5-8105-7e6815154f70 HTTP/1.1" status: 200 len: 1752 time: 0.0289559
2017-05-24 03:10:52.243 5724 INFO eventlet.wsgi.server [req-aa28cc57-0c57-4119-9fc3-78c7cb4ebf19 - - - - -] 127.0.0.1 "GET /v1/nodes/93494378-56ee-5e22-b6f0-e3be3a9ebdf1 HTTP/1.1" status: 200 len: 1748 time: 0.0331180
2017-05-24 03:10:52.267 5724 INFO eventlet.wsgi.server [req-a3b19359-81c1-49b2-bbd2-c505a5ea11de - - - - -] 127.0.0.1 "GET /v1/nodes/e1369efa-5391-5035-8533-3a065c44a584 HTTP/1.1" status: 200 len: 1755 time: 0.0224011
2017-05-24 03:10:53.482 5733 INFO eventlet.wsgi.server [req-7cf6e613-d42d-40e8-8f7a-206bbdb9dc7d - - - - -] 127.0.0.1 "GET /v1/nodes/c1a56cb3-fcef-59d5-8105-7e6815154f70 HTTP/1.1" status: 200 len: 1752 time: 0.0275862
2017-05-24 03:10:54.269 5724 INFO eventlet.wsgi.server [req-d0e9631c-d588-4e02-b06e-17ad360398ff - - - - -] 127.0.0.1 "GET /v1/nodes/93494378-56ee-5e22-b6f0-e3be3a9ebdf1 HTTP/1.1" status: 200 len: 1748 time: 0.0223901
2017-05-24 03:10:54.289 5724 INFO eventlet.wsgi.server [req-e50bb243-f966-4156-b8b7-64d17b196f5b - - - - -] 127.0.0.1 "GET /v1/nodes/e1369efa-5391-5035-8533-3a065c44a584 HTTP/1.1" status: 200 len: 1755 time: 0.0182290
2017-05-24 03:10:55.518 5733 INFO eventlet.wsgi.server [req-525eb1c4-c2e5-4d8e-aee0-e28aa279f950 - - - - -] 127.0.0.1 "GET /v1/nodes/c1a56cb3-fcef-59d5-8105-7e6815154f70 HTTP/1.1" status: 200 len: 1752 time: 0.0308299
2017-05-24 03:10:56.304 5724 INFO eventlet.wsgi.server [req-9704c4b7-69ab-4967-af34-f7b75efee2d0 - - - - -] 127.0.0.1 "GET /v1/nodes/93494378-56ee-5e22-b6f0-e3be3a9ebdf1 HTTP/1.1" status: 200 len: 1748 time: 0.0307310
2017-05-24 03:10:56.327 5724 INFO eventlet.wsgi.server [req-ff241545-d486-48a9-9639-a54ab66d53f6 - - - - -] 127.0.0.1 "GET /v1/nodes/e1369efa-5391-5035-8533-3a065c44a584 HTTP/1.1" status: 200 len: 1755 time: 0.0223660
2017-05-24 03:10:57.555 5733 INFO eventlet.wsgi.server [req-acd45d1e-63a9-4fac-b183-a4499111ad4d - - - - -] 127.0.0.1 "GET /v1/nodes/c1a56cb3-fcef-59d5-8105-7e6815154f70 HTTP/1.1" status: 200 len: 1752 time: 0.0312710
2017-05-24 03:10:58.344 5724 INFO eventlet.wsgi.server [req-d905f858-6e48-4f64-a22f-4ffd63f48724 - - - - -] 127.0.0.1 "GET /v1/nodes/93494378-56ee-5e22-b6f0-e3be3a9ebdf1 HTTP/1.1" status: 200 len: 1748 time: 0.0343189
2017-05-24 03:10:58.367 5724 INFO eventlet.wsgi.server [req-8488067d-ac28-41f5-aec3-6f6d59bc89ff - - - - -] 127.0.0.1 "GET /v1/nodes/e1369efa-5391-5035-8533-3a065c44a584 HTTP/1.1" status: 200 len: 1755 time: 0.0217190
2017-05-24 03:10:59.594 5733 INFO eventlet.wsgi.server [req-4f45941a-afa9-4591-bd9b-2ac82263b76f - - - - -] 127.0.0.1 "GET /v1/nodes/c1a56cb3-fcef-59d5-8105-7e6815154f70 HTTP/1.1" status: 200 len: 1752 time: 0.0320079
2017-05-24 03:11:00.377 5724 INFO eventlet.wsgi.server [req-983edd60-4258-4da6-809a-e4120e291b89 - - - - -] 127.0.0.1 "GET /v1/nodes/93494378-56ee-5e22-b6f0-e3be3a9ebdf1 HTTP/1.1" status: 200 len: 1748 time: 0.0291669
2017-05-24 03:11:00.399 5724 INFO eventlet.wsgi.server [req-2b13e038-5464-490e-abf8-797da97cb1bf - - - - -] 127.0.0.1 "GET /v1/nodes/e1369efa-5391-5035-8533-3a065c44a584 HTTP/1.1" status: 200 len: 1755 time: 0.0213139
2017-05-24 03:11:01.628 5733 INFO eventlet.wsgi.server [req-94fa5e06-626c-407f-b0eb-a249849593a2 - - - - -] 127.0.0.1 "GET /v1/nodes/c1a56cb3-fcef-59d5-8105-7e6815154f70 HTTP/1.1" status: 200 len: 1752 time: 0.0287971
2017-05-24 03:11:02.411 5724 INFO eventlet.wsgi.server [req-c46a33a5-45bf-4fff-9510-49f95c97f4d5 - - - - -] 127.0.0.1 "GET /v1/nodes/93494378-56ee-5e22-b6f0-e3be3a9ebdf1 HTTP/1.1" status: 200 len: 1748 time: 0.0312340
2017-05-24 03:11:02.434 5724 INFO eventlet.wsgi.server [req-39c2beea-ab94-45e1-b5a4-42935ee6a5e3 - - - - -] 127.0.0.1 "GET /v1/nodes/e1369efa-5391-5035-8533-3a065c44a584 HTTP/1.1" status: 200 len: 1755 time: 0.0220618
2017-05-24 03:11:03.657 5733 INFO eventlet.wsgi.server [req-3f2bd565-9f9a-4f7d-8928-4a3d940285cd - - - - -] 127.0.0.1 "GET /v1/nodes/c1a56cb3-fcef-59d5-8105-7e6815154f70 HTTP/1.1" status: 200 len: 1752 time: 0.0244100
2017-05-24 03:11:04.446 5724 INFO eventlet.wsgi.server [req-3a6a1705-bdd4-4362-bcab-e8e0db908ef0 - - - - -] 127.0.0.1 "GET /v1/nodes/93494378-56ee-5e22-b6f0-e3be3a9ebdf1 HTTP/1.1" status: 200 len: 1748 time: 0.0324900
2017-05-24 03:11:04.469 5724 INFO eventlet.wsgi.server [req-fceb276e-ed6b-4c0d-acde-bbd080120263 - - - - -] 127.0.0.1 "GET /v1/nodes/e1369efa-5391-5035-8533-3a065c44a584 HTTP/1.1" status: 200 len: 1755 time: 0.0216348
2017-05-24 03:11:05.691 5733 INFO eventlet.wsgi.server [req-b683832d-9b84-4bc9-a372-40f75d9cf009 - - - - -] 127.0.0.1 "GET /v1/nodes/c1a56cb3-fcef-59d5-8105-7e6815154f70 HTTP/1.1" status: 200 len: 1752 time: 0.0292439
2017-05-24 03:11:06.482 5724 INFO eventlet.wsgi.server [req-50a45fa3-f200-4ce6-be22-6a54b6438573 - - - - -] 127.0.0.1 "GET /v1/nodes/93494378-56ee-5e22-b6f0-e3be3a9ebdf1 HTTP/1.1" status: 200 len: 1748 time: 0.0325201
2017-05-24 03:11:06.505 5724 INFO eventlet.wsgi.server [req-677b4e48-41dc-4132-b544-8d9ed3cc8760 - - - - -] 127.0.0.1 "GET /v1/nodes/e1369efa-5391-5035-8533-3a065c44a584 HTTP/1.1" status: 200 len: 1755 time: 0.0218279
2017-05-24 03:11:07.733 5733 INFO eventlet.wsgi.server [req-3f6d0a42-b3e5-420e-a5f2-2e920b34061f - - - - -] 127.0.0.1 "GET /v1/nodes/c1a56cb3-fcef-59d5-8105-7e6815154f70 HTTP/1.1" status: 200 len: 1752 time: 0.0341549
2017-05-24 03:11:08.520 5724 INFO eventlet.wsgi.server [req-9a9f3d19-779f-41ad-8b62-a0c1a45f1b16 - - - - -] 127.0.0.1 "GET /v1/nodes/93494378-56ee-5e22-b6f0-e3be3a9ebdf1 HTTP/1.1" status: 200 len: 1748 time: 0.0337141
2017-05-24 03:11:08.543 5724 INFO eventlet.wsgi.server [req-44834abb-14ae-4265-8b4f-828e53871d73 - - - - -] 127.0.0.1 "GET /v1/nodes/e1369efa-5391-5035-8533-3a065c44a584 HTTP/1.1" status: 200 len: 1755 time: 0.0219810
2017-05-24 03:11:09.769 5733 INFO eventlet.wsgi.server [req-7e719559-1702-4535-a53e-d11303453924 - - - - -] 127.0.0.1 "GET /v1/nodes/c1a56cb3-fcef-59d5-8105-7e6815154f70 HTTP/1.1" status: 200 len: 1752 time: 0.0297151
2017-05-24 03:11:10.558 5724 INFO eventlet.wsgi.server [req-3340be75-8104-4bbf-aa58-3ed9f1210001 - - - - -] 127.0.0.1 "GET /v1/nodes/93494378-56ee-5e22-b6f0-e3be3a9ebdf1 HTTP/1.1" status: 200 len: 1748 time: 0.0333769
2017-05-24 03:11:10.581 5724 INFO eventlet.wsgi.server [req-09dc7ef9-3302-41d2-b25f-4eacf6e0286c - - - - -] 127.0.0.1 "GET /v1/nodes/e1369efa-5391-5035-8533-3a065c44a584 HTTP/1.1" status: 200 len: 1755 time: 0.0218930
2017-05-24 03:11:11.806 5733 INFO eventlet.wsgi.server [req-a236a282-9edd-44c9-93f5-6bef811c4089 - - - - -] 127.0.0.1 "GET /v1/nodes/c1a56cb3-fcef-59d5-8105-7e6815154f70 HTTP/1.1" status: 200 len: 1752 time: 0.0286369
2017-05-24 03:11:12.593 5724 INFO eventlet.wsgi.server [req-f1f2f73a-6720-40cf-b992-18cba2770c7d - - - - -] 127.0.0.1 "GET /v1/nodes/93494378-56ee-5e22-b6f0-e3be3a9ebdf1 HTTP/1.1" status: 200 len: 1748 time: 0.0311921
2017-05-24 03:11:12.614 5724 INFO eventlet.wsgi.server [req-24cd61ad-005d-4543-969d-57021381ad78 - - - - -] 127.0.0.1 "GET /v1/nodes/e1369efa-5391-5035-8533-3a065c44a584 HTTP/1.1" status: 200 len: 1755 time: 0.0208480
2017-05-24 03:11:13.841 5733 INFO eventlet.wsgi.server [req-85c7a0be-7796-4c4b-b9d8-628a2e378e3e - - - - -] 127.0.0.1 "GET /v1/nodes/c1a56cb3-fcef-59d5-8105-7e6815154f70 HTTP/1.1" status: 200 len: 1752 time: 0.0265079
2017-05-24 03:11:14.628 5724 INFO eventlet.wsgi.server [req-ac3bef8e-401c-4a20-9a0d-f0d65be3a754 - - - - -] 127.0.0.1 "GET /v1/nodes/93494378-56ee-5e22-b6f0-e3be3a9ebdf1 HTTP/1.1" status: 200 len: 1748 time: 0.0314589
2017-05-24 03:11:14.650 5724 INFO eventlet.wsgi.server [req-31c35239-6d96-4e7d-aa44-474b7c2f6a22 - - - - -] 127.0.0.1 "GET /v1/nodes/e1369efa-5391-5035-8533-3a065c44a584 HTTP/1.1" status: 200 len: 1755 time: 0.0212009
2017-05-24 03:11:15.878 5733 INFO eventlet.wsgi.server [req-428ae286-7db9-4c6c-950a-253c0bbcddbb - - - - -] 127.0.0.1 "GET /v1/nodes/c1a56cb3-fcef-59d5-8105-7e6815154f70 HTTP/1.1" status: 200 len: 1752 time: 0.0294969
2017-05-24 03:11:16.546 5726 INFO eventlet.wsgi.server [req-c3693de0-2fd0-4785-be18-c741b265c7b5 - - - - -] 127.0.0.1 "GET /v1/nodes HTTP/1.1" status: 200 len: 1477 time: 0.0607209
2017-05-24 03:11:16.663 5724 INFO eventlet.wsgi.server [req-81e97a1e-d4bc-49be-af79-29d8e7c23091 - - - - -] 127.0.0.1 "GET /v1/nodes/93494378-56ee-5e22-b6f0-e3be3a9ebdf1 HTTP/1.1" status: 200 len: 1748 time: 0.0318251
2017-05-24 03:11:16.686 5724 INFO eventlet.wsgi.server [req-d47724bd-d18f-4fd7-8bce-ae1d5deffb00 - - - - -] 127.0.0.1 "GET /v1/nodes/e1369efa-5391-5035-8533-3a065c44a584 HTTP/1.1" status: 200 len: 1755 time: 0.0221879
2017-05-24 03:11:17.917 5733 INFO eventlet.wsgi.server [req-dd479314-16bf-4b68-b921-caa2636c8ba8 - - - - -] 127.0.0.1 "GET /v1/nodes/c1a56cb3-fcef-59d5-8105-7e6815154f70 HTTP/1.1" status: 200 len: 1752 time: 0.0311141
2017-05-24 03:11:18.700 5724 INFO eventlet.wsgi.server [req-cb01e1af-ae56-4d74-95f1-4f530d60300f - - - - -] 127.0.0.1 "GET /v1/nodes/93494378-56ee-5e22-b6f0-e3be3a9ebdf1 HTTP/1.1" status: 200 len: 1748 time: 0.0323558
2017-05-24 03:11:18.723 5724 INFO eventlet.wsgi.server [req-c1ed5dd7-b7ff-4b49-88e4-a39738e132d8 - - - - -] 127.0.0.1 "GET /v1/nodes/e1369efa-5391-5035-8533-3a065c44a584 HTTP/1.1" status: 200 len: 1755 time: 0.0220931
2017-05-24 03:11:19.949 5733 INFO eventlet.wsgi.server [req-472aacea-fded-4321-9878-9ba4b5e0cf5b - - - - -] 127.0.0.1 "GET /v1/nodes/c1a56cb3-fcef-59d5-8105-7e6815154f70 HTTP/1.1" status: 200 len: 1752 time: 0.0270998
2017-05-24 03:11:20.732 5724 INFO eventlet.wsgi.server [req-e201c516-109f-4e95-a7dc-bb38e9c1868a - - - - -] 127.0.0.1 "GET /v1/nodes/93494378-56ee-5e22-b6f0-e3be3a9ebdf1 HTTP/1.1" status: 200 len: 1748 time: 0.0286758
2017-05-24 03:11:20.757 5724 INFO eventlet.wsgi.server [req-5a285c21-2869-4182-83e2-cc92caff3f30 - - - - -] 127.0.0.1 "GET /v1/nodes/e1369efa-5391-5035-8533-3a065c44a584 HTTP/1.1" status: 200 len: 1755 time: 0.0247698
2017-05-24 03:11:21.977 5733 INFO eventlet.wsgi.server [req-056681c6-755d-4aab-9d66-289879734dc1 - - - - -] 127.0.0.1 "GET /v1/nodes/c1a56cb3-fcef-59d5-8105-7e6815154f70 HTTP/1.1" status: 200 len: 1752 time: 0.0238800
2017-05-24 03:11:22.767 5724 INFO eventlet.wsgi.server [req-78be2ed7-2103-488d-9642-d88a4d0f3678 - - - - -] 127.0.0.1 "GET /v1/nodes/93494378-56ee-5e22-b6f0-e3be3a9ebdf1 HTTP/1.1" status: 200 len: 1748 time: 0.0325239
2017-05-24 03:11:22.791 5724 INFO eventlet.wsgi.server [req-9ef123c2-f3b6-4402-8225-58397422711a - - - - -] 127.0.0.1 "GET /v1/nodes/e1369efa-5391-5035-8533-3a065c44a584 HTTP/1.1" status: 200 len: 1755 time: 0.0226920
2017-05-24 03:11:24.011 5733 INFO eventlet.wsgi.server [req-26ca6c21-bdcc-4046-b1e5-d41000f88890 - - - - -] 127.0.0.1 "GET /v1/nodes/c1a56cb3-fcef-59d5-8105-7e6815154f70 HTTP/1.1" status: 200 len: 1752 time: 0.0288291
2017-05-24 03:11:24.798 5724 INFO eventlet.wsgi.server [req-e029ed92-b3d5-4ceb-a163-e1a4ea2ff36a - - - - -] 127.0.0.1 "GET /v1/nodes/93494378-56ee-5e22-b6f0-e3be3a9ebdf1 HTTP/1.1" status: 200 len: 1748 time: 0.0273609
2017-05-24 03:11:24.819 5724 INFO eventlet.wsgi.server [req-08b9808e-f84d-4a0e-99d7-9f03cccbc3a8 - - - - -] 127.0.0.1 "GET /v1/nodes/e1369efa-5391-5035-8533-3a065c44a584 HTTP/1.1" status: 200 len: 1755 time: 0.0203121
2017-05-24 03:11:26.050 5733 INFO eventlet.wsgi.server [req-d1764295-bd42-4539-9079-78d8724e5bff - - - - -] 127.0.0.1 "GET /v1/nodes/c1a56cb3-fcef-59d5-8105-7e6815154f70 HTTP/1.1" status: 200 len: 1752 time: 0.0324800
2017-05-24 03:11:26.842 5724 INFO eventlet.wsgi.server [req-25770d63-46e6-4104-9b19-bb442b64ec78 - - - - -] 127.0.0.1 "GET /v1/nodes/93494378-56ee-5e22-b6f0-e3be3a9ebdf1 HTTP/1.1" status: 200 len: 1748 time: 0.0397000
2017-05-24 03:11:26.855 5724 INFO eventlet.wsgi.server [req-aeb9fd94-799e-4e1d-b93a-83e656a3b889 - - - - -] 127.0.0.1 "GET /v1/nodes/e1369efa-5391-5035-8533-3a065c44a584 HTTP/1.1" status: 200 len: 1755 time: 0.0296240
2017-05-24 03:11:28.085 5733 INFO eventlet.wsgi.server [req-dce054fc-4436-4d82-9cf2-1ea02ffdc713 - - - - -] 127.0.0.1 "GET /v1/nodes/c1a56cb3-fcef-59d5-8105-7e6815154f70 HTTP/1.1" status: 200 len: 1752 time: 0.0293310
2017-05-24 03:11:28.887 5724 INFO eventlet.wsgi.server [req-70c6e924-2ab3-4cf3-bfc6-b9b094032110 - - - - -] 127.0.0.1 "GET /v1/nodes/93494378-56ee-5e22-b6f0-e3be3a9ebdf1 HTTP/1.1" status: 200 len: 1748 time: 0.0418639
2017-05-24 03:11:28.901 5724 INFO eventlet.wsgi.server [req-76781de3-64d2-452a-84a9-dfeaa9c7024e - - - - -] 127.0.0.1 "GET /v1/nodes/e1369efa-5391-5035-8533-3a065c44a584 HTTP/1.1" status: 200 len: 1755 time: 0.0370400
2017-05-24 03:11:30.118 5733 INFO eventlet.wsgi.server [req-5b9cafad-502a-4e38-a66e-1e6a0033e629 - - - - -] 127.0.0.1 "GET /v1/nodes/c1a56cb3-fcef-59d5-8105-7e6815154f70 HTTP/1.1" status: 200 len: 1752 time: 0.0279448
2017-05-24 03:11:30.911 5724 INFO eventlet.wsgi.server [req-83ad1033-9aae-4253-934c-2ad062f6c602 - - - - -] 127.0.0.1 "GET /v1/nodes/93494378-56ee-5e22-b6f0-e3be3a9ebdf1 HTTP/1.1" status: 200 len: 1748 time: 0.0215061
2017-05-24 03:11:30.929 5724 INFO eventlet.wsgi.server [req-88c276b4-1b92-4307-993f-8d56da1f1e46 - - - - -] 127.0.0.1 "GET /v1/nodes/e1369efa-5391-5035-8533-3a065c44a584 HTTP/1.1" status: 200 len: 1755 time: 0.0174489
2017-05-24 03:11:32.151 5733 INFO eventlet.wsgi.server [req-c1de55dc-5a1b-4126-b12b-07bd81ba1356 - - - - -] 127.0.0.1 "GET /v1/nodes/c1a56cb3-fcef-59d5-8105-7e6815154f70 HTTP/1.1" status: 200 len: 1752 time: 0.0278039
2017-05-24 03:11:32.942 5724 INFO eventlet.wsgi.server [req-5b4d1780-a577-4ed5-b10b-e80cb43a3b7f - - - - -] 127.0.0.1 "GET /v1/nodes/93494378-56ee-5e22-b6f0-e3be3a9ebdf1 HTTP/1.1" status: 200 len: 1748 time: 0.0286949
2017-05-24 03:11:32.967 5724 INFO eventlet.wsgi.server [req-94df2354-deeb-4248-91d1-2016209589cf - - - - -] 127.0.0.1 "GET /v1/nodes/e1369efa-5391-5035-8533-3a065c44a584 HTTP/1.1" status: 200 len: 1755 time: 0.0232601
2017-05-24 03:11:34.167 5733 INFO eventlet.wsgi.server [req-eba3907f-c22d-4292-a95a-3b3480b74c29 - - - - -] 127.0.0.1 "GET /v1/nodes/c1a56cb3-fcef-59d5-8105-7e6815154f70 HTTP/1.1" status: 200 len: 1752 time: 0.0147882
2017-05-24 03:11:34.975 5724 INFO eventlet.wsgi.server [req-7fc617d0-6f2f-4c7d-9112-9c0606e61c28 - - - - -] 127.0.0.1 "GET /v1/nodes/93494378-56ee-5e22-b6f0-e3be3a9ebdf1 HTTP/1.1" status: 200 len: 1748 time: 0.0301061
2017-05-24 03:11:34.999 5724 INFO eventlet.wsgi.server [req-063f9e34-9327-4738-bb38-1a8f4a4c2e35 - - - - -] 127.0.0.1 "GET /v1/nodes/e1369efa-5391-5035-8533-3a065c44a584 HTTP/1.1" status: 200 len: 1755 time: 0.0227840
2017-05-24 03:11:36.200 5733 INFO eventlet.wsgi.server [req-18a69479-1156-4ce9-80a8-6d1919829398 - - - - -] 127.0.0.1 "GET /v1/nodes/c1a56cb3-fcef-59d5-8105-7e6815154f70 HTTP/1.1" status: 200 len: 1752 time: 0.0280921
2017-05-24 03:11:37.008 5724 INFO eventlet.wsgi.server [req-8ff8574a-e708-402f-a445-99347fc37c84 - - - - -] 127.0.0.1 "GET /v1/nodes/93494378-56ee-5e22-b6f0-e3be3a9ebdf1 HTTP/1.1" status: 200 len: 1748 time: 0.0286071
2017-05-24 03:11:37.034 5724 INFO eventlet.wsgi.server [req-131b6131-43db-4118-b1d0-a5dd8e82d807 - - - - -] 127.0.0.1 "GET /v1/nodes/e1369efa-5391-5035-8533-3a065c44a584 HTTP/1.1" status: 200 len: 1755 time: 0.0251269
