2017-05-24 02:56:17.027 5733 INFO eventlet.wsgi.server [req-ef609465-b177-4fb8-9236-7c365960e4e9 - - - - -] 127.0.0.1 "GET /v1/nodes/c1a56cb3-fcef-59d5-8105-7e6815154f70 HTTP/1.1" status: 200 len: 1752 time: 0.0257289
2017-05-24 02:56:17.189 5724 INFO eventlet.wsgi.server [req-89ef6367-89fb-4120-b90f-49b4818ffba8 - - - - -] 127.0.0.1 "GET /v1/nodes/e1369efa-5391-5035-8533-3a065c44a584 HTTP/1.1" status: 200 len: 1755 time: 0.0313301
2017-05-24 02:56:17.214 5724 INFO eventlet.wsgi.server [req-9fff1ba6-0e8f-48e5-9bd2-af4b5999b412 - - - - -] 127.0.0.1 "GET /v1/nodes/93494378-56ee-5e22-b6f0-e3be3a9ebdf1 HTTP/1.1" status: 200 len: 1748 time: 0.0239389
2017-05-24 02:56:19.047 5733 INFO eventlet.wsgi.server [req-6c044e10-70c8-4ee8-820d-51fe676fc86e - - - - -] 127.0.0.1 "GET /v1/nodes/c1a56cb3-fcef-59d5-8105-7e6815154f70 HTTP/1.1" status: 200 len: 1752 time: 0.0144801
2017-05-24 02:56:19.221 5724 INFO eventlet.wsgi.server [req-54aed00b-307d-471e-bc04-a74ddfa33f66 - - - - -] 127.0.0.1 "GET /v1/nodes/e1369efa-5391-5035-8533-3a065c44a584 HTTP/1.1" status: 200 len: 1755 time: 0.0277159
2017-05-24 02:56:19.243 5724 INFO eventlet.wsgi.server [req-258bf125-00a1-486d-8801-e93c71be0c3f - - - - -] 127.0.0.1 "GET /v1/nodes/93494378-56ee-5e22-b6f0-e3be3a9ebdf1 HTTP/1.1" status: 200 len: 1748 time: 0.0206089
2017-05-24 02:56:21.084 5733 INFO eventlet.wsgi.server [req-90fb3f97-15a3-4353-8303-3e4e84efca2e - - - - -] 127.0.0.1 "GET /v1/nodes/c1a56cb3-fcef-59d5-8105-7e6815154f70 HTTP/1.1" status: 200 len: 1752 time: 0.0296428
2017-05-24 02:56:21.259 5724 INFO eventlet.wsgi.server [req-f5861902-b79e-43d2-bcea-c6fa3e5c845e - - - - -] 127.0.0.1 "GET /v1/nodes/e1369efa-5391-5035-8533-3a065c44a584 HTTP/1.1" status: 200 len: 1755 time: 0.0317371
2017-05-24 02:56:21.286 5724 INFO eventlet.wsgi.server [req-369d111e-216f-466c-98de-811c190edcc9 - - - - -] 127.0.0.1 "GET /v1/nodes/93494378-56ee-5e22-b6f0-e3be3a9ebdf1 HTTP/1.1" status: 200 len: 1748 time: 0.0259249
2017-05-24 02:56:23.117 5733 INFO eventlet.wsgi.server [req-010ce56e-6930-48ac-bc54-a305ab34707d - - - - -] 127.0.0.1 "GET /v1/nodes/c1a56cb3-fcef-59d5-8105-7e6815154f70 HTTP/1.1" status: 200 len: 1752 time: 0.0270200
2017-05-24 02:56:23.300 5724 INFO eventlet.wsgi.server [req-f14bae07-7002-4406-8df7-ff0ad83e14a4 - - - - -] 127.0.0.1 "GET /v1/nodes/e1369efa-5391-5035-8533-3a065c44a584 HTTP/1.1" status: 200 len: 1755 time: 0.0351501
2017-05-24 02:56:23.330 5724 INFO eventlet.wsgi.server [req-34cddf2a-d721-40c8-bb75-44622ba795c1 - - - - -] 127.0.0.1 "GET /v1/nodes/93494378-56ee-5e22-b6f0-e3be3a9ebdf1 HTTP/1.1" status: 200 len: 1748 time: 0.0287199
2017-05-24 02:56:25.154 5733 INFO eventlet.wsgi.server [req-7892fcf8-b767-444a-8c12-f7b334dffe72 - - - - -] 127.0.0.1 "GET /v1/nodes/c1a56cb3-fcef-59d5-8105-7e6815154f70 HTTP/1.1" status: 200 len: 1752 time: 0.0303209
2017-05-24 02:56:25.338 5724 INFO eventlet.wsgi.server [req-f8dad479-4d9c-4370-ada7-27e2f35683d7 - - - - -] 127.0.0.1 "GET /v1/nodes/e1369efa-5391-5035-8533-3a065c44a584 HTTP/1.1" status: 200 len: 1755 time: 0.0301380
2017-05-24 02:56:25.360 5724 INFO eventlet.wsgi.server [req-85d21cbd-4088-4b28-821c-e41e68aef29d - - - - -] 127.0.0.1 "GET /v1/nodes/93494378-56ee-5e22-b6f0-e3be3a9ebdf1 HTTP/1.1" status: 200 len: 1748 time: 0.0210130
2017-05-24 02:56:27.190 5733 INFO eventlet.wsgi.server [req-2c94494b-2d01-4ae6-a795-da5e90ffa172 - - - - -] 127.0.0.1 "GET /v1/nodes/c1a56cb3-fcef-59d5-8105-7e6815154f70 HTTP/1.1" status: 200 len: 1752 time: 0.0300021
2017-05-24 02:56:27.372 5724 INFO eventlet.wsgi.server [req-30b44922-43f2-4ef1-9e8a-3f776c9c04d8 - - - - -] 127.0.0.1 "GET /v1/nodes/e1369efa-5391-5035-8533-3a065c44a584 HTTP/1.1" status: 200 len: 1755 time: 0.0282691
2017-05-24 02:56:27.394 5724 INFO eventlet.wsgi.server [req-c6734591-7223-4afa-9792-2dc88ab45d22 - - - - -] 127.0.0.1 "GET /v1/nodes/93494378-56ee-5e22-b6f0-e3be3a9ebdf1 HTTP/1.1" status: 200 len: 1748 time: 0.0214851
2017-05-24 02:56:29.225 5733 INFO eventlet.wsgi.server [req-fa5f5775-2caf-4be2-9ed4-75f085e28084 - - - - -] 127.0.0.1 "GET /v1/nodes/c1a56cb3-fcef-59d5-8105-7e6815154f70 HTTP/1.1" status: 200 len: 1752 time: 0.0291440
2017-05-24 02:56:29.409 5724 INFO eventlet.wsgi.server [req-be7fcf2c-a554-4bf4-8052-cfaf82c75fe2 - - - - -] 127.0.0.1 "GET /v1/nodes/e1369efa-5391-5035-8533-3a065c44a584 HTTP/1.1" status: 200 len: 1755 time: 0.0311940
2017-05-24 02:56:29.435 5724 INFO eventlet.wsgi.server [req-f9521307-079d-4b0d-a6e4-dbd4fbe1da6e - - - - -] 127.0.0.1 "GET /v1/nodes/93494378-56ee-5e22-b6f0-e3be3a9ebdf1 HTTP/1.1" status: 200 len: 1748 time: 0.0247710
2017-05-24 02:56:31.267 5733 INFO eventlet.wsgi.server [req-1a25e27d-79fe-449b-884d-23c0860bdf69 - - - - -] 127.0.0.1 "GET /v1/nodes/c1a56cb3-fcef-59d5-8105-7e6815154f70 HTTP/1.1" status: 200 len: 1752 time: 0.0328610
2017-05-24 02:56:31.449 5724 INFO eventlet.wsgi.server [req-5af0888b-cbab-4c6e-b3cd-7e98932770e5 - - - - -] 127.0.0.1 "GET /v1/nodes/e1369efa-5391-5035-8533-3a065c44a584 HTTP/1.1" status: 200 len: 1755 time: 0.0325391
2017-05-24 02:56:31.485 5724 INFO eventlet.wsgi.server [req-e67a278b-281f-4f2a-83d9-6114716515ca - - - - -] 127.0.0.1 "GET /v1/nodes/93494378-56ee-5e22-b6f0-e3be3a9ebdf1 HTTP/1.1" status: 200 len: 1748 time: 0.0344651
2017-05-24 02:56:33.293 5733 INFO eventlet.wsgi.server [req-737ec64e-bf31-44c9-b68d-7e4db130bfe0 - - - - -] 127.0.0.1 "GET /v1/nodes/c1a56cb3-fcef-59d5-8105-7e6815154f70 HTTP/1.1" status: 200 len: 1752 time: 0.0215240
2017-05-24 02:56:33.479 5724 INFO eventlet.wsgi.server [req-75de57dd-defa-4340-b072-6ba15e49072e - - - - -] 127.0.0.1 "GET /v1/nodes/e1369efa-5391-5035-8533-3a065c44a584 HTTP/1.1" status: 200 len: 1755 time: 0.0247271
2017-05-24 02:56:33.508 5724 INFO eventlet.wsgi.server [req-a6eebfb4-2f51-4a35-98b3-874735b35cdb - - - - -] 127.0.0.1 "GET /v1/nodes/93494378-56ee-5e22-b6f0-e3be3a9ebdf1 HTTP/1.1" status: 200 len: 1748 time: 0.0196850
2017-05-24 02:56:35.329 5733 INFO eventlet.wsgi.server [req-57d614c3-b85d-4ccf-89f2-88f24e036cc4 - - - - -] 127.0.0.1 "GET /v1/nodes/c1a56cb3-fcef-59d5-8105-7e6815154f70 HTTP/1.1" status: 200 len: 1752 time: 0.0294578
2017-05-24 02:56:35.519 5724 INFO eventlet.wsgi.server [req-35e43aad-8a5b-4d1c-808e-67514df348ce - - - - -] 127.0.0.1 "GET /v1/nodes/e1369efa-5391-5035-8533-3a065c44a584 HTTP/1.1" status: 200 len: 1755 time: 0.0334148
2017-05-24 02:56:35.544 5724 INFO eventlet.wsgi.server [req-3db09d32-59f4-445d-b6d2-2446e035ccd3 - - - - -] 127.0.0.1 "GET /v1/nodes/93494378-56ee-5e22-b6f0-e3be3a9ebdf1 HTTP/1.1" status: 200 len: 1748 time: 0.0235159
2017-05-24 02:56:37.362 5733 INFO eventlet.wsgi.server [req-33fb4b59-84eb-42f5-8ce5-4cb9dcbabb5b - - - - -] 127.0.0.1 "GET /v1/nodes/c1a56cb3-fcef-59d5-8105-7e6815154f70 HTTP/1.1" status: 200 len: 1752 time: 0.0275590
2017-05-24 02:56:37.551 5724 INFO eventlet.wsgi.server [req-cc14911e-af98-430e-a1c4-680a18faa6cb - - - - -] 127.0.0.1 "GET /v1/nodes/e1369efa-5391-5035-8533-3a065c44a584 HTTP/1.1" status: 200 len: 1755 time: 0.0267160
2017-05-24 02:56:37.574 5724 INFO eventlet.wsgi.server [req-7b8c4e2d-2e73-4de1-b2fa-5e5c69eb97f8 - - - - -] 127.0.0.1 "GET /v1/nodes/93494378-56ee-5e22-b6f0-e3be3a9ebdf1 HTTP/1.1" status: 200 len: 1748 time: 0.0223181
2017-05-24 02:56:39.395 5733 INFO eventlet.wsgi.server [req-c0e3e8d5-5bec-4849-bd9f-6c0a0faa29a4 - - - - -] 127.0.0.1 "GET /v1/nodes/c1a56cb3-fcef-59d5-8105-7e6815154f70 HTTP/1.1" status: 200 len: 1752 time: 0.0279610
2017-05-24 02:56:39.580 5724 INFO eventlet.wsgi.server [req-b3e163e1-a291-4db1-990f-4b7d83a628f7 - - - - -] 127.0.0.1 "GET /v1/nodes/e1369efa-5391-5035-8533-3a065c44a584 HTTP/1.1" status: 200 len: 1755 time: 0.0251081
2017-05-24 02:56:39.603 5724 INFO eventlet.wsgi.server [req-b242fe62-dfa6-4c47-89fb-c6844602afef - - - - -] 127.0.0.1 "GET /v1/nodes/93494378-56ee-5e22-b6f0-e3be3a9ebdf1 HTTP/1.1" status: 200 len: 1748 time: 0.0217969
2017-05-24 02:56:41.429 5733 INFO eventlet.wsgi.server [req-e5050af6-ec66-48f0-a7a9-915631c14d24 - - - - -] 127.0.0.1 "GET /v1/nodes/c1a56cb3-fcef-59d5-8105-7e6815154f70 HTTP/1.1" status: 200 len: 1752 time: 0.0288200
2017-05-24 02:56:41.618 5724 INFO eventlet.wsgi.server [req-5d1675e8-81f4-4e53-b062-3f5acb19dad4 - - - - -] 127.0.0.1 "GET /v1/nodes/e1369efa-5391-5035-8533-3a065c44a584 HTTP/1.1" status: 200 len: 1755 time: 0.0336399
2017-05-24 02:56:41.647 5724 INFO eventlet.wsgi.server [req-778c5ee6-501b-4ff8-947f-3de7d997ea7a - - - - -] 127.0.0.1 "GET /v1/nodes/93494378-56ee-5e22-b6f0-e3be3a9ebdf1 HTTP/1.1" status: 200 len: 1748 time: 0.0276179
2017-05-24 02:56:43.463 5733 INFO eventlet.wsgi.server [req-872ebd63-642b-42c1-9742-d711a3907353 - - - - -] 127.0.0.1 "GET /v1/nodes/c1a56cb3-fcef-59d5-8105-7e6815154f70 HTTP/1.1" status: 200 len: 1752 time: 0.0286119
2017-05-24 02:56:43.651 5724 INFO eventlet.wsgi.server [req-410c3e9f-3cd3-4b5a-8f93-4f613b8955d0 - - - - -] 127.0.0.1 "GET /v1/nodes/e1369efa-5391-5035-8533-3a065c44a584 HTTP/1.1" status: 200 len: 1755 time: 0.0282240
2017-05-24 02:56:43.674 5724 INFO eventlet.wsgi.server [req-56aa4253-fe2d-4ca1-b967-10a26ce09459 - - - - -] 127.0.0.1 "GET /v1/nodes/93494378-56ee-5e22-b6f0-e3be3a9ebdf1 HTTP/1.1" status: 200 len: 1748 time: 0.0221021
2017-05-24 02:56:45.503 5733 INFO eventlet.wsgi.server [req-dcf57fe3-c353-405c-9a2d-57594ab2154f - - - - -] 127.0.0.1 "GET /v1/nodes/c1a56cb3-fcef-59d5-8105-7e6815154f70 HTTP/1.1" status: 200 len: 1752 time: 0.0338080
2017-05-24 02:56:45.683 5724 INFO eventlet.wsgi.server [req-e7a63cd1-e4d3-45f0-99c1-5c06a3f66877 - - - - -] 127.0.0.1 "GET /v1/nodes/e1369efa-5391-5035-8533-3a065c44a584 HTTP/1.1" status: 200 len: 1755 time: 0.0271060
2017-05-24 02:56:45.706 5724 INFO eventlet.wsgi.server [req-52082130-630c-452f-a65a-c3b695609413 - - - - -] 127.0.0.1 "GET /v1/nodes/93494378-56ee-5e22-b6f0-e3be3a9ebdf1 HTTP/1.1" status: 200 len: 1748 time: 0.0221660
2017-05-24 02:56:47.542 5733 INFO eventlet.wsgi.server [req-acca1eea-81b4-4818-97c4-80ed8c55ed05 - - - - -] 127.0.0.1 "GET /v1/nodes/c1a56cb3-fcef-59d5-8105-7e6815154f70 HTTP/1.1" status: 200 len: 1752 time: 0.0330040
2017-05-24 02:56:47.719 5724 INFO eventlet.wsgi.server [req-ea51ba48-33a8-4feb-b50f-c1653e7cf01e - - - - -] 127.0.0.1 "GET /v1/nodes/e1369efa-5391-5035-8533-3a065c44a584 HTTP/1.1" status: 200 len: 1755 time: 0.0307250
2017-05-24 02:56:47.804 5724 INFO eventlet.wsgi.server [req-edb2d04f-c3aa-4895-80f7-7a79e79930ca - - - - -] 127.0.0.1 "GET /v1/nodes/93494378-56ee-5e22-b6f0-e3be3a9ebdf1 HTTP/1.1" status: 200 len: 1748 time: 0.0835960
2017-05-24 02:56:49.560 5733 INFO eventlet.wsgi.server [req-f9ba8bc2-e62e-4b74-bbf5-954baf697836 - - - - -] 127.0.0.1 "GET /v1/nodes/c1a56cb3-fcef-59d5-8105-7e6815154f70 HTTP/1.1" status: 200 len: 1752 time: 0.0155990
2017-05-24 02:56:49.742 5724 INFO eventlet.wsgi.server [req-e514d835-8425-4b65-8de9-d21a37a3e58d - - - - -] 127.0.0.1 "GET /v1/nodes/e1369efa-5391-5035-8533-3a065c44a584 HTTP/1.1" status: 200 len: 1755 time: 0.0187662
2017-05-24 02:56:49.825 5724 INFO eventlet.wsgi.server [req-1d768987-a5a9-43d9-b7c8-845dae426f63 - - - - -] 127.0.0.1 "GET /v1/nodes/93494378-56ee-5e22-b6f0-e3be3a9ebdf1 HTTP/1.1" status: 200 len: 1748 time: 0.0162001
2017-05-24 02:56:51.589 5733 INFO eventlet.wsgi.server [req-88305312-b511-40ea-9f51-132de9054891 - - - - -] 127.0.0.1 "GET /v1/nodes/c1a56cb3-fcef-59d5-8105-7e6815154f70 HTTP/1.1" status: 200 len: 1752 time: 0.0206609
2017-05-24 02:56:51.779 5724 INFO eventlet.wsgi.server [req-3d647b17-9860-4745-9e47-53573aef7ed3 - - - - -] 127.0.0.1 "GET /v1/nodes/e1369efa-5391-5035-8533-3a065c44a584 HTTP/1.1" status: 200 len: 1755 time: 0.0300531
2017-05-24 02:56:51.859 5724 INFO eventlet.wsgi.server [req-c66957b9-b5e4-47b7-a4f3-0c207cefaa17 - - - - -] 127.0.0.1 "GET /v1/nodes/93494378-56ee-5e22-b6f0-e3be3a9ebdf1 HTTP/1.1" status: 200 len: 1748 time: 0.0272300
2017-05-24 02:56:53.611 5733 INFO eventlet.wsgi.server [req-c397924e-7221-4cf9-b02c-36c2e81e7b7c - - - - -] 127.0.0.1 "GET /v1/nodes/c1a56cb3-fcef-59d5-8105-7e6815154f70 HTTP/1.1" status: 200 len: 1752 time: 0.0174222
2017-05-24 02:56:53.810 5724 INFO eventlet.wsgi.server [req-0b2c0cee-7747-4f40-8146-b1c53429a9fe - - - - -] 127.0.0.1 "GET /v1/nodes/e1369efa-5391-5035-8533-3a065c44a584 HTTP/1.1" status: 200 len: 1755 time: 0.0265169
2017-05-24 02:56:53.890 5724 INFO eventlet.wsgi.server [req-e4f23768-d687-4d79-9e4d-0748aae2b94b - - - - -] 127.0.0.1 "GET /v1/nodes/93494378-56ee-5e22-b6f0-e3be3a9ebdf1 HTTP/1.1" status: 200 len: 1748 time: 0.0265319
2017-05-24 02:56:55.631 5733 INFO eventlet.wsgi.server [req-c723b68c-0d2d-4d72-ace2-a730c16f52a1 - - - - -] 127.0.0.1 "GET /v1/nodes/c1a56cb3-fcef-59d5-8105-7e6815154f70 HTTP/1.1" status: 200 len: 1752 time: 0.0185070
2017-05-24 02:56:55.844 5724 INFO eventlet.wsgi.server [req-2ee2b569-6143-4f44-93ba-1ee2c8f5f7fa - - - - -] 127.0.0.1 "GET /v1/nodes/e1369efa-5391-5035-8533-3a065c44a584 HTTP/1.1" status: 200 len: 1755 time: 0.0287340
2017-05-24 02:56:55.922 5724 INFO eventlet.wsgi.server [req-54b1a74d-91fc-4d0e-b6e4-d48dfffc5ef8 - - - - -] 127.0.0.1 "GET /v1/nodes/93494378-56ee-5e22-b6f0-e3be3a9ebdf1 HTTP/1.1" status: 200 len: 1748 time: 0.0273430
2017-05-24 02:56:57.663 5733 INFO eventlet.wsgi.server [req-e2422938-12f2-49ff-9667-9ee52a9a5f8d - - - - -] 127.0.0.1 "GET /v1/nodes/c1a56cb3-fcef-59d5-8105-7e6815154f70 HTTP/1.1" status: 200 len: 1752 time: 0.0266969
2017-05-24 02:56:57.872 5724 INFO eventlet.wsgi.server [req-4a1ef8f8-4e1d-43a9-b248-29b5b5eeca3b - - - - -] 127.0.0.1 "GET /v1/nodes/e1369efa-5391-5035-8533-3a065c44a584 HTTP/1.1" status: 200 len: 1755 time: 0.0228329
2017-05-24 02:56:57.942 5724 INFO eventlet.wsgi.server [req-e3d66821-f009-4b80-9663-954f79d6dd6d - - - - -] 127.0.0.1 "GET /v1/nodes/93494378-56ee-5e22-b6f0-e3be3a9ebdf1 HTTP/1.1" status: 200 len: 1748 time: 0.0164571
2017-05-24 02:56:59.697 5733 INFO eventlet.wsgi.server [req-6de5a06a-4993-4be3-8313-331df26c176f - - - - -] 127.0.0.1 "GET /v1/nodes/c1a56cb3-fcef-59d5-8105-7e6815154f70 HTTP/1.1" status: 200 len: 1752 time: 0.0293159
2017-05-24 02:56:59.899 5724 INFO eventlet.wsgi.server [req-40939ce1-7820-41c4-94ec-0ce275908d28 - - - - -] 127.0.0.1 "GET /v1/nodes/e1369efa-5391-5035-8533-3a065c44a584 HTTP/1.1" status: 200 len: 1755 time: 0.0222580
2017-05-24 02:56:59.976 5724 INFO eventlet.wsgi.server [req-764aef7f-4242-43fe-b6f4-38aaf3ca7dfc - - - - -] 127.0.0.1 "GET /v1/nodes/93494378-56ee-5e22-b6f0-e3be3a9ebdf1 HTTP/1.1" status: 200 len: 1748 time: 0.0295529
2017-05-24 02:57:01.730 5733 INFO eventlet.wsgi.server [req-f21e7f88-4b7d-499d-8ac2-e2bc75798793 - - - - -] 127.0.0.1 "GET /v1/nodes/c1a56cb3-fcef-59d5-8105-7e6815154f70 HTTP/1.1" status: 200 len: 1752 time: 0.0276461
2017-05-24 02:57:01.932 5724 INFO eventlet.wsgi.server [req-b848e6de-1074-424a-b5d5-fb3517336dec - - - - -] 127.0.0.1 "GET /v1/nodes/e1369efa-5391-5035-8533-3a065c44a584 HTTP/1.1" status: 200 len: 1755 time: 0.0272651
2017-05-24 02:57:02.008 5724 INFO eventlet.wsgi.server [req-7eafde20-30ab-4e46-96c6-7acec73b3215 - - - - -] 127.0.0.1 "GET /v1/nodes/93494378-56ee-5e22-b6f0-e3be3a9ebdf1 HTTP/1.1" status: 200 len: 1748 time: 0.0270379
2017-05-24 02:57:03.764 5733 INFO eventlet.wsgi.server [req-6ea862dc-5065-4908-a38a-1ab31b6e7939 - - - - -] 127.0.0.1 "GET /v1/nodes/c1a56cb3-fcef-59d5-8105-7e6815154f70 HTTP/1.1" status: 200 len: 1752 time: 0.0282211
2017-05-24 02:57:03.956 5724 INFO eventlet.wsgi.server [req-a2926307-2309-465c-83cd-a978d04408ff - - - - -] 127.0.0.1 "GET /v1/nodes/e1369efa-5391-5035-8533-3a065c44a584 HTTP/1.1" status: 200 len: 1755 time: 0.0202610
2017-05-24 02:57:04.040 5724 INFO eventlet.wsgi.server [req-d12e3f21-ae66-4cbd-94ca-ab18d1642a7b - - - - -] 127.0.0.1 "GET /v1/nodes/93494378-56ee-5e22-b6f0-e3be3a9ebdf1 HTTP/1.1" status: 200 len: 1748 time: 0.0267870
2017-05-24 02:57:05.796 5733 INFO eventlet.wsgi.server [req-ce54b3f8-3312-424e-87df-0e2adebf8b07 - - - - -] 127.0.0.1 "GET /v1/nodes/c1a56cb3-fcef-59d5-8105-7e6815154f70 HTTP/1.1" status: 200 len: 1752 time: 0.0278649
2017-05-24 02:57:05.991 5724 INFO eventlet.wsgi.server [req-91d6c5c1-7bd1-42b2-aed4-449f53430476 - - - - -] 127.0.0.1 "GET /v1/nodes/e1369efa-5391-5035-8533-3a065c44a584 HTTP/1.1" status: 200 len: 1755 time: 0.0306849
2017-05-24 02:57:06.071 5724 INFO eventlet.wsgi.server [req-e42247ed-00f1-4210-b1bb-de36f2b52866 - - - - -] 127.0.0.1 "GET /v1/nodes/93494378-56ee-5e22-b6f0-e3be3a9ebdf1 HTTP/1.1" status: 200 len: 1748 time: 0.0272660
2017-05-24 02:57:07.837 5733 INFO eventlet.wsgi.server [req-0f29a059-1986-447c-a494-72e318bc0612 - - - - -] 127.0.0.1 "GET /v1/nodes/c1a56cb3-fcef-59d5-8105-7e6815154f70 HTTP/1.1" status: 200 len: 1752 time: 0.0327690
2017-05-24 02:57:08.027 5724 INFO eventlet.wsgi.server [req-e20b44f5-8723-4319-bbac-1cefe550d400 - - - - -] 127.0.0.1 "GET /v1/nodes/e1369efa-5391-5035-8533-3a065c44a584 HTTP/1.1" status: 200 len: 1755 time: 0.0298378
2017-05-24 02:57:08.105 5724 INFO eventlet.wsgi.server [req-e9b36fb8-665c-43df-aafa-b878ebbbc97c - - - - -] 127.0.0.1 "GET /v1/nodes/93494378-56ee-5e22-b6f0-e3be3a9ebdf1 HTTP/1.1" status: 200 len: 1748 time: 0.0277600
2017-05-24 02:57:09.872 5733 INFO eventlet.wsgi.server [req-3a229f4d-bbb6-4fa6-9014-654c018ca0a9 - - - - -] 127.0.0.1 "GET /v1/nodes/c1a56cb3-fcef-59d5-8105-7e6815154f70 HTTP/1.1" status: 200 len: 1752 time: 0.0290940
2017-05-24 02:57:10.061 5724 INFO eventlet.wsgi.server [req-08f881a2-b386-4618-89f7-2e3ebe54c76f - - - - -] 127.0.0.1 "GET /v1/nodes/e1369efa-5391-5035-8533-3a065c44a584 HTTP/1.1" status: 200 len: 1755 time: 0.0283189
2017-05-24 02:57:10.136 5724 INFO eventlet.wsgi.server [req-e8ae99a0-46c9-4b30-8c0f-0f5d0c22846b - - - - -] 127.0.0.1 "GET /v1/nodes/93494378-56ee-5e22-b6f0-e3be3a9ebdf1 HTTP/1.1" status: 200 len: 1748 time: 0.0268681
2017-05-24 02:57:11.910 5733 INFO eventlet.wsgi.server [req-e3f532b1-678d-4f16-bcc9-2b8a061e9f53 - - - - -] 127.0.0.1 "GET /v1/nodes/c1a56cb3-fcef-59d5-8105-7e6815154f70 HTTP/1.1" status: 200 len: 1752 time: 0.0329990
2017-05-24 02:57:12.096 5724 INFO eventlet.wsgi.server [req-38962255-5979-4ac0-abc2-058b9776f7aa - - - - -] 127.0.0.1 "GET /v1/nodes/e1369efa-5391-5035-8533-3a065c44a584 HTTP/1.1" status: 200 len: 1755 time: 0.0289910
2017-05-24 02:57:12.168 5724 INFO eventlet.wsgi.server [req-8f4010d5-b0a5-4d92-85c2-90347b627098 - - - - -] 127.0.0.1 "GET /v1/nodes/93494378-56ee-5e22-b6f0-e3be3a9ebdf1 HTTP/1.1" status: 200 len: 1748 time: 0.0268328
2017-05-24 02:57:13.951 5733 INFO eventlet.wsgi.server [req-e6916d60-c16f-4b8c-80c5-bfe9206677b2 - - - - -] 127.0.0.1 "GET /v1/nodes/c1a56cb3-fcef-59d5-8105-7e6815154f70 HTTP/1.1" status: 200 len: 1752 time: 0.0330398
2017-05-24 02:57:14.122 5724 INFO eventlet.wsgi.server [req-ec59a486-0962-4d99-b1dd-d09d1c4ff63f - - - - -] 127.0.0.1 "GET /v1/nodes/e1369efa-5391-5035-8533-3a065c44a584 HTTP/1.1" status: 200 len: 1755 time: 0.0210271
2017-05-24 02:57:14.203 5724 INFO eventlet.wsgi.server [req-fa78a6f1-db1e-4f46-9504-67f0251b34be - - - - -] 127.0.0.1 "GET /v1/nodes/93494378-56ee-5e22-b6f0-e3be3a9ebdf1 HTTP/1.1" status: 200 len: 1748 time: 0.0297339
2017-05-24 02:57:15.993 5733 INFO eventlet.wsgi.server [req-f79f18e4-ecfc-4879-b485-4e80c53787a9 - - - - -] 127.0.0.1 "GET /v1/nodes/c1a56cb3-fcef-59d5-8105-7e6815154f70 HTTP/1.1" status: 200 len: 1752 time: 0.0333409
2017-05-24 02:57:16.161 5724 INFO eventlet.wsgi.server [req-81e5e711-f195-4fe5-80b7-f7b1be1e0ed3 - - - - -] 127.0.0.1 "GET /v1/nodes/e1369efa-5391-5035-8533-3a065c44a584 HTTP/1.1" status: 200 len: 1755 time: 0.0315900
2017-05-24 02:57:16.238 5724 INFO eventlet.wsgi.server [req-1f5b29ad-f497-427c-8e03-bc3bc9470160 - - - - -] 127.0.0.1 "GET /v1/nodes/93494378-56ee-5e22-b6f0-e3be3a9ebdf1 HTTP/1.1" status: 200 len: 1748 time: 0.0286248
2017-05-24 02:57:16.485 5726 INFO eventlet.wsgi.server [req-0a1d1864-fb8b-4c6c-8c2b-25c3bae3abfc - - - - -] 127.0.0.1 "GET /v1/nodes HTTP/1.1" status: 200 len: 1477 time: 0.0406530
2017-05-24 02:57:18.030 5733 INFO eventlet.wsgi.server [req-9c5014f1-7d9b-4283-b443-2bd4a820168e - - - - -] 127.0.0.1 "GET /v1/nodes/c1a56cb3-fcef-59d5-8105-7e6815154f70 HTTP/1.1" status: 200 len: 1752 time: 0.0308142
2017-05-24 02:57:18.194 5724 INFO eventlet.wsgi.server [req-9f2efd0e-1103-4d40-8c1f-c20fba1a0f58 - - - - -] 127.0.0.1 "GET /v1/nodes/e1369efa-5391-5035-8533-3a065c44a584 HTTP/1.1" status: 200 len: 1755 time: 0.0281410
2017-05-24 02:57:18.271 5724 INFO eventlet.wsgi.server [req-7cb6ff1c-e4b2-4c5e-8f24-2477420e4619 - - - - -] 127.0.0.1 "GET /v1/nodes/93494378-56ee-5e22-b6f0-e3be3a9ebdf1 HTTP/1.1" status: 200 len: 1748 time: 0.0283270
2017-05-24 02:57:20.048 5733 INFO eventlet.wsgi.server [req-0f73484a-6092-44dd-a61c-25d34ac634d7 - - - - -] 127.0.0.1 "GET /v1/nodes/c1a56cb3-fcef-59d5-8105-7e6815154f70 HTTP/1.1" status: 200 len: 1752 time: 0.0155411
2017-05-24 02:57:20.228 5724 INFO eventlet.wsgi.server [req-271955d2-dd74-4042-b5e6-4237a08e3fb5 - - - - -] 127.0.0.1 "GET /v1/nodes/e1369efa-5391-5035-8533-3a065c44a584 HTTP/1.1" status: 200 len: 1755 time: 0.0284569
2017-05-24 02:57:20.301 5724 INFO eventlet.wsgi.server [req-e7a6bccf-cd2e-4598-97d1-76a363399933 - - - - -] 127.0.0.1 "GET /v1/nodes/93494378-56ee-5e22-b6f0-e3be3a9ebdf1 HTTP/1.1" status: 200 len: 1748 time: 0.0250530
2017-05-24 02:57:22.078 5733 INFO eventlet.wsgi.server [req-01ddddc1-7239-4a5f-a5c0-5780061a9f96 - - - - -] 127.0.0.1 "GET /v1/nodes/c1a56cb3-fcef-59d5-8105-7e6815154f70 HTTP/1.1" status: 200 len: 1752 time: 0.0252919
2017-05-24 02:57:22.262 5724 INFO eventlet.wsgi.server [req-52ab2394-9ea7-4d26-935d-b89b8b289380 - - - - -] 127.0.0.1 "GET /v1/nodes/e1369efa-5391-5035-8533-3a065c44a584 HTTP/1.1" status: 200 len: 1755 time: 0.0290401
2017-05-24 02:57:22.336 5724 INFO eventlet.wsgi.server [req-13c33b89-c3d4-49f8-84f6-d9ff4deee27f - - - - -] 127.0.0.1 "GET /v1/nodes/93494378-56ee-5e22-b6f0-e3be3a9ebdf1 HTTP/1.1" status: 200 len: 1748 time: 0.0306690
2017-05-24 02:57:24.112 5733 INFO eventlet.wsgi.server [req-c16d6420-64f0-49cb-9ac0-82dad7972a18 - - - - -] 127.0.0.1 "GET /v1/nodes/c1a56cb3-fcef-59d5-8105-7e6815154f70 HTTP/1.1" status: 200 len: 1752 time: 0.0291269
2017-05-24 02:57:24.295 5724 INFO eventlet.wsgi.server [req-6036512e-35d0-422e-b8ce-3dd90f3fbffc - - - - -] 127.0.0.1 "GET /v1/nodes/e1369efa-5391-5035-8533-3a065c44a584 HTTP/1.1" status: 200 len: 1755 time: 0.0285852
2017-05-24 02:57:24.368 5724 INFO eventlet.wsgi.server [req-c06d9206-1499-4666-8cf9-81f8e5d360bd - - - - -] 127.0.0.1 "GET /v1/nodes/93494378-56ee-5e22-b6f0-e3be3a9ebdf1 HTTP/1.1" status: 200 len: 1748 time: 0.0276051
2017-05-24 02:57:26.130 5733 INFO eventlet.wsgi.server [req-c9315d4c-087f-42d7-b2ac-ddf51e59bf90 - - - - -] 127.0.0.1 "GET /v1/nodes/c1a56cb3-fcef-59d5-8105-7e6815154f70 HTTP/1.1" status: 200 len: 1752 time: 0.0146000
2017-05-24 02:57:26.313 5724 INFO eventlet.wsgi.server [req-c0807d47-ed4a-40bf-94bf-edefb30159e3 - - - - -] 127.0.0.1 "GET /v1/nodes/e1369efa-5391-5035-8533-3a065c44a584 HTTP/1.1" status: 200 len: 1755 time: 0.0143800
2017-05-24 02:57:26.397 5724 INFO eventlet.wsgi.server [req-b51ad03f-900d-483d-a9a9-698b8043d7da - - - - -] 127.0.0.1 "GET /v1/nodes/93494378-56ee-5e22-b6f0-e3be3a9ebdf1 HTTP/1.1" status: 200 len: 1748 time: 0.0249741
2017-05-24 02:57:28.158 5733 INFO eventlet.wsgi.server [req-18dd7d63-4e76-42bb-a5f2-25bac0c0c51a - - - - -] 127.0.0.1 "GET /v1/nodes/c1a56cb3-fcef-59d5-8105-7e6815154f70 HTTP/1.1" status: 200 len: 1752 time: 0.0231349
2017-05-24 02:57:28.347 5724 INFO eventlet.wsgi.server [req-6f6d9f44-e33e-4a3c-a20e-f3e282f05697 - - - - -] 127.0.0.1 "GET /v1/nodes/e1369efa-5391-5035-8533-3a065c44a584 HTTP/1.1" status: 200 len: 1755 time: 0.0283329
2017-05-24 02:57:28.430 5724 INFO eventlet.wsgi.server [req-bd15047d-3038-4bd9-abde-d868106848a2 - - - - -] 127.0.0.1 "GET /v1/nodes/93494378-56ee-5e22-b6f0-e3be3a9ebdf1 HTTP/1.1" status: 200 len: 1748 time: 0.0281498
2017-05-24 02:57:30.193 5733 INFO eventlet.wsgi.server [req-f72da6f5-3c7f-4063-bd34-c7a7f8ed0f78 - - - - -] 127.0.0.1 "GET /v1/nodes/c1a56cb3-fcef-59d5-8105-7e6815154f70 HTTP/1.1" status: 200 len: 1752 time: 0.0300570
2017-05-24 02:57:30.379 5724 INFO eventlet.wsgi.server [req-18732fe7-c9f5-4655-90c9-8e6fd091cbb3 - - - - -] 127.0.0.1 "GET /v1/nodes/e1369efa-5391-5035-8533-3a065c44a584 HTTP/1.1" status: 200 len: 1755 time: 0.0278718
2017-05-24 02:57:30.462 5724 INFO eventlet.wsgi.server [req-66aad9b6-d1e7-4544-950f-7aea33648231 - - - - -] 127.0.0.1 "GET /v1/nodes/93494378-56ee-5e22-b6f0-e3be3a9ebdf1 HTTP/1.1" status: 200 len: 1748 time: 0.0276520
2017-05-24 02:57:32.222 5733 INFO eventlet.wsgi.server [req-e153abc0-4725-4941-8043-3f0d4794c847 - - - - -] 127.0.0.1 "GET /v1/nodes/c1a56cb3-fcef-59d5-8105-7e6815154f70 HTTP/1.1" status: 200 len: 1752 time: 0.0238900
2017-05-24 02:57:32.411 5724 INFO eventlet.wsgi.server [req-0b98dab3-3456-43d9-bb6e-ed3603af653f - - - - -] 127.0.0.1 "GET /v1/nodes/e1369efa-5391-5035-8533-3a065c44a584 HTTP/1.1" status: 200 len: 1755 time: 0.0263031
2017-05-24 02:57:32.492 5724 INFO eventlet.wsgi.server [req-0aafa907-a02f-4384-8822-761aedb22cf3 - - - - -] 127.0.0.1 "GET /v1/nodes/93494378-56ee-5e22-b6f0-e3be3a9ebdf1 HTTP/1.1" status: 200 len: 1748 time: 0.0252020
2017-05-24 02:57:34.250 5733 INFO eventlet.wsgi.server [req-cc4e1db4-01d2-47e7-94b9-5ce7db71186c - - - - -] 127.0.0.1 "GET /v1/nodes/c1a56cb3-fcef-59d5-8105-7e6815154f70 HTTP/1.1" status: 200 len: 1752 time: 0.0236011
2017-05-24 02:57:34.443 5724 INFO eventlet.wsgi.server [req-824c520f-13f1-47cb-9ee0-f38621b77fbf - - - - -] 127.0.0.1 "GET /v1/nodes/e1369efa-5391-5035-8533-3a065c44a584 HTTP/1.1" status: 200 len: 1755 time: 0.0276799
2017-05-24 02:57:34.526 5724 INFO eventlet.wsgi.server [req-35a9acbb-ca2d-4b97-9a55-0cc91ee23da0 - - - - -] 127.0.0.1 "GET /v1/nodes/93494378-56ee-5e22-b6f0-e3be3a9ebdf1 HTTP/1.1" status: 200 len: 1748 time: 0.0276861
2017-05-24 02:57:36.278 5733 INFO eventlet.wsgi.server [req-5418354f-8a25-48fe-badf-f74c385753a7 - - - - -] 127.0.0.1 "GET /v1/nodes/c1a56cb3-fcef-59d5-8105-7e6815154f70 HTTP/1.1" status: 200 len: 1752 time: 0.0245080
2017-05-24 02:57:36.478 5724 INFO eventlet.wsgi.server [req-020393df-128b-49b3-8abb-7211779d39bf - - - - -] 127.0.0.1 "GET /v1/nodes/e1369efa-5391-5035-8533-3a065c44a584 HTTP/1.1" status: 200 len: 1755 time: 0.0281851
2017-05-24 02:57:36.553 5724 INFO eventlet.wsgi.server [req-4a9123ee-6ee1-45ca-aeb2-e06a69cbb3ff - - - - -] 127.0.0.1 "GET /v1/nodes/93494378-56ee-5e22-b6f0-e3be3a9ebdf1 HTTP/1.1" status: 200 len: 1748 time: 0.0222430
2017-05-24 02:57:38.296 5733 INFO eventlet.wsgi.server [req-5778f43a-c575-4c2a-8af1-93964a6c4db9 - - - - -] 127.0.0.1 "GET /v1/nodes/c1a56cb3-fcef-59d5-8105-7e6815154f70 HTTP/1.1" status: 200 len: 1752 time: 0.0153589
2017-05-24 02:57:38.513 5724 INFO eventlet.wsgi.server [req-80d2c80c-8af0-497f-96d1-5cf6f95e856e - - - - -] 127.0.0.1 "GET /v1/nodes/e1369efa-5391-5035-8533-3a065c44a584 HTTP/1.1" status: 200 len: 1755 time: 0.0296030
2017-05-24 02:57:38.581 5724 INFO eventlet.wsgi.server [req-7274e2ba-1f8f-4588-bed7-0b09be118f8e - - - - -] 127.0.0.1 "GET /v1/nodes/93494378-56ee-5e22-b6f0-e3be3a9ebdf1 HTTP/1.1" status: 200 len: 1748 time: 0.0232589
2017-05-24 02:57:40.326 5733 INFO eventlet.wsgi.server [req-c1430e13-f3a5-4c96-a05d-b588a149a233 - - - - -] 127.0.0.1 "GET /v1/nodes/c1a56cb3-fcef-59d5-8105-7e6815154f70 HTTP/1.1" status: 200 len: 1752 time: 0.0217490
2017-05-24 02:57:40.554 5724 INFO eventlet.wsgi.server [req-1f9ad6ea-f571-4add-9ca4-fb6a383e9915 - - - - -] 127.0.0.1 "GET /v1/nodes/e1369efa-5391-5035-8533-3a065c44a584 HTTP/1.1" status: 200 len: 1755 time: 0.0335791
2017-05-24 02:57:40.615 5724 INFO eventlet.wsgi.server [req-f1f03222-e1bc-4e1d-a334-f8923a8a6cc2 - - - - -] 127.0.0.1 "GET /v1/nodes/93494378-56ee-5e22-b6f0-e3be3a9ebdf1 HTTP/1.1" status: 200 len: 1748 time: 0.0277390
2017-05-24 02:57:42.349 5733 INFO eventlet.wsgi.server [req-8234eaed-351a-405b-941b-9b26f5696f77 - - - - -] 127.0.0.1 "GET /v1/nodes/c1a56cb3-fcef-59d5-8105-7e6815154f70 HTTP/1.1" status: 200 len: 1752 time: 0.0194690
2017-05-24 02:57:42.588 5724 INFO eventlet.wsgi.server [req-54b67ad3-4a6a-4f19-bcd3-2d20db2a5114 - - - - -] 127.0.0.1 "GET /v1/nodes/e1369efa-5391-5035-8533-3a065c44a584 HTTP/1.1" status: 200 len: 1755 time: 0.0283151
2017-05-24 02:57:42.648 5724 INFO eventlet.wsgi.server [req-f6188616-fdfd-4860-bb19-fa97aa81bebd - - - - -] 127.0.0.1 "GET /v1/nodes/93494378-56ee-5e22-b6f0-e3be3a9ebdf1 HTTP/1.1" status: 200 len: 1748 time: 0.0286801
2017-05-24 02:57:44.366 5733 INFO eventlet.wsgi.server [req-84a2b05f-ab2c-42e4-b522-ffffbfedbf6c - - - - -] 127.0.0.1 "GET /v1/nodes/c1a56cb3-fcef-59d5-8105-7e6815154f70 HTTP/1.1" status: 200 len: 1752 time: 0.0139699
2017-05-24 02:57:44.622 5724 INFO eventlet.wsgi.server [req-ce0f0c8d-b76d-455e-81dd-8965036ada12 - - - - -] 127.0.0.1 "GET /v1/nodes/e1369efa-5391-5035-8533-3a065c44a584 HTTP/1.1" status: 200 len: 1755 time: 0.0281899
2017-05-24 02:57:44.683 5724 INFO eventlet.wsgi.server [req-9bdb1e74-87af-4a45-92eb-7551faf7242a - - - - -] 127.0.0.1 "GET /v1/nodes/93494378-56ee-5e22-b6f0-e3be3a9ebdf1 HTTP/1.1" status: 200 len: 1748 time: 0.0295730
2017-05-24 02:57:46.396 5733 INFO eventlet.wsgi.server [req-87cb5cdb-e1fb-4bd6-98b1-4cca720e902d - - - - -] 127.0.0.1 "GET /v1/nodes/c1a56cb3-fcef-59d5-8105-7e6815154f70 HTTP/1.1" status: 200 len: 1752 time: 0.0248849
2017-05-24 02:57:46.653 5724 INFO eventlet.wsgi.server [req-09320747-6886-4009-bbfb-395031312b8a - - - - -] 127.0.0.1 "GET /v1/nodes/e1369efa-5391-5035-8533-3a065c44a584 HTTP/1.1" status: 200 len: 1755 time: 0.0264299
2017-05-24 02:57:46.715 5724 INFO eventlet.wsgi.server [req-5df6cbd2-7ddc-421c-b582-8a2b506a6a36 - - - - -] 127.0.0.1 "GET /v1/nodes/93494378-56ee-5e22-b6f0-e3be3a9ebdf1 HTTP/1.1" status: 200 len: 1748 time: 0.0268080
2017-05-24 02:57:48.419 5733 INFO eventlet.wsgi.server [req-c86cc61c-8564-4a2d-b856-32a35ae9e0be - - - - -] 127.0.0.1 "GET /v1/nodes/c1a56cb3-fcef-59d5-8105-7e6815154f70 HTTP/1.1" status: 200 len: 1752 time: 0.0167310
2017-05-24 02:57:48.690 5724 INFO eventlet.wsgi.server [req-d5939255-c844-4145-86cf-a3d95e96f796 - - - - -] 127.0.0.1 "GET /v1/nodes/e1369efa-5391-5035-8533-3a065c44a584 HTTP/1.1" status: 200 len: 1755 time: 0.0301809
2017-05-24 02:57:48.745 5724 INFO eventlet.wsgi.server [req-ff0771d2-a5a3-4925-adaf-704c435c07a6 - - - - -] 127.0.0.1 "GET /v1/nodes/93494378-56ee-5e22-b6f0-e3be3a9ebdf1 HTTP/1.1" status: 200 len: 1748 time: 0.0269098
2017-05-24 02:57:50.462 5733 INFO eventlet.wsgi.server [req-10e16168-6e07-4466-b81f-fd0bbe7dd02f - - - - -] 127.0.0.1 "GET /v1/nodes/c1a56cb3-fcef-59d5-8105-7e6815154f70 HTTP/1.1" status: 200 len: 1752 time: 0.0332701
2017-05-24 02:57:50.729 5724 INFO eventlet.wsgi.server [req-1a2bb8eb-c38a-48c8-966f-b770ca034ac8 - - - - -] 127.0.0.1 "GET /v1/nodes/e1369efa-5391-5035-8533-3a065c44a584 HTTP/1.1" status: 200 len: 1755 time: 0.0324938
2017-05-24 02:57:50.778 5724 INFO eventlet.wsgi.server [req-b3486277-74ff-4d2c-b8c7-38baf201dfd5 - - - - -] 127.0.0.1 "GET /v1/nodes/93494378-56ee-5e22-b6f0-e3be3a9ebdf1 HTTP/1.1" status: 200 len: 1748 time: 0.0276291
2017-05-24 02:57:52.498 5733 INFO eventlet.wsgi.server [req-8c510e19-e308-4f4e-b118-76100832a57a - - - - -] 127.0.0.1 "GET /v1/nodes/c1a56cb3-fcef-59d5-8105-7e6815154f70 HTTP/1.1" status: 200 len: 1752 time: 0.0296199
2017-05-24 02:57:52.764 5724 INFO eventlet.wsgi.server [req-aabd5db0-5359-45f1-aaf3-b047c18dd051 - - - - -] 127.0.0.1 "GET /v1/nodes/e1369efa-5391-5035-8533-3a065c44a584 HTTP/1.1" status: 200 len: 1755 time: 0.0286889
2017-05-24 02:57:52.806 5724 INFO eventlet.wsgi.server [req-e9e879c2-6e95-4e26-895a-921d3b507ed2 - - - - -] 127.0.0.1 "GET /v1/nodes/93494378-56ee-5e22-b6f0-e3be3a9ebdf1 HTTP/1.1" status: 200 len: 1748 time: 0.0223670
2017-05-24 02:57:54.534 5733 INFO eventlet.wsgi.server [req-3968b20a-b408-45c4-9e72-ca0cc5f1e917 - - - - -] 127.0.0.1 "GET /v1/nodes/c1a56cb3-fcef-59d5-8105-7e6815154f70 HTTP/1.1" status: 200 len: 1752 time: 0.0296102
2017-05-24 02:57:54.800 5724 INFO eventlet.wsgi.server [req-3c2c15d4-a88b-4618-a549-8dfa29f7f3ea - - - - -] 127.0.0.1 "GET /v1/nodes/e1369efa-5391-5035-8533-3a065c44a584 HTTP/1.1" status: 200 len: 1755 time: 0.0311730
2017-05-24 02:57:54.831 5724 INFO eventlet.wsgi.server [req-c30d6979-2e67-40f7-ba3d-b28ade53db20 - - - - -] 127.0.0.1 "GET /v1/nodes/93494378-56ee-5e22-b6f0-e3be3a9ebdf1 HTTP/1.1" status: 200 len: 1748 time: 0.0224471
2017-05-24 02:57:56.567 5733 INFO eventlet.wsgi.server [req-9b867da4-eb30-4b25-883c-371be2f82af1 - - - - -] 127.0.0.1 "GET /v1/nodes/c1a56cb3-fcef-59d5-8105-7e6815154f70 HTTP/1.1" status: 200 len: 1752 time: 0.0278790
2017-05-24 02:57:56.838 5724 INFO eventlet.wsgi.server [req-b1504102-02c6-4853-ac79-11305f9068d3 - - - - -] 127.0.0.1 "GET /v1/nodes/e1369efa-5391-5035-8533-3a065c44a584 HTTP/1.1" status: 200 len: 1755 time: 0.0325689
2017-05-24 02:57:56.863 5724 INFO eventlet.wsgi.server [req-0ebc04c3-f1f2-4bd5-ba2c-0aa3a38317f8 - - - - -] 127.0.0.1 "GET /v1/nodes/93494378-56ee-5e22-b6f0-e3be3a9ebdf1 HTTP/1.1" status: 200 len: 1748 time: 0.0227830
2017-05-24 02:57:58.605 5733 INFO eventlet.wsgi.server [req-1e1b9022-9c83-4387-8cd1-470091d2e9cf - - - - -] 127.0.0.1 "GET /v1/nodes/c1a56cb3-fcef-59d5-8105-7e6815154f70 HTTP/1.1" status: 200 len: 1752 time: 0.0331459
2017-05-24 02:57:58.860 5724 INFO eventlet.wsgi.server [req-fe7f6d33-ff8f-46ef-ace8-5d417b028516 - - - - -] 127.0.0.1 "GET /v1/nodes/e1369efa-5391-5035-8533-3a065c44a584 HTTP/1.1" status: 200 len: 1755 time: 0.0192010
2017-05-24 02:57:58.880 5724 INFO eventlet.wsgi.server [req-2b2f5bf3-3e08-4ac7-ba01-8794de429dd4 - - - - -] 127.0.0.1 "GET /v1/nodes/93494378-56ee-5e22-b6f0-e3be3a9ebdf1 HTTP/1.1" status: 200 len: 1748 time: 0.0131390
2017-05-24 02:58:00.640 5733 INFO eventlet.wsgi.server [req-e161a173-db9f-441b-9467-efbc5b036dc9 - - - - -] 127.0.0.1 "GET /v1/nodes/c1a56cb3-fcef-59d5-8105-7e6815154f70 HTTP/1.1" status: 200 len: 1752 time: 0.0287509
2017-05-24 02:58:00.896 5724 INFO eventlet.wsgi.server [req-547a21dc-c88d-4657-8a9d-7b93aac04706 - - - - -] 127.0.0.1 "GET /v1/nodes/e1369efa-5391-5035-8533-3a065c44a584 HTTP/1.1" status: 200 len: 1755 time: 0.0304439
2017-05-24 02:58:00.919 5724 INFO eventlet.wsgi.server [req-30d42980-9655-4551-a704-af069803e670 - - - - -] 127.0.0.1 "GET /v1/nodes/93494378-56ee-5e22-b6f0-e3be3a9ebdf1 HTTP/1.1" status: 200 len: 1748 time: 0.0223019
2017-05-24 02:58:02.672 5733 INFO eventlet.wsgi.server [req-aecb61ed-011e-4da8-8cbd-a27c35a96e92 - - - - -] 127.0.0.1 "GET /v1/nodes/c1a56cb3-fcef-59d5-8105-7e6815154f70 HTTP/1.1" status: 200 len: 1752 time: 0.0272701
2017-05-24 02:58:02.930 5724 INFO eventlet.wsgi.server [req-1750f4de-c510-4b24-88d4-96c8492eb25e - - - - -] 127.0.0.1 "GET /v1/nodes/e1369efa-5391-5035-8533-3a065c44a584 HTTP/1.1" status: 200 len: 1755 time: 0.0297740
2017-05-24 02:58:02.954 5724 INFO eventlet.wsgi.server [req-5697a531-885c-425f-979f-b0b5d5c9bace - - - - -] 127.0.0.1 "GET /v1/nodes/93494378-56ee-5e22-b6f0-e3be3a9ebdf1 HTTP/1.1" status: 200 len: 1748 time: 0.0227141
2017-05-24 02:58:04.706 5733 INFO eventlet.wsgi.server [req-02244402-1a61-423b-8f6f-3274d40e7fcc - - - - -] 127.0.0.1 "GET /v1/nodes/c1a56cb3-fcef-59d5-8105-7e6815154f70 HTTP/1.1" status: 200 len: 1752 time: 0.0286210
2017-05-24 02:58:04.969 5724 INFO eventlet.wsgi.server [req-6d243e9b-81c1-43a6-ad7f-69ced84e8f60 - - - - -] 127.0.0.1 "GET /v1/nodes/e1369efa-5391-5035-8533-3a065c44a584 HTTP/1.1" status: 200 len: 1755 time: 0.0322390
2017-05-24 02:58:04.993 5724 INFO eventlet.wsgi.server [req-8b718581-c103-4aec-b360-c91ee5f68b09 - - - - -] 127.0.0.1 "GET /v1/nodes/93494378-56ee-5e22-b6f0-e3be3a9ebdf1 HTTP/1.1" status: 200 len: 1748 time: 0.0224509
2017-05-24 02:58:06.739 5733 INFO eventlet.wsgi.server [req-00193abb-b23c-4a23-a615-274a51ab5aa4 - - - - -] 127.0.0.1 "GET /v1/nodes/c1a56cb3-fcef-59d5-8105-7e6815154f70 HTTP/1.1" status: 200 len: 1752 time: 0.0285439
2017-05-24 02:58:07.008 5724 INFO eventlet.wsgi.server [req-6935f860-0ad6-4dfd-acbe-5cbad06c2c2e - - - - -] 127.0.0.1 "GET /v1/nodes/e1369efa-5391-5035-8533-3a065c44a584 HTTP/1.1" status: 200 len: 1755 time: 0.0344050
2017-05-24 02:58:07.036 5724 INFO eventlet.wsgi.server [req-8a39fa04-a39d-45d5-9fad-63fc4873903a - - - - -] 127.0.0.1 "GET /v1/nodes/93494378-56ee-5e22-b6f0-e3be3a9ebdf1 HTTP/1.1" status: 200 len: 1748 time: 0.0259352
2017-05-24 02:58:08.775 5733 INFO eventlet.wsgi.server [req-b3ca5314-1e8e-479d-80f1-729d1868dbf0 - - - - -] 127.0.0.1 "GET /v1/nodes/c1a56cb3-fcef-59d5-8105-7e6815154f70 HTTP/1.1" status: 200 len: 1752 time: 0.0297430
2017-05-24 02:58:09.049 5724 INFO eventlet.wsgi.server [req-1dcfc775-2171-4dd5-ab1c-2569c397fbce - - - - -] 127.0.0.1 "GET /v1/nodes/e1369efa-5391-5035-8533-3a065c44a584 HTTP/1.1" status: 200 len: 1755 time: 0.0332849
2017-05-24 02:58:09.074 5724 INFO eventlet.wsgi.server [req-4c840911-2ac8-451b-9d47-a3bccd403ea9 - - - - -] 127.0.0.1 "GET /v1/nodes/93494378-56ee-5e22-b6f0-e3be3a9ebdf1 HTTP/1.1" status: 200 len: 1748 time: 0.0230889
2017-05-24 02:58:10.809 5733 INFO eventlet.wsgi.server [req-a47abdaf-0f9a-4483-bcdf-63116026f62b - - - - -] 127.0.0.1 "GET /v1/nodes/c1a56cb3-fcef-59d5-8105-7e6815154f70 HTTP/1.1" status: 200 len: 1752 time: 0.0287211
2017-05-24 02:58:11.083 5724 INFO eventlet.wsgi.server [req-3a7f9417-6f8a-4b31-9b9e-1034d1379f19 - - - - -] 127.0.0.1 "GET /v1/nodes/e1369efa-5391-5035-8533-3a065c44a584 HTTP/1.1" status: 200 len: 1755 time: 0.0287099
2017-05-24 02:58:11.110 5724 INFO eventlet.wsgi.server [req-f9c8539e-d889-49e4-84d4-b786eb9c4e1e - - - - -] 127.0.0.1 "GET /v1/nodes/93494378-56ee-5e22-b6f0-e3be3a9ebdf1 HTTP/1.1" status: 200 len: 1748 time: 0.0260291
2017-05-24 02:58:12.835 5733 INFO eventlet.wsgi.server [req-159c817f-6a0a-47a9-9863-8606f05020f2 - - - - -] 127.0.0.1 "GET /v1/nodes/c1a56cb3-fcef-59d5-8105-7e6815154f70 HTTP/1.1" status: 200 len: 1752 time: 0.0212231
2017-05-24 02:58:13.113 5724 INFO eventlet.wsgi.server [req-ed879b57-dfb9-44ad-9914-505bd88a1d94 - - - - -] 127.0.0.1 "GET /v1/nodes/e1369efa-5391-5035-8533-3a065c44a584 HTTP/1.1" status: 200 len: 1755 time: 0.0256541
2017-05-24 02:58:13.141 5724 INFO eventlet.wsgi.server [req-89235982-bdd6-4709-bb51-730f0f343928 - - - - -] 127.0.0.1 "GET /v1/nodes/93494378-56ee-5e22-b6f0-e3be3a9ebdf1 HTTP/1.1" status: 200 len: 1748 time: 0.0254490
2017-05-24 02:58:14.858 5733 INFO eventlet.wsgi.server [req-92362662-b541-4e06-ae20-7ac251544984 - - - - -] 127.0.0.1 "GET /v1/nodes/c1a56cb3-fcef-59d5-8105-7e6815154f70 HTTP/1.1" status: 200 len: 1752 time: 0.0193288
2017-05-24 02:58:15.152 5724 INFO eventlet.wsgi.server [req-0b9ac718-3ef6-4516-8fa1-7f5b79884420 - - - - -] 127.0.0.1 "GET /v1/nodes/e1369efa-5391-5035-8533-3a065c44a584 HTTP/1.1" status: 200 len: 1755 time: 0.0305381
2017-05-24 02:58:15.176 5724 INFO eventlet.wsgi.server [req-8abad962-8c2a-474c-af09-387af0ae4857 - - - - -] 127.0.0.1 "GET /v1/nodes/93494378-56ee-5e22-b6f0-e3be3a9ebdf1 HTTP/1.1" status: 200 len: 1748 time: 0.0227871
2017-05-24 02:58:16.503 5726 INFO eventlet.wsgi.server [req-916569db-c5d2-4662-8012-7b4f8f9c737a - - - - -] 127.0.0.1 "GET /v1/nodes HTTP/1.1" status: 200 len: 1477 time: 0.0600610
2017-05-24 02:58:16.894 5733 INFO eventlet.wsgi.server [req-b7e231e6-2230-41b1-acd0-512eac7a61dd - - - - -] 127.0.0.1 "GET /v1/nodes/c1a56cb3-fcef-59d5-8105-7e6815154f70 HTTP/1.1" status: 200 len: 1752 time: 0.0295050
2017-05-24 02:58:17.177 5724 INFO eventlet.wsgi.server [req-2e82818e-72b4-4d91-bfa4-59bf3d85ae18 - - - - -] 127.0.0.1 "GET /v1/nodes/e1369efa-5391-5035-8533-3a065c44a584 HTTP/1.1" status: 200 len: 1755 time: 0.0195901
2017-05-24 02:58:17.197 5724 INFO eventlet.wsgi.server [req-563d1626-4a83-4a61-a4bb-f8db23326251 - - - - -] 127.0.0.1 "GET /v1/nodes/93494378-56ee-5e22-b6f0-e3be3a9ebdf1 HTTP/1.1" status: 200 len: 1748 time: 0.0162919
2017-05-24 02:58:18.933 5733 INFO eventlet.wsgi.server [req-1646e6b9-8fef-4140-8f85-940e44fde69f - - - - -] 127.0.0.1 "GET /v1/nodes/c1a56cb3-fcef-59d5-8105-7e6815154f70 HTTP/1.1" status: 200 len: 1752 time: 0.0324349
2017-05-24 02:58:19.220 5724 INFO eventlet.wsgi.server [req-82b4b4fa-981e-4d79-ad41-2f979538ac31 - - - - -] 127.0.0.1 "GET /v1/nodes/e1369efa-5391-5035-8533-3a065c44a584 HTTP/1.1" status: 200 len: 1755 time: 0.0373809
2017-05-24 02:58:19.246 5724 INFO eventlet.wsgi.server [req-c49c3102-c466-4388-a0ca-95caa85bb8b8 - - - - -] 127.0.0.1 "GET /v1/nodes/93494378-56ee-5e22-b6f0-e3be3a9ebdf1 HTTP/1.1" status: 200 len: 1748 time: 0.0250599
2017-05-24 02:58:20.970 5733 INFO eventlet.wsgi.server [req-66d84aaa-c9d1-461c-a253-886a5109db25 - - - - -] 127.0.0.1 "GET /v1/nodes/c1a56cb3-fcef-59d5-8105-7e6815154f70 HTTP/1.1" status: 200 len: 1752 time: 0.0305521
2017-05-24 02:58:21.258 5724 INFO eventlet.wsgi.server [req-e15b17ba-5c8d-4de8-8318-e63c4110aa95 - - - - -] 127.0.0.1 "GET /v1/nodes/e1369efa-5391-5035-8533-3a065c44a584 HTTP/1.1" status: 200 len: 1755 time: 0.0323820
2017-05-24 02:58:21.283 5724 INFO eventlet.wsgi.server [req-aa42c265-2502-4304-a395-c6e8fdf056f8 - - - - -] 127.0.0.1 "GET /v1/nodes/93494378-56ee-5e22-b6f0-e3be3a9ebdf1 HTTP/1.1" status: 200 len: 1748 time: 0.0230291
2017-05-24 02:58:22.991 5733 INFO eventlet.wsgi.server [req-f8fa069b-3f3e-4f59-8339-7d98dc1557e0 - - - - -] 127.0.0.1 "GET /v1/nodes/c1a56cb3-fcef-59d5-8105-7e6815154f70 HTTP/1.1" status: 200 len: 1752 time: 0.0154450
2017-05-24 02:58:23.295 5724 INFO eventlet.wsgi.server [req-06c2b9ba-cd57-4d8a-9e7e-5b1e383515d5 - - - - -] 127.0.0.1 "GET /v1/nodes/e1369efa-5391-5035-8533-3a065c44a584 HTTP/1.1" status: 200 len: 1755 time: 0.0300021
2017-05-24 02:58:23.321 5724 INFO eventlet.wsgi.server [req-872c70b2-6ea1-42bd-83ac-310ef486b78f - - - - -] 127.0.0.1 "GET /v1/nodes/93494378-56ee-5e22-b6f0-e3be3a9ebdf1 HTTP/1.1" status: 200 len: 1748 time: 0.0252359
2017-05-24 02:58:25.011 5733 INFO eventlet.wsgi.server [req-7acd801c-33ee-4e6f-9173-bfb18d22c4de - - - - -] 127.0.0.1 "GET /v1/nodes/c1a56cb3-fcef-59d5-8105-7e6815154f70 HTTP/1.1" status: 200 len: 1752 time: 0.0155990
2017-05-24 02:58:25.315 5724 INFO eventlet.wsgi.server [req-ca077a00-1eb2-4761-ba5e-b51d14632b29 - - - - -] 127.0.0.1 "GET /v1/nodes/e1369efa-5391-5035-8533-3a065c44a584 HTTP/1.1" status: 200 len: 1755 time: 0.0154169
2017-05-24 02:58:25.337 5724 INFO eventlet.wsgi.server [req-5f4d3e0e-7aa3-4c00-9e16-f691abcab0f4 - - - - -] 127.0.0.1 "GET /v1/nodes/93494378-56ee-5e22-b6f0-e3be3a9ebdf1 HTTP/1.1" status: 200 len: 1748 time: 0.0126760
2017-05-24 02:58:27.045 5733 INFO eventlet.wsgi.server [req-c743c19e-b225-46d3-9414-f14dc0fa1bf9 - - - - -] 127.0.0.1 "GET /v1/nodes/c1a56cb3-fcef-59d5-8105-7e6815154f70 HTTP/1.1" status: 200 len: 1752 time: 0.0292861
2017-05-24 02:58:27.357 5724 INFO eventlet.wsgi.server [req-da2b363f-6191-4dc3-b5d9-5c8d7268a907 - - - - -] 127.0.0.1 "GET /v1/nodes/e1369efa-5391-5035-8533-3a065c44a584 HTTP/1.1" status: 200 len: 1755 time: 0.0340791
2017-05-24 02:58:27.385 5724 INFO eventlet.wsgi.server [req-116eb315-8c16-4c7d-bdc1-bdb69d3236ce - - - - -] 127.0.0.1 "GET /v1/nodes/93494378-56ee-5e22-b6f0-e3be3a9ebdf1 HTTP/1.1" status: 200 len: 1748 time: 0.0265930
2017-05-24 02:58:29.085 5733 INFO eventlet.wsgi.server [req-e7e07982-59e5-43f5-8bf0-a0f41c869f25 - - - - -] 127.0.0.1 "GET /v1/nodes/c1a56cb3-fcef-59d5-8105-7e6815154f70 HTTP/1.1" status: 200 len: 1752 time: 0.0302489
2017-05-24 02:58:29.398 5724 INFO eventlet.wsgi.server [req-79755eb5-844c-4c25-96ac-5df10e69d0d7 - - - - -] 127.0.0.1 "GET /v1/nodes/e1369efa-5391-5035-8533-3a065c44a584 HTTP/1.1" status: 200 len: 1755 time: 0.0351892
2017-05-24 02:58:29.429 5724 INFO eventlet.wsgi.server [req-ab355a3a-6fb4-4f3a-a80f-3696f41f428f - - - - -] 127.0.0.1 "GET /v1/nodes/93494378-56ee-5e22-b6f0-e3be3a9ebdf1 HTTP/1.1" status: 200 len: 1748 time: 0.0294130
2017-05-24 02:58:31.122 5733 INFO eventlet.wsgi.server [req-61e0be4e-f6c4-46e6-bb4a-3e5fbfbabd2d - - - - -] 127.0.0.1 "GET /v1/nodes/c1a56cb3-fcef-59d5-8105-7e6815154f70 HTTP/1.1" status: 200 len: 1752 time: 0.0293629
2017-05-24 02:58:31.450 5724 INFO eventlet.wsgi.server [req-6c40d155-a5a7-482b-936d-a0a5240140ab - - - - -] 127.0.0.1 "GET /v1/nodes/e1369efa-5391-5035-8533-3a065c44a584 HTTP/1.1" status: 200 len: 1755 time: 0.0456681
2017-05-24 02:58:31.483 5724 INFO eventlet.wsgi.server [req-269c1723-39e1-4d86-8da4-f0d6312dfab3 - - - - -] 127.0.0.1 "GET /v1/nodes/93494378-56ee-5e22-b6f0-e3be3a9ebdf1 HTTP/1.1" status: 200 len: 1748 time: 0.0311861
2017-05-24 02:58:33.148 5733 INFO eventlet.wsgi.server [req-7340dcc8-a124-414e-974e-c522b4f2248c - - - - -] 127.0.0.1 "GET /v1/nodes/c1a56cb3-fcef-59d5-8105-7e6815154f70 HTTP/1.1" status: 200 len: 1752 time: 0.0205081
2017-05-24 02:58:33.489 5724 INFO eventlet.wsgi.server [req-21807c56-3cc1-4e5c-b2ed-45170dd58d33 - - - - -] 127.0.0.1 "GET /v1/nodes/e1369efa-5391-5035-8533-3a065c44a584 HTTP/1.1" status: 200 len: 1755 time: 0.0329208
2017-05-24 02:58:33.514 5724 INFO eventlet.wsgi.server [req-8cb0c19d-f13d-4247-b542-85fff7a1e5ee - - - - -] 127.0.0.1 "GET /v1/nodes/93494378-56ee-5e22-b6f0-e3be3a9ebdf1 HTTP/1.1" status: 200 len: 1748 time: 0.0239489
2017-05-24 02:58:35.179 5733 INFO eventlet.wsgi.server [req-22b41bde-801d-45b0-b7c8-54a998614414 - - - - -] 127.0.0.1 "GET /v1/nodes/c1a56cb3-fcef-59d5-8105-7e6815154f70 HTTP/1.1" status: 200 len: 1752 time: 0.0267770
2017-05-24 02:58:35.525 5724 INFO eventlet.wsgi.server [req-83569d51-5625-4d48-9116-773e3a570607 - - - - -] 127.0.0.1 "GET /v1/nodes/e1369efa-5391-5035-8533-3a065c44a584 HTTP/1.1" status: 200 len: 1755 time: 0.0314729
2017-05-24 02:58:35.550 5724 INFO eventlet.wsgi.server [req-3167fcb4-03b7-41a5-be56-ac6cd9e73ed3 - - - - -] 127.0.0.1 "GET /v1/nodes/93494378-56ee-5e22-b6f0-e3be3a9ebdf1 HTTP/1.1" status: 200 len: 1748 time: 0.0235920
2017-05-24 02:58:37.218 5733 INFO eventlet.wsgi.server [req-8df25d75-56d8-401e-92e3-ae794194b139 - - - - -] 127.0.0.1 "GET /v1/nodes/c1a56cb3-fcef-59d5-8105-7e6815154f70 HTTP/1.1" status: 200 len: 1752 time: 0.0319750
2017-05-24 02:58:37.565 5724 INFO eventlet.wsgi.server [req-f3a19297-41cc-40dc-96a4-1a83efd71843 - - - - -] 127.0.0.1 "GET /v1/nodes/e1369efa-5391-5035-8533-3a065c44a584 HTTP/1.1" status: 200 len: 1755 time: 0.0334840
2017-05-24 02:58:37.593 5724 INFO eventlet.wsgi.server [req-be6d6ce9-ec3f-47d9-92f6-ce87033473d3 - - - - -] 127.0.0.1 "GET /v1/nodes/93494378-56ee-5e22-b6f0-e3be3a9ebdf1 HTTP/1.1" status: 200 len: 1748 time: 0.0271740
2017-05-24 02:58:39.262 5733 INFO eventlet.wsgi.server [req-b9852da4-7c4d-41a0-be81-653fbd6ef625 - - - - -] 127.0.0.1 "GET /v1/nodes/c1a56cb3-fcef-59d5-8105-7e6815154f70 HTTP/1.1" status: 200 len: 1752 time: 0.0314009
2017-05-24 02:58:39.602 5724 INFO eventlet.wsgi.server [req-b0324a91-516b-4d6a-8b28-b4f5ce6658ce - - - - -] 127.0.0.1 "GET /v1/nodes/e1369efa-5391-5035-8533-3a065c44a584 HTTP/1.1" status: 200 len: 1755 time: 0.0316279
2017-05-24 02:58:39.629 5724 INFO eventlet.wsgi.server [req-1fc18185-1d63-4d72-96e9-f35b6e757527 - - - - -] 127.0.0.1 "GET /v1/nodes/93494378-56ee-5e22-b6f0-e3be3a9ebdf1 HTTP/1.1" status: 200 len: 1748 time: 0.0256541
2017-05-24 02:58:41.296 5733 INFO eventlet.wsgi.server [req-5842156d-25a6-40d1-a230-5aae9d0c674e - - - - -] 127.0.0.1 "GET /v1/nodes/c1a56cb3-fcef-59d5-8105-7e6815154f70 HTTP/1.1" status: 200 len: 1752 time: 0.0284760
2017-05-24 02:58:41.641 5724 INFO eventlet.wsgi.server [req-31049597-c001-4b2a-9771-a5e92eea5e55 - - - - -] 127.0.0.1 "GET /v1/nodes/e1369efa-5391-5035-8533-3a065c44a584 HTTP/1.1" status: 200 len: 1755 time: 0.0311930
2017-05-24 02:58:41.664 5724 INFO eventlet.wsgi.server [req-9df21fb5-654e-4738-bf9d-cd3d4af986c3 - - - - -] 127.0.0.1 "GET /v1/nodes/93494378-56ee-5e22-b6f0-e3be3a9ebdf1 HTTP/1.1" status: 200 len: 1748 time: 0.0220449
2017-05-24 02:58:43.337 5733 INFO eventlet.wsgi.server [req-18f34d5a-df7e-4a12-bb3b-0860aba0c541 - - - - -] 127.0.0.1 "GET /v1/nodes/c1a56cb3-fcef-59d5-8105-7e6815154f70 HTTP/1.1" status: 200 len: 1752 time: 0.0352938
2017-05-24 02:58:43.676 5724 INFO eventlet.wsgi.server [req-77aed647-78e6-4fca-a59d-94d73f266f1d - - - - -] 127.0.0.1 "GET /v1/nodes/e1369efa-5391-5035-8533-3a065c44a584 HTTP/1.1" status: 200 len: 1755 time: 0.0304961
2017-05-24 02:58:43.699 5724 INFO eventlet.wsgi.server [req-96338fea-875b-447e-91e9-73eee8c037fc - - - - -] 127.0.0.1 "GET /v1/nodes/93494378-56ee-5e22-b6f0-e3be3a9ebdf1 HTTP/1.1" status: 200 len: 1748 time: 0.0221560
2017-05-24 02:58:45.374 5733 INFO eventlet.wsgi.server [req-b7508bed-bcb4-4107-8b48-0e97da5ac397 - - - - -] 127.0.0.1 "GET /v1/nodes/c1a56cb3-fcef-59d5-8105-7e6815154f70 HTTP/1.1" status: 200 len: 1752 time: 0.0322590
2017-05-24 02:58:45.709 5724 INFO eventlet.wsgi.server [req-d6f633cd-dce2-444f-95a2-59b404e9cb2c - - - - -] 127.0.0.1 "GET /v1/nodes/e1369efa-5391-5035-8533-3a065c44a584 HTTP/1.1" status: 200 len: 1755 time: 0.0281920
2017-05-24 02:58:45.731 5724 INFO eventlet.wsgi.server [req-a417d1e9-473a-4515-be35-330fe5fa9839 - - - - -] 127.0.0.1 "GET /v1/nodes/93494378-56ee-5e22-b6f0-e3be3a9ebdf1 HTTP/1.1" status: 200 len: 1748 time: 0.0208440
2017-05-24 02:58:47.410 5733 INFO eventlet.wsgi.server [req-20ffd7d1-aec0-42b4-bcf6-9b7d63fbfc1e - - - - -] 127.0.0.1 "GET /v1/nodes/c1a56cb3-fcef-59d5-8105-7e6815154f70 HTTP/1.1" status: 200 len: 1752 time: 0.0297532
2017-05-24 02:58:47.746 5724 INFO eventlet.wsgi.server [req-8e073f1e-1901-41e6-940a-38fe50727a0c - - - - -] 127.0.0.1 "GET /v1/nodes/e1369efa-5391-5035-8533-3a065c44a584 HTTP/1.1" status: 200 len: 1755 time: 0.0315530
2017-05-24 02:58:47.772 5724 INFO eventlet.wsgi.server [req-95f563b2-acec-49cf-96f6-80342cb31ade - - - - -] 127.0.0.1 "GET /v1/nodes/93494378-56ee-5e22-b6f0-e3be3a9ebdf1 HTTP/1.1" status: 200 len: 1748 time: 0.0243289
2017-05-24 02:58:49.436 5733 INFO eventlet.wsgi.server [req-fb783ee7-b8f6-4c1f-8f12-e1e31fe9f567 - - - - -] 127.0.0.1 "GET /v1/nodes/c1a56cb3-fcef-59d5-8105-7e6815154f70 HTTP/1.1" status: 200 len: 1752 time: 0.0211039
2017-05-24 02:58:49.781 5724 INFO eventlet.wsgi.server [req-e692d23c-2b5b-48fb-9325-609eb72d2654 - - - - -] 127.0.0.1 "GET /v1/nodes/e1369efa-5391-5035-8533-3a065c44a584 HTTP/1.1" status: 200 len: 1755 time: 0.0280540
