2017-05-24 03:11:38.233 5733 INFO eventlet.wsgi.server [req-07e61251-8432-4a96-8219-c51b310dc020 - - - - -] 127.0.0.1 "GET /v1/nodes/c1a56cb3-fcef-59d5-8105-7e6815154f70 HTTP/1.1" status: 200 len: 1752 time: 0.0280659
2017-05-24 03:11:39.037 5724 INFO eventlet.wsgi.server [req-39a8a362-b9e5-4974-b898-4851725d9658 - - - - -] 127.0.0.1 "GET /v1/nodes/93494378-56ee-5e22-b6f0-e3be3a9ebdf1 HTTP/1.1" status: 200 len: 1748 time: 0.0259459
2017-05-24 03:11:39.059 5724 INFO eventlet.wsgi.server [req-5fb388aa-4696-40ce-bacd-29743ab1923c - - - - -] 127.0.0.1 "GET /v1/nodes/e1369efa-5391-5035-8533-3a065c44a584 HTTP/1.1" status: 200 len: 1755 time: 0.0207551
2017-05-24 03:11:40.263 5733 INFO eventlet.wsgi.server [req-47ae4aca-d0f5-47ea-b2d8-1400cace6276 - - - - -] 127.0.0.1 "GET /v1/nodes/c1a56cb3-fcef-59d5-8105-7e6815154f70 HTTP/1.1" status: 200 len: 1752 time: 0.0231800
2017-05-24 03:11:41.068 5724 INFO eventlet.wsgi.server [req-d6d4514b-867c-409c-955d-53db98bbd75d - - - - -] 127.0.0.1 "GET /v1/nodes/93494378-56ee-5e22-b6f0-e3be3a9ebdf1 HTTP/1.1" status: 200 len: 1748 time: 0.0251670
2017-05-24 03:11:41.087 5724 INFO eventlet.wsgi.server [req-1e85aa17-fedc-45c6-a75b-cc2539e1c7e1 - - - - -] 127.0.0.1 "GET /v1/nodes/e1369efa-5391-5035-8533-3a065c44a584 HTTP/1.1" status: 200 len: 1755 time: 0.0177081
2017-05-24 03:11:42.299 5733 INFO eventlet.wsgi.server [req-bb9b9314-9514-46d5-9d77-01cb07c1fe71 - - - - -] 127.0.0.1 "GET /v1/nodes/c1a56cb3-fcef-59d5-8105-7e6815154f70 HTTP/1.1" status: 200 len: 1752 time: 0.0307419
2017-05-24 03:11:43.103 5724 INFO eventlet.wsgi.server [req-d3ac770b-a74e-41d0-92f4-ca9cd8b9eb6b - - - - -] 127.0.0.1 "GET /v1/nodes/93494378-56ee-5e22-b6f0-e3be3a9ebdf1 HTTP/1.1" status: 200 len: 1748 time: 0.0274961
2017-05-24 03:11:43.131 5724 INFO eventlet.wsgi.server [req-0993a015-b23a-4f4e-a22e-6b8ba28f5527 - - - - -] 127.0.0.1 "GET /v1/nodes/e1369efa-5391-5035-8533-3a065c44a584 HTTP/1.1" status: 200 len: 1755 time: 0.0267758
2017-05-24 03:11:44.334 5733 INFO eventlet.wsgi.server [req-4c7b3f69-9733-483f-99f9-b87fe0715400 - - - - -] 127.0.0.1 "GET /v1/nodes/c1a56cb3-fcef-59d5-8105-7e6815154f70 HTTP/1.1" status: 200 len: 1752 time: 0.0293241
2017-05-24 03:11:45.133 5724 INFO eventlet.wsgi.server [req-b8bafe0e-7137-4f70-8ce2-8adcd77c87c0 - - - - -] 127.0.0.1 "GET /v1/nodes/93494378-56ee-5e22-b6f0-e3be3a9ebdf1 HTTP/1.1" status: 200 len: 1748 time: 0.0243461
2017-05-24 03:11:45.157 5724 INFO eventlet.wsgi.server [req-1f8eb722-eaec-411a-b263-2fba2ebee21f - - - - -] 127.0.0.1 "GET /v1/nodes/e1369efa-5391-5035-8533-3a065c44a584 HTTP/1.1" status: 200 len: 1755 time: 0.0231900
2017-05-24 03:11:46.368 5733 INFO eventlet.wsgi.server [req-01a88375-ce5a-4ba3-88ca-dffa5d283691 - - - - -] 127.0.0.1 "GET /v1/nodes/c1a56cb3-fcef-59d5-8105-7e6815154f70 HTTP/1.1" status: 200 len: 1752 time: 0.0291140
2017-05-24 03:11:47.168 5724 INFO eventlet.wsgi.server [req-a009d334-d51f-4f04-aa84-9a68192c7c75 - - - - -] 127.0.0.1 "GET /v1/nodes/93494378-56ee-5e22-b6f0-e3be3a9ebdf1 HTTP/1.1" status: 200 len: 1748 time: 0.0303800
2017-05-24 03:11:47.194 5724 INFO eventlet.wsgi.server [req-a0d24ff2-5e11-41e2-92ab-f8ed61805ba2 - - - - -] 127.0.0.1 "GET /v1/nodes/e1369efa-5391-5035-8533-3a065c44a584 HTTP/1.1" status: 200 len: 1755 time: 0.0247450
2017-05-24 03:11:48.403 5733 INFO eventlet.wsgi.server [req-b483a691-9648-4795-9054-2d87275958a0 - - - - -] 127.0.0.1 "GET /v1/nodes/c1a56cb3-fcef-59d5-8105-7e6815154f70 HTTP/1.1" status: 200 len: 1752 time: 0.0286551
2017-05-24 03:11:49.203 5724 INFO eventlet.wsgi.server [req-6db03173-2b25-4153-8baf-d71fce918056 - - - - -] 127.0.0.1 "GET /v1/nodes/93494378-56ee-5e22-b6f0-e3be3a9ebdf1 HTTP/1.1" status: 200 len: 1748 time: 0.0300200
2017-05-24 03:11:49.231 5724 INFO eventlet.wsgi.server [req-1502fa4f-af29-4a1d-960a-9ece3580d5a0 - - - - -] 127.0.0.1 "GET /v1/nodes/e1369efa-5391-5035-8533-3a065c44a584 HTTP/1.1" status: 200 len: 1755 time: 0.0270760
2017-05-24 03:11:50.438 5733 INFO eventlet.wsgi.server [req-cfe5cc7c-0157-4e2e-b5ba-e6a3697fc9c4 - - - - -] 127.0.0.1 "GET /v1/nodes/c1a56cb3-fcef-59d5-8105-7e6815154f70 HTTP/1.1" status: 200 len: 1752 time: 0.0299809
2017-05-24 03:11:51.238 5724 INFO eventlet.wsgi.server [req-83e8733d-790e-4e72-9f83-574868b71fe2 - - - - -] 127.0.0.1 "GET /v1/nodes/93494378-56ee-5e22-b6f0-e3be3a9ebdf1 HTTP/1.1" status: 200 len: 1748 time: 0.0297132
2017-05-24 03:11:51.257 5724 INFO eventlet.wsgi.server [req-17894a92-b1cd-46ee-b784-15276d0bac06 - - - - -] 127.0.0.1 "GET /v1/nodes/e1369efa-5391-5035-8533-3a065c44a584 HTTP/1.1" status: 200 len: 1755 time: 0.0178640
2017-05-24 03:11:52.471 5733 INFO eventlet.wsgi.server [req-6153d92a-fcef-40fc-9649-22c832c6acd4 - - - - -] 127.0.0.1 "GET /v1/nodes/c1a56cb3-fcef-59d5-8105-7e6815154f70 HTTP/1.1" status: 200 len: 1752 time: 0.0278280
2017-05-24 03:11:53.274 5724 INFO eventlet.wsgi.server [req-646a798f-382f-4ec5-a87c-80537f957956 - - - - -] 127.0.0.1 "GET /v1/nodes/93494378-56ee-5e22-b6f0-e3be3a9ebdf1 HTTP/1.1" status: 200 len: 1748 time: 0.0312560
2017-05-24 03:11:53.307 5724 INFO eventlet.wsgi.server [req-f32e4dc5-638a-4e0b-9bc1-1cf3dc9955d4 - - - - -] 127.0.0.1 "GET /v1/nodes/e1369efa-5391-5035-8533-3a065c44a584 HTTP/1.1" status: 200 len: 1755 time: 0.0309949
2017-05-24 03:11:54.504 5733 INFO eventlet.wsgi.server [req-28dba56b-83dd-41a7-8531-941ca260cd81 - - - - -] 127.0.0.1 "GET /v1/nodes/c1a56cb3-fcef-59d5-8105-7e6815154f70 HTTP/1.1" status: 200 len: 1752 time: 0.0287390
2017-05-24 03:11:55.309 5724 INFO eventlet.wsgi.server [req-4c759a2f-9f73-4e33-8511-b1219756add5 - - - - -] 127.0.0.1 "GET /v1/nodes/93494378-56ee-5e22-b6f0-e3be3a9ebdf1 HTTP/1.1" status: 200 len: 1748 time: 0.0293429
2017-05-24 03:11:55.339 5724 INFO eventlet.wsgi.server [req-42cfd4ae-70bb-4f43-b62b-23d5a73d6d89 - - - - -] 127.0.0.1 "GET /v1/nodes/e1369efa-5391-5035-8533-3a065c44a584 HTTP/1.1" status: 200 len: 1755 time: 0.0270948
2017-05-24 03:11:56.539 5733 INFO eventlet.wsgi.server [req-3c0462aa-ab70-4a1d-a3bc-a36c0c51c173 - - - - -] 127.0.0.1 "GET /v1/nodes/c1a56cb3-fcef-59d5-8105-7e6815154f70 HTTP/1.1" status: 200 len: 1752 time: 0.0295780
2017-05-24 03:11:57.346 5724 INFO eventlet.wsgi.server [req-06d61a1e-31c5-401b-89b7-9a73536948ed - - - - -] 127.0.0.1 "GET /v1/nodes/93494378-56ee-5e22-b6f0-e3be3a9ebdf1 HTTP/1.1" status: 200 len: 1748 time: 0.0310240
2017-05-24 03:11:57.371 5724 INFO eventlet.wsgi.server [req-12defe24-5e7d-493d-a9d4-37bcd238d128 - - - - -] 127.0.0.1 "GET /v1/nodes/e1369efa-5391-5035-8533-3a065c44a584 HTTP/1.1" status: 200 len: 1755 time: 0.0240331
2017-05-24 03:11:58.574 5733 INFO eventlet.wsgi.server [req-3d0775a6-8561-4bc8-8af0-9b2062616d06 - - - - -] 127.0.0.1 "GET /v1/nodes/c1a56cb3-fcef-59d5-8105-7e6815154f70 HTTP/1.1" status: 200 len: 1752 time: 0.0289841
2017-05-24 03:11:59.381 5724 INFO eventlet.wsgi.server [req-8917441c-581d-48da-a3bc-d2cf858f13ed - - - - -] 127.0.0.1 "GET /v1/nodes/93494378-56ee-5e22-b6f0-e3be3a9ebdf1 HTTP/1.1" status: 200 len: 1748 time: 0.0279949
2017-05-24 03:11:59.403 5724 INFO eventlet.wsgi.server [req-93acf0b0-e7f8-4925-8bad-7d273a075d32 - - - - -] 127.0.0.1 "GET /v1/nodes/e1369efa-5391-5035-8533-3a065c44a584 HTTP/1.1" status: 200 len: 1755 time: 0.0208521
2017-05-24 03:12:00.609 5733 INFO eventlet.wsgi.server [req-54b60bf3-a313-41e5-9bb5-cf825703bcb2 - - - - -] 127.0.0.1 "GET /v1/nodes/c1a56cb3-fcef-59d5-8105-7e6815154f70 HTTP/1.1" status: 200 len: 1752 time: 0.0291650
2017-05-24 03:12:01.418 5724 INFO eventlet.wsgi.server [req-a47783ac-6f65-496e-a066-31c6b42923a8 - - - - -] 127.0.0.1 "GET /v1/nodes/93494378-56ee-5e22-b6f0-e3be3a9ebdf1 HTTP/1.1" status: 200 len: 1748 time: 0.0298851
2017-05-24 03:12:01.443 5724 INFO eventlet.wsgi.server [req-6745b6f5-762c-45a0-882d-fced96824b17 - - - - -] 127.0.0.1 "GET /v1/nodes/e1369efa-5391-5035-8533-3a065c44a584 HTTP/1.1" status: 200 len: 1755 time: 0.0241280
2017-05-24 03:12:02.646 5733 INFO eventlet.wsgi.server [req-b64e2547-b169-4d79-b72f-3b12637edf55 - - - - -] 127.0.0.1 "GET /v1/nodes/c1a56cb3-fcef-59d5-8105-7e6815154f70 HTTP/1.1" status: 200 len: 1752 time: 0.0319228
2017-05-24 03:12:03.456 5724 INFO eventlet.wsgi.server [req-6dd36381-74d5-48a6-beb9-006e80f69bb7 - - - - -] 127.0.0.1 "GET /v1/nodes/93494378-56ee-5e22-b6f0-e3be3a9ebdf1 HTTP/1.1" status: 200 len: 1748 time: 0.0330169
2017-05-24 03:12:03.488 5724 INFO eventlet.wsgi.server [req-4dfebda5-4b2f-4ad6-86ed-16f904909d99 - - - - -] 127.0.0.1 "GET /v1/nodes/e1369efa-5391-5035-8533-3a065c44a584 HTTP/1.1" status: 200 len: 1755 time: 0.0300031
2017-05-24 03:12:04.679 5733 INFO eventlet.wsgi.server [req-b7547aec-cc2d-4dae-9778-6b8dc7240070 - - - - -] 127.0.0.1 "GET /v1/nodes/c1a56cb3-fcef-59d5-8105-7e6815154f70 HTTP/1.1" status: 200 len: 1752 time: 0.0278630
2017-05-24 03:12:05.494 5724 INFO eventlet.wsgi.server [req-078c43c5-e2e0-4e61-b6c7-45f68799dcbb - - - - -] 127.0.0.1 "GET /v1/nodes/93494378-56ee-5e22-b6f0-e3be3a9ebdf1 HTTP/1.1" status: 200 len: 1748 time: 0.0307579
2017-05-24 03:12:05.521 5724 INFO eventlet.wsgi.server [req-92f35c71-c873-4ff4-b773-77dc1829fde2 - - - - -] 127.0.0.1 "GET /v1/nodes/e1369efa-5391-5035-8533-3a065c44a584 HTTP/1.1" status: 200 len: 1755 time: 0.0258191
2017-05-24 03:12:06.712 5733 INFO eventlet.wsgi.server [req-83ad9fae-68e5-4e5b-b9ef-74e8c1a32c39 - - - - -] 127.0.0.1 "GET /v1/nodes/c1a56cb3-fcef-59d5-8105-7e6815154f70 HTTP/1.1" status: 200 len: 1752 time: 0.0283802
2017-05-24 03:12:07.529 5724 INFO eventlet.wsgi.server [req-41d0183b-15d1-417d-815c-80408d22d6ec - - - - -] 127.0.0.1 "GET /v1/nodes/93494378-56ee-5e22-b6f0-e3be3a9ebdf1 HTTP/1.1" status: 200 len: 1748 time: 0.0282199
2017-05-24 03:12:07.555 5724 INFO eventlet.wsgi.server [req-a95c7016-886c-4fba-8f00-decbba002955 - - - - -] 127.0.0.1 "GET /v1/nodes/e1369efa-5391-5035-8533-3a065c44a584 HTTP/1.1" status: 200 len: 1755 time: 0.0250132
2017-05-24 03:12:08.745 5733 INFO eventlet.wsgi.server [req-d41899a6-eaeb-40dc-af09-52c622c22aa3 - - - - -] 127.0.0.1 "GET /v1/nodes/c1a56cb3-fcef-59d5-8105-7e6815154f70 HTTP/1.1" status: 200 len: 1752 time: 0.0281370
2017-05-24 03:12:09.562 5724 INFO eventlet.wsgi.server [req-9f83b00d-95b8-4721-a462-9aed78d0804d - - - - -] 127.0.0.1 "GET /v1/nodes/93494378-56ee-5e22-b6f0-e3be3a9ebdf1 HTTP/1.1" status: 200 len: 1748 time: 0.0292091
2017-05-24 03:12:09.586 5724 INFO eventlet.wsgi.server [req-da1fc4be-8395-4a17-b0ee-f194dfead686 - - - - -] 127.0.0.1 "GET /v1/nodes/e1369efa-5391-5035-8533-3a065c44a584 HTTP/1.1" status: 200 len: 1755 time: 0.0233369
2017-05-24 03:12:10.780 5733 INFO eventlet.wsgi.server [req-4a849281-cf20-47bd-9163-535dd2c9d071 - - - - -] 127.0.0.1 "GET /v1/nodes/c1a56cb3-fcef-59d5-8105-7e6815154f70 HTTP/1.1" status: 200 len: 1752 time: 0.0292301
2017-05-24 03:12:11.595 5724 INFO eventlet.wsgi.server [req-3decfc37-796e-4c6f-bcd5-955b082c4bce - - - - -] 127.0.0.1 "GET /v1/nodes/93494378-56ee-5e22-b6f0-e3be3a9ebdf1 HTTP/1.1" status: 200 len: 1748 time: 0.0289469
2017-05-24 03:12:11.620 5724 INFO eventlet.wsgi.server [req-08487a83-bc94-411d-86be-55b36f9962d8 - - - - -] 127.0.0.1 "GET /v1/nodes/e1369efa-5391-5035-8533-3a065c44a584 HTTP/1.1" status: 200 len: 1755 time: 0.0237350
2017-05-24 03:12:12.815 5733 INFO eventlet.wsgi.server [req-5dc6ce81-4ab1-44c7-8ce1-ce0310326e2c - - - - -] 127.0.0.1 "GET /v1/nodes/c1a56cb3-fcef-59d5-8105-7e6815154f70 HTTP/1.1" status: 200 len: 1752 time: 0.0289860
2017-05-24 03:12:13.629 5724 INFO eventlet.wsgi.server [req-86a91f28-aaa7-43f4-860f-b4c61b5d0913 - - - - -] 127.0.0.1 "GET /v1/nodes/93494378-56ee-5e22-b6f0-e3be3a9ebdf1 HTTP/1.1" status: 200 len: 1748 time: 0.0280511
2017-05-24 03:12:13.650 5724 INFO eventlet.wsgi.server [req-2b2375ba-2dfa-43c0-a56b-25671252e391 - - - - -] 127.0.0.1 "GET /v1/nodes/e1369efa-5391-5035-8533-3a065c44a584 HTTP/1.1" status: 200 len: 1755 time: 0.0203061
2017-05-24 03:12:14.847 5733 INFO eventlet.wsgi.server [req-a560b30e-8c5f-43d7-91e1-006f482ca429 - - - - -] 127.0.0.1 "GET /v1/nodes/c1a56cb3-fcef-59d5-8105-7e6815154f70 HTTP/1.1" status: 200 len: 1752 time: 0.0266991
2017-05-24 03:12:15.662 5724 INFO eventlet.wsgi.server [req-cd2cf10f-7593-423f-b1a7-70b3610d856f - - - - -] 127.0.0.1 "GET /v1/nodes/93494378-56ee-5e22-b6f0-e3be3a9ebdf1 HTTP/1.1" status: 200 len: 1748 time: 0.0280910
2017-05-24 03:12:15.684 5724 INFO eventlet.wsgi.server [req-170a48bf-aee1-4041-a520-fcac000d17e5 - - - - -] 127.0.0.1 "GET /v1/nodes/e1369efa-5391-5035-8533-3a065c44a584 HTTP/1.1" status: 200 len: 1755 time: 0.0213840
2017-05-24 03:12:16.544 5726 INFO eventlet.wsgi.server [req-2b356612-af45-4e05-8979-0718546f52d8 - - - - -] 127.0.0.1 "GET /v1/nodes HTTP/1.1" status: 200 len: 1477 time: 0.0652878
2017-05-24 03:12:16.881 5733 INFO eventlet.wsgi.server [req-4b6a87f8-7067-484a-ace5-7a8649b28df3 - - - - -] 127.0.0.1 "GET /v1/nodes/c1a56cb3-fcef-59d5-8105-7e6815154f70 HTTP/1.1" status: 200 len: 1752 time: 0.0287519
2017-05-24 03:12:17.696 5724 INFO eventlet.wsgi.server [req-8f8dd8e8-6f20-4d8f-a3e0-c820fb24601b - - - - -] 127.0.0.1 "GET /v1/nodes/93494378-56ee-5e22-b6f0-e3be3a9ebdf1 HTTP/1.1" status: 200 len: 1748 time: 0.0286670
2017-05-24 03:12:17.718 5724 INFO eventlet.wsgi.server [req-04e7bc69-211e-46a4-af92-82bf7e9cdee7 - - - - -] 127.0.0.1 "GET /v1/nodes/e1369efa-5391-5035-8533-3a065c44a584 HTTP/1.1" status: 200 len: 1755 time: 0.0211279
2017-05-24 03:12:18.914 5733 INFO eventlet.wsgi.server [req-395494e6-ca4a-4c9a-b9b5-79b31fdd51cc - - - - -] 127.0.0.1 "GET /v1/nodes/c1a56cb3-fcef-59d5-8105-7e6815154f70 HTTP/1.1" status: 200 len: 1752 time: 0.0281098
2017-05-24 03:12:19.726 5724 INFO eventlet.wsgi.server [req-57de1585-8223-40f4-9977-62fb599b500d - - - - -] 127.0.0.1 "GET /v1/nodes/93494378-56ee-5e22-b6f0-e3be3a9ebdf1 HTTP/1.1" status: 200 len: 1748 time: 0.0255020
2017-05-24 03:12:19.747 5724 INFO eventlet.wsgi.server [req-f9a9e712-5bfa-48ec-94d3-7a36acf417b0 - - - - -] 127.0.0.1 "GET /v1/nodes/e1369efa-5391-5035-8533-3a065c44a584 HTTP/1.1" status: 200 len: 1755 time: 0.0197701
2017-05-24 03:12:20.946 5733 INFO eventlet.wsgi.server [req-87bb331d-6291-4d11-9ba5-6b02dfeff37a - - - - -] 127.0.0.1 "GET /v1/nodes/c1a56cb3-fcef-59d5-8105-7e6815154f70 HTTP/1.1" status: 200 len: 1752 time: 0.0275791
2017-05-24 03:12:21.762 5724 INFO eventlet.wsgi.server [req-ecb0ad30-254b-43d3-bacc-b4133f24fc97 - - - - -] 127.0.0.1 "GET /v1/nodes/93494378-56ee-5e22-b6f0-e3be3a9ebdf1 HTTP/1.1" status: 200 len: 1748 time: 0.0299039
2017-05-24 03:12:21.786 5724 INFO eventlet.wsgi.server [req-f719ea1b-9e76-485a-a3a2-8c51d1183a6f - - - - -] 127.0.0.1 "GET /v1/nodes/e1369efa-5391-5035-8533-3a065c44a584 HTTP/1.1" status: 200 len: 1755 time: 0.0234070
2017-05-24 03:12:22.963 5733 INFO eventlet.wsgi.server [req-02697854-d530-4689-813d-88c4cfca11e7 - - - - -] 127.0.0.1 "GET /v1/nodes/c1a56cb3-fcef-59d5-8105-7e6815154f70 HTTP/1.1" status: 200 len: 1752 time: 0.0147929
2017-05-24 03:12:23.793 5724 INFO eventlet.wsgi.server [req-225227ed-5d95-4a82-ae71-66da45d419ef - - - - -] 127.0.0.1 "GET /v1/nodes/93494378-56ee-5e22-b6f0-e3be3a9ebdf1 HTTP/1.1" status: 200 len: 1748 time: 0.0267091
2017-05-24 03:12:23.816 5724 INFO eventlet.wsgi.server [req-51c342ea-964c-45d4-9a97-1496eb767da1 - - - - -] 127.0.0.1 "GET /v1/nodes/e1369efa-5391-5035-8533-3a065c44a584 HTTP/1.1" status: 200 len: 1755 time: 0.0218179
2017-05-24 03:12:24.999 5733 INFO eventlet.wsgi.server [req-37e8ae96-37bd-4da5-ae3e-77cfe89160cb - - - - -] 127.0.0.1 "GET /v1/nodes/c1a56cb3-fcef-59d5-8105-7e6815154f70 HTTP/1.1" status: 200 len: 1752 time: 0.0299079
2017-05-24 03:12:25.820 5724 INFO eventlet.wsgi.server [req-f71b714a-e90a-4579-96d1-c2513d9db81c - - - - -] 127.0.0.1 "GET /v1/nodes/93494378-56ee-5e22-b6f0-e3be3a9ebdf1 HTTP/1.1" status: 200 len: 1748 time: 0.0215340
2017-05-24 03:12:25.839 5724 INFO eventlet.wsgi.server [req-91f5a7d9-7ff8-4dd9-83fd-1220ee2f4cbf - - - - -] 127.0.0.1 "GET /v1/nodes/e1369efa-5391-5035-8533-3a065c44a584 HTTP/1.1" status: 200 len: 1755 time: 0.0159070
2017-05-24 03:12:27.033 5733 INFO eventlet.wsgi.server [req-78d6098a-6633-47f3-a749-2c0449922701 - - - - -] 127.0.0.1 "GET /v1/nodes/c1a56cb3-fcef-59d5-8105-7e6815154f70 HTTP/1.1" status: 200 len: 1752 time: 0.0287931
2017-05-24 03:12:27.854 5724 INFO eventlet.wsgi.server [req-6c9cec20-de55-4636-9526-a4f2616e9513 - - - - -] 127.0.0.1 "GET /v1/nodes/93494378-56ee-5e22-b6f0-e3be3a9ebdf1 HTTP/1.1" status: 200 len: 1748 time: 0.0284491
2017-05-24 03:12:27.878 5724 INFO eventlet.wsgi.server [req-cd326bdf-703e-4399-8337-2eb8c326f54e - - - - -] 127.0.0.1 "GET /v1/nodes/e1369efa-5391-5035-8533-3a065c44a584 HTTP/1.1" status: 200 len: 1755 time: 0.0232911
2017-05-24 03:12:29.069 5733 INFO eventlet.wsgi.server [req-c78637eb-f011-4ca5-b9d9-fcccbae3ae6a - - - - -] 127.0.0.1 "GET /v1/nodes/c1a56cb3-fcef-59d5-8105-7e6815154f70 HTTP/1.1" status: 200 len: 1752 time: 0.0306542
2017-05-24 03:12:29.887 5724 INFO eventlet.wsgi.server [req-2eb0e5e0-05b3-49f2-839f-e08026a836e0 - - - - -] 127.0.0.1 "GET /v1/nodes/93494378-56ee-5e22-b6f0-e3be3a9ebdf1 HTTP/1.1" status: 200 len: 1748 time: 0.0287108
2017-05-24 03:12:29.910 5724 INFO eventlet.wsgi.server [req-d4345c1f-e188-4e3c-8ad1-e2e3787e3be3 - - - - -] 127.0.0.1 "GET /v1/nodes/e1369efa-5391-5035-8533-3a065c44a584 HTTP/1.1" status: 200 len: 1755 time: 0.0210888
2017-05-24 03:12:31.101 5733 INFO eventlet.wsgi.server [req-3736c4f3-5ee0-4f63-8c44-2ca360167750 - - - - -] 127.0.0.1 "GET /v1/nodes/c1a56cb3-fcef-59d5-8105-7e6815154f70 HTTP/1.1" status: 200 len: 1752 time: 0.0269361
2017-05-24 03:12:31.928 5724 INFO eventlet.wsgi.server [req-4613247a-c5c0-4682-8aae-90e99995778e - - - - -] 127.0.0.1 "GET /v1/nodes/93494378-56ee-5e22-b6f0-e3be3a9ebdf1 HTTP/1.1" status: 200 len: 1748 time: 0.0347819
2017-05-24 03:12:31.951 5724 INFO eventlet.wsgi.server [req-536251de-61fe-4c47-87fd-1d1d61c813be - - - - -] 127.0.0.1 "GET /v1/nodes/e1369efa-5391-5035-8533-3a065c44a584 HTTP/1.1" status: 200 len: 1755 time: 0.0217650
2017-05-24 03:12:33.134 5733 INFO eventlet.wsgi.server [req-93af3c0d-9118-4de8-90aa-016a5f84fed8 - - - - -] 127.0.0.1 "GET /v1/nodes/c1a56cb3-fcef-59d5-8105-7e6815154f70 HTTP/1.1" status: 200 len: 1752 time: 0.0278010
2017-05-24 03:12:33.966 5724 INFO eventlet.wsgi.server [req-67349ae3-af95-4d04-8fc1-7e250af63479 - - - - -] 127.0.0.1 "GET /v1/nodes/93494378-56ee-5e22-b6f0-e3be3a9ebdf1 HTTP/1.1" status: 200 len: 1748 time: 0.0326591
2017-05-24 03:12:33.993 5724 INFO eventlet.wsgi.server [req-e7542fd8-a9bd-4c81-8bc6-117acf553f29 - - - - -] 127.0.0.1 "GET /v1/nodes/e1369efa-5391-5035-8533-3a065c44a584 HTTP/1.1" status: 200 len: 1755 time: 0.0253940
2017-05-24 03:12:35.169 5733 INFO eventlet.wsgi.server [req-8f5f019a-5399-4dfd-879a-e31d479e9ed7 - - - - -] 127.0.0.1 "GET /v1/nodes/c1a56cb3-fcef-59d5-8105-7e6815154f70 HTTP/1.1" status: 200 len: 1752 time: 0.0292470
2017-05-24 03:12:36.002 5724 INFO eventlet.wsgi.server [req-43e8ae5e-7ff7-4237-bc58-fcfb363ab093 - - - - -] 127.0.0.1 "GET /v1/nodes/93494378-56ee-5e22-b6f0-e3be3a9ebdf1 HTTP/1.1" status: 200 len: 1748 time: 0.0301890
2017-05-24 03:12:36.025 5724 INFO eventlet.wsgi.server [req-43fb64e1-bd4f-49bd-9298-447f9c42ca01 - - - - -] 127.0.0.1 "GET /v1/nodes/e1369efa-5391-5035-8533-3a065c44a584 HTTP/1.1" status: 200 len: 1755 time: 0.0221920
2017-05-24 03:12:37.190 5733 INFO eventlet.wsgi.server [req-113053d9-7e2e-46c9-ba04-cc9e70260f6c - - - - -] 127.0.0.1 "GET /v1/nodes/c1a56cb3-fcef-59d5-8105-7e6815154f70 HTTP/1.1" status: 200 len: 1752 time: 0.0177062
2017-05-24 03:12:38.021 5724 INFO eventlet.wsgi.server [req-9ac7345f-0030-47b2-81b0-f1a88e0f1620 - - - - -] 127.0.0.1 "GET /v1/nodes/93494378-56ee-5e22-b6f0-e3be3a9ebdf1 HTTP/1.1" status: 200 len: 1748 time: 0.0152020
2017-05-24 03:12:38.044 5724 INFO eventlet.wsgi.server [req-b29f0a4b-661d-43cf-b79f-95b9e6a0e6e9 - - - - -] 127.0.0.1 "GET /v1/nodes/e1369efa-5391-5035-8533-3a065c44a584 HTTP/1.1" status: 200 len: 1755 time: 0.0126750
2017-05-24 03:12:39.209 5733 INFO eventlet.wsgi.server [req-2c5eb41d-66a1-4ada-bd96-c71f67613b6c - - - - -] 127.0.0.1 "GET /v1/nodes/c1a56cb3-fcef-59d5-8105-7e6815154f70 HTTP/1.1" status: 200 len: 1752 time: 0.0149260
2017-05-24 03:12:40.053 5724 INFO eventlet.wsgi.server [req-96e1e364-997a-4a09-967c-607bae0eefaf - - - - -] 127.0.0.1 "GET /v1/nodes/93494378-56ee-5e22-b6f0-e3be3a9ebdf1 HTTP/1.1" status: 200 len: 1748 time: 0.0272360
2017-05-24 03:12:40.076 5724 INFO eventlet.wsgi.server [req-64332679-a431-4e89-8ad4-75686caaeda4 - - - - -] 127.0.0.1 "GET /v1/nodes/e1369efa-5391-5035-8533-3a065c44a584 HTTP/1.1" status: 200 len: 1755 time: 0.0219030
2017-05-24 03:12:41.242 5733 INFO eventlet.wsgi.server [req-3b27838b-0b13-4ee4-b1bc-fbf17cf86d02 - - - - -] 127.0.0.1 "GET /v1/nodes/c1a56cb3-fcef-59d5-8105-7e6815154f70 HTTP/1.1" status: 200 len: 1752 time: 0.0275540
2017-05-24 03:12:42.072 5724 INFO eventlet.wsgi.server [req-a87bc11f-d110-4de5-849c-02b3cdec4c54 - - - - -] 127.0.0.1 "GET /v1/nodes/93494378-56ee-5e22-b6f0-e3be3a9ebdf1 HTTP/1.1" status: 200 len: 1748 time: 0.0155950
2017-05-24 03:12:42.111 5724 INFO eventlet.wsgi.server [req-369fedaf-cb70-4f37-a0a6-0038dd70c3c0 - - - - -] 127.0.0.1 "GET /v1/nodes/e1369efa-5391-5035-8533-3a065c44a584 HTTP/1.1" status: 200 len: 1755 time: 0.0282881
2017-05-24 03:12:43.277 5733 INFO eventlet.wsgi.server [req-30f88b21-0896-4be3-8465-8aeb4dd4f23c - - - - -] 127.0.0.1 "GET /v1/nodes/c1a56cb3-fcef-59d5-8105-7e6815154f70 HTTP/1.1" status: 200 len: 1752 time: 0.0297060
2017-05-24 03:12:44.108 5724 INFO eventlet.wsgi.server [req-def128bc-4dc5-4e9f-991d-44706d551f0f - - - - -] 127.0.0.1 "GET /v1/nodes/93494378-56ee-5e22-b6f0-e3be3a9ebdf1 HTTP/1.1" status: 200 len: 1748 time: 0.0289588
2017-05-24 03:12:44.139 5724 INFO eventlet.wsgi.server [req-19c46b68-1cd5-4681-a464-5b297c4140d5 - - - - -] 127.0.0.1 "GET /v1/nodes/e1369efa-5391-5035-8533-3a065c44a584 HTTP/1.1" status: 200 len: 1755 time: 0.0233109
2017-05-24 03:12:45.310 5733 INFO eventlet.wsgi.server [req-7236df7c-a50f-487c-8bc8-84bd4d6546fa - - - - -] 127.0.0.1 "GET /v1/nodes/c1a56cb3-fcef-59d5-8105-7e6815154f70 HTTP/1.1" status: 200 len: 1752 time: 0.0277472
2017-05-24 03:12:46.144 5724 INFO eventlet.wsgi.server [req-3d9a84b8-0bc6-4234-91e4-ecb9ef0f7229 - - - - -] 127.0.0.1 "GET /v1/nodes/93494378-56ee-5e22-b6f0-e3be3a9ebdf1 HTTP/1.1" status: 200 len: 1748 time: 0.0292101
2017-05-24 03:12:46.167 5724 INFO eventlet.wsgi.server [req-06569989-e8e6-4e77-b4fa-7acb7f3d3bd9 - - - - -] 127.0.0.1 "GET /v1/nodes/e1369efa-5391-5035-8533-3a065c44a584 HTTP/1.1" status: 200 len: 1755 time: 0.0219722
2017-05-24 03:12:47.339 5733 INFO eventlet.wsgi.server [req-662cf12d-f788-4ebd-97ed-4d68cdc43469 - - - - -] 127.0.0.1 "GET /v1/nodes/c1a56cb3-fcef-59d5-8105-7e6815154f70 HTTP/1.1" status: 200 len: 1752 time: 0.0236619
2017-05-24 03:12:48.176 5724 INFO eventlet.wsgi.server [req-68769545-dbfd-4268-8430-91bfa1cbb87a - - - - -] 127.0.0.1 "GET /v1/nodes/93494378-56ee-5e22-b6f0-e3be3a9ebdf1 HTTP/1.1" status: 200 len: 1748 time: 0.0276198
2017-05-24 03:12:48.202 5724 INFO eventlet.wsgi.server [req-447de4d2-07a6-4c71-a0fb-4d52cea047a0 - - - - -] 127.0.0.1 "GET /v1/nodes/e1369efa-5391-5035-8533-3a065c44a584 HTTP/1.1" status: 200 len: 1755 time: 0.0247021
2017-05-24 03:12:49.371 5733 INFO eventlet.wsgi.server [req-59a4d12b-a1fb-4677-8b29-b9a810b9ee10 - - - - -] 127.0.0.1 "GET /v1/nodes/c1a56cb3-fcef-59d5-8105-7e6815154f70 HTTP/1.1" status: 200 len: 1752 time: 0.0267382
2017-05-24 03:12:50.210 5724 INFO eventlet.wsgi.server [req-e357df78-e130-47ba-bd34-203c02be6a72 - - - - -] 127.0.0.1 "GET /v1/nodes/93494378-56ee-5e22-b6f0-e3be3a9ebdf1 HTTP/1.1" status: 200 len: 1748 time: 0.0283389
2017-05-24 03:12:50.231 5724 INFO eventlet.wsgi.server [req-947d1686-e11a-4892-a318-37b9cda48849 - - - - -] 127.0.0.1 "GET /v1/nodes/e1369efa-5391-5035-8533-3a065c44a584 HTTP/1.1" status: 200 len: 1755 time: 0.0200891
2017-05-24 03:12:51.404 5733 INFO eventlet.wsgi.server [req-f73589a1-62fa-404d-9544-0e3db10f28a6 - - - - -] 127.0.0.1 "GET /v1/nodes/c1a56cb3-fcef-59d5-8105-7e6815154f70 HTTP/1.1" status: 200 len: 1752 time: 0.0277550
2017-05-24 03:12:52.235 5724 INFO eventlet.wsgi.server [req-4a034977-515d-4baf-bee9-f8466bb2b544 - - - - -] 127.0.0.1 "GET /v1/nodes/93494378-56ee-5e22-b6f0-e3be3a9ebdf1 HTTP/1.1" status: 200 len: 1748 time: 0.0214860
2017-05-24 03:12:52.256 5724 INFO eventlet.wsgi.server [req-b708d034-f9f7-4977-815d-4a66ebfba54f - - - - -] 127.0.0.1 "GET /v1/nodes/e1369efa-5391-5035-8533-3a065c44a584 HTTP/1.1" status: 200 len: 1755 time: 0.0207739
2017-05-24 03:12:53.439 5733 INFO eventlet.wsgi.server [req-59c94f82-5c35-4fe4-af9d-46b622f2bbdd - - - - -] 127.0.0.1 "GET /v1/nodes/c1a56cb3-fcef-59d5-8105-7e6815154f70 HTTP/1.1" status: 200 len: 1752 time: 0.0299060
2017-05-24 03:12:54.267 5724 INFO eventlet.wsgi.server [req-3b2c9f55-7947-489c-97c8-91cf81eda468 - - - - -] 127.0.0.1 "GET /v1/nodes/93494378-56ee-5e22-b6f0-e3be3a9ebdf1 HTTP/1.1" status: 200 len: 1748 time: 0.0265999
2017-05-24 03:12:54.289 5724 INFO eventlet.wsgi.server [req-ccc65635-157f-4b1e-a328-0fd71537f670 - - - - -] 127.0.0.1 "GET /v1/nodes/e1369efa-5391-5035-8533-3a065c44a584 HTTP/1.1" status: 200 len: 1755 time: 0.0208888
2017-05-24 03:12:55.473 5733 INFO eventlet.wsgi.server [req-784815da-3b40-4e61-af31-b95093e267ba - - - - -] 127.0.0.1 "GET /v1/nodes/c1a56cb3-fcef-59d5-8105-7e6815154f70 HTTP/1.1" status: 200 len: 1752 time: 0.0284820
2017-05-24 03:12:56.304 5724 INFO eventlet.wsgi.server [req-a2a41902-aee0-43b1-bfc3-9f4c4852d131 - - - - -] 127.0.0.1 "GET /v1/nodes/93494378-56ee-5e22-b6f0-e3be3a9ebdf1 HTTP/1.1" status: 200 len: 1748 time: 0.0306818
2017-05-24 03:12:56.331 5724 INFO eventlet.wsgi.server [req-5a2a5493-dd4a-41da-a272-8afc3ea2b513 - - - - -] 127.0.0.1 "GET /v1/nodes/e1369efa-5391-5035-8533-3a065c44a584 HTTP/1.1" status: 200 len: 1755 time: 0.0257759
2017-05-24 03:12:57.508 5733 INFO eventlet.wsgi.server [req-6f7396d4-afcf-4736-9bfd-0fe953816de2 - - - - -] 127.0.0.1 "GET /v1/nodes/c1a56cb3-fcef-59d5-8105-7e6815154f70 HTTP/1.1" status: 200 len: 1752 time: 0.0280941
2017-05-24 03:12:58.345 5724 INFO eventlet.wsgi.server [req-685d804a-208b-4574-9f4b-f080089bdf56 - - - - -] 127.0.0.1 "GET /v1/nodes/93494378-56ee-5e22-b6f0-e3be3a9ebdf1 HTTP/1.1" status: 200 len: 1748 time: 0.0341182
2017-05-24 03:12:58.371 5724 INFO eventlet.wsgi.server [req-53c54b45-06f7-49ba-aec3-c97c61962397 - - - - -] 127.0.0.1 "GET /v1/nodes/e1369efa-5391-5035-8533-3a065c44a584 HTTP/1.1" status: 200 len: 1755 time: 0.0252719
2017-05-24 03:12:59.541 5733 INFO eventlet.wsgi.server [req-903d5e69-19b3-47f3-8de1-57ac676a86e1 - - - - -] 127.0.0.1 "GET /v1/nodes/c1a56cb3-fcef-59d5-8105-7e6815154f70 HTTP/1.1" status: 200 len: 1752 time: 0.0279272
2017-05-24 03:13:00.451 5724 INFO eventlet.wsgi.server [req-795aef14-711d-449e-b636-e9daf3dabcc5 - - - - -] 127.0.0.1 "GET /v1/nodes/93494378-56ee-5e22-b6f0-e3be3a9ebdf1 HTTP/1.1" status: 200 len: 1748 time: 0.1008530
2017-05-24 03:13:00.479 5724 INFO eventlet.wsgi.server [req-72741c43-acfc-4120-a697-d7eb381b44b9 - - - - -] 127.0.0.1 "GET /v1/nodes/e1369efa-5391-5035-8533-3a065c44a584 HTTP/1.1" status: 200 len: 1755 time: 0.0267069
2017-05-24 03:13:01.560 5733 INFO eventlet.wsgi.server [req-57ce8196-34cc-44ee-85ad-2048c4a6601f - - - - -] 127.0.0.1 "GET /v1/nodes/c1a56cb3-fcef-59d5-8105-7e6815154f70 HTTP/1.1" status: 200 len: 1752 time: 0.0155890
2017-05-24 03:13:02.481 5724 INFO eventlet.wsgi.server [req-aa6876e4-499c-4577-b0b3-f8073942d67e - - - - -] 127.0.0.1 "GET /v1/nodes/93494378-56ee-5e22-b6f0-e3be3a9ebdf1 HTTP/1.1" status: 200 len: 1748 time: 0.0250890
2017-05-24 03:13:02.507 5724 INFO eventlet.wsgi.server [req-d84e9bba-6608-47e6-867f-12815759184a - - - - -] 127.0.0.1 "GET /v1/nodes/e1369efa-5391-5035-8533-3a065c44a584 HTTP/1.1" status: 200 len: 1755 time: 0.0229399
2017-05-24 03:13:03.593 5733 INFO eventlet.wsgi.server [req-6d2b2040-b19a-421e-97c3-f7312b9ee1c7 - - - - -] 127.0.0.1 "GET /v1/nodes/c1a56cb3-fcef-59d5-8105-7e6815154f70 HTTP/1.1" status: 200 len: 1752 time: 0.0280709
2017-05-24 03:13:04.516 5724 INFO eventlet.wsgi.server [req-df822a0e-24fc-422b-822f-a35c79690106 - - - - -] 127.0.0.1 "GET /v1/nodes/93494378-56ee-5e22-b6f0-e3be3a9ebdf1 HTTP/1.1" status: 200 len: 1748 time: 0.0297401
2017-05-24 03:13:04.539 5724 INFO eventlet.wsgi.server [req-47cb9959-5eb1-4ce5-a4c4-04c070a7bf25 - - - - -] 127.0.0.1 "GET /v1/nodes/e1369efa-5391-5035-8533-3a065c44a584 HTTP/1.1" status: 200 len: 1755 time: 0.0223870
2017-05-24 03:13:05.627 5733 INFO eventlet.wsgi.server [req-bae754eb-297a-4459-8bda-cd7abce6869d - - - - -] 127.0.0.1 "GET /v1/nodes/c1a56cb3-fcef-59d5-8105-7e6815154f70 HTTP/1.1" status: 200 len: 1752 time: 0.0283880
2017-05-24 03:13:06.550 5724 INFO eventlet.wsgi.server [req-ddf7fc29-e01f-45b9-84a3-40a86cf17da5 - - - - -] 127.0.0.1 "GET /v1/nodes/93494378-56ee-5e22-b6f0-e3be3a9ebdf1 HTTP/1.1" status: 200 len: 1748 time: 0.0294011
2017-05-24 03:13:06.574 5724 INFO eventlet.wsgi.server [req-c67fc576-7852-4f23-a776-97c408fa9ee0 - - - - -] 127.0.0.1 "GET /v1/nodes/e1369efa-5391-5035-8533-3a065c44a584 HTTP/1.1" status: 200 len: 1755 time: 0.0222561
2017-05-24 03:13:07.653 5733 INFO eventlet.wsgi.server [req-b3e9990a-5a94-4621-90c8-c603e23770d5 - - - - -] 127.0.0.1 "GET /v1/nodes/c1a56cb3-fcef-59d5-8105-7e6815154f70 HTTP/1.1" status: 200 len: 1752 time: 0.0220859
2017-05-24 03:13:08.579 5724 INFO eventlet.wsgi.server [req-fa0fe8ab-1042-445f-a60b-087254aa57e2 - - - - -] 127.0.0.1 "GET /v1/nodes/93494378-56ee-5e22-b6f0-e3be3a9ebdf1 HTTP/1.1" status: 200 len: 1748 time: 0.0245690
2017-05-24 03:13:08.600 5724 INFO eventlet.wsgi.server [req-10dc718e-6bac-459b-b86e-3aa57c26ee1c - - - - -] 127.0.0.1 "GET /v1/nodes/e1369efa-5391-5035-8533-3a065c44a584 HTTP/1.1" status: 200 len: 1755 time: 0.0192430
2017-05-24 03:13:09.687 5733 INFO eventlet.wsgi.server [req-351f0149-5740-4485-adb2-b5cd984ef4de - - - - -] 127.0.0.1 "GET /v1/nodes/c1a56cb3-fcef-59d5-8105-7e6815154f70 HTTP/1.1" status: 200 len: 1752 time: 0.0287011
2017-05-24 03:13:10.613 5724 INFO eventlet.wsgi.server [req-9d898b74-c47f-4245-97c8-1f9acb27082c - - - - -] 127.0.0.1 "GET /v1/nodes/93494378-56ee-5e22-b6f0-e3be3a9ebdf1 HTTP/1.1" status: 200 len: 1748 time: 0.0283999
2017-05-24 03:13:10.635 5724 INFO eventlet.wsgi.server [req-b511df25-3a61-4ec7-b33f-2883cb4e75fd - - - - -] 127.0.0.1 "GET /v1/nodes/e1369efa-5391-5035-8533-3a065c44a584 HTTP/1.1" status: 200 len: 1755 time: 0.0211830
2017-05-24 03:13:11.720 5733 INFO eventlet.wsgi.server [req-d893c147-6d25-40b8-a04f-b587ec509bdc - - - - -] 127.0.0.1 "GET /v1/nodes/c1a56cb3-fcef-59d5-8105-7e6815154f70 HTTP/1.1" status: 200 len: 1752 time: 0.0284879
2017-05-24 03:13:12.650 5724 INFO eventlet.wsgi.server [req-3da4cc22-b9d3-48a0-8c61-b800e9dad003 - - - - -] 127.0.0.1 "GET /v1/nodes/93494378-56ee-5e22-b6f0-e3be3a9ebdf1 HTTP/1.1" status: 200 len: 1748 time: 0.0309739
2017-05-24 03:13:12.670 5724 INFO eventlet.wsgi.server [req-2379c95e-4d9c-40fa-969d-ec6f3b6b34c5 - - - - -] 127.0.0.1 "GET /v1/nodes/e1369efa-5391-5035-8533-3a065c44a584 HTTP/1.1" status: 200 len: 1755 time: 0.0189018
2017-05-24 03:13:13.762 5733 INFO eventlet.wsgi.server [req-43413e5d-f294-4068-89ce-02abb743512a - - - - -] 127.0.0.1 "GET /v1/nodes/c1a56cb3-fcef-59d5-8105-7e6815154f70 HTTP/1.1" status: 200 len: 1752 time: 0.0349998
2017-05-24 03:13:14.687 5724 INFO eventlet.wsgi.server [req-929fde49-555e-408f-a933-4e6446209374 - - - - -] 127.0.0.1 "GET /v1/nodes/93494378-56ee-5e22-b6f0-e3be3a9ebdf1 HTTP/1.1" status: 200 len: 1748 time: 0.0306270
2017-05-24 03:13:14.708 5724 INFO eventlet.wsgi.server [req-950724d6-128f-4bc3-88fd-fa74eefdc678 - - - - -] 127.0.0.1 "GET /v1/nodes/e1369efa-5391-5035-8533-3a065c44a584 HTTP/1.1" status: 200 len: 1755 time: 0.0203140
2017-05-24 03:13:15.801 5733 INFO eventlet.wsgi.server [req-1ad6c79f-f0ac-4a61-82dd-d4447f39ad5f - - - - -] 127.0.0.1 "GET /v1/nodes/c1a56cb3-fcef-59d5-8105-7e6815154f70 HTTP/1.1" status: 200 len: 1752 time: 0.0335619
2017-05-24 03:13:16.540 5735 INFO eventlet.wsgi.server [req-d98f062f-a97e-493a-a518-265264416a0a - - - - -] 127.0.0.1 "GET /v1/nodes HTTP/1.1" status: 200 len: 1477 time: 0.0601671
2017-05-24 03:13:16.720 5724 INFO eventlet.wsgi.server [req-9a7978cc-a60a-4d39-a07d-efbf736dc9bb - - - - -] 127.0.0.1 "GET /v1/nodes/93494378-56ee-5e22-b6f0-e3be3a9ebdf1 HTTP/1.1" status: 200 len: 1748 time: 0.0282700
2017-05-24 03:13:16.742 5724 INFO eventlet.wsgi.server [req-f8d64a55-32ed-481e-b954-1e259409b3bc - - - - -] 127.0.0.1 "GET /v1/nodes/e1369efa-5391-5035-8533-3a065c44a584 HTTP/1.1" status: 200 len: 1755 time: 0.0206130
2017-05-24 03:13:17.833 5733 INFO eventlet.wsgi.server [req-9272a680-7cd2-4ac6-b391-bd0bd2ef0be7 - - - - -] 127.0.0.1 "GET /v1/nodes/c1a56cb3-fcef-59d5-8105-7e6815154f70 HTTP/1.1" status: 200 len: 1752 time: 0.0286820
2017-05-24 03:13:18.756 5724 INFO eventlet.wsgi.server [req-e84141a5-f1dd-46b2-b6e8-29cb3a5fed80 - - - - -] 127.0.0.1 "GET /v1/nodes/93494378-56ee-5e22-b6f0-e3be3a9ebdf1 HTTP/1.1" status: 200 len: 1748 time: 0.0306880
2017-05-24 03:13:18.776 5724 INFO eventlet.wsgi.server [req-c06af3d6-9026-4c6f-b3a6-3b41a99d68f2 - - - - -] 127.0.0.1 "GET /v1/nodes/e1369efa-5391-5035-8533-3a065c44a584 HTTP/1.1" status: 200 len: 1755 time: 0.0184469
2017-05-24 03:13:19.866 5733 INFO eventlet.wsgi.server [req-afee52db-30e7-4fd9-aa8a-a57ed33466cd - - - - -] 127.0.0.1 "GET /v1/nodes/c1a56cb3-fcef-59d5-8105-7e6815154f70 HTTP/1.1" status: 200 len: 1752 time: 0.0295379
2017-05-24 03:13:20.775 5724 INFO eventlet.wsgi.server [req-3dc2cbf6-38d7-49bf-afea-7eb64ca422cd - - - - -] 127.0.0.1 "GET /v1/nodes/93494378-56ee-5e22-b6f0-e3be3a9ebdf1 HTTP/1.1" status: 200 len: 1748 time: 0.0148859
2017-05-24 03:13:20.809 5724 INFO eventlet.wsgi.server [req-70a6fcf7-98cb-42ac-bcf7-d7bb3cd9f404 - - - - -] 127.0.0.1 "GET /v1/nodes/e1369efa-5391-5035-8533-3a065c44a584 HTTP/1.1" status: 200 len: 1755 time: 0.0267010
2017-05-24 03:13:21.898 5733 INFO eventlet.wsgi.server [req-a8c6c6db-0c06-4d21-90e8-4fa80972e4c3 - - - - -] 127.0.0.1 "GET /v1/nodes/c1a56cb3-fcef-59d5-8105-7e6815154f70 HTTP/1.1" status: 200 len: 1752 time: 0.0269759
2017-05-24 03:13:22.806 5724 INFO eventlet.wsgi.server [req-b510ffeb-6c37-44e1-a9ec-6b0417fa114e - - - - -] 127.0.0.1 "GET /v1/nodes/93494378-56ee-5e22-b6f0-e3be3a9ebdf1 HTTP/1.1" status: 200 len: 1748 time: 0.0268750
2017-05-24 03:13:22.835 5724 INFO eventlet.wsgi.server [req-b4adf21e-1d3e-481d-9e1b-5fb2e2f4039e - - - - -] 127.0.0.1 "GET /v1/nodes/e1369efa-5391-5035-8533-3a065c44a584 HTTP/1.1" status: 200 len: 1755 time: 0.0220499
2017-05-24 03:13:23.932 5733 INFO eventlet.wsgi.server [req-9060d40f-c9a5-4707-9468-c811692cf27f - - - - -] 127.0.0.1 "GET /v1/nodes/c1a56cb3-fcef-59d5-8105-7e6815154f70 HTTP/1.1" status: 200 len: 1752 time: 0.0294511
2017-05-24 03:13:24.842 5724 INFO eventlet.wsgi.server [req-aa4a4e98-7510-4deb-a588-400523e14a1d - - - - -] 127.0.0.1 "GET /v1/nodes/93494378-56ee-5e22-b6f0-e3be3a9ebdf1 HTTP/1.1" status: 200 len: 1748 time: 0.0294008
2017-05-24 03:13:24.868 5724 INFO eventlet.wsgi.server [req-2c77f33d-b10c-4ea5-ad70-ea10c0093edb - - - - -] 127.0.0.1 "GET /v1/nodes/e1369efa-5391-5035-8533-3a065c44a584 HTTP/1.1" status: 200 len: 1755 time: 0.0253901
2017-05-24 03:13:25.966 5733 INFO eventlet.wsgi.server [req-9a3a07a9-7341-4051-bc29-840c5a737faa - - - - -] 127.0.0.1 "GET /v1/nodes/c1a56cb3-fcef-59d5-8105-7e6815154f70 HTTP/1.1" status: 200 len: 1752 time: 0.0284381
2017-05-24 03:13:26.882 5724 INFO eventlet.wsgi.server [req-a8798523-761f-4039-96ec-77e95e96fd1b - - - - -] 127.0.0.1 "GET /v1/nodes/93494378-56ee-5e22-b6f0-e3be3a9ebdf1 HTTP/1.1" status: 200 len: 1748 time: 0.0333180
2017-05-24 03:13:26.907 5724 INFO eventlet.wsgi.server [req-c1d8fae0-5e41-4fc5-9612-a7946012d17d - - - - -] 127.0.0.1 "GET /v1/nodes/e1369efa-5391-5035-8533-3a065c44a584 HTTP/1.1" status: 200 len: 1755 time: 0.0239019
2017-05-24 03:13:28.000 5733 INFO eventlet.wsgi.server [req-fbb70163-e7bc-400d-abe1-ceeb81816243 - - - - -] 127.0.0.1 "GET /v1/nodes/c1a56cb3-fcef-59d5-8105-7e6815154f70 HTTP/1.1" status: 200 len: 1752 time: 0.0286472
2017-05-24 03:13:28.918 5724 INFO eventlet.wsgi.server [req-02fa89ce-0523-4ec8-ab7d-191aabd56409 - - - - -] 127.0.0.1 "GET /v1/nodes/93494378-56ee-5e22-b6f0-e3be3a9ebdf1 HTTP/1.1" status: 200 len: 1748 time: 0.0309329
2017-05-24 03:13:28.944 5724 INFO eventlet.wsgi.server [req-39b8b2dd-d664-4b6d-8137-8e391db37b67 - - - - -] 127.0.0.1 "GET /v1/nodes/e1369efa-5391-5035-8533-3a065c44a584 HTTP/1.1" status: 200 len: 1755 time: 0.0247490
2017-05-24 03:13:30.036 5733 INFO eventlet.wsgi.server [req-2bb9d297-4b25-4b02-898d-9da0c526e31f - - - - -] 127.0.0.1 "GET /v1/nodes/c1a56cb3-fcef-59d5-8105-7e6815154f70 HTTP/1.1" status: 200 len: 1752 time: 0.0300150
2017-05-24 03:13:30.948 5724 INFO eventlet.wsgi.server [req-87734b1a-a528-4bdd-8488-a4a060361cda - - - - -] 127.0.0.1 "GET /v1/nodes/93494378-56ee-5e22-b6f0-e3be3a9ebdf1 HTTP/1.1" status: 200 len: 1748 time: 0.0254829
2017-05-24 03:13:30.970 5724 INFO eventlet.wsgi.server [req-ef32151b-122a-4738-8aa0-73ef3343eaf2 - - - - -] 127.0.0.1 "GET /v1/nodes/e1369efa-5391-5035-8533-3a065c44a584 HTTP/1.1" status: 200 len: 1755 time: 0.0210009
2017-05-24 03:13:32.072 5733 INFO eventlet.wsgi.server [req-6de4096c-1220-4d67-add4-c534d3091a51 - - - - -] 127.0.0.1 "GET /v1/nodes/c1a56cb3-fcef-59d5-8105-7e6815154f70 HTTP/1.1" status: 200 len: 1752 time: 0.0298321
2017-05-24 03:13:32.984 5724 INFO eventlet.wsgi.server [req-29282a54-2ebb-4ffe-b509-4c4927d53457 - - - - -] 127.0.0.1 "GET /v1/nodes/93494378-56ee-5e22-b6f0-e3be3a9ebdf1 HTTP/1.1" status: 200 len: 1748 time: 0.0307121
2017-05-24 03:13:33.007 5724 INFO eventlet.wsgi.server [req-57223834-adae-49ad-a7f4-79d42dbfd14c - - - - -] 127.0.0.1 "GET /v1/nodes/e1369efa-5391-5035-8533-3a065c44a584 HTTP/1.1" status: 200 len: 1755 time: 0.0224690
2017-05-24 03:13:34.106 5733 INFO eventlet.wsgi.server [req-17ceadf5-7598-4f01-9bdf-ad4c44e745ed - - - - -] 127.0.0.1 "GET /v1/nodes/c1a56cb3-fcef-59d5-8105-7e6815154f70 HTTP/1.1" status: 200 len: 1752 time: 0.0283051
2017-05-24 03:13:35.025 5724 INFO eventlet.wsgi.server [req-8edb1078-d115-43a7-961a-f737042ce79a - - - - -] 127.0.0.1 "GET /v1/nodes/93494378-56ee-5e22-b6f0-e3be3a9ebdf1 HTTP/1.1" status: 200 len: 1748 time: 0.0338361
2017-05-24 03:13:35.048 5724 INFO eventlet.wsgi.server [req-5a446ce3-b316-46dc-a071-7d6ae43341e6 - - - - -] 127.0.0.1 "GET /v1/nodes/e1369efa-5391-5035-8533-3a065c44a584 HTTP/1.1" status: 200 len: 1755 time: 0.0217168
2017-05-24 03:13:36.139 5733 INFO eventlet.wsgi.server [req-3dd85a52-37b5-44d6-bb73-b8a252607f1d - - - - -] 127.0.0.1 "GET /v1/nodes/c1a56cb3-fcef-59d5-8105-7e6815154f70 HTTP/1.1" status: 200 len: 1752 time: 0.0287030
2017-05-24 03:13:37.060 5724 INFO eventlet.wsgi.server [req-d0f5427d-cb6a-4741-9294-6d834f288103 - - - - -] 127.0.0.1 "GET /v1/nodes/93494378-56ee-5e22-b6f0-e3be3a9ebdf1 HTTP/1.1" status: 200 len: 1748 time: 0.0293212
2017-05-24 03:13:37.091 5724 INFO eventlet.wsgi.server [req-2d2dbe2d-ac69-4adc-bc0b-73d2e51d4c43 - - - - -] 127.0.0.1 "GET /v1/nodes/e1369efa-5391-5035-8533-3a065c44a584 HTTP/1.1" status: 200 len: 1755 time: 0.0294421
2017-05-24 03:13:38.157 5733 INFO eventlet.wsgi.server [req-6cac91aa-aafc-43bd-809d-df0757762ebf - - - - -] 127.0.0.1 "GET /v1/nodes/c1a56cb3-fcef-59d5-8105-7e6815154f70 HTTP/1.1" status: 200 len: 1752 time: 0.0142701
2017-05-24 03:13:39.095 5724 INFO eventlet.wsgi.server [req-47d329be-36b8-4694-a48d-59e55346c6fe - - - - -] 127.0.0.1 "GET /v1/nodes/93494378-56ee-5e22-b6f0-e3be3a9ebdf1 HTTP/1.1" status: 200 len: 1748 time: 0.0295320
2017-05-24 03:13:39.122 5724 INFO eventlet.wsgi.server [req-66968d2e-79d7-4036-a989-05a6f2e7da51 - - - - -] 127.0.0.1 "GET /v1/nodes/e1369efa-5391-5035-8533-3a065c44a584 HTTP/1.1" status: 200 len: 1755 time: 0.0262361
2017-05-24 03:13:40.177 5733 INFO eventlet.wsgi.server [req-56dace1f-4eeb-4acd-9eca-86c8d5291fa7 - - - - -] 127.0.0.1 "GET /v1/nodes/c1a56cb3-fcef-59d5-8105-7e6815154f70 HTTP/1.1" status: 200 len: 1752 time: 0.0160949
2017-05-24 03:13:41.112 5724 INFO eventlet.wsgi.server [req-a1424c31-203f-4ae0-9f69-78d3970baa20 - - - - -] 127.0.0.1 "GET /v1/nodes/93494378-56ee-5e22-b6f0-e3be3a9ebdf1 HTTP/1.1" status: 200 len: 1748 time: 0.0149119
2017-05-24 03:13:41.138 5724 INFO eventlet.wsgi.server [req-51d46244-a588-4fc7-a57c-709130b64733 - - - - -] 127.0.0.1 "GET /v1/nodes/e1369efa-5391-5035-8533-3a065c44a584 HTTP/1.1" status: 200 len: 1755 time: 0.0127590
2017-05-24 03:13:42.209 5733 INFO eventlet.wsgi.server [req-7142836c-9738-4f61-a437-e9ab26c0a795 - - - - -] 127.0.0.1 "GET /v1/nodes/c1a56cb3-fcef-59d5-8105-7e6815154f70 HTTP/1.1" status: 200 len: 1752 time: 0.0278389
2017-05-24 03:13:43.147 5724 INFO eventlet.wsgi.server [req-ba83e4f4-211a-4785-9361-955c0b3af818 - - - - -] 127.0.0.1 "GET /v1/nodes/93494378-56ee-5e22-b6f0-e3be3a9ebdf1 HTTP/1.1" status: 200 len: 1748 time: 0.0306380
2017-05-24 03:13:43.170 5724 INFO eventlet.wsgi.server [req-19160698-5ec5-4ba5-949c-9997f31c4862 - - - - -] 127.0.0.1 "GET /v1/nodes/e1369efa-5391-5035-8533-3a065c44a584 HTTP/1.1" status: 200 len: 1755 time: 0.0215220
2017-05-24 03:13:44.244 5733 INFO eventlet.wsgi.server [req-f0496b8f-f8df-4a7e-a55f-6b035d8500ea - - - - -] 127.0.0.1 "GET /v1/nodes/c1a56cb3-fcef-59d5-8105-7e6815154f70 HTTP/1.1" status: 200 len: 1752 time: 0.0302131
2017-05-24 03:13:45.183 5724 INFO eventlet.wsgi.server [req-33672422-81b7-4bfc-927b-6032202918cb - - - - -] 127.0.0.1 "GET /v1/nodes/93494378-56ee-5e22-b6f0-e3be3a9ebdf1 HTTP/1.1" status: 200 len: 1748 time: 0.0302029
2017-05-24 03:13:45.209 5724 INFO eventlet.wsgi.server [req-07e0c361-7c4d-46f0-b8b2-a363f98457ee - - - - -] 127.0.0.1 "GET /v1/nodes/e1369efa-5391-5035-8533-3a065c44a584 HTTP/1.1" status: 200 len: 1755 time: 0.0254230
2017-05-24 03:13:46.277 5733 INFO eventlet.wsgi.server [req-bd0e0284-b403-43f6-a360-72c1a8e41d90 - - - - -] 127.0.0.1 "GET /v1/nodes/c1a56cb3-fcef-59d5-8105-7e6815154f70 HTTP/1.1" status: 200 len: 1752 time: 0.0282438
2017-05-24 03:13:47.216 5724 INFO eventlet.wsgi.server [req-3c9e3025-a43b-4655-be92-49bf4017cc3e - - - - -] 127.0.0.1 "GET /v1/nodes/93494378-56ee-5e22-b6f0-e3be3a9ebdf1 HTTP/1.1" status: 200 len: 1748 time: 0.0276010
2017-05-24 03:13:47.239 5724 INFO eventlet.wsgi.server [req-4cd6151a-5b0a-4f88-9977-39ec9962a3a2 - - - - -] 127.0.0.1 "GET /v1/nodes/e1369efa-5391-5035-8533-3a065c44a584 HTTP/1.1" status: 200 len: 1755 time: 0.0227790
2017-05-24 03:13:48.310 5733 INFO eventlet.wsgi.server [req-f1f1db49-20f4-4cbd-a1d0-f905f573fdbc - - - - -] 127.0.0.1 "GET /v1/nodes/c1a56cb3-fcef-59d5-8105-7e6815154f70 HTTP/1.1" status: 200 len: 1752 time: 0.0276968
2017-05-24 03:13:49.254 5724 INFO eventlet.wsgi.server [req-52d77794-e605-4296-bf85-8ec40143104e - - - - -] 127.0.0.1 "GET /v1/nodes/93494378-56ee-5e22-b6f0-e3be3a9ebdf1 HTTP/1.1" status: 200 len: 1748 time: 0.0312312
2017-05-24 03:13:49.277 5724 INFO eventlet.wsgi.server [req-3cc789d8-dbd4-4d95-a845-e05d1890856a - - - - -] 127.0.0.1 "GET /v1/nodes/e1369efa-5391-5035-8533-3a065c44a584 HTTP/1.1" status: 200 len: 1755 time: 0.0225780
2017-05-24 03:13:50.342 5733 INFO eventlet.wsgi.server [req-1253dcbb-a4f5-497f-a5c0-9ae755d7f180 - - - - -] 127.0.0.1 "GET /v1/nodes/c1a56cb3-fcef-59d5-8105-7e6815154f70 HTTP/1.1" status: 200 len: 1752 time: 0.0262671
2017-05-24 03:13:51.293 5724 INFO eventlet.wsgi.server [req-74bfe54c-2075-44c5-a279-5ab5e475c9b0 - - - - -] 127.0.0.1 "GET /v1/nodes/93494378-56ee-5e22-b6f0-e3be3a9ebdf1 HTTP/1.1" status: 200 len: 1748 time: 0.0331650
2017-05-24 03:13:51.315 5724 INFO eventlet.wsgi.server [req-7e147b0f-4d36-48d7-a8ec-06b986d37f22 - - - - -] 127.0.0.1 "GET /v1/nodes/e1369efa-5391-5035-8533-3a065c44a584 HTTP/1.1" status: 200 len: 1755 time: 0.0214510
2017-05-24 03:13:52.375 5733 INFO eventlet.wsgi.server [req-4effa25b-31b2-44b4-a778-f7dd3fab72c3 - - - - -] 127.0.0.1 "GET /v1/nodes/c1a56cb3-fcef-59d5-8105-7e6815154f70 HTTP/1.1" status: 200 len: 1752 time: 0.0292501
2017-05-24 03:13:53.323 5724 INFO eventlet.wsgi.server [req-86c96964-c20b-4f88-a98e-d712bd77e1d7 - - - - -] 127.0.0.1 "GET /v1/nodes/93494378-56ee-5e22-b6f0-e3be3a9ebdf1 HTTP/1.1" status: 200 len: 1748 time: 0.0252070
2017-05-24 03:13:53.343 5724 INFO eventlet.wsgi.server [req-0083ba4c-6c55-4071-a8fb-1a3c194ea09b - - - - -] 127.0.0.1 "GET /v1/nodes/e1369efa-5391-5035-8533-3a065c44a584 HTTP/1.1" status: 200 len: 1755 time: 0.0188429
2017-05-24 03:13:54.409 5733 INFO eventlet.wsgi.server [req-76c7f7a3-9216-44c8-a99f-fd5b4cd1e287 - - - - -] 127.0.0.1 "GET /v1/nodes/c1a56cb3-fcef-59d5-8105-7e6815154f70 HTTP/1.1" status: 200 len: 1752 time: 0.0288892
2017-05-24 03:13:55.362 5724 INFO eventlet.wsgi.server [req-1a18bacd-139a-488d-af80-fb98ef67522a - - - - -] 127.0.0.1 "GET /v1/nodes/93494378-56ee-5e22-b6f0-e3be3a9ebdf1 HTTP/1.1" status: 200 len: 1748 time: 0.0320230
2017-05-24 03:13:55.388 5724 INFO eventlet.wsgi.server [req-ada88ffc-c023-4064-8d8a-dc36da2a34fa - - - - -] 127.0.0.1 "GET /v1/nodes/e1369efa-5391-5035-8533-3a065c44a584 HTTP/1.1" status: 200 len: 1755 time: 0.0246310
2017-05-24 03:13:56.424 5733 INFO eventlet.wsgi.server [req-c31a7245-bfaa-4925-bfca-64064f95071c - - - - -] 127.0.0.1 "GET /v1/nodes/c1a56cb3-fcef-59d5-8105-7e6815154f70 HTTP/1.1" status: 200 len: 1752 time: 0.0133510
2017-05-24 03:13:57.403 5724 INFO eventlet.wsgi.server [req-796ae9a6-7db4-43e5-b08a-716748f8ebe7 - - - - -] 127.0.0.1 "GET /v1/nodes/93494378-56ee-5e22-b6f0-e3be3a9ebdf1 HTTP/1.1" status: 200 len: 1748 time: 0.0351779
2017-05-24 03:13:57.428 5724 INFO eventlet.wsgi.server [req-f501d117-0025-4073-b9fa-bf17696b68f2 - - - - -] 127.0.0.1 "GET /v1/nodes/e1369efa-5391-5035-8533-3a065c44a584 HTTP/1.1" status: 200 len: 1755 time: 0.0233679
2017-05-24 03:13:58.442 5733 INFO eventlet.wsgi.server [req-0db25c38-a60e-41b5-872d-50feede7e65b - - - - -] 127.0.0.1 "GET /v1/nodes/c1a56cb3-fcef-59d5-8105-7e6815154f70 HTTP/1.1" status: 200 len: 1752 time: 0.0129189
2017-05-24 03:13:59.423 5724 INFO eventlet.wsgi.server [req-d5e67ed1-f927-47b0-b162-2080d37f1b6a - - - - -] 127.0.0.1 "GET /v1/nodes/93494378-56ee-5e22-b6f0-e3be3a9ebdf1 HTTP/1.1" status: 200 len: 1748 time: 0.0159822
2017-05-24 03:13:59.444 5724 INFO eventlet.wsgi.server [req-58e8c8e0-9ba7-46f0-8405-fcbe569ac32b - - - - -] 127.0.0.1 "GET /v1/nodes/e1369efa-5391-5035-8533-3a065c44a584 HTTP/1.1" status: 200 len: 1755 time: 0.0129950
2017-05-24 03:14:00.464 5733 INFO eventlet.wsgi.server [req-88cb32a9-7d72-41b6-a8ac-92bccb92dc46 - - - - -] 127.0.0.1 "GET /v1/nodes/c1a56cb3-fcef-59d5-8105-7e6815154f70 HTTP/1.1" status: 200 len: 1752 time: 0.0176289
2017-05-24 03:14:01.454 5724 INFO eventlet.wsgi.server [req-030f8167-bb09-4aa6-8fa0-2177e242f191 - - - - -] 127.0.0.1 "GET /v1/nodes/93494378-56ee-5e22-b6f0-e3be3a9ebdf1 HTTP/1.1" status: 200 len: 1748 time: 0.0250142
2017-05-24 03:14:01.471 5724 INFO eventlet.wsgi.server [req-12405120-4d15-464e-a4ff-606fb46c99b7 - - - - -] 127.0.0.1 "GET /v1/nodes/e1369efa-5391-5035-8533-3a065c44a584 HTTP/1.1" status: 200 len: 1755 time: 0.0165260
2017-05-24 03:14:02.508 5733 INFO eventlet.wsgi.server [req-60d487a5-8638-44bd-b9fe-7135286c42db - - - - -] 127.0.0.1 "GET /v1/nodes/c1a56cb3-fcef-59d5-8105-7e6815154f70 HTTP/1.1" status: 200 len: 1752 time: 0.0347130
2017-05-24 03:14:03.508 5724 INFO eventlet.wsgi.server [req-52526dad-f6e0-4a62-a185-019d504709c1 - - - - -] 127.0.0.1 "GET /v1/nodes/e1369efa-5391-5035-8533-3a065c44a584 HTTP/1.1" status: 200 len: 1755 time: 0.0302660
2017-05-24 03:14:03.525 5724 INFO eventlet.wsgi.server [req-8452707c-05b6-4931-aa73-036243c0702a - - - - -] 127.0.0.1 "GET /v1/nodes/93494378-56ee-5e22-b6f0-e3be3a9ebdf1 HTTP/1.1" status: 200 len: 1748 time: 0.0639832
2017-05-24 03:14:04.548 5733 INFO eventlet.wsgi.server [req-2bd1b21d-4a03-486d-a2a6-e0c92243f12b - - - - -] 127.0.0.1 "GET /v1/nodes/c1a56cb3-fcef-59d5-8105-7e6815154f70 HTTP/1.1" status: 200 len: 1752 time: 0.0311871
2017-05-24 03:14:05.563 5724 INFO eventlet.wsgi.server [req-94e74937-d7ce-4e9a-92fc-afe86ff5191b - - - - -] 127.0.0.1 "GET /v1/nodes/93494378-56ee-5e22-b6f0-e3be3a9ebdf1 HTTP/1.1" status: 200 len: 1748 time: 0.0272372
2017-05-24 03:14:05.574 5724 INFO eventlet.wsgi.server [req-db8b8c47-e1bf-4aec-85b6-a0bba5f4d102 - - - - -] 127.0.0.1 "GET /v1/nodes/e1369efa-5391-5035-8533-3a065c44a584 HTTP/1.1" status: 200 len: 1755 time: 0.0555520
2017-05-24 03:14:06.579 5733 INFO eventlet.wsgi.server [req-b1a842b5-bf88-4182-a8ab-3fface43b908 - - - - -] 127.0.0.1 "GET /v1/nodes/c1a56cb3-fcef-59d5-8105-7e6815154f70 HTTP/1.1" status: 200 len: 1752 time: 0.0275581
2017-05-24 03:14:07.609 5724 INFO eventlet.wsgi.server [req-5008a8df-449b-4e8b-a6be-f2eca3323c25 - - - - -] 127.0.0.1 "GET /v1/nodes/e1369efa-5391-5035-8533-3a065c44a584 HTTP/1.1" status: 200 len: 1755 time: 0.0269840
2017-05-24 03:14:07.622 5724 INFO eventlet.wsgi.server [req-f323da57-7716-4596-8b92-6f308ad4acb6 - - - - -] 127.0.0.1 "GET /v1/nodes/93494378-56ee-5e22-b6f0-e3be3a9ebdf1 HTTP/1.1" status: 200 len: 1748 time: 0.0508502
2017-05-24 03:14:08.614 5733 INFO eventlet.wsgi.server [req-493248ab-0212-42d8-bfe2-25b4909209a5 - - - - -] 127.0.0.1 "GET /v1/nodes/c1a56cb3-fcef-59d5-8105-7e6815154f70 HTTP/1.1" status: 200 len: 1752 time: 0.0286939
2017-05-24 03:14:09.659 5724 INFO eventlet.wsgi.server [req-b3c6024f-eb47-48d9-823e-4781a185d493 - - - - -] 127.0.0.1 "GET /v1/nodes/e1369efa-5391-5035-8533-3a065c44a584 HTTP/1.1" status: 200 len: 1755 time: 0.0438042
2017-05-24 03:14:09.670 5724 INFO eventlet.wsgi.server [req-2a2f1129-7ce2-4d11-af5c-b068300a2da0 - - - - -] 127.0.0.1 "GET /v1/nodes/93494378-56ee-5e22-b6f0-e3be3a9ebdf1 HTTP/1.1" status: 200 len: 1748 time: 0.0357430
2017-05-24 03:14:10.631 5733 INFO eventlet.wsgi.server [req-b09e35c7-2ba6-4ba3-a180-377ac242a474 - - - - -] 127.0.0.1 "GET /v1/nodes/c1a56cb3-fcef-59d5-8105-7e6815154f70 HTTP/1.1" status: 200 len: 1752 time: 0.0149009
2017-05-24 03:14:11.695 5724 INFO eventlet.wsgi.server [req-09ddfb55-42fc-4ab8-9067-66e2c54fa660 - - - - -] 127.0.0.1 "GET /v1/nodes/e1369efa-5391-5035-8533-3a065c44a584 HTTP/1.1" status: 200 len: 1755 time: 0.0284371
