2017-05-24 03:06:31.031 5733 INFO eventlet.wsgi.server [req-37e0561d-f6a6-4e79-b2b5-1fbc05929ddb - - - - -] 127.0.0.1 "GET /v1/nodes/c1a56cb3-fcef-59d5-8105-7e6815154f70 HTTP/1.1" status: 200 len: 1752 time: 0.0235829
2017-05-24 03:06:31.715 5724 INFO eventlet.wsgi.server [req-d59a8166-c16a-4153-bd68-6f809135ab04 - - - - -] 127.0.0.1 "GET /v1/nodes/93494378-56ee-5e22-b6f0-e3be3a9ebdf1 HTTP/1.1" status: 200 len: 1748 time: 0.0324919
2017-05-24 03:06:31.737 5724 INFO eventlet.wsgi.server [req-53ff35cc-5497-4502-b9bb-7f29b8fee9e6 - - - - -] 127.0.0.1 "GET /v1/nodes/e1369efa-5391-5035-8533-3a065c44a584 HTTP/1.1" status: 200 len: 1755 time: 0.0205071
2017-05-24 03:06:33.074 5733 INFO eventlet.wsgi.server [req-16671536-d576-4862-bdc1-fa9b9d0a38af - - - - -] 127.0.0.1 "GET /v1/nodes/c1a56cb3-fcef-59d5-8105-7e6815154f70 HTTP/1.1" status: 200 len: 1752 time: 0.0342960
2017-05-24 03:06:33.753 5724 INFO eventlet.wsgi.server [req-2a2cf910-f504-40bc-aec5-f56c407c751a - - - - -] 127.0.0.1 "GET /v1/nodes/93494378-56ee-5e22-b6f0-e3be3a9ebdf1 HTTP/1.1" status: 200 len: 1748 time: 0.0315199
2017-05-24 03:06:33.776 5724 INFO eventlet.wsgi.server [req-427e2ccc-7ece-4704-bd54-d6bb59fe6cac - - - - -] 127.0.0.1 "GET /v1/nodes/e1369efa-5391-5035-8533-3a065c44a584 HTTP/1.1" status: 200 len: 1755 time: 0.0217381
2017-05-24 03:06:35.122 5733 INFO eventlet.wsgi.server [req-3732509f-e097-4885-b32e-94fd6468d6a5 - - - - -] 127.0.0.1 "GET /v1/nodes/c1a56cb3-fcef-59d5-8105-7e6815154f70 HTTP/1.1" status: 200 len: 1752 time: 0.0398281
2017-05-24 03:06:35.790 5724 INFO eventlet.wsgi.server [req-445aae0a-7675-4718-900a-9ed1e28256d5 - - - - -] 127.0.0.1 "GET /v1/nodes/93494378-56ee-5e22-b6f0-e3be3a9ebdf1 HTTP/1.1" status: 200 len: 1748 time: 0.0312550
2017-05-24 03:06:35.812 5724 INFO eventlet.wsgi.server [req-c0cfb9e3-1277-4d2f-a0c9-a71b9c2c5e22 - - - - -] 127.0.0.1 "GET /v1/nodes/e1369efa-5391-5035-8533-3a065c44a584 HTTP/1.1" status: 200 len: 1755 time: 0.0205932
2017-05-24 03:06:37.156 5733 INFO eventlet.wsgi.server [req-442c5f6f-f9cf-4bd5-8d49-3e6b9df8a36e - - - - -] 127.0.0.1 "GET /v1/nodes/c1a56cb3-fcef-59d5-8105-7e6815154f70 HTTP/1.1" status: 200 len: 1752 time: 0.0280130
2017-05-24 03:06:37.824 5724 INFO eventlet.wsgi.server [req-0f4ab36c-ee49-41df-8755-c43fccfe14bf - - - - -] 127.0.0.1 "GET /v1/nodes/93494378-56ee-5e22-b6f0-e3be3a9ebdf1 HTTP/1.1" status: 200 len: 1748 time: 0.0286500
2017-05-24 03:06:37.845 5724 INFO eventlet.wsgi.server [req-8a758268-ec6f-4af3-8b57-038a3746a9b4 - - - - -] 127.0.0.1 "GET /v1/nodes/e1369efa-5391-5035-8533-3a065c44a584 HTTP/1.1" status: 200 len: 1755 time: 0.0206330
2017-05-24 03:06:39.184 5733 INFO eventlet.wsgi.server [req-290616fb-7329-4abd-b87e-a79b9ddf8e54 - - - - -] 127.0.0.1 "GET /v1/nodes/c1a56cb3-fcef-59d5-8105-7e6815154f70 HTTP/1.1" status: 200 len: 1752 time: 0.0206709
2017-05-24 03:06:39.858 5724 INFO eventlet.wsgi.server [req-ebd9d6c9-7756-409d-961f-45ddccfa8992 - - - - -] 127.0.0.1 "GET /v1/nodes/93494378-56ee-5e22-b6f0-e3be3a9ebdf1 HTTP/1.1" status: 200 len: 1748 time: 0.0293698
2017-05-24 03:06:39.881 5724 INFO eventlet.wsgi.server [req-bbf831a7-7e4a-4388-a130-2e0a265b4dae - - - - -] 127.0.0.1 "GET /v1/nodes/e1369efa-5391-5035-8533-3a065c44a584 HTTP/1.1" status: 200 len: 1755 time: 0.0217621
2017-05-24 03:06:41.213 5733 INFO eventlet.wsgi.server [req-8818511c-e976-4fb0-b274-a3cdd8202cb8 - - - - -] 127.0.0.1 "GET /v1/nodes/c1a56cb3-fcef-59d5-8105-7e6815154f70 HTTP/1.1" status: 200 len: 1752 time: 0.0245700
2017-05-24 03:06:41.894 5724 INFO eventlet.wsgi.server [req-8dc61708-9d06-424b-a9df-614396a63a62 - - - - -] 127.0.0.1 "GET /v1/nodes/93494378-56ee-5e22-b6f0-e3be3a9ebdf1 HTTP/1.1" status: 200 len: 1748 time: 0.0298061
2017-05-24 03:06:41.915 5724 INFO eventlet.wsgi.server [req-487dd1d4-d340-43af-a7a5-be75514025de - - - - -] 127.0.0.1 "GET /v1/nodes/e1369efa-5391-5035-8533-3a065c44a584 HTTP/1.1" status: 200 len: 1755 time: 0.0205650
2017-05-24 03:06:43.247 5733 INFO eventlet.wsgi.server [req-3de0755e-a1cb-49cd-87c1-65f7a3a5e9cd - - - - -] 127.0.0.1 "GET /v1/nodes/c1a56cb3-fcef-59d5-8105-7e6815154f70 HTTP/1.1" status: 200 len: 1752 time: 0.0283751
2017-05-24 03:06:43.930 5724 INFO eventlet.wsgi.server [req-93e00f22-da84-449b-be1b-62db712a0384 - - - - -] 127.0.0.1 "GET /v1/nodes/93494378-56ee-5e22-b6f0-e3be3a9ebdf1 HTTP/1.1" status: 200 len: 1748 time: 0.0304320
2017-05-24 03:06:43.952 5724 INFO eventlet.wsgi.server [req-4a30280d-861b-46b6-8238-61b9fb5f105a - - - - -] 127.0.0.1 "GET /v1/nodes/e1369efa-5391-5035-8533-3a065c44a584 HTTP/1.1" status: 200 len: 1755 time: 0.0215960
2017-05-24 03:06:45.279 5733 INFO eventlet.wsgi.server [req-81ce2f16-233f-4aff-af51-6723c5256fef - - - - -] 127.0.0.1 "GET /v1/nodes/c1a56cb3-fcef-59d5-8105-7e6815154f70 HTTP/1.1" status: 200 len: 1752 time: 0.0246780
2017-05-24 03:06:45.967 5724 INFO eventlet.wsgi.server [req-5bd769d0-a160-48b4-80c1-4d70fc413f97 - - - - -] 127.0.0.1 "GET /v1/nodes/93494378-56ee-5e22-b6f0-e3be3a9ebdf1 HTTP/1.1" status: 200 len: 1748 time: 0.0310829
2017-05-24 03:06:45.989 5724 INFO eventlet.wsgi.server [req-4b59ce59-600f-44c3-9719-8f233491ebef - - - - -] 127.0.0.1 "GET /v1/nodes/e1369efa-5391-5035-8533-3a065c44a584 HTTP/1.1" status: 200 len: 1755 time: 0.0213771
2017-05-24 03:06:47.313 5733 INFO eventlet.wsgi.server [req-93e009d6-1213-4f70-b826-42321302d337 - - - - -] 127.0.0.1 "GET /v1/nodes/c1a56cb3-fcef-59d5-8105-7e6815154f70 HTTP/1.1" status: 200 len: 1752 time: 0.0287120
2017-05-24 03:06:48.004 5724 INFO eventlet.wsgi.server [req-2521c119-ea7b-41c7-8181-b463da5038d7 - - - - -] 127.0.0.1 "GET /v1/nodes/93494378-56ee-5e22-b6f0-e3be3a9ebdf1 HTTP/1.1" status: 200 len: 1748 time: 0.0316510
2017-05-24 03:06:48.028 5724 INFO eventlet.wsgi.server [req-bd11ad71-2406-4c24-bfe7-d52b57ef3158 - - - - -] 127.0.0.1 "GET /v1/nodes/e1369efa-5391-5035-8533-3a065c44a584 HTTP/1.1" status: 200 len: 1755 time: 0.0224791
2017-05-24 03:06:49.341 5733 INFO eventlet.wsgi.server [req-2141be7d-c178-4f36-9a62-81166662f1e5 - - - - -] 127.0.0.1 "GET /v1/nodes/c1a56cb3-fcef-59d5-8105-7e6815154f70 HTTP/1.1" status: 200 len: 1752 time: 0.0191150
2017-05-24 03:06:50.039 5724 INFO eventlet.wsgi.server [req-a95e45de-8963-4c17-a0f4-a9efa90a7e11 - - - - -] 127.0.0.1 "GET /v1/nodes/93494378-56ee-5e22-b6f0-e3be3a9ebdf1 HTTP/1.1" status: 200 len: 1748 time: 0.0287130
2017-05-24 03:06:50.061 5724 INFO eventlet.wsgi.server [req-2fc280b6-a361-4a70-b27d-4a141f32313c - - - - -] 127.0.0.1 "GET /v1/nodes/e1369efa-5391-5035-8533-3a065c44a584 HTTP/1.1" status: 200 len: 1755 time: 0.0198631
2017-05-24 03:06:51.377 5733 INFO eventlet.wsgi.server [req-0569423a-d47c-4dbf-8388-afb9a0c03040 - - - - -] 127.0.0.1 "GET /v1/nodes/c1a56cb3-fcef-59d5-8105-7e6815154f70 HTTP/1.1" status: 200 len: 1752 time: 0.0283251
2017-05-24 03:06:52.073 5724 INFO eventlet.wsgi.server [req-dcdaa2bb-3544-4a76-b780-e7b0f3555606 - - - - -] 127.0.0.1 "GET /v1/nodes/93494378-56ee-5e22-b6f0-e3be3a9ebdf1 HTTP/1.1" status: 200 len: 1748 time: 0.0285821
2017-05-24 03:06:52.095 5724 INFO eventlet.wsgi.server [req-4e5e398f-d785-400b-8fd0-59f5b3647139 - - - - -] 127.0.0.1 "GET /v1/nodes/e1369efa-5391-5035-8533-3a065c44a584 HTTP/1.1" status: 200 len: 1755 time: 0.0209012
2017-05-24 03:06:53.417 5733 INFO eventlet.wsgi.server [req-357d4530-6949-4b2c-918f-2e3ab521d0a6 - - - - -] 127.0.0.1 "GET /v1/nodes/c1a56cb3-fcef-59d5-8105-7e6815154f70 HTTP/1.1" status: 200 len: 1752 time: 0.0313261
2017-05-24 03:06:54.102 5724 INFO eventlet.wsgi.server [req-e96f1331-fa25-4c40-bcd0-96b360417cde - - - - -] 127.0.0.1 "GET /v1/nodes/93494378-56ee-5e22-b6f0-e3be3a9ebdf1 HTTP/1.1" status: 200 len: 1748 time: 0.0237701
2017-05-24 03:06:54.120 5724 INFO eventlet.wsgi.server [req-b4e3ed5f-3831-4af2-9f5b-210ee10bf164 - - - - -] 127.0.0.1 "GET /v1/nodes/e1369efa-5391-5035-8533-3a065c44a584 HTTP/1.1" status: 200 len: 1755 time: 0.0173950
2017-05-24 03:06:55.455 5733 INFO eventlet.wsgi.server [req-ba4f1b55-f5ed-4503-a962-c8d457a9194c - - - - -] 127.0.0.1 "GET /v1/nodes/c1a56cb3-fcef-59d5-8105-7e6815154f70 HTTP/1.1" status: 200 len: 1752 time: 0.0293000
2017-05-24 03:06:56.136 5724 INFO eventlet.wsgi.server [req-97dcc3b3-7362-4069-b5fb-01e046385391 - - - - -] 127.0.0.1 "GET /v1/nodes/93494378-56ee-5e22-b6f0-e3be3a9ebdf1 HTTP/1.1" status: 200 len: 1748 time: 0.0288539
2017-05-24 03:06:56.159 5724 INFO eventlet.wsgi.server [req-1b762a3d-0256-4ab2-8381-c50ac104f7cc - - - - -] 127.0.0.1 "GET /v1/nodes/e1369efa-5391-5035-8533-3a065c44a584 HTTP/1.1" status: 200 len: 1755 time: 0.0212271
2017-05-24 03:06:57.492 5733 INFO eventlet.wsgi.server [req-d57760d5-5862-4d1b-8fbf-3f5f15c5a73c - - - - -] 127.0.0.1 "GET /v1/nodes/c1a56cb3-fcef-59d5-8105-7e6815154f70 HTTP/1.1" status: 200 len: 1752 time: 0.0302660
2017-05-24 03:06:58.176 5724 INFO eventlet.wsgi.server [req-2f5eec80-9f7c-467b-b9d0-596bdb351aaf - - - - -] 127.0.0.1 "GET /v1/nodes/93494378-56ee-5e22-b6f0-e3be3a9ebdf1 HTTP/1.1" status: 200 len: 1748 time: 0.0332530
2017-05-24 03:06:58.198 5724 INFO eventlet.wsgi.server [req-f067d0ca-c39e-4447-98e8-f4e2f818c5f6 - - - - -] 127.0.0.1 "GET /v1/nodes/e1369efa-5391-5035-8533-3a065c44a584 HTTP/1.1" status: 200 len: 1755 time: 0.0199409
2017-05-24 03:06:59.524 5733 INFO eventlet.wsgi.server [req-e7c62d8b-c094-41bf-a952-91dfac607c1b - - - - -] 127.0.0.1 "GET /v1/nodes/c1a56cb3-fcef-59d5-8105-7e6815154f70 HTTP/1.1" status: 200 len: 1752 time: 0.0260649
2017-05-24 03:07:00.213 5724 INFO eventlet.wsgi.server [req-bb3c01b3-9345-4a23-8482-f271e61951f0 - - - - -] 127.0.0.1 "GET /v1/nodes/93494378-56ee-5e22-b6f0-e3be3a9ebdf1 HTTP/1.1" status: 200 len: 1748 time: 0.0308511
2017-05-24 03:07:00.237 5724 INFO eventlet.wsgi.server [req-ec783f4f-c942-4c55-805d-7e7a6565c668 - - - - -] 127.0.0.1 "GET /v1/nodes/e1369efa-5391-5035-8533-3a065c44a584 HTTP/1.1" status: 200 len: 1755 time: 0.0220509
2017-05-24 03:07:01.545 5733 INFO eventlet.wsgi.server [req-45dedbfb-959a-48aa-a25e-02255beb1cb7 - - - - -] 127.0.0.1 "GET /v1/nodes/c1a56cb3-fcef-59d5-8105-7e6815154f70 HTTP/1.1" status: 200 len: 1752 time: 0.0161550
2017-05-24 03:07:02.249 5724 INFO eventlet.wsgi.server [req-0fb54229-5273-4630-9122-4dcc59034d69 - - - - -] 127.0.0.1 "GET /v1/nodes/93494378-56ee-5e22-b6f0-e3be3a9ebdf1 HTTP/1.1" status: 200 len: 1748 time: 0.0309939
2017-05-24 03:07:02.272 5724 INFO eventlet.wsgi.server [req-6746a327-b690-4fdb-83d4-8896e6023233 - - - - -] 127.0.0.1 "GET /v1/nodes/e1369efa-5391-5035-8533-3a065c44a584 HTTP/1.1" status: 200 len: 1755 time: 0.0214400
2017-05-24 03:07:03.581 5733 INFO eventlet.wsgi.server [req-c27afe18-7bdd-4c75-a15d-8a3031bfa9f5 - - - - -] 127.0.0.1 "GET /v1/nodes/c1a56cb3-fcef-59d5-8105-7e6815154f70 HTTP/1.1" status: 200 len: 1752 time: 0.0299029
2017-05-24 03:07:04.284 5724 INFO eventlet.wsgi.server [req-bd30b8df-6288-4d60-bf70-614a02c46d70 - - - - -] 127.0.0.1 "GET /v1/nodes/93494378-56ee-5e22-b6f0-e3be3a9ebdf1 HTTP/1.1" status: 200 len: 1748 time: 0.0289810
2017-05-24 03:07:04.305 5724 INFO eventlet.wsgi.server [req-b37f7b4f-78aa-4651-bc58-c54ee2b0001a - - - - -] 127.0.0.1 "GET /v1/nodes/e1369efa-5391-5035-8533-3a065c44a584 HTTP/1.1" status: 200 len: 1755 time: 0.0195529
2017-05-24 03:07:05.618 5733 INFO eventlet.wsgi.server [req-eb832635-3d9b-417e-a1f1-ce29f177b8b7 - - - - -] 127.0.0.1 "GET /v1/nodes/c1a56cb3-fcef-59d5-8105-7e6815154f70 HTTP/1.1" status: 200 len: 1752 time: 0.0305450
2017-05-24 03:07:06.323 5724 INFO eventlet.wsgi.server [req-e590d27c-b39e-4e51-9d5a-7325693f8084 - - - - -] 127.0.0.1 "GET /v1/nodes/93494378-56ee-5e22-b6f0-e3be3a9ebdf1 HTTP/1.1" status: 200 len: 1748 time: 0.0326309
2017-05-24 03:07:06.351 5724 INFO eventlet.wsgi.server [req-909f92b7-5bc2-468d-beb5-3ee69a1da2da - - - - -] 127.0.0.1 "GET /v1/nodes/e1369efa-5391-5035-8533-3a065c44a584 HTTP/1.1" status: 200 len: 1755 time: 0.0267220
2017-05-24 03:07:07.655 5733 INFO eventlet.wsgi.server [req-f02fe585-bda8-4d45-913f-df0496e3dfe5 - - - - -] 127.0.0.1 "GET /v1/nodes/c1a56cb3-fcef-59d5-8105-7e6815154f70 HTTP/1.1" status: 200 len: 1752 time: 0.0301862
2017-05-24 03:07:08.358 5724 INFO eventlet.wsgi.server [req-179cf729-aff2-4c52-8986-d9774ad25990 - - - - -] 127.0.0.1 "GET /v1/nodes/93494378-56ee-5e22-b6f0-e3be3a9ebdf1 HTTP/1.1" status: 200 len: 1748 time: 0.0294690
2017-05-24 03:07:08.379 5724 INFO eventlet.wsgi.server [req-f04e5bc6-3892-491e-a4b0-70e4e0b31def - - - - -] 127.0.0.1 "GET /v1/nodes/e1369efa-5391-5035-8533-3a065c44a584 HTTP/1.1" status: 200 len: 1755 time: 0.0194368
2017-05-24 03:07:09.692 5733 INFO eventlet.wsgi.server [req-8c01177a-2545-4faa-94f7-89a6f0239c5a - - - - -] 127.0.0.1 "GET /v1/nodes/c1a56cb3-fcef-59d5-8105-7e6815154f70 HTTP/1.1" status: 200 len: 1752 time: 0.0313230
2017-05-24 03:07:10.386 5724 INFO eventlet.wsgi.server [req-5b95f647-f10a-47f1-88e9-b358ae644c1d - - - - -] 127.0.0.1 "GET /v1/nodes/93494378-56ee-5e22-b6f0-e3be3a9ebdf1 HTTP/1.1" status: 200 len: 1748 time: 0.0232630
2017-05-24 03:07:10.403 5724 INFO eventlet.wsgi.server [req-d57bf12e-4ddc-4f2c-b6fe-697b078eac33 - - - - -] 127.0.0.1 "GET /v1/nodes/e1369efa-5391-5035-8533-3a065c44a584 HTTP/1.1" status: 200 len: 1755 time: 0.0163491
2017-05-24 03:07:11.727 5733 INFO eventlet.wsgi.server [req-8a17a57c-627c-48e2-ac8c-0d21783b5f8d - - - - -] 127.0.0.1 "GET /v1/nodes/c1a56cb3-fcef-59d5-8105-7e6815154f70 HTTP/1.1" status: 200 len: 1752 time: 0.0287502
2017-05-24 03:07:12.422 5724 INFO eventlet.wsgi.server [req-ad96409d-b15d-43c4-8393-9d65e4adb5d7 - - - - -] 127.0.0.1 "GET /v1/nodes/93494378-56ee-5e22-b6f0-e3be3a9ebdf1 HTTP/1.1" status: 200 len: 1748 time: 0.0317011
2017-05-24 03:07:12.446 5724 INFO eventlet.wsgi.server [req-55928b28-62a3-4839-8f92-5f6b0c817136 - - - - -] 127.0.0.1 "GET /v1/nodes/e1369efa-5391-5035-8533-3a065c44a584 HTTP/1.1" status: 200 len: 1755 time: 0.0216300
2017-05-24 03:07:13.762 5733 INFO eventlet.wsgi.server [req-8fafa5a0-e349-4b07-ae1f-33e103b48fb1 - - - - -] 127.0.0.1 "GET /v1/nodes/c1a56cb3-fcef-59d5-8105-7e6815154f70 HTTP/1.1" status: 200 len: 1752 time: 0.0298531
2017-05-24 03:07:14.452 5724 INFO eventlet.wsgi.server [req-64447659-6de6-4c95-af69-11e0af07667d - - - - -] 127.0.0.1 "GET /v1/nodes/93494378-56ee-5e22-b6f0-e3be3a9ebdf1 HTTP/1.1" status: 200 len: 1748 time: 0.0257161
2017-05-24 03:07:14.472 5724 INFO eventlet.wsgi.server [req-afd2d694-988e-4f0a-857f-40608e17a2c3 - - - - -] 127.0.0.1 "GET /v1/nodes/e1369efa-5391-5035-8533-3a065c44a584 HTTP/1.1" status: 200 len: 1755 time: 0.0182099
2017-05-24 03:07:15.794 5733 INFO eventlet.wsgi.server [req-0a9f7d34-0a66-42bf-8f8e-46f5c5ea52f8 - - - - -] 127.0.0.1 "GET /v1/nodes/c1a56cb3-fcef-59d5-8105-7e6815154f70 HTTP/1.1" status: 200 len: 1752 time: 0.0250690
2017-05-24 03:07:16.492 5724 INFO eventlet.wsgi.server [req-cc969904-1c1f-4778-8ca3-df32652d4fb2 - - - - -] 127.0.0.1 "GET /v1/nodes/93494378-56ee-5e22-b6f0-e3be3a9ebdf1 HTTP/1.1" status: 200 len: 1748 time: 0.0336909
2017-05-24 03:07:16.516 5724 INFO eventlet.wsgi.server [req-a3700ec0-4c57-46e6-b19e-d01661c9d576 - - - - -] 127.0.0.1 "GET /v1/nodes/e1369efa-5391-5035-8533-3a065c44a584 HTTP/1.1" status: 200 len: 1755 time: 0.0228989
2017-05-24 03:07:16.529 5735 INFO eventlet.wsgi.server [req-5ba95953-f132-476c-b117-83d3a94e7b24 - - - - -] 127.0.0.1 "GET /v1/nodes HTTP/1.1" status: 200 len: 1477 time: 0.0599530
2017-05-24 03:07:17.829 5733 INFO eventlet.wsgi.server [req-01dcb54b-fe62-4edd-9e8c-e90f77f4f906 - - - - -] 127.0.0.1 "GET /v1/nodes/c1a56cb3-fcef-59d5-8105-7e6815154f70 HTTP/1.1" status: 200 len: 1752 time: 0.0290411
2017-05-24 03:07:18.527 5724 INFO eventlet.wsgi.server [req-32a148cd-6236-4291-bdd2-56b44a92a81e - - - - -] 127.0.0.1 "GET /v1/nodes/93494378-56ee-5e22-b6f0-e3be3a9ebdf1 HTTP/1.1" status: 200 len: 1748 time: 0.0297749
2017-05-24 03:07:18.553 5724 INFO eventlet.wsgi.server [req-895f4098-5133-4e9d-a1a0-d292d5a20a42 - - - - -] 127.0.0.1 "GET /v1/nodes/e1369efa-5391-5035-8533-3a065c44a584 HTTP/1.1" status: 200 len: 1755 time: 0.0250301
2017-05-24 03:07:19.866 5733 INFO eventlet.wsgi.server [req-74c69b59-a844-4677-925c-1297067557ad - - - - -] 127.0.0.1 "GET /v1/nodes/c1a56cb3-fcef-59d5-8105-7e6815154f70 HTTP/1.1" status: 200 len: 1752 time: 0.0322392
2017-05-24 03:07:20.561 5724 INFO eventlet.wsgi.server [req-d94bc019-d8c6-4639-9821-d3443ddc915a - - - - -] 127.0.0.1 "GET /v1/nodes/93494378-56ee-5e22-b6f0-e3be3a9ebdf1 HTTP/1.1" status: 200 len: 1748 time: 0.0290902
2017-05-24 03:07:20.579 5724 INFO eventlet.wsgi.server [req-63fbfa64-8e6a-4909-abad-48e219777f53 - - - - -] 127.0.0.1 "GET /v1/nodes/e1369efa-5391-5035-8533-3a065c44a584 HTTP/1.1" status: 200 len: 1755 time: 0.0168788
2017-05-24 03:07:21.902 5733 INFO eventlet.wsgi.server [req-33de8258-5d94-4eee-8e76-b7d79f481003 - - - - -] 127.0.0.1 "GET /v1/nodes/c1a56cb3-fcef-59d5-8105-7e6815154f70 HTTP/1.1" status: 200 len: 1752 time: 0.0302591
2017-05-24 03:07:22.593 5724 INFO eventlet.wsgi.server [req-ae575fc8-200a-4fda-afba-9cf32dd7bd8b - - - - -] 127.0.0.1 "GET /v1/nodes/93494378-56ee-5e22-b6f0-e3be3a9ebdf1 HTTP/1.1" status: 200 len: 1748 time: 0.0248730
2017-05-24 03:07:22.611 5724 INFO eventlet.wsgi.server [req-57e4a679-93a7-4f1b-b54f-a2cef30b8123 - - - - -] 127.0.0.1 "GET /v1/nodes/e1369efa-5391-5035-8533-3a065c44a584 HTTP/1.1" status: 200 len: 1755 time: 0.0169351
2017-05-24 03:07:23.939 5733 INFO eventlet.wsgi.server [req-991d8a23-f44c-4206-86bf-704886f6565c - - - - -] 127.0.0.1 "GET /v1/nodes/c1a56cb3-fcef-59d5-8105-7e6815154f70 HTTP/1.1" status: 200 len: 1752 time: 0.0315909
2017-05-24 03:07:24.624 5724 INFO eventlet.wsgi.server [req-0acc78b1-912a-4f94-b5e5-339877948949 - - - - -] 127.0.0.1 "GET /v1/nodes/93494378-56ee-5e22-b6f0-e3be3a9ebdf1 HTTP/1.1" status: 200 len: 1748 time: 0.0264902
2017-05-24 03:07:24.644 5724 INFO eventlet.wsgi.server [req-2aa026f5-68bb-4121-a1dd-f902a3156f3b - - - - -] 127.0.0.1 "GET /v1/nodes/e1369efa-5391-5035-8533-3a065c44a584 HTTP/1.1" status: 200 len: 1755 time: 0.0184851
2017-05-24 03:07:25.979 5733 INFO eventlet.wsgi.server [req-663dc913-3105-420d-a27f-1e5bc3b254cb - - - - -] 127.0.0.1 "GET /v1/nodes/c1a56cb3-fcef-59d5-8105-7e6815154f70 HTTP/1.1" status: 200 len: 1752 time: 0.0332720
2017-05-24 03:07:26.661 5724 INFO eventlet.wsgi.server [req-4e96283f-dbd7-4a0b-99f9-c2f13474e5b9 - - - - -] 127.0.0.1 "GET /v1/nodes/93494378-56ee-5e22-b6f0-e3be3a9ebdf1 HTTP/1.1" status: 200 len: 1748 time: 0.0306439
2017-05-24 03:07:26.684 5724 INFO eventlet.wsgi.server [req-116bd243-5dab-4595-91bb-824f786dabea - - - - -] 127.0.0.1 "GET /v1/nodes/e1369efa-5391-5035-8533-3a065c44a584 HTTP/1.1" status: 200 len: 1755 time: 0.0206749
2017-05-24 03:07:28.016 5733 INFO eventlet.wsgi.server [req-615aa495-8070-4f8e-896b-d6bbaf3055c7 - - - - -] 127.0.0.1 "GET /v1/nodes/c1a56cb3-fcef-59d5-8105-7e6815154f70 HTTP/1.1" status: 200 len: 1752 time: 0.0302689
2017-05-24 03:07:28.697 5724 INFO eventlet.wsgi.server [req-9c10c74a-57ee-47fc-8a9f-f2af622c7eb5 - - - - -] 127.0.0.1 "GET /v1/nodes/93494378-56ee-5e22-b6f0-e3be3a9ebdf1 HTTP/1.1" status: 200 len: 1748 time: 0.0302799
2017-05-24 03:07:28.722 5724 INFO eventlet.wsgi.server [req-bff46a66-ba71-444a-83df-057e71f8089a - - - - -] 127.0.0.1 "GET /v1/nodes/e1369efa-5391-5035-8533-3a065c44a584 HTTP/1.1" status: 200 len: 1755 time: 0.0237992
2017-05-24 03:07:30.041 5733 INFO eventlet.wsgi.server [req-c8ed4275-0810-4ef7-afe9-5e9f35229042 - - - - -] 127.0.0.1 "GET /v1/nodes/c1a56cb3-fcef-59d5-8105-7e6815154f70 HTTP/1.1" status: 200 len: 1752 time: 0.0204320
2017-05-24 03:07:30.736 5724 INFO eventlet.wsgi.server [req-e64ad0d8-a2b2-444a-b806-17bb2a0345d3 - - - - -] 127.0.0.1 "GET /v1/nodes/93494378-56ee-5e22-b6f0-e3be3a9ebdf1 HTTP/1.1" status: 200 len: 1748 time: 0.0332170
2017-05-24 03:07:30.758 5724 INFO eventlet.wsgi.server [req-51fa58db-cb09-439a-be5e-6343ed11b1f6 - - - - -] 127.0.0.1 "GET /v1/nodes/e1369efa-5391-5035-8533-3a065c44a584 HTTP/1.1" status: 200 len: 1755 time: 0.0199890
2017-05-24 03:07:32.080 5733 INFO eventlet.wsgi.server [req-bd9a56ef-1cb8-416d-92a5-ae065c89931f - - - - -] 127.0.0.1 "GET /v1/nodes/c1a56cb3-fcef-59d5-8105-7e6815154f70 HTTP/1.1" status: 200 len: 1752 time: 0.0337150
2017-05-24 03:07:32.770 5724 INFO eventlet.wsgi.server [req-4a20d461-4914-4938-a752-0270791bc9e5 - - - - -] 127.0.0.1 "GET /v1/nodes/93494378-56ee-5e22-b6f0-e3be3a9ebdf1 HTTP/1.1" status: 200 len: 1748 time: 0.0286300
2017-05-24 03:07:32.792 5724 INFO eventlet.wsgi.server [req-3632e442-a894-47b4-8805-18754145e1aa - - - - -] 127.0.0.1 "GET /v1/nodes/e1369efa-5391-5035-8533-3a065c44a584 HTTP/1.1" status: 200 len: 1755 time: 0.0206790
2017-05-24 03:07:34.100 5733 INFO eventlet.wsgi.server [req-f33e51c0-d55e-4f3c-965b-7bcf875b4b92 - - - - -] 127.0.0.1 "GET /v1/nodes/c1a56cb3-fcef-59d5-8105-7e6815154f70 HTTP/1.1" status: 200 len: 1752 time: 0.0160580
2017-05-24 03:07:34.804 5724 INFO eventlet.wsgi.server [req-2dd6c8c2-575b-4cb6-8a55-67585966171b - - - - -] 127.0.0.1 "GET /v1/nodes/93494378-56ee-5e22-b6f0-e3be3a9ebdf1 HTTP/1.1" status: 200 len: 1748 time: 0.0289450
2017-05-24 03:07:34.827 5724 INFO eventlet.wsgi.server [req-85f3516d-5397-4fb6-a9c6-8afd839d9ef1 - - - - -] 127.0.0.1 "GET /v1/nodes/e1369efa-5391-5035-8533-3a065c44a584 HTTP/1.1" status: 200 len: 1755 time: 0.0216861
2017-05-24 03:07:36.135 5733 INFO eventlet.wsgi.server [req-91a7cc13-100f-4adc-9d8e-b5c56ccd41ee - - - - -] 127.0.0.1 "GET /v1/nodes/c1a56cb3-fcef-59d5-8105-7e6815154f70 HTTP/1.1" status: 200 len: 1752 time: 0.0298941
2017-05-24 03:07:36.838 5724 INFO eventlet.wsgi.server [req-3f5316e0-9cde-4fce-9129-5644d7d3338a - - - - -] 127.0.0.1 "GET /v1/nodes/93494378-56ee-5e22-b6f0-e3be3a9ebdf1 HTTP/1.1" status: 200 len: 1748 time: 0.0284982
2017-05-24 03:07:36.859 5724 INFO eventlet.wsgi.server [req-cee24622-658d-4063-a37b-9c6bb94f84cf - - - - -] 127.0.0.1 "GET /v1/nodes/e1369efa-5391-5035-8533-3a065c44a584 HTTP/1.1" status: 200 len: 1755 time: 0.0205090
2017-05-24 03:07:38.166 5733 INFO eventlet.wsgi.server [req-f43ef67d-6682-4472-9cde-00cdef0938f4 - - - - -] 127.0.0.1 "GET /v1/nodes/c1a56cb3-fcef-59d5-8105-7e6815154f70 HTTP/1.1" status: 200 len: 1752 time: 0.0270941
2017-05-24 03:07:38.871 5724 INFO eventlet.wsgi.server [req-8f63b6d1-7446-4e5f-93c8-7fadd24ab8c1 - - - - -] 127.0.0.1 "GET /v1/nodes/93494378-56ee-5e22-b6f0-e3be3a9ebdf1 HTTP/1.1" status: 200 len: 1748 time: 0.0283930
2017-05-24 03:07:38.893 5724 INFO eventlet.wsgi.server [req-8d0f64b9-2232-4374-9eea-178bab413bda - - - - -] 127.0.0.1 "GET /v1/nodes/e1369efa-5391-5035-8533-3a065c44a584 HTTP/1.1" status: 200 len: 1755 time: 0.0205231
2017-05-24 03:07:40.206 5733 INFO eventlet.wsgi.server [req-92d32e02-c876-4c29-bfcc-0246f7606bba - - - - -] 127.0.0.1 "GET /v1/nodes/c1a56cb3-fcef-59d5-8105-7e6815154f70 HTTP/1.1" status: 200 len: 1752 time: 0.0342910
2017-05-24 03:07:40.904 5724 INFO eventlet.wsgi.server [req-fec29936-4000-4007-a2b2-00368b83e1e5 - - - - -] 127.0.0.1 "GET /v1/nodes/93494378-56ee-5e22-b6f0-e3be3a9ebdf1 HTTP/1.1" status: 200 len: 1748 time: 0.0285461
2017-05-24 03:07:40.929 5724 INFO eventlet.wsgi.server [req-6a86df85-1fbf-4f24-8272-494eff6cde81 - - - - -] 127.0.0.1 "GET /v1/nodes/e1369efa-5391-5035-8533-3a065c44a584 HTTP/1.1" status: 200 len: 1755 time: 0.0236051
2017-05-24 03:07:42.241 5733 INFO eventlet.wsgi.server [req-c3885052-5b17-4630-babd-e5a8b07767af - - - - -] 127.0.0.1 "GET /v1/nodes/c1a56cb3-fcef-59d5-8105-7e6815154f70 HTTP/1.1" status: 200 len: 1752 time: 0.0299449
2017-05-24 03:07:42.940 5724 INFO eventlet.wsgi.server [req-e6b268ea-c51e-4bca-bf8f-65de926124aa - - - - -] 127.0.0.1 "GET /v1/nodes/93494378-56ee-5e22-b6f0-e3be3a9ebdf1 HTTP/1.1" status: 200 len: 1748 time: 0.0309370
2017-05-24 03:07:42.962 5724 INFO eventlet.wsgi.server [req-1456ca33-4e54-4215-a3d0-52b0f8725e62 - - - - -] 127.0.0.1 "GET /v1/nodes/e1369efa-5391-5035-8533-3a065c44a584 HTTP/1.1" status: 200 len: 1755 time: 0.0205681
2017-05-24 03:07:44.260 5733 INFO eventlet.wsgi.server [req-5ff8376a-1f54-4ec5-9882-4999f15f966d - - - - -] 127.0.0.1 "GET /v1/nodes/c1a56cb3-fcef-59d5-8105-7e6815154f70 HTTP/1.1" status: 200 len: 1752 time: 0.0165930
2017-05-24 03:07:44.964 5724 INFO eventlet.wsgi.server [req-1950d200-b9e8-4bb1-861d-3779da4a7ea7 - - - - -] 127.0.0.1 "GET /v1/nodes/93494378-56ee-5e22-b6f0-e3be3a9ebdf1 HTTP/1.1" status: 200 len: 1748 time: 0.0190489
2017-05-24 03:07:44.983 5724 INFO eventlet.wsgi.server [req-7ebc638a-186e-4102-bf16-0c5f1d949b40 - - - - -] 127.0.0.1 "GET /v1/nodes/e1369efa-5391-5035-8533-3a065c44a584 HTTP/1.1" status: 200 len: 1755 time: 0.0146890
2017-05-24 03:07:46.283 5733 INFO eventlet.wsgi.server [req-e5ea0ed6-bb7d-4171-a2e7-1d4032d299da - - - - -] 127.0.0.1 "GET /v1/nodes/c1a56cb3-fcef-59d5-8105-7e6815154f70 HTTP/1.1" status: 200 len: 1752 time: 0.0210021
2017-05-24 03:07:46.997 5724 INFO eventlet.wsgi.server [req-83f78726-4f69-4aa4-942e-0571f5e68f97 - - - - -] 127.0.0.1 "GET /v1/nodes/93494378-56ee-5e22-b6f0-e3be3a9ebdf1 HTTP/1.1" status: 200 len: 1748 time: 0.0288970
2017-05-24 03:07:47.020 5724 INFO eventlet.wsgi.server [req-daa28dc1-1afd-4ba0-a199-ca4a81631ad5 - - - - -] 127.0.0.1 "GET /v1/nodes/e1369efa-5391-5035-8533-3a065c44a584 HTTP/1.1" status: 200 len: 1755 time: 0.0213940
2017-05-24 03:07:48.318 5733 INFO eventlet.wsgi.server [req-67ee9afb-203b-474c-9e4a-9c5d03c4bbb5 - - - - -] 127.0.0.1 "GET /v1/nodes/c1a56cb3-fcef-59d5-8105-7e6815154f70 HTTP/1.1" status: 200 len: 1752 time: 0.0299940
2017-05-24 03:07:49.030 5724 INFO eventlet.wsgi.server [req-0f212a4e-6405-481e-be1a-c3c3e80b7fdf - - - - -] 127.0.0.1 "GET /v1/nodes/93494378-56ee-5e22-b6f0-e3be3a9ebdf1 HTTP/1.1" status: 200 len: 1748 time: 0.0282969
2017-05-24 03:07:49.054 5724 INFO eventlet.wsgi.server [req-fd585eba-7dc7-4d16-814b-d520d724a165 - - - - -] 127.0.0.1 "GET /v1/nodes/e1369efa-5391-5035-8533-3a065c44a584 HTTP/1.1" status: 200 len: 1755 time: 0.0217190
2017-05-24 03:07:50.352 5733 INFO eventlet.wsgi.server [req-1590e3e3-7a61-4a10-827c-b54616a68523 - - - - -] 127.0.0.1 "GET /v1/nodes/c1a56cb3-fcef-59d5-8105-7e6815154f70 HTTP/1.1" status: 200 len: 1752 time: 0.0283351
2017-05-24 03:07:51.065 5724 INFO eventlet.wsgi.server [req-92e60c6e-1736-4f16-8afb-91034b768fb6 - - - - -] 127.0.0.1 "GET /v1/nodes/93494378-56ee-5e22-b6f0-e3be3a9ebdf1 HTTP/1.1" status: 200 len: 1748 time: 0.0291219
2017-05-24 03:07:51.087 5724 INFO eventlet.wsgi.server [req-15159088-673c-43a6-b000-1c67b0147f15 - - - - -] 127.0.0.1 "GET /v1/nodes/e1369efa-5391-5035-8533-3a065c44a584 HTTP/1.1" status: 200 len: 1755 time: 0.0211821
2017-05-24 03:07:52.389 5733 INFO eventlet.wsgi.server [req-b30a1c34-3182-4476-bbd0-ebd3edc676dc - - - - -] 127.0.0.1 "GET /v1/nodes/c1a56cb3-fcef-59d5-8105-7e6815154f70 HTTP/1.1" status: 200 len: 1752 time: 0.0306129
2017-05-24 03:07:53.101 5724 INFO eventlet.wsgi.server [req-769b4232-b1cf-48c3-acea-dcfc985580fd - - - - -] 127.0.0.1 "GET /v1/nodes/93494378-56ee-5e22-b6f0-e3be3a9ebdf1 HTTP/1.1" status: 200 len: 1748 time: 0.0316370
2017-05-24 03:07:53.124 5724 INFO eventlet.wsgi.server [req-14f9792b-f7ae-43b0-9e7e-0092036987d2 - - - - -] 127.0.0.1 "GET /v1/nodes/e1369efa-5391-5035-8533-3a065c44a584 HTTP/1.1" status: 200 len: 1755 time: 0.0217500
2017-05-24 03:07:54.423 5733 INFO eventlet.wsgi.server [req-475714d7-f6a5-43e2-ab0c-3619d3ef770e - - - - -] 127.0.0.1 "GET /v1/nodes/c1a56cb3-fcef-59d5-8105-7e6815154f70 HTTP/1.1" status: 200 len: 1752 time: 0.0283282
2017-05-24 03:07:55.138 5724 INFO eventlet.wsgi.server [req-d5aa6ccf-4072-4e08-9901-e82edfb2dc19 - - - - -] 127.0.0.1 "GET /v1/nodes/93494378-56ee-5e22-b6f0-e3be3a9ebdf1 HTTP/1.1" status: 200 len: 1748 time: 0.0313740
2017-05-24 03:07:55.161 5724 INFO eventlet.wsgi.server [req-1453d0b0-8fac-4f17-b083-c0a135355216 - - - - -] 127.0.0.1 "GET /v1/nodes/e1369efa-5391-5035-8533-3a065c44a584 HTTP/1.1" status: 200 len: 1755 time: 0.0216010
2017-05-24 03:07:56.443 5733 INFO eventlet.wsgi.server [req-eff0cd38-0156-46c4-9baa-2201a1795522 - - - - -] 127.0.0.1 "GET /v1/nodes/c1a56cb3-fcef-59d5-8105-7e6815154f70 HTTP/1.1" status: 200 len: 1752 time: 0.0168300
2017-05-24 03:07:57.173 5724 INFO eventlet.wsgi.server [req-528ef859-5494-4353-b743-5083afd4b862 - - - - -] 127.0.0.1 "GET /v1/nodes/93494378-56ee-5e22-b6f0-e3be3a9ebdf1 HTTP/1.1" status: 200 len: 1748 time: 0.0292411
2017-05-24 03:07:57.196 5724 INFO eventlet.wsgi.server [req-422de9a9-8f31-4b23-b921-7db2883ba8c2 - - - - -] 127.0.0.1 "GET /v1/nodes/e1369efa-5391-5035-8533-3a065c44a584 HTTP/1.1" status: 200 len: 1755 time: 0.0220699
2017-05-24 03:07:58.477 5733 INFO eventlet.wsgi.server [req-52faf565-e8d7-417e-b6dc-eb75c3dda45c - - - - -] 127.0.0.1 "GET /v1/nodes/c1a56cb3-fcef-59d5-8105-7e6815154f70 HTTP/1.1" status: 200 len: 1752 time: 0.0284700
2017-05-24 03:07:59.220 5724 INFO eventlet.wsgi.server [req-64f838aa-5eed-4d7d-9893-9049a85f1d83 - - - - -] 127.0.0.1 "GET /v1/nodes/93494378-56ee-5e22-b6f0-e3be3a9ebdf1 HTTP/1.1" status: 200 len: 1748 time: 0.0418961
2017-05-24 03:07:59.252 5724 INFO eventlet.wsgi.server [req-1d874958-6c9a-46d5-971a-23add27c63e3 - - - - -] 127.0.0.1 "GET /v1/nodes/e1369efa-5391-5035-8533-3a065c44a584 HTTP/1.1" status: 200 len: 1755 time: 0.0298669
2017-05-24 03:08:00.500 5733 INFO eventlet.wsgi.server [req-6d079cdd-4a7f-4d50-b7d9-5c53453edfa0 - - - - -] 127.0.0.1 "GET /v1/nodes/c1a56cb3-fcef-59d5-8105-7e6815154f70 HTTP/1.1" status: 200 len: 1752 time: 0.0185111
2017-05-24 03:08:01.254 5724 INFO eventlet.wsgi.server [req-d472d8bf-337f-4b9c-9b0a-833917ea5c73 - - - - -] 127.0.0.1 "GET /v1/nodes/93494378-56ee-5e22-b6f0-e3be3a9ebdf1 HTTP/1.1" status: 200 len: 1748 time: 0.0284410
2017-05-24 03:08:01.276 5724 INFO eventlet.wsgi.server [req-5f7ac2ba-44a0-462a-9646-7282908f6469 - - - - -] 127.0.0.1 "GET /v1/nodes/e1369efa-5391-5035-8533-3a065c44a584 HTTP/1.1" status: 200 len: 1755 time: 0.0194561
2017-05-24 03:08:02.532 5733 INFO eventlet.wsgi.server [req-edd96452-130b-4330-9f6b-a923262b97c9 - - - - -] 127.0.0.1 "GET /v1/nodes/c1a56cb3-fcef-59d5-8105-7e6815154f70 HTTP/1.1" status: 200 len: 1752 time: 0.0266809
2017-05-24 03:08:03.283 5724 INFO eventlet.wsgi.server [req-35ecfbf0-2e9f-4b19-bd3d-8b799a2a1f54 - - - - -] 127.0.0.1 "GET /v1/nodes/93494378-56ee-5e22-b6f0-e3be3a9ebdf1 HTTP/1.1" status: 200 len: 1748 time: 0.0258520
2017-05-24 03:08:03.304 5724 INFO eventlet.wsgi.server [req-9cc3e281-e26f-4142-a04f-b407253f758f - - - - -] 127.0.0.1 "GET /v1/nodes/e1369efa-5391-5035-8533-3a065c44a584 HTTP/1.1" status: 200 len: 1755 time: 0.0199380
2017-05-24 03:08:04.565 5733 INFO eventlet.wsgi.server [req-21c6ac10-a51d-456a-a2b1-c616a98e24d7 - - - - -] 127.0.0.1 "GET /v1/nodes/c1a56cb3-fcef-59d5-8105-7e6815154f70 HTTP/1.1" status: 200 len: 1752 time: 0.0279422
2017-05-24 03:08:05.312 5724 INFO eventlet.wsgi.server [req-f22a130e-e6c4-4eac-ad02-c7e0b7d16ad5 - - - - -] 127.0.0.1 "GET /v1/nodes/93494378-56ee-5e22-b6f0-e3be3a9ebdf1 HTTP/1.1" status: 200 len: 1748 time: 0.0247090
2017-05-24 03:08:05.330 5724 INFO eventlet.wsgi.server [req-0625a0c3-1ebe-4af7-969a-d07abae0e779 - - - - -] 127.0.0.1 "GET /v1/nodes/e1369efa-5391-5035-8533-3a065c44a584 HTTP/1.1" status: 200 len: 1755 time: 0.0169358
2017-05-24 03:08:06.601 5733 INFO eventlet.wsgi.server [req-0c414109-f8cd-4c5e-9816-e9a6ef51beb9 - - - - -] 127.0.0.1 "GET /v1/nodes/c1a56cb3-fcef-59d5-8105-7e6815154f70 HTTP/1.1" status: 200 len: 1752 time: 0.0315251
2017-05-24 03:08:07.347 5724 INFO eventlet.wsgi.server [req-576a77ca-1caf-4039-8d7c-fa4a830ca256 - - - - -] 127.0.0.1 "GET /v1/nodes/93494378-56ee-5e22-b6f0-e3be3a9ebdf1 HTTP/1.1" status: 200 len: 1748 time: 0.0297291
2017-05-24 03:08:07.369 5724 INFO eventlet.wsgi.server [req-78be26d1-b260-4f0c-8c20-968f4cc83021 - - - - -] 127.0.0.1 "GET /v1/nodes/e1369efa-5391-5035-8533-3a065c44a584 HTTP/1.1" status: 200 len: 1755 time: 0.0203938
2017-05-24 03:08:08.635 5733 INFO eventlet.wsgi.server [req-efabc4b0-04a5-427f-8163-e4089fd24c95 - - - - -] 127.0.0.1 "GET /v1/nodes/c1a56cb3-fcef-59d5-8105-7e6815154f70 HTTP/1.1" status: 200 len: 1752 time: 0.0285959
2017-05-24 03:08:09.381 5724 INFO eventlet.wsgi.server [req-4ba49c27-d1ac-4122-8b42-24e55c8e0fdd - - - - -] 127.0.0.1 "GET /v1/nodes/93494378-56ee-5e22-b6f0-e3be3a9ebdf1 HTTP/1.1" status: 200 len: 1748 time: 0.0283759
2017-05-24 03:08:09.402 5724 INFO eventlet.wsgi.server [req-a9f24775-88ff-429b-b46c-c88dd85c30d3 - - - - -] 127.0.0.1 "GET /v1/nodes/e1369efa-5391-5035-8533-3a065c44a584 HTTP/1.1" status: 200 len: 1755 time: 0.0204370
2017-05-24 03:08:10.709 5733 INFO eventlet.wsgi.server [req-642b1874-3012-44cb-bd8f-839ff778c4e5 - - - - -] 127.0.0.1 "GET /v1/nodes/c1a56cb3-fcef-59d5-8105-7e6815154f70 HTTP/1.1" status: 200 len: 1752 time: 0.0695331
2017-05-24 03:08:11.415 5724 INFO eventlet.wsgi.server [req-6b6e1d30-2d14-482c-9418-6d3f8020eb32 - - - - -] 127.0.0.1 "GET /v1/nodes/93494378-56ee-5e22-b6f0-e3be3a9ebdf1 HTTP/1.1" status: 200 len: 1748 time: 0.0293009
2017-05-24 03:08:11.439 5724 INFO eventlet.wsgi.server [req-5ca43f6d-2f48-410d-9ee2-db139b949836 - - - - -] 127.0.0.1 "GET /v1/nodes/e1369efa-5391-5035-8533-3a065c44a584 HTTP/1.1" status: 200 len: 1755 time: 0.0222151
2017-05-24 03:08:12.744 5733 INFO eventlet.wsgi.server [req-0fddea77-1bd1-4cba-bd6f-31672c52f26b - - - - -] 127.0.0.1 "GET /v1/nodes/c1a56cb3-fcef-59d5-8105-7e6815154f70 HTTP/1.1" status: 200 len: 1752 time: 0.0302832
2017-05-24 03:08:13.450 5724 INFO eventlet.wsgi.server [req-c17bbf4f-175d-4950-b76a-4d4978d5d91c - - - - -] 127.0.0.1 "GET /v1/nodes/93494378-56ee-5e22-b6f0-e3be3a9ebdf1 HTTP/1.1" status: 200 len: 1748 time: 0.0292661
2017-05-24 03:08:13.471 5724 INFO eventlet.wsgi.server [req-4298c9ea-1a4f-4e23-af82-de74392ad0ad - - - - -] 127.0.0.1 "GET /v1/nodes/e1369efa-5391-5035-8533-3a065c44a584 HTTP/1.1" status: 200 len: 1755 time: 0.0202839
2017-05-24 03:08:14.775 5733 INFO eventlet.wsgi.server [req-b48bc95e-b85c-40df-8dbc-b5488d986231 - - - - -] 127.0.0.1 "GET /v1/nodes/c1a56cb3-fcef-59d5-8105-7e6815154f70 HTTP/1.1" status: 200 len: 1752 time: 0.0255668
2017-05-24 03:08:15.486 5724 INFO eventlet.wsgi.server [req-666f9867-0c4d-45a1-9b28-fb8d427b8daa - - - - -] 127.0.0.1 "GET /v1/nodes/93494378-56ee-5e22-b6f0-e3be3a9ebdf1 HTTP/1.1" status: 200 len: 1748 time: 0.0308180
2017-05-24 03:08:15.509 5724 INFO eventlet.wsgi.server [req-83d97dec-bb3a-4754-bc22-bcabe3ad90c9 - - - - -] 127.0.0.1 "GET /v1/nodes/e1369efa-5391-5035-8533-3a065c44a584 HTTP/1.1" status: 200 len: 1755 time: 0.0213130
2017-05-24 03:08:16.500 5728 INFO eventlet.wsgi.server [req-69bfaebb-3de5-420f-b755-f7e4e729f613 - - - - -] 127.0.0.1 "GET /v1/nodes HTTP/1.1" status: 200 len: 1477 time: 0.0333261
2017-05-24 03:08:16.808 5733 INFO eventlet.wsgi.server [req-3dc3dce4-131f-423b-8ab0-c3f00a3b0a56 - - - - -] 127.0.0.1 "GET /v1/nodes/c1a56cb3-fcef-59d5-8105-7e6815154f70 HTTP/1.1" status: 200 len: 1752 time: 0.0274172
2017-05-24 03:08:17.520 5724 INFO eventlet.wsgi.server [req-31d35afc-336f-4ae5-aeb4-b44b2b46242c - - - - -] 127.0.0.1 "GET /v1/nodes/93494378-56ee-5e22-b6f0-e3be3a9ebdf1 HTTP/1.1" status: 200 len: 1748 time: 0.0285010
2017-05-24 03:08:17.541 5724 INFO eventlet.wsgi.server [req-ff74ab74-5e3a-40ef-b8f8-4a9da44a2a76 - - - - -] 127.0.0.1 "GET /v1/nodes/e1369efa-5391-5035-8533-3a065c44a584 HTTP/1.1" status: 200 len: 1755 time: 0.0204799
2017-05-24 03:08:18.847 5733 INFO eventlet.wsgi.server [req-1c0dd5ca-3125-4888-8290-25ade3e4754a - - - - -] 127.0.0.1 "GET /v1/nodes/c1a56cb3-fcef-59d5-8105-7e6815154f70 HTTP/1.1" status: 200 len: 1752 time: 0.0298390
2017-05-24 03:08:19.559 5724 INFO eventlet.wsgi.server [req-a6776d1b-a8f6-47ca-b346-65b50cca7308 - - - - -] 127.0.0.1 "GET /v1/nodes/93494378-56ee-5e22-b6f0-e3be3a9ebdf1 HTTP/1.1" status: 200 len: 1748 time: 0.0310800
2017-05-24 03:08:19.580 5724 INFO eventlet.wsgi.server [req-5e497ca4-4397-48f6-81fd-0f147aea27da - - - - -] 127.0.0.1 "GET /v1/nodes/e1369efa-5391-5035-8533-3a065c44a584 HTTP/1.1" status: 200 len: 1755 time: 0.0200551
2017-05-24 03:08:20.879 5733 INFO eventlet.wsgi.server [req-a8e844ed-4a13-42aa-aa51-446f3739a09f - - - - -] 127.0.0.1 "GET /v1/nodes/c1a56cb3-fcef-59d5-8105-7e6815154f70 HTTP/1.1" status: 200 len: 1752 time: 0.0273328
2017-05-24 03:08:21.592 5724 INFO eventlet.wsgi.server [req-3b722d9f-9b30-445c-a4bf-450946d03c09 - - - - -] 127.0.0.1 "GET /v1/nodes/93494378-56ee-5e22-b6f0-e3be3a9ebdf1 HTTP/1.1" status: 200 len: 1748 time: 0.0283210
2017-05-24 03:08:21.614 5724 INFO eventlet.wsgi.server [req-c6801b66-05d7-4b8d-bad5-76c8d7748a86 - - - - -] 127.0.0.1 "GET /v1/nodes/e1369efa-5391-5035-8533-3a065c44a584 HTTP/1.1" status: 200 len: 1755 time: 0.0205019
2017-05-24 03:08:22.913 5733 INFO eventlet.wsgi.server [req-e02224a7-67b5-48e7-81cd-3c928a28b0b5 - - - - -] 127.0.0.1 "GET /v1/nodes/c1a56cb3-fcef-59d5-8105-7e6815154f70 HTTP/1.1" status: 200 len: 1752 time: 0.0287211
2017-05-24 03:08:23.626 5724 INFO eventlet.wsgi.server [req-0f906999-036f-4d9a-b9f4-498db39db4c7 - - - - -] 127.0.0.1 "GET /v1/nodes/93494378-56ee-5e22-b6f0-e3be3a9ebdf1 HTTP/1.1" status: 200 len: 1748 time: 0.0297918
2017-05-24 03:08:23.651 5724 INFO eventlet.wsgi.server [req-6cff730d-59be-43e9-9004-672b520cfaea - - - - -] 127.0.0.1 "GET /v1/nodes/e1369efa-5391-5035-8533-3a065c44a584 HTTP/1.1" status: 200 len: 1755 time: 0.0231159
2017-05-24 03:08:24.948 5733 INFO eventlet.wsgi.server [req-6963f09e-3580-4217-bb3b-74107998c514 - - - - -] 127.0.0.1 "GET /v1/nodes/c1a56cb3-fcef-59d5-8105-7e6815154f70 HTTP/1.1" status: 200 len: 1752 time: 0.0288889
2017-05-24 03:08:25.657 5724 INFO eventlet.wsgi.server [req-5caa676b-70f6-4498-98e7-44c81f909385 - - - - -] 127.0.0.1 "GET /v1/nodes/93494378-56ee-5e22-b6f0-e3be3a9ebdf1 HTTP/1.1" status: 200 len: 1748 time: 0.0254831
2017-05-24 03:08:25.671 5724 INFO eventlet.wsgi.server [req-dc7314ad-120f-4300-9582-4f31e3452e94 - - - - -] 127.0.0.1 "GET /v1/nodes/e1369efa-5391-5035-8533-3a065c44a584 HTTP/1.1" status: 200 len: 1755 time: 0.0124490
2017-05-24 03:08:26.982 5733 INFO eventlet.wsgi.server [req-c25ea0c7-0ecc-4890-a719-1c48f5373539 - - - - -] 127.0.0.1 "GET /v1/nodes/c1a56cb3-fcef-59d5-8105-7e6815154f70 HTTP/1.1" status: 200 len: 1752 time: 0.0287499
2017-05-24 03:08:27.695 5724 INFO eventlet.wsgi.server [req-fc4c5a7f-0164-4a16-b7da-da56be273f47 - - - - -] 127.0.0.1 "GET /v1/nodes/93494378-56ee-5e22-b6f0-e3be3a9ebdf1 HTTP/1.1" status: 200 len: 1748 time: 0.0326481
2017-05-24 03:08:27.717 5724 INFO eventlet.wsgi.server [req-504daa29-26f4-4753-aaa4-71f15c9e33d6 - - - - -] 127.0.0.1 "GET /v1/nodes/e1369efa-5391-5035-8533-3a065c44a584 HTTP/1.1" status: 200 len: 1755 time: 0.0200930
2017-05-24 03:08:29.009 5733 INFO eventlet.wsgi.server [req-6f3f11c4-fd8a-4f7d-98c0-5666f977955f - - - - -] 127.0.0.1 "GET /v1/nodes/c1a56cb3-fcef-59d5-8105-7e6815154f70 HTTP/1.1" status: 200 len: 1752 time: 0.0236709
2017-05-24 03:08:29.733 5724 INFO eventlet.wsgi.server [req-8bff40f9-6d9b-428c-9877-deb6851fd5e2 - - - - -] 127.0.0.1 "GET /v1/nodes/93494378-56ee-5e22-b6f0-e3be3a9ebdf1 HTTP/1.1" status: 200 len: 1748 time: 0.0319691
2017-05-24 03:08:29.756 5724 INFO eventlet.wsgi.server [req-76670d6b-794c-47ef-81ef-11dfd41ee6c1 - - - - -] 127.0.0.1 "GET /v1/nodes/e1369efa-5391-5035-8533-3a065c44a584 HTTP/1.1" status: 200 len: 1755 time: 0.0216780
2017-05-24 03:08:31.032 5733 INFO eventlet.wsgi.server [req-3333a3e0-d99d-4123-aa93-5afc3f8c7774 - - - - -] 127.0.0.1 "GET /v1/nodes/c1a56cb3-fcef-59d5-8105-7e6815154f70 HTTP/1.1" status: 200 len: 1752 time: 0.0187342
2017-05-24 03:08:31.770 5724 INFO eventlet.wsgi.server [req-9b6e538e-7391-4c9f-9adf-f489b27ff0e3 - - - - -] 127.0.0.1 "GET /v1/nodes/93494378-56ee-5e22-b6f0-e3be3a9ebdf1 HTTP/1.1" status: 200 len: 1748 time: 0.0322251
2017-05-24 03:08:31.795 5724 INFO eventlet.wsgi.server [req-35364c54-c1c4-4de5-9ce5-618958727e06 - - - - -] 127.0.0.1 "GET /v1/nodes/e1369efa-5391-5035-8533-3a065c44a584 HTTP/1.1" status: 200 len: 1755 time: 0.0235000
2017-05-24 03:08:33.053 5733 INFO eventlet.wsgi.server [req-9c42311d-8748-413c-bcad-0e98a0243abc - - - - -] 127.0.0.1 "GET /v1/nodes/c1a56cb3-fcef-59d5-8105-7e6815154f70 HTTP/1.1" status: 200 len: 1752 time: 0.0157590
2017-05-24 03:08:33.807 5724 INFO eventlet.wsgi.server [req-88e4731e-3122-4baa-b8ed-8970795166d7 - - - - -] 127.0.0.1 "GET /v1/nodes/93494378-56ee-5e22-b6f0-e3be3a9ebdf1 HTTP/1.1" status: 200 len: 1748 time: 0.0324578
2017-05-24 03:08:33.831 5724 INFO eventlet.wsgi.server [req-e8e1f039-5f81-40c1-a2ae-f73dcc39d3e8 - - - - -] 127.0.0.1 "GET /v1/nodes/e1369efa-5391-5035-8533-3a065c44a584 HTTP/1.1" status: 200 len: 1755 time: 0.0226381
2017-05-24 03:08:35.089 5733 INFO eventlet.wsgi.server [req-1efbbe88-7ae7-406c-aee2-feaf79b7f1cc - - - - -] 127.0.0.1 "GET /v1/nodes/c1a56cb3-fcef-59d5-8105-7e6815154f70 HTTP/1.1" status: 200 len: 1752 time: 0.0307980
2017-05-24 03:08:35.844 5724 INFO eventlet.wsgi.server [req-c67ef91a-3158-4bd6-9ae5-1e5c217a8955 - - - - -] 127.0.0.1 "GET /v1/nodes/93494378-56ee-5e22-b6f0-e3be3a9ebdf1 HTTP/1.1" status: 200 len: 1748 time: 0.0315289
2017-05-24 03:08:35.867 5724 INFO eventlet.wsgi.server [req-e54d47f1-822d-4eba-b9f3-d2da3230ce0d - - - - -] 127.0.0.1 "GET /v1/nodes/e1369efa-5391-5035-8533-3a065c44a584 HTTP/1.1" status: 200 len: 1755 time: 0.0212541
2017-05-24 03:08:37.123 5733 INFO eventlet.wsgi.server [req-18eb7782-5600-45c5-88a3-c13372f394de - - - - -] 127.0.0.1 "GET /v1/nodes/c1a56cb3-fcef-59d5-8105-7e6815154f70 HTTP/1.1" status: 200 len: 1752 time: 0.0281720
2017-05-24 03:08:37.880 5724 INFO eventlet.wsgi.server [req-104dd2b9-382c-443a-abbb-752a40462188 - - - - -] 127.0.0.1 "GET /v1/nodes/93494378-56ee-5e22-b6f0-e3be3a9ebdf1 HTTP/1.1" status: 200 len: 1748 time: 0.0303810
2017-05-24 03:08:37.903 5724 INFO eventlet.wsgi.server [req-824b723a-5066-4d7a-bd14-3079f63c6eee - - - - -] 127.0.0.1 "GET /v1/nodes/e1369efa-5391-5035-8533-3a065c44a584 HTTP/1.1" status: 200 len: 1755 time: 0.0218399
2017-05-24 03:08:39.157 5733 INFO eventlet.wsgi.server [req-7f47da35-3c29-491c-b4ca-0799e9bffe77 - - - - -] 127.0.0.1 "GET /v1/nodes/c1a56cb3-fcef-59d5-8105-7e6815154f70 HTTP/1.1" status: 200 len: 1752 time: 0.0282202
2017-05-24 03:08:39.917 5724 INFO eventlet.wsgi.server [req-dbe6c95b-a92e-448d-bcb8-fb3ee47f8115 - - - - -] 127.0.0.1 "GET /v1/nodes/93494378-56ee-5e22-b6f0-e3be3a9ebdf1 HTTP/1.1" status: 200 len: 1748 time: 0.0318341
2017-05-24 03:08:39.942 5724 INFO eventlet.wsgi.server [req-28ed1b68-9a76-4b2f-aaeb-fcc1aadd365b - - - - -] 127.0.0.1 "GET /v1/nodes/e1369efa-5391-5035-8533-3a065c44a584 HTTP/1.1" status: 200 len: 1755 time: 0.0239499
2017-05-24 03:08:41.192 5733 INFO eventlet.wsgi.server [req-5d4953a1-79a7-4464-93bb-9342e5589900 - - - - -] 127.0.0.1 "GET /v1/nodes/c1a56cb3-fcef-59d5-8105-7e6815154f70 HTTP/1.1" status: 200 len: 1752 time: 0.0298970
2017-05-24 03:08:41.952 5724 INFO eventlet.wsgi.server [req-e10dee08-f0c8-4eb7-8e84-edc7cd386c2a - - - - -] 127.0.0.1 "GET /v1/nodes/93494378-56ee-5e22-b6f0-e3be3a9ebdf1 HTTP/1.1" status: 200 len: 1748 time: 0.0307739
2017-05-24 03:08:41.976 5724 INFO eventlet.wsgi.server [req-43e41f59-9bdd-4521-94a3-e0f20a36fa0a - - - - -] 127.0.0.1 "GET /v1/nodes/e1369efa-5391-5035-8533-3a065c44a584 HTTP/1.1" status: 200 len: 1755 time: 0.0219460
2017-05-24 03:08:43.227 5733 INFO eventlet.wsgi.server [req-12524aa8-b1eb-4851-a6da-cbfb8dcbbbb0 - - - - -] 127.0.0.1 "GET /v1/nodes/c1a56cb3-fcef-59d5-8105-7e6815154f70 HTTP/1.1" status: 200 len: 1752 time: 0.0280070
2017-05-24 03:08:43.990 5724 INFO eventlet.wsgi.server [req-59a2b136-6013-483a-83b3-2740ffe62f57 - - - - -] 127.0.0.1 "GET /v1/nodes/93494378-56ee-5e22-b6f0-e3be3a9ebdf1 HTTP/1.1" status: 200 len: 1748 time: 0.0315821
2017-05-24 03:08:44.012 5724 INFO eventlet.wsgi.server [req-40cfe871-513a-4405-8371-6b3cdc5cb19c - - - - -] 127.0.0.1 "GET /v1/nodes/e1369efa-5391-5035-8533-3a065c44a584 HTTP/1.1" status: 200 len: 1755 time: 0.0206800
2017-05-24 03:08:45.261 5733 INFO eventlet.wsgi.server [req-cb73d3c4-49d9-4c70-9994-94058f76c8e3 - - - - -] 127.0.0.1 "GET /v1/nodes/c1a56cb3-fcef-59d5-8105-7e6815154f70 HTTP/1.1" status: 200 len: 1752 time: 0.0282819
2017-05-24 03:08:46.030 5724 INFO eventlet.wsgi.server [req-7dbf47fd-5336-46eb-9a55-2fe7447cb33e - - - - -] 127.0.0.1 "GET /v1/nodes/93494378-56ee-5e22-b6f0-e3be3a9ebdf1 HTTP/1.1" status: 200 len: 1748 time: 0.0336041
2017-05-24 03:08:46.054 5724 INFO eventlet.wsgi.server [req-cd31685a-4b57-4883-9870-05ea0290d453 - - - - -] 127.0.0.1 "GET /v1/nodes/e1369efa-5391-5035-8533-3a065c44a584 HTTP/1.1" status: 200 len: 1755 time: 0.0224829
2017-05-24 03:08:47.299 5733 INFO eventlet.wsgi.server [req-854852c1-2ea5-41c6-ae99-065fb6fcdb5b - - - - -] 127.0.0.1 "GET /v1/nodes/c1a56cb3-fcef-59d5-8105-7e6815154f70 HTTP/1.1" status: 200 len: 1752 time: 0.0322449
2017-05-24 03:08:48.067 5724 INFO eventlet.wsgi.server [req-687fb060-5c6f-4102-991f-8f3c3a2e2242 - - - - -] 127.0.0.1 "GET /v1/nodes/93494378-56ee-5e22-b6f0-e3be3a9ebdf1 HTTP/1.1" status: 200 len: 1748 time: 0.0315480
2017-05-24 03:08:48.095 5724 INFO eventlet.wsgi.server [req-5d55c125-6aec-4503-b2d7-b7b3d8d474e4 - - - - -] 127.0.0.1 "GET /v1/nodes/e1369efa-5391-5035-8533-3a065c44a584 HTTP/1.1" status: 200 len: 1755 time: 0.0271471
2017-05-24 03:08:49.333 5733 INFO eventlet.wsgi.server [req-31946eba-87b7-41fa-b02f-5aaf44111ccc - - - - -] 127.0.0.1 "GET /v1/nodes/c1a56cb3-fcef-59d5-8105-7e6815154f70 HTTP/1.1" status: 200 len: 1752 time: 0.0288281
2017-05-24 03:08:50.106 5724 INFO eventlet.wsgi.server [req-87f6132a-49e4-4721-bc30-5732e9a017cc - - - - -] 127.0.0.1 "GET /v1/nodes/93494378-56ee-5e22-b6f0-e3be3a9ebdf1 HTTP/1.1" status: 200 len: 1748 time: 0.0335178
2017-05-24 03:08:50.128 5724 INFO eventlet.wsgi.server [req-abd50d9a-f2cb-4570-8600-625646382d47 - - - - -] 127.0.0.1 "GET /v1/nodes/e1369efa-5391-5035-8533-3a065c44a584 HTTP/1.1" status: 200 len: 1755 time: 0.0204780
2017-05-24 03:08:51.372 5733 INFO eventlet.wsgi.server [req-adb558fb-9841-4e5e-9e4f-3cd3d3548e3f - - - - -] 127.0.0.1 "GET /v1/nodes/c1a56cb3-fcef-59d5-8105-7e6815154f70 HTTP/1.1" status: 200 len: 1752 time: 0.0318000
2017-05-24 03:08:52.142 5724 INFO eventlet.wsgi.server [req-fcc98764-a08e-4248-a6a3-1c5eac681e04 - - - - -] 127.0.0.1 "GET /v1/nodes/93494378-56ee-5e22-b6f0-e3be3a9ebdf1 HTTP/1.1" status: 200 len: 1748 time: 0.0296402
2017-05-24 03:08:52.164 5724 INFO eventlet.wsgi.server [req-e1cd6ba1-5f0c-4e7d-ab80-d7aada2324cd - - - - -] 127.0.0.1 "GET /v1/nodes/e1369efa-5391-5035-8533-3a065c44a584 HTTP/1.1" status: 200 len: 1755 time: 0.0202439
2017-05-24 03:08:53.408 5733 INFO eventlet.wsgi.server [req-e7c30d75-7437-4ad8-bd77-5048ab137037 - - - - -] 127.0.0.1 "GET /v1/nodes/c1a56cb3-fcef-59d5-8105-7e6815154f70 HTTP/1.1" status: 200 len: 1752 time: 0.0305929
2017-05-24 03:08:54.179 5724 INFO eventlet.wsgi.server [req-0c0cbd6f-afdf-4378-98e0-e5133a7fd08e - - - - -] 127.0.0.1 "GET /v1/nodes/93494378-56ee-5e22-b6f0-e3be3a9ebdf1 HTTP/1.1" status: 200 len: 1748 time: 0.0305080
2017-05-24 03:08:54.202 5724 INFO eventlet.wsgi.server [req-bb84ee02-8ef1-4a75-a15a-15610a0b4c12 - - - - -] 127.0.0.1 "GET /v1/nodes/e1369efa-5391-5035-8533-3a065c44a584 HTTP/1.1" status: 200 len: 1755 time: 0.0213051
2017-05-24 03:08:55.445 5733 INFO eventlet.wsgi.server [req-34a5e596-9362-4cc5-91a0-56b343e83931 - - - - -] 127.0.0.1 "GET /v1/nodes/c1a56cb3-fcef-59d5-8105-7e6815154f70 HTTP/1.1" status: 200 len: 1752 time: 0.0314159
2017-05-24 03:08:56.214 5724 INFO eventlet.wsgi.server [req-c250f272-21e1-46ab-b546-91a525609200 - - - - -] 127.0.0.1 "GET /v1/nodes/93494378-56ee-5e22-b6f0-e3be3a9ebdf1 HTTP/1.1" status: 200 len: 1748 time: 0.0298011
2017-05-24 03:08:56.241 5724 INFO eventlet.wsgi.server [req-f3fa2d2f-938a-4854-be06-6f90af6f63cf - - - - -] 127.0.0.1 "GET /v1/nodes/e1369efa-5391-5035-8533-3a065c44a584 HTTP/1.1" status: 200 len: 1755 time: 0.0252759
2017-05-24 03:08:57.480 5733 INFO eventlet.wsgi.server [req-3f506d33-614a-4fa1-9d4f-62820c4c470d - - - - -] 127.0.0.1 "GET /v1/nodes/c1a56cb3-fcef-59d5-8105-7e6815154f70 HTTP/1.1" status: 200 len: 1752 time: 0.0295498
2017-05-24 03:08:58.249 5724 INFO eventlet.wsgi.server [req-920e152d-806f-4bd3-9919-c698c48d7688 - - - - -] 127.0.0.1 "GET /v1/nodes/93494378-56ee-5e22-b6f0-e3be3a9ebdf1 HTTP/1.1" status: 200 len: 1748 time: 0.0297501
2017-05-24 03:08:58.270 5724 INFO eventlet.wsgi.server [req-2c66409d-7323-4d8c-b2a8-82cf70fe50f3 - - - - -] 127.0.0.1 "GET /v1/nodes/e1369efa-5391-5035-8533-3a065c44a584 HTTP/1.1" status: 200 len: 1755 time: 0.0196230
2017-05-24 03:08:59.515 5733 INFO eventlet.wsgi.server [req-56c9eb90-03ae-4e99-9c7b-9c969a176bcf - - - - -] 127.0.0.1 "GET /v1/nodes/c1a56cb3-fcef-59d5-8105-7e6815154f70 HTTP/1.1" status: 200 len: 1752 time: 0.0302200
2017-05-24 03:09:00.282 5724 INFO eventlet.wsgi.server [req-7aca0fe7-3e2e-43a2-b026-6e5564d48fec - - - - -] 127.0.0.1 "GET /v1/nodes/93494378-56ee-5e22-b6f0-e3be3a9ebdf1 HTTP/1.1" status: 200 len: 1748 time: 0.0278060
2017-05-24 03:09:00.303 5724 INFO eventlet.wsgi.server [req-ba0938ef-af71-4ccb-82e8-32402f752bd6 - - - - -] 127.0.0.1 "GET /v1/nodes/e1369efa-5391-5035-8533-3a065c44a584 HTTP/1.1" status: 200 len: 1755 time: 0.0204201
2017-05-24 03:09:01.551 5733 INFO eventlet.wsgi.server [req-df4aa08d-947d-4566-86b9-b9e307f3738d - - - - -] 127.0.0.1 "GET /v1/nodes/c1a56cb3-fcef-59d5-8105-7e6815154f70 HTTP/1.1" status: 200 len: 1752 time: 0.0289531
2017-05-24 03:09:02.320 5724 INFO eventlet.wsgi.server [req-e93cfaf0-5eab-424c-917a-cae4edca766e - - - - -] 127.0.0.1 "GET /v1/nodes/93494378-56ee-5e22-b6f0-e3be3a9ebdf1 HTTP/1.1" status: 200 len: 1748 time: 0.0319030
2017-05-24 03:09:02.343 5724 INFO eventlet.wsgi.server [req-93847bde-3c8b-4eef-a48d-3c7951058edf - - - - -] 127.0.0.1 "GET /v1/nodes/e1369efa-5391-5035-8533-3a065c44a584 HTTP/1.1" status: 200 len: 1755 time: 0.0212529
2017-05-24 03:09:03.589 5733 INFO eventlet.wsgi.server [req-ed7fd74b-5b60-49a9-8ec5-9535f1897697 - - - - -] 127.0.0.1 "GET /v1/nodes/c1a56cb3-fcef-59d5-8105-7e6815154f70 HTTP/1.1" status: 200 len: 1752 time: 0.0312159
2017-05-24 03:09:04.361 5724 INFO eventlet.wsgi.server [req-053afac3-0cda-4c6e-ae61-f9b15de8e58e - - - - -] 127.0.0.1 "GET /v1/nodes/93494378-56ee-5e22-b6f0-e3be3a9ebdf1 HTTP/1.1" status: 200 len: 1748 time: 0.0325880
