2017-05-23 12:45:27.200 31284 INFO eventlet.wsgi.server [req-46c3fc5d-e6bd-4827-b73b-a9eb51620af5 - - - - -] 127.0.0.1 "GET /v1/nodes/93494378-56ee-5e22-b6f0-e3be3a9ebdf1 HTTP/1.1" status: 200 len: 1810 time: 0.0268478
2017-05-23 12:45:27.843 31294 INFO eventlet.wsgi.server [req-d1329edf-1d8d-4856-92be-d0c00792c87f - - - - -] 127.0.0.1 "PUT /v1/nodes/e1369efa-5391-5035-8533-3a065c44a584/states/provision HTTP/1.1" status: 202 len: 383 time: 4.1604130
2017-05-23 12:45:27.876 31294 INFO eventlet.wsgi.server [req-6fa635d0-33b1-48f5-89f1-c04bded37c0c - - - - -] 127.0.0.1 "GET /v1/nodes/e1369efa-5391-5035-8533-3a065c44a584 HTTP/1.1" status: 200 len: 1817 time: 0.0320251
2017-05-23 12:45:31.553 31295 INFO eventlet.wsgi.server [req-db5c8c78-8ac2-40c6-83b3-edd2ee8764ad - - - - -] 127.0.0.1 "GET /v1/nodes/c1a56cb3-fcef-59d5-8105-7e6815154f70 HTTP/1.1" status: 200 len: 1794 time: 0.0201240
2017-05-23 12:45:31.666 31286 DEBUG oslo_concurrency.lockutils [req-d32d293d-a608-477e-a6a1-1027123f3d08 - - - - -] Lock "policy_enforcer" acquired by "ironic.common.policy.init_enforcer" :: waited 0.000s inner /usr/local/lib/python2.7/dist-packages/oslo_concurrency/lockutils.py:270
2017-05-23 12:45:31.667 31286 DEBUG oslo_concurrency.lockutils [req-d32d293d-a608-477e-a6a1-1027123f3d08 - - - - -] Lock "policy_enforcer" released by "ironic.common.policy.init_enforcer" :: held 0.001s inner /usr/local/lib/python2.7/dist-packages/oslo_concurrency/lockutils.py:282
2017-05-23 12:45:31.668 31286 DEBUG oslo_policy._cache_handler [req-d32d293d-a608-477e-a6a1-1027123f3d08 - - - - -] Reloading cached file /etc/ironic/policy.json read_cached_file /usr/local/lib/python2.7/dist-packages/oslo_policy/_cache_handler.py:40
2017-05-23 12:45:31.669 31286 DEBUG oslo_policy.policy [req-d32d293d-a608-477e-a6a1-1027123f3d08 - - - - -] Reloaded policy file: /etc/ironic/policy.json _load_policy_file /usr/local/lib/python2.7/dist-packages/oslo_policy/policy.py:683
2017-05-23 12:45:31.674 31286 DEBUG oslo_db.api [req-d32d293d-a608-477e-a6a1-1027123f3d08 - - - - -] Loading backend 'sqlalchemy' from 'ironic.db.sqlalchemy.api' _load_backend /usr/local/lib/python2.7/dist-packages/oslo_db/api.py:237
2017-05-23 12:45:31.742 31293 DEBUG oslo_concurrency.lockutils [req-13ce5210-14a8-4970-9f96-296847d8338d - - - - -] Lock "policy_enforcer" acquired by "ironic.common.policy.init_enforcer" :: waited 0.000s inner /usr/local/lib/python2.7/dist-packages/oslo_concurrency/lockutils.py:270
2017-05-23 12:45:31.743 31293 DEBUG oslo_concurrency.lockutils [req-13ce5210-14a8-4970-9f96-296847d8338d - - - - -] Lock "policy_enforcer" released by "ironic.common.policy.init_enforcer" :: held 0.001s inner /usr/local/lib/python2.7/dist-packages/oslo_concurrency/lockutils.py:282
2017-05-23 12:45:31.744 31293 DEBUG oslo_policy._cache_handler [req-13ce5210-14a8-4970-9f96-296847d8338d - - - - -] Reloading cached file /etc/ironic/policy.json read_cached_file /usr/local/lib/python2.7/dist-packages/oslo_policy/_cache_handler.py:40
2017-05-23 12:45:31.746 31293 DEBUG oslo_policy.policy [req-13ce5210-14a8-4970-9f96-296847d8338d - - - - -] Reloaded policy file: /etc/ironic/policy.json _load_policy_file /usr/local/lib/python2.7/dist-packages/oslo_policy/policy.py:683
2017-05-23 12:45:31.750 31293 DEBUG oslo_db.api [req-13ce5210-14a8-4970-9f96-296847d8338d - - - - -] Loading backend 'sqlalchemy' from 'ironic.db.sqlalchemy.api' _load_backend /usr/local/lib/python2.7/dist-packages/oslo_db/api.py:237
2017-05-23 12:45:31.810 31286 DEBUG oslo_db.sqlalchemy.engines [req-d32d293d-a608-477e-a6a1-1027123f3d08 - - - - -] MySQL server mode set to STRICT_TRANS_TABLES,STRICT_ALL_TABLES,NO_ZERO_IN_DATE,NO_ZERO_DATE,ERROR_FOR_DIVISION_BY_ZERO,TRADITIONAL,NO_AUTO_CREATE_USER,NO_ENGINE_SUBSTITUTION _check_effective_sql_mode /usr/local/lib/python2.7/dist-packages/oslo_db/sqlalchemy/engines.py:260
2017-05-23 12:45:31.841 31286 INFO eventlet.wsgi.server [req-d32d293d-a608-477e-a6a1-1027123f3d08 - - - - -] 127.0.0.1 "GET /v1/nodes/93494378-56ee-5e22-b6f0-e3be3a9ebdf1 HTTP/1.1" status: 200 len: 1790 time: 0.1808710
2017-05-23 12:45:31.886 31293 DEBUG oslo_db.sqlalchemy.engines [req-13ce5210-14a8-4970-9f96-296847d8338d - - - - -] MySQL server mode set to STRICT_TRANS_TABLES,STRICT_ALL_TABLES,NO_ZERO_IN_DATE,NO_ZERO_DATE,ERROR_FOR_DIVISION_BY_ZERO,TRADITIONAL,NO_AUTO_CREATE_USER,NO_ENGINE_SUBSTITUTION _check_effective_sql_mode /usr/local/lib/python2.7/dist-packages/oslo_db/sqlalchemy/engines.py:260
2017-05-23 12:45:31.922 31293 INFO eventlet.wsgi.server [req-13ce5210-14a8-4970-9f96-296847d8338d - - - - -] 127.0.0.1 "GET /v1/nodes/e1369efa-5391-5035-8533-3a065c44a584 HTTP/1.1" status: 200 len: 1797 time: 0.1861501
2017-05-23 12:45:44.069 31288 DEBUG oslo_concurrency.lockutils [req-a2af1fec-cd6a-4c2f-8383-4d4d41d19f59 - - - - -] Lock "policy_enforcer" acquired by "ironic.common.policy.init_enforcer" :: waited 0.000s inner /usr/local/lib/python2.7/dist-packages/oslo_concurrency/lockutils.py:270
2017-05-23 12:45:44.071 31288 DEBUG oslo_concurrency.lockutils [req-a2af1fec-cd6a-4c2f-8383-4d4d41d19f59 - - - - -] Lock "policy_enforcer" released by "ironic.common.policy.init_enforcer" :: held 0.002s inner /usr/local/lib/python2.7/dist-packages/oslo_concurrency/lockutils.py:282
2017-05-23 12:45:44.072 31288 DEBUG oslo_policy._cache_handler [req-a2af1fec-cd6a-4c2f-8383-4d4d41d19f59 - - - - -] Reloading cached file /etc/ironic/policy.json read_cached_file /usr/local/lib/python2.7/dist-packages/oslo_policy/_cache_handler.py:40
2017-05-23 12:45:44.075 31288 DEBUG oslo_policy.policy [req-a2af1fec-cd6a-4c2f-8383-4d4d41d19f59 - - - - -] Reloaded policy file: /etc/ironic/policy.json _load_policy_file /usr/local/lib/python2.7/dist-packages/oslo_policy/policy.py:683
2017-05-23 12:45:44.082 31288 DEBUG oslo_db.api [req-a2af1fec-cd6a-4c2f-8383-4d4d41d19f59 - - - - -] Loading backend 'sqlalchemy' from 'ironic.db.sqlalchemy.api' _load_backend /usr/local/lib/python2.7/dist-packages/oslo_db/api.py:237
2017-05-23 12:45:44.088 31289 DEBUG oslo_concurrency.lockutils [req-a2d3d707-51c7-4b59-8e70-49949722c71b - - - - -] Lock "policy_enforcer" acquired by "ironic.common.policy.init_enforcer" :: waited 0.000s inner /usr/local/lib/python2.7/dist-packages/oslo_concurrency/lockutils.py:270
2017-05-23 12:45:44.089 31289 DEBUG oslo_concurrency.lockutils [req-a2d3d707-51c7-4b59-8e70-49949722c71b - - - - -] Lock "policy_enforcer" released by "ironic.common.policy.init_enforcer" :: held 0.002s inner /usr/local/lib/python2.7/dist-packages/oslo_concurrency/lockutils.py:282
2017-05-23 12:45:44.090 31289 DEBUG oslo_policy._cache_handler [req-a2d3d707-51c7-4b59-8e70-49949722c71b - - - - -] Reloading cached file /etc/ironic/policy.json read_cached_file /usr/local/lib/python2.7/dist-packages/oslo_policy/_cache_handler.py:40
2017-05-23 12:45:44.093 31289 DEBUG oslo_policy.policy [req-a2d3d707-51c7-4b59-8e70-49949722c71b - - - - -] Reloaded policy file: /etc/ironic/policy.json _load_policy_file /usr/local/lib/python2.7/dist-packages/oslo_policy/policy.py:683
2017-05-23 12:45:44.100 31289 DEBUG oslo_db.api [req-a2d3d707-51c7-4b59-8e70-49949722c71b - - - - -] Loading backend 'sqlalchemy' from 'ironic.db.sqlalchemy.api' _load_backend /usr/local/lib/python2.7/dist-packages/oslo_db/api.py:237
2017-05-23 12:45:44.163 31294 INFO eventlet.wsgi.server [req-7db3cb35-9ac9-4c99-81f9-49c6004f4528 - - - - -] 127.0.0.1 "GET /v1/nodes/93494378-56ee-5e22-b6f0-e3be3a9ebdf1 HTTP/1.1" status: 200 len: 1790 time: 0.0204811
2017-05-23 12:45:44.251 31288 DEBUG oslo_db.sqlalchemy.engines [req-a2af1fec-cd6a-4c2f-8383-4d4d41d19f59 - - - - -] MySQL server mode set to STRICT_TRANS_TABLES,STRICT_ALL_TABLES,NO_ZERO_IN_DATE,NO_ZERO_DATE,ERROR_FOR_DIVISION_BY_ZERO,TRADITIONAL,NO_AUTO_CREATE_USER,NO_ENGINE_SUBSTITUTION _check_effective_sql_mode /usr/local/lib/python2.7/dist-packages/oslo_db/sqlalchemy/engines.py:260
2017-05-23 12:45:44.256 31289 DEBUG oslo_db.sqlalchemy.engines [req-a2d3d707-51c7-4b59-8e70-49949722c71b - - - - -] MySQL server mode set to STRICT_TRANS_TABLES,STRICT_ALL_TABLES,NO_ZERO_IN_DATE,NO_ZERO_DATE,ERROR_FOR_DIVISION_BY_ZERO,TRADITIONAL,NO_AUTO_CREATE_USER,NO_ENGINE_SUBSTITUTION _check_effective_sql_mode /usr/local/lib/python2.7/dist-packages/oslo_db/sqlalchemy/engines.py:260
2017-05-23 12:45:44.281 31288 INFO eventlet.wsgi.server [req-a2af1fec-cd6a-4c2f-8383-4d4d41d19f59 - - - - -] 127.0.0.1 "GET /v1/nodes/e1369efa-5391-5035-8533-3a065c44a584 HTTP/1.1" status: 200 len: 1797 time: 0.2208259
2017-05-23 12:45:44.287 31289 INFO eventlet.wsgi.server [req-a2d3d707-51c7-4b59-8e70-49949722c71b - - - - -] 127.0.0.1 "GET /v1/nodes/c1a56cb3-fcef-59d5-8105-7e6815154f70 HTTP/1.1" status: 200 len: 1794 time: 0.2064321
2017-05-23 12:45:44.311 31288 WARNING oslo_config.cfg [req-619a2967-79f3-4b3e-98ae-c78d2a6fe5fa - - - - -] Option "rabbit_userid" from group "DEFAULT" is deprecated. Use option "rabbit_userid" from group "oslo_messaging_rabbit".
2017-05-23 12:45:44.311 31289 WARNING oslo_config.cfg [req-4b1ace2b-5226-42e4-bc63-ddd53808d7e2 - - - - -] Option "rabbit_userid" from group "DEFAULT" is deprecated. Use option "rabbit_userid" from group "oslo_messaging_rabbit".
2017-05-23 12:45:44.311 31288 WARNING oslo_config.cfg [req-619a2967-79f3-4b3e-98ae-c78d2a6fe5fa - - - - -] Option "rabbit_userid" from group "oslo_messaging_rabbit" is deprecated for removal (Replaced by [DEFAULT]/transport_url). Its value may be silently ignored in the future.
2017-05-23 12:45:44.311 31289 WARNING oslo_config.cfg [req-4b1ace2b-5226-42e4-bc63-ddd53808d7e2 - - - - -] Option "rabbit_userid" from group "oslo_messaging_rabbit" is deprecated for removal (Replaced by [DEFAULT]/transport_url). Its value may be silently ignored in the future.
2017-05-23 12:45:44.312 31289 WARNING oslo_config.cfg [req-4b1ace2b-5226-42e4-bc63-ddd53808d7e2 - - - - -] Option "rabbit_password" from group "DEFAULT" is deprecated. Use option "rabbit_password" from group "oslo_messaging_rabbit".
2017-05-23 12:45:44.312 31288 WARNING oslo_config.cfg [req-619a2967-79f3-4b3e-98ae-c78d2a6fe5fa - - - - -] Option "rabbit_password" from group "DEFAULT" is deprecated. Use option "rabbit_password" from group "oslo_messaging_rabbit".
2017-05-23 12:45:44.312 31289 WARNING oslo_config.cfg [req-4b1ace2b-5226-42e4-bc63-ddd53808d7e2 - - - - -] Option "rabbit_password" from group "oslo_messaging_rabbit" is deprecated for removal (Replaced by [DEFAULT]/transport_url). Its value may be silently ignored in the future.
2017-05-23 12:45:44.312 31288 WARNING oslo_config.cfg [req-619a2967-79f3-4b3e-98ae-c78d2a6fe5fa - - - - -] Option "rabbit_password" from group "oslo_messaging_rabbit" is deprecated for removal (Replaced by [DEFAULT]/transport_url). Its value may be silently ignored in the future.
2017-05-23 12:45:46.659 31294 INFO eventlet.wsgi.server [req-b25febf0-6646-4bd7-883e-1b027082117d - - - - -] 127.0.0.1 "PATCH /v1/nodes/93494378-56ee-5e22-b6f0-e3be3a9ebdf1 HTTP/1.1" status: 200 len: 1975 time: 2.4935160
2017-05-23 12:45:46.743 31294 INFO eventlet.wsgi.server [req-e748c9ec-cb42-46d8-a132-8f9f7f7adfac - - - - -] 127.0.0.1 "GET /v1/nodes/93494378-56ee-5e22-b6f0-e3be3a9ebdf1/validate HTTP/1.1" status: 200 len: 656 time: 0.0786159
2017-05-23 12:45:46.988 31289 INFO eventlet.wsgi.server [req-4b1ace2b-5226-42e4-bc63-ddd53808d7e2 - - - - -] 127.0.0.1 "PATCH /v1/nodes/c1a56cb3-fcef-59d5-8105-7e6815154f70 HTTP/1.1" status: 200 len: 1979 time: 2.6978569
2017-05-23 12:45:47.012 31288 INFO eventlet.wsgi.server [req-619a2967-79f3-4b3e-98ae-c78d2a6fe5fa - - - - -] 127.0.0.1 "PATCH /v1/nodes/e1369efa-5391-5035-8533-3a065c44a584 HTTP/1.1" status: 200 len: 1982 time: 2.7262609
2017-05-23 12:45:47.092 31289 INFO eventlet.wsgi.server [req-5360a690-419e-45f2-889d-d6064ff0b632 - - - - -] 127.0.0.1 "GET /v1/nodes/c1a56cb3-fcef-59d5-8105-7e6815154f70/validate HTTP/1.1" status: 200 len: 656 time: 0.0994089
2017-05-23 12:45:47.241 31288 INFO eventlet.wsgi.server [req-4078a64e-6e5c-4555-a3a2-65c5f2afca7c - - - - -] 127.0.0.1 "GET /v1/nodes/e1369efa-5391-5035-8533-3a065c44a584/validate HTTP/1.1" status: 200 len: 656 time: 0.2250919
2017-05-23 12:45:53.292 31294 INFO eventlet.wsgi.server [req-1f8defe4-87b1-44ba-9259-501953e994dc - - - - -] 127.0.0.1 "PUT /v1/nodes/93494378-56ee-5e22-b6f0-e3be3a9ebdf1/states/provision HTTP/1.1" status: 202 len: 383 time: 6.5451179
2017-05-23 12:45:53.331 31294 INFO eventlet.wsgi.server [req-90419369-a597-467f-8f69-cafcd443b3b1 - - - - -] 127.0.0.1 "GET /v1/nodes/93494378-56ee-5e22-b6f0-e3be3a9ebdf1 HTTP/1.1" status: 200 len: 2006 time: 0.0340519
2017-05-23 12:45:53.652 31289 INFO eventlet.wsgi.server [req-db45ee5a-d5b7-48ba-abcf-b5f362a3347a - - - - -] 127.0.0.1 "PUT /v1/nodes/c1a56cb3-fcef-59d5-8105-7e6815154f70/states/provision HTTP/1.1" status: 202 len: 383 time: 6.5559261
2017-05-23 12:45:53.657 31288 INFO eventlet.wsgi.server [req-11771a8b-a454-4d02-8437-10282174630c - - - - -] 127.0.0.1 "PUT /v1/nodes/e1369efa-5391-5035-8533-3a065c44a584/states/provision HTTP/1.1" status: 202 len: 383 time: 6.4132280
2017-05-23 12:45:53.686 31289 INFO eventlet.wsgi.server [req-bf7e6007-9c32-49ab-9f64-aca7217d120a - - - - -] 127.0.0.1 "GET /v1/nodes/c1a56cb3-fcef-59d5-8105-7e6815154f70 HTTP/1.1" status: 200 len: 2010 time: 0.0283380
2017-05-23 12:45:53.689 31288 INFO eventlet.wsgi.server [req-f5053614-4040-4c59-98dd-992d4bd742ed - - - - -] 127.0.0.1 "GET /v1/nodes/e1369efa-5391-5035-8533-3a065c44a584 HTTP/1.1" status: 200 len: 2013 time: 0.0270150
2017-05-23 12:46:20.231 31287 INFO eventlet.wsgi.server [req-51ebcfb4-fbc3-43bc-a79a-52210a0d60c9 - - - - -] 127.0.0.1 "GET /v1/nodes HTTP/1.1" status: 200 len: 1477 time: 0.0575860
2017-05-23 12:46:58.800 31287 INFO eventlet.wsgi.server [req-21d0dd6a-6653-4b91-8b97-9d270dd55aa8 - - - - -] 192.168.122.68 "GET /v1/lookup?addresses=52%3A54%3A00%3Aec%3A24%3A33 HTTP/1.1" status: 200 len: 1297 time: 0.0200989
2017-05-23 12:46:58.883 31287 INFO eventlet.wsgi.server [req-f21fc69b-5a4e-49f1-905c-665174185af2 - - - - -] 192.168.122.68 "POST /v1/heartbeat/93494378-56ee-5e22-b6f0-e3be3a9ebdf1 HTTP/1.1" status: 202 len: 298 time: 0.0645940
2017-05-23 12:47:02.174 31295 INFO eventlet.wsgi.server [req-a1bb8b4d-eb60-468f-8107-e577afcd3c6d - - - - -] 192.168.122.172 "GET /v1/lookup?addresses=52%3A54%3A00%3A97%3Ad6%3A69 HTTP/1.1" status: 200 len: 1297 time: 0.0304399
2017-05-23 12:47:02.326 31295 INFO eventlet.wsgi.server [req-42cba43b-bfaf-4564-b1ba-3f12329ec2c2 - - - - -] 192.168.122.172 "POST /v1/heartbeat/c1a56cb3-fcef-59d5-8105-7e6815154f70 HTTP/1.1" status: 202 len: 298 time: 0.0705400
2017-05-23 12:47:20.234 31292 INFO eventlet.wsgi.server [req-8c49b367-c7c8-47b7-b4f3-b50d35f91446 - - - - -] 127.0.0.1 "GET /v1/nodes HTTP/1.1" status: 200 len: 1489 time: 0.0586929
2017-05-23 12:47:36.726 31287 INFO eventlet.wsgi.server [req-9441fe5d-deb0-457a-be62-046e27161306 - - - - -] 192.168.122.68 "POST /v1/heartbeat/93494378-56ee-5e22-b6f0-e3be3a9ebdf1 HTTP/1.1" status: 202 len: 298 time: 0.0587518
2017-05-23 12:47:52.699 31295 INFO eventlet.wsgi.server [req-43e739d9-4055-4f68-842a-1a27c26c019f - - - - -] 192.168.122.172 "POST /v1/heartbeat/c1a56cb3-fcef-59d5-8105-7e6815154f70 HTTP/1.1" status: 202 len: 298 time: 2.7003400
2017-05-23 12:47:58.601 31287 INFO eventlet.wsgi.server [req-ef5f9ae6-b8b3-4696-8549-954eed8936c9 - - - - -] 192.168.122.68 "POST /v1/heartbeat/93494378-56ee-5e22-b6f0-e3be3a9ebdf1 HTTP/1.1" status: 202 len: 298 time: 0.0697339
2017-05-23 12:48:20.259 31292 INFO eventlet.wsgi.server [req-b25646b1-e559-447f-b510-c0506c331eeb - - - - -] 127.0.0.1 "GET /v1/nodes HTTP/1.1" status: 200 len: 1479 time: 0.0693669
2017-05-23 12:48:23.235 31295 INFO eventlet.wsgi.server [req-849d9b08-2478-4905-981b-b55ec6d046a2 - - - - -] 192.168.122.101 "GET /v1/lookup?addresses=52%3A54%3A00%3A03%3A06%3Acc HTTP/1.1" status: 200 len: 1297 time: 0.0318060
2017-05-23 12:48:23.379 31295 INFO eventlet.wsgi.server [req-285e1e77-f2f4-46cc-aeb5-caa5398875db - - - - -] 192.168.122.101 "POST /v1/heartbeat/e1369efa-5391-5035-8533-3a065c44a584 HTTP/1.1" status: 202 len: 298 time: 0.0724418
2017-05-23 12:48:24.280 31295 INFO eventlet.wsgi.server [req-319ece9a-070a-4829-a8cb-d5cb6dc90f55 - - - - -] 192.168.122.172 "POST /v1/heartbeat/c1a56cb3-fcef-59d5-8105-7e6815154f70 HTTP/1.1" status: 202 len: 298 time: 0.0664759
2017-05-23 12:49:18.222 31295 INFO eventlet.wsgi.server [req-c0e45f31-9c8b-4733-b38c-86c8e24005c1 - - - - -] 192.168.122.101 "POST /v1/heartbeat/e1369efa-5391-5035-8533-3a065c44a584 HTTP/1.1" status: 202 len: 298 time: 0.0789039
2017-05-23 12:49:20.236 31292 INFO eventlet.wsgi.server [req-72db8b46-55b6-4ce7-9815-c7c6c8835c75 - - - - -] 127.0.0.1 "GET /v1/nodes HTTP/1.1" status: 200 len: 1468 time: 0.0546138
2017-05-23 12:49:35.154 31295 INFO eventlet.wsgi.server [req-a0a9c1d3-d56b-4778-a380-afe7f6fec58f - - - - -] 192.168.122.101 "POST /v1/heartbeat/e1369efa-5391-5035-8533-3a065c44a584 HTTP/1.1" status: 202 len: 298 time: 0.0801280
2017-05-23 12:50:20.964 31292 INFO eventlet.wsgi.server [req-de6c3e56-0761-41cb-b98c-69294196e8ff - - - - -] 127.0.0.1 "GET /v1/nodes HTTP/1.1" status: 200 len: 1465 time: 0.7777059
2017-05-23 12:50:39.927 31288 INFO eventlet.wsgi.server [req-0c3a7968-a84a-4511-aca7-7afc6f17d140 - - - - -] 127.0.0.1 "GET /v1/nodes HTTP/1.1" status: 200 len: 1464 time: 0.0634570
2017-05-23 12:51:20.254 31292 INFO eventlet.wsgi.server [req-1556cb78-44cb-47f2-880b-cf48b1361906 - - - - -] 127.0.0.1 "GET /v1/nodes HTTP/1.1" status: 200 len: 1465 time: 0.0669911
2017-05-23 12:52:20.267 31295 INFO eventlet.wsgi.server [req-da115eb6-a533-40b9-882d-7746e1c07f05 - - - - -] 127.0.0.1 "GET /v1/nodes HTTP/1.1" status: 200 len: 1465 time: 0.0697112
2017-05-23 12:53:20.269 31284 INFO eventlet.wsgi.server [req-f9f92e54-c61a-42b6-8735-c84629af2924 - - - - -] 127.0.0.1 "GET /v1/nodes HTTP/1.1" status: 200 len: 1465 time: 0.0691309
2017-05-23 12:54:20.275 31287 INFO eventlet.wsgi.server [req-6720178b-38ee-48a6-9781-5d0c032e6554 - - - - -] 127.0.0.1 "GET /v1/nodes HTTP/1.1" status: 200 len: 1465 time: 0.0771279
2017-05-23 12:55:20.261 31284 INFO eventlet.wsgi.server [req-0bccc83f-9173-406f-a5fe-df999ef55bbd - - - - -] 127.0.0.1 "GET /v1/nodes HTTP/1.1" status: 200 len: 1465 time: 0.0628679
2017-05-23 12:56:20.268 31284 INFO eventlet.wsgi.server [req-d90a8e7a-12f0-4a46-9e43-b364a7fd9db2 - - - - -] 127.0.0.1 "GET /v1/nodes HTTP/1.1" status: 200 len: 1465 time: 0.0668149
2017-05-23 12:57:20.271 31293 INFO eventlet.wsgi.server [req-ed2b0c06-90d7-4454-b088-10a828319714 - - - - -] 127.0.0.1 "GET /v1/nodes HTTP/1.1" status: 200 len: 1465 time: 0.0680032
2017-05-23 12:58:20.275 31288 INFO eventlet.wsgi.server [req-9ae969af-80e5-4b44-8bed-3fd98ae4b49e - - - - -] 127.0.0.1 "GET /v1/nodes HTTP/1.1" status: 200 len: 1465 time: 0.0661070
2017-05-23 12:59:20.269 31288 INFO eventlet.wsgi.server [req-8fc17ef0-039a-438c-9cb8-820076fee40e - - - - -] 127.0.0.1 "GET /v1/nodes HTTP/1.1" status: 200 len: 1465 time: 0.0596201
2017-05-23 13:00:20.290 31287 INFO eventlet.wsgi.server [req-6dffa469-b762-4fa7-81d9-bf72d50d9f3a - - - - -] 127.0.0.1 "GET /v1/nodes HTTP/1.1" status: 200 len: 1465 time: 0.0746100
2017-05-23 13:01:20.288 31292 INFO eventlet.wsgi.server [req-d595cfa6-1766-4b75-b1d8-8507729b4c25 - - - - -] 127.0.0.1 "GET /v1/nodes HTTP/1.1" status: 200 len: 1465 time: 0.0629878
2017-05-23 13:02:20.285 31288 INFO eventlet.wsgi.server [req-a5838507-35ad-4853-ab16-86c99af4ca96 - - - - -] 127.0.0.1 "GET /v1/nodes HTTP/1.1" status: 200 len: 1465 time: 0.0657020
2017-05-23 13:03:20.288 31288 INFO eventlet.wsgi.server [req-4fbc5fa1-a317-40bd-816b-029b98f2032f - - - - -] 127.0.0.1 "GET /v1/nodes HTTP/1.1" status: 200 len: 1465 time: 0.0662930
2017-05-23 13:04:20.291 31287 INFO eventlet.wsgi.server [req-f005ef35-0e73-4d7d-8ef6-c98890c29f4a - - - - -] 127.0.0.1 "GET /v1/nodes HTTP/1.1" status: 200 len: 1465 time: 0.0624781
2017-05-23 13:05:20.291 31287 INFO eventlet.wsgi.server [req-8f84294a-41ad-4968-affd-eb7fb7d9a415 - - - - -] 127.0.0.1 "GET /v1/nodes HTTP/1.1" status: 200 len: 1465 time: 0.0625842
2017-05-23 13:06:20.246 31296 DEBUG oslo_concurrency.lockutils [req-ffc2275c-ef3e-4e87-903c-0be33675c42b - - - - -] Lock "policy_enforcer" acquired by "ironic.common.policy.init_enforcer" :: waited 0.000s inner /usr/local/lib/python2.7/dist-packages/oslo_concurrency/lockutils.py:270
2017-05-23 13:06:20.249 31296 DEBUG oslo_concurrency.lockutils [req-ffc2275c-ef3e-4e87-903c-0be33675c42b - - - - -] Lock "policy_enforcer" released by "ironic.common.policy.init_enforcer" :: held 0.003s inner /usr/local/lib/python2.7/dist-packages/oslo_concurrency/lockutils.py:282
2017-05-23 13:06:20.250 31296 DEBUG oslo_policy._cache_handler [req-ffc2275c-ef3e-4e87-903c-0be33675c42b - - - - -] Reloading cached file /etc/ironic/policy.json read_cached_file /usr/local/lib/python2.7/dist-packages/oslo_policy/_cache_handler.py:40
2017-05-23 13:06:20.254 31296 DEBUG oslo_policy.policy [req-ffc2275c-ef3e-4e87-903c-0be33675c42b - - - - -] Reloaded policy file: /etc/ironic/policy.json _load_policy_file /usr/local/lib/python2.7/dist-packages/oslo_policy/policy.py:683
2017-05-23 13:06:20.261 31296 DEBUG oslo_db.api [req-ffc2275c-ef3e-4e87-903c-0be33675c42b - - - - -] Loading backend 'sqlalchemy' from 'ironic.db.sqlalchemy.api' _load_backend /usr/local/lib/python2.7/dist-packages/oslo_db/api.py:237
2017-05-23 13:06:20.422 31296 DEBUG oslo_db.sqlalchemy.engines [req-ffc2275c-ef3e-4e87-903c-0be33675c42b - - - - -] MySQL server mode set to STRICT_TRANS_TABLES,STRICT_ALL_TABLES,NO_ZERO_IN_DATE,NO_ZERO_DATE,ERROR_FOR_DIVISION_BY_ZERO,TRADITIONAL,NO_AUTO_CREATE_USER,NO_ENGINE_SUBSTITUTION _check_effective_sql_mode /usr/local/lib/python2.7/dist-packages/oslo_db/sqlalchemy/engines.py:260
2017-05-23 13:06:20.475 31296 INFO eventlet.wsgi.server [req-ffc2275c-ef3e-4e87-903c-0be33675c42b - - - - -] 127.0.0.1 "GET /v1/nodes HTTP/1.1" status: 200 len: 1465 time: 0.2414570
2017-05-23 13:07:20.304 31289 INFO eventlet.wsgi.server [req-f2c73c76-1aa9-48e0-8cbf-56648288c736 - - - - -] 127.0.0.1 "GET /v1/nodes HTTP/1.1" status: 200 len: 1465 time: 0.0693562
2017-05-23 13:08:20.301 31287 INFO eventlet.wsgi.server [req-e13e5372-a333-4a62-a649-f57ca609126d - - - - -] 127.0.0.1 "GET /v1/nodes HTTP/1.1" status: 200 len: 1465 time: 0.0641220
2017-05-23 13:09:20.309 31285 INFO eventlet.wsgi.server [req-5e107b0f-5fd3-4b9f-8b63-2fd62cf0931c - - - - -] 127.0.0.1 "GET /v1/nodes HTTP/1.1" status: 200 len: 1465 time: 0.0675409
2017-05-23 13:10:20.314 31294 INFO eventlet.wsgi.server [req-25b29d13-9f57-44c7-81f7-bf7767e353db - - - - -] 127.0.0.1 "GET /v1/nodes HTTP/1.1" status: 200 len: 1465 time: 0.0726640
2017-05-23 13:11:20.317 31285 INFO eventlet.wsgi.server [req-c2176c09-11b4-4b52-b105-5c943fceaf74 - - - - -] 127.0.0.1 "GET /v1/nodes HTTP/1.1" status: 200 len: 1465 time: 0.0741689
2017-05-23 13:12:20.315 31292 INFO eventlet.wsgi.server [req-b28c16cd-2204-4e56-82ca-8230c23a7b01 - - - - -] 127.0.0.1 "GET /v1/nodes HTTP/1.1" status: 200 len: 1465 time: 0.0638900
2017-05-23 13:13:20.311 31292 INFO eventlet.wsgi.server [req-d92e8b8a-3673-48b5-83b2-b79325a2fd57 - - - - -] 127.0.0.1 "GET /v1/nodes HTTP/1.1" status: 200 len: 1465 time: 0.0631828
2017-05-23 13:14:20.317 31292 INFO eventlet.wsgi.server [req-79e7ce6c-6c7d-4123-84a0-070945479d29 - - - - -] 127.0.0.1 "GET /v1/nodes HTTP/1.1" status: 200 len: 1465 time: 0.0683432
2017-05-23 13:15:20.264 31291 DEBUG oslo_concurrency.lockutils [req-60fe16d6-6bad-435a-8aef-00e05d05e627 - - - - -] Lock "policy_enforcer" acquired by "ironic.common.policy.init_enforcer" :: waited 0.001s inner /usr/local/lib/python2.7/dist-packages/oslo_concurrency/lockutils.py:270
2017-05-23 13:15:20.268 31291 DEBUG oslo_concurrency.lockutils [req-60fe16d6-6bad-435a-8aef-00e05d05e627 - - - - -] Lock "policy_enforcer" released by "ironic.common.policy.init_enforcer" :: held 0.004s inner /usr/local/lib/python2.7/dist-packages/oslo_concurrency/lockutils.py:282
2017-05-23 13:15:20.269 31291 DEBUG oslo_policy._cache_handler [req-60fe16d6-6bad-435a-8aef-00e05d05e627 - - - - -] Reloading cached file /etc/ironic/policy.json read_cached_file /usr/local/lib/python2.7/dist-packages/oslo_policy/_cache_handler.py:40
2017-05-23 13:15:20.273 31291 DEBUG oslo_policy.policy [req-60fe16d6-6bad-435a-8aef-00e05d05e627 - - - - -] Reloaded policy file: /etc/ironic/policy.json _load_policy_file /usr/local/lib/python2.7/dist-packages/oslo_policy/policy.py:683
2017-05-23 13:15:20.282 31291 DEBUG oslo_db.api [req-60fe16d6-6bad-435a-8aef-00e05d05e627 - - - - -] Loading backend 'sqlalchemy' from 'ironic.db.sqlalchemy.api' _load_backend /usr/local/lib/python2.7/dist-packages/oslo_db/api.py:237
2017-05-23 13:15:20.451 31291 DEBUG oslo_db.sqlalchemy.engines [req-60fe16d6-6bad-435a-8aef-00e05d05e627 - - - - -] MySQL server mode set to STRICT_TRANS_TABLES,STRICT_ALL_TABLES,NO_ZERO_IN_DATE,NO_ZERO_DATE,ERROR_FOR_DIVISION_BY_ZERO,TRADITIONAL,NO_AUTO_CREATE_USER,NO_ENGINE_SUBSTITUTION _check_effective_sql_mode /usr/local/lib/python2.7/dist-packages/oslo_db/sqlalchemy/engines.py:260
2017-05-23 13:15:20.504 31291 INFO eventlet.wsgi.server [req-60fe16d6-6bad-435a-8aef-00e05d05e627 - - - - -] 127.0.0.1 "GET /v1/nodes HTTP/1.1" status: 200 len: 1465 time: 0.2523220
2017-05-23 13:16:20.316 31289 INFO eventlet.wsgi.server [req-ac89b1b7-c37a-4110-99b6-9f5f4f386c00 - - - - -] 127.0.0.1 "GET /v1/nodes HTTP/1.1" status: 200 len: 1465 time: 0.0646651
2017-05-23 13:17:20.311 31289 INFO eventlet.wsgi.server [req-47075496-bf03-4f4e-96c9-f4a3755a7a8c - - - - -] 127.0.0.1 "GET /v1/nodes HTTP/1.1" status: 200 len: 1465 time: 0.0579438
2017-05-23 13:18:20.316 31289 INFO eventlet.wsgi.server [req-6cf297f5-8370-401f-956b-637a77992fbf - - - - -] 127.0.0.1 "GET /v1/nodes HTTP/1.1" status: 200 len: 1465 time: 0.0611272
2017-05-23 13:19:20.326 31285 INFO eventlet.wsgi.server [req-1a2d859c-2547-4576-a779-992b2c53b283 - - - - -] 127.0.0.1 "GET /v1/nodes HTTP/1.1" status: 200 len: 1465 time: 0.0643101
2017-05-23 13:20:20.329 31298 INFO eventlet.wsgi.server [req-8fe1d0a5-c0a1-4c84-9925-d0e532118c61 - - - - -] 127.0.0.1 "GET /v1/nodes HTTP/1.1" status: 200 len: 1465 time: 0.0683222
2017-05-23 13:21:20.327 31295 INFO eventlet.wsgi.server [req-bb2f29bc-6e23-4478-8326-5b286058219c - - - - -] 127.0.0.1 "GET /v1/nodes HTTP/1.1" status: 200 len: 1465 time: 0.0654130
2017-05-23 13:22:20.336 31295 INFO eventlet.wsgi.server [req-4c7dc64a-50a1-4805-a47d-6306d9f0405b - - - - -] 127.0.0.1 "GET /v1/nodes HTTP/1.1" status: 200 len: 1465 time: 0.0680909
2017-05-23 13:23:20.334 31298 INFO eventlet.wsgi.server [req-dfe3dc46-055f-433e-859a-aea1c7fc6ddf - - - - -] 127.0.0.1 "GET /v1/nodes HTTP/1.1" status: 200 len: 1465 time: 0.0682740
2017-05-23 13:24:20.337 31290 INFO eventlet.wsgi.server [req-76219608-2b77-4fa3-b70d-b67fb9721372 - - - - -] 127.0.0.1 "GET /v1/nodes HTTP/1.1" status: 200 len: 1465 time: 0.0688860
2017-05-23 13:25:20.339 31292 INFO eventlet.wsgi.server [req-13d193e4-ad7b-4e7e-9d9d-2345fd841151 - - - - -] 127.0.0.1 "GET /v1/nodes HTTP/1.1" status: 200 len: 1465 time: 0.0698550
2017-05-23 13:26:20.338 31298 INFO eventlet.wsgi.server [req-3b25b918-e66a-4d5b-b31f-e233f911001f - - - - -] 127.0.0.1 "GET /v1/nodes HTTP/1.1" status: 200 len: 1465 time: 0.0658209
2017-05-23 13:27:20.336 31285 INFO eventlet.wsgi.server [req-dec84288-6e84-4d43-ac9c-49539a1979ad - - - - -] 127.0.0.1 "GET /v1/nodes HTTP/1.1" status: 200 len: 1465 time: 0.0607131
2017-05-23 13:28:20.347 31298 INFO eventlet.wsgi.server [req-f4430724-d479-4a2e-ad52-1428e7310de7 - - - - -] 127.0.0.1 "GET /v1/nodes HTTP/1.1" status: 200 len: 1465 time: 0.0714681
2017-05-23 13:29:20.340 31298 INFO eventlet.wsgi.server [req-93204ebf-c356-401b-9809-45d57846845f - - - - -] 127.0.0.1 "GET /v1/nodes HTTP/1.1" status: 200 len: 1465 time: 0.0644672
2017-05-23 13:30:20.346 31298 INFO eventlet.wsgi.server [req-5401c243-01e1-4c82-924b-5c803de6d3ce - - - - -] 127.0.0.1 "GET /v1/nodes HTTP/1.1" status: 200 len: 1465 time: 0.0640800
2017-05-23 13:31:20.352 31289 INFO eventlet.wsgi.server [req-a7906f89-75e5-44de-810c-3213b0df9003 - - - - -] 127.0.0.1 "GET /v1/nodes HTTP/1.1" status: 200 len: 1465 time: 0.0667012
2017-05-23 13:32:20.349 31287 INFO eventlet.wsgi.server [req-facf6533-4e5c-48e8-8a86-393406d8af4f - - - - -] 127.0.0.1 "GET /v1/nodes HTTP/1.1" status: 200 len: 1465 time: 0.0653150
2017-05-23 13:33:20.354 31298 INFO eventlet.wsgi.server [req-0daadffa-683c-4772-9ab5-2248f64ae7cb - - - - -] 127.0.0.1 "GET /v1/nodes HTTP/1.1" status: 200 len: 1465 time: 0.0654421
2017-05-23 13:34:20.354 31287 INFO eventlet.wsgi.server [req-f558d8ff-62c1-4914-a71e-285228bc6aa4 - - - - -] 127.0.0.1 "GET /v1/nodes HTTP/1.1" status: 200 len: 1465 time: 0.0624311
2017-05-23 13:35:20.373 31294 INFO eventlet.wsgi.server [req-e0e63706-c39e-461c-8def-9f621b0534b3 - - - - -] 127.0.0.1 "GET /v1/nodes HTTP/1.1" status: 200 len: 1465 time: 0.0730720
2017-05-23 13:36:20.308 31297 DEBUG oslo_concurrency.lockutils [req-55b41ced-5747-4df7-bea8-adac24b89b77 - - - - -] Lock "policy_enforcer" acquired by "ironic.common.policy.init_enforcer" :: waited 0.001s inner /usr/local/lib/python2.7/dist-packages/oslo_concurrency/lockutils.py:270
2017-05-23 13:36:20.311 31297 DEBUG oslo_concurrency.lockutils [req-55b41ced-5747-4df7-bea8-adac24b89b77 - - - - -] Lock "policy_enforcer" released by "ironic.common.policy.init_enforcer" :: held 0.003s inner /usr/local/lib/python2.7/dist-packages/oslo_concurrency/lockutils.py:282
2017-05-23 13:36:20.312 31297 DEBUG oslo_policy._cache_handler [req-55b41ced-5747-4df7-bea8-adac24b89b77 - - - - -] Reloading cached file /etc/ironic/policy.json read_cached_file /usr/local/lib/python2.7/dist-packages/oslo_policy/_cache_handler.py:40
2017-05-23 13:36:20.316 31297 DEBUG oslo_policy.policy [req-55b41ced-5747-4df7-bea8-adac24b89b77 - - - - -] Reloaded policy file: /etc/ironic/policy.json _load_policy_file /usr/local/lib/python2.7/dist-packages/oslo_policy/policy.py:683
2017-05-23 13:36:20.324 31297 DEBUG oslo_db.api [req-55b41ced-5747-4df7-bea8-adac24b89b77 - - - - -] Loading backend 'sqlalchemy' from 'ironic.db.sqlalchemy.api' _load_backend /usr/local/lib/python2.7/dist-packages/oslo_db/api.py:237
2017-05-23 13:36:20.491 31297 DEBUG oslo_db.sqlalchemy.engines [req-55b41ced-5747-4df7-bea8-adac24b89b77 - - - - -] MySQL server mode set to STRICT_TRANS_TABLES,STRICT_ALL_TABLES,NO_ZERO_IN_DATE,NO_ZERO_DATE,ERROR_FOR_DIVISION_BY_ZERO,TRADITIONAL,NO_AUTO_CREATE_USER,NO_ENGINE_SUBSTITUTION _check_effective_sql_mode /usr/local/lib/python2.7/dist-packages/oslo_db/sqlalchemy/engines.py:260
2017-05-23 13:36:20.545 31297 INFO eventlet.wsgi.server [req-55b41ced-5747-4df7-bea8-adac24b89b77 - - - - -] 127.0.0.1 "GET /v1/nodes HTTP/1.1" status: 200 len: 1465 time: 0.2504871
2017-05-23 13:37:20.371 31284 INFO eventlet.wsgi.server [req-cf9124a2-3b05-463e-b95b-faacb988fa7e - - - - -] 127.0.0.1 "GET /v1/nodes HTTP/1.1" status: 200 len: 1465 time: 0.0699260
2017-05-23 13:38:20.363 31284 INFO eventlet.wsgi.server [req-50ab38a9-bda0-4207-8683-2ce6d7f4bd06 - - - - -] 127.0.0.1 "GET /v1/nodes HTTP/1.1" status: 200 len: 1465 time: 0.0620391
2017-05-23 13:39:20.374 31287 INFO eventlet.wsgi.server [req-0081ece3-4f67-4c1d-a54b-c11dc761f16c - - - - -] 127.0.0.1 "GET /v1/nodes HTTP/1.1" status: 200 len: 1465 time: 0.0684969
2017-05-23 13:40:20.365 31287 INFO eventlet.wsgi.server [req-8af2f4c5-c467-4dc1-a235-4e677a378aec - - - - -] 127.0.0.1 "GET /v1/nodes HTTP/1.1" status: 200 len: 1465 time: 0.0602119
2017-05-23 13:41:20.372 31288 INFO eventlet.wsgi.server [req-f0751c7d-4574-49b8-9118-807c61e03632 - - - - -] 127.0.0.1 "GET /v1/nodes HTTP/1.1" status: 200 len: 1465 time: 0.0642960
2017-05-23 13:42:20.368 31288 INFO eventlet.wsgi.server [req-53e75de3-7528-4e51-b769-5197f76261e5 - - - - -] 127.0.0.1 "GET /v1/nodes HTTP/1.1" status: 200 len: 1465 time: 0.0598750
2017-05-23 13:43:20.388 31292 INFO eventlet.wsgi.server [req-df342db5-1b1d-4878-8544-ed944d3e2657 - - - - -] 127.0.0.1 "GET /v1/nodes HTTP/1.1" status: 200 len: 1465 time: 0.0763841
2017-05-23 13:44:20.495 31284 INFO eventlet.wsgi.server [req-8202a42a-1091-4fd7-9290-de5e936c7195 - - - - -] 127.0.0.1 "GET /v1/nodes HTTP/1.1" status: 200 len: 1465 time: 0.1781859
2017-05-23 13:45:20.392 31284 INFO eventlet.wsgi.server [req-884713d2-8dae-4954-8394-fbcf3a07b628 - - - - -] 127.0.0.1 "GET /v1/nodes HTTP/1.1" status: 200 len: 1465 time: 0.0645461
2017-05-23 13:46:20.381 31284 INFO eventlet.wsgi.server [req-22761569-5108-454e-bcf4-15020e8630a3 - - - - -] 127.0.0.1 "GET /v1/nodes HTTP/1.1" status: 200 len: 1465 time: 0.0589211
2017-05-23 13:47:20.401 31288 INFO eventlet.wsgi.server [req-06cde298-423c-4149-a83b-a98577a2b4df - - - - -] 127.0.0.1 "GET /v1/nodes HTTP/1.1" status: 200 len: 1465 time: 0.0796478
2017-05-23 13:48:20.394 31284 INFO eventlet.wsgi.server [req-c3265f1f-b98c-4874-8278-d26e543be158 - - - - -] 127.0.0.1 "GET /v1/nodes HTTP/1.1" status: 200 len: 1465 time: 0.0652108
2017-05-23 13:49:20.395 31292 INFO eventlet.wsgi.server [req-a2a5d2b0-2c90-45f1-beb1-c67bcf3fe08f - - - - -] 127.0.0.1 "GET /v1/nodes HTTP/1.1" status: 200 len: 1465 time: 0.0640490
2017-05-23 13:50:20.393 31292 INFO eventlet.wsgi.server [req-21099140-4e3a-45fe-b20c-83ef7b0b34c4 - - - - -] 127.0.0.1 "GET /v1/nodes HTTP/1.1" status: 200 len: 1465 time: 0.0606239
2017-05-23 13:51:20.405 31298 INFO eventlet.wsgi.server [req-96028269-7045-447d-9fc7-36c71f8f652b - - - - -] 127.0.0.1 "GET /v1/nodes HTTP/1.1" status: 200 len: 1465 time: 0.0737741
2017-05-23 13:52:20.486 31292 INFO eventlet.wsgi.server [req-3b386a87-a147-4247-b49f-4d01bb0ab488 - - - - -] 127.0.0.1 "GET /v1/nodes HTTP/1.1" status: 200 len: 1465 time: 0.1505849
2017-05-23 13:53:20.404 31292 INFO eventlet.wsgi.server [req-e4f2c6ce-26d0-44b1-b68d-4d1709b7449b - - - - -] 127.0.0.1 "GET /v1/nodes HTTP/1.1" status: 200 len: 1465 time: 0.0687370
2017-05-23 13:54:20.408 31284 INFO eventlet.wsgi.server [req-7b213e6f-5730-4aff-b534-1a4032f04797 - - - - -] 127.0.0.1 "GET /v1/nodes HTTP/1.1" status: 200 len: 1465 time: 0.0648990
2017-05-23 13:55:20.414 31292 INFO eventlet.wsgi.server [req-037ad0a1-a289-480d-bd20-254867379e22 - - - - -] 127.0.0.1 "GET /v1/nodes HTTP/1.1" status: 200 len: 1465 time: 0.0692730
2017-05-23 13:56:20.412 31284 INFO eventlet.wsgi.server [req-e84e1c2f-adec-4b66-8e68-9af5fd197079 - - - - -] 127.0.0.1 "GET /v1/nodes HTTP/1.1" status: 200 len: 1465 time: 0.0631418
2017-05-23 13:57:20.406 31284 INFO eventlet.wsgi.server [req-7e13cb34-5d24-492b-b100-866ab3903341 - - - - -] 127.0.0.1 "GET /v1/nodes HTTP/1.1" status: 200 len: 1465 time: 0.0613580
2017-05-23 13:58:20.425 31293 INFO eventlet.wsgi.server [req-5a2da81c-620d-4e58-8acf-d91db87e7ada - - - - -] 127.0.0.1 "GET /v1/nodes HTTP/1.1" status: 200 len: 1465 time: 0.0707321
2017-05-23 13:59:20.423 31288 INFO eventlet.wsgi.server [req-2ffe754d-5fc9-4766-aaa1-cc194b7bc520 - - - - -] 127.0.0.1 "GET /v1/nodes HTTP/1.1" status: 200 len: 1465 time: 0.0694318
2017-05-23 14:00:20.425 31284 INFO eventlet.wsgi.server [req-c5b35d3f-f47a-49ce-a3ab-24cd2dbc9b0f - - - - -] 127.0.0.1 "GET /v1/nodes HTTP/1.1" status: 200 len: 1465 time: 0.0688021
2017-05-23 14:01:20.429 31284 INFO eventlet.wsgi.server [req-ea0fff0b-619a-4f5c-98ee-02fb999647b1 - - - - -] 127.0.0.1 "GET /v1/nodes HTTP/1.1" status: 200 len: 1465 time: 0.0724790
2017-05-23 14:02:20.417 31284 INFO eventlet.wsgi.server [req-77891d18-3a16-42a1-9491-6c515ee10dc5 - - - - -] 127.0.0.1 "GET /v1/nodes HTTP/1.1" status: 200 len: 1465 time: 0.0575988
2017-05-23 14:03:20.378 31283 DEBUG oslo_concurrency.lockutils [req-de6af7d0-395a-4e96-975e-7a4c90da720d - - - - -] Lock "policy_enforcer" acquired by "ironic.common.policy.init_enforcer" :: waited 0.001s inner /usr/local/lib/python2.7/dist-packages/oslo_concurrency/lockutils.py:270
2017-05-23 14:03:20.381 31283 DEBUG oslo_concurrency.lockutils [req-de6af7d0-395a-4e96-975e-7a4c90da720d - - - - -] Lock "policy_enforcer" released by "ironic.common.policy.init_enforcer" :: held 0.003s inner /usr/local/lib/python2.7/dist-packages/oslo_concurrency/lockutils.py:282
2017-05-23 14:03:20.382 31283 DEBUG oslo_policy._cache_handler [req-de6af7d0-395a-4e96-975e-7a4c90da720d - - - - -] Reloading cached file /etc/ironic/policy.json read_cached_file /usr/local/lib/python2.7/dist-packages/oslo_policy/_cache_handler.py:40
2017-05-23 14:03:20.386 31283 DEBUG oslo_policy.policy [req-de6af7d0-395a-4e96-975e-7a4c90da720d - - - - -] Reloaded policy file: /etc/ironic/policy.json _load_policy_file /usr/local/lib/python2.7/dist-packages/oslo_policy/policy.py:683
2017-05-23 14:03:20.394 31283 DEBUG oslo_db.api [req-de6af7d0-395a-4e96-975e-7a4c90da720d - - - - -] Loading backend 'sqlalchemy' from 'ironic.db.sqlalchemy.api' _load_backend /usr/local/lib/python2.7/dist-packages/oslo_db/api.py:237
2017-05-23 14:03:20.562 31283 DEBUG oslo_db.sqlalchemy.engines [req-de6af7d0-395a-4e96-975e-7a4c90da720d - - - - -] MySQL server mode set to STRICT_TRANS_TABLES,STRICT_ALL_TABLES,NO_ZERO_IN_DATE,NO_ZERO_DATE,ERROR_FOR_DIVISION_BY_ZERO,TRADITIONAL,NO_AUTO_CREATE_USER,NO_ENGINE_SUBSTITUTION _check_effective_sql_mode /usr/local/lib/python2.7/dist-packages/oslo_db/sqlalchemy/engines.py:260
2017-05-23 14:03:20.616 31283 INFO eventlet.wsgi.server [req-de6af7d0-395a-4e96-975e-7a4c90da720d - - - - -] 127.0.0.1 "GET /v1/nodes HTTP/1.1" status: 200 len: 1465 time: 0.2516260
2017-05-23 14:04:20.436 31298 INFO eventlet.wsgi.server [req-149f753a-c4be-4062-8eb1-b72cc491c989 - - - - -] 127.0.0.1 "GET /v1/nodes HTTP/1.1" status: 200 len: 1465 time: 0.0701790
2017-05-23 14:05:20.440 31289 INFO eventlet.wsgi.server [req-70a7b7c2-0cca-4beb-b81e-50c1b49989d6 - - - - -] 127.0.0.1 "GET /v1/nodes HTTP/1.1" status: 200 len: 1465 time: 0.0745420
2017-05-23 14:06:20.433 31298 INFO eventlet.wsgi.server [req-07b16aa2-1861-4e27-9e6e-ea44c0d5fa6e - - - - -] 127.0.0.1 "GET /v1/nodes HTTP/1.1" status: 200 len: 1465 time: 0.0637481
2017-05-23 14:07:20.442 31287 INFO eventlet.wsgi.server [req-bb3b5294-ebcd-451e-ae02-6962aa5af710 - - - - -] 127.0.0.1 "GET /v1/nodes HTTP/1.1" status: 200 len: 1465 time: 0.0714722
2017-05-23 14:08:20.437 31297 INFO eventlet.wsgi.server [req-b7393992-d474-4b20-b43f-4d2e4cbc7693 - - - - -] 127.0.0.1 "GET /v1/nodes HTTP/1.1" status: 200 len: 1465 time: 0.0658052
2017-05-23 14:09:20.441 31297 INFO eventlet.wsgi.server [req-9c3bad4a-c10b-4f44-8aae-829af88b8d59 - - - - -] 127.0.0.1 "GET /v1/nodes HTTP/1.1" status: 200 len: 1465 time: 0.0646460
2017-05-23 14:10:20.444 31285 INFO eventlet.wsgi.server [req-8fc25cb8-f999-468b-abb7-9fadd9702ccb - - - - -] 127.0.0.1 "GET /v1/nodes HTTP/1.1" status: 200 len: 1465 time: 0.0626609
2017-05-23 14:11:20.458 31289 INFO eventlet.wsgi.server [req-3f628928-cc34-41fa-962e-9338ce087814 - - - - -] 127.0.0.1 "GET /v1/nodes HTTP/1.1" status: 200 len: 1465 time: 0.0764170
2017-05-23 14:12:20.463 31292 INFO eventlet.wsgi.server [req-d95f408c-7521-453d-86f9-5eefccead877 - - - - -] 127.0.0.1 "GET /v1/nodes HTTP/1.1" status: 200 len: 1465 time: 0.0753291
2017-05-23 14:13:20.452 31287 INFO eventlet.wsgi.server [req-c9e7037f-df36-4c9b-a6f8-391c37f34a2a - - - - -] 127.0.0.1 "GET /v1/nodes HTTP/1.1" status: 200 len: 1465 time: 0.0682440
2017-05-23 14:14:20.454 31287 INFO eventlet.wsgi.server [req-afa778b8-6253-4db2-84a9-219186dd2b2c - - - - -] 127.0.0.1 "GET /v1/nodes HTTP/1.1" status: 200 len: 1465 time: 0.0652850
2017-05-23 14:15:20.472 31294 INFO eventlet.wsgi.server [req-94ec9aad-712a-46f0-b22f-a8f8ab1498fa - - - - -] 127.0.0.1 "GET /v1/nodes HTTP/1.1" status: 200 len: 1465 time: 0.0802600
2017-05-23 14:16:20.465 31298 INFO eventlet.wsgi.server [req-1e4fa272-f456-49d4-8629-ded3a37c8abc - - - - -] 127.0.0.1 "GET /v1/nodes HTTP/1.1" status: 200 len: 1465 time: 0.0679600
2017-05-23 14:17:20.460 31287 INFO eventlet.wsgi.server [req-5b7958f9-db55-4a72-8f03-028cb685c276 - - - - -] 127.0.0.1 "GET /v1/nodes HTTP/1.1" status: 200 len: 1465 time: 0.0634379
2017-05-23 14:18:20.465 31292 INFO eventlet.wsgi.server [req-45fefb2f-3247-409b-9e43-46225212d5be - - - - -] 127.0.0.1 "GET /v1/nodes HTTP/1.1" status: 200 len: 1465 time: 0.0685842
2017-05-23 14:19:20.485 31296 INFO eventlet.wsgi.server [req-cb59a105-d756-4726-94a6-242fa130b6c3 - - - - -] 127.0.0.1 "GET /v1/nodes HTTP/1.1" status: 200 len: 1465 time: 0.0809948
2017-05-23 14:20:20.479 31284 INFO eventlet.wsgi.server [req-2e2f5485-9ba1-44e3-afa8-643bd844f1da - - - - -] 127.0.0.1 "GET /v1/nodes HTTP/1.1" status: 200 len: 1465 time: 0.0678880
2017-05-23 14:21:20.469 31284 INFO eventlet.wsgi.server [req-8faa30e8-0f9b-4657-8184-d9d2f643399d - - - - -] 127.0.0.1 "GET /v1/nodes HTTP/1.1" status: 200 len: 1465 time: 0.0652199
2017-05-23 14:22:20.469 31292 INFO eventlet.wsgi.server [req-7fd6e107-492a-42cf-b1ce-14934a6e132f - - - - -] 127.0.0.1 "GET /v1/nodes HTTP/1.1" status: 200 len: 1465 time: 0.0597961
2017-05-23 14:23:20.467 31292 INFO eventlet.wsgi.server [req-3ccd26a8-a8fc-4e55-a7ee-a874e24b5307 - - - - -] 127.0.0.1 "GET /v1/nodes HTTP/1.1" status: 200 len: 1465 time: 0.0586441
2017-05-23 14:24:20.483 31283 INFO eventlet.wsgi.server [req-797e4a33-ede1-4845-87d4-e40aa5fe2170 - - - - -] 127.0.0.1 "GET /v1/nodes HTTP/1.1" status: 200 len: 1465 time: 0.0701070
2017-05-23 14:25:20.490 31298 INFO eventlet.wsgi.server [req-13c7c279-7d81-4cb4-b99b-aed076d47028 - - - - -] 127.0.0.1 "GET /v1/nodes HTTP/1.1" status: 200 len: 1465 time: 0.0659080
2017-05-23 14:26:20.491 31292 INFO eventlet.wsgi.server [req-7e6d6734-e054-4e63-b94a-8975287618ad - - - - -] 127.0.0.1 "GET /v1/nodes HTTP/1.1" status: 200 len: 1465 time: 0.0733609
2017-05-23 14:27:20.493 31287 INFO eventlet.wsgi.server [req-792ab350-4997-4526-a18e-748a58a28135 - - - - -] 127.0.0.1 "GET /v1/nodes HTTP/1.1" status: 200 len: 1465 time: 0.0723600
2017-05-23 14:28:20.492 31287 INFO eventlet.wsgi.server [req-f66d9d2e-a0d2-4231-893a-764003fb619d - - - - -] 127.0.0.1 "GET /v1/nodes HTTP/1.1" status: 200 len: 1465 time: 0.0689008
2017-05-23 14:29:20.499 31294 INFO eventlet.wsgi.server [req-36c54f66-7fb5-4857-8015-739da5b7dc1e - - - - -] 127.0.0.1 "GET /v1/nodes HTTP/1.1" status: 200 len: 1465 time: 0.0695958
2017-05-23 14:30:20.497 31294 INFO eventlet.wsgi.server [req-9d7e263c-15a9-48a0-b9b9-209d52be0938 - - - - -] 127.0.0.1 "GET /v1/nodes HTTP/1.1" status: 200 len: 1465 time: 0.0648959
2017-05-23 14:31:20.502 31289 INFO eventlet.wsgi.server [req-008a96df-70a1-4d36-9dfe-45aeb5262354 - - - - -] 127.0.0.1 "GET /v1/nodes HTTP/1.1" status: 200 len: 1465 time: 0.0671470
2017-05-23 14:32:20.499 31289 INFO eventlet.wsgi.server [req-591763bd-2b07-4656-9414-8de7a6e32691 - - - - -] 127.0.0.1 "GET /v1/nodes HTTP/1.1" status: 200 len: 1465 time: 0.0653870
2017-05-23 14:33:20.509 31294 INFO eventlet.wsgi.server [req-37f0140e-53fa-4e5e-b80a-dfa0d30907f4 - - - - -] 127.0.0.1 "GET /v1/nodes HTTP/1.1" status: 200 len: 1465 time: 0.0672090
2017-05-23 14:34:20.510 31289 INFO eventlet.wsgi.server [req-f6fd3a30-fe66-4de0-9655-1b6b204fb608 - - - - -] 127.0.0.1 "GET /v1/nodes HTTP/1.1" status: 200 len: 1465 time: 0.0661671
2017-05-23 14:35:20.508 31288 INFO eventlet.wsgi.server [req-b0f5013a-aad7-42e2-b36d-5acdeb6609bd - - - - -] 127.0.0.1 "GET /v1/nodes HTTP/1.1" status: 200 len: 1465 time: 0.0583570
2017-05-23 14:36:20.509 31288 INFO eventlet.wsgi.server [req-048fd825-6726-49ac-92d4-e2ce09dd50b5 - - - - -] 127.0.0.1 "GET /v1/nodes HTTP/1.1" status: 200 len: 1465 time: 0.0644341
2017-05-23 14:37:20.526 31284 INFO eventlet.wsgi.server [req-fc349608-46c9-41b7-885c-18ada1d7b15e - - - - -] 127.0.0.1 "GET /v1/nodes HTTP/1.1" status: 200 len: 1465 time: 0.0678411
2017-05-23 14:38:20.530 31288 INFO eventlet.wsgi.server [req-c0d2e6e2-4381-4932-b7f7-d58fc24ad722 - - - - -] 127.0.0.1 "GET /v1/nodes HTTP/1.1" status: 200 len: 1465 time: 0.0732090
2017-05-23 14:39:20.610 31298 INFO eventlet.wsgi.server [req-3e5d2b92-50aa-4ba4-abd8-3609b824e347 - - - - -] 127.0.0.1 "GET /v1/nodes HTTP/1.1" status: 200 len: 1465 time: 0.1600029
2017-05-23 14:40:20.518 31298 INFO eventlet.wsgi.server [req-02601837-bdd9-4722-8021-c4b3248e0eee - - - - -] 127.0.0.1 "GET /v1/nodes HTTP/1.1" status: 200 len: 1465 time: 0.0609388
2017-05-23 14:41:20.527 31294 INFO eventlet.wsgi.server [req-80330200-a836-4352-a49d-8eab033b72bf - - - - -] 127.0.0.1 "GET /v1/nodes HTTP/1.1" status: 200 len: 1465 time: 0.0701020
2017-05-23 14:42:20.530 31285 INFO eventlet.wsgi.server [req-35e2039e-9e2e-45ca-8ea4-f25294aab9d9 - - - - -] 127.0.0.1 "GET /v1/nodes HTTP/1.1" status: 200 len: 1465 time: 0.0691569
2017-05-23 14:43:20.535 31292 INFO eventlet.wsgi.server [req-3203c7a7-eb27-4a76-8124-57674d7762c9 - - - - -] 127.0.0.1 "GET /v1/nodes HTTP/1.1" status: 200 len: 1465 time: 0.0712879
2017-05-23 14:44:20.532 31294 INFO eventlet.wsgi.server [req-3cf1d4c7-9070-46e5-97c0-70ed4b02da38 - - - - -] 127.0.0.1 "GET /v1/nodes HTTP/1.1" status: 200 len: 1465 time: 0.0632579
2017-05-23 14:45:20.526 31294 INFO eventlet.wsgi.server [req-fe92adc0-6e85-4b24-92cc-e0e4fe1fa600 - - - - -] 127.0.0.1 "GET /v1/nodes HTTP/1.1" status: 200 len: 1465 time: 0.0583620
2017-05-23 14:46:20.532 31289 INFO eventlet.wsgi.server [req-bb15e39f-0b3b-46e2-8637-1869c0a54afd - - - - -] 127.0.0.1 "GET /v1/nodes HTTP/1.1" status: 200 len: 1465 time: 0.0607121
2017-05-23 14:47:20.552 31291 INFO eventlet.wsgi.server [req-08951836-7aef-442c-8dd8-18902dc19db0 - - - - -] 127.0.0.1 "GET /v1/nodes HTTP/1.1" status: 200 len: 1465 time: 0.0810521
2017-05-23 14:48:20.549 31295 INFO eventlet.wsgi.server [req-544f9123-d78a-4642-b1f7-5238f2c7697e - - - - -] 127.0.0.1 "GET /v1/nodes HTTP/1.1" status: 200 len: 1465 time: 0.0728071
2017-05-23 14:49:20.559 31297 INFO eventlet.wsgi.server [req-b48688dc-36fd-4907-aef0-efc6596ba51e - - - - -] 127.0.0.1 "GET /v1/nodes HTTP/1.1" status: 200 len: 1465 time: 0.0827172
2017-05-23 14:50:20.548 31298 INFO eventlet.wsgi.server [req-87099f04-01ce-40b4-ab80-d71a10c478d5 - - - - -] 127.0.0.1 "GET /v1/nodes HTTP/1.1" status: 200 len: 1465 time: 0.0674779
2017-05-23 14:51:20.546 31289 INFO eventlet.wsgi.server [req-98f3dad4-c6a9-44cc-a122-756404b50f7f - - - - -] 127.0.0.1 "GET /v1/nodes HTTP/1.1" status: 200 len: 1465 time: 0.0600221
2017-05-23 14:52:20.555 31289 INFO eventlet.wsgi.server [req-4cd5d502-a07a-4e36-8b97-88a844c05bb8 - - - - -] 127.0.0.1 "GET /v1/nodes HTTP/1.1" status: 200 len: 1465 time: 0.0693638
2017-05-23 14:53:20.561 31287 INFO eventlet.wsgi.server [req-ce59ce4a-129b-43fc-84e4-d52c3602dcbf - - - - -] 127.0.0.1 "GET /v1/nodes HTTP/1.1" status: 200 len: 1465 time: 0.0698941
2017-05-23 14:54:20.579 31298 INFO eventlet.wsgi.server [req-b12b20e8-05c2-458e-8ed6-99da718b31dd - - - - -] 127.0.0.1 "GET /v1/nodes HTTP/1.1" status: 200 len: 1465 time: 0.0850520
2017-05-23 14:55:20.565 31292 INFO eventlet.wsgi.server [req-42a60e06-5cd7-408c-af01-eb7c6e0a173b - - - - -] 127.0.0.1 "GET /v1/nodes HTTP/1.1" status: 200 len: 1465 time: 0.0760479
2017-05-23 14:56:20.583 31288 INFO eventlet.wsgi.server [req-f3387146-526f-4188-b6b0-557bc30a9082 - - - - -] 127.0.0.1 "GET /v1/nodes HTTP/1.1" status: 200 len: 1465 time: 0.0794210
2017-05-23 14:57:20.571 31293 INFO eventlet.wsgi.server [req-26cc046f-9d23-49bd-9d1d-379acccba93d - - - - -] 127.0.0.1 "GET /v1/nodes HTTP/1.1" status: 200 len: 1465 time: 0.0645199
2017-05-23 14:58:20.586 31297 INFO eventlet.wsgi.server [req-c9e137af-8751-4332-ba90-cc9d3a904cd5 - - - - -] 127.0.0.1 "GET /v1/nodes HTTP/1.1" status: 200 len: 1465 time: 0.0697010
2017-05-23 14:59:20.580 31289 INFO eventlet.wsgi.server [req-3ad5c8ed-1947-49f5-a127-f1cdcf87a0f2 - - - - -] 127.0.0.1 "GET /v1/nodes HTTP/1.1" status: 200 len: 1465 time: 0.0698938
2017-05-23 15:00:20.581 31298 INFO eventlet.wsgi.server [req-0f5ae6e7-ba14-4717-9792-9f1da6f88591 - - - - -] 127.0.0.1 "GET /v1/nodes HTTP/1.1" status: 200 len: 1465 time: 0.0687301
2017-05-23 15:01:20.578 31298 INFO eventlet.wsgi.server [req-2ebddc49-bef9-47ab-ba34-67ad443d3a50 - - - - -] 127.0.0.1 "GET /v1/nodes HTTP/1.1" status: 200 len: 1465 time: 0.0655410
2017-05-23 15:02:20.589 31284 INFO eventlet.wsgi.server [req-018671ef-15b1-4ab8-ae0d-18e8207c07eb - - - - -] 127.0.0.1 "GET /v1/nodes HTTP/1.1" status: 200 len: 1465 time: 0.0722680
2017-05-23 15:03:20.597 31292 INFO eventlet.wsgi.server [req-674891a6-0da1-47d7-962c-8931f2bcbdf6 - - - - -] 127.0.0.1 "GET /v1/nodes HTTP/1.1" status: 200 len: 1465 time: 0.0785429
2017-05-23 15:04:20.586 31284 INFO eventlet.wsgi.server [req-bf294f78-b60b-4fc2-9e28-ddfc436a8e24 - - - - -] 127.0.0.1 "GET /v1/nodes HTTP/1.1" status: 200 len: 1465 time: 0.0617201
2017-05-23 15:05:20.599 31284 INFO eventlet.wsgi.server [req-c01e86c1-2843-481b-91f3-64cc69f463f6 - - - - -] 127.0.0.1 "GET /v1/nodes HTTP/1.1" status: 200 len: 1465 time: 0.0703509
2017-05-23 15:06:20.594 31298 INFO eventlet.wsgi.server [req-d48d6932-edaf-46d8-b966-a8291c68bf62 - - - - -] 127.0.0.1 "GET /v1/nodes HTTP/1.1" status: 200 len: 1465 time: 0.0684640
2017-05-23 15:07:20.587 31298 INFO eventlet.wsgi.server [req-4ea0fe77-9f79-4657-b2ec-abcb76157c36 - - - - -] 127.0.0.1 "GET /v1/nodes HTTP/1.1" status: 200 len: 1465 time: 0.0611100
2017-05-23 15:08:20.609 31283 INFO eventlet.wsgi.server [req-1ede6af3-686b-4aed-9498-d6012e7ea754 - - - - -] 127.0.0.1 "GET /v1/nodes HTTP/1.1" status: 200 len: 1465 time: 0.0831780
2017-05-23 15:09:20.611 31286 INFO eventlet.wsgi.server [req-34e5f516-8dff-4cba-acc6-beb9a669d037 - - - - -] 127.0.0.1 "GET /v1/nodes HTTP/1.1" status: 200 len: 1465 time: 0.0799410
2017-05-23 15:10:20.619 31298 INFO eventlet.wsgi.server [req-f7eb77f1-8b3b-45f7-8e83-8635d9fd63f5 - - - - -] 127.0.0.1 "GET /v1/nodes HTTP/1.1" status: 200 len: 1465 time: 0.0747948
2017-05-23 15:11:20.601 31298 INFO eventlet.wsgi.server [req-af4f2d98-f632-4225-87e5-0cd4fd4b80be - - - - -] 127.0.0.1 "GET /v1/nodes HTTP/1.1" status: 200 len: 1465 time: 0.0622630
2017-05-23 15:12:20.603 31284 INFO eventlet.wsgi.server [req-6cecee50-22b8-457b-a371-9c91bdd0e225 - - - - -] 127.0.0.1 "GET /v1/nodes HTTP/1.1" status: 200 len: 1465 time: 0.0631680
