2017-05-24 02:53:42.463 5733 INFO eventlet.wsgi.server [req-1d8ff422-9109-4fd0-b945-b095a3b87510 - - - - -] 127.0.0.1 "GET /v1/nodes/c1a56cb3-fcef-59d5-8105-7e6815154f70 HTTP/1.1" status: 200 len: 1752 time: 0.0301731
2017-05-24 02:53:44.420 5724 INFO eventlet.wsgi.server [req-3535ca94-8e22-4870-8b37-f5bbd9654e30 - - - - -] 127.0.0.1 "GET /v1/nodes/e1369efa-5391-5035-8533-3a065c44a584 HTTP/1.1" status: 200 len: 1755 time: 0.0181720
2017-05-24 02:53:44.437 5724 INFO eventlet.wsgi.server [req-bf46bb59-557f-4d5d-b29a-c64ff88c2bd9 - - - - -] 127.0.0.1 "GET /v1/nodes/93494378-56ee-5e22-b6f0-e3be3a9ebdf1 HTTP/1.1" status: 200 len: 1748 time: 0.0129750
2017-05-24 02:53:44.497 5733 INFO eventlet.wsgi.server [req-a072be8c-b639-4ba4-a54a-20736b2ab568 - - - - -] 127.0.0.1 "GET /v1/nodes/c1a56cb3-fcef-59d5-8105-7e6815154f70 HTTP/1.1" status: 200 len: 1752 time: 0.0291319
2017-05-24 02:53:46.463 5724 INFO eventlet.wsgi.server [req-e0734361-3be7-4663-a438-b237b4028fed - - - - -] 127.0.0.1 "GET /v1/nodes/e1369efa-5391-5035-8533-3a065c44a584 HTTP/1.1" status: 200 len: 1755 time: 0.0368979
2017-05-24 02:53:46.480 5724 INFO eventlet.wsgi.server [req-64b94873-838c-4357-bf51-b4a502ecf394 - - - - -] 127.0.0.1 "GET /v1/nodes/93494378-56ee-5e22-b6f0-e3be3a9ebdf1 HTTP/1.1" status: 200 len: 1748 time: 0.0154479
2017-05-24 02:53:46.531 5733 INFO eventlet.wsgi.server [req-acd41975-17c4-41ec-9b73-dfdc938f5168 - - - - -] 127.0.0.1 "GET /v1/nodes/c1a56cb3-fcef-59d5-8105-7e6815154f70 HTTP/1.1" status: 200 len: 1752 time: 0.0278101
2017-05-24 02:53:48.498 5724 INFO eventlet.wsgi.server [req-d2a015a2-b19c-4ed6-aede-517c90b98aa3 - - - - -] 127.0.0.1 "GET /v1/nodes/e1369efa-5391-5035-8533-3a065c44a584 HTTP/1.1" status: 200 len: 1755 time: 0.0300930
2017-05-24 02:53:48.512 5724 INFO eventlet.wsgi.server [req-1ca78d2b-0596-4fa8-9802-58c8bc087652 - - - - -] 127.0.0.1 "GET /v1/nodes/93494378-56ee-5e22-b6f0-e3be3a9ebdf1 HTTP/1.1" status: 200 len: 1748 time: 0.0128999
2017-05-24 02:53:48.564 5733 INFO eventlet.wsgi.server [req-0e62b1b3-c94c-49b2-96e1-51c9166db225 - - - - -] 127.0.0.1 "GET /v1/nodes/c1a56cb3-fcef-59d5-8105-7e6815154f70 HTTP/1.1" status: 200 len: 1752 time: 0.0278690
2017-05-24 02:53:50.520 5724 INFO eventlet.wsgi.server [req-0854d043-d26d-45d9-858d-82e7701422d2 - - - - -] 127.0.0.1 "GET /v1/nodes/e1369efa-5391-5035-8533-3a065c44a584 HTTP/1.1" status: 200 len: 1755 time: 0.0176041
2017-05-24 02:53:50.534 5724 INFO eventlet.wsgi.server [req-149bf9dc-fa13-49ca-bc16-90f3921fb802 - - - - -] 127.0.0.1 "GET /v1/nodes/93494378-56ee-5e22-b6f0-e3be3a9ebdf1 HTTP/1.1" status: 200 len: 1748 time: 0.0133009
2017-05-24 02:53:50.595 5733 INFO eventlet.wsgi.server [req-d4d7e8b1-1282-4276-b1b1-cf46c5d8406e - - - - -] 127.0.0.1 "GET /v1/nodes/c1a56cb3-fcef-59d5-8105-7e6815154f70 HTTP/1.1" status: 200 len: 1752 time: 0.0261340
2017-05-24 02:53:52.559 5724 INFO eventlet.wsgi.server [req-91e99801-e223-4d01-ab1e-547cf378bf70 - - - - -] 127.0.0.1 "GET /v1/nodes/e1369efa-5391-5035-8533-3a065c44a584 HTTP/1.1" status: 200 len: 1755 time: 0.0320501
2017-05-24 02:53:52.581 5724 INFO eventlet.wsgi.server [req-50882833-3a29-4b5f-95b6-40559958665e - - - - -] 127.0.0.1 "GET /v1/nodes/93494378-56ee-5e22-b6f0-e3be3a9ebdf1 HTTP/1.1" status: 200 len: 1748 time: 0.0207920
2017-05-24 02:53:52.631 5733 INFO eventlet.wsgi.server [req-461af0a7-e1ba-498c-91d6-f45eeac8091e - - - - -] 127.0.0.1 "GET /v1/nodes/c1a56cb3-fcef-59d5-8105-7e6815154f70 HTTP/1.1" status: 200 len: 1752 time: 0.0294311
2017-05-24 02:53:54.597 5724 INFO eventlet.wsgi.server [req-0686ca2f-ed75-4d2f-80fd-ec5438ca7a29 - - - - -] 127.0.0.1 "GET /v1/nodes/e1369efa-5391-5035-8533-3a065c44a584 HTTP/1.1" status: 200 len: 1755 time: 0.0318320
2017-05-24 02:53:54.620 5724 INFO eventlet.wsgi.server [req-1069351b-64bc-43bb-975a-e27a844363ee - - - - -] 127.0.0.1 "GET /v1/nodes/93494378-56ee-5e22-b6f0-e3be3a9ebdf1 HTTP/1.1" status: 200 len: 1748 time: 0.0221391
2017-05-24 02:53:54.663 5733 INFO eventlet.wsgi.server [req-712656ed-590f-4772-8e5e-d1172316b1f5 - - - - -] 127.0.0.1 "GET /v1/nodes/c1a56cb3-fcef-59d5-8105-7e6815154f70 HTTP/1.1" status: 200 len: 1752 time: 0.0271010
2017-05-24 02:53:56.644 5724 INFO eventlet.wsgi.server [req-44c02b25-a06d-4743-a5ae-b9045fed037a - - - - -] 127.0.0.1 "GET /v1/nodes/e1369efa-5391-5035-8533-3a065c44a584 HTTP/1.1" status: 200 len: 1755 time: 0.0386670
2017-05-24 02:53:56.669 5724 INFO eventlet.wsgi.server [req-7eda6f45-f42c-4f42-b251-79bd375b5d2c - - - - -] 127.0.0.1 "GET /v1/nodes/93494378-56ee-5e22-b6f0-e3be3a9ebdf1 HTTP/1.1" status: 200 len: 1748 time: 0.0228460
2017-05-24 02:53:56.710 5733 INFO eventlet.wsgi.server [req-ae9e27d7-f864-4af6-b34e-12a7e7c025b0 - - - - -] 127.0.0.1 "GET /v1/nodes/c1a56cb3-fcef-59d5-8105-7e6815154f70 HTTP/1.1" status: 200 len: 1752 time: 0.0389321
2017-05-24 02:53:58.681 5724 INFO eventlet.wsgi.server [req-7d3ee481-30d3-41ba-87bb-9a1c3cc7f381 - - - - -] 127.0.0.1 "GET /v1/nodes/e1369efa-5391-5035-8533-3a065c44a584 HTTP/1.1" status: 200 len: 1755 time: 0.0309191
2017-05-24 02:53:58.704 5724 INFO eventlet.wsgi.server [req-8b90df32-40f2-4eb3-b3a6-9bd776f9f603 - - - - -] 127.0.0.1 "GET /v1/nodes/93494378-56ee-5e22-b6f0-e3be3a9ebdf1 HTTP/1.1" status: 200 len: 1748 time: 0.0221150
2017-05-24 02:53:58.746 5733 INFO eventlet.wsgi.server [req-28ff5a6f-0e82-4419-b1d3-1ec6aa1b0e0e - - - - -] 127.0.0.1 "GET /v1/nodes/c1a56cb3-fcef-59d5-8105-7e6815154f70 HTTP/1.1" status: 200 len: 1752 time: 0.0288470
2017-05-24 02:54:00.734 5724 INFO eventlet.wsgi.server [req-465c8b79-8327-485d-a663-2c52d89db1be - - - - -] 127.0.0.1 "GET /v1/nodes/e1369efa-5391-5035-8533-3a065c44a584 HTTP/1.1" status: 200 len: 1755 time: 0.0473700
2017-05-24 02:54:00.768 5724 INFO eventlet.wsgi.server [req-f5a6b4d5-1233-4af7-8500-29e4d9bcb200 - - - - -] 127.0.0.1 "GET /v1/nodes/93494378-56ee-5e22-b6f0-e3be3a9ebdf1 HTTP/1.1" status: 200 len: 1748 time: 0.0318711
2017-05-24 02:54:00.781 5733 INFO eventlet.wsgi.server [req-c7aa0d7c-3383-4b24-a207-50c379a703f5 - - - - -] 127.0.0.1 "GET /v1/nodes/c1a56cb3-fcef-59d5-8105-7e6815154f70 HTTP/1.1" status: 200 len: 1752 time: 0.0296350
2017-05-24 02:54:02.770 5724 INFO eventlet.wsgi.server [req-7bbd5bcd-fc5b-4489-bdbb-d54f94fad62d - - - - -] 127.0.0.1 "GET /v1/nodes/e1369efa-5391-5035-8533-3a065c44a584 HTTP/1.1" status: 200 len: 1755 time: 0.0301020
2017-05-24 02:54:02.802 5724 INFO eventlet.wsgi.server [req-ffcc0c66-bcd2-4814-8c2a-725579b4b1db - - - - -] 127.0.0.1 "GET /v1/nodes/93494378-56ee-5e22-b6f0-e3be3a9ebdf1 HTTP/1.1" status: 200 len: 1748 time: 0.0279112
2017-05-24 02:54:02.814 5733 INFO eventlet.wsgi.server [req-1b45e200-8350-479f-adb8-fb3f0456215d - - - - -] 127.0.0.1 "GET /v1/nodes/c1a56cb3-fcef-59d5-8105-7e6815154f70 HTTP/1.1" status: 200 len: 1752 time: 0.0282321
2017-05-24 02:54:04.802 5724 INFO eventlet.wsgi.server [req-52a161ca-dd0c-47d6-b07f-054d81211459 - - - - -] 127.0.0.1 "GET /v1/nodes/e1369efa-5391-5035-8533-3a065c44a584 HTTP/1.1" status: 200 len: 1755 time: 0.0275831
2017-05-24 02:54:04.829 5724 INFO eventlet.wsgi.server [req-5bda59df-c69d-4645-8505-fce8281b33c1 - - - - -] 127.0.0.1 "GET /v1/nodes/93494378-56ee-5e22-b6f0-e3be3a9ebdf1 HTTP/1.1" status: 200 len: 1748 time: 0.0235209
2017-05-24 02:54:04.848 5733 INFO eventlet.wsgi.server [req-a4c5776d-c947-4265-a442-3182d203b599 - - - - -] 127.0.0.1 "GET /v1/nodes/c1a56cb3-fcef-59d5-8105-7e6815154f70 HTTP/1.1" status: 200 len: 1752 time: 0.0291948
2017-05-24 02:54:06.838 5724 INFO eventlet.wsgi.server [req-8e503c0a-f769-44ba-9ef9-754a02446942 - - - - -] 127.0.0.1 "GET /v1/nodes/e1369efa-5391-5035-8533-3a065c44a584 HTTP/1.1" status: 200 len: 1755 time: 0.0313361
2017-05-24 02:54:06.867 5724 INFO eventlet.wsgi.server [req-34e5d6e8-9cda-4126-b7e8-b321582e4e0d - - - - -] 127.0.0.1 "GET /v1/nodes/93494378-56ee-5e22-b6f0-e3be3a9ebdf1 HTTP/1.1" status: 200 len: 1748 time: 0.0268478
2017-05-24 02:54:06.870 5733 INFO eventlet.wsgi.server [req-082356a3-44e9-4a58-baa0-3109e2806e26 - - - - -] 127.0.0.1 "GET /v1/nodes/c1a56cb3-fcef-59d5-8105-7e6815154f70 HTTP/1.1" status: 200 len: 1752 time: 0.0176649
2017-05-24 02:54:08.868 5724 INFO eventlet.wsgi.server [req-b1428743-ba74-47a1-b88b-86d8e7f4749c - - - - -] 127.0.0.1 "GET /v1/nodes/e1369efa-5391-5035-8533-3a065c44a584 HTTP/1.1" status: 200 len: 1755 time: 0.0232670
2017-05-24 02:54:08.889 5733 INFO eventlet.wsgi.server [req-bd1363b5-bb05-4824-9592-f9abb970ecc0 - - - - -] 127.0.0.1 "GET /v1/nodes/c1a56cb3-fcef-59d5-8105-7e6815154f70 HTTP/1.1" status: 200 len: 1752 time: 0.0165398
2017-05-24 02:54:08.902 5724 INFO eventlet.wsgi.server [req-ca73eea7-b226-4e0f-8bfa-30f5dce31e64 - - - - -] 127.0.0.1 "GET /v1/nodes/93494378-56ee-5e22-b6f0-e3be3a9ebdf1 HTTP/1.1" status: 200 len: 1748 time: 0.0299170
2017-05-24 02:54:10.893 5724 INFO eventlet.wsgi.server [req-d9058f58-9c0e-4040-9917-90544bd3d251 - - - - -] 127.0.0.1 "GET /v1/nodes/e1369efa-5391-5035-8533-3a065c44a584 HTTP/1.1" status: 200 len: 1755 time: 0.0201061
2017-05-24 02:54:10.919 5724 INFO eventlet.wsgi.server [req-93809c65-5073-42c6-82bc-1d47df22d79f - - - - -] 127.0.0.1 "GET /v1/nodes/93494378-56ee-5e22-b6f0-e3be3a9ebdf1 HTTP/1.1" status: 200 len: 1748 time: 0.0127711
2017-05-24 02:54:10.921 5733 INFO eventlet.wsgi.server [req-af083723-4c1a-4f45-a2c9-a636efac0ee6 - - - - -] 127.0.0.1 "GET /v1/nodes/c1a56cb3-fcef-59d5-8105-7e6815154f70 HTTP/1.1" status: 200 len: 1752 time: 0.0273070
2017-05-24 02:54:12.955 5724 INFO eventlet.wsgi.server [req-4f6d6b10-1a57-4be6-8aa4-c41dd54e94b5 - - - - -] 127.0.0.1 "GET /v1/nodes/e1369efa-5391-5035-8533-3a065c44a584 HTTP/1.1" status: 200 len: 1755 time: 0.0453610
2017-05-24 02:54:12.976 5733 INFO eventlet.wsgi.server [req-c902d27b-fa09-45d8-9941-4f6eefde68ec - - - - -] 127.0.0.1 "GET /v1/nodes/c1a56cb3-fcef-59d5-8105-7e6815154f70 HTTP/1.1" status: 200 len: 1752 time: 0.0493989
2017-05-24 02:54:12.987 5724 INFO eventlet.wsgi.server [req-b7ff3c88-9798-4609-a47b-b6293b012fea - - - - -] 127.0.0.1 "GET /v1/nodes/93494378-56ee-5e22-b6f0-e3be3a9ebdf1 HTTP/1.1" status: 200 len: 1748 time: 0.0296030
2017-05-24 02:54:15.019 5733 INFO eventlet.wsgi.server [req-714f6e19-f1d5-4d25-9156-b572905845fc - - - - -] 127.0.0.1 "GET /v1/nodes/c1a56cb3-fcef-59d5-8105-7e6815154f70 HTTP/1.1" status: 200 len: 1752 time: 0.0380161
2017-05-24 02:54:15.029 5724 INFO eventlet.wsgi.server [req-4e3503c2-316c-45f2-b687-fbb06937ef31 - - - - -] 127.0.0.1 "GET /v1/nodes/e1369efa-5391-5035-8533-3a065c44a584 HTTP/1.1" status: 200 len: 1755 time: 0.0659420
2017-05-24 02:54:15.048 5724 INFO eventlet.wsgi.server [req-3b179cb9-54a2-47ac-9e5a-4947f661ba67 - - - - -] 127.0.0.1 "GET /v1/nodes/93494378-56ee-5e22-b6f0-e3be3a9ebdf1 HTTP/1.1" status: 200 len: 1748 time: 0.0520949
2017-05-24 02:54:16.498 5735 INFO eventlet.wsgi.server [req-c564a3cc-c3a1-4cdd-b4cc-cc64b47a1e77 - - - - -] 127.0.0.1 "GET /v1/nodes HTTP/1.1" status: 200 len: 1477 time: 0.0679450
2017-05-24 02:54:17.079 5733 INFO eventlet.wsgi.server [req-8926e434-111c-4eff-bf12-75a744030991 - - - - -] 127.0.0.1 "GET /v1/nodes/c1a56cb3-fcef-59d5-8105-7e6815154f70 HTTP/1.1" status: 200 len: 1752 time: 0.0551221
2017-05-24 02:54:17.095 5724 INFO eventlet.wsgi.server [req-b72b8a51-9aec-4ba2-b6c4-1499abb8d17a - - - - -] 127.0.0.1 "GET /v1/nodes/e1369efa-5391-5035-8533-3a065c44a584 HTTP/1.1" status: 200 len: 1755 time: 0.0562611
2017-05-24 02:54:17.104 5724 INFO eventlet.wsgi.server [req-6961626d-5747-44e7-8aa1-b628b7444823 - - - - -] 127.0.0.1 "GET /v1/nodes/93494378-56ee-5e22-b6f0-e3be3a9ebdf1 HTTP/1.1" status: 200 len: 1748 time: 0.0353789
2017-05-24 02:54:19.096 5733 INFO eventlet.wsgi.server [req-47a2a8a3-c727-4479-be58-271f65aca710 - - - - -] 127.0.0.1 "GET /v1/nodes/c1a56cb3-fcef-59d5-8105-7e6815154f70 HTTP/1.1" status: 200 len: 1752 time: 0.0275309
2017-05-24 02:54:19.132 5724 INFO eventlet.wsgi.server [req-a3b95469-17fe-40d7-b489-870c5a89edc5 - - - - -] 127.0.0.1 "GET /v1/nodes/e1369efa-5391-5035-8533-3a065c44a584 HTTP/1.1" status: 200 len: 1755 time: 0.0328009
2017-05-24 02:54:19.143 5724 INFO eventlet.wsgi.server [req-e028120b-2aa9-44e9-a2d4-418d736c114d - - - - -] 127.0.0.1 "GET /v1/nodes/93494378-56ee-5e22-b6f0-e3be3a9ebdf1 HTTP/1.1" status: 200 len: 1748 time: 0.0319030
2017-05-24 02:54:21.129 5733 INFO eventlet.wsgi.server [req-e7272a20-b034-4094-8a36-ec86acb6ee38 - - - - -] 127.0.0.1 "GET /v1/nodes/c1a56cb3-fcef-59d5-8105-7e6815154f70 HTTP/1.1" status: 200 len: 1752 time: 0.0287349
2017-05-24 02:54:21.182 5724 INFO eventlet.wsgi.server [req-efc312fe-8820-445d-8449-121cf1b1e23e - - - - -] 127.0.0.1 "GET /v1/nodes/e1369efa-5391-5035-8533-3a065c44a584 HTTP/1.1" status: 200 len: 1755 time: 0.0446239
2017-05-24 02:54:21.192 5724 INFO eventlet.wsgi.server [req-f5ee9d59-b38b-4df9-bc27-5470ba6c5cd2 - - - - -] 127.0.0.1 "GET /v1/nodes/93494378-56ee-5e22-b6f0-e3be3a9ebdf1 HTTP/1.1" status: 200 len: 1748 time: 0.0373380
2017-05-24 02:54:23.167 5733 INFO eventlet.wsgi.server [req-a092a2ea-3b53-4417-a3f6-3cc3bd3c5136 - - - - -] 127.0.0.1 "GET /v1/nodes/c1a56cb3-fcef-59d5-8105-7e6815154f70 HTTP/1.1" status: 200 len: 1752 time: 0.0317340
2017-05-24 02:54:23.218 5724 INFO eventlet.wsgi.server [req-115c7d31-012c-4a32-9da9-87bba31557d4 - - - - -] 127.0.0.1 "GET /v1/nodes/e1369efa-5391-5035-8533-3a065c44a584 HTTP/1.1" status: 200 len: 1755 time: 0.0313761
2017-05-24 02:54:23.243 5724 INFO eventlet.wsgi.server [req-2b4fba09-49f8-4f79-ae58-6981d822d2a9 - - - - -] 127.0.0.1 "GET /v1/nodes/93494378-56ee-5e22-b6f0-e3be3a9ebdf1 HTTP/1.1" status: 200 len: 1748 time: 0.0233371
2017-05-24 02:54:25.203 5733 INFO eventlet.wsgi.server [req-613be920-c4a4-48d8-8175-5b2e5e1680c6 - - - - -] 127.0.0.1 "GET /v1/nodes/c1a56cb3-fcef-59d5-8105-7e6815154f70 HTTP/1.1" status: 200 len: 1752 time: 0.0298190
2017-05-24 02:54:25.255 5724 INFO eventlet.wsgi.server [req-a9fd07ac-47a4-4971-aca1-ce2a3ce1b9a5 - - - - -] 127.0.0.1 "GET /v1/nodes/e1369efa-5391-5035-8533-3a065c44a584 HTTP/1.1" status: 200 len: 1755 time: 0.0313182
2017-05-24 02:54:25.278 5724 INFO eventlet.wsgi.server [req-ec059e9e-1029-473b-acd4-d748b779ea52 - - - - -] 127.0.0.1 "GET /v1/nodes/93494378-56ee-5e22-b6f0-e3be3a9ebdf1 HTTP/1.1" status: 200 len: 1748 time: 0.0220430
2017-05-24 02:54:27.241 5733 INFO eventlet.wsgi.server [req-8a2414b8-2978-4ce5-8020-d0b113fe3c45 - - - - -] 127.0.0.1 "GET /v1/nodes/c1a56cb3-fcef-59d5-8105-7e6815154f70 HTTP/1.1" status: 200 len: 1752 time: 0.0308189
2017-05-24 02:54:27.294 5724 INFO eventlet.wsgi.server [req-c4ba55c0-d701-4998-beca-8b602a42c88b - - - - -] 127.0.0.1 "GET /v1/nodes/e1369efa-5391-5035-8533-3a065c44a584 HTTP/1.1" status: 200 len: 1755 time: 0.0333889
2017-05-24 02:54:27.320 5724 INFO eventlet.wsgi.server [req-9073e246-53a0-4455-bb26-6f1463dac892 - - - - -] 127.0.0.1 "GET /v1/nodes/93494378-56ee-5e22-b6f0-e3be3a9ebdf1 HTTP/1.1" status: 200 len: 1748 time: 0.0250449
2017-05-24 02:54:29.277 5733 INFO eventlet.wsgi.server [req-f849678d-676b-43d8-aafd-c2e2b96d0509 - - - - -] 127.0.0.1 "GET /v1/nodes/c1a56cb3-fcef-59d5-8105-7e6815154f70 HTTP/1.1" status: 200 len: 1752 time: 0.0298879
2017-05-24 02:54:29.333 5724 INFO eventlet.wsgi.server [req-5728cfd9-358c-44f5-bd57-d719c59474cd - - - - -] 127.0.0.1 "GET /v1/nodes/e1369efa-5391-5035-8533-3a065c44a584 HTTP/1.1" status: 200 len: 1755 time: 0.0350530
2017-05-24 02:54:29.360 5724 INFO eventlet.wsgi.server [req-2887f140-7c7a-49be-90a9-888f27cdc9f4 - - - - -] 127.0.0.1 "GET /v1/nodes/93494378-56ee-5e22-b6f0-e3be3a9ebdf1 HTTP/1.1" status: 200 len: 1748 time: 0.0256050
2017-05-24 02:54:31.320 5733 INFO eventlet.wsgi.server [req-6bc705cf-f223-4a0d-b8b2-0f2b9e6b6c7a - - - - -] 127.0.0.1 "GET /v1/nodes/c1a56cb3-fcef-59d5-8105-7e6815154f70 HTTP/1.1" status: 200 len: 1752 time: 0.0346971
2017-05-24 02:54:31.379 5724 INFO eventlet.wsgi.server [req-1ccbe12a-2fdb-413a-8456-fe364b8f39ff - - - - -] 127.0.0.1 "GET /v1/nodes/e1369efa-5391-5035-8533-3a065c44a584 HTTP/1.1" status: 200 len: 1755 time: 0.0378120
2017-05-24 02:54:31.401 5724 INFO eventlet.wsgi.server [req-ebe8381e-953d-4b9c-a83c-e343e50e1dca - - - - -] 127.0.0.1 "GET /v1/nodes/93494378-56ee-5e22-b6f0-e3be3a9ebdf1 HTTP/1.1" status: 200 len: 1748 time: 0.0217221
2017-05-24 02:54:33.356 5733 INFO eventlet.wsgi.server [req-65cc200f-01f4-4d21-87a3-a830db13a6bc - - - - -] 127.0.0.1 "GET /v1/nodes/c1a56cb3-fcef-59d5-8105-7e6815154f70 HTTP/1.1" status: 200 len: 1752 time: 0.0305359
2017-05-24 02:54:33.416 5724 INFO eventlet.wsgi.server [req-29bde5de-bed8-44ec-bdc8-9cc6521e37fe - - - - -] 127.0.0.1 "GET /v1/nodes/e1369efa-5391-5035-8533-3a065c44a584 HTTP/1.1" status: 200 len: 1755 time: 0.0319850
2017-05-24 02:54:33.440 5724 INFO eventlet.wsgi.server [req-51d68f82-9261-45be-8b30-e693f1cb1621 - - - - -] 127.0.0.1 "GET /v1/nodes/93494378-56ee-5e22-b6f0-e3be3a9ebdf1 HTTP/1.1" status: 200 len: 1748 time: 0.0229731
2017-05-24 02:54:35.391 5733 INFO eventlet.wsgi.server [req-6a82fce6-a2b7-4407-8da1-ecfb61487488 - - - - -] 127.0.0.1 "GET /v1/nodes/c1a56cb3-fcef-59d5-8105-7e6815154f70 HTTP/1.1" status: 200 len: 1752 time: 0.0282722
2017-05-24 02:54:35.454 5724 INFO eventlet.wsgi.server [req-a8f82cff-0f95-43da-b70d-0297b9e11c5d - - - - -] 127.0.0.1 "GET /v1/nodes/e1369efa-5391-5035-8533-3a065c44a584 HTTP/1.1" status: 200 len: 1755 time: 0.0322700
2017-05-24 02:54:35.480 5724 INFO eventlet.wsgi.server [req-146798b9-18ab-4b22-85d7-8b58c8c59bc8 - - - - -] 127.0.0.1 "GET /v1/nodes/93494378-56ee-5e22-b6f0-e3be3a9ebdf1 HTTP/1.1" status: 200 len: 1748 time: 0.0250912
2017-05-24 02:54:37.423 5733 INFO eventlet.wsgi.server [req-7330cdbb-3e0e-48cf-ad9f-4f1a123a1fb6 - - - - -] 127.0.0.1 "GET /v1/nodes/c1a56cb3-fcef-59d5-8105-7e6815154f70 HTTP/1.1" status: 200 len: 1752 time: 0.0274820
2017-05-24 02:54:37.477 5724 INFO eventlet.wsgi.server [req-af4a0634-8afc-49a7-9f8c-897dfd6fc8a3 - - - - -] 127.0.0.1 "GET /v1/nodes/e1369efa-5391-5035-8533-3a065c44a584 HTTP/1.1" status: 200 len: 1755 time: 0.0189519
2017-05-24 02:54:37.499 5724 INFO eventlet.wsgi.server [req-d1b08f8e-bbb1-4efd-ba45-3130b9255f60 - - - - -] 127.0.0.1 "GET /v1/nodes/93494378-56ee-5e22-b6f0-e3be3a9ebdf1 HTTP/1.1" status: 200 len: 1748 time: 0.0154040
2017-05-24 02:54:39.459 5733 INFO eventlet.wsgi.server [req-88eced8a-5054-4088-a342-ef6404b87731 - - - - -] 127.0.0.1 "GET /v1/nodes/c1a56cb3-fcef-59d5-8105-7e6815154f70 HTTP/1.1" status: 200 len: 1752 time: 0.0299540
2017-05-24 02:54:39.514 5724 INFO eventlet.wsgi.server [req-d98e5d4a-7617-4925-be19-c1d49cbc87d5 - - - - -] 127.0.0.1 "GET /v1/nodes/e1369efa-5391-5035-8533-3a065c44a584 HTTP/1.1" status: 200 len: 1755 time: 0.0319431
2017-05-24 02:54:39.537 5724 INFO eventlet.wsgi.server [req-a43d9ffb-1dba-4f34-8de9-623510a5ce4f - - - - -] 127.0.0.1 "GET /v1/nodes/93494378-56ee-5e22-b6f0-e3be3a9ebdf1 HTTP/1.1" status: 200 len: 1748 time: 0.0214660
2017-05-24 02:54:41.495 5733 INFO eventlet.wsgi.server [req-3fe9bacb-f633-47cb-8052-0ddd6df5928a - - - - -] 127.0.0.1 "GET /v1/nodes/c1a56cb3-fcef-59d5-8105-7e6815154f70 HTTP/1.1" status: 200 len: 1752 time: 0.0300770
2017-05-24 02:54:41.550 5724 INFO eventlet.wsgi.server [req-a7750de1-bcfd-4d97-8c66-db96da6bfcca - - - - -] 127.0.0.1 "GET /v1/nodes/e1369efa-5391-5035-8533-3a065c44a584 HTTP/1.1" status: 200 len: 1755 time: 0.0305469
2017-05-24 02:54:41.573 5724 INFO eventlet.wsgi.server [req-d92548ea-bca2-419b-a0d5-b3f195b66e7c - - - - -] 127.0.0.1 "GET /v1/nodes/93494378-56ee-5e22-b6f0-e3be3a9ebdf1 HTTP/1.1" status: 200 len: 1748 time: 0.0217080
2017-05-24 02:54:43.529 5733 INFO eventlet.wsgi.server [req-b324dc6d-dfa7-4066-a839-5af67353214f - - - - -] 127.0.0.1 "GET /v1/nodes/c1a56cb3-fcef-59d5-8105-7e6815154f70 HTTP/1.1" status: 200 len: 1752 time: 0.0282578
2017-05-24 02:54:43.588 5724 INFO eventlet.wsgi.server [req-7360c6e8-d251-4a6b-8046-f1098363b0db - - - - -] 127.0.0.1 "GET /v1/nodes/e1369efa-5391-5035-8533-3a065c44a584 HTTP/1.1" status: 200 len: 1755 time: 0.0328739
2017-05-24 02:54:43.613 5724 INFO eventlet.wsgi.server [req-b9196f61-d428-4405-ad34-3a535bbda0eb - - - - -] 127.0.0.1 "GET /v1/nodes/93494378-56ee-5e22-b6f0-e3be3a9ebdf1 HTTP/1.1" status: 200 len: 1748 time: 0.0235670
2017-05-24 02:54:45.561 5733 INFO eventlet.wsgi.server [req-20681034-1387-4194-9655-127b96051634 - - - - -] 127.0.0.1 "GET /v1/nodes/c1a56cb3-fcef-59d5-8105-7e6815154f70 HTTP/1.1" status: 200 len: 1752 time: 0.0271499
2017-05-24 02:54:45.623 5724 INFO eventlet.wsgi.server [req-9b8995bc-4f0a-4d70-98c5-3df5e867dd08 - - - - -] 127.0.0.1 "GET /v1/nodes/e1369efa-5391-5035-8533-3a065c44a584 HTTP/1.1" status: 200 len: 1755 time: 0.0306981
2017-05-24 02:54:45.646 5724 INFO eventlet.wsgi.server [req-239652f3-500f-424d-acd7-3d675cfae92d - - - - -] 127.0.0.1 "GET /v1/nodes/93494378-56ee-5e22-b6f0-e3be3a9ebdf1 HTTP/1.1" status: 200 len: 1748 time: 0.0218089
2017-05-24 02:54:47.596 5733 INFO eventlet.wsgi.server [req-b110da90-cf88-4f9f-959a-db756a427116 - - - - -] 127.0.0.1 "GET /v1/nodes/c1a56cb3-fcef-59d5-8105-7e6815154f70 HTTP/1.1" status: 200 len: 1752 time: 0.0284200
2017-05-24 02:54:47.658 5724 INFO eventlet.wsgi.server [req-2a17f07b-6b9a-4de1-aef1-ba19adb9da52 - - - - -] 127.0.0.1 "GET /v1/nodes/e1369efa-5391-5035-8533-3a065c44a584 HTTP/1.1" status: 200 len: 1755 time: 0.0292881
2017-05-24 02:54:47.680 5724 INFO eventlet.wsgi.server [req-30837cea-0be6-4386-9ca9-2e0684788f4a - - - - -] 127.0.0.1 "GET /v1/nodes/93494378-56ee-5e22-b6f0-e3be3a9ebdf1 HTTP/1.1" status: 200 len: 1748 time: 0.0209479
2017-05-24 02:54:49.630 5733 INFO eventlet.wsgi.server [req-c1db7e3d-d0a9-4e60-afb7-363d5a864a7c - - - - -] 127.0.0.1 "GET /v1/nodes/c1a56cb3-fcef-59d5-8105-7e6815154f70 HTTP/1.1" status: 200 len: 1752 time: 0.0298371
2017-05-24 02:54:49.696 5724 INFO eventlet.wsgi.server [req-0f28f398-864e-4f0b-9a43-5509f88d58a5 - - - - -] 127.0.0.1 "GET /v1/nodes/e1369efa-5391-5035-8533-3a065c44a584 HTTP/1.1" status: 200 len: 1755 time: 0.0325990
2017-05-24 02:54:49.720 5724 INFO eventlet.wsgi.server [req-d39a6725-920f-4a7e-a39c-9ed0ce0550cb - - - - -] 127.0.0.1 "GET /v1/nodes/93494378-56ee-5e22-b6f0-e3be3a9ebdf1 HTTP/1.1" status: 200 len: 1748 time: 0.0226960
2017-05-24 02:54:51.666 5733 INFO eventlet.wsgi.server [req-cbc78f69-0716-4413-984b-31a1fd48e7ad - - - - -] 127.0.0.1 "GET /v1/nodes/c1a56cb3-fcef-59d5-8105-7e6815154f70 HTTP/1.1" status: 200 len: 1752 time: 0.0293560
2017-05-24 02:54:51.735 5724 INFO eventlet.wsgi.server [req-62bc5a29-637a-4bed-ba99-2376e54b89a3 - - - - -] 127.0.0.1 "GET /v1/nodes/e1369efa-5391-5035-8533-3a065c44a584 HTTP/1.1" status: 200 len: 1755 time: 0.0323920
2017-05-24 02:54:51.759 5724 INFO eventlet.wsgi.server [req-83c8ad47-5142-47d1-bfb7-278354e4b361 - - - - -] 127.0.0.1 "GET /v1/nodes/93494378-56ee-5e22-b6f0-e3be3a9ebdf1 HTTP/1.1" status: 200 len: 1748 time: 0.0232301
2017-05-24 02:54:53.695 5733 INFO eventlet.wsgi.server [req-e4ef74c7-cfd3-4af0-bc61-056a27a3ebd7 - - - - -] 127.0.0.1 "GET /v1/nodes/c1a56cb3-fcef-59d5-8105-7e6815154f70 HTTP/1.1" status: 200 len: 1752 time: 0.0240209
2017-05-24 02:54:53.771 5724 INFO eventlet.wsgi.server [req-8aa61914-1b9a-417a-a0d9-45ef3f97992e - - - - -] 127.0.0.1 "GET /v1/nodes/e1369efa-5391-5035-8533-3a065c44a584 HTTP/1.1" status: 200 len: 1755 time: 0.0315320
2017-05-24 02:54:53.799 5724 INFO eventlet.wsgi.server [req-6029a0bb-3a53-48b3-88ec-784aded0fc1c - - - - -] 127.0.0.1 "GET /v1/nodes/93494378-56ee-5e22-b6f0-e3be3a9ebdf1 HTTP/1.1" status: 200 len: 1748 time: 0.0260370
2017-05-24 02:54:55.731 5733 INFO eventlet.wsgi.server [req-48f6fd53-46c7-466b-a441-048b14c24f57 - - - - -] 127.0.0.1 "GET /v1/nodes/c1a56cb3-fcef-59d5-8105-7e6815154f70 HTTP/1.1" status: 200 len: 1752 time: 0.0314481
2017-05-24 02:54:55.807 5724 INFO eventlet.wsgi.server [req-78a1214c-cb13-4086-905a-da922eef3222 - - - - -] 127.0.0.1 "GET /v1/nodes/e1369efa-5391-5035-8533-3a065c44a584 HTTP/1.1" status: 200 len: 1755 time: 0.0308878
2017-05-24 02:54:55.832 5724 INFO eventlet.wsgi.server [req-004f8628-3cfb-4964-a5f8-67d7130c7539 - - - - -] 127.0.0.1 "GET /v1/nodes/93494378-56ee-5e22-b6f0-e3be3a9ebdf1 HTTP/1.1" status: 200 len: 1748 time: 0.0237229
2017-05-24 02:54:57.750 5733 INFO eventlet.wsgi.server [req-a15d30de-2183-438c-a749-c15dbfd8c3af - - - - -] 127.0.0.1 "GET /v1/nodes/c1a56cb3-fcef-59d5-8105-7e6815154f70 HTTP/1.1" status: 200 len: 1752 time: 0.0142510
2017-05-24 02:54:57.843 5724 INFO eventlet.wsgi.server [req-a3b73483-6563-4df5-8bfc-582b3da76015 - - - - -] 127.0.0.1 "GET /v1/nodes/e1369efa-5391-5035-8533-3a065c44a584 HTTP/1.1" status: 200 len: 1755 time: 0.0307572
2017-05-24 02:54:57.867 5724 INFO eventlet.wsgi.server [req-4aed6cbc-a64b-4c0f-8eeb-ad4a6b84f322 - - - - -] 127.0.0.1 "GET /v1/nodes/93494378-56ee-5e22-b6f0-e3be3a9ebdf1 HTTP/1.1" status: 200 len: 1748 time: 0.0222828
2017-05-24 02:54:59.786 5733 INFO eventlet.wsgi.server [req-28593d74-1d58-4824-aa52-2858dba4c587 - - - - -] 127.0.0.1 "GET /v1/nodes/c1a56cb3-fcef-59d5-8105-7e6815154f70 HTTP/1.1" status: 200 len: 1752 time: 0.0298338
2017-05-24 02:54:59.880 5724 INFO eventlet.wsgi.server [req-fe16e295-75bd-4b7e-b418-d596b0d788dc - - - - -] 127.0.0.1 "GET /v1/nodes/e1369efa-5391-5035-8533-3a065c44a584 HTTP/1.1" status: 200 len: 1755 time: 0.0314779
2017-05-24 02:54:59.903 5724 INFO eventlet.wsgi.server [req-38d5dc45-1a7f-4c37-b88f-b52d821b1160 - - - - -] 127.0.0.1 "GET /v1/nodes/93494378-56ee-5e22-b6f0-e3be3a9ebdf1 HTTP/1.1" status: 200 len: 1748 time: 0.0222461
2017-05-24 02:55:01.820 5733 INFO eventlet.wsgi.server [req-dcc72e82-9aa1-4fae-9f17-eb83be63611b - - - - -] 127.0.0.1 "GET /v1/nodes/c1a56cb3-fcef-59d5-8105-7e6815154f70 HTTP/1.1" status: 200 len: 1752 time: 0.0285771
2017-05-24 02:55:01.915 5724 INFO eventlet.wsgi.server [req-cb0d8199-2bca-4bb4-8e52-3c2ffcc541d0 - - - - -] 127.0.0.1 "GET /v1/nodes/e1369efa-5391-5035-8533-3a065c44a584 HTTP/1.1" status: 200 len: 1755 time: 0.0304852
2017-05-24 02:55:01.940 5724 INFO eventlet.wsgi.server [req-f61e6a43-7f7d-4c8a-bedd-8db3a1dc2765 - - - - -] 127.0.0.1 "GET /v1/nodes/93494378-56ee-5e22-b6f0-e3be3a9ebdf1 HTTP/1.1" status: 200 len: 1748 time: 0.0236032
2017-05-24 02:55:03.855 5733 INFO eventlet.wsgi.server [req-04597cee-1c27-44d5-a258-4e6a327f649c - - - - -] 127.0.0.1 "GET /v1/nodes/c1a56cb3-fcef-59d5-8105-7e6815154f70 HTTP/1.1" status: 200 len: 1752 time: 0.0303750
2017-05-24 02:55:03.951 5724 INFO eventlet.wsgi.server [req-2a6ff4ba-2c0b-4796-b339-ec83f8516127 - - - - -] 127.0.0.1 "GET /v1/nodes/e1369efa-5391-5035-8533-3a065c44a584 HTTP/1.1" status: 200 len: 1755 time: 0.0301502
2017-05-24 02:55:03.974 5724 INFO eventlet.wsgi.server [req-11eda353-4807-44b6-a446-58c6f8224412 - - - - -] 127.0.0.1 "GET /v1/nodes/93494378-56ee-5e22-b6f0-e3be3a9ebdf1 HTTP/1.1" status: 200 len: 1748 time: 0.0217190
2017-05-24 02:55:05.874 5733 INFO eventlet.wsgi.server [req-a164948e-4d04-4b0f-ae1b-5306b1ae52df - - - - -] 127.0.0.1 "GET /v1/nodes/c1a56cb3-fcef-59d5-8105-7e6815154f70 HTTP/1.1" status: 200 len: 1752 time: 0.0154409
2017-05-24 02:55:05.989 5724 INFO eventlet.wsgi.server [req-7fd3d143-71f3-4e2e-b17e-b9cc092f7164 - - - - -] 127.0.0.1 "GET /v1/nodes/e1369efa-5391-5035-8533-3a065c44a584 HTTP/1.1" status: 200 len: 1755 time: 0.0322208
2017-05-24 02:55:06.013 5724 INFO eventlet.wsgi.server [req-83ca64e1-1fe9-4172-9686-4e92f4ffef0c - - - - -] 127.0.0.1 "GET /v1/nodes/93494378-56ee-5e22-b6f0-e3be3a9ebdf1 HTTP/1.1" status: 200 len: 1748 time: 0.0228829
2017-05-24 02:55:07.912 5733 INFO eventlet.wsgi.server [req-9d41e10e-c5f2-44e5-b0fa-4d7b10e7b355 - - - - -] 127.0.0.1 "GET /v1/nodes/c1a56cb3-fcef-59d5-8105-7e6815154f70 HTTP/1.1" status: 200 len: 1752 time: 0.0289049
2017-05-24 02:55:08.027 5724 INFO eventlet.wsgi.server [req-197c7400-9044-4455-afc3-7b398e7e5c55 - - - - -] 127.0.0.1 "GET /v1/nodes/e1369efa-5391-5035-8533-3a065c44a584 HTTP/1.1" status: 200 len: 1755 time: 0.0315921
2017-05-24 02:55:08.050 5724 INFO eventlet.wsgi.server [req-4d5c9b71-d915-4527-8ed5-5bac0b292e20 - - - - -] 127.0.0.1 "GET /v1/nodes/93494378-56ee-5e22-b6f0-e3be3a9ebdf1 HTTP/1.1" status: 200 len: 1748 time: 0.0223689
2017-05-24 02:55:09.945 5733 INFO eventlet.wsgi.server [req-ea08b3a8-fa89-4700-b7e6-0b18a9696887 - - - - -] 127.0.0.1 "GET /v1/nodes/c1a56cb3-fcef-59d5-8105-7e6815154f70 HTTP/1.1" status: 200 len: 1752 time: 0.0261459
2017-05-24 02:55:10.056 5724 INFO eventlet.wsgi.server [req-f8244948-cd18-408a-8c15-6b6aa5413dbd - - - - -] 127.0.0.1 "GET /v1/nodes/e1369efa-5391-5035-8533-3a065c44a584 HTTP/1.1" status: 200 len: 1755 time: 0.0244992
2017-05-24 02:55:10.076 5724 INFO eventlet.wsgi.server [req-12ab27f8-c8d2-422e-9223-c5bf98d4b6f7 - - - - -] 127.0.0.1 "GET /v1/nodes/93494378-56ee-5e22-b6f0-e3be3a9ebdf1 HTTP/1.1" status: 200 len: 1748 time: 0.0188050
2017-05-24 02:55:11.981 5733 INFO eventlet.wsgi.server [req-60ae7e3b-df3e-4efd-8b2d-7ddb45f2ad32 - - - - -] 127.0.0.1 "GET /v1/nodes/c1a56cb3-fcef-59d5-8105-7e6815154f70 HTTP/1.1" status: 200 len: 1752 time: 0.0254481
2017-05-24 02:55:12.093 5724 INFO eventlet.wsgi.server [req-efe90e61-dfbd-41e3-b5b5-e83705e64a80 - - - - -] 127.0.0.1 "GET /v1/nodes/e1369efa-5391-5035-8533-3a065c44a584 HTTP/1.1" status: 200 len: 1755 time: 0.0309839
2017-05-24 02:55:12.118 5724 INFO eventlet.wsgi.server [req-352e22bd-8923-4b88-a9b7-7e1b7e541d14 - - - - -] 127.0.0.1 "GET /v1/nodes/93494378-56ee-5e22-b6f0-e3be3a9ebdf1 HTTP/1.1" status: 200 len: 1748 time: 0.0233269
2017-05-24 02:55:13.998 5733 INFO eventlet.wsgi.server [req-415d68c6-5d33-4d56-973f-1ecd0ed732dc - - - - -] 127.0.0.1 "GET /v1/nodes/c1a56cb3-fcef-59d5-8105-7e6815154f70 HTTP/1.1" status: 200 len: 1752 time: 0.0136878
2017-05-24 02:55:14.127 5724 INFO eventlet.wsgi.server [req-0cbf5a00-c5e4-40da-ad7f-e9d7567643cd - - - - -] 127.0.0.1 "GET /v1/nodes/e1369efa-5391-5035-8533-3a065c44a584 HTTP/1.1" status: 200 len: 1755 time: 0.0283601
2017-05-24 02:55:14.149 5724 INFO eventlet.wsgi.server [req-9723e58e-63d6-4f3c-9c55-4704cd268db4 - - - - -] 127.0.0.1 "GET /v1/nodes/93494378-56ee-5e22-b6f0-e3be3a9ebdf1 HTTP/1.1" status: 200 len: 1748 time: 0.0211580
2017-05-24 02:55:16.032 5733 INFO eventlet.wsgi.server [req-01cc579a-5714-42f2-9bce-6d0461d27e0e - - - - -] 127.0.0.1 "GET /v1/nodes/c1a56cb3-fcef-59d5-8105-7e6815154f70 HTTP/1.1" status: 200 len: 1752 time: 0.0294621
2017-05-24 02:55:16.161 5724 INFO eventlet.wsgi.server [req-96e15698-c30b-4eee-9d4b-725b0dc660cf - - - - -] 127.0.0.1 "GET /v1/nodes/e1369efa-5391-5035-8533-3a065c44a584 HTTP/1.1" status: 200 len: 1755 time: 0.0302250
2017-05-24 02:55:16.188 5724 INFO eventlet.wsgi.server [req-71d99723-6834-41ea-83f3-0a4333ae8004 - - - - -] 127.0.0.1 "GET /v1/nodes/93494378-56ee-5e22-b6f0-e3be3a9ebdf1 HTTP/1.1" status: 200 len: 1748 time: 0.0251710
2017-05-24 02:55:16.496 5726 INFO eventlet.wsgi.server [req-4d048b2a-edab-4608-8416-3bd515572b6f - - - - -] 127.0.0.1 "GET /v1/nodes HTTP/1.1" status: 200 len: 1477 time: 0.0618441
2017-05-24 02:55:18.067 5733 INFO eventlet.wsgi.server [req-2d22155a-c25c-4288-8ef3-20fbb63187ef - - - - -] 127.0.0.1 "GET /v1/nodes/c1a56cb3-fcef-59d5-8105-7e6815154f70 HTTP/1.1" status: 200 len: 1752 time: 0.0297348
2017-05-24 02:55:18.189 5724 INFO eventlet.wsgi.server [req-200ca67f-cf70-4803-8f59-ba60d8b0ba80 - - - - -] 127.0.0.1 "GET /v1/nodes/e1369efa-5391-5035-8533-3a065c44a584 HTTP/1.1" status: 200 len: 1755 time: 0.0235789
2017-05-24 02:55:18.209 5724 INFO eventlet.wsgi.server [req-d05e2ac3-21d5-4304-8620-ea389a0c2cfe - - - - -] 127.0.0.1 "GET /v1/nodes/93494378-56ee-5e22-b6f0-e3be3a9ebdf1 HTTP/1.1" status: 200 len: 1748 time: 0.0167410
2017-05-24 02:55:20.104 5733 INFO eventlet.wsgi.server [req-43094929-dc3a-4eeb-a6b4-d0fd1955d5c2 - - - - -] 127.0.0.1 "GET /v1/nodes/c1a56cb3-fcef-59d5-8105-7e6815154f70 HTTP/1.1" status: 200 len: 1752 time: 0.0307629
2017-05-24 02:55:20.218 5724 INFO eventlet.wsgi.server [req-c6968036-e3b4-4457-83a9-9f457027f972 - - - - -] 127.0.0.1 "GET /v1/nodes/e1369efa-5391-5035-8533-3a065c44a584 HTTP/1.1" status: 200 len: 1755 time: 0.0247402
2017-05-24 02:55:20.237 5724 INFO eventlet.wsgi.server [req-912b0b39-7a68-4128-ab54-cdf64a482354 - - - - -] 127.0.0.1 "GET /v1/nodes/93494378-56ee-5e22-b6f0-e3be3a9ebdf1 HTTP/1.1" status: 200 len: 1748 time: 0.0177238
2017-05-24 02:55:22.144 5733 INFO eventlet.wsgi.server [req-2e7ac3ab-5cc2-4173-85d3-f97d326b377f - - - - -] 127.0.0.1 "GET /v1/nodes/c1a56cb3-fcef-59d5-8105-7e6815154f70 HTTP/1.1" status: 200 len: 1752 time: 0.0328240
2017-05-24 02:55:22.257 5724 INFO eventlet.wsgi.server [req-c27431b5-74e5-4200-be9d-2cfe65860a31 - - - - -] 127.0.0.1 "GET /v1/nodes/e1369efa-5391-5035-8533-3a065c44a584 HTTP/1.1" status: 200 len: 1755 time: 0.0336370
2017-05-24 02:55:22.281 5724 INFO eventlet.wsgi.server [req-ae787bc5-2f1a-456f-b948-0fa4e1b5e518 - - - - -] 127.0.0.1 "GET /v1/nodes/93494378-56ee-5e22-b6f0-e3be3a9ebdf1 HTTP/1.1" status: 200 len: 1748 time: 0.0221641
2017-05-24 02:55:24.182 5733 INFO eventlet.wsgi.server [req-faa96bb2-a016-46e5-97dd-783ce373b23f - - - - -] 127.0.0.1 "GET /v1/nodes/c1a56cb3-fcef-59d5-8105-7e6815154f70 HTTP/1.1" status: 200 len: 1752 time: 0.0314872
2017-05-24 02:55:24.296 5724 INFO eventlet.wsgi.server [req-31b6c880-353b-4e78-86d2-8cc3ed04e847 - - - - -] 127.0.0.1 "GET /v1/nodes/e1369efa-5391-5035-8533-3a065c44a584 HTTP/1.1" status: 200 len: 1755 time: 0.0330081
2017-05-24 02:55:24.321 5724 INFO eventlet.wsgi.server [req-b6174ef0-8f0f-406b-a32a-965b3f8c66d6 - - - - -] 127.0.0.1 "GET /v1/nodes/93494378-56ee-5e22-b6f0-e3be3a9ebdf1 HTTP/1.1" status: 200 len: 1748 time: 0.0236981
2017-05-24 02:55:26.216 5733 INFO eventlet.wsgi.server [req-5247cfb8-82d8-455b-8edb-b522bac0e030 - - - - -] 127.0.0.1 "GET /v1/nodes/c1a56cb3-fcef-59d5-8105-7e6815154f70 HTTP/1.1" status: 200 len: 1752 time: 0.0285299
2017-05-24 02:55:26.330 5724 INFO eventlet.wsgi.server [req-57e9c5c8-cfc0-4194-88ab-163b2161ce62 - - - - -] 127.0.0.1 "GET /v1/nodes/e1369efa-5391-5035-8533-3a065c44a584 HTTP/1.1" status: 200 len: 1755 time: 0.0288689
2017-05-24 02:55:26.353 5724 INFO eventlet.wsgi.server [req-746279f3-b0a3-4d04-a48a-6b049d0e747a - - - - -] 127.0.0.1 "GET /v1/nodes/93494378-56ee-5e22-b6f0-e3be3a9ebdf1 HTTP/1.1" status: 200 len: 1748 time: 0.0216980
2017-05-24 02:55:28.253 5733 INFO eventlet.wsgi.server [req-adfa107b-862e-4f37-a95b-e5473b2d3b26 - - - - -] 127.0.0.1 "GET /v1/nodes/c1a56cb3-fcef-59d5-8105-7e6815154f70 HTTP/1.1" status: 200 len: 1752 time: 0.0321860
2017-05-24 02:55:28.366 5724 INFO eventlet.wsgi.server [req-ab96f2ea-4d5b-489e-816d-906957735eee - - - - -] 127.0.0.1 "GET /v1/nodes/e1369efa-5391-5035-8533-3a065c44a584 HTTP/1.1" status: 200 len: 1755 time: 0.0306129
2017-05-24 02:55:28.389 5724 INFO eventlet.wsgi.server [req-a6e9023c-8ea8-4345-aa2a-f617ba78e6b1 - - - - -] 127.0.0.1 "GET /v1/nodes/93494378-56ee-5e22-b6f0-e3be3a9ebdf1 HTTP/1.1" status: 200 len: 1748 time: 0.0221930
2017-05-24 02:55:30.287 5733 INFO eventlet.wsgi.server [req-de5bcf5b-daaf-4497-b104-202f5e4fc90c - - - - -] 127.0.0.1 "GET /v1/nodes/c1a56cb3-fcef-59d5-8105-7e6815154f70 HTTP/1.1" status: 200 len: 1752 time: 0.0278161
2017-05-24 02:55:30.386 5724 INFO eventlet.wsgi.server [req-456037d8-8009-48ee-bdd9-8cbcb1e6752a - - - - -] 127.0.0.1 "GET /v1/nodes/e1369efa-5391-5035-8533-3a065c44a584 HTTP/1.1" status: 200 len: 1755 time: 0.0152009
2017-05-24 02:55:30.407 5724 INFO eventlet.wsgi.server [req-17b6fdaa-07c1-4317-9268-e739bd17f532 - - - - -] 127.0.0.1 "GET /v1/nodes/93494378-56ee-5e22-b6f0-e3be3a9ebdf1 HTTP/1.1" status: 200 len: 1748 time: 0.0136409
2017-05-24 02:55:32.315 5733 INFO eventlet.wsgi.server [req-0fdc1dc6-97c7-4c3a-afaf-9520a44e497b - - - - -] 127.0.0.1 "GET /v1/nodes/c1a56cb3-fcef-59d5-8105-7e6815154f70 HTTP/1.1" status: 200 len: 1752 time: 0.0222139
2017-05-24 02:55:32.418 5724 INFO eventlet.wsgi.server [req-1b29bbe2-3633-4a14-a9c0-e0c51493c9e7 - - - - -] 127.0.0.1 "GET /v1/nodes/e1369efa-5391-5035-8533-3a065c44a584 HTTP/1.1" status: 200 len: 1755 time: 0.0279260
2017-05-24 02:55:32.438 5724 INFO eventlet.wsgi.server [req-22d300c3-1e12-407d-ad48-7d98dd6467f4 - - - - -] 127.0.0.1 "GET /v1/nodes/93494378-56ee-5e22-b6f0-e3be3a9ebdf1 HTTP/1.1" status: 200 len: 1748 time: 0.0196421
2017-05-24 02:55:34.340 5733 INFO eventlet.wsgi.server [req-17d329a0-d42f-440e-85a2-8a685d032925 - - - - -] 127.0.0.1 "GET /v1/nodes/c1a56cb3-fcef-59d5-8105-7e6815154f70 HTTP/1.1" status: 200 len: 1752 time: 0.0188940
2017-05-24 02:55:34.451 5724 INFO eventlet.wsgi.server [req-a24df25c-7469-4a7d-996c-d09daa2f6304 - - - - -] 127.0.0.1 "GET /v1/nodes/e1369efa-5391-5035-8533-3a065c44a584 HTTP/1.1" status: 200 len: 1755 time: 0.0283840
2017-05-24 02:55:34.474 5724 INFO eventlet.wsgi.server [req-084b3ff4-5dad-4dc1-97f3-7f064094d4db - - - - -] 127.0.0.1 "GET /v1/nodes/93494378-56ee-5e22-b6f0-e3be3a9ebdf1 HTTP/1.1" status: 200 len: 1748 time: 0.0214732
2017-05-24 02:55:36.375 5733 INFO eventlet.wsgi.server [req-82b8a30a-2330-4ea9-a565-a335fb321259 - - - - -] 127.0.0.1 "GET /v1/nodes/c1a56cb3-fcef-59d5-8105-7e6815154f70 HTTP/1.1" status: 200 len: 1752 time: 0.0293310
2017-05-24 02:55:36.488 5724 INFO eventlet.wsgi.server [req-a2ef133e-5666-441e-abee-5c2be1e0b3bd - - - - -] 127.0.0.1 "GET /v1/nodes/e1369efa-5391-5035-8533-3a065c44a584 HTTP/1.1" status: 200 len: 1755 time: 0.0316050
2017-05-24 02:55:36.512 5724 INFO eventlet.wsgi.server [req-4dba1a37-4011-4df7-8545-dd20f32bdaa7 - - - - -] 127.0.0.1 "GET /v1/nodes/93494378-56ee-5e22-b6f0-e3be3a9ebdf1 HTTP/1.1" status: 200 len: 1748 time: 0.0233889
2017-05-24 02:55:38.400 5733 INFO eventlet.wsgi.server [req-63028712-eb2d-43cd-bd70-15441873cdb6 - - - - -] 127.0.0.1 "GET /v1/nodes/c1a56cb3-fcef-59d5-8105-7e6815154f70 HTTP/1.1" status: 200 len: 1752 time: 0.0197530
2017-05-24 02:55:38.510 5724 INFO eventlet.wsgi.server [req-e1e1fa43-fbe8-4b55-9fbb-a67dab1df90c - - - - -] 127.0.0.1 "GET /v1/nodes/e1369efa-5391-5035-8533-3a065c44a584 HTTP/1.1" status: 200 len: 1755 time: 0.0179529
2017-05-24 02:55:38.535 5724 INFO eventlet.wsgi.server [req-e0d75024-9f9b-4a56-8d55-7383569f857f - - - - -] 127.0.0.1 "GET /v1/nodes/93494378-56ee-5e22-b6f0-e3be3a9ebdf1 HTTP/1.1" status: 200 len: 1748 time: 0.0179861
2017-05-24 02:55:40.424 5733 INFO eventlet.wsgi.server [req-e497d2c7-afac-4f72-ab12-dad9be8b6218 - - - - -] 127.0.0.1 "GET /v1/nodes/c1a56cb3-fcef-59d5-8105-7e6815154f70 HTTP/1.1" status: 200 len: 1752 time: 0.0198960
2017-05-24 02:55:40.544 5724 INFO eventlet.wsgi.server [req-f1afc82f-c1db-4cff-bba6-2a0b7534765b - - - - -] 127.0.0.1 "GET /v1/nodes/e1369efa-5391-5035-8533-3a065c44a584 HTTP/1.1" status: 200 len: 1755 time: 0.0286770
2017-05-24 02:55:40.569 5724 INFO eventlet.wsgi.server [req-88c4a429-0706-4897-8ace-e4a1834b1b2c - - - - -] 127.0.0.1 "GET /v1/nodes/93494378-56ee-5e22-b6f0-e3be3a9ebdf1 HTTP/1.1" status: 200 len: 1748 time: 0.0234940
2017-05-24 02:55:42.443 5733 INFO eventlet.wsgi.server [req-fb61a926-6a75-49c4-ad8d-b140e0e95ef7 - - - - -] 127.0.0.1 "GET /v1/nodes/c1a56cb3-fcef-59d5-8105-7e6815154f70 HTTP/1.1" status: 200 len: 1752 time: 0.0146151
2017-05-24 02:55:42.578 5724 INFO eventlet.wsgi.server [req-c6f1e931-1366-4202-8f49-8737cf161c5b - - - - -] 127.0.0.1 "GET /v1/nodes/e1369efa-5391-5035-8533-3a065c44a584 HTTP/1.1" status: 200 len: 1755 time: 0.0272129
2017-05-24 02:55:42.600 5724 INFO eventlet.wsgi.server [req-c6942409-18da-481e-96f8-16cb4b729524 - - - - -] 127.0.0.1 "GET /v1/nodes/93494378-56ee-5e22-b6f0-e3be3a9ebdf1 HTTP/1.1" status: 200 len: 1748 time: 0.0206461
2017-05-24 02:55:44.478 5733 INFO eventlet.wsgi.server [req-3a7a1a7e-8192-4300-8d77-edcde9ab7bde - - - - -] 127.0.0.1 "GET /v1/nodes/c1a56cb3-fcef-59d5-8105-7e6815154f70 HTTP/1.1" status: 200 len: 1752 time: 0.0292940
2017-05-24 02:55:44.615 5724 INFO eventlet.wsgi.server [req-4ecdcb21-f7ff-4bdc-a4c5-91e074546f58 - - - - -] 127.0.0.1 "GET /v1/nodes/e1369efa-5391-5035-8533-3a065c44a584 HTTP/1.1" status: 200 len: 1755 time: 0.0296800
2017-05-24 02:55:44.637 5724 INFO eventlet.wsgi.server [req-31bf693e-7eac-4b44-99a8-327971ba642b - - - - -] 127.0.0.1 "GET /v1/nodes/93494378-56ee-5e22-b6f0-e3be3a9ebdf1 HTTP/1.1" status: 200 len: 1748 time: 0.0215042
2017-05-24 02:55:46.517 5733 INFO eventlet.wsgi.server [req-f6e9d097-dfe3-425b-a880-4fcfcc46ebb2 - - - - -] 127.0.0.1 "GET /v1/nodes/c1a56cb3-fcef-59d5-8105-7e6815154f70 HTTP/1.1" status: 200 len: 1752 time: 0.0306070
2017-05-24 02:55:46.642 5724 INFO eventlet.wsgi.server [req-dc61e6a5-eb4d-4921-9f71-4c712e8c2d88 - - - - -] 127.0.0.1 "GET /v1/nodes/e1369efa-5391-5035-8533-3a065c44a584 HTTP/1.1" status: 200 len: 1755 time: 0.0218961
2017-05-24 02:55:46.665 5724 INFO eventlet.wsgi.server [req-26121687-8677-4cc5-ab8a-cea361c346dd - - - - -] 127.0.0.1 "GET /v1/nodes/93494378-56ee-5e22-b6f0-e3be3a9ebdf1 HTTP/1.1" status: 200 len: 1748 time: 0.0218420
2017-05-24 02:55:48.551 5733 INFO eventlet.wsgi.server [req-5523d10b-cdf3-4b3f-9102-a2a5cdb080e3 - - - - -] 127.0.0.1 "GET /v1/nodes/c1a56cb3-fcef-59d5-8105-7e6815154f70 HTTP/1.1" status: 200 len: 1752 time: 0.0281689
2017-05-24 02:55:48.679 5724 INFO eventlet.wsgi.server [req-df2e5ba7-a7f3-4698-ad4b-771924e203c2 - - - - -] 127.0.0.1 "GET /v1/nodes/e1369efa-5391-5035-8533-3a065c44a584 HTTP/1.1" status: 200 len: 1755 time: 0.0294540
2017-05-24 02:55:48.706 5724 INFO eventlet.wsgi.server [req-f798bddb-020c-4eb8-b914-0206204eefa7 - - - - -] 127.0.0.1 "GET /v1/nodes/93494378-56ee-5e22-b6f0-e3be3a9ebdf1 HTTP/1.1" status: 200 len: 1748 time: 0.0260589
2017-05-24 02:55:50.591 5733 INFO eventlet.wsgi.server [req-4a4de219-3426-4066-9cf9-d5f11ff01d4e - - - - -] 127.0.0.1 "GET /v1/nodes/c1a56cb3-fcef-59d5-8105-7e6815154f70 HTTP/1.1" status: 200 len: 1752 time: 0.0311971
2017-05-24 02:55:50.721 5724 INFO eventlet.wsgi.server [req-92c3445a-e9fd-48bc-ac17-664758be61db - - - - -] 127.0.0.1 "GET /v1/nodes/e1369efa-5391-5035-8533-3a065c44a584 HTTP/1.1" status: 200 len: 1755 time: 0.0350592
2017-05-24 02:55:50.748 5724 INFO eventlet.wsgi.server [req-f09e45bd-e23a-4117-8910-b278c30e7e3e - - - - -] 127.0.0.1 "GET /v1/nodes/93494378-56ee-5e22-b6f0-e3be3a9ebdf1 HTTP/1.1" status: 200 len: 1748 time: 0.0265028
2017-05-24 02:55:52.631 5733 INFO eventlet.wsgi.server [req-7e06e788-dec0-4a51-bdbc-cca0f6e724a6 - - - - -] 127.0.0.1 "GET /v1/nodes/c1a56cb3-fcef-59d5-8105-7e6815154f70 HTTP/1.1" status: 200 len: 1752 time: 0.0323789
2017-05-24 02:55:52.756 5724 INFO eventlet.wsgi.server [req-4029653a-f652-43b2-a860-dae44070208c - - - - -] 127.0.0.1 "GET /v1/nodes/e1369efa-5391-5035-8533-3a065c44a584 HTTP/1.1" status: 200 len: 1755 time: 0.0304620
2017-05-24 02:55:52.778 5724 INFO eventlet.wsgi.server [req-c6f09b12-a53e-47c6-9133-189fbc6695df - - - - -] 127.0.0.1 "GET /v1/nodes/93494378-56ee-5e22-b6f0-e3be3a9ebdf1 HTTP/1.1" status: 200 len: 1748 time: 0.0203481
2017-05-24 02:55:54.665 5733 INFO eventlet.wsgi.server [req-522863e8-471b-4b5b-80c5-aa7f3ae34bd7 - - - - -] 127.0.0.1 "GET /v1/nodes/c1a56cb3-fcef-59d5-8105-7e6815154f70 HTTP/1.1" status: 200 len: 1752 time: 0.0287919
2017-05-24 02:55:54.792 5724 INFO eventlet.wsgi.server [req-3af2c0e7-4a38-4363-886c-ae6a458afb7a - - - - -] 127.0.0.1 "GET /v1/nodes/e1369efa-5391-5035-8533-3a065c44a584 HTTP/1.1" status: 200 len: 1755 time: 0.0308690
2017-05-24 02:55:54.817 5724 INFO eventlet.wsgi.server [req-3d28f65a-301c-419b-a982-d9b857ddf6d1 - - - - -] 127.0.0.1 "GET /v1/nodes/93494378-56ee-5e22-b6f0-e3be3a9ebdf1 HTTP/1.1" status: 200 len: 1748 time: 0.0237172
2017-05-24 02:55:56.699 5733 INFO eventlet.wsgi.server [req-b7b7023c-afdb-4861-a471-470f8612b41d - - - - -] 127.0.0.1 "GET /v1/nodes/c1a56cb3-fcef-59d5-8105-7e6815154f70 HTTP/1.1" status: 200 len: 1752 time: 0.0295501
2017-05-24 02:55:56.829 5724 INFO eventlet.wsgi.server [req-39e630fe-06c4-4e93-b872-3e9d2e0b88ed - - - - -] 127.0.0.1 "GET /v1/nodes/e1369efa-5391-5035-8533-3a065c44a584 HTTP/1.1" status: 200 len: 1755 time: 0.0314901
2017-05-24 02:55:56.853 5724 INFO eventlet.wsgi.server [req-4c650d9a-168f-43ad-b058-cf4144f44ed0 - - - - -] 127.0.0.1 "GET /v1/nodes/93494378-56ee-5e22-b6f0-e3be3a9ebdf1 HTTP/1.1" status: 200 len: 1748 time: 0.0234301
2017-05-24 02:55:58.718 5733 INFO eventlet.wsgi.server [req-12e75680-7e06-46c5-b5cc-adf0a545d836 - - - - -] 127.0.0.1 "GET /v1/nodes/c1a56cb3-fcef-59d5-8105-7e6815154f70 HTTP/1.1" status: 200 len: 1752 time: 0.0147290
2017-05-24 02:55:58.865 5724 INFO eventlet.wsgi.server [req-6899ac9d-32d6-4a65-914e-c2a41301e529 - - - - -] 127.0.0.1 "GET /v1/nodes/e1369efa-5391-5035-8533-3a065c44a584 HTTP/1.1" status: 200 len: 1755 time: 0.0311890
2017-05-24 02:55:58.888 5724 INFO eventlet.wsgi.server [req-3fb2d487-5116-4d84-8388-73a26a498781 - - - - -] 127.0.0.1 "GET /v1/nodes/93494378-56ee-5e22-b6f0-e3be3a9ebdf1 HTTP/1.1" status: 200 len: 1748 time: 0.0220261
2017-05-24 02:56:00.758 5733 INFO eventlet.wsgi.server [req-29e96b88-7edc-4499-af7a-10c2c90f0857 - - - - -] 127.0.0.1 "GET /v1/nodes/c1a56cb3-fcef-59d5-8105-7e6815154f70 HTTP/1.1" status: 200 len: 1752 time: 0.0334890
2017-05-24 02:56:00.905 5724 INFO eventlet.wsgi.server [req-72992335-8f8f-4ab7-97a8-d76bd23bf96a - - - - -] 127.0.0.1 "GET /v1/nodes/e1369efa-5391-5035-8533-3a065c44a584 HTTP/1.1" status: 200 len: 1755 time: 0.0340152
2017-05-24 02:56:00.931 5724 INFO eventlet.wsgi.server [req-2cce78fa-2f59-4c97-a4ac-7b9da374c519 - - - - -] 127.0.0.1 "GET /v1/nodes/93494378-56ee-5e22-b6f0-e3be3a9ebdf1 HTTP/1.1" status: 200 len: 1748 time: 0.0251729
2017-05-24 02:56:02.793 5733 INFO eventlet.wsgi.server [req-55bef7a3-f92e-406d-8bb3-25d82bc421a5 - - - - -] 127.0.0.1 "GET /v1/nodes/c1a56cb3-fcef-59d5-8105-7e6815154f70 HTTP/1.1" status: 200 len: 1752 time: 0.0290711
2017-05-24 02:56:02.942 5724 INFO eventlet.wsgi.server [req-3e4b2bd5-936a-40c5-b7f7-05393069e632 - - - - -] 127.0.0.1 "GET /v1/nodes/e1369efa-5391-5035-8533-3a065c44a584 HTTP/1.1" status: 200 len: 1755 time: 0.0322969
2017-05-24 02:56:02.967 5724 INFO eventlet.wsgi.server [req-a764a724-bdab-41b0-a8d1-f5fc3e6c4a95 - - - - -] 127.0.0.1 "GET /v1/nodes/93494378-56ee-5e22-b6f0-e3be3a9ebdf1 HTTP/1.1" status: 200 len: 1748 time: 0.0226691
2017-05-24 02:56:04.827 5733 INFO eventlet.wsgi.server [req-d5bc704d-26c0-47ca-a93e-89db92361fcc - - - - -] 127.0.0.1 "GET /v1/nodes/c1a56cb3-fcef-59d5-8105-7e6815154f70 HTTP/1.1" status: 200 len: 1752 time: 0.0291879
2017-05-24 02:56:04.978 5724 INFO eventlet.wsgi.server [req-9925570a-e66c-4324-85eb-bb1345b6445a - - - - -] 127.0.0.1 "GET /v1/nodes/e1369efa-5391-5035-8533-3a065c44a584 HTTP/1.1" status: 200 len: 1755 time: 0.0312910
2017-05-24 02:56:05.003 5724 INFO eventlet.wsgi.server [req-88866abe-3df5-48c3-9cca-5391ca515e3b - - - - -] 127.0.0.1 "GET /v1/nodes/93494378-56ee-5e22-b6f0-e3be3a9ebdf1 HTTP/1.1" status: 200 len: 1748 time: 0.0233788
2017-05-24 02:56:06.847 5733 INFO eventlet.wsgi.server [req-b8ebd937-5c7a-4bf4-8b1d-6689491dd88b - - - - -] 127.0.0.1 "GET /v1/nodes/c1a56cb3-fcef-59d5-8105-7e6815154f70 HTTP/1.1" status: 200 len: 1752 time: 0.0153489
2017-05-24 02:56:07.004 5724 INFO eventlet.wsgi.server [req-cea0daed-a795-4a4d-8c68-9aca4d4166a5 - - - - -] 127.0.0.1 "GET /v1/nodes/e1369efa-5391-5035-8533-3a065c44a584 HTTP/1.1" status: 200 len: 1755 time: 0.0208209
2017-05-24 02:56:07.025 5724 INFO eventlet.wsgi.server [req-372ecbcc-4d1f-4d98-9601-ce47f310b6b0 - - - - -] 127.0.0.1 "GET /v1/nodes/93494378-56ee-5e22-b6f0-e3be3a9ebdf1 HTTP/1.1" status: 200 len: 1748 time: 0.0181339
2017-05-24 02:56:08.885 5733 INFO eventlet.wsgi.server [req-1458bc29-8db6-40d9-a9d0-8e1f8a7da320 - - - - -] 127.0.0.1 "GET /v1/nodes/c1a56cb3-fcef-59d5-8105-7e6815154f70 HTTP/1.1" status: 200 len: 1752 time: 0.0320382
2017-05-24 02:56:09.038 5724 INFO eventlet.wsgi.server [req-28a65089-1d6e-4139-b67a-5868c403176f - - - - -] 127.0.0.1 "GET /v1/nodes/e1369efa-5391-5035-8533-3a065c44a584 HTTP/1.1" status: 200 len: 1755 time: 0.0289528
2017-05-24 02:56:09.061 5724 INFO eventlet.wsgi.server [req-a635dc66-14cf-4d29-a3d0-88a92858a822 - - - - -] 127.0.0.1 "GET /v1/nodes/93494378-56ee-5e22-b6f0-e3be3a9ebdf1 HTTP/1.1" status: 200 len: 1748 time: 0.0214949
2017-05-24 02:56:10.920 5733 INFO eventlet.wsgi.server [req-96e1d783-3e51-4b0f-9c47-45348c872178 - - - - -] 127.0.0.1 "GET /v1/nodes/c1a56cb3-fcef-59d5-8105-7e6815154f70 HTTP/1.1" status: 200 len: 1752 time: 0.0296350
2017-05-24 02:56:11.075 5724 INFO eventlet.wsgi.server [req-cc548bd6-3b10-482d-ace3-d3c3a5c438cc - - - - -] 127.0.0.1 "GET /v1/nodes/e1369efa-5391-5035-8533-3a065c44a584 HTTP/1.1" status: 200 len: 1755 time: 0.0315249
2017-05-24 02:56:11.100 5724 INFO eventlet.wsgi.server [req-3e7a91a8-3350-4112-9ecf-c99d8824e27a - - - - -] 127.0.0.1 "GET /v1/nodes/93494378-56ee-5e22-b6f0-e3be3a9ebdf1 HTTP/1.1" status: 200 len: 1748 time: 0.0238991
2017-05-24 02:56:12.958 5733 INFO eventlet.wsgi.server [req-7a4cee0d-d18a-4623-8042-12af01c8f063 - - - - -] 127.0.0.1 "GET /v1/nodes/c1a56cb3-fcef-59d5-8105-7e6815154f70 HTTP/1.1" status: 200 len: 1752 time: 0.0312340
2017-05-24 02:56:13.113 5724 INFO eventlet.wsgi.server [req-f1b6f3be-7409-420a-a26e-72015ceeabaa - - - - -] 127.0.0.1 "GET /v1/nodes/e1369efa-5391-5035-8533-3a065c44a584 HTTP/1.1" status: 200 len: 1755 time: 0.0321209
2017-05-24 02:56:13.136 5724 INFO eventlet.wsgi.server [req-625f1922-ec03-4f87-a66b-f8fbb36b238c - - - - -] 127.0.0.1 "GET /v1/nodes/93494378-56ee-5e22-b6f0-e3be3a9ebdf1 HTTP/1.1" status: 200 len: 1748 time: 0.0212960
2017-05-24 02:56:14.996 5733 INFO eventlet.wsgi.server [req-6c73ac57-3e5f-42fc-8bf6-2c32dfc02724 - - - - -] 127.0.0.1 "GET /v1/nodes/c1a56cb3-fcef-59d5-8105-7e6815154f70 HTTP/1.1" status: 200 len: 1752 time: 0.0302169
2017-05-24 02:56:15.152 5724 INFO eventlet.wsgi.server [req-9032c259-f1f2-493c-867d-5afc775fdfd8 - - - - -] 127.0.0.1 "GET /v1/nodes/e1369efa-5391-5035-8533-3a065c44a584 HTTP/1.1" status: 200 len: 1755 time: 0.0335591
2017-05-24 02:56:15.177 5724 INFO eventlet.wsgi.server [req-05952a5a-98e2-4058-96f0-674aa01db860 - - - - -] 127.0.0.1 "GET /v1/nodes/93494378-56ee-5e22-b6f0-e3be3a9ebdf1 HTTP/1.1" status: 200 len: 1748 time: 0.0230680
2017-05-24 02:56:16.499 5726 INFO eventlet.wsgi.server [req-27a22568-361e-4181-b3f9-b86fab4917b9 - - - - -] 127.0.0.1 "GET /v1/nodes HTTP/1.1" status: 200 len: 1477 time: 0.0614312
