2017-05-24 02:47:01.342 5738 WARNING oslo_config.cfg [req-acc3c878-8a50-4f76-8a5e-fa801aa2965a - - - - -] Option "rabbit_password" from group "oslo_messaging_rabbit" is deprecated for removal (Replaced by [DEFAULT]/transport_url). Its value may be silently ignored in the future.
2017-05-24 02:47:01.418 5728 DEBUG oslo_db.sqlalchemy.engines [req-92bfbce9-085c-4b8e-8aa8-020a6316c233 - - - - -] MySQL server mode set to STRICT_TRANS_TABLES,STRICT_ALL_TABLES,NO_ZERO_IN_DATE,NO_ZERO_DATE,ERROR_FOR_DIVISION_BY_ZERO,TRADITIONAL,NO_AUTO_CREATE_USER,NO_ENGINE_SUBSTITUTION _check_effective_sql_mode /usr/local/lib/python2.7/dist-packages/oslo_db/sqlalchemy/engines.py:260
2017-05-24 02:47:01.436 5728 DEBUG wsme.api [req-92bfbce9-085c-4b8e-8aa8-020a6316c233 - - - - -] Client-side error: Node e1369efa-5391-5035-8533-3a065c44a584 could not be found. format_exception /usr/local/lib/python2.7/dist-packages/wsme/api.py:222
2017-05-24 02:47:01.437 5728 INFO eventlet.wsgi.server [req-92bfbce9-085c-4b8e-8aa8-020a6316c233 - - - - -] 127.0.0.1 "GET /v1/nodes/e1369efa-5391-5035-8533-3a065c44a584 HTTP/1.1" status: 404 len: 485 time: 0.1369970
2017-05-24 02:47:01.458 5728 WARNING oslo_config.cfg [req-bda65e7e-b5a9-44be-a5e1-d4c55d0006d8 - - - - -] Option "rabbit_userid" from group "DEFAULT" is deprecated. Use option "rabbit_userid" from group "oslo_messaging_rabbit".
2017-05-24 02:47:01.459 5728 WARNING oslo_config.cfg [req-bda65e7e-b5a9-44be-a5e1-d4c55d0006d8 - - - - -] Option "rabbit_userid" from group "oslo_messaging_rabbit" is deprecated for removal (Replaced by [DEFAULT]/transport_url). Its value may be silently ignored in the future.
2017-05-24 02:47:01.459 5728 WARNING oslo_config.cfg [req-bda65e7e-b5a9-44be-a5e1-d4c55d0006d8 - - - - -] Option "rabbit_password" from group "DEFAULT" is deprecated. Use option "rabbit_password" from group "oslo_messaging_rabbit".
2017-05-24 02:47:01.459 5728 WARNING oslo_config.cfg [req-bda65e7e-b5a9-44be-a5e1-d4c55d0006d8 - - - - -] Option "rabbit_password" from group "oslo_messaging_rabbit" is deprecated for removal (Replaced by [DEFAULT]/transport_url). Its value may be silently ignored in the future.
2017-05-24 02:47:01.479 5738 INFO eventlet.wsgi.server [req-acc3c878-8a50-4f76-8a5e-fa801aa2965a - - - - -] 127.0.0.1 "POST /v1/nodes HTTP/1.1" status: 201 len: 1752 time: 0.1639218
2017-05-24 02:47:01.482 5724 INFO eventlet.wsgi.server [req-13fa4a6c-6dd7-4453-9377-95f64e9d724e - - - - -] 127.0.0.1 "POST /v1/nodes HTTP/1.1" status: 201 len: 1748 time: 0.1644061
2017-05-24 02:47:01.542 5738 INFO eventlet.wsgi.server [req-73c4a48d-c725-4e8e-b5d9-ed53153bf9e6 - - - - -] 127.0.0.1 "POST /v1/ports HTTP/1.1" status: 201 len: 829 time: 0.0583920
2017-05-24 02:47:01.569 5724 INFO eventlet.wsgi.server [req-b7c926fc-8acd-4d6f-a6b5-a3460560f0dc - - - - -] 127.0.0.1 "POST /v1/ports HTTP/1.1" status: 201 len: 829 time: 0.0819361
2017-05-24 02:47:01.573 5728 INFO eventlet.wsgi.server [req-bda65e7e-b5a9-44be-a5e1-d4c55d0006d8 - - - - -] 127.0.0.1 "POST /v1/nodes HTTP/1.1" status: 201 len: 1755 time: 0.1308320
2017-05-24 02:47:01.646 5728 INFO eventlet.wsgi.server [req-6e05b18d-ea08-425d-84a1-56485b88e482 - - - - -] 127.0.0.1 "POST /v1/ports HTTP/1.1" status: 201 len: 829 time: 0.0686960
2017-05-24 02:47:05.196 5733 DEBUG oslo_concurrency.lockutils [req-feec2620-3866-40b3-8231-6fb881684dd5 - - - - -] Lock "policy_enforcer" acquired by "ironic.common.policy.init_enforcer" :: waited 0.000s inner /usr/local/lib/python2.7/dist-packages/oslo_concurrency/lockutils.py:270
2017-05-24 02:47:05.198 5733 DEBUG oslo_concurrency.lockutils [req-feec2620-3866-40b3-8231-6fb881684dd5 - - - - -] Lock "policy_enforcer" released by "ironic.common.policy.init_enforcer" :: held 0.001s inner /usr/local/lib/python2.7/dist-packages/oslo_concurrency/lockutils.py:282
2017-05-24 02:47:05.198 5733 DEBUG oslo_policy._cache_handler [req-feec2620-3866-40b3-8231-6fb881684dd5 - - - - -] Reloading cached file /etc/ironic/policy.json read_cached_file /usr/local/lib/python2.7/dist-packages/oslo_policy/_cache_handler.py:40
2017-05-24 02:47:05.200 5733 DEBUG oslo_policy.policy [req-feec2620-3866-40b3-8231-6fb881684dd5 - - - - -] Reloaded policy file: /etc/ironic/policy.json _load_policy_file /usr/local/lib/python2.7/dist-packages/oslo_policy/policy.py:683
2017-05-24 02:47:05.203 5733 DEBUG oslo_db.api [req-feec2620-3866-40b3-8231-6fb881684dd5 - - - - -] Loading backend 'sqlalchemy' from 'ironic.db.sqlalchemy.api' _load_backend /usr/local/lib/python2.7/dist-packages/oslo_db/api.py:237
2017-05-24 02:47:05.216 5724 INFO eventlet.wsgi.server [req-eb8b820b-a947-40d1-8bb2-be90c3a4a25e - - - - -] 127.0.0.1 "GET /v1/nodes/e1369efa-5391-5035-8533-3a065c44a584 HTTP/1.1" status: 200 len: 1671 time: 0.0266340
2017-05-24 02:47:05.240 5724 INFO eventlet.wsgi.server [req-d95ec409-fa74-44d3-812e-85fdec64b31d - - - - -] 127.0.0.1 "GET /v1/nodes/e1369efa-5391-5035-8533-3a065c44a584 HTTP/1.1" status: 200 len: 1671 time: 0.0210099
2017-05-24 02:47:05.296 5724 INFO eventlet.wsgi.server [req-517dea84-26c7-4c2e-b703-e1ac233bd9ec - - - - -] 127.0.0.1 "GET /v1/nodes/93494378-56ee-5e22-b6f0-e3be3a9ebdf1 HTTP/1.1" status: 200 len: 1664 time: 0.0173159
2017-05-24 02:47:05.314 5733 DEBUG oslo_db.sqlalchemy.engines [req-feec2620-3866-40b3-8231-6fb881684dd5 - - - - -] MySQL server mode set to STRICT_TRANS_TABLES,STRICT_ALL_TABLES,NO_ZERO_IN_DATE,NO_ZERO_DATE,ERROR_FOR_DIVISION_BY_ZERO,TRADITIONAL,NO_AUTO_CREATE_USER,NO_ENGINE_SUBSTITUTION _check_effective_sql_mode /usr/local/lib/python2.7/dist-packages/oslo_db/sqlalchemy/engines.py:260
2017-05-24 02:47:05.314 5724 INFO eventlet.wsgi.server [req-c7225e94-9e20-4769-9465-b3c558829ea5 - - - - -] 127.0.0.1 "GET /v1/nodes/93494378-56ee-5e22-b6f0-e3be3a9ebdf1 HTTP/1.1" status: 200 len: 1664 time: 0.0152431
2017-05-24 02:47:05.338 5733 INFO eventlet.wsgi.server [req-feec2620-3866-40b3-8231-6fb881684dd5 - - - - -] 127.0.0.1 "GET /v1/nodes/c1a56cb3-fcef-59d5-8105-7e6815154f70 HTTP/1.1" status: 200 len: 1668 time: 0.1467760
2017-05-24 02:47:05.354 5733 INFO eventlet.wsgi.server [req-a5eac7a7-d7d1-4719-a6e4-6b7b34378ad2 - - - - -] 127.0.0.1 "GET /v1/nodes/c1a56cb3-fcef-59d5-8105-7e6815154f70 HTTP/1.1" status: 200 len: 1668 time: 0.0119760
2017-05-24 02:47:05.374 5733 WARNING oslo_config.cfg [req-98c4eada-b60f-42d5-b560-ed81ac8e1895 - - - - -] Option "rabbit_userid" from group "DEFAULT" is deprecated. Use option "rabbit_userid" from group "oslo_messaging_rabbit".
2017-05-24 02:47:05.374 5733 WARNING oslo_config.cfg [req-98c4eada-b60f-42d5-b560-ed81ac8e1895 - - - - -] Option "rabbit_userid" from group "oslo_messaging_rabbit" is deprecated for removal (Replaced by [DEFAULT]/transport_url). Its value may be silently ignored in the future.
2017-05-24 02:47:05.375 5733 WARNING oslo_config.cfg [req-98c4eada-b60f-42d5-b560-ed81ac8e1895 - - - - -] Option "rabbit_password" from group "DEFAULT" is deprecated. Use option "rabbit_password" from group "oslo_messaging_rabbit".
2017-05-24 02:47:05.375 5733 WARNING oslo_config.cfg [req-98c4eada-b60f-42d5-b560-ed81ac8e1895 - - - - -] Option "rabbit_password" from group "oslo_messaging_rabbit" is deprecated for removal (Replaced by [DEFAULT]/transport_url). Its value may be silently ignored in the future.
2017-05-24 02:47:05.588 5724 INFO eventlet.wsgi.server [req-f8891548-62d9-45fd-a1af-04d9131cbb2c - - - - -] 127.0.0.1 "PUT /v1/nodes/e1369efa-5391-5035-8533-3a065c44a584/states/provision HTTP/1.1" status: 202 len: 383 time: 0.3452530
2017-05-24 02:47:05.616 5724 INFO eventlet.wsgi.server [req-01a4b377-b275-4bc2-bbdc-fb01290b7a96 - - - - -] 127.0.0.1 "GET /v1/nodes/e1369efa-5391-5035-8533-3a065c44a584 HTTP/1.1" status: 200 len: 1718 time: 0.0244858
2017-05-24 02:47:05.651 5724 INFO eventlet.wsgi.server [req-e52137fd-4b18-4859-94a2-9000cca66c4f - - - - -] 127.0.0.1 "PUT /v1/nodes/93494378-56ee-5e22-b6f0-e3be3a9ebdf1/states/provision HTTP/1.1" status: 202 len: 383 time: 0.3349330
2017-05-24 02:47:05.677 5724 INFO eventlet.wsgi.server [req-7e0cac18-4664-4212-9530-17479a8cbf4c - - - - -] 127.0.0.1 "GET /v1/nodes/93494378-56ee-5e22-b6f0-e3be3a9ebdf1 HTTP/1.1" status: 200 len: 1711 time: 0.0212560
2017-05-24 02:47:05.724 5733 INFO eventlet.wsgi.server [req-98c4eada-b60f-42d5-b560-ed81ac8e1895 - - - - -] 127.0.0.1 "PUT /v1/nodes/c1a56cb3-fcef-59d5-8105-7e6815154f70/states/provision HTTP/1.1" status: 202 len: 383 time: 0.3674650
2017-05-24 02:47:05.755 5733 INFO eventlet.wsgi.server [req-0bb4a7c8-88a2-4af6-a8a4-c974410b7d94 - - - - -] 127.0.0.1 "GET /v1/nodes/c1a56cb3-fcef-59d5-8105-7e6815154f70 HTTP/1.1" status: 200 len: 1715 time: 0.0274150
2017-05-24 02:47:05.866 5724 INFO eventlet.wsgi.server [req-1d594b48-a57f-44ad-972c-2e097828cdd7 - - - - -] 127.0.0.1 "PUT /v1/nodes/e1369efa-5391-5035-8533-3a065c44a584/states/provision HTTP/1.1" status: 202 len: 383 time: 0.2455599
2017-05-24 02:47:05.896 5724 INFO eventlet.wsgi.server [req-432df31a-8253-452d-b843-db7cff2d0c26 - - - - -] 127.0.0.1 "GET /v1/nodes/e1369efa-5391-5035-8533-3a065c44a584 HTTP/1.1" status: 200 len: 1749 time: 0.0264452
2017-05-24 02:47:05.898 5726 DEBUG oslo_concurrency.lockutils [req-28342998-6c6f-40d0-9436-bf88887143b7 - - - - -] Lock "policy_enforcer" acquired by "ironic.common.policy.init_enforcer" :: waited 0.000s inner /usr/local/lib/python2.7/dist-packages/oslo_concurrency/lockutils.py:270
2017-05-24 02:47:05.900 5726 DEBUG oslo_concurrency.lockutils [req-28342998-6c6f-40d0-9436-bf88887143b7 - - - - -] Lock "policy_enforcer" released by "ironic.common.policy.init_enforcer" :: held 0.002s inner /usr/local/lib/python2.7/dist-packages/oslo_concurrency/lockutils.py:282
2017-05-24 02:47:05.901 5726 DEBUG oslo_policy._cache_handler [req-28342998-6c6f-40d0-9436-bf88887143b7 - - - - -] Reloading cached file /etc/ironic/policy.json read_cached_file /usr/local/lib/python2.7/dist-packages/oslo_policy/_cache_handler.py:40
2017-05-24 02:47:05.903 5726 DEBUG oslo_policy.policy [req-28342998-6c6f-40d0-9436-bf88887143b7 - - - - -] Reloaded policy file: /etc/ironic/policy.json _load_policy_file /usr/local/lib/python2.7/dist-packages/oslo_policy/policy.py:683
2017-05-24 02:47:05.910 5726 DEBUG oslo_db.api [req-28342998-6c6f-40d0-9436-bf88887143b7 - - - - -] Loading backend 'sqlalchemy' from 'ironic.db.sqlalchemy.api' _load_backend /usr/local/lib/python2.7/dist-packages/oslo_db/api.py:237
2017-05-24 02:47:05.922 5724 INFO eventlet.wsgi.server [req-88042635-b179-4d9a-92ee-60233c10f96b - - - - -] 127.0.0.1 "GET /v1/nodes/e1369efa-5391-5035-8533-3a065c44a584 HTTP/1.1" status: 200 len: 1749 time: 0.0226440
2017-05-24 02:47:05.925 5724 INFO eventlet.wsgi.server [req-15ad2244-137d-4775-b480-4bb40fe4230e - - - - -] 127.0.0.1 "PUT /v1/nodes/93494378-56ee-5e22-b6f0-e3be3a9ebdf1/states/provision HTTP/1.1" status: 202 len: 383 time: 0.2446330
2017-05-24 02:47:05.947 5724 INFO eventlet.wsgi.server [req-973fe6be-4c7b-4699-8cea-a3e490edd4f5 - - - - -] 127.0.0.1 "GET /v1/nodes/93494378-56ee-5e22-b6f0-e3be3a9ebdf1 HTTP/1.1" status: 200 len: 1742 time: 0.0190670
2017-05-24 02:47:05.957 5733 INFO eventlet.wsgi.server [req-541c1a00-5724-4d5c-8b49-246662e1b53c - - - - -] 127.0.0.1 "PUT /v1/nodes/c1a56cb3-fcef-59d5-8105-7e6815154f70/states/provision HTTP/1.1" status: 202 len: 383 time: 0.1974170
2017-05-24 02:47:05.969 5724 INFO eventlet.wsgi.server [req-bd7a44a1-cb2c-4faa-bc31-b08437e969da - - - - -] 127.0.0.1 "GET /v1/nodes/93494378-56ee-5e22-b6f0-e3be3a9ebdf1 HTTP/1.1" status: 200 len: 1742 time: 0.0179260
2017-05-24 02:47:05.988 5733 INFO eventlet.wsgi.server [req-3b3fc7ca-1168-4d86-bdc2-59d7e392273b - - - - -] 127.0.0.1 "GET /v1/nodes/c1a56cb3-fcef-59d5-8105-7e6815154f70 HTTP/1.1" status: 200 len: 1746 time: 0.0273230
2017-05-24 02:47:06.014 5733 INFO eventlet.wsgi.server [req-a93960dc-c128-4d5c-9a0b-86836fc24c29 - - - - -] 127.0.0.1 "GET /v1/nodes/c1a56cb3-fcef-59d5-8105-7e6815154f70 HTTP/1.1" status: 200 len: 1746 time: 0.0217311
2017-05-24 02:47:06.056 5726 DEBUG oslo_db.sqlalchemy.engines [req-28342998-6c6f-40d0-9436-bf88887143b7 - - - - -] MySQL server mode set to STRICT_TRANS_TABLES,STRICT_ALL_TABLES,NO_ZERO_IN_DATE,NO_ZERO_DATE,ERROR_FOR_DIVISION_BY_ZERO,TRADITIONAL,NO_AUTO_CREATE_USER,NO_ENGINE_SUBSTITUTION _check_effective_sql_mode /usr/local/lib/python2.7/dist-packages/oslo_db/sqlalchemy/engines.py:260
2017-05-24 02:47:06.081 5726 INFO eventlet.wsgi.server [req-28342998-6c6f-40d0-9436-bf88887143b7 - - - - -] 127.0.0.1 "GET /v1/nodes/e1369efa-5391-5035-8533-3a065c44a584 HTTP/1.1" status: 200 len: 1768 time: 0.1920128
2017-05-24 02:47:06.104 5726 WARNING oslo_config.cfg [req-3d2ee003-bf07-488e-96cf-54d1d68d6abe - - - - -] Option "rabbit_userid" from group "DEFAULT" is deprecated. Use option "rabbit_userid" from group "oslo_messaging_rabbit".
2017-05-24 02:47:06.104 5726 WARNING oslo_config.cfg [req-3d2ee003-bf07-488e-96cf-54d1d68d6abe - - - - -] Option "rabbit_userid" from group "oslo_messaging_rabbit" is deprecated for removal (Replaced by [DEFAULT]/transport_url). Its value may be silently ignored in the future.
2017-05-24 02:47:06.104 5726 WARNING oslo_config.cfg [req-3d2ee003-bf07-488e-96cf-54d1d68d6abe - - - - -] Option "rabbit_password" from group "DEFAULT" is deprecated. Use option "rabbit_password" from group "oslo_messaging_rabbit".
2017-05-24 02:47:06.105 5726 WARNING oslo_config.cfg [req-3d2ee003-bf07-488e-96cf-54d1d68d6abe - - - - -] Option "rabbit_password" from group "oslo_messaging_rabbit" is deprecated for removal (Replaced by [DEFAULT]/transport_url). Its value may be silently ignored in the future.
2017-05-24 02:47:06.182 5726 INFO eventlet.wsgi.server [req-3d2ee003-bf07-488e-96cf-54d1d68d6abe - - - - -] 127.0.0.1 "GET /v1/nodes/e1369efa-5391-5035-8533-3a065c44a584/validate HTTP/1.1" status: 200 len: 1081 time: 0.0960250
2017-05-24 02:47:06.372 5726 INFO eventlet.wsgi.server [req-a8ba093e-3070-48f2-a858-f37f5d0a6d6f - - - - -] 127.0.0.1 "GET /v1/nodes/e1369efa-5391-5035-8533-3a065c44a584 HTTP/1.1" status: 200 len: 1768 time: 0.0273149
2017-05-24 02:47:06.376 5723 INFO eventlet.wsgi.server [req-ac74ee63-36d8-4211-81fa-38b3646cd67a - - - - -] 127.0.0.1 "GET /v1/nodes/93494378-56ee-5e22-b6f0-e3be3a9ebdf1 HTTP/1.1" status: 200 len: 1761 time: 0.0266652
2017-05-24 02:47:06.404 5723 WARNING oslo_config.cfg [req-5700ff62-5f8d-435a-a412-4da1776fce87 - - - - -] Option "rabbit_userid" from group "DEFAULT" is deprecated. Use option "rabbit_userid" from group "oslo_messaging_rabbit".
2017-05-24 02:47:06.405 5723 WARNING oslo_config.cfg [req-5700ff62-5f8d-435a-a412-4da1776fce87 - - - - -] Option "rabbit_userid" from group "oslo_messaging_rabbit" is deprecated for removal (Replaced by [DEFAULT]/transport_url). Its value may be silently ignored in the future.
2017-05-24 02:47:06.405 5723 WARNING oslo_config.cfg [req-5700ff62-5f8d-435a-a412-4da1776fce87 - - - - -] Option "rabbit_password" from group "DEFAULT" is deprecated. Use option "rabbit_password" from group "oslo_messaging_rabbit".
2017-05-24 02:47:06.405 5723 WARNING oslo_config.cfg [req-5700ff62-5f8d-435a-a412-4da1776fce87 - - - - -] Option "rabbit_password" from group "oslo_messaging_rabbit" is deprecated for removal (Replaced by [DEFAULT]/transport_url). Its value may be silently ignored in the future.
2017-05-24 02:47:06.412 5726 INFO eventlet.wsgi.server [req-d9eeee2f-ba46-401e-a118-fd6b198a9a2c - - - - -] 127.0.0.1 "GET /v1/nodes/e1369efa-5391-5035-8533-3a065c44a584/ports HTTP/1.1" status: 200 len: 623 time: 0.0307481
2017-05-24 02:47:06.476 5723 INFO eventlet.wsgi.server [req-5700ff62-5f8d-435a-a412-4da1776fce87 - - - - -] 127.0.0.1 "GET /v1/nodes/93494378-56ee-5e22-b6f0-e3be3a9ebdf1/validate HTTP/1.1" status: 200 len: 1081 time: 0.0943899
2017-05-24 02:47:06.736 5735 DEBUG oslo_concurrency.lockutils [req-31d6a2d8-7566-47da-a9ab-f8a80f4d1337 - - - - -] Lock "policy_enforcer" acquired by "ironic.common.policy.init_enforcer" :: waited 0.000s inner /usr/local/lib/python2.7/dist-packages/oslo_concurrency/lockutils.py:270
2017-05-24 02:47:06.737 5735 DEBUG oslo_concurrency.lockutils [req-31d6a2d8-7566-47da-a9ab-f8a80f4d1337 - - - - -] Lock "policy_enforcer" released by "ironic.common.policy.init_enforcer" :: held 0.001s inner /usr/local/lib/python2.7/dist-packages/oslo_concurrency/lockutils.py:282
2017-05-24 02:47:06.737 5735 DEBUG oslo_policy._cache_handler [req-31d6a2d8-7566-47da-a9ab-f8a80f4d1337 - - - - -] Reloading cached file /etc/ironic/policy.json read_cached_file /usr/local/lib/python2.7/dist-packages/oslo_policy/_cache_handler.py:40
2017-05-24 02:47:06.738 5735 DEBUG oslo_policy.policy [req-31d6a2d8-7566-47da-a9ab-f8a80f4d1337 - - - - -] Reloaded policy file: /etc/ironic/policy.json _load_policy_file /usr/local/lib/python2.7/dist-packages/oslo_policy/policy.py:683
2017-05-24 02:47:06.742 5735 DEBUG oslo_db.api [req-31d6a2d8-7566-47da-a9ab-f8a80f4d1337 - - - - -] Loading backend 'sqlalchemy' from 'ironic.db.sqlalchemy.api' _load_backend /usr/local/lib/python2.7/dist-packages/oslo_db/api.py:237
2017-05-24 02:47:06.755 5723 INFO eventlet.wsgi.server [req-eae15f72-5428-4d30-b889-b5c254a54fa4 - - - - -] 127.0.0.1 "GET /v1/nodes/93494378-56ee-5e22-b6f0-e3be3a9ebdf1 HTTP/1.1" status: 200 len: 1761 time: 0.0266361
2017-05-24 02:47:06.848 5735 DEBUG oslo_db.sqlalchemy.engines [req-31d6a2d8-7566-47da-a9ab-f8a80f4d1337 - - - - -] MySQL server mode set to STRICT_TRANS_TABLES,STRICT_ALL_TABLES,NO_ZERO_IN_DATE,NO_ZERO_DATE,ERROR_FOR_DIVISION_BY_ZERO,TRADITIONAL,NO_AUTO_CREATE_USER,NO_ENGINE_SUBSTITUTION _check_effective_sql_mode /usr/local/lib/python2.7/dist-packages/oslo_db/sqlalchemy/engines.py:260
2017-05-24 02:47:06.874 5735 INFO eventlet.wsgi.server [req-31d6a2d8-7566-47da-a9ab-f8a80f4d1337 - - - - -] 127.0.0.1 "GET /v1/nodes/c1a56cb3-fcef-59d5-8105-7e6815154f70 HTTP/1.1" status: 200 len: 1765 time: 0.1423500
2017-05-24 02:47:06.899 5735 WARNING oslo_config.cfg [req-1cffdac3-10e5-4ffb-b2cc-25e1c99470b2 - - - - -] Option "rabbit_userid" from group "DEFAULT" is deprecated. Use option "rabbit_userid" from group "oslo_messaging_rabbit".
2017-05-24 02:47:06.899 5735 WARNING oslo_config.cfg [req-1cffdac3-10e5-4ffb-b2cc-25e1c99470b2 - - - - -] Option "rabbit_userid" from group "oslo_messaging_rabbit" is deprecated for removal (Replaced by [DEFAULT]/transport_url). Its value may be silently ignored in the future.
2017-05-24 02:47:06.899 5735 WARNING oslo_config.cfg [req-1cffdac3-10e5-4ffb-b2cc-25e1c99470b2 - - - - -] Option "rabbit_password" from group "DEFAULT" is deprecated. Use option "rabbit_password" from group "oslo_messaging_rabbit".
2017-05-24 02:47:06.900 5735 WARNING oslo_config.cfg [req-1cffdac3-10e5-4ffb-b2cc-25e1c99470b2 - - - - -] Option "rabbit_password" from group "oslo_messaging_rabbit" is deprecated for removal (Replaced by [DEFAULT]/transport_url). Its value may be silently ignored in the future.
2017-05-24 02:47:06.968 5735 INFO eventlet.wsgi.server [req-1cffdac3-10e5-4ffb-b2cc-25e1c99470b2 - - - - -] 127.0.0.1 "GET /v1/nodes/c1a56cb3-fcef-59d5-8105-7e6815154f70/validate HTTP/1.1" status: 200 len: 1081 time: 0.0899279
2017-05-24 02:47:07.070 5735 INFO eventlet.wsgi.server [req-b9cf32cc-e190-464c-ab6e-b5d16c02d897 - - - - -] 127.0.0.1 "GET /v1/nodes/c1a56cb3-fcef-59d5-8105-7e6815154f70 HTTP/1.1" status: 200 len: 1765 time: 0.0132840
2017-05-24 02:47:07.959 5724 INFO eventlet.wsgi.server [req-4adfecbd-fde9-4e75-b014-a687a04ac0ca - - - - -] 127.0.0.1 "GET /v1/nodes/e1369efa-5391-5035-8533-3a065c44a584 HTTP/1.1" status: 200 len: 1769 time: 0.0282969
2017-05-24 02:47:07.999 5724 INFO eventlet.wsgi.server [req-4cf424e8-9e50-42c5-9864-83396d881688 - - - - -] 127.0.0.1 "GET /v1/nodes/93494378-56ee-5e22-b6f0-e3be3a9ebdf1 HTTP/1.1" status: 200 len: 1742 time: 0.0230999
2017-05-24 02:47:08.047 5733 INFO eventlet.wsgi.server [req-7713e859-6036-4db5-9e74-f67ec4b999be - - - - -] 127.0.0.1 "GET /v1/nodes/c1a56cb3-fcef-59d5-8105-7e6815154f70 HTTP/1.1" status: 200 len: 1746 time: 0.0260301
2017-05-24 02:47:09.995 5724 INFO eventlet.wsgi.server [req-722bc3d8-76d5-43d4-887a-db5d240283c4 - - - - -] 127.0.0.1 "GET /v1/nodes/e1369efa-5391-5035-8533-3a065c44a584 HTTP/1.1" status: 200 len: 1769 time: 0.0273950
2017-05-24 02:47:10.029 5724 INFO eventlet.wsgi.server [req-db7c229e-0375-4d18-9701-b0d5aac5e577 - - - - -] 127.0.0.1 "GET /v1/nodes/93494378-56ee-5e22-b6f0-e3be3a9ebdf1 HTTP/1.1" status: 200 len: 1742 time: 0.0236659
2017-05-24 02:47:10.085 5733 INFO eventlet.wsgi.server [req-4cba3959-fcbc-4426-96dd-724d3a518f45 - - - - -] 127.0.0.1 "GET /v1/nodes/c1a56cb3-fcef-59d5-8105-7e6815154f70 HTTP/1.1" status: 200 len: 1746 time: 0.0286839
2017-05-24 02:47:11.426 5723 INFO eventlet.wsgi.server [req-25d3f416-8755-4d87-8319-7196ea6b169a - - - - -] 127.0.0.1 "GET /v1/nodes/93494378-56ee-5e22-b6f0-e3be3a9ebdf1/ports HTTP/1.1" status: 200 len: 623 time: 0.0439959
2017-05-24 02:47:12.036 5724 INFO eventlet.wsgi.server [req-fe4fe5a8-6291-45c1-94a3-24eaa99cfd62 - - - - -] 127.0.0.1 "GET /v1/nodes/e1369efa-5391-5035-8533-3a065c44a584 HTTP/1.1" status: 200 len: 1769 time: 0.0315280
2017-05-24 02:47:12.060 5724 INFO eventlet.wsgi.server [req-1d485464-4c27-4763-84ac-2e7b1d4f6396 - - - - -] 127.0.0.1 "GET /v1/nodes/93494378-56ee-5e22-b6f0-e3be3a9ebdf1 HTTP/1.1" status: 200 len: 1742 time: 0.0236020
2017-05-24 02:47:12.120 5733 INFO eventlet.wsgi.server [req-dbd67f56-47e0-4cd4-85a1-37492781db70 - - - - -] 127.0.0.1 "GET /v1/nodes/c1a56cb3-fcef-59d5-8105-7e6815154f70 HTTP/1.1" status: 200 len: 1746 time: 0.0270650
2017-05-24 02:47:12.375 5726 INFO eventlet.wsgi.server [req-a314af1d-38cd-4df6-be07-ef212d24419c - - - - -] 127.0.0.1 "PUT /v1/nodes/e1369efa-5391-5035-8533-3a065c44a584/management/boot_device HTTP/1.1" status: 204 len: 300 time: 5.8423200
2017-05-24 02:47:12.597 5726 INFO eventlet.wsgi.server [req-d428e559-3218-422e-ab88-c92da809398d - - - - -] 127.0.0.1 "PUT /v1/nodes/e1369efa-5391-5035-8533-3a065c44a584/states/power HTTP/1.1" status: 202 len: 384 time: 0.2195551
2017-05-24 02:47:14.071 5724 INFO eventlet.wsgi.server [req-0bab0f05-2abb-41d3-97f9-ce798deb777d - - - - -] 127.0.0.1 "GET /v1/nodes/e1369efa-5391-5035-8533-3a065c44a584 HTTP/1.1" status: 200 len: 1775 time: 0.0292640
2017-05-24 02:47:14.094 5724 INFO eventlet.wsgi.server [req-30bed507-c992-41b9-a588-ff79cd019a05 - - - - -] 127.0.0.1 "GET /v1/nodes/93494378-56ee-5e22-b6f0-e3be3a9ebdf1 HTTP/1.1" status: 200 len: 1762 time: 0.0217469
2017-05-24 02:47:14.154 5733 INFO eventlet.wsgi.server [req-f37478c3-05f5-4538-9eb8-17c26175e0df - - - - -] 127.0.0.1 "GET /v1/nodes/c1a56cb3-fcef-59d5-8105-7e6815154f70 HTTP/1.1" status: 200 len: 1746 time: 0.0277390
2017-05-24 02:47:16.109 5724 INFO eventlet.wsgi.server [req-825ec180-3650-4a98-baff-90d0f367879f - - - - -] 127.0.0.1 "GET /v1/nodes/e1369efa-5391-5035-8533-3a065c44a584 HTTP/1.1" status: 200 len: 1775 time: 0.0308719
2017-05-24 02:47:16.132 5724 INFO eventlet.wsgi.server [req-f678a78c-de18-4339-babc-35a744e94599 - - - - -] 127.0.0.1 "GET /v1/nodes/93494378-56ee-5e22-b6f0-e3be3a9ebdf1 HTTP/1.1" status: 200 len: 1762 time: 0.0217729
2017-05-24 02:47:16.191 5733 INFO eventlet.wsgi.server [req-e4fe694e-eb38-4b4b-a6db-c4c0cba8591a - - - - -] 127.0.0.1 "GET /v1/nodes/c1a56cb3-fcef-59d5-8105-7e6815154f70 HTTP/1.1" status: 200 len: 1746 time: 0.0284770
2017-05-24 02:47:16.420 5735 INFO eventlet.wsgi.server [req-2215697f-9923-4289-bdb4-34c6b4120290 - - - - -] 127.0.0.1 "GET /v1/nodes/c1a56cb3-fcef-59d5-8105-7e6815154f70/ports HTTP/1.1" status: 200 len: 623 time: 0.0403531
2017-05-24 02:47:16.463 5738 INFO eventlet.wsgi.server [req-8ea6431a-6e01-44d2-a46a-c7e8d850020a - - - - -] 127.0.0.1 "GET /v1/nodes HTTP/1.1" status: 200 len: 1459 time: 0.0572121
2017-05-24 02:47:18.145 5724 INFO eventlet.wsgi.server [req-ce6e1be8-2b54-486e-ae75-63a91be32c51 - - - - -] 127.0.0.1 "GET /v1/nodes/e1369efa-5391-5035-8533-3a065c44a584 HTTP/1.1" status: 200 len: 1775 time: 0.0289121
2017-05-24 02:47:18.169 5724 INFO eventlet.wsgi.server [req-dbe87354-bc52-4f4a-9cb8-8f573e0b0550 - - - - -] 127.0.0.1 "GET /v1/nodes/93494378-56ee-5e22-b6f0-e3be3a9ebdf1 HTTP/1.1" status: 200 len: 1762 time: 0.0227571
2017-05-24 02:47:18.225 5733 INFO eventlet.wsgi.server [req-b5cc835d-e2c6-453b-b541-bff98c9dae77 - - - - -] 127.0.0.1 "GET /v1/nodes/c1a56cb3-fcef-59d5-8105-7e6815154f70 HTTP/1.1" status: 200 len: 1766 time: 0.0272641
2017-05-24 02:47:20.183 5724 INFO eventlet.wsgi.server [req-f3ca4843-7d4a-4056-9da2-1a037c5391fd - - - - -] 127.0.0.1 "GET /v1/nodes/e1369efa-5391-5035-8533-3a065c44a584 HTTP/1.1" status: 200 len: 1775 time: 0.0307260
2017-05-24 02:47:20.206 5724 INFO eventlet.wsgi.server [req-d5955257-4508-4bc9-b187-0e021e07c9cd - - - - -] 127.0.0.1 "GET /v1/nodes/93494378-56ee-5e22-b6f0-e3be3a9ebdf1 HTTP/1.1" status: 200 len: 1762 time: 0.0221050
2017-05-24 02:47:20.257 5733 INFO eventlet.wsgi.server [req-aabb60d8-15b0-4030-9425-7bff42040f99 - - - - -] 127.0.0.1 "GET /v1/nodes/c1a56cb3-fcef-59d5-8105-7e6815154f70 HTTP/1.1" status: 200 len: 1766 time: 0.0259180
2017-05-24 02:47:22.219 5724 INFO eventlet.wsgi.server [req-4758a95c-0c4e-4b26-882f-054977984b2b - - - - -] 127.0.0.1 "GET /v1/nodes/e1369efa-5391-5035-8533-3a065c44a584 HTTP/1.1" status: 200 len: 1775 time: 0.0312839
2017-05-24 02:47:22.247 5724 INFO eventlet.wsgi.server [req-5183ead7-4b6b-47b4-b78b-d44eefffd3ce - - - - -] 127.0.0.1 "GET /v1/nodes/93494378-56ee-5e22-b6f0-e3be3a9ebdf1 HTTP/1.1" status: 200 len: 1762 time: 0.0271852
2017-05-24 02:47:22.292 5733 INFO eventlet.wsgi.server [req-2f959af1-a370-442b-abe2-d24111804ba2 - - - - -] 127.0.0.1 "GET /v1/nodes/c1a56cb3-fcef-59d5-8105-7e6815154f70 HTTP/1.1" status: 200 len: 1766 time: 0.0278480
2017-05-24 02:47:22.458 5723 INFO eventlet.wsgi.server [req-01eecf05-9cad-4868-b691-d4b81e739bdd - - - - -] 127.0.0.1 "PUT /v1/nodes/93494378-56ee-5e22-b6f0-e3be3a9ebdf1/management/boot_device HTTP/1.1" status: 204 len: 300 time: 10.2004511
2017-05-24 02:47:22.732 5723 INFO eventlet.wsgi.server [req-d2c0083b-d861-4884-b473-8b4cc452cce0 - - - - -] 127.0.0.1 "PUT /v1/nodes/93494378-56ee-5e22-b6f0-e3be3a9ebdf1/states/power HTTP/1.1" status: 202 len: 384 time: 0.2702160
2017-05-24 02:47:24.252 5724 INFO eventlet.wsgi.server [req-10755e89-d9dc-4e90-b445-c941f20830ce - - - - -] 127.0.0.1 "GET /v1/nodes/e1369efa-5391-5035-8533-3a065c44a584 HTTP/1.1" status: 200 len: 1775 time: 0.0285220
2017-05-24 02:47:24.274 5724 INFO eventlet.wsgi.server [req-6742393b-1345-4ce3-a2f5-29135bbdcdb5 - - - - -] 127.0.0.1 "GET /v1/nodes/93494378-56ee-5e22-b6f0-e3be3a9ebdf1 HTTP/1.1" status: 200 len: 1768 time: 0.0210161
2017-05-24 02:47:24.326 5733 INFO eventlet.wsgi.server [req-25062aea-c42a-41cd-8657-d33ffd96f3b8 - - - - -] 127.0.0.1 "GET /v1/nodes/c1a56cb3-fcef-59d5-8105-7e6815154f70 HTTP/1.1" status: 200 len: 1766 time: 0.0275719
2017-05-24 02:47:26.291 5724 INFO eventlet.wsgi.server [req-2bda5a67-d64b-4a0b-b86d-2bc1e4f6f222 - - - - -] 127.0.0.1 "GET /v1/nodes/e1369efa-5391-5035-8533-3a065c44a584 HTTP/1.1" status: 200 len: 1775 time: 0.0313072
2017-05-24 02:47:26.316 5724 INFO eventlet.wsgi.server [req-39adf5d3-9f57-4441-bedc-ac0252adcfaf - - - - -] 127.0.0.1 "GET /v1/nodes/93494378-56ee-5e22-b6f0-e3be3a9ebdf1 HTTP/1.1" status: 200 len: 1768 time: 0.0237322
2017-05-24 02:47:26.354 5733 INFO eventlet.wsgi.server [req-bca1d917-843d-4133-b8ee-597f63f83ad6 - - - - -] 127.0.0.1 "GET /v1/nodes/c1a56cb3-fcef-59d5-8105-7e6815154f70 HTTP/1.1" status: 200 len: 1766 time: 0.0246880
2017-05-24 02:47:27.583 5735 INFO eventlet.wsgi.server [req-bd7620c8-a913-4cd3-b0b1-b7f0dd69e9f0 - - - - -] 127.0.0.1 "PUT /v1/nodes/c1a56cb3-fcef-59d5-8105-7e6815154f70/management/boot_device HTTP/1.1" status: 204 len: 300 time: 10.8006470
2017-05-24 02:47:27.782 5735 INFO eventlet.wsgi.server [req-03124aee-7baa-412f-ace7-9ba93083497e - - - - -] 127.0.0.1 "PUT /v1/nodes/c1a56cb3-fcef-59d5-8105-7e6815154f70/states/power HTTP/1.1" status: 202 len: 384 time: 0.1944530
2017-05-24 02:47:28.320 5724 INFO eventlet.wsgi.server [req-cd5070e2-e0c7-41f2-be19-189383af8f36 - - - - -] 127.0.0.1 "GET /v1/nodes/e1369efa-5391-5035-8533-3a065c44a584 HTTP/1.1" status: 200 len: 1775 time: 0.0250609
2017-05-24 02:47:28.343 5724 INFO eventlet.wsgi.server [req-d56467c9-1c40-4d31-a730-8d5147229515 - - - - -] 127.0.0.1 "GET /v1/nodes/93494378-56ee-5e22-b6f0-e3be3a9ebdf1 HTTP/1.1" status: 200 len: 1768 time: 0.0208490
2017-05-24 02:47:28.391 5733 INFO eventlet.wsgi.server [req-b8865b4c-bde3-466a-9dbd-c9919dbae0b1 - - - - -] 127.0.0.1 "GET /v1/nodes/c1a56cb3-fcef-59d5-8105-7e6815154f70 HTTP/1.1" status: 200 len: 1772 time: 0.0295510
2017-05-24 02:47:30.354 5724 INFO eventlet.wsgi.server [req-ace6dd3d-f05a-45da-a7e2-fbe5dd101fa8 - - - - -] 127.0.0.1 "GET /v1/nodes/e1369efa-5391-5035-8533-3a065c44a584 HTTP/1.1" status: 200 len: 1775 time: 0.0288670
2017-05-24 02:47:30.376 5724 INFO eventlet.wsgi.server [req-accee87f-7b38-4af6-be0e-02d86f2f32ba - - - - -] 127.0.0.1 "GET /v1/nodes/93494378-56ee-5e22-b6f0-e3be3a9ebdf1 HTTP/1.1" status: 200 len: 1768 time: 0.0208099
2017-05-24 02:47:30.422 5733 INFO eventlet.wsgi.server [req-7d53beb7-6c43-4b09-93fd-b1c060689f16 - - - - -] 127.0.0.1 "GET /v1/nodes/c1a56cb3-fcef-59d5-8105-7e6815154f70 HTTP/1.1" status: 200 len: 1772 time: 0.0259299
2017-05-24 02:47:32.390 5724 INFO eventlet.wsgi.server [req-a4a6596b-cdb1-4ded-9d1b-a9560fd4306e - - - - -] 127.0.0.1 "GET /v1/nodes/e1369efa-5391-5035-8533-3a065c44a584 HTTP/1.1" status: 200 len: 1775 time: 0.0299489
2017-05-24 02:47:32.414 5724 INFO eventlet.wsgi.server [req-ad14f2c9-66da-4422-8d31-1de412615fb7 - - - - -] 127.0.0.1 "GET /v1/nodes/93494378-56ee-5e22-b6f0-e3be3a9ebdf1 HTTP/1.1" status: 200 len: 1768 time: 0.0223851
2017-05-24 02:47:32.452 5733 INFO eventlet.wsgi.server [req-2451ec9c-bd7c-4cef-844a-e7b1bd1ba0bb - - - - -] 127.0.0.1 "GET /v1/nodes/c1a56cb3-fcef-59d5-8105-7e6815154f70 HTTP/1.1" status: 200 len: 1772 time: 0.0254230
2017-05-24 02:47:34.422 5724 INFO eventlet.wsgi.server [req-64254147-474d-43ab-9ddc-72b22aba771e - - - - -] 127.0.0.1 "GET /v1/nodes/e1369efa-5391-5035-8533-3a065c44a584 HTTP/1.1" status: 200 len: 1775 time: 0.0263500
2017-05-24 02:47:34.442 5724 INFO eventlet.wsgi.server [req-5bb2f95c-0ac9-46d7-8090-04c6ead8b4ff - - - - -] 127.0.0.1 "GET /v1/nodes/93494378-56ee-5e22-b6f0-e3be3a9ebdf1 HTTP/1.1" status: 200 len: 1768 time: 0.0189919
2017-05-24 02:47:34.484 5733 INFO eventlet.wsgi.server [req-7874b216-ff45-4754-8a0e-df6454efff49 - - - - -] 127.0.0.1 "GET /v1/nodes/c1a56cb3-fcef-59d5-8105-7e6815154f70 HTTP/1.1" status: 200 len: 1772 time: 0.0250871
2017-05-24 02:47:36.444 5724 INFO eventlet.wsgi.server [req-fc919f37-3834-46bf-9431-8df274761aee - - - - -] 127.0.0.1 "GET /v1/nodes/e1369efa-5391-5035-8533-3a065c44a584 HTTP/1.1" status: 200 len: 1775 time: 0.0185270
2017-05-24 02:47:36.462 5724 INFO eventlet.wsgi.server [req-39649c23-6905-4b8a-9d4c-2f6bbb0d5ded - - - - -] 127.0.0.1 "GET /v1/nodes/93494378-56ee-5e22-b6f0-e3be3a9ebdf1 HTTP/1.1" status: 200 len: 1768 time: 0.0143991
2017-05-24 02:47:36.514 5733 INFO eventlet.wsgi.server [req-6fca910f-d8e0-4796-877f-ada2e6f4da1b - - - - -] 127.0.0.1 "GET /v1/nodes/c1a56cb3-fcef-59d5-8105-7e6815154f70 HTTP/1.1" status: 200 len: 1772 time: 0.0237341
2017-05-24 02:47:38.478 5724 INFO eventlet.wsgi.server [req-59d5c438-f442-4418-af61-8cf66d7fbfb1 - - - - -] 127.0.0.1 "GET /v1/nodes/e1369efa-5391-5035-8533-3a065c44a584 HTTP/1.1" status: 200 len: 1755 time: 0.0289412
2017-05-24 02:47:38.500 5724 INFO eventlet.wsgi.server [req-882af805-8a17-4d4a-8e54-372fddf4fc13 - - - - -] 127.0.0.1 "GET /v1/nodes/93494378-56ee-5e22-b6f0-e3be3a9ebdf1 HTTP/1.1" status: 200 len: 1768 time: 0.0208008
2017-05-24 02:47:38.544 5733 INFO eventlet.wsgi.server [req-7e612cb1-3254-48dc-b072-e3000792d28e - - - - -] 127.0.0.1 "GET /v1/nodes/c1a56cb3-fcef-59d5-8105-7e6815154f70 HTTP/1.1" status: 200 len: 1772 time: 0.0228670
2017-05-24 02:47:40.512 5724 INFO eventlet.wsgi.server [req-a4c70e2e-f04b-463e-b869-9ddfb460cf2d - - - - -] 127.0.0.1 "GET /v1/nodes/e1369efa-5391-5035-8533-3a065c44a584 HTTP/1.1" status: 200 len: 1755 time: 0.0288880
2017-05-24 02:47:40.534 5724 INFO eventlet.wsgi.server [req-701dcd29-ad6d-497e-acf7-49f50c98de13 - - - - -] 127.0.0.1 "GET /v1/nodes/93494378-56ee-5e22-b6f0-e3be3a9ebdf1 HTTP/1.1" status: 200 len: 1768 time: 0.0204201
2017-05-24 02:47:40.580 5733 INFO eventlet.wsgi.server [req-5098bac1-e329-4a09-98ac-c9ef48a33f92 - - - - -] 127.0.0.1 "GET /v1/nodes/c1a56cb3-fcef-59d5-8105-7e6815154f70 HTTP/1.1" status: 200 len: 1772 time: 0.0289299
2017-05-24 02:47:42.547 5724 INFO eventlet.wsgi.server [req-2089ebac-e2f0-42ce-ad14-69595f6bb0ac - - - - -] 127.0.0.1 "GET /v1/nodes/e1369efa-5391-5035-8533-3a065c44a584 HTTP/1.1" status: 200 len: 1755 time: 0.0294611
2017-05-24 02:47:42.570 5724 INFO eventlet.wsgi.server [req-d65611c4-d4c9-408f-a250-2e3778b6b117 - - - - -] 127.0.0.1 "GET /v1/nodes/93494378-56ee-5e22-b6f0-e3be3a9ebdf1 HTTP/1.1" status: 200 len: 1768 time: 0.0219300
2017-05-24 02:47:42.614 5733 INFO eventlet.wsgi.server [req-6d9fbd41-7edb-459b-a9b6-d40af754e57a - - - - -] 127.0.0.1 "GET /v1/nodes/c1a56cb3-fcef-59d5-8105-7e6815154f70 HTTP/1.1" status: 200 len: 1772 time: 0.0268600
2017-05-24 02:47:44.586 5724 INFO eventlet.wsgi.server [req-7858846f-7bfa-4068-9bbf-b06a3454446c - - - - -] 127.0.0.1 "GET /v1/nodes/e1369efa-5391-5035-8533-3a065c44a584 HTTP/1.1" status: 200 len: 1755 time: 0.0312300
2017-05-24 02:47:44.607 5724 INFO eventlet.wsgi.server [req-5fab863a-940c-4088-bb26-5f31777268ae - - - - -] 127.0.0.1 "GET /v1/nodes/93494378-56ee-5e22-b6f0-e3be3a9ebdf1 HTTP/1.1" status: 200 len: 1768 time: 0.0201678
2017-05-24 02:47:44.652 5733 INFO eventlet.wsgi.server [req-de08f7e1-1d76-426f-932a-8c0ba4652bd2 - - - - -] 127.0.0.1 "GET /v1/nodes/c1a56cb3-fcef-59d5-8105-7e6815154f70 HTTP/1.1" status: 200 len: 1772 time: 0.0303500
2017-05-24 02:47:46.605 5724 INFO eventlet.wsgi.server [req-2e0d0854-b050-45e8-9088-7e35a5399547 - - - - -] 127.0.0.1 "GET /v1/nodes/e1369efa-5391-5035-8533-3a065c44a584 HTTP/1.1" status: 200 len: 1755 time: 0.0163069
2017-05-24 02:47:46.626 5724 INFO eventlet.wsgi.server [req-a4343ad6-eb64-43e0-bff8-f0b0504235b1 - - - - -] 127.0.0.1 "GET /v1/nodes/93494378-56ee-5e22-b6f0-e3be3a9ebdf1 HTTP/1.1" status: 200 len: 1768 time: 0.0132561
2017-05-24 02:47:46.687 5733 INFO eventlet.wsgi.server [req-2b8287a4-ee91-41df-a9c7-73e970694af1 - - - - -] 127.0.0.1 "GET /v1/nodes/c1a56cb3-fcef-59d5-8105-7e6815154f70 HTTP/1.1" status: 200 len: 1772 time: 0.0290711
2017-05-24 02:47:48.638 5724 INFO eventlet.wsgi.server [req-de1a21fb-62d1-4cf6-bbae-53675c1162e7 - - - - -] 127.0.0.1 "GET /v1/nodes/e1369efa-5391-5035-8533-3a065c44a584 HTTP/1.1" status: 200 len: 1755 time: 0.0275848
2017-05-24 02:47:48.656 5724 INFO eventlet.wsgi.server [req-a97ea878-8a37-4684-90ed-776b048832f3 - - - - -] 127.0.0.1 "GET /v1/nodes/93494378-56ee-5e22-b6f0-e3be3a9ebdf1 HTTP/1.1" status: 200 len: 1768 time: 0.0177259
2017-05-24 02:47:48.722 5733 INFO eventlet.wsgi.server [req-205e0cfc-32b2-4246-b8b4-27da3eb0834c - - - - -] 127.0.0.1 "GET /v1/nodes/c1a56cb3-fcef-59d5-8105-7e6815154f70 HTTP/1.1" status: 200 len: 1772 time: 0.0294659
2017-05-24 02:47:50.676 5724 INFO eventlet.wsgi.server [req-99ab83fd-8f02-4807-969e-d24a9984b0dc - - - - -] 127.0.0.1 "GET /v1/nodes/e1369efa-5391-5035-8533-3a065c44a584 HTTP/1.1" status: 200 len: 1755 time: 0.0317271
2017-05-24 02:47:50.700 5724 INFO eventlet.wsgi.server [req-5c930983-c5bd-4a27-8942-15d1897091fa - - - - -] 127.0.0.1 "GET /v1/nodes/93494378-56ee-5e22-b6f0-e3be3a9ebdf1 HTTP/1.1" status: 200 len: 1768 time: 0.0228851
2017-05-24 02:47:50.755 5733 INFO eventlet.wsgi.server [req-2e7f11c6-1aa7-4489-ad32-a017639fcb83 - - - - -] 127.0.0.1 "GET /v1/nodes/c1a56cb3-fcef-59d5-8105-7e6815154f70 HTTP/1.1" status: 200 len: 1772 time: 0.0275500
2017-05-24 02:47:52.711 5724 INFO eventlet.wsgi.server [req-da3131e7-1775-4153-9ccd-bf86a3706778 - - - - -] 127.0.0.1 "GET /v1/nodes/e1369efa-5391-5035-8533-3a065c44a584 HTTP/1.1" status: 200 len: 1755 time: 0.0291431
2017-05-24 02:47:52.733 5724 INFO eventlet.wsgi.server [req-a07dba4d-0357-4f6b-9138-4bfd57de2e9a - - - - -] 127.0.0.1 "GET /v1/nodes/93494378-56ee-5e22-b6f0-e3be3a9ebdf1 HTTP/1.1" status: 200 len: 1748 time: 0.0205400
2017-05-24 02:47:52.789 5733 INFO eventlet.wsgi.server [req-33b69987-a954-4e39-8d41-60d4a195d825 - - - - -] 127.0.0.1 "GET /v1/nodes/c1a56cb3-fcef-59d5-8105-7e6815154f70 HTTP/1.1" status: 200 len: 1772 time: 0.0282819
2017-05-24 02:47:54.742 5724 INFO eventlet.wsgi.server [req-aebd1607-30de-4ac6-8d2f-c858135cad07 - - - - -] 127.0.0.1 "GET /v1/nodes/e1369efa-5391-5035-8533-3a065c44a584 HTTP/1.1" status: 200 len: 1755 time: 0.0266581
2017-05-24 02:47:54.766 5724 INFO eventlet.wsgi.server [req-2f8891c5-734f-453b-92a8-2efb4b2b7f22 - - - - -] 127.0.0.1 "GET /v1/nodes/93494378-56ee-5e22-b6f0-e3be3a9ebdf1 HTTP/1.1" status: 200 len: 1748 time: 0.0226121
2017-05-24 02:47:54.822 5733 INFO eventlet.wsgi.server [req-6f619dd1-1774-4e7c-afb4-eeafcf17b281 - - - - -] 127.0.0.1 "GET /v1/nodes/c1a56cb3-fcef-59d5-8105-7e6815154f70 HTTP/1.1" status: 200 len: 1752 time: 0.0285060
2017-05-24 02:47:56.783 5724 INFO eventlet.wsgi.server [req-f8b59cd1-b1c8-4bc6-84f6-dc087c1ce71b - - - - -] 127.0.0.1 "GET /v1/nodes/e1369efa-5391-5035-8533-3a065c44a584 HTTP/1.1" status: 200 len: 1755 time: 0.0310910
2017-05-24 02:47:56.805 5724 INFO eventlet.wsgi.server [req-44f8f859-0682-4962-b176-921a8a3d0881 - - - - -] 127.0.0.1 "GET /v1/nodes/93494378-56ee-5e22-b6f0-e3be3a9ebdf1 HTTP/1.1" status: 200 len: 1748 time: 0.0201101
2017-05-24 02:47:56.859 5733 INFO eventlet.wsgi.server [req-bb22c61e-ded7-4ad9-a5fa-d18172fc7727 - - - - -] 127.0.0.1 "GET /v1/nodes/c1a56cb3-fcef-59d5-8105-7e6815154f70 HTTP/1.1" status: 200 len: 1752 time: 0.0300570
2017-05-24 02:47:58.818 5724 INFO eventlet.wsgi.server [req-bb4b32a2-0833-486c-81c9-188be6ec0e07 - - - - -] 127.0.0.1 "GET /v1/nodes/e1369efa-5391-5035-8533-3a065c44a584 HTTP/1.1" status: 200 len: 1755 time: 0.0288799
2017-05-24 02:47:58.841 5724 INFO eventlet.wsgi.server [req-2c771c52-e8d7-400f-9b87-6854784a3f62 - - - - -] 127.0.0.1 "GET /v1/nodes/93494378-56ee-5e22-b6f0-e3be3a9ebdf1 HTTP/1.1" status: 200 len: 1748 time: 0.0210431
2017-05-24 02:47:58.891 5733 INFO eventlet.wsgi.server [req-5e0f34b6-993c-42a7-a7a7-303b75386a8f - - - - -] 127.0.0.1 "GET /v1/nodes/c1a56cb3-fcef-59d5-8105-7e6815154f70 HTTP/1.1" status: 200 len: 1752 time: 0.0277309
2017-05-24 02:48:00.847 5724 INFO eventlet.wsgi.server [req-98d3444c-2a08-4abf-827d-bcb323033d60 - - - - -] 127.0.0.1 "GET /v1/nodes/e1369efa-5391-5035-8533-3a065c44a584 HTTP/1.1" status: 200 len: 1755 time: 0.0218041
2017-05-24 02:48:00.863 5724 INFO eventlet.wsgi.server [req-661a8b0b-0278-4eaa-b9ec-979ac004b3be - - - - -] 127.0.0.1 "GET /v1/nodes/93494378-56ee-5e22-b6f0-e3be3a9ebdf1 HTTP/1.1" status: 200 len: 1748 time: 0.0157619
2017-05-24 02:48:00.925 5733 INFO eventlet.wsgi.server [req-fb980f33-1220-4992-a088-f93c20c66ef9 - - - - -] 127.0.0.1 "GET /v1/nodes/c1a56cb3-fcef-59d5-8105-7e6815154f70 HTTP/1.1" status: 200 len: 1752 time: 0.0282750
2017-05-24 02:48:02.881 5724 INFO eventlet.wsgi.server [req-1e8a9c6d-4291-4a6c-9d01-86141da9aaff - - - - -] 127.0.0.1 "GET /v1/nodes/e1369efa-5391-5035-8533-3a065c44a584 HTTP/1.1" status: 200 len: 1755 time: 0.0303910
2017-05-24 02:48:02.902 5724 INFO eventlet.wsgi.server [req-e7bffdec-f6ba-4bf9-b98a-b7c299899caa - - - - -] 127.0.0.1 "GET /v1/nodes/93494378-56ee-5e22-b6f0-e3be3a9ebdf1 HTTP/1.1" status: 200 len: 1748 time: 0.0203660
2017-05-24 02:48:02.953 5733 INFO eventlet.wsgi.server [req-1bad7b44-a761-44e7-b1d5-db22eaf8500a - - - - -] 127.0.0.1 "GET /v1/nodes/c1a56cb3-fcef-59d5-8105-7e6815154f70 HTTP/1.1" status: 200 len: 1752 time: 0.0239470
2017-05-24 02:48:04.916 5724 INFO eventlet.wsgi.server [req-7d844099-a055-4b7e-9c98-e9151d856f7e - - - - -] 127.0.0.1 "GET /v1/nodes/e1369efa-5391-5035-8533-3a065c44a584 HTTP/1.1" status: 200 len: 1755 time: 0.0293009
2017-05-24 02:48:04.938 5724 INFO eventlet.wsgi.server [req-4172f37f-42c1-4c61-98ef-a523ebfae744 - - - - -] 127.0.0.1 "GET /v1/nodes/93494378-56ee-5e22-b6f0-e3be3a9ebdf1 HTTP/1.1" status: 200 len: 1748 time: 0.0210679
2017-05-24 02:48:04.987 5733 INFO eventlet.wsgi.server [req-c399dff2-f054-417b-875f-09f8254780bd - - - - -] 127.0.0.1 "GET /v1/nodes/c1a56cb3-fcef-59d5-8105-7e6815154f70 HTTP/1.1" status: 200 len: 1752 time: 0.0282822
2017-05-24 02:48:06.951 5724 INFO eventlet.wsgi.server [req-1b1e5dee-cd34-42e6-b373-3ddb47d8360c - - - - -] 127.0.0.1 "GET /v1/nodes/e1369efa-5391-5035-8533-3a065c44a584 HTTP/1.1" status: 200 len: 1755 time: 0.0299351
2017-05-24 02:48:06.971 5724 INFO eventlet.wsgi.server [req-a9411d72-0e43-46f2-82c8-7cc4420ed0f8 - - - - -] 127.0.0.1 "GET /v1/nodes/93494378-56ee-5e22-b6f0-e3be3a9ebdf1 HTTP/1.1" status: 200 len: 1748 time: 0.0191641
2017-05-24 02:48:07.020 5733 INFO eventlet.wsgi.server [req-fde56d62-9c61-4af2-abc7-0b3f474f5974 - - - - -] 127.0.0.1 "GET /v1/nodes/c1a56cb3-fcef-59d5-8105-7e6815154f70 HTTP/1.1" status: 200 len: 1752 time: 0.0281470
2017-05-24 02:48:08.969 5724 INFO eventlet.wsgi.server [req-0c153dc4-b7ca-4663-b312-2eac69a59926 - - - - -] 127.0.0.1 "GET /v1/nodes/e1369efa-5391-5035-8533-3a065c44a584 HTTP/1.1" status: 200 len: 1755 time: 0.0143919
2017-05-24 02:48:08.987 5724 INFO eventlet.wsgi.server [req-3cfed489-7eac-40ad-9210-43a5ffb9c02f - - - - -] 127.0.0.1 "GET /v1/nodes/93494378-56ee-5e22-b6f0-e3be3a9ebdf1 HTTP/1.1" status: 200 len: 1748 time: 0.0113201
2017-05-24 02:48:09.055 5733 INFO eventlet.wsgi.server [req-8488d9f8-c662-45a3-98ec-4cc92821d097 - - - - -] 127.0.0.1 "GET /v1/nodes/c1a56cb3-fcef-59d5-8105-7e6815154f70 HTTP/1.1" status: 200 len: 1752 time: 0.0298960
2017-05-24 02:48:11.004 5724 INFO eventlet.wsgi.server [req-16ae2003-b183-4861-b48f-eb8bb814ac46 - - - - -] 127.0.0.1 "GET /v1/nodes/e1369efa-5391-5035-8533-3a065c44a584 HTTP/1.1" status: 200 len: 1755 time: 0.0295560
2017-05-24 02:48:11.025 5724 INFO eventlet.wsgi.server [req-fe8c57ff-e616-4148-a1d2-feefbc5a5203 - - - - -] 127.0.0.1 "GET /v1/nodes/93494378-56ee-5e22-b6f0-e3be3a9ebdf1 HTTP/1.1" status: 200 len: 1748 time: 0.0202219
2017-05-24 02:48:11.091 5733 INFO eventlet.wsgi.server [req-e72f97ae-d3a9-4f5b-b0b7-eee7a209bbc9 - - - - -] 127.0.0.1 "GET /v1/nodes/c1a56cb3-fcef-59d5-8105-7e6815154f70 HTTP/1.1" status: 200 len: 1752 time: 0.0297198
2017-05-24 02:48:13.026 5724 INFO eventlet.wsgi.server [req-1f8b019a-6d64-497e-a27c-49ac98b7c09f - - - - -] 127.0.0.1 "GET /v1/nodes/e1369efa-5391-5035-8533-3a065c44a584 HTTP/1.1" status: 200 len: 1755 time: 0.0163510
2017-05-24 02:48:13.058 5724 INFO eventlet.wsgi.server [req-f595640f-fa88-488e-a197-a5c19f1d8b48 - - - - -] 127.0.0.1 "GET /v1/nodes/93494378-56ee-5e22-b6f0-e3be3a9ebdf1 HTTP/1.1" status: 200 len: 1748 time: 0.0261309
2017-05-24 02:48:13.121 5733 INFO eventlet.wsgi.server [req-fb0d4264-8407-45e6-8e20-47caa4462dfc - - - - -] 127.0.0.1 "GET /v1/nodes/c1a56cb3-fcef-59d5-8105-7e6815154f70 HTTP/1.1" status: 200 len: 1752 time: 0.0248120
2017-05-24 02:48:15.063 5724 INFO eventlet.wsgi.server [req-494ab2f4-c6fb-4e31-a3a0-b55bc7b1e1c7 - - - - -] 127.0.0.1 "GET /v1/nodes/e1369efa-5391-5035-8533-3a065c44a584 HTTP/1.1" status: 200 len: 1755 time: 0.0322590
2017-05-24 02:48:15.088 5724 INFO eventlet.wsgi.server [req-cd0c22af-9770-4ab4-a494-76e154d6877a - - - - -] 127.0.0.1 "GET /v1/nodes/93494378-56ee-5e22-b6f0-e3be3a9ebdf1 HTTP/1.1" status: 200 len: 1748 time: 0.0239511
2017-05-24 02:48:15.157 5733 INFO eventlet.wsgi.server [req-5a7d8904-1c07-4786-b5d8-ed70edbbd3a3 - - - - -] 127.0.0.1 "GET /v1/nodes/c1a56cb3-fcef-59d5-8105-7e6815154f70 HTTP/1.1" status: 200 len: 1752 time: 0.0304000
2017-05-24 02:48:16.456 5724 INFO eventlet.wsgi.server [req-b7ff21c1-af38-4dd8-99e0-4de0914143af - - - - -] 127.0.0.1 "GET /v1/nodes HTTP/1.1" status: 200 len: 1477 time: 0.0404849
2017-05-24 02:48:17.103 5724 INFO eventlet.wsgi.server [req-604a1d7d-6413-4389-bc21-1294ca9bb29b - - - - -] 127.0.0.1 "GET /v1/nodes/e1369efa-5391-5035-8533-3a065c44a584 HTTP/1.1" status: 200 len: 1755 time: 0.0319560
2017-05-24 02:48:17.128 5724 INFO eventlet.wsgi.server [req-8c5d3234-e10a-4fe1-ab48-ac251264a779 - - - - -] 127.0.0.1 "GET /v1/nodes/93494378-56ee-5e22-b6f0-e3be3a9ebdf1 HTTP/1.1" status: 200 len: 1748 time: 0.0237322
2017-05-24 02:48:17.187 5733 INFO eventlet.wsgi.server [req-a033cadd-7b6d-42f2-9bf3-497976e8cecc - - - - -] 127.0.0.1 "GET /v1/nodes/c1a56cb3-fcef-59d5-8105-7e6815154f70 HTTP/1.1" status: 200 len: 1752 time: 0.0263112
2017-05-24 02:48:19.139 5724 INFO eventlet.wsgi.server [req-0410b9f3-0334-43ca-ad55-95bb91391e04 - - - - -] 127.0.0.1 "GET /v1/nodes/e1369efa-5391-5035-8533-3a065c44a584 HTTP/1.1" status: 200 len: 1755 time: 0.0297320
2017-05-24 02:48:19.162 5724 INFO eventlet.wsgi.server [req-db627329-b3b0-4478-a8d6-8a9b7fdba1d1 - - - - -] 127.0.0.1 "GET /v1/nodes/93494378-56ee-5e22-b6f0-e3be3a9ebdf1 HTTP/1.1" status: 200 len: 1748 time: 0.0212131
2017-05-24 02:48:19.223 5733 INFO eventlet.wsgi.server [req-5cff7668-996d-447e-84f2-bac3a3be5449 - - - - -] 127.0.0.1 "GET /v1/nodes/c1a56cb3-fcef-59d5-8105-7e6815154f70 HTTP/1.1" status: 200 len: 1752 time: 0.0305541
2017-05-24 02:48:21.175 5724 INFO eventlet.wsgi.server [req-96ef38a7-86e2-49bf-a50d-da44e0d536e4 - - - - -] 127.0.0.1 "GET /v1/nodes/e1369efa-5391-5035-8533-3a065c44a584 HTTP/1.1" status: 200 len: 1755 time: 0.0307932
2017-05-24 02:48:21.198 5724 INFO eventlet.wsgi.server [req-1783e415-71ea-48ca-b014-71e64892c3eb - - - - -] 127.0.0.1 "GET /v1/nodes/93494378-56ee-5e22-b6f0-e3be3a9ebdf1 HTTP/1.1" status: 200 len: 1748 time: 0.0218191
2017-05-24 02:48:21.256 5733 INFO eventlet.wsgi.server [req-8b7e4d3f-4ba0-41fd-9844-c2ff82bed6f6 - - - - -] 127.0.0.1 "GET /v1/nodes/c1a56cb3-fcef-59d5-8105-7e6815154f70 HTTP/1.1" status: 200 len: 1752 time: 0.0282140
2017-05-24 02:48:23.213 5724 INFO eventlet.wsgi.server [req-32b18d84-9441-4ef2-a04a-564ac82f9155 - - - - -] 127.0.0.1 "GET /v1/nodes/e1369efa-5391-5035-8533-3a065c44a584 HTTP/1.1" status: 200 len: 1755 time: 0.0320280
2017-05-24 02:48:23.237 5724 INFO eventlet.wsgi.server [req-d679f1c1-40d5-451c-ab04-afe04c75c760 - - - - -] 127.0.0.1 "GET /v1/nodes/93494378-56ee-5e22-b6f0-e3be3a9ebdf1 HTTP/1.1" status: 200 len: 1748 time: 0.0228379
2017-05-24 02:48:23.278 5733 INFO eventlet.wsgi.server [req-902542b1-965b-48d0-a682-06c187ab8d21 - - - - -] 127.0.0.1 "GET /v1/nodes/c1a56cb3-fcef-59d5-8105-7e6815154f70 HTTP/1.1" status: 200 len: 1752 time: 0.0184019
2017-05-24 02:48:25.252 5724 INFO eventlet.wsgi.server [req-ba47ba95-7df8-4983-8b25-4f3e677b4ac0 - - - - -] 127.0.0.1 "GET /v1/nodes/e1369efa-5391-5035-8533-3a065c44a584 HTTP/1.1" status: 200 len: 1755 time: 0.0338359
2017-05-24 02:48:25.280 5724 INFO eventlet.wsgi.server [req-8641110e-46d3-454d-a0eb-1a3feb6a596d - - - - -] 127.0.0.1 "GET /v1/nodes/93494378-56ee-5e22-b6f0-e3be3a9ebdf1 HTTP/1.1" status: 200 len: 1748 time: 0.0278568
2017-05-24 02:48:25.308 5733 INFO eventlet.wsgi.server [req-c869aeed-f3b5-4a4e-ae39-27b322181b1e - - - - -] 127.0.0.1 "GET /v1/nodes/c1a56cb3-fcef-59d5-8105-7e6815154f70 HTTP/1.1" status: 200 len: 1752 time: 0.0252032
2017-05-24 02:48:27.287 5724 INFO eventlet.wsgi.server [req-693129b2-9207-4b62-ba90-ccd9688e36c1 - - - - -] 127.0.0.1 "GET /v1/nodes/e1369efa-5391-5035-8533-3a065c44a584 HTTP/1.1" status: 200 len: 1755 time: 0.0303299
2017-05-24 02:48:27.309 5724 INFO eventlet.wsgi.server [req-a3092ae5-b1b9-4248-90ed-df8beeb0d688 - - - - -] 127.0.0.1 "GET /v1/nodes/93494378-56ee-5e22-b6f0-e3be3a9ebdf1 HTTP/1.1" status: 200 len: 1748 time: 0.0210779
2017-05-24 02:48:27.342 5733 INFO eventlet.wsgi.server [req-4806fe5c-3fbd-4d87-9d26-469189d0c781 - - - - -] 127.0.0.1 "GET /v1/nodes/c1a56cb3-fcef-59d5-8105-7e6815154f70 HTTP/1.1" status: 200 len: 1752 time: 0.0291271
2017-05-24 02:48:29.325 5724 INFO eventlet.wsgi.server [req-a1252b83-8e04-421b-983a-ad4186b4fd79 - - - - -] 127.0.0.1 "GET /v1/nodes/e1369efa-5391-5035-8533-3a065c44a584 HTTP/1.1" status: 200 len: 1755 time: 0.0321121
2017-05-24 02:48:29.349 5724 INFO eventlet.wsgi.server [req-bd71041c-b67a-4f3a-adc7-b9adfbac9e14 - - - - -] 127.0.0.1 "GET /v1/nodes/93494378-56ee-5e22-b6f0-e3be3a9ebdf1 HTTP/1.1" status: 200 len: 1748 time: 0.0224559
2017-05-24 02:48:29.376 5733 INFO eventlet.wsgi.server [req-a3c01897-a60b-43c3-97a9-bb9836ec4e08 - - - - -] 127.0.0.1 "GET /v1/nodes/c1a56cb3-fcef-59d5-8105-7e6815154f70 HTTP/1.1" status: 200 len: 1752 time: 0.0283608
2017-05-24 02:48:31.360 5724 INFO eventlet.wsgi.server [req-024d04c6-3f4e-46f7-a589-506d0706c9a4 - - - - -] 127.0.0.1 "GET /v1/nodes/e1369efa-5391-5035-8533-3a065c44a584 HTTP/1.1" status: 200 len: 1755 time: 0.0308449
2017-05-24 02:48:31.385 5724 INFO eventlet.wsgi.server [req-de5f7563-a747-4857-92cd-94234dd43bab - - - - -] 127.0.0.1 "GET /v1/nodes/93494378-56ee-5e22-b6f0-e3be3a9ebdf1 HTTP/1.1" status: 200 len: 1748 time: 0.0238400
2017-05-24 02:48:31.409 5733 INFO eventlet.wsgi.server [req-155ed950-7621-4404-89c9-eccceb2594e7 - - - - -] 127.0.0.1 "GET /v1/nodes/c1a56cb3-fcef-59d5-8105-7e6815154f70 HTTP/1.1" status: 200 len: 1752 time: 0.0280700
2017-05-24 02:48:33.380 5724 INFO eventlet.wsgi.server [req-086dfb47-fddd-490a-81c4-ec3cd106d70b - - - - -] 127.0.0.1 "GET /v1/nodes/e1369efa-5391-5035-8533-3a065c44a584 HTTP/1.1" status: 200 len: 1755 time: 0.0170832
2017-05-24 02:48:33.405 5724 INFO eventlet.wsgi.server [req-accf7104-58b3-4236-81b0-5a4f50f12cc6 - - - - -] 127.0.0.1 "GET /v1/nodes/93494378-56ee-5e22-b6f0-e3be3a9ebdf1 HTTP/1.1" status: 200 len: 1748 time: 0.0158329
2017-05-24 02:48:33.441 5733 INFO eventlet.wsgi.server [req-7257dbb9-7eaf-4ed2-9d93-5e0a5f229045 - - - - -] 127.0.0.1 "GET /v1/nodes/c1a56cb3-fcef-59d5-8105-7e6815154f70 HTTP/1.1" status: 200 len: 1752 time: 0.0276229
2017-05-24 02:48:35.412 5724 INFO eventlet.wsgi.server [req-6ca91d22-c6db-4641-a7f3-dfec85623e32 - - - - -] 127.0.0.1 "GET /v1/nodes/e1369efa-5391-5035-8533-3a065c44a584 HTTP/1.1" status: 200 len: 1755 time: 0.0269160
2017-05-24 02:48:35.434 5724 INFO eventlet.wsgi.server [req-0b98398f-e8ca-439a-8997-a419a0183761 - - - - -] 127.0.0.1 "GET /v1/nodes/93494378-56ee-5e22-b6f0-e3be3a9ebdf1 HTTP/1.1" status: 200 len: 1748 time: 0.0206149
