2017-05-24 03:03:57.080 5724 INFO eventlet.wsgi.server [req-d02ebe9d-c7e7-455c-a158-199f9304b5e6 - - - - -] 127.0.0.1 "GET /v1/nodes/93494378-56ee-5e22-b6f0-e3be3a9ebdf1 HTTP/1.1" status: 200 len: 1748 time: 0.0229130
2017-05-24 03:03:58.600 5733 INFO eventlet.wsgi.server [req-142ff209-c56c-480f-88ab-455d73e7f772 - - - - -] 127.0.0.1 "GET /v1/nodes/c1a56cb3-fcef-59d5-8105-7e6815154f70 HTTP/1.1" status: 200 len: 1752 time: 0.0298100
2017-05-24 03:03:59.092 5724 INFO eventlet.wsgi.server [req-73417f20-b35b-4e9d-ac47-4caf664a34e3 - - - - -] 127.0.0.1 "GET /v1/nodes/e1369efa-5391-5035-8533-3a065c44a584 HTTP/1.1" status: 200 len: 1755 time: 0.0307441
2017-05-24 03:03:59.115 5724 INFO eventlet.wsgi.server [req-8afdbcb5-87d6-4ab1-a3e0-1f73db624d64 - - - - -] 127.0.0.1 "GET /v1/nodes/93494378-56ee-5e22-b6f0-e3be3a9ebdf1 HTTP/1.1" status: 200 len: 1748 time: 0.0223160
2017-05-24 03:04:00.632 5733 INFO eventlet.wsgi.server [req-8fc38eb3-aca9-4412-89a7-d3c270100fe8 - - - - -] 127.0.0.1 "GET /v1/nodes/c1a56cb3-fcef-59d5-8105-7e6815154f70 HTTP/1.1" status: 200 len: 1752 time: 0.0274372
2017-05-24 03:04:01.125 5724 INFO eventlet.wsgi.server [req-680840ed-0873-4054-a301-dbef8516a05b - - - - -] 127.0.0.1 "GET /v1/nodes/e1369efa-5391-5035-8533-3a065c44a584 HTTP/1.1" status: 200 len: 1755 time: 0.0281200
2017-05-24 03:04:01.150 5724 INFO eventlet.wsgi.server [req-957a102f-fa53-4171-b417-5dba78fe510f - - - - -] 127.0.0.1 "GET /v1/nodes/93494378-56ee-5e22-b6f0-e3be3a9ebdf1 HTTP/1.1" status: 200 len: 1748 time: 0.0245781
2017-05-24 03:04:02.666 5733 INFO eventlet.wsgi.server [req-78a5299e-afa6-49c0-a508-031f8b6f3c23 - - - - -] 127.0.0.1 "GET /v1/nodes/c1a56cb3-fcef-59d5-8105-7e6815154f70 HTTP/1.1" status: 200 len: 1752 time: 0.0285981
2017-05-24 03:04:03.160 5724 INFO eventlet.wsgi.server [req-a1431da5-0072-449f-95ba-c53454cb17d4 - - - - -] 127.0.0.1 "GET /v1/nodes/e1369efa-5391-5035-8533-3a065c44a584 HTTP/1.1" status: 200 len: 1755 time: 0.0306330
2017-05-24 03:04:03.186 5724 INFO eventlet.wsgi.server [req-4847ad67-c1a3-4e8a-b0f1-fb19c02ad980 - - - - -] 127.0.0.1 "GET /v1/nodes/93494378-56ee-5e22-b6f0-e3be3a9ebdf1 HTTP/1.1" status: 200 len: 1748 time: 0.0248570
2017-05-24 03:04:04.698 5733 INFO eventlet.wsgi.server [req-de320c9f-149c-424a-be3a-de23ac68148b - - - - -] 127.0.0.1 "GET /v1/nodes/c1a56cb3-fcef-59d5-8105-7e6815154f70 HTTP/1.1" status: 200 len: 1752 time: 0.0265419
2017-05-24 03:04:05.196 5724 INFO eventlet.wsgi.server [req-361aa10a-5efc-410d-afbc-b2966c1f9f82 - - - - -] 127.0.0.1 "GET /v1/nodes/e1369efa-5391-5035-8533-3a065c44a584 HTTP/1.1" status: 200 len: 1755 time: 0.0311940
2017-05-24 03:04:05.220 5724 INFO eventlet.wsgi.server [req-15021357-f19a-40be-b359-6d230bff61cc - - - - -] 127.0.0.1 "GET /v1/nodes/93494378-56ee-5e22-b6f0-e3be3a9ebdf1 HTTP/1.1" status: 200 len: 1748 time: 0.0224550
2017-05-24 03:04:06.732 5733 INFO eventlet.wsgi.server [req-30a29091-5397-431d-83c4-742358bff006 - - - - -] 127.0.0.1 "GET /v1/nodes/c1a56cb3-fcef-59d5-8105-7e6815154f70 HTTP/1.1" status: 200 len: 1752 time: 0.0294631
2017-05-24 03:04:07.228 5724 INFO eventlet.wsgi.server [req-f701198a-22d0-4f1b-bf77-7d968e0d2d87 - - - - -] 127.0.0.1 "GET /v1/nodes/e1369efa-5391-5035-8533-3a065c44a584 HTTP/1.1" status: 200 len: 1755 time: 0.0268271
2017-05-24 03:04:07.251 5724 INFO eventlet.wsgi.server [req-339982ef-caeb-4f57-86ed-726a5e68dd9e - - - - -] 127.0.0.1 "GET /v1/nodes/93494378-56ee-5e22-b6f0-e3be3a9ebdf1 HTTP/1.1" status: 200 len: 1748 time: 0.0218439
2017-05-24 03:04:08.766 5733 INFO eventlet.wsgi.server [req-60a4679d-7827-4999-8ce7-631b85a2456a - - - - -] 127.0.0.1 "GET /v1/nodes/c1a56cb3-fcef-59d5-8105-7e6815154f70 HTTP/1.1" status: 200 len: 1752 time: 0.0289121
2017-05-24 03:04:09.260 5724 INFO eventlet.wsgi.server [req-12c5efa0-b562-4200-b52e-1968703421a7 - - - - -] 127.0.0.1 "GET /v1/nodes/e1369efa-5391-5035-8533-3a065c44a584 HTTP/1.1" status: 200 len: 1755 time: 0.0269320
2017-05-24 03:04:09.283 5724 INFO eventlet.wsgi.server [req-cb382124-f3b7-46eb-baf4-3200ca81c1aa - - - - -] 127.0.0.1 "GET /v1/nodes/93494378-56ee-5e22-b6f0-e3be3a9ebdf1 HTTP/1.1" status: 200 len: 1748 time: 0.0225880
2017-05-24 03:04:10.801 5733 INFO eventlet.wsgi.server [req-b6fdd398-af06-484b-82b6-c695813c446b - - - - -] 127.0.0.1 "GET /v1/nodes/c1a56cb3-fcef-59d5-8105-7e6815154f70 HTTP/1.1" status: 200 len: 1752 time: 0.0295510
2017-05-24 03:04:11.295 5724 INFO eventlet.wsgi.server [req-91969cdc-25fe-4a49-a446-a6de6271bea8 - - - - -] 127.0.0.1 "GET /v1/nodes/e1369efa-5391-5035-8533-3a065c44a584 HTTP/1.1" status: 200 len: 1755 time: 0.0281560
2017-05-24 03:04:11.325 5724 INFO eventlet.wsgi.server [req-bb3b7560-5aa4-46ef-b021-d0c4291aeef1 - - - - -] 127.0.0.1 "GET /v1/nodes/93494378-56ee-5e22-b6f0-e3be3a9ebdf1 HTTP/1.1" status: 200 len: 1748 time: 0.0291960
2017-05-24 03:04:12.841 5733 INFO eventlet.wsgi.server [req-0eddd25a-2d27-42a7-8f88-32ebf93ebf0f - - - - -] 127.0.0.1 "GET /v1/nodes/c1a56cb3-fcef-59d5-8105-7e6815154f70 HTTP/1.1" status: 200 len: 1752 time: 0.0347850
2017-05-24 03:04:13.330 5724 INFO eventlet.wsgi.server [req-5a96e7f9-c9c7-448e-86e5-e93855823610 - - - - -] 127.0.0.1 "GET /v1/nodes/e1369efa-5391-5035-8533-3a065c44a584 HTTP/1.1" status: 200 len: 1755 time: 0.0294859
2017-05-24 03:04:13.353 5724 INFO eventlet.wsgi.server [req-a5a46555-bde5-4690-8c20-a4417f8ec879 - - - - -] 127.0.0.1 "GET /v1/nodes/93494378-56ee-5e22-b6f0-e3be3a9ebdf1 HTTP/1.1" status: 200 len: 1748 time: 0.0219769
2017-05-24 03:04:14.873 5733 INFO eventlet.wsgi.server [req-721e818c-449b-4e0b-a81f-8a3846146a50 - - - - -] 127.0.0.1 "GET /v1/nodes/c1a56cb3-fcef-59d5-8105-7e6815154f70 HTTP/1.1" status: 200 len: 1752 time: 0.0271080
2017-05-24 03:04:15.362 5724 INFO eventlet.wsgi.server [req-c892e1e5-662c-4e04-affa-28d48983b5ee - - - - -] 127.0.0.1 "GET /v1/nodes/e1369efa-5391-5035-8533-3a065c44a584 HTTP/1.1" status: 200 len: 1755 time: 0.0275290
2017-05-24 03:04:15.390 5724 INFO eventlet.wsgi.server [req-2309faba-c789-4c77-a603-c2ba483aeb48 - - - - -] 127.0.0.1 "GET /v1/nodes/93494378-56ee-5e22-b6f0-e3be3a9ebdf1 HTTP/1.1" status: 200 len: 1748 time: 0.0263350
2017-05-24 03:04:16.518 5726 INFO eventlet.wsgi.server [req-93505878-2ce1-4e04-8739-75c09c45603a - - - - -] 127.0.0.1 "GET /v1/nodes HTTP/1.1" status: 200 len: 1477 time: 0.0608950
2017-05-24 03:04:16.909 5733 INFO eventlet.wsgi.server [req-cc2fb3d8-1293-4d27-965a-84c793322e15 - - - - -] 127.0.0.1 "GET /v1/nodes/c1a56cb3-fcef-59d5-8105-7e6815154f70 HTTP/1.1" status: 200 len: 1752 time: 0.0303299
2017-05-24 03:04:17.397 5724 INFO eventlet.wsgi.server [req-a7deb051-11d2-4a9b-bf11-39ba28daa6eb - - - - -] 127.0.0.1 "GET /v1/nodes/e1369efa-5391-5035-8533-3a065c44a584 HTTP/1.1" status: 200 len: 1755 time: 0.0298972
2017-05-24 03:04:17.421 5724 INFO eventlet.wsgi.server [req-9ccc38ec-700d-4b5a-9a0d-6629e6214e29 - - - - -] 127.0.0.1 "GET /v1/nodes/93494378-56ee-5e22-b6f0-e3be3a9ebdf1 HTTP/1.1" status: 200 len: 1748 time: 0.0220301
2017-05-24 03:04:18.942 5733 INFO eventlet.wsgi.server [req-5c0eea3b-e9ab-405b-b622-c1f6ed089050 - - - - -] 127.0.0.1 "GET /v1/nodes/c1a56cb3-fcef-59d5-8105-7e6815154f70 HTTP/1.1" status: 200 len: 1752 time: 0.0293820
2017-05-24 03:04:19.430 5724 INFO eventlet.wsgi.server [req-f9d4c894-be64-440a-957f-e3318e207950 - - - - -] 127.0.0.1 "GET /v1/nodes/e1369efa-5391-5035-8533-3a065c44a584 HTTP/1.1" status: 200 len: 1755 time: 0.0278590
2017-05-24 03:04:19.452 5724 INFO eventlet.wsgi.server [req-0bbe93a6-704c-4419-9de1-b8bc72795b9e - - - - -] 127.0.0.1 "GET /v1/nodes/93494378-56ee-5e22-b6f0-e3be3a9ebdf1 HTTP/1.1" status: 200 len: 1748 time: 0.0209880
2017-05-24 03:04:20.976 5733 INFO eventlet.wsgi.server [req-b1c983cd-ed13-4f03-a96a-3294480f81cb - - - - -] 127.0.0.1 "GET /v1/nodes/c1a56cb3-fcef-59d5-8105-7e6815154f70 HTTP/1.1" status: 200 len: 1752 time: 0.0286570
2017-05-24 03:04:21.462 5724 INFO eventlet.wsgi.server [req-eade8cad-ffa3-469b-a150-10a73056e180 - - - - -] 127.0.0.1 "GET /v1/nodes/e1369efa-5391-5035-8533-3a065c44a584 HTTP/1.1" status: 200 len: 1755 time: 0.0267532
2017-05-24 03:04:21.485 5724 INFO eventlet.wsgi.server [req-ed5fe46a-af6e-416f-b353-fec5929fca42 - - - - -] 127.0.0.1 "GET /v1/nodes/93494378-56ee-5e22-b6f0-e3be3a9ebdf1 HTTP/1.1" status: 200 len: 1748 time: 0.0219820
2017-05-24 03:04:23.008 5733 INFO eventlet.wsgi.server [req-9186d15a-2dfb-4439-af8b-fa71319abc54 - - - - -] 127.0.0.1 "GET /v1/nodes/c1a56cb3-fcef-59d5-8105-7e6815154f70 HTTP/1.1" status: 200 len: 1752 time: 0.0266981
2017-05-24 03:04:23.498 5724 INFO eventlet.wsgi.server [req-826b7ccd-f8e6-40f8-9d21-7c3f36f3c588 - - - - -] 127.0.0.1 "GET /v1/nodes/e1369efa-5391-5035-8533-3a065c44a584 HTTP/1.1" status: 200 len: 1755 time: 0.0299399
2017-05-24 03:04:23.521 5724 INFO eventlet.wsgi.server [req-62c7bd81-f610-4f30-84b6-4c3c7cc67c6f - - - - -] 127.0.0.1 "GET /v1/nodes/93494378-56ee-5e22-b6f0-e3be3a9ebdf1 HTTP/1.1" status: 200 len: 1748 time: 0.0218492
2017-05-24 03:04:25.042 5733 INFO eventlet.wsgi.server [req-8079e0bc-d80b-4ddd-a931-eb39102c3679 - - - - -] 127.0.0.1 "GET /v1/nodes/c1a56cb3-fcef-59d5-8105-7e6815154f70 HTTP/1.1" status: 200 len: 1752 time: 0.0286391
2017-05-24 03:04:25.533 5724 INFO eventlet.wsgi.server [req-28e9e553-2ec9-45ee-a4a2-d78f267cd91b - - - - -] 127.0.0.1 "GET /v1/nodes/e1369efa-5391-5035-8533-3a065c44a584 HTTP/1.1" status: 200 len: 1755 time: 0.0308619
2017-05-24 03:04:25.557 5724 INFO eventlet.wsgi.server [req-b6c23dec-1cad-4513-a1e5-ae4bd8967d78 - - - - -] 127.0.0.1 "GET /v1/nodes/93494378-56ee-5e22-b6f0-e3be3a9ebdf1 HTTP/1.1" status: 200 len: 1748 time: 0.0217121
2017-05-24 03:04:27.078 5733 INFO eventlet.wsgi.server [req-d1702344-cd3f-4b9a-8ed1-d94cffe13477 - - - - -] 127.0.0.1 "GET /v1/nodes/c1a56cb3-fcef-59d5-8105-7e6815154f70 HTTP/1.1" status: 200 len: 1752 time: 0.0304582
2017-05-24 03:04:27.571 5724 INFO eventlet.wsgi.server [req-cc0ee11c-ca0d-4e68-b8ed-e662dc48ec63 - - - - -] 127.0.0.1 "GET /v1/nodes/e1369efa-5391-5035-8533-3a065c44a584 HTTP/1.1" status: 200 len: 1755 time: 0.0318842
2017-05-24 03:04:27.598 5724 INFO eventlet.wsgi.server [req-7be82b07-1e0d-4f9e-a5b5-8cbf6dde63f1 - - - - -] 127.0.0.1 "GET /v1/nodes/93494378-56ee-5e22-b6f0-e3be3a9ebdf1 HTTP/1.1" status: 200 len: 1748 time: 0.0264199
2017-05-24 03:04:29.112 5733 INFO eventlet.wsgi.server [req-1efc6b4d-375b-4450-8a4e-ae1536c6c4ca - - - - -] 127.0.0.1 "GET /v1/nodes/c1a56cb3-fcef-59d5-8105-7e6815154f70 HTTP/1.1" status: 200 len: 1752 time: 0.0282888
2017-05-24 03:04:29.604 5724 INFO eventlet.wsgi.server [req-38dd7028-f8ab-4220-9f09-f56f94830eee - - - - -] 127.0.0.1 "GET /v1/nodes/e1369efa-5391-5035-8533-3a065c44a584 HTTP/1.1" status: 200 len: 1755 time: 0.0282459
2017-05-24 03:04:29.626 5724 INFO eventlet.wsgi.server [req-f39da40e-6fe8-4939-916f-c63be24004f1 - - - - -] 127.0.0.1 "GET /v1/nodes/93494378-56ee-5e22-b6f0-e3be3a9ebdf1 HTTP/1.1" status: 200 len: 1748 time: 0.0208359
2017-05-24 03:04:31.146 5733 INFO eventlet.wsgi.server [req-06a48f5d-5e0d-4a11-b587-65d40ef027e0 - - - - -] 127.0.0.1 "GET /v1/nodes/c1a56cb3-fcef-59d5-8105-7e6815154f70 HTTP/1.1" status: 200 len: 1752 time: 0.0285800
2017-05-24 03:04:31.639 5724 INFO eventlet.wsgi.server [req-13a740a9-88ba-4802-8474-77ca97c30e93 - - - - -] 127.0.0.1 "GET /v1/nodes/e1369efa-5391-5035-8533-3a065c44a584 HTTP/1.1" status: 200 len: 1755 time: 0.0296769
2017-05-24 03:04:31.663 5724 INFO eventlet.wsgi.server [req-dcf4936c-feb5-408a-b5f9-87bc6a539a71 - - - - -] 127.0.0.1 "GET /v1/nodes/93494378-56ee-5e22-b6f0-e3be3a9ebdf1 HTTP/1.1" status: 200 len: 1748 time: 0.0234110
2017-05-24 03:04:33.181 5733 INFO eventlet.wsgi.server [req-aca1ffd2-2cbc-4b8e-80e0-5708ef79d761 - - - - -] 127.0.0.1 "GET /v1/nodes/c1a56cb3-fcef-59d5-8105-7e6815154f70 HTTP/1.1" status: 200 len: 1752 time: 0.0292180
2017-05-24 03:04:33.674 5724 INFO eventlet.wsgi.server [req-6faa12b7-2d91-4d13-a927-a6709ce67e31 - - - - -] 127.0.0.1 "GET /v1/nodes/e1369efa-5391-5035-8533-3a065c44a584 HTTP/1.1" status: 200 len: 1755 time: 0.0300410
2017-05-24 03:04:33.700 5724 INFO eventlet.wsgi.server [req-aea51087-de4b-4663-86e2-b9cdc1171b1f - - - - -] 127.0.0.1 "GET /v1/nodes/93494378-56ee-5e22-b6f0-e3be3a9ebdf1 HTTP/1.1" status: 200 len: 1748 time: 0.0243011
2017-05-24 03:04:35.214 5733 INFO eventlet.wsgi.server [req-91ba375b-5bf2-4046-bde5-b96aeac95b5d - - - - -] 127.0.0.1 "GET /v1/nodes/c1a56cb3-fcef-59d5-8105-7e6815154f70 HTTP/1.1" status: 200 len: 1752 time: 0.0272920
2017-05-24 03:04:35.708 5724 INFO eventlet.wsgi.server [req-abd94ece-7746-40fc-a58f-0017367a7122 - - - - -] 127.0.0.1 "GET /v1/nodes/e1369efa-5391-5035-8533-3a065c44a584 HTTP/1.1" status: 200 len: 1755 time: 0.0273318
2017-05-24 03:04:35.731 5724 INFO eventlet.wsgi.server [req-7d9c9203-c724-4509-b494-8c2f6376921c - - - - -] 127.0.0.1 "GET /v1/nodes/93494378-56ee-5e22-b6f0-e3be3a9ebdf1 HTTP/1.1" status: 200 len: 1748 time: 0.0219200
2017-05-24 03:04:37.250 5733 INFO eventlet.wsgi.server [req-7435b3d3-929e-4d33-9167-073712be6f89 - - - - -] 127.0.0.1 "GET /v1/nodes/c1a56cb3-fcef-59d5-8105-7e6815154f70 HTTP/1.1" status: 200 len: 1752 time: 0.0301409
2017-05-24 03:04:37.745 5724 INFO eventlet.wsgi.server [req-c7fe969b-0568-43b8-bc82-b6fa28ed12f5 - - - - -] 127.0.0.1 "GET /v1/nodes/e1369efa-5391-5035-8533-3a065c44a584 HTTP/1.1" status: 200 len: 1755 time: 0.0317121
2017-05-24 03:04:37.770 5724 INFO eventlet.wsgi.server [req-36b269a1-5343-4257-acf3-323943619844 - - - - -] 127.0.0.1 "GET /v1/nodes/93494378-56ee-5e22-b6f0-e3be3a9ebdf1 HTTP/1.1" status: 200 len: 1748 time: 0.0231950
2017-05-24 03:04:39.283 5733 INFO eventlet.wsgi.server [req-9448900f-811a-4c33-8d43-c80f1c382ae7 - - - - -] 127.0.0.1 "GET /v1/nodes/c1a56cb3-fcef-59d5-8105-7e6815154f70 HTTP/1.1" status: 200 len: 1752 time: 0.0277090
2017-05-24 03:04:39.782 5724 INFO eventlet.wsgi.server [req-fa16bcdf-f865-44c0-8673-486aca2a357c - - - - -] 127.0.0.1 "GET /v1/nodes/e1369efa-5391-5035-8533-3a065c44a584 HTTP/1.1" status: 200 len: 1755 time: 0.0316911
2017-05-24 03:04:39.806 5724 INFO eventlet.wsgi.server [req-dcc0e836-d349-4b3b-8829-f406c3f36982 - - - - -] 127.0.0.1 "GET /v1/nodes/93494378-56ee-5e22-b6f0-e3be3a9ebdf1 HTTP/1.1" status: 200 len: 1748 time: 0.0229170
2017-05-24 03:04:41.303 5733 INFO eventlet.wsgi.server [req-12faeb6b-6e49-41e8-bceb-6f2be3819840 - - - - -] 127.0.0.1 "GET /v1/nodes/c1a56cb3-fcef-59d5-8105-7e6815154f70 HTTP/1.1" status: 200 len: 1752 time: 0.0155079
2017-05-24 03:04:41.801 5724 INFO eventlet.wsgi.server [req-e9888b4b-c14f-4699-a657-5b1365b298e4 - - - - -] 127.0.0.1 "GET /v1/nodes/e1369efa-5391-5035-8533-3a065c44a584 HTTP/1.1" status: 200 len: 1755 time: 0.0153921
2017-05-24 03:04:41.823 5724 INFO eventlet.wsgi.server [req-d1611f31-0cdd-4e32-a1f2-d8ce5d03609e - - - - -] 127.0.0.1 "GET /v1/nodes/93494378-56ee-5e22-b6f0-e3be3a9ebdf1 HTTP/1.1" status: 200 len: 1748 time: 0.0131199
2017-05-24 03:04:43.327 5733 INFO eventlet.wsgi.server [req-264dd0f9-9a22-47c4-9133-4b02606ead31 - - - - -] 127.0.0.1 "GET /v1/nodes/c1a56cb3-fcef-59d5-8105-7e6815154f70 HTTP/1.1" status: 200 len: 1752 time: 0.0189729
2017-05-24 03:04:43.855 5724 INFO eventlet.wsgi.server [req-cc4bc5e2-5aae-4712-8502-6ac829fc7f27 - - - - -] 127.0.0.1 "GET /v1/nodes/e1369efa-5391-5035-8533-3a065c44a584 HTTP/1.1" status: 200 len: 1755 time: 0.0473061
2017-05-24 03:04:43.869 5724 INFO eventlet.wsgi.server [req-2ceb12b2-cf80-441c-9fd4-f0e7176fedab - - - - -] 127.0.0.1 "GET /v1/nodes/93494378-56ee-5e22-b6f0-e3be3a9ebdf1 HTTP/1.1" status: 200 len: 1748 time: 0.0394390
2017-05-24 03:04:45.371 5733 INFO eventlet.wsgi.server [req-99aee3d3-6c95-4275-a490-17fd8bf75363 - - - - -] 127.0.0.1 "GET /v1/nodes/c1a56cb3-fcef-59d5-8105-7e6815154f70 HTTP/1.1" status: 200 len: 1752 time: 0.0346498
2017-05-24 03:04:45.885 5724 INFO eventlet.wsgi.server [req-cf27305f-fd27-44dd-a76b-96547d3d44f1 - - - - -] 127.0.0.1 "GET /v1/nodes/e1369efa-5391-5035-8533-3a065c44a584 HTTP/1.1" status: 200 len: 1755 time: 0.0243940
2017-05-24 03:04:45.910 5724 INFO eventlet.wsgi.server [req-4fac41da-9ffb-44a3-8b4c-d32f7e3b56c6 - - - - -] 127.0.0.1 "GET /v1/nodes/93494378-56ee-5e22-b6f0-e3be3a9ebdf1 HTTP/1.1" status: 200 len: 1748 time: 0.0238681
2017-05-24 03:04:47.411 5733 INFO eventlet.wsgi.server [req-431f32d9-0f3f-4031-8afd-50a974ae18e3 - - - - -] 127.0.0.1 "GET /v1/nodes/c1a56cb3-fcef-59d5-8105-7e6815154f70 HTTP/1.1" status: 200 len: 1752 time: 0.0295081
2017-05-24 03:04:47.923 5724 INFO eventlet.wsgi.server [req-33935deb-2eac-4c6c-bfd4-e2f1a1fef564 - - - - -] 127.0.0.1 "GET /v1/nodes/e1369efa-5391-5035-8533-3a065c44a584 HTTP/1.1" status: 200 len: 1755 time: 0.0316911
2017-05-24 03:04:47.951 5724 INFO eventlet.wsgi.server [req-c6ac1d88-a297-4b35-98e2-82d321788e88 - - - - -] 127.0.0.1 "GET /v1/nodes/93494378-56ee-5e22-b6f0-e3be3a9ebdf1 HTTP/1.1" status: 200 len: 1748 time: 0.0269320
2017-05-24 03:04:49.446 5733 INFO eventlet.wsgi.server [req-a06e0f36-a62c-433f-86d7-94f0e07b973e - - - - -] 127.0.0.1 "GET /v1/nodes/c1a56cb3-fcef-59d5-8105-7e6815154f70 HTTP/1.1" status: 200 len: 1752 time: 0.0284119
2017-05-24 03:04:49.954 5724 INFO eventlet.wsgi.server [req-8d18d39e-3eb9-4621-b5a0-6bc52bea4240 - - - - -] 127.0.0.1 "GET /v1/nodes/e1369efa-5391-5035-8533-3a065c44a584 HTTP/1.1" status: 200 len: 1755 time: 0.0261750
2017-05-24 03:04:49.985 5724 INFO eventlet.wsgi.server [req-9bc4b100-867b-4db7-8fd6-b5f7e133b182 - - - - -] 127.0.0.1 "GET /v1/nodes/93494378-56ee-5e22-b6f0-e3be3a9ebdf1 HTTP/1.1" status: 200 len: 1748 time: 0.0270779
2017-05-24 03:04:51.483 5733 INFO eventlet.wsgi.server [req-293fd2a2-47f4-41c0-826f-677c2959ab91 - - - - -] 127.0.0.1 "GET /v1/nodes/c1a56cb3-fcef-59d5-8105-7e6815154f70 HTTP/1.1" status: 200 len: 1752 time: 0.0298240
2017-05-24 03:04:52.055 5724 INFO eventlet.wsgi.server [req-7310aca2-a218-42fb-a183-9b4b4718fa08 - - - - -] 127.0.0.1 "GET /v1/nodes/e1369efa-5391-5035-8533-3a065c44a584 HTTP/1.1" status: 200 len: 1755 time: 0.0968850
2017-05-24 03:04:52.079 5724 INFO eventlet.wsgi.server [req-3199fddd-1317-4ec2-9fe8-943467955d3c - - - - -] 127.0.0.1 "GET /v1/nodes/93494378-56ee-5e22-b6f0-e3be3a9ebdf1 HTTP/1.1" status: 200 len: 1748 time: 0.0234051
2017-05-24 03:04:53.522 5733 INFO eventlet.wsgi.server [req-b1d3c913-0500-45f2-a7ca-d547e9de51c0 - - - - -] 127.0.0.1 "GET /v1/nodes/c1a56cb3-fcef-59d5-8105-7e6815154f70 HTTP/1.1" status: 200 len: 1752 time: 0.0311110
2017-05-24 03:04:54.097 5724 INFO eventlet.wsgi.server [req-e5caf7ef-247b-47ed-892b-d53ec6029e82 - - - - -] 127.0.0.1 "GET /v1/nodes/e1369efa-5391-5035-8533-3a065c44a584 HTTP/1.1" status: 200 len: 1755 time: 0.0317721
2017-05-24 03:04:54.119 5724 INFO eventlet.wsgi.server [req-0bd8e669-00cc-4360-9e5f-b621e305e90d - - - - -] 127.0.0.1 "GET /v1/nodes/93494378-56ee-5e22-b6f0-e3be3a9ebdf1 HTTP/1.1" status: 200 len: 1748 time: 0.0208399
2017-05-24 03:04:55.560 5733 INFO eventlet.wsgi.server [req-1dc45f58-fd68-4373-be98-3d91814ffbed - - - - -] 127.0.0.1 "GET /v1/nodes/c1a56cb3-fcef-59d5-8105-7e6815154f70 HTTP/1.1" status: 200 len: 1752 time: 0.0301850
2017-05-24 03:04:56.148 5724 INFO eventlet.wsgi.server [req-c30862f7-a9d3-4755-8978-421344952678 - - - - -] 127.0.0.1 "GET /v1/nodes/e1369efa-5391-5035-8533-3a065c44a584 HTTP/1.1" status: 200 len: 1755 time: 0.0453010
2017-05-24 03:04:56.160 5724 INFO eventlet.wsgi.server [req-0c8fbd79-abfc-4de4-90f2-fbdbd880aafc - - - - -] 127.0.0.1 "GET /v1/nodes/93494378-56ee-5e22-b6f0-e3be3a9ebdf1 HTTP/1.1" status: 200 len: 1748 time: 0.0347459
2017-05-24 03:04:57.595 5733 INFO eventlet.wsgi.server [req-05fce233-ff05-4c9e-903a-662b2cccc34c - - - - -] 127.0.0.1 "GET /v1/nodes/c1a56cb3-fcef-59d5-8105-7e6815154f70 HTTP/1.1" status: 200 len: 1752 time: 0.0291970
2017-05-24 03:04:58.192 5724 INFO eventlet.wsgi.server [req-5234ffd5-6132-41c8-a8fe-ed7d19695bb2 - - - - -] 127.0.0.1 "GET /v1/nodes/93494378-56ee-5e22-b6f0-e3be3a9ebdf1 HTTP/1.1" status: 200 len: 1748 time: 0.0249028
2017-05-24 03:04:58.205 5724 INFO eventlet.wsgi.server [req-8edcd474-d6a6-4cf7-9d46-bd75ed7e264e - - - - -] 127.0.0.1 "GET /v1/nodes/e1369efa-5391-5035-8533-3a065c44a584 HTTP/1.1" status: 200 len: 1755 time: 0.0510850
2017-05-24 03:04:59.621 5733 INFO eventlet.wsgi.server [req-43eeefa2-1b70-4809-8a18-202c217c252c - - - - -] 127.0.0.1 "GET /v1/nodes/c1a56cb3-fcef-59d5-8105-7e6815154f70 HTTP/1.1" status: 200 len: 1752 time: 0.0193660
2017-05-24 03:05:00.224 5724 INFO eventlet.wsgi.server [req-05248961-ce7c-47d7-a0a2-1ad85f717e3f - - - - -] 127.0.0.1 "GET /v1/nodes/93494378-56ee-5e22-b6f0-e3be3a9ebdf1 HTTP/1.1" status: 200 len: 1748 time: 0.0248730
2017-05-24 03:05:00.252 5724 INFO eventlet.wsgi.server [req-721912b4-813a-4fed-b0d9-9ce900707b09 - - - - -] 127.0.0.1 "GET /v1/nodes/e1369efa-5391-5035-8533-3a065c44a584 HTTP/1.1" status: 200 len: 1755 time: 0.0263991
2017-05-24 03:05:01.656 5733 INFO eventlet.wsgi.server [req-f1308f9d-94ea-49e8-8664-2aeca54e2986 - - - - -] 127.0.0.1 "GET /v1/nodes/c1a56cb3-fcef-59d5-8105-7e6815154f70 HTTP/1.1" status: 200 len: 1752 time: 0.0281501
2017-05-24 03:05:02.247 5724 INFO eventlet.wsgi.server [req-52a0f529-6590-4f65-801c-8715aa0c3ea1 - - - - -] 127.0.0.1 "GET /v1/nodes/93494378-56ee-5e22-b6f0-e3be3a9ebdf1 HTTP/1.1" status: 200 len: 1748 time: 0.0175791
2017-05-24 03:05:02.273 5724 INFO eventlet.wsgi.server [req-ae4d4c86-ca49-47be-aaa6-eb4c04af0f08 - - - - -] 127.0.0.1 "GET /v1/nodes/e1369efa-5391-5035-8533-3a065c44a584 HTTP/1.1" status: 200 len: 1755 time: 0.0150490
2017-05-24 03:05:03.688 5733 INFO eventlet.wsgi.server [req-a1db5470-c059-4b5e-a254-f5105e67b33d - - - - -] 127.0.0.1 "GET /v1/nodes/c1a56cb3-fcef-59d5-8105-7e6815154f70 HTTP/1.1" status: 200 len: 1752 time: 0.0268812
2017-05-24 03:05:04.281 5724 INFO eventlet.wsgi.server [req-f3120d86-7a9f-4eda-9bb7-3358f55bb9d3 - - - - -] 127.0.0.1 "GET /v1/nodes/93494378-56ee-5e22-b6f0-e3be3a9ebdf1 HTTP/1.1" status: 200 len: 1748 time: 0.0286272
2017-05-24 03:05:04.306 5724 INFO eventlet.wsgi.server [req-611eaea4-d3f3-4fe8-8c5d-eb4b1d0c70db - - - - -] 127.0.0.1 "GET /v1/nodes/e1369efa-5391-5035-8533-3a065c44a584 HTTP/1.1" status: 200 len: 1755 time: 0.0237091
2017-05-24 03:05:05.707 5733 INFO eventlet.wsgi.server [req-6e8c43f6-5caa-47bb-b4cf-06bd9ac7dfa1 - - - - -] 127.0.0.1 "GET /v1/nodes/c1a56cb3-fcef-59d5-8105-7e6815154f70 HTTP/1.1" status: 200 len: 1752 time: 0.0148392
2017-05-24 03:05:06.314 5724 INFO eventlet.wsgi.server [req-8133a9fc-0136-454e-9300-7617b2686618 - - - - -] 127.0.0.1 "GET /v1/nodes/93494378-56ee-5e22-b6f0-e3be3a9ebdf1 HTTP/1.1" status: 200 len: 1748 time: 0.0274239
2017-05-24 03:05:06.336 5724 INFO eventlet.wsgi.server [req-0ec5464c-f7ba-4e1b-b1ab-2d067712bc79 - - - - -] 127.0.0.1 "GET /v1/nodes/e1369efa-5391-5035-8533-3a065c44a584 HTTP/1.1" status: 200 len: 1755 time: 0.0209210
2017-05-24 03:05:07.741 5733 INFO eventlet.wsgi.server [req-3d29fdf5-b22f-494c-a9d0-0b1193615304 - - - - -] 127.0.0.1 "GET /v1/nodes/c1a56cb3-fcef-59d5-8105-7e6815154f70 HTTP/1.1" status: 200 len: 1752 time: 0.0277851
2017-05-24 03:05:08.347 5724 INFO eventlet.wsgi.server [req-23c9c55a-0f81-45eb-b93f-62d2b98d4c56 - - - - -] 127.0.0.1 "GET /v1/nodes/93494378-56ee-5e22-b6f0-e3be3a9ebdf1 HTTP/1.1" status: 200 len: 1748 time: 0.0287790
2017-05-24 03:05:08.369 5724 INFO eventlet.wsgi.server [req-4e6d9b13-306a-456e-b7ba-202b919e238b - - - - -] 127.0.0.1 "GET /v1/nodes/e1369efa-5391-5035-8533-3a065c44a584 HTTP/1.1" status: 200 len: 1755 time: 0.0202301
2017-05-24 03:05:09.777 5733 INFO eventlet.wsgi.server [req-05475d7a-d184-4a20-a7bc-615fa0c3fe8b - - - - -] 127.0.0.1 "GET /v1/nodes/c1a56cb3-fcef-59d5-8105-7e6815154f70 HTTP/1.1" status: 200 len: 1752 time: 0.0289609
2017-05-24 03:05:10.381 5724 INFO eventlet.wsgi.server [req-abcf4e91-c44a-475c-be68-10ef6577ab57 - - - - -] 127.0.0.1 "GET /v1/nodes/93494378-56ee-5e22-b6f0-e3be3a9ebdf1 HTTP/1.1" status: 200 len: 1748 time: 0.0285702
2017-05-24 03:05:10.405 5724 INFO eventlet.wsgi.server [req-4dd290b4-4b5e-4c74-bc82-d4f721f9a134 - - - - -] 127.0.0.1 "GET /v1/nodes/e1369efa-5391-5035-8533-3a065c44a584 HTTP/1.1" status: 200 len: 1755 time: 0.0224390
2017-05-24 03:05:11.812 5733 INFO eventlet.wsgi.server [req-e35aac19-20ff-43ba-98f2-6121780bf546 - - - - -] 127.0.0.1 "GET /v1/nodes/c1a56cb3-fcef-59d5-8105-7e6815154f70 HTTP/1.1" status: 200 len: 1752 time: 0.0290649
2017-05-24 03:05:12.415 5724 INFO eventlet.wsgi.server [req-16350190-0672-43df-a40b-bfcfa83fc643 - - - - -] 127.0.0.1 "GET /v1/nodes/93494378-56ee-5e22-b6f0-e3be3a9ebdf1 HTTP/1.1" status: 200 len: 1748 time: 0.0278871
2017-05-24 03:05:12.438 5724 INFO eventlet.wsgi.server [req-cd15ef96-43cf-4f30-8807-a46385aaed14 - - - - -] 127.0.0.1 "GET /v1/nodes/e1369efa-5391-5035-8533-3a065c44a584 HTTP/1.1" status: 200 len: 1755 time: 0.0223970
2017-05-24 03:05:13.842 5733 INFO eventlet.wsgi.server [req-0d354b67-146a-45e7-a4ab-0f75aa0f9857 - - - - -] 127.0.0.1 "GET /v1/nodes/c1a56cb3-fcef-59d5-8105-7e6815154f70 HTTP/1.1" status: 200 len: 1752 time: 0.0254672
2017-05-24 03:05:14.451 5724 INFO eventlet.wsgi.server [req-24b92543-ca19-4b60-8225-94b40c62446b - - - - -] 127.0.0.1 "GET /v1/nodes/93494378-56ee-5e22-b6f0-e3be3a9ebdf1 HTTP/1.1" status: 200 len: 1748 time: 0.0295949
2017-05-24 03:05:14.477 5724 INFO eventlet.wsgi.server [req-abfca647-2961-4897-aa0b-265299ebbe44 - - - - -] 127.0.0.1 "GET /v1/nodes/e1369efa-5391-5035-8533-3a065c44a584 HTTP/1.1" status: 200 len: 1755 time: 0.0255001
2017-05-24 03:05:15.877 5733 INFO eventlet.wsgi.server [req-8c82ab23-8074-4585-9dd0-e861327f5463 - - - - -] 127.0.0.1 "GET /v1/nodes/c1a56cb3-fcef-59d5-8105-7e6815154f70 HTTP/1.1" status: 200 len: 1752 time: 0.0294142
2017-05-24 03:05:16.499 5724 INFO eventlet.wsgi.server [req-f508404b-6261-45e8-aa43-6894e8803fd1 - - - - -] 127.0.0.1 "GET /v1/nodes/93494378-56ee-5e22-b6f0-e3be3a9ebdf1 HTTP/1.1" status: 200 len: 1748 time: 0.0434508
2017-05-24 03:05:16.524 5724 INFO eventlet.wsgi.server [req-b783cb39-b404-4dfc-8c0e-2c455cbd1cb3 - - - - -] 127.0.0.1 "GET /v1/nodes/e1369efa-5391-5035-8533-3a065c44a584 HTTP/1.1" status: 200 len: 1755 time: 0.0246909
2017-05-24 03:05:16.535 5735 INFO eventlet.wsgi.server [req-9abe2f9d-4887-4bad-ae5f-c2f6c0a9508b - - - - -] 127.0.0.1 "GET /v1/nodes HTTP/1.1" status: 200 len: 1477 time: 0.0747051
2017-05-24 03:05:17.914 5733 INFO eventlet.wsgi.server [req-09ecf179-6352-4661-b204-02274bd96911 - - - - -] 127.0.0.1 "GET /v1/nodes/c1a56cb3-fcef-59d5-8105-7e6815154f70 HTTP/1.1" status: 200 len: 1752 time: 0.0296049
2017-05-24 03:05:18.530 5724 INFO eventlet.wsgi.server [req-3841fda7-b955-45d6-a838-354af8b6d56f - - - - -] 127.0.0.1 "GET /v1/nodes/93494378-56ee-5e22-b6f0-e3be3a9ebdf1 HTTP/1.1" status: 200 len: 1748 time: 0.0266230
2017-05-24 03:05:18.556 5724 INFO eventlet.wsgi.server [req-d2ce8d04-cc94-491d-896f-7c726a42a9d1 - - - - -] 127.0.0.1 "GET /v1/nodes/e1369efa-5391-5035-8533-3a065c44a584 HTTP/1.1" status: 200 len: 1755 time: 0.0251210
2017-05-24 03:05:19.949 5733 INFO eventlet.wsgi.server [req-b9378b19-6616-49b4-9db8-a825f12bdbc3 - - - - -] 127.0.0.1 "GET /v1/nodes/c1a56cb3-fcef-59d5-8105-7e6815154f70 HTTP/1.1" status: 200 len: 1752 time: 0.0290608
2017-05-24 03:05:20.566 5724 INFO eventlet.wsgi.server [req-5d4a520b-1bb9-467e-b33b-6bf984646c8e - - - - -] 127.0.0.1 "GET /v1/nodes/93494378-56ee-5e22-b6f0-e3be3a9ebdf1 HTTP/1.1" status: 200 len: 1748 time: 0.0293059
2017-05-24 03:05:20.590 5724 INFO eventlet.wsgi.server [req-acdab9ef-eca8-4bfc-b3e7-57c207e34169 - - - - -] 127.0.0.1 "GET /v1/nodes/e1369efa-5391-5035-8533-3a065c44a584 HTTP/1.1" status: 200 len: 1755 time: 0.0226181
2017-05-24 03:05:21.972 5733 INFO eventlet.wsgi.server [req-d10c3aa6-61f1-4d0c-8886-4f3fa6b90d79 - - - - -] 127.0.0.1 "GET /v1/nodes/c1a56cb3-fcef-59d5-8105-7e6815154f70 HTTP/1.1" status: 200 len: 1752 time: 0.0169411
2017-05-24 03:05:22.600 5724 INFO eventlet.wsgi.server [req-b2c89476-84ba-46d8-9ed1-592b239fcfcf - - - - -] 127.0.0.1 "GET /v1/nodes/93494378-56ee-5e22-b6f0-e3be3a9ebdf1 HTTP/1.1" status: 200 len: 1748 time: 0.0283620
2017-05-24 03:05:22.622 5724 INFO eventlet.wsgi.server [req-0b4372d2-467c-4900-96ea-2b66624b1bbb - - - - -] 127.0.0.1 "GET /v1/nodes/e1369efa-5391-5035-8533-3a065c44a584 HTTP/1.1" status: 200 len: 1755 time: 0.0210989
2017-05-24 03:05:23.994 5733 INFO eventlet.wsgi.server [req-da138874-b449-48ed-b64a-87a80fde6877 - - - - -] 127.0.0.1 "GET /v1/nodes/c1a56cb3-fcef-59d5-8105-7e6815154f70 HTTP/1.1" status: 200 len: 1752 time: 0.0155098
2017-05-24 03:05:24.634 5724 INFO eventlet.wsgi.server [req-c813d1bc-9233-421f-9c80-ebc57744b1ec - - - - -] 127.0.0.1 "GET /v1/nodes/93494378-56ee-5e22-b6f0-e3be3a9ebdf1 HTTP/1.1" status: 200 len: 1748 time: 0.0292461
2017-05-24 03:05:24.658 5724 INFO eventlet.wsgi.server [req-b04b7455-76f5-4568-811b-1ccb7ec1f8a2 - - - - -] 127.0.0.1 "GET /v1/nodes/e1369efa-5391-5035-8533-3a065c44a584 HTTP/1.1" status: 200 len: 1755 time: 0.0225289
2017-05-24 03:05:26.027 5733 INFO eventlet.wsgi.server [req-753aec51-a37c-451b-9c52-3361c80b4ce3 - - - - -] 127.0.0.1 "GET /v1/nodes/c1a56cb3-fcef-59d5-8105-7e6815154f70 HTTP/1.1" status: 200 len: 1752 time: 0.0291572
2017-05-24 03:05:26.668 5724 INFO eventlet.wsgi.server [req-e537e1f1-3e59-4dce-bddc-ec5a06b548f4 - - - - -] 127.0.0.1 "GET /v1/nodes/93494378-56ee-5e22-b6f0-e3be3a9ebdf1 HTTP/1.1" status: 200 len: 1748 time: 0.0284460
2017-05-24 03:05:26.691 5724 INFO eventlet.wsgi.server [req-401e4e30-bee7-4a4e-8e68-a0f6f4673435 - - - - -] 127.0.0.1 "GET /v1/nodes/e1369efa-5391-5035-8533-3a065c44a584 HTTP/1.1" status: 200 len: 1755 time: 0.0219309
2017-05-24 03:05:28.062 5733 INFO eventlet.wsgi.server [req-06027e0b-8afa-43a1-9cbe-25a68dd7f5a0 - - - - -] 127.0.0.1 "GET /v1/nodes/c1a56cb3-fcef-59d5-8105-7e6815154f70 HTTP/1.1" status: 200 len: 1752 time: 0.0287061
2017-05-24 03:05:28.704 5724 INFO eventlet.wsgi.server [req-b8bbba11-b282-463f-b66c-cb71ae7e02a0 - - - - -] 127.0.0.1 "GET /v1/nodes/93494378-56ee-5e22-b6f0-e3be3a9ebdf1 HTTP/1.1" status: 200 len: 1748 time: 0.0306840
2017-05-24 03:05:28.725 5724 INFO eventlet.wsgi.server [req-a4ab12c5-d684-4f66-a7a2-940b09f22ce3 - - - - -] 127.0.0.1 "GET /v1/nodes/e1369efa-5391-5035-8533-3a065c44a584 HTTP/1.1" status: 200 len: 1755 time: 0.0205660
2017-05-24 03:05:30.078 5733 INFO eventlet.wsgi.server [req-d7215ce7-09e5-47c6-abb3-d9af2e561fdf - - - - -] 127.0.0.1 "GET /v1/nodes/c1a56cb3-fcef-59d5-8105-7e6815154f70 HTTP/1.1" status: 200 len: 1752 time: 0.0142829
2017-05-24 03:05:30.737 5724 INFO eventlet.wsgi.server [req-099677b5-9c75-4145-8159-7081c0f9c6d0 - - - - -] 127.0.0.1 "GET /v1/nodes/93494378-56ee-5e22-b6f0-e3be3a9ebdf1 HTTP/1.1" status: 200 len: 1748 time: 0.0289218
2017-05-24 03:05:30.759 5724 INFO eventlet.wsgi.server [req-bf5e1cd5-ff3c-4757-92e0-97fac1857a25 - - - - -] 127.0.0.1 "GET /v1/nodes/e1369efa-5391-5035-8533-3a065c44a584 HTTP/1.1" status: 200 len: 1755 time: 0.0207090
2017-05-24 03:05:32.110 5733 INFO eventlet.wsgi.server [req-388dcee6-09e4-44e6-85aa-aaa62d84b945 - - - - -] 127.0.0.1 "GET /v1/nodes/c1a56cb3-fcef-59d5-8105-7e6815154f70 HTTP/1.1" status: 200 len: 1752 time: 0.0282750
2017-05-24 03:05:32.771 5724 INFO eventlet.wsgi.server [req-95792af2-ef2e-4de0-8d30-e0eb2d8e9115 - - - - -] 127.0.0.1 "GET /v1/nodes/93494378-56ee-5e22-b6f0-e3be3a9ebdf1 HTTP/1.1" status: 200 len: 1748 time: 0.0289540
2017-05-24 03:05:32.793 5724 INFO eventlet.wsgi.server [req-bb656044-ca10-44ba-8f36-89f6a0c70d5b - - - - -] 127.0.0.1 "GET /v1/nodes/e1369efa-5391-5035-8533-3a065c44a584 HTTP/1.1" status: 200 len: 1755 time: 0.0210130
2017-05-24 03:05:34.143 5733 INFO eventlet.wsgi.server [req-364bb058-a851-4f00-905c-64de690126c2 - - - - -] 127.0.0.1 "GET /v1/nodes/c1a56cb3-fcef-59d5-8105-7e6815154f70 HTTP/1.1" status: 200 len: 1752 time: 0.0279298
2017-05-24 03:05:34.804 5724 INFO eventlet.wsgi.server [req-fe63c7b9-91ea-42a1-b215-6baeab6be5cc - - - - -] 127.0.0.1 "GET /v1/nodes/93494378-56ee-5e22-b6f0-e3be3a9ebdf1 HTTP/1.1" status: 200 len: 1748 time: 0.0280960
2017-05-24 03:05:34.825 5724 INFO eventlet.wsgi.server [req-1829c3d2-6d9e-49c7-980e-f2e1e1880ebc - - - - -] 127.0.0.1 "GET /v1/nodes/e1369efa-5391-5035-8533-3a065c44a584 HTTP/1.1" status: 200 len: 1755 time: 0.0198359
2017-05-24 03:05:36.177 5733 INFO eventlet.wsgi.server [req-298b6570-e299-4d95-95b9-deb7994fba8b - - - - -] 127.0.0.1 "GET /v1/nodes/c1a56cb3-fcef-59d5-8105-7e6815154f70 HTTP/1.1" status: 200 len: 1752 time: 0.0286920
2017-05-24 03:05:36.822 5724 INFO eventlet.wsgi.server [req-162eda96-fc1b-431a-baa6-22b52e81aaa4 - - - - -] 127.0.0.1 "GET /v1/nodes/93494378-56ee-5e22-b6f0-e3be3a9ebdf1 HTTP/1.1" status: 200 len: 1748 time: 0.0146580
2017-05-24 03:05:36.843 5724 INFO eventlet.wsgi.server [req-69e2f07d-b4ea-4977-99a6-0dbd3a928a39 - - - - -] 127.0.0.1 "GET /v1/nodes/e1369efa-5391-5035-8533-3a065c44a584 HTTP/1.1" status: 200 len: 1755 time: 0.0116589
2017-05-24 03:05:38.206 5733 INFO eventlet.wsgi.server [req-7e3db4d0-d972-4718-a735-5a4e6ef5b3bf - - - - -] 127.0.0.1 "GET /v1/nodes/c1a56cb3-fcef-59d5-8105-7e6815154f70 HTTP/1.1" status: 200 len: 1752 time: 0.0247190
2017-05-24 03:05:38.857 5724 INFO eventlet.wsgi.server [req-6a376874-612b-48bb-80c5-be10fd94f938 - - - - -] 127.0.0.1 "GET /v1/nodes/93494378-56ee-5e22-b6f0-e3be3a9ebdf1 HTTP/1.1" status: 200 len: 1748 time: 0.0296919
2017-05-24 03:05:38.880 5724 INFO eventlet.wsgi.server [req-57dc72a0-50b1-44e5-aede-82e7e02bb5fd - - - - -] 127.0.0.1 "GET /v1/nodes/e1369efa-5391-5035-8533-3a065c44a584 HTTP/1.1" status: 200 len: 1755 time: 0.0220001
2017-05-24 03:05:40.241 5733 INFO eventlet.wsgi.server [req-419aea8b-67ea-4139-b660-d7fb917b6670 - - - - -] 127.0.0.1 "GET /v1/nodes/c1a56cb3-fcef-59d5-8105-7e6815154f70 HTTP/1.1" status: 200 len: 1752 time: 0.0301721
2017-05-24 03:05:40.884 5724 INFO eventlet.wsgi.server [req-1b64b447-43c6-4d89-aa02-fbc71eb41b39 - - - - -] 127.0.0.1 "GET /v1/nodes/93494378-56ee-5e22-b6f0-e3be3a9ebdf1 HTTP/1.1" status: 200 len: 1748 time: 0.0222020
2017-05-24 03:05:40.897 5724 INFO eventlet.wsgi.server [req-4f49c270-56a2-44a7-a928-74a6c99ddda5 - - - - -] 127.0.0.1 "GET /v1/nodes/e1369efa-5391-5035-8533-3a065c44a584 HTTP/1.1" status: 200 len: 1755 time: 0.0117280
2017-05-24 03:05:42.274 5733 INFO eventlet.wsgi.server [req-919f4c3f-b8b4-4c42-a3f4-949b92ee982d - - - - -] 127.0.0.1 "GET /v1/nodes/c1a56cb3-fcef-59d5-8105-7e6815154f70 HTTP/1.1" status: 200 len: 1752 time: 0.0276701
2017-05-24 03:05:42.913 5724 INFO eventlet.wsgi.server [req-6b61bb8a-9c7c-4d26-8959-51bdf45a5642 - - - - -] 127.0.0.1 "GET /v1/nodes/93494378-56ee-5e22-b6f0-e3be3a9ebdf1 HTTP/1.1" status: 200 len: 1748 time: 0.0236340
2017-05-24 03:05:42.933 5724 INFO eventlet.wsgi.server [req-5666cdc0-1e1b-45a7-8622-a84801eaf8bd - - - - -] 127.0.0.1 "GET /v1/nodes/e1369efa-5391-5035-8533-3a065c44a584 HTTP/1.1" status: 200 len: 1755 time: 0.0184290
2017-05-24 03:05:44.292 5733 INFO eventlet.wsgi.server [req-32be4372-267b-43f6-989d-69bfd187d32c - - - - -] 127.0.0.1 "GET /v1/nodes/c1a56cb3-fcef-59d5-8105-7e6815154f70 HTTP/1.1" status: 200 len: 1752 time: 0.0152879
2017-05-24 03:05:44.937 5724 INFO eventlet.wsgi.server [req-d9484032-f5c4-47d3-aab3-d81f86ce6574 - - - - -] 127.0.0.1 "GET /v1/nodes/93494378-56ee-5e22-b6f0-e3be3a9ebdf1 HTTP/1.1" status: 200 len: 1748 time: 0.0201931
2017-05-24 03:05:44.953 5724 INFO eventlet.wsgi.server [req-8bbc46ba-3fd7-4e25-83b1-605147129b57 - - - - -] 127.0.0.1 "GET /v1/nodes/e1369efa-5391-5035-8533-3a065c44a584 HTTP/1.1" status: 200 len: 1755 time: 0.0144548
2017-05-24 03:05:46.328 5733 INFO eventlet.wsgi.server [req-396e4375-6d6e-4cc6-bdf9-4f96e5342ca3 - - - - -] 127.0.0.1 "GET /v1/nodes/c1a56cb3-fcef-59d5-8105-7e6815154f70 HTTP/1.1" status: 200 len: 1752 time: 0.0321441
2017-05-24 03:05:46.971 5724 INFO eventlet.wsgi.server [req-dfb69a9d-a7fa-4958-8d78-d3d1f9742300 - - - - -] 127.0.0.1 "GET /v1/nodes/93494378-56ee-5e22-b6f0-e3be3a9ebdf1 HTTP/1.1" status: 200 len: 1748 time: 0.0283689
2017-05-24 03:05:46.998 5724 INFO eventlet.wsgi.server [req-c51e9893-9620-4195-ba3d-54dbbcd0d074 - - - - -] 127.0.0.1 "GET /v1/nodes/e1369efa-5391-5035-8533-3a065c44a584 HTTP/1.1" status: 200 len: 1755 time: 0.0264661
2017-05-24 03:05:48.361 5733 INFO eventlet.wsgi.server [req-3e11bc63-9f0c-48aa-847a-6b59438f6e25 - - - - -] 127.0.0.1 "GET /v1/nodes/c1a56cb3-fcef-59d5-8105-7e6815154f70 HTTP/1.1" status: 200 len: 1752 time: 0.0283370
2017-05-24 03:05:49.005 5724 INFO eventlet.wsgi.server [req-2388d66b-afbb-4772-8907-9c09eb8532d9 - - - - -] 127.0.0.1 "GET /v1/nodes/93494378-56ee-5e22-b6f0-e3be3a9ebdf1 HTTP/1.1" status: 200 len: 1748 time: 0.0290501
2017-05-24 03:05:49.027 5724 INFO eventlet.wsgi.server [req-fab43f8f-7631-4009-9ab4-4c6d644a859f - - - - -] 127.0.0.1 "GET /v1/nodes/e1369efa-5391-5035-8533-3a065c44a584 HTTP/1.1" status: 200 len: 1755 time: 0.0210810
2017-05-24 03:05:50.394 5733 INFO eventlet.wsgi.server [req-bea3ae18-6bb9-43f4-a649-27409c6fed9d - - - - -] 127.0.0.1 "GET /v1/nodes/c1a56cb3-fcef-59d5-8105-7e6815154f70 HTTP/1.1" status: 200 len: 1752 time: 0.0280859
2017-05-24 03:05:51.041 5724 INFO eventlet.wsgi.server [req-2a413fff-76aa-4baf-b748-f5dd2c5ce539 - - - - -] 127.0.0.1 "GET /v1/nodes/93494378-56ee-5e22-b6f0-e3be3a9ebdf1 HTTP/1.1" status: 200 len: 1748 time: 0.0310700
2017-05-24 03:05:51.062 5724 INFO eventlet.wsgi.server [req-bc84eb4c-ab11-44ca-9a57-deffd3ecbf63 - - - - -] 127.0.0.1 "GET /v1/nodes/e1369efa-5391-5035-8533-3a065c44a584 HTTP/1.1" status: 200 len: 1755 time: 0.0202348
2017-05-24 03:05:52.428 5733 INFO eventlet.wsgi.server [req-327f3015-22ce-4d89-abd0-b384bac1be9e - - - - -] 127.0.0.1 "GET /v1/nodes/c1a56cb3-fcef-59d5-8105-7e6815154f70 HTTP/1.1" status: 200 len: 1752 time: 0.0288291
2017-05-24 03:05:53.075 5724 INFO eventlet.wsgi.server [req-8d2bd857-eb99-48c7-9810-04ee1229e4f4 - - - - -] 127.0.0.1 "GET /v1/nodes/93494378-56ee-5e22-b6f0-e3be3a9ebdf1 HTTP/1.1" status: 200 len: 1748 time: 0.0293288
2017-05-24 03:05:53.096 5724 INFO eventlet.wsgi.server [req-0f06b733-0152-4f52-91c4-bfbe185dd03c - - - - -] 127.0.0.1 "GET /v1/nodes/e1369efa-5391-5035-8533-3a065c44a584 HTTP/1.1" status: 200 len: 1755 time: 0.0205140
2017-05-24 03:05:54.465 5733 INFO eventlet.wsgi.server [req-dce389fb-8aff-44e9-a9d7-3f47533caf17 - - - - -] 127.0.0.1 "GET /v1/nodes/c1a56cb3-fcef-59d5-8105-7e6815154f70 HTTP/1.1" status: 200 len: 1752 time: 0.0314479
2017-05-24 03:05:55.108 5724 INFO eventlet.wsgi.server [req-bcb2c6d3-2cd1-4e72-aa4b-9ea4376c4fa5 - - - - -] 127.0.0.1 "GET /v1/nodes/93494378-56ee-5e22-b6f0-e3be3a9ebdf1 HTTP/1.1" status: 200 len: 1748 time: 0.0284581
2017-05-24 03:05:55.130 5724 INFO eventlet.wsgi.server [req-5ddd3dd5-c34d-422c-bcae-23c33a1a24af - - - - -] 127.0.0.1 "GET /v1/nodes/e1369efa-5391-5035-8533-3a065c44a584 HTTP/1.1" status: 200 len: 1755 time: 0.0205822
2017-05-24 03:05:56.498 5733 INFO eventlet.wsgi.server [req-2da2d11c-489c-44d4-b649-28309a7c0316 - - - - -] 127.0.0.1 "GET /v1/nodes/c1a56cb3-fcef-59d5-8105-7e6815154f70 HTTP/1.1" status: 200 len: 1752 time: 0.0285001
2017-05-24 03:05:57.142 5724 INFO eventlet.wsgi.server [req-27f73333-51ba-4cdd-9988-bae09d08aa20 - - - - -] 127.0.0.1 "GET /v1/nodes/93494378-56ee-5e22-b6f0-e3be3a9ebdf1 HTTP/1.1" status: 200 len: 1748 time: 0.0289340
2017-05-24 03:05:57.164 5724 INFO eventlet.wsgi.server [req-3b0ffc76-89fe-4e26-9ca4-04874a88ebfc - - - - -] 127.0.0.1 "GET /v1/nodes/e1369efa-5391-5035-8533-3a065c44a584 HTTP/1.1" status: 200 len: 1755 time: 0.0209651
2017-05-24 03:05:58.516 5733 INFO eventlet.wsgi.server [req-5cf59840-cacb-4261-91eb-aa27501a01b7 - - - - -] 127.0.0.1 "GET /v1/nodes/c1a56cb3-fcef-59d5-8105-7e6815154f70 HTTP/1.1" status: 200 len: 1752 time: 0.0154490
2017-05-24 03:05:59.177 5724 INFO eventlet.wsgi.server [req-057d03fe-5d0a-4a66-ba57-7e774de53764 - - - - -] 127.0.0.1 "GET /v1/nodes/93494378-56ee-5e22-b6f0-e3be3a9ebdf1 HTTP/1.1" status: 200 len: 1748 time: 0.0290911
2017-05-24 03:05:59.198 5724 INFO eventlet.wsgi.server [req-ed1b5328-4bf2-416b-b645-4a42c7067ec8 - - - - -] 127.0.0.1 "GET /v1/nodes/e1369efa-5391-5035-8533-3a065c44a584 HTTP/1.1" status: 200 len: 1755 time: 0.0205369
2017-05-24 03:06:00.549 5733 INFO eventlet.wsgi.server [req-4f67dc3b-f22c-4b7c-8dd6-f7c66d9f0088 - - - - -] 127.0.0.1 "GET /v1/nodes/c1a56cb3-fcef-59d5-8105-7e6815154f70 HTTP/1.1" status: 200 len: 1752 time: 0.0286000
2017-05-24 03:06:01.209 5724 INFO eventlet.wsgi.server [req-5b3f0054-bb76-40cf-b442-23f448611ed1 - - - - -] 127.0.0.1 "GET /v1/nodes/93494378-56ee-5e22-b6f0-e3be3a9ebdf1 HTTP/1.1" status: 200 len: 1748 time: 0.0274141
2017-05-24 03:06:01.230 5724 INFO eventlet.wsgi.server [req-cbb025b8-af99-46a9-a607-7151159f02e1 - - - - -] 127.0.0.1 "GET /v1/nodes/e1369efa-5391-5035-8533-3a065c44a584 HTTP/1.1" status: 200 len: 1755 time: 0.0199590
2017-05-24 03:06:02.580 5733 INFO eventlet.wsgi.server [req-6666f31e-ecef-4ecb-ba78-ac06382739b9 - - - - -] 127.0.0.1 "GET /v1/nodes/c1a56cb3-fcef-59d5-8105-7e6815154f70 HTTP/1.1" status: 200 len: 1752 time: 0.0257130
2017-05-24 03:06:03.243 5724 INFO eventlet.wsgi.server [req-5199a72e-0859-4e14-9c62-c1ab4e585666 - - - - -] 127.0.0.1 "GET /v1/nodes/93494378-56ee-5e22-b6f0-e3be3a9ebdf1 HTTP/1.1" status: 200 len: 1748 time: 0.0289938
2017-05-24 03:06:03.265 5724 INFO eventlet.wsgi.server [req-ebd94fb8-fd51-439b-919b-22957200b3f6 - - - - -] 127.0.0.1 "GET /v1/nodes/e1369efa-5391-5035-8533-3a065c44a584 HTTP/1.1" status: 200 len: 1755 time: 0.0206151
2017-05-24 03:06:04.612 5733 INFO eventlet.wsgi.server [req-05f1bcb6-b5a3-4a7c-bbbc-113c931dd7a4 - - - - -] 127.0.0.1 "GET /v1/nodes/c1a56cb3-fcef-59d5-8105-7e6815154f70 HTTP/1.1" status: 200 len: 1752 time: 0.0278409
2017-05-24 03:06:05.265 5724 INFO eventlet.wsgi.server [req-11681cb9-328b-4752-9244-f5a1f08652ad - - - - -] 127.0.0.1 "GET /v1/nodes/93494378-56ee-5e22-b6f0-e3be3a9ebdf1 HTTP/1.1" status: 200 len: 1748 time: 0.0181041
2017-05-24 03:06:05.281 5724 INFO eventlet.wsgi.server [req-08723822-9369-4f00-a476-e3221a2e4f26 - - - - -] 127.0.0.1 "GET /v1/nodes/e1369efa-5391-5035-8533-3a065c44a584 HTTP/1.1" status: 200 len: 1755 time: 0.0134730
2017-05-24 03:06:06.646 5733 INFO eventlet.wsgi.server [req-404e8712-2f39-4475-a210-8c666449ead8 - - - - -] 127.0.0.1 "GET /v1/nodes/c1a56cb3-fcef-59d5-8105-7e6815154f70 HTTP/1.1" status: 200 len: 1752 time: 0.0289030
2017-05-24 03:06:07.301 5724 INFO eventlet.wsgi.server [req-b781b959-32d9-48b9-8e50-9712694713a1 - - - - -] 127.0.0.1 "GET /v1/nodes/93494378-56ee-5e22-b6f0-e3be3a9ebdf1 HTTP/1.1" status: 200 len: 1748 time: 0.0302329
2017-05-24 03:06:07.326 5724 INFO eventlet.wsgi.server [req-2bf89544-0b54-4003-b217-7d4b324a2991 - - - - -] 127.0.0.1 "GET /v1/nodes/e1369efa-5391-5035-8533-3a065c44a584 HTTP/1.1" status: 200 len: 1755 time: 0.0240331
2017-05-24 03:06:08.669 5733 INFO eventlet.wsgi.server [req-a89258d8-f2dd-4d8d-b9b4-ee45fcf2d38b - - - - -] 127.0.0.1 "GET /v1/nodes/c1a56cb3-fcef-59d5-8105-7e6815154f70 HTTP/1.1" status: 200 len: 1752 time: 0.0183389
2017-05-24 03:06:09.334 5724 INFO eventlet.wsgi.server [req-6b18c09e-6bea-4433-84c8-e10f6cdaedb8 - - - - -] 127.0.0.1 "GET /v1/nodes/93494378-56ee-5e22-b6f0-e3be3a9ebdf1 HTTP/1.1" status: 200 len: 1748 time: 0.0285132
2017-05-24 03:06:09.356 5724 INFO eventlet.wsgi.server [req-80a083d6-5575-49e4-ada3-21ff6c03904c - - - - -] 127.0.0.1 "GET /v1/nodes/e1369efa-5391-5035-8533-3a065c44a584 HTTP/1.1" status: 200 len: 1755 time: 0.0206802
2017-05-24 03:06:10.704 5733 INFO eventlet.wsgi.server [req-c781d6f7-52b7-4523-892c-f01a0194b6de - - - - -] 127.0.0.1 "GET /v1/nodes/c1a56cb3-fcef-59d5-8105-7e6815154f70 HTTP/1.1" status: 200 len: 1752 time: 0.0304439
2017-05-24 03:06:11.370 5724 INFO eventlet.wsgi.server [req-5510897a-759d-4ae7-acb9-6b12d0b41677 - - - - -] 127.0.0.1 "GET /v1/nodes/93494378-56ee-5e22-b6f0-e3be3a9ebdf1 HTTP/1.1" status: 200 len: 1748 time: 0.0303910
2017-05-24 03:06:11.393 5724 INFO eventlet.wsgi.server [req-dd3ab815-44e3-4185-9d7c-6d7cbc0cdb7d - - - - -] 127.0.0.1 "GET /v1/nodes/e1369efa-5391-5035-8533-3a065c44a584 HTTP/1.1" status: 200 len: 1755 time: 0.0221281
2017-05-24 03:06:12.738 5733 INFO eventlet.wsgi.server [req-6b96b16c-43e5-458b-86e9-6c46e4ad430b - - - - -] 127.0.0.1 "GET /v1/nodes/c1a56cb3-fcef-59d5-8105-7e6815154f70 HTTP/1.1" status: 200 len: 1752 time: 0.0287719
2017-05-24 03:06:13.407 5724 INFO eventlet.wsgi.server [req-d19f960e-b40e-4b69-bb41-cd65ea4684e2 - - - - -] 127.0.0.1 "GET /v1/nodes/93494378-56ee-5e22-b6f0-e3be3a9ebdf1 HTTP/1.1" status: 200 len: 1748 time: 0.0311739
2017-05-24 03:06:13.428 5724 INFO eventlet.wsgi.server [req-84b5b6a3-7c36-4cfd-88b6-f116bd3c4a87 - - - - -] 127.0.0.1 "GET /v1/nodes/e1369efa-5391-5035-8533-3a065c44a584 HTTP/1.1" status: 200 len: 1755 time: 0.0200760
2017-05-24 03:06:14.771 5733 INFO eventlet.wsgi.server [req-f3153bfe-087b-43db-9403-87c66ba7a09b - - - - -] 127.0.0.1 "GET /v1/nodes/c1a56cb3-fcef-59d5-8105-7e6815154f70 HTTP/1.1" status: 200 len: 1752 time: 0.0278189
2017-05-24 03:06:15.443 5724 INFO eventlet.wsgi.server [req-1af5a79c-6924-44ed-a8a1-ce84e86d1043 - - - - -] 127.0.0.1 "GET /v1/nodes/93494378-56ee-5e22-b6f0-e3be3a9ebdf1 HTTP/1.1" status: 200 len: 1748 time: 0.0305002
2017-05-24 03:06:15.466 5724 INFO eventlet.wsgi.server [req-2bfebee6-1f29-4b3d-909b-bd5de99dd891 - - - - -] 127.0.0.1 "GET /v1/nodes/e1369efa-5391-5035-8533-3a065c44a584 HTTP/1.1" status: 200 len: 1755 time: 0.0217600
2017-05-24 03:06:16.515 5728 INFO eventlet.wsgi.server [req-fa180300-c2ab-4870-ac58-7f135551197f - - - - -] 127.0.0.1 "GET /v1/nodes HTTP/1.1" status: 200 len: 1477 time: 0.0563550
2017-05-24 03:06:16.805 5733 INFO eventlet.wsgi.server [req-4a93f5a3-e65b-4b09-9851-7b66b8928db1 - - - - -] 127.0.0.1 "GET /v1/nodes/c1a56cb3-fcef-59d5-8105-7e6815154f70 HTTP/1.1" status: 200 len: 1752 time: 0.0284629
2017-05-24 03:06:17.462 5724 INFO eventlet.wsgi.server [req-f3404405-0015-4faa-811d-e9d3343dbc12 - - - - -] 127.0.0.1 "GET /v1/nodes/93494378-56ee-5e22-b6f0-e3be3a9ebdf1 HTTP/1.1" status: 200 len: 1748 time: 0.0150421
2017-05-24 03:06:17.484 5724 INFO eventlet.wsgi.server [req-f253402e-1d72-42df-b5c9-5e3a71c8e7fd - - - - -] 127.0.0.1 "GET /v1/nodes/e1369efa-5391-5035-8533-3a065c44a584 HTTP/1.1" status: 200 len: 1755 time: 0.0120361
2017-05-24 03:06:18.834 5733 INFO eventlet.wsgi.server [req-03ef7832-7125-4514-8fb4-6bfc914e2825 - - - - -] 127.0.0.1 "GET /v1/nodes/c1a56cb3-fcef-59d5-8105-7e6815154f70 HTTP/1.1" status: 200 len: 1752 time: 0.0247800
2017-05-24 03:06:19.500 5724 INFO eventlet.wsgi.server [req-75fe8d10-1d00-41b1-8214-a5e712aeb060 - - - - -] 127.0.0.1 "GET /v1/nodes/93494378-56ee-5e22-b6f0-e3be3a9ebdf1 HTTP/1.1" status: 200 len: 1748 time: 0.0330682
2017-05-24 03:06:19.522 5724 INFO eventlet.wsgi.server [req-b6a8288c-2603-4dcf-86b3-e51f8c1f3f0a - - - - -] 127.0.0.1 "GET /v1/nodes/e1369efa-5391-5035-8533-3a065c44a584 HTTP/1.1" status: 200 len: 1755 time: 0.0212200
2017-05-24 03:06:20.868 5733 INFO eventlet.wsgi.server [req-a9e57387-6b0f-4b5d-ace5-29ff379ee2e4 - - - - -] 127.0.0.1 "GET /v1/nodes/c1a56cb3-fcef-59d5-8105-7e6815154f70 HTTP/1.1" status: 200 len: 1752 time: 0.0287459
2017-05-24 03:06:21.534 5724 INFO eventlet.wsgi.server [req-19eec7d4-59c8-4a79-acf6-6513b0277a75 - - - - -] 127.0.0.1 "GET /v1/nodes/93494378-56ee-5e22-b6f0-e3be3a9ebdf1 HTTP/1.1" status: 200 len: 1748 time: 0.0293078
2017-05-24 03:06:21.561 5724 INFO eventlet.wsgi.server [req-13609f8f-c5d1-4bb5-97e8-f8c18753913a - - - - -] 127.0.0.1 "GET /v1/nodes/e1369efa-5391-5035-8533-3a065c44a584 HTTP/1.1" status: 200 len: 1755 time: 0.0259092
2017-05-24 03:06:22.903 5733 INFO eventlet.wsgi.server [req-724ae5fa-1873-449f-bb85-cebad280d6a5 - - - - -] 127.0.0.1 "GET /v1/nodes/c1a56cb3-fcef-59d5-8105-7e6815154f70 HTTP/1.1" status: 200 len: 1752 time: 0.0298991
2017-05-24 03:06:23.568 5724 INFO eventlet.wsgi.server [req-0616e930-3d71-490b-85dc-251782ba2067 - - - - -] 127.0.0.1 "GET /v1/nodes/93494378-56ee-5e22-b6f0-e3be3a9ebdf1 HTTP/1.1" status: 200 len: 1748 time: 0.0289290
2017-05-24 03:06:23.590 5724 INFO eventlet.wsgi.server [req-e8883d73-3d5e-4ef1-b022-fc8ff1fb3d47 - - - - -] 127.0.0.1 "GET /v1/nodes/e1369efa-5391-5035-8533-3a065c44a584 HTTP/1.1" status: 200 len: 1755 time: 0.0206790
2017-05-24 03:06:24.930 5733 INFO eventlet.wsgi.server [req-7ec37855-533f-4720-bc98-2376d817534a - - - - -] 127.0.0.1 "GET /v1/nodes/c1a56cb3-fcef-59d5-8105-7e6815154f70 HTTP/1.1" status: 200 len: 1752 time: 0.0219560
2017-05-24 03:06:25.603 5724 INFO eventlet.wsgi.server [req-9f168576-a2d7-44cc-ba0d-f195a6df784b - - - - -] 127.0.0.1 "GET /v1/nodes/93494378-56ee-5e22-b6f0-e3be3a9ebdf1 HTTP/1.1" status: 200 len: 1748 time: 0.0294638
2017-05-24 03:06:25.628 5724 INFO eventlet.wsgi.server [req-4305bb6a-e46b-47d9-9460-9cbe7ccc892e - - - - -] 127.0.0.1 "GET /v1/nodes/e1369efa-5391-5035-8533-3a065c44a584 HTTP/1.1" status: 200 len: 1755 time: 0.0238020
2017-05-24 03:06:26.968 5733 INFO eventlet.wsgi.server [req-868cf957-031a-4f7c-945b-657cf38f4360 - - - - -] 127.0.0.1 "GET /v1/nodes/c1a56cb3-fcef-59d5-8105-7e6815154f70 HTTP/1.1" status: 200 len: 1752 time: 0.0314629
2017-05-24 03:06:27.638 5724 INFO eventlet.wsgi.server [req-ffafb46c-2f21-4726-ad97-3257f3c906b0 - - - - -] 127.0.0.1 "GET /v1/nodes/93494378-56ee-5e22-b6f0-e3be3a9ebdf1 HTTP/1.1" status: 200 len: 1748 time: 0.0291820
2017-05-24 03:06:27.660 5724 INFO eventlet.wsgi.server [req-f5f88cb3-f953-41d7-be7e-7d9d2e95c21e - - - - -] 127.0.0.1 "GET /v1/nodes/e1369efa-5391-5035-8533-3a065c44a584 HTTP/1.1" status: 200 len: 1755 time: 0.0213110
2017-05-24 03:06:29.003 5733 INFO eventlet.wsgi.server [req-7fe987b5-4750-4bdb-ab4f-01ae2a7cd4f9 - - - - -] 127.0.0.1 "GET /v1/nodes/c1a56cb3-fcef-59d5-8105-7e6815154f70 HTTP/1.1" status: 200 len: 1752 time: 0.0290380
2017-05-24 03:06:29.677 5724 INFO eventlet.wsgi.server [req-d2658c5a-4e00-4188-b120-2c45fa00061c - - - - -] 127.0.0.1 "GET /v1/nodes/93494378-56ee-5e22-b6f0-e3be3a9ebdf1 HTTP/1.1" status: 200 len: 1748 time: 0.0316539
2017-05-24 03:06:29.700 5724 INFO eventlet.wsgi.server [req-9a1f241e-d924-4201-bd27-0928678fdfd7 - - - - -] 127.0.0.1 "GET /v1/nodes/e1369efa-5391-5035-8533-3a065c44a584 HTTP/1.1" status: 200 len: 1755 time: 0.0216360
