2017-05-24 02:58:49.803 5724 INFO eventlet.wsgi.server [req-a0533ee2-9806-4000-a95f-f90e3da72b09 - - - - -] 127.0.0.1 "GET /v1/nodes/93494378-56ee-5e22-b6f0-e3be3a9ebdf1 HTTP/1.1" status: 200 len: 1748 time: 0.0213261
2017-05-24 02:58:51.471 5733 INFO eventlet.wsgi.server [req-57cfeceb-60c9-45a2-8414-3c7a54bb8794 - - - - -] 127.0.0.1 "GET /v1/nodes/c1a56cb3-fcef-59d5-8105-7e6815154f70 HTTP/1.1" status: 200 len: 1752 time: 0.0294042
2017-05-24 02:58:51.819 5724 INFO eventlet.wsgi.server [req-792ac2c7-5880-4a0f-975e-920de297c8e6 - - - - -] 127.0.0.1 "GET /v1/nodes/e1369efa-5391-5035-8533-3a065c44a584 HTTP/1.1" status: 200 len: 1755 time: 0.0307970
2017-05-24 02:58:51.845 5724 INFO eventlet.wsgi.server [req-2d870b82-37da-40c0-b87f-07fdc9c7607a - - - - -] 127.0.0.1 "GET /v1/nodes/93494378-56ee-5e22-b6f0-e3be3a9ebdf1 HTTP/1.1" status: 200 len: 1748 time: 0.0248880
2017-05-24 02:58:53.507 5733 INFO eventlet.wsgi.server [req-9e0e5f5b-b614-41c1-ae69-bade9c0d6b5d - - - - -] 127.0.0.1 "GET /v1/nodes/c1a56cb3-fcef-59d5-8105-7e6815154f70 HTTP/1.1" status: 200 len: 1752 time: 0.0286100
2017-05-24 02:58:53.858 5724 INFO eventlet.wsgi.server [req-e4547039-a21d-4b9a-85fd-84465c0f8d93 - - - - -] 127.0.0.1 "GET /v1/nodes/e1369efa-5391-5035-8533-3a065c44a584 HTTP/1.1" status: 200 len: 1755 time: 0.0310380
2017-05-24 02:58:53.882 5724 INFO eventlet.wsgi.server [req-d4c952d1-2755-430b-a009-70b2ac3dc647 - - - - -] 127.0.0.1 "GET /v1/nodes/93494378-56ee-5e22-b6f0-e3be3a9ebdf1 HTTP/1.1" status: 200 len: 1748 time: 0.0225070
2017-05-24 02:58:55.546 5733 INFO eventlet.wsgi.server [req-3ff458fc-e14a-4b47-aa92-681a42061184 - - - - -] 127.0.0.1 "GET /v1/nodes/c1a56cb3-fcef-59d5-8105-7e6815154f70 HTTP/1.1" status: 200 len: 1752 time: 0.0317800
2017-05-24 02:58:55.896 5724 INFO eventlet.wsgi.server [req-2a696d2b-8d88-4b17-84ed-3b9f2318b9cd - - - - -] 127.0.0.1 "GET /v1/nodes/e1369efa-5391-5035-8533-3a065c44a584 HTTP/1.1" status: 200 len: 1755 time: 0.0287712
2017-05-24 02:58:55.919 5724 INFO eventlet.wsgi.server [req-2fde66d4-f402-4f59-80dd-534b60ac1fb6 - - - - -] 127.0.0.1 "GET /v1/nodes/93494378-56ee-5e22-b6f0-e3be3a9ebdf1 HTTP/1.1" status: 200 len: 1748 time: 0.0217991
2017-05-24 02:58:57.588 5733 INFO eventlet.wsgi.server [req-74d7f880-eec1-4ecc-b880-ce83e491290e - - - - -] 127.0.0.1 "GET /v1/nodes/c1a56cb3-fcef-59d5-8105-7e6815154f70 HTTP/1.1" status: 200 len: 1752 time: 0.0324109
2017-05-24 02:58:57.940 5724 INFO eventlet.wsgi.server [req-c25ecd9c-a436-487e-9c2a-1c2c828c17f3 - - - - -] 127.0.0.1 "GET /v1/nodes/e1369efa-5391-5035-8533-3a065c44a584 HTTP/1.1" status: 200 len: 1755 time: 0.0355270
2017-05-24 02:58:57.965 5724 INFO eventlet.wsgi.server [req-031a4376-2ff2-4cd7-b4cf-34e2766f4c5e - - - - -] 127.0.0.1 "GET /v1/nodes/93494378-56ee-5e22-b6f0-e3be3a9ebdf1 HTTP/1.1" status: 200 len: 1748 time: 0.0235648
2017-05-24 02:58:59.612 5733 INFO eventlet.wsgi.server [req-3df749e9-d8b3-4abc-833b-a40d5176793f - - - - -] 127.0.0.1 "GET /v1/nodes/c1a56cb3-fcef-59d5-8105-7e6815154f70 HTTP/1.1" status: 200 len: 1752 time: 0.0177412
2017-05-24 02:59:00.004 5724 INFO eventlet.wsgi.server [req-dc1255db-f01a-4768-8cfe-290a437e649f - - - - -] 127.0.0.1 "GET /v1/nodes/e1369efa-5391-5035-8533-3a065c44a584 HTTP/1.1" status: 200 len: 1755 time: 0.0538352
2017-05-24 02:59:00.017 5724 INFO eventlet.wsgi.server [req-8a459c27-0536-481e-bc7e-e228a0d90bff - - - - -] 127.0.0.1 "GET /v1/nodes/93494378-56ee-5e22-b6f0-e3be3a9ebdf1 HTTP/1.1" status: 200 len: 1748 time: 0.0442040
2017-05-24 02:59:01.646 5733 INFO eventlet.wsgi.server [req-978ffe6a-d5bd-49a1-8fd7-a1bddec6b0c5 - - - - -] 127.0.0.1 "GET /v1/nodes/c1a56cb3-fcef-59d5-8105-7e6815154f70 HTTP/1.1" status: 200 len: 1752 time: 0.0285020
2017-05-24 02:59:02.039 5724 INFO eventlet.wsgi.server [req-f4fbab02-d712-4551-a791-6afd08b01d82 - - - - -] 127.0.0.1 "GET /v1/nodes/e1369efa-5391-5035-8533-3a065c44a584 HTTP/1.1" status: 200 len: 1755 time: 0.0280299
2017-05-24 02:59:02.061 5724 INFO eventlet.wsgi.server [req-8f6e87f3-c2da-4c08-a74d-cd853c1e60ce - - - - -] 127.0.0.1 "GET /v1/nodes/93494378-56ee-5e22-b6f0-e3be3a9ebdf1 HTTP/1.1" status: 200 len: 1748 time: 0.0206099
2017-05-24 02:59:03.681 5733 INFO eventlet.wsgi.server [req-0bcbc14a-99ab-4a9f-8de6-ac497faa58c6 - - - - -] 127.0.0.1 "GET /v1/nodes/c1a56cb3-fcef-59d5-8105-7e6815154f70 HTTP/1.1" status: 200 len: 1752 time: 0.0283668
2017-05-24 02:59:04.073 5724 INFO eventlet.wsgi.server [req-fb7d827a-f8e9-46be-a736-d440534cba2c - - - - -] 127.0.0.1 "GET /v1/nodes/e1369efa-5391-5035-8533-3a065c44a584 HTTP/1.1" status: 200 len: 1755 time: 0.0265930
2017-05-24 02:59:04.094 5724 INFO eventlet.wsgi.server [req-5a6d6515-9ad1-45fa-afb8-d29483337c01 - - - - -] 127.0.0.1 "GET /v1/nodes/93494378-56ee-5e22-b6f0-e3be3a9ebdf1 HTTP/1.1" status: 200 len: 1748 time: 0.0205481
2017-05-24 02:59:05.714 5733 INFO eventlet.wsgi.server [req-08bbfee7-44ed-424c-b4ea-3176d4415323 - - - - -] 127.0.0.1 "GET /v1/nodes/c1a56cb3-fcef-59d5-8105-7e6815154f70 HTTP/1.1" status: 200 len: 1752 time: 0.0282259
2017-05-24 02:59:06.108 5724 INFO eventlet.wsgi.server [req-c2f50dc9-b2c1-4195-8527-221f143d1a39 - - - - -] 127.0.0.1 "GET /v1/nodes/e1369efa-5391-5035-8533-3a065c44a584 HTTP/1.1" status: 200 len: 1755 time: 0.0282660
2017-05-24 02:59:06.132 5724 INFO eventlet.wsgi.server [req-f8a9764b-cd7d-4511-ad71-264918b915dd - - - - -] 127.0.0.1 "GET /v1/nodes/93494378-56ee-5e22-b6f0-e3be3a9ebdf1 HTTP/1.1" status: 200 len: 1748 time: 0.0221081
2017-05-24 02:59:07.750 5733 INFO eventlet.wsgi.server [req-6ef1c9cc-5260-4e75-b33c-b7188a3520a6 - - - - -] 127.0.0.1 "GET /v1/nodes/c1a56cb3-fcef-59d5-8105-7e6815154f70 HTTP/1.1" status: 200 len: 1752 time: 0.0279119
2017-05-24 02:59:08.147 5724 INFO eventlet.wsgi.server [req-6125b86f-fb6b-4f6c-ba2f-ec16f61cf2f6 - - - - -] 127.0.0.1 "GET /v1/nodes/e1369efa-5391-5035-8533-3a065c44a584 HTTP/1.1" status: 200 len: 1755 time: 0.0288470
2017-05-24 02:59:08.170 5724 INFO eventlet.wsgi.server [req-1909cda5-344f-4532-b8d4-f35214c8cd50 - - - - -] 127.0.0.1 "GET /v1/nodes/93494378-56ee-5e22-b6f0-e3be3a9ebdf1 HTTP/1.1" status: 200 len: 1748 time: 0.0212932
2017-05-24 02:59:09.785 5733 INFO eventlet.wsgi.server [req-82340164-e7ec-439d-8bf0-ff7743945e7b - - - - -] 127.0.0.1 "GET /v1/nodes/c1a56cb3-fcef-59d5-8105-7e6815154f70 HTTP/1.1" status: 200 len: 1752 time: 0.0283930
2017-05-24 02:59:10.181 5724 INFO eventlet.wsgi.server [req-8da75e25-74c3-4ba1-96e5-e440a40f90be - - - - -] 127.0.0.1 "GET /v1/nodes/e1369efa-5391-5035-8533-3a065c44a584 HTTP/1.1" status: 200 len: 1755 time: 0.0263951
2017-05-24 02:59:10.203 5724 INFO eventlet.wsgi.server [req-4e83e3a4-95bb-437e-b68b-0cf1ab09f117 - - - - -] 127.0.0.1 "GET /v1/nodes/93494378-56ee-5e22-b6f0-e3be3a9ebdf1 HTTP/1.1" status: 200 len: 1748 time: 0.0215769
2017-05-24 02:59:11.818 5733 INFO eventlet.wsgi.server [req-84926ef3-4cf9-40ea-9b89-5fef7ab48427 - - - - -] 127.0.0.1 "GET /v1/nodes/c1a56cb3-fcef-59d5-8105-7e6815154f70 HTTP/1.1" status: 200 len: 1752 time: 0.0279911
2017-05-24 02:59:12.213 5724 INFO eventlet.wsgi.server [req-70456789-0e72-4dc2-bfb5-c634d531a080 - - - - -] 127.0.0.1 "GET /v1/nodes/e1369efa-5391-5035-8533-3a065c44a584 HTTP/1.1" status: 200 len: 1755 time: 0.0273130
2017-05-24 02:59:12.239 5724 INFO eventlet.wsgi.server [req-8aa59bef-4ed1-4407-8754-00f23d06f694 - - - - -] 127.0.0.1 "GET /v1/nodes/93494378-56ee-5e22-b6f0-e3be3a9ebdf1 HTTP/1.1" status: 200 len: 1748 time: 0.0249040
2017-05-24 02:59:13.856 5733 INFO eventlet.wsgi.server [req-4bef17fa-afc2-451d-861a-81548ca381db - - - - -] 127.0.0.1 "GET /v1/nodes/c1a56cb3-fcef-59d5-8105-7e6815154f70 HTTP/1.1" status: 200 len: 1752 time: 0.0322702
2017-05-24 02:59:14.255 5724 INFO eventlet.wsgi.server [req-88c1b410-c4d7-41f5-bec3-a527afc1b3a5 - - - - -] 127.0.0.1 "GET /v1/nodes/e1369efa-5391-5035-8533-3a065c44a584 HTTP/1.1" status: 200 len: 1755 time: 0.0338559
2017-05-24 02:59:14.276 5724 INFO eventlet.wsgi.server [req-8635c5fd-56ac-4e9d-8009-8b0b21c23916 - - - - -] 127.0.0.1 "GET /v1/nodes/93494378-56ee-5e22-b6f0-e3be3a9ebdf1 HTTP/1.1" status: 200 len: 1748 time: 0.0201230
2017-05-24 02:59:15.892 5733 INFO eventlet.wsgi.server [req-c7f3d57a-5708-4f99-a5ed-45188169cfd7 - - - - -] 127.0.0.1 "GET /v1/nodes/c1a56cb3-fcef-59d5-8105-7e6815154f70 HTTP/1.1" status: 200 len: 1752 time: 0.0294168
2017-05-24 02:59:16.290 5724 INFO eventlet.wsgi.server [req-8fd01bc5-c56f-444a-a9fa-091b56cc11a5 - - - - -] 127.0.0.1 "GET /v1/nodes/e1369efa-5391-5035-8533-3a065c44a584 HTTP/1.1" status: 200 len: 1755 time: 0.0291841
2017-05-24 02:59:16.313 5724 INFO eventlet.wsgi.server [req-a7db26ab-7fc4-49be-a5ec-09d2af3f944a - - - - -] 127.0.0.1 "GET /v1/nodes/93494378-56ee-5e22-b6f0-e3be3a9ebdf1 HTTP/1.1" status: 200 len: 1748 time: 0.0220110
2017-05-24 02:59:16.512 5726 INFO eventlet.wsgi.server [req-f878e34e-aea0-4bc1-ba59-2e35a7a514d3 - - - - -] 127.0.0.1 "GET /v1/nodes HTTP/1.1" status: 200 len: 1477 time: 0.0644312
2017-05-24 02:59:17.929 5733 INFO eventlet.wsgi.server [req-6c1ab750-31b5-4c56-84a9-2382a92743e9 - - - - -] 127.0.0.1 "GET /v1/nodes/c1a56cb3-fcef-59d5-8105-7e6815154f70 HTTP/1.1" status: 200 len: 1752 time: 0.0306599
2017-05-24 02:59:18.327 5724 INFO eventlet.wsgi.server [req-c8c9d4a1-8b2f-4163-b942-5bfc6afa0ec1 - - - - -] 127.0.0.1 "GET /v1/nodes/e1369efa-5391-5035-8533-3a065c44a584 HTTP/1.1" status: 200 len: 1755 time: 0.0296969
2017-05-24 02:59:18.349 5724 INFO eventlet.wsgi.server [req-e7fc0a81-fa36-415f-985b-c121d4a04878 - - - - -] 127.0.0.1 "GET /v1/nodes/93494378-56ee-5e22-b6f0-e3be3a9ebdf1 HTTP/1.1" status: 200 len: 1748 time: 0.0209630
2017-05-24 02:59:19.964 5733 INFO eventlet.wsgi.server [req-2ccd2bcc-50b9-4ae7-88a4-3e2779bd0da5 - - - - -] 127.0.0.1 "GET /v1/nodes/c1a56cb3-fcef-59d5-8105-7e6815154f70 HTTP/1.1" status: 200 len: 1752 time: 0.0281448
2017-05-24 02:59:20.364 5724 INFO eventlet.wsgi.server [req-91cf797b-47a6-4629-9246-a139ea74c442 - - - - -] 127.0.0.1 "GET /v1/nodes/e1369efa-5391-5035-8533-3a065c44a584 HTTP/1.1" status: 200 len: 1755 time: 0.0287890
2017-05-24 02:59:20.385 5724 INFO eventlet.wsgi.server [req-762059b8-2cd8-4ccc-b149-f4e323cebf59 - - - - -] 127.0.0.1 "GET /v1/nodes/93494378-56ee-5e22-b6f0-e3be3a9ebdf1 HTTP/1.1" status: 200 len: 1748 time: 0.0202661
2017-05-24 02:59:21.998 5733 INFO eventlet.wsgi.server [req-c4993f53-f3b2-4507-bceb-6eba84bda2b5 - - - - -] 127.0.0.1 "GET /v1/nodes/c1a56cb3-fcef-59d5-8105-7e6815154f70 HTTP/1.1" status: 200 len: 1752 time: 0.0282469
2017-05-24 02:59:22.400 5724 INFO eventlet.wsgi.server [req-8396121d-fd58-49b6-92a0-4396f1d5b3f2 - - - - -] 127.0.0.1 "GET /v1/nodes/e1369efa-5391-5035-8533-3a065c44a584 HTTP/1.1" status: 200 len: 1755 time: 0.0304899
2017-05-24 02:59:22.424 5724 INFO eventlet.wsgi.server [req-3ea75190-47d2-4faa-af05-d6c480cd5389 - - - - -] 127.0.0.1 "GET /v1/nodes/93494378-56ee-5e22-b6f0-e3be3a9ebdf1 HTTP/1.1" status: 200 len: 1748 time: 0.0237770
2017-05-24 02:59:24.033 5733 INFO eventlet.wsgi.server [req-c0c6fba7-021a-4957-9125-cb2b673d52b6 - - - - -] 127.0.0.1 "GET /v1/nodes/c1a56cb3-fcef-59d5-8105-7e6815154f70 HTTP/1.1" status: 200 len: 1752 time: 0.0289428
2017-05-24 02:59:24.435 5724 INFO eventlet.wsgi.server [req-ace313c0-f296-45cd-b4fb-ff9c351d7a81 - - - - -] 127.0.0.1 "GET /v1/nodes/e1369efa-5391-5035-8533-3a065c44a584 HTTP/1.1" status: 200 len: 1755 time: 0.0295050
2017-05-24 02:59:24.462 5724 INFO eventlet.wsgi.server [req-0d47eaf2-c946-459e-9a4b-d4ca1b90604a - - - - -] 127.0.0.1 "GET /v1/nodes/93494378-56ee-5e22-b6f0-e3be3a9ebdf1 HTTP/1.1" status: 200 len: 1748 time: 0.0261550
2017-05-24 02:59:26.067 5733 INFO eventlet.wsgi.server [req-9bde4340-fa3f-4eb3-a9cb-f9e833af5d29 - - - - -] 127.0.0.1 "GET /v1/nodes/c1a56cb3-fcef-59d5-8105-7e6815154f70 HTTP/1.1" status: 200 len: 1752 time: 0.0289979
2017-05-24 02:59:26.467 5724 INFO eventlet.wsgi.server [req-4e31b935-3e7b-4bd6-bf16-d79f58819c5f - - - - -] 127.0.0.1 "GET /v1/nodes/e1369efa-5391-5035-8533-3a065c44a584 HTTP/1.1" status: 200 len: 1755 time: 0.0269549
2017-05-24 02:59:26.492 5724 INFO eventlet.wsgi.server [req-cea84fcd-e673-406d-aabb-35275f471eb6 - - - - -] 127.0.0.1 "GET /v1/nodes/93494378-56ee-5e22-b6f0-e3be3a9ebdf1 HTTP/1.1" status: 200 len: 1748 time: 0.0233119
2017-05-24 02:59:28.099 5733 INFO eventlet.wsgi.server [req-426da575-d73c-4ee5-a8fd-42d8b0561a82 - - - - -] 127.0.0.1 "GET /v1/nodes/c1a56cb3-fcef-59d5-8105-7e6815154f70 HTTP/1.1" status: 200 len: 1752 time: 0.0282540
2017-05-24 02:59:28.501 5724 INFO eventlet.wsgi.server [req-a3d16237-c629-4fa5-8022-32b2dcc8c77e - - - - -] 127.0.0.1 "GET /v1/nodes/e1369efa-5391-5035-8533-3a065c44a584 HTTP/1.1" status: 200 len: 1755 time: 0.0288739
2017-05-24 02:59:28.523 5724 INFO eventlet.wsgi.server [req-5ce55d89-1796-4748-9472-a0feed4aebd9 - - - - -] 127.0.0.1 "GET /v1/nodes/93494378-56ee-5e22-b6f0-e3be3a9ebdf1 HTTP/1.1" status: 200 len: 1748 time: 0.0208130
2017-05-24 02:59:30.133 5733 INFO eventlet.wsgi.server [req-8fa4d002-df38-4490-bcde-72d6a79f665e - - - - -] 127.0.0.1 "GET /v1/nodes/c1a56cb3-fcef-59d5-8105-7e6815154f70 HTTP/1.1" status: 200 len: 1752 time: 0.0279522
2017-05-24 02:59:30.535 5724 INFO eventlet.wsgi.server [req-e27d3177-4d23-4bf3-82a8-229d91c318dd - - - - -] 127.0.0.1 "GET /v1/nodes/e1369efa-5391-5035-8533-3a065c44a584 HTTP/1.1" status: 200 len: 1755 time: 0.0269840
2017-05-24 02:59:30.561 5724 INFO eventlet.wsgi.server [req-f73e9343-1687-45c9-9649-800dbe4cc94b - - - - -] 127.0.0.1 "GET /v1/nodes/93494378-56ee-5e22-b6f0-e3be3a9ebdf1 HTTP/1.1" status: 200 len: 1748 time: 0.0247211
2017-05-24 02:59:32.172 5733 INFO eventlet.wsgi.server [req-1f996ba9-9ab3-46c2-a582-05c849e707ab - - - - -] 127.0.0.1 "GET /v1/nodes/c1a56cb3-fcef-59d5-8105-7e6815154f70 HTTP/1.1" status: 200 len: 1752 time: 0.0331030
2017-05-24 02:59:32.570 5724 INFO eventlet.wsgi.server [req-caa5c740-1b3e-4d8a-95af-dcc37d1560fb - - - - -] 127.0.0.1 "GET /v1/nodes/e1369efa-5391-5035-8533-3a065c44a584 HTTP/1.1" status: 200 len: 1755 time: 0.0285671
2017-05-24 02:59:32.594 5724 INFO eventlet.wsgi.server [req-6b68a1fa-ba19-4b00-aa0f-a857e1938ef7 - - - - -] 127.0.0.1 "GET /v1/nodes/93494378-56ee-5e22-b6f0-e3be3a9ebdf1 HTTP/1.1" status: 200 len: 1748 time: 0.0230749
2017-05-24 02:59:34.209 5733 INFO eventlet.wsgi.server [req-ecb4cc7c-2710-40ed-8a5e-5a3162e979c2 - - - - -] 127.0.0.1 "GET /v1/nodes/c1a56cb3-fcef-59d5-8105-7e6815154f70 HTTP/1.1" status: 200 len: 1752 time: 0.0303938
2017-05-24 02:59:34.606 5724 INFO eventlet.wsgi.server [req-1a5ae274-9508-48da-b38a-4d1a159a4e0b - - - - -] 127.0.0.1 "GET /v1/nodes/e1369efa-5391-5035-8533-3a065c44a584 HTTP/1.1" status: 200 len: 1755 time: 0.0307770
2017-05-24 02:59:34.629 5724 INFO eventlet.wsgi.server [req-e4408947-1f2f-469f-94c9-0e8cbadcdc02 - - - - -] 127.0.0.1 "GET /v1/nodes/93494378-56ee-5e22-b6f0-e3be3a9ebdf1 HTTP/1.1" status: 200 len: 1748 time: 0.0219052
2017-05-24 02:59:36.247 5733 INFO eventlet.wsgi.server [req-a81dbe75-f428-4b0e-ab5c-b503098ad6cc - - - - -] 127.0.0.1 "GET /v1/nodes/c1a56cb3-fcef-59d5-8105-7e6815154f70 HTTP/1.1" status: 200 len: 1752 time: 0.0316310
2017-05-24 02:59:36.625 5724 INFO eventlet.wsgi.server [req-cee48e03-2e41-4cf3-b02e-0599efca2c44 - - - - -] 127.0.0.1 "GET /v1/nodes/e1369efa-5391-5035-8533-3a065c44a584 HTTP/1.1" status: 200 len: 1755 time: 0.0158288
2017-05-24 02:59:36.653 5724 INFO eventlet.wsgi.server [req-7d6dbadc-c176-4c1f-bcb2-806d49be9acb - - - - -] 127.0.0.1 "GET /v1/nodes/93494378-56ee-5e22-b6f0-e3be3a9ebdf1 HTTP/1.1" status: 200 len: 1748 time: 0.0146909
2017-05-24 02:59:38.289 5733 INFO eventlet.wsgi.server [req-1e587791-5142-4401-b619-ed1670370593 - - - - -] 127.0.0.1 "GET /v1/nodes/c1a56cb3-fcef-59d5-8105-7e6815154f70 HTTP/1.1" status: 200 len: 1752 time: 0.0349190
2017-05-24 02:59:38.658 5724 INFO eventlet.wsgi.server [req-d630645b-890b-45ef-ab24-a663caeb1e91 - - - - -] 127.0.0.1 "GET /v1/nodes/e1369efa-5391-5035-8533-3a065c44a584 HTTP/1.1" status: 200 len: 1755 time: 0.0281959
2017-05-24 02:59:38.687 5724 INFO eventlet.wsgi.server [req-201ae321-7cf1-44a3-a5f2-9e82406fab96 - - - - -] 127.0.0.1 "GET /v1/nodes/93494378-56ee-5e22-b6f0-e3be3a9ebdf1 HTTP/1.1" status: 200 len: 1748 time: 0.0259519
2017-05-24 02:59:40.330 5733 INFO eventlet.wsgi.server [req-f13e6d93-cf51-47c5-8785-057d3b55e193 - - - - -] 127.0.0.1 "GET /v1/nodes/c1a56cb3-fcef-59d5-8105-7e6815154f70 HTTP/1.1" status: 200 len: 1752 time: 0.0339732
2017-05-24 02:59:40.696 5724 INFO eventlet.wsgi.server [req-c63e7317-8a8c-4957-b8db-632064a7fe15 - - - - -] 127.0.0.1 "GET /v1/nodes/e1369efa-5391-5035-8533-3a065c44a584 HTTP/1.1" status: 200 len: 1755 time: 0.0314219
2017-05-24 02:59:40.722 5724 INFO eventlet.wsgi.server [req-b273f423-a3de-4838-9003-c196e78ad93b - - - - -] 127.0.0.1 "GET /v1/nodes/93494378-56ee-5e22-b6f0-e3be3a9ebdf1 HTTP/1.1" status: 200 len: 1748 time: 0.0244641
2017-05-24 02:59:42.365 5733 INFO eventlet.wsgi.server [req-6d2a2087-f99a-4334-ba5a-e0c756f28d4c - - - - -] 127.0.0.1 "GET /v1/nodes/c1a56cb3-fcef-59d5-8105-7e6815154f70 HTTP/1.1" status: 200 len: 1752 time: 0.0291982
2017-05-24 02:59:42.731 5724 INFO eventlet.wsgi.server [req-625e4ef9-20ea-4611-8317-b79a663c2f88 - - - - -] 127.0.0.1 "GET /v1/nodes/e1369efa-5391-5035-8533-3a065c44a584 HTTP/1.1" status: 200 len: 1755 time: 0.0299418
2017-05-24 02:59:42.755 5724 INFO eventlet.wsgi.server [req-14ee95dc-2dbd-48f8-bcd5-f41040e46066 - - - - -] 127.0.0.1 "GET /v1/nodes/93494378-56ee-5e22-b6f0-e3be3a9ebdf1 HTTP/1.1" status: 200 len: 1748 time: 0.0228989
2017-05-24 02:59:44.398 5733 INFO eventlet.wsgi.server [req-d1a5d348-e1d1-40fb-9779-a75e9724d666 - - - - -] 127.0.0.1 "GET /v1/nodes/c1a56cb3-fcef-59d5-8105-7e6815154f70 HTTP/1.1" status: 200 len: 1752 time: 0.0269191
2017-05-24 02:59:44.766 5724 INFO eventlet.wsgi.server [req-6cff8f9c-e3ea-41ea-a0a4-b28823fd5976 - - - - -] 127.0.0.1 "GET /v1/nodes/e1369efa-5391-5035-8533-3a065c44a584 HTTP/1.1" status: 200 len: 1755 time: 0.0277710
2017-05-24 02:59:44.789 5724 INFO eventlet.wsgi.server [req-acc08bd4-5bca-42ab-873e-c30142670023 - - - - -] 127.0.0.1 "GET /v1/nodes/93494378-56ee-5e22-b6f0-e3be3a9ebdf1 HTTP/1.1" status: 200 len: 1748 time: 0.0222139
2017-05-24 02:59:46.421 5733 INFO eventlet.wsgi.server [req-5109453d-c98e-4506-ad34-1a9c2cff0199 - - - - -] 127.0.0.1 "GET /v1/nodes/c1a56cb3-fcef-59d5-8105-7e6815154f70 HTTP/1.1" status: 200 len: 1752 time: 0.0183189
2017-05-24 02:59:46.802 5724 INFO eventlet.wsgi.server [req-a6d1b284-1f14-4913-a71d-67c398c219fc - - - - -] 127.0.0.1 "GET /v1/nodes/e1369efa-5391-5035-8533-3a065c44a584 HTTP/1.1" status: 200 len: 1755 time: 0.0281329
2017-05-24 02:59:46.829 5724 INFO eventlet.wsgi.server [req-c98c9d77-3a4c-4504-be7d-42e303651172 - - - - -] 127.0.0.1 "GET /v1/nodes/93494378-56ee-5e22-b6f0-e3be3a9ebdf1 HTTP/1.1" status: 200 len: 1748 time: 0.0258830
2017-05-24 02:59:48.456 5733 INFO eventlet.wsgi.server [req-71fe6514-507a-4d25-9a02-f542b378e58c - - - - -] 127.0.0.1 "GET /v1/nodes/c1a56cb3-fcef-59d5-8105-7e6815154f70 HTTP/1.1" status: 200 len: 1752 time: 0.0298171
2017-05-24 02:59:48.840 5724 INFO eventlet.wsgi.server [req-35e6296c-fb28-4eb8-88c7-4c4c6178e6cb - - - - -] 127.0.0.1 "GET /v1/nodes/e1369efa-5391-5035-8533-3a065c44a584 HTTP/1.1" status: 200 len: 1755 time: 0.0298269
2017-05-24 02:59:48.869 5724 INFO eventlet.wsgi.server [req-53331431-07b6-420d-acca-bbe9dc675c81 - - - - -] 127.0.0.1 "GET /v1/nodes/93494378-56ee-5e22-b6f0-e3be3a9ebdf1 HTTP/1.1" status: 200 len: 1748 time: 0.0285330
2017-05-24 02:59:50.482 5733 INFO eventlet.wsgi.server [req-20aaf75f-618c-425e-bd4f-58c1baffdf14 - - - - -] 127.0.0.1 "GET /v1/nodes/c1a56cb3-fcef-59d5-8105-7e6815154f70 HTTP/1.1" status: 200 len: 1752 time: 0.0191019
2017-05-24 02:59:50.879 5724 INFO eventlet.wsgi.server [req-737c1375-d8b1-48d7-a9b6-15f832ccf74d - - - - -] 127.0.0.1 "GET /v1/nodes/e1369efa-5391-5035-8533-3a065c44a584 HTTP/1.1" status: 200 len: 1755 time: 0.0329208
2017-05-24 02:59:50.905 5724 INFO eventlet.wsgi.server [req-67a64660-f395-4871-b713-3d5176bd02b5 - - - - -] 127.0.0.1 "GET /v1/nodes/93494378-56ee-5e22-b6f0-e3be3a9ebdf1 HTTP/1.1" status: 200 len: 1748 time: 0.0251191
2017-05-24 02:59:52.509 5733 INFO eventlet.wsgi.server [req-de97adaf-87aa-4062-9821-07e92dd6b710 - - - - -] 127.0.0.1 "GET /v1/nodes/c1a56cb3-fcef-59d5-8105-7e6815154f70 HTTP/1.1" status: 200 len: 1752 time: 0.0233428
2017-05-24 02:59:52.912 5724 INFO eventlet.wsgi.server [req-d81ba91e-c6ee-4955-8f9c-e47e83427f94 - - - - -] 127.0.0.1 "GET /v1/nodes/e1369efa-5391-5035-8533-3a065c44a584 HTTP/1.1" status: 200 len: 1755 time: 0.0275030
2017-05-24 02:59:52.936 5724 INFO eventlet.wsgi.server [req-8102782d-a74f-4d8d-9421-e62eac7bf1f6 - - - - -] 127.0.0.1 "GET /v1/nodes/93494378-56ee-5e22-b6f0-e3be3a9ebdf1 HTTP/1.1" status: 200 len: 1748 time: 0.0235121
2017-05-24 02:59:54.545 5733 INFO eventlet.wsgi.server [req-e976242a-665d-4989-83d4-b8044d525a58 - - - - -] 127.0.0.1 "GET /v1/nodes/c1a56cb3-fcef-59d5-8105-7e6815154f70 HTTP/1.1" status: 200 len: 1752 time: 0.0291128
2017-05-24 02:59:54.949 5724 INFO eventlet.wsgi.server [req-053cdef3-86f4-44cb-be58-113621c96f31 - - - - -] 127.0.0.1 "GET /v1/nodes/e1369efa-5391-5035-8533-3a065c44a584 HTTP/1.1" status: 200 len: 1755 time: 0.0307589
2017-05-24 02:59:54.972 5724 INFO eventlet.wsgi.server [req-1a0bd1ca-bdc6-43af-ac59-9c55efcece66 - - - - -] 127.0.0.1 "GET /v1/nodes/93494378-56ee-5e22-b6f0-e3be3a9ebdf1 HTTP/1.1" status: 200 len: 1748 time: 0.0226388
2017-05-24 02:59:56.582 5733 INFO eventlet.wsgi.server [req-c11774c4-5b40-4d09-8d38-936a7f9016ed - - - - -] 127.0.0.1 "GET /v1/nodes/c1a56cb3-fcef-59d5-8105-7e6815154f70 HTTP/1.1" status: 200 len: 1752 time: 0.0315170
2017-05-24 02:59:56.985 5724 INFO eventlet.wsgi.server [req-10f7a13a-5830-4039-b602-e5da5ab96ccb - - - - -] 127.0.0.1 "GET /v1/nodes/e1369efa-5391-5035-8533-3a065c44a584 HTTP/1.1" status: 200 len: 1755 time: 0.0309830
2017-05-24 02:59:57.009 5724 INFO eventlet.wsgi.server [req-7991a6ae-f7bf-402a-a0c7-ce0eb794b22e - - - - -] 127.0.0.1 "GET /v1/nodes/93494378-56ee-5e22-b6f0-e3be3a9ebdf1 HTTP/1.1" status: 200 len: 1748 time: 0.0222678
2017-05-24 02:59:58.616 5733 INFO eventlet.wsgi.server [req-56ada663-a1a5-4448-90a6-635605b46906 - - - - -] 127.0.0.1 "GET /v1/nodes/c1a56cb3-fcef-59d5-8105-7e6815154f70 HTTP/1.1" status: 200 len: 1752 time: 0.0288639
2017-05-24 02:59:59.023 5724 INFO eventlet.wsgi.server [req-2a3783ed-014d-4476-bea2-407778ff503b - - - - -] 127.0.0.1 "GET /v1/nodes/e1369efa-5391-5035-8533-3a065c44a584 HTTP/1.1" status: 200 len: 1755 time: 0.0319021
2017-05-24 02:59:59.050 5724 INFO eventlet.wsgi.server [req-8332cb54-efd1-44f9-98dc-c9d1bc8b549a - - - - -] 127.0.0.1 "GET /v1/nodes/93494378-56ee-5e22-b6f0-e3be3a9ebdf1 HTTP/1.1" status: 200 len: 1748 time: 0.0257919
2017-05-24 03:00:00.650 5733 INFO eventlet.wsgi.server [req-bd21eb22-7c8f-47a4-992d-ff500f4ebdc0 - - - - -] 127.0.0.1 "GET /v1/nodes/c1a56cb3-fcef-59d5-8105-7e6815154f70 HTTP/1.1" status: 200 len: 1752 time: 0.0294719
2017-05-24 03:00:01.059 5724 INFO eventlet.wsgi.server [req-429ff1d8-7904-470e-a227-47b1f751d1b4 - - - - -] 127.0.0.1 "GET /v1/nodes/e1369efa-5391-5035-8533-3a065c44a584 HTTP/1.1" status: 200 len: 1755 time: 0.0309870
2017-05-24 03:00:01.084 5724 INFO eventlet.wsgi.server [req-8a66b516-1ec2-4a92-8b11-20d1b53c6bd4 - - - - -] 127.0.0.1 "GET /v1/nodes/93494378-56ee-5e22-b6f0-e3be3a9ebdf1 HTTP/1.1" status: 200 len: 1748 time: 0.0233490
2017-05-24 03:00:02.683 5733 INFO eventlet.wsgi.server [req-c1f70ce1-e0b3-43d3-81a7-8194617fa1b6 - - - - -] 127.0.0.1 "GET /v1/nodes/c1a56cb3-fcef-59d5-8105-7e6815154f70 HTTP/1.1" status: 200 len: 1752 time: 0.0281131
2017-05-24 03:00:03.094 5724 INFO eventlet.wsgi.server [req-1c05a635-6e22-4a0f-a65b-36ee561aa8e7 - - - - -] 127.0.0.1 "GET /v1/nodes/e1369efa-5391-5035-8533-3a065c44a584 HTTP/1.1" status: 200 len: 1755 time: 0.0301781
2017-05-24 03:00:03.113 5724 INFO eventlet.wsgi.server [req-d0c288ee-4253-4311-bcf1-b1dda01ee3b0 - - - - -] 127.0.0.1 "GET /v1/nodes/93494378-56ee-5e22-b6f0-e3be3a9ebdf1 HTTP/1.1" status: 200 len: 1748 time: 0.0184548
2017-05-24 03:00:04.715 5733 INFO eventlet.wsgi.server [req-2ff23095-3630-4495-92d4-75fc53be7f94 - - - - -] 127.0.0.1 "GET /v1/nodes/c1a56cb3-fcef-59d5-8105-7e6815154f70 HTTP/1.1" status: 200 len: 1752 time: 0.0263669
2017-05-24 03:00:05.129 5724 INFO eventlet.wsgi.server [req-fa6af0a8-e1e3-4375-91dc-40e9b5561c16 - - - - -] 127.0.0.1 "GET /v1/nodes/e1369efa-5391-5035-8533-3a065c44a584 HTTP/1.1" status: 200 len: 1755 time: 0.0304432
2017-05-24 03:00:05.156 5724 INFO eventlet.wsgi.server [req-1b3fcb2e-fb95-4afb-91d9-323f3105c927 - - - - -] 127.0.0.1 "GET /v1/nodes/93494378-56ee-5e22-b6f0-e3be3a9ebdf1 HTTP/1.1" status: 200 len: 1748 time: 0.0260351
2017-05-24 03:00:06.748 5733 INFO eventlet.wsgi.server [req-d7789ec4-2b1b-46c2-9083-85a9b605a6ad - - - - -] 127.0.0.1 "GET /v1/nodes/c1a56cb3-fcef-59d5-8105-7e6815154f70 HTTP/1.1" status: 200 len: 1752 time: 0.0260541
2017-05-24 03:00:07.166 5724 INFO eventlet.wsgi.server [req-e40f7119-c945-4825-a2d2-15b455f3e5b7 - - - - -] 127.0.0.1 "GET /v1/nodes/e1369efa-5391-5035-8533-3a065c44a584 HTTP/1.1" status: 200 len: 1755 time: 0.0314250
2017-05-24 03:00:07.192 5724 INFO eventlet.wsgi.server [req-5c25dfe3-6dec-438b-a478-fce264f496ec - - - - -] 127.0.0.1 "GET /v1/nodes/93494378-56ee-5e22-b6f0-e3be3a9ebdf1 HTTP/1.1" status: 200 len: 1748 time: 0.0250828
2017-05-24 03:00:08.783 5733 INFO eventlet.wsgi.server [req-3f9358ff-39a5-4642-868c-dfdfb736bb2e - - - - -] 127.0.0.1 "GET /v1/nodes/c1a56cb3-fcef-59d5-8105-7e6815154f70 HTTP/1.1" status: 200 len: 1752 time: 0.0285780
2017-05-24 03:00:09.200 5724 INFO eventlet.wsgi.server [req-df1ecfe4-7b2a-4e9c-abe0-2a9692048890 - - - - -] 127.0.0.1 "GET /v1/nodes/e1369efa-5391-5035-8533-3a065c44a584 HTTP/1.1" status: 200 len: 1755 time: 0.0288930
2017-05-24 03:00:09.225 5724 INFO eventlet.wsgi.server [req-0c956842-90f0-4a65-9a56-955501c43c4f - - - - -] 127.0.0.1 "GET /v1/nodes/93494378-56ee-5e22-b6f0-e3be3a9ebdf1 HTTP/1.1" status: 200 len: 1748 time: 0.0247550
2017-05-24 03:00:10.823 5733 INFO eventlet.wsgi.server [req-aa8334e4-cccb-40ad-97cd-7a1f0f631c6e - - - - -] 127.0.0.1 "GET /v1/nodes/c1a56cb3-fcef-59d5-8105-7e6815154f70 HTTP/1.1" status: 200 len: 1752 time: 0.0319059
2017-05-24 03:00:11.241 5724 INFO eventlet.wsgi.server [req-b500f27c-fb45-4d3e-9d0f-14ab3faff8af - - - - -] 127.0.0.1 "GET /v1/nodes/e1369efa-5391-5035-8533-3a065c44a584 HTTP/1.1" status: 200 len: 1755 time: 0.0358899
2017-05-24 03:00:11.267 5724 INFO eventlet.wsgi.server [req-a2ea8f27-4bf0-42cc-8c5b-d9a9e72f04fc - - - - -] 127.0.0.1 "GET /v1/nodes/93494378-56ee-5e22-b6f0-e3be3a9ebdf1 HTTP/1.1" status: 200 len: 1748 time: 0.0246999
2017-05-24 03:00:12.858 5733 INFO eventlet.wsgi.server [req-32ad38d3-b887-4360-940c-078d68340f4d - - - - -] 127.0.0.1 "GET /v1/nodes/c1a56cb3-fcef-59d5-8105-7e6815154f70 HTTP/1.1" status: 200 len: 1752 time: 0.0297110
2017-05-24 03:00:13.277 5724 INFO eventlet.wsgi.server [req-2a03258d-60e3-477c-b25f-12dc5cd35f29 - - - - -] 127.0.0.1 "GET /v1/nodes/e1369efa-5391-5035-8533-3a065c44a584 HTTP/1.1" status: 200 len: 1755 time: 0.0301502
2017-05-24 03:00:13.304 5724 INFO eventlet.wsgi.server [req-bd2f5f9a-e17f-4bbb-87ed-48282a9a510c - - - - -] 127.0.0.1 "GET /v1/nodes/93494378-56ee-5e22-b6f0-e3be3a9ebdf1 HTTP/1.1" status: 200 len: 1748 time: 0.0258172
2017-05-24 03:00:14.894 5733 INFO eventlet.wsgi.server [req-b37452b0-e68f-4e25-958a-f2e45c58ffa5 - - - - -] 127.0.0.1 "GET /v1/nodes/c1a56cb3-fcef-59d5-8105-7e6815154f70 HTTP/1.1" status: 200 len: 1752 time: 0.0291739
2017-05-24 03:00:15.315 5724 INFO eventlet.wsgi.server [req-0dad8696-4409-4947-9c25-b6b811e5046b - - - - -] 127.0.0.1 "GET /v1/nodes/e1369efa-5391-5035-8533-3a065c44a584 HTTP/1.1" status: 200 len: 1755 time: 0.0323060
2017-05-24 03:00:15.342 5724 INFO eventlet.wsgi.server [req-65eef507-fc08-4945-b044-e0770ca46779 - - - - -] 127.0.0.1 "GET /v1/nodes/93494378-56ee-5e22-b6f0-e3be3a9ebdf1 HTTP/1.1" status: 200 len: 1748 time: 0.0261350
2017-05-24 03:00:16.508 5723 INFO eventlet.wsgi.server [req-7865a553-b398-489f-9722-0d2560a9821a - - - - -] 127.0.0.1 "GET /v1/nodes HTTP/1.1" status: 200 len: 1477 time: 0.0550721
2017-05-24 03:00:16.931 5733 INFO eventlet.wsgi.server [req-185a6ea0-d4df-4f43-b18d-56797246bcc1 - - - - -] 127.0.0.1 "GET /v1/nodes/c1a56cb3-fcef-59d5-8105-7e6815154f70 HTTP/1.1" status: 200 len: 1752 time: 0.0307810
2017-05-24 03:00:17.351 5724 INFO eventlet.wsgi.server [req-11b599a6-8444-4b92-a2ac-0bc448b653d6 - - - - -] 127.0.0.1 "GET /v1/nodes/e1369efa-5391-5035-8533-3a065c44a584 HTTP/1.1" status: 200 len: 1755 time: 0.0337400
2017-05-24 03:00:17.375 5724 INFO eventlet.wsgi.server [req-d5cbf678-f58a-46b1-a94e-6242c48ecc87 - - - - -] 127.0.0.1 "GET /v1/nodes/93494378-56ee-5e22-b6f0-e3be3a9ebdf1 HTTP/1.1" status: 200 len: 1748 time: 0.0229599
2017-05-24 03:00:18.961 5733 INFO eventlet.wsgi.server [req-f49ffcaa-c4be-4f52-a1f6-262d3cd9e46d - - - - -] 127.0.0.1 "GET /v1/nodes/c1a56cb3-fcef-59d5-8105-7e6815154f70 HTTP/1.1" status: 200 len: 1752 time: 0.0249982
2017-05-24 03:00:19.389 5724 INFO eventlet.wsgi.server [req-f30a50ff-cf2a-4310-9427-b4996c92cad0 - - - - -] 127.0.0.1 "GET /v1/nodes/e1369efa-5391-5035-8533-3a065c44a584 HTTP/1.1" status: 200 len: 1755 time: 0.0291231
2017-05-24 03:00:19.412 5724 INFO eventlet.wsgi.server [req-4d62cd9e-7d6d-46a7-b0ea-bea3e9c37867 - - - - -] 127.0.0.1 "GET /v1/nodes/93494378-56ee-5e22-b6f0-e3be3a9ebdf1 HTTP/1.1" status: 200 len: 1748 time: 0.0214911
2017-05-24 03:00:20.995 5733 INFO eventlet.wsgi.server [req-0c93f200-9baf-4600-91ea-a621e1d3f857 - - - - -] 127.0.0.1 "GET /v1/nodes/c1a56cb3-fcef-59d5-8105-7e6815154f70 HTTP/1.1" status: 200 len: 1752 time: 0.0286009
2017-05-24 03:00:21.421 5724 INFO eventlet.wsgi.server [req-560cdf59-a742-4a3b-843c-c8428b3a220c - - - - -] 127.0.0.1 "GET /v1/nodes/e1369efa-5391-5035-8533-3a065c44a584 HTTP/1.1" status: 200 len: 1755 time: 0.0277269
2017-05-24 03:00:21.442 5724 INFO eventlet.wsgi.server [req-f22e6410-4d37-414f-aa2a-d28ab455da34 - - - - -] 127.0.0.1 "GET /v1/nodes/93494378-56ee-5e22-b6f0-e3be3a9ebdf1 HTTP/1.1" status: 200 len: 1748 time: 0.0204930
2017-05-24 03:00:23.029 5733 INFO eventlet.wsgi.server [req-b9115891-171e-4945-9b8a-32d217ddaee8 - - - - -] 127.0.0.1 "GET /v1/nodes/c1a56cb3-fcef-59d5-8105-7e6815154f70 HTTP/1.1" status: 200 len: 1752 time: 0.0283771
2017-05-24 03:00:23.460 5724 INFO eventlet.wsgi.server [req-0f1f8c06-3e4a-4a83-9627-e78df3be8171 - - - - -] 127.0.0.1 "GET /v1/nodes/e1369efa-5391-5035-8533-3a065c44a584 HTTP/1.1" status: 200 len: 1755 time: 0.0344732
2017-05-24 03:00:23.483 5724 INFO eventlet.wsgi.server [req-bcf478da-7e13-46f4-b43d-ef73a9d7afba - - - - -] 127.0.0.1 "GET /v1/nodes/93494378-56ee-5e22-b6f0-e3be3a9ebdf1 HTTP/1.1" status: 200 len: 1748 time: 0.0214751
2017-05-24 03:00:25.073 5733 INFO eventlet.wsgi.server [req-6092208b-2e71-4c34-be78-62d59a95010b - - - - -] 127.0.0.1 "GET /v1/nodes/c1a56cb3-fcef-59d5-8105-7e6815154f70 HTTP/1.1" status: 200 len: 1752 time: 0.0353861
2017-05-24 03:00:25.501 5724 INFO eventlet.wsgi.server [req-9c1c8ca5-7939-489b-81df-5d9131b9d2de - - - - -] 127.0.0.1 "GET /v1/nodes/e1369efa-5391-5035-8533-3a065c44a584 HTTP/1.1" status: 200 len: 1755 time: 0.0342379
2017-05-24 03:00:25.512 5724 INFO eventlet.wsgi.server [req-723e971d-9060-4649-ae21-5b6e0c82c776 - - - - -] 127.0.0.1 "GET /v1/nodes/93494378-56ee-5e22-b6f0-e3be3a9ebdf1 HTTP/1.1" status: 200 len: 1748 time: 0.0240569
2017-05-24 03:00:27.109 5733 INFO eventlet.wsgi.server [req-f027d992-3170-4aa6-bf85-2b9996934aac - - - - -] 127.0.0.1 "GET /v1/nodes/c1a56cb3-fcef-59d5-8105-7e6815154f70 HTTP/1.1" status: 200 len: 1752 time: 0.0306480
2017-05-24 03:00:27.536 5724 INFO eventlet.wsgi.server [req-b8abb4d7-15db-42ab-9553-a0a2891a12af - - - - -] 127.0.0.1 "GET /v1/nodes/e1369efa-5391-5035-8533-3a065c44a584 HTTP/1.1" status: 200 len: 1755 time: 0.0300949
2017-05-24 03:00:27.564 5724 INFO eventlet.wsgi.server [req-13fb1b9b-d930-402b-88c6-3b0b60ac6387 - - - - -] 127.0.0.1 "GET /v1/nodes/93494378-56ee-5e22-b6f0-e3be3a9ebdf1 HTTP/1.1" status: 200 len: 1748 time: 0.0275731
2017-05-24 03:00:29.140 5733 INFO eventlet.wsgi.server [req-df6ed6f0-76a9-46d9-a0f4-6697fe26b4e3 - - - - -] 127.0.0.1 "GET /v1/nodes/c1a56cb3-fcef-59d5-8105-7e6815154f70 HTTP/1.1" status: 200 len: 1752 time: 0.0275841
2017-05-24 03:00:29.569 5724 INFO eventlet.wsgi.server [req-6d415c73-76c0-415c-9b8e-01a3385de4d7 - - - - -] 127.0.0.1 "GET /v1/nodes/e1369efa-5391-5035-8533-3a065c44a584 HTTP/1.1" status: 200 len: 1755 time: 0.0288160
2017-05-24 03:00:29.593 5724 INFO eventlet.wsgi.server [req-63c1312d-634b-4c38-a4fc-261e22895626 - - - - -] 127.0.0.1 "GET /v1/nodes/93494378-56ee-5e22-b6f0-e3be3a9ebdf1 HTTP/1.1" status: 200 len: 1748 time: 0.0228529
2017-05-24 03:00:31.160 5733 INFO eventlet.wsgi.server [req-0762baa2-a4c9-46a3-983c-e711a67b2a3f - - - - -] 127.0.0.1 "GET /v1/nodes/c1a56cb3-fcef-59d5-8105-7e6815154f70 HTTP/1.1" status: 200 len: 1752 time: 0.0159299
2017-05-24 03:00:31.605 5724 INFO eventlet.wsgi.server [req-aa6a4443-5c09-42e1-a47f-f005d3f5c63f - - - - -] 127.0.0.1 "GET /v1/nodes/e1369efa-5391-5035-8533-3a065c44a584 HTTP/1.1" status: 200 len: 1755 time: 0.0287120
2017-05-24 03:00:31.627 5724 INFO eventlet.wsgi.server [req-82ca44fb-5deb-4887-ab09-0009ff29bbbb - - - - -] 127.0.0.1 "GET /v1/nodes/93494378-56ee-5e22-b6f0-e3be3a9ebdf1 HTTP/1.1" status: 200 len: 1748 time: 0.0213780
2017-05-24 03:00:33.196 5733 INFO eventlet.wsgi.server [req-9d76558a-5c9e-46e0-a74e-cb2950c7a5f8 - - - - -] 127.0.0.1 "GET /v1/nodes/c1a56cb3-fcef-59d5-8105-7e6815154f70 HTTP/1.1" status: 200 len: 1752 time: 0.0298221
2017-05-24 03:00:33.641 5724 INFO eventlet.wsgi.server [req-4aeb923e-0613-4ec1-b839-dba9463f9d7d - - - - -] 127.0.0.1 "GET /v1/nodes/e1369efa-5391-5035-8533-3a065c44a584 HTTP/1.1" status: 200 len: 1755 time: 0.0303519
2017-05-24 03:00:33.667 5724 INFO eventlet.wsgi.server [req-88199bf4-51ab-4015-a734-aac1d54d8bba - - - - -] 127.0.0.1 "GET /v1/nodes/93494378-56ee-5e22-b6f0-e3be3a9ebdf1 HTTP/1.1" status: 200 len: 1748 time: 0.0255141
2017-05-24 03:00:35.229 5733 INFO eventlet.wsgi.server [req-02d1d24f-707b-4b44-8717-1da46eb69fbc - - - - -] 127.0.0.1 "GET /v1/nodes/c1a56cb3-fcef-59d5-8105-7e6815154f70 HTTP/1.1" status: 200 len: 1752 time: 0.0279860
2017-05-24 03:00:35.673 5724 INFO eventlet.wsgi.server [req-fd8aab6d-45cc-4045-88ed-10136382ab23 - - - - -] 127.0.0.1 "GET /v1/nodes/e1369efa-5391-5035-8533-3a065c44a584 HTTP/1.1" status: 200 len: 1755 time: 0.0278511
2017-05-24 03:00:35.696 5724 INFO eventlet.wsgi.server [req-3ba3c02a-6b14-491c-9a7d-21b7c2fdf673 - - - - -] 127.0.0.1 "GET /v1/nodes/93494378-56ee-5e22-b6f0-e3be3a9ebdf1 HTTP/1.1" status: 200 len: 1748 time: 0.0214980
2017-05-24 03:00:37.249 5733 INFO eventlet.wsgi.server [req-8624fe3b-d32d-4646-ab01-dc48b1711d70 - - - - -] 127.0.0.1 "GET /v1/nodes/c1a56cb3-fcef-59d5-8105-7e6815154f70 HTTP/1.1" status: 200 len: 1752 time: 0.0159490
2017-05-24 03:00:37.707 5724 INFO eventlet.wsgi.server [req-920f6ad3-3855-4217-a69a-ae1f6cbfcc05 - - - - -] 127.0.0.1 "GET /v1/nodes/e1369efa-5391-5035-8533-3a065c44a584 HTTP/1.1" status: 200 len: 1755 time: 0.0287111
2017-05-24 03:00:37.737 5724 INFO eventlet.wsgi.server [req-bdf49aec-921d-4e53-9b1c-d159e8c19a3f - - - - -] 127.0.0.1 "GET /v1/nodes/93494378-56ee-5e22-b6f0-e3be3a9ebdf1 HTTP/1.1" status: 200 len: 1748 time: 0.0285501
2017-05-24 03:00:39.284 5733 INFO eventlet.wsgi.server [req-0d9c3508-b0cf-450a-a581-89a5c3af853e - - - - -] 127.0.0.1 "GET /v1/nodes/c1a56cb3-fcef-59d5-8105-7e6815154f70 HTTP/1.1" status: 200 len: 1752 time: 0.0296340
2017-05-24 03:00:39.744 5724 INFO eventlet.wsgi.server [req-13f293df-bcd6-4998-b45a-f345df22380d - - - - -] 127.0.0.1 "GET /v1/nodes/e1369efa-5391-5035-8533-3a065c44a584 HTTP/1.1" status: 200 len: 1755 time: 0.0320570
2017-05-24 03:00:39.770 5724 INFO eventlet.wsgi.server [req-fa104bbd-5164-4c4c-96f9-2d1c010a6111 - - - - -] 127.0.0.1 "GET /v1/nodes/93494378-56ee-5e22-b6f0-e3be3a9ebdf1 HTTP/1.1" status: 200 len: 1748 time: 0.0247688
2017-05-24 03:00:41.317 5733 INFO eventlet.wsgi.server [req-deaaa891-d4b5-4284-9fad-4d5ee3898c38 - - - - -] 127.0.0.1 "GET /v1/nodes/c1a56cb3-fcef-59d5-8105-7e6815154f70 HTTP/1.1" status: 200 len: 1752 time: 0.0262308
2017-05-24 03:00:41.775 5724 INFO eventlet.wsgi.server [req-f66a2244-201a-48d2-bda8-9db551080249 - - - - -] 127.0.0.1 "GET /v1/nodes/e1369efa-5391-5035-8533-3a065c44a584 HTTP/1.1" status: 200 len: 1755 time: 0.0240309
2017-05-24 03:00:41.799 5724 INFO eventlet.wsgi.server [req-257791d0-fd2c-442e-a96c-7e0b527f3e5e - - - - -] 127.0.0.1 "GET /v1/nodes/93494378-56ee-5e22-b6f0-e3be3a9ebdf1 HTTP/1.1" status: 200 len: 1748 time: 0.0230751
2017-05-24 03:00:43.352 5733 INFO eventlet.wsgi.server [req-4481e2eb-9a6d-4854-a434-f980af3f2fe4 - - - - -] 127.0.0.1 "GET /v1/nodes/c1a56cb3-fcef-59d5-8105-7e6815154f70 HTTP/1.1" status: 200 len: 1752 time: 0.0296121
2017-05-24 03:00:43.812 5724 INFO eventlet.wsgi.server [req-9138cd0a-ad59-4622-8ea5-a832c3257d66 - - - - -] 127.0.0.1 "GET /v1/nodes/e1369efa-5391-5035-8533-3a065c44a584 HTTP/1.1" status: 200 len: 1755 time: 0.0309219
2017-05-24 03:00:43.837 5724 INFO eventlet.wsgi.server [req-cac697d4-9513-42fd-b8b3-cc7af543391a - - - - -] 127.0.0.1 "GET /v1/nodes/93494378-56ee-5e22-b6f0-e3be3a9ebdf1 HTTP/1.1" status: 200 len: 1748 time: 0.0240641
2017-05-24 03:00:45.388 5733 INFO eventlet.wsgi.server [req-1d4b9980-e30a-4a7b-bc0d-bd0e250d2abc - - - - -] 127.0.0.1 "GET /v1/nodes/c1a56cb3-fcef-59d5-8105-7e6815154f70 HTTP/1.1" status: 200 len: 1752 time: 0.0298669
2017-05-24 03:00:45.848 5724 INFO eventlet.wsgi.server [req-c0bb3cfb-4e1d-4865-871a-49422b20021a - - - - -] 127.0.0.1 "GET /v1/nodes/e1369efa-5391-5035-8533-3a065c44a584 HTTP/1.1" status: 200 len: 1755 time: 0.0290291
2017-05-24 03:00:45.877 5724 INFO eventlet.wsgi.server [req-535a4982-b06a-4139-b669-4b9711d7c249 - - - - -] 127.0.0.1 "GET /v1/nodes/93494378-56ee-5e22-b6f0-e3be3a9ebdf1 HTTP/1.1" status: 200 len: 1748 time: 0.0273530
2017-05-24 03:00:47.421 5733 INFO eventlet.wsgi.server [req-3cc8cfcb-aced-48f6-b861-7547d71cde21 - - - - -] 127.0.0.1 "GET /v1/nodes/c1a56cb3-fcef-59d5-8105-7e6815154f70 HTTP/1.1" status: 200 len: 1752 time: 0.0283611
2017-05-24 03:00:47.887 5724 INFO eventlet.wsgi.server [req-cac08064-d654-49dc-a881-e786c25e56d9 - - - - -] 127.0.0.1 "GET /v1/nodes/e1369efa-5391-5035-8533-3a065c44a584 HTTP/1.1" status: 200 len: 1755 time: 0.0338082
2017-05-24 03:00:47.909 5724 INFO eventlet.wsgi.server [req-6a66868a-287f-4632-bc2a-5be0aff25a9d - - - - -] 127.0.0.1 "GET /v1/nodes/93494378-56ee-5e22-b6f0-e3be3a9ebdf1 HTTP/1.1" status: 200 len: 1748 time: 0.0217149
2017-05-24 03:00:49.451 5733 INFO eventlet.wsgi.server [req-b2e37055-2abd-421f-a816-2474f639261b - - - - -] 127.0.0.1 "GET /v1/nodes/c1a56cb3-fcef-59d5-8105-7e6815154f70 HTTP/1.1" status: 200 len: 1752 time: 0.0253782
2017-05-24 03:00:49.920 5724 INFO eventlet.wsgi.server [req-f2df7cfa-f3aa-49c5-9d8e-494a13bf546e - - - - -] 127.0.0.1 "GET /v1/nodes/e1369efa-5391-5035-8533-3a065c44a584 HTTP/1.1" status: 200 len: 1755 time: 0.0295038
2017-05-24 03:00:49.944 5724 INFO eventlet.wsgi.server [req-d44d3694-512e-4325-86ea-f362c89a1a79 - - - - -] 127.0.0.1 "GET /v1/nodes/93494378-56ee-5e22-b6f0-e3be3a9ebdf1 HTTP/1.1" status: 200 len: 1748 time: 0.0222151
2017-05-24 03:00:51.482 5733 INFO eventlet.wsgi.server [req-f671fb84-587b-4edf-91a5-60476bb3e075 - - - - -] 127.0.0.1 "GET /v1/nodes/c1a56cb3-fcef-59d5-8105-7e6815154f70 HTTP/1.1" status: 200 len: 1752 time: 0.0269361
2017-05-24 03:00:51.944 5724 INFO eventlet.wsgi.server [req-571af035-94aa-4edc-adb4-f9d4c6ce2e33 - - - - -] 127.0.0.1 "GET /v1/nodes/e1369efa-5391-5035-8533-3a065c44a584 HTTP/1.1" status: 200 len: 1755 time: 0.0192060
2017-05-24 03:00:51.964 5724 INFO eventlet.wsgi.server [req-b4a7c7c2-8585-40cf-b6c8-6083b1822c55 - - - - -] 127.0.0.1 "GET /v1/nodes/93494378-56ee-5e22-b6f0-e3be3a9ebdf1 HTTP/1.1" status: 200 len: 1748 time: 0.0167952
2017-05-24 03:00:53.516 5733 INFO eventlet.wsgi.server [req-fa3e17fe-5567-48dd-9c7e-70a520012297 - - - - -] 127.0.0.1 "GET /v1/nodes/c1a56cb3-fcef-59d5-8105-7e6815154f70 HTTP/1.1" status: 200 len: 1752 time: 0.0285192
2017-05-24 03:00:53.962 5724 INFO eventlet.wsgi.server [req-f6035cc8-e748-4766-a817-b4d45ec35202 - - - - -] 127.0.0.1 "GET /v1/nodes/e1369efa-5391-5035-8533-3a065c44a584 HTTP/1.1" status: 200 len: 1755 time: 0.0142441
2017-05-24 03:00:53.981 5724 INFO eventlet.wsgi.server [req-b2f6f119-cd84-493c-b31f-50d5fab8e69c - - - - -] 127.0.0.1 "GET /v1/nodes/93494378-56ee-5e22-b6f0-e3be3a9ebdf1 HTTP/1.1" status: 200 len: 1748 time: 0.0130680
2017-05-24 03:00:55.554 5733 INFO eventlet.wsgi.server [req-e8aa5496-eb59-4d28-b65e-ec2585ba0fad - - - - -] 127.0.0.1 "GET /v1/nodes/c1a56cb3-fcef-59d5-8105-7e6815154f70 HTTP/1.1" status: 200 len: 1752 time: 0.0314231
2017-05-24 03:00:55.997 5724 INFO eventlet.wsgi.server [req-c7b8ca68-63be-401f-b047-4e6d6ec75bfe - - - - -] 127.0.0.1 "GET /v1/nodes/e1369efa-5391-5035-8533-3a065c44a584 HTTP/1.1" status: 200 len: 1755 time: 0.0291140
2017-05-24 03:00:56.019 5724 INFO eventlet.wsgi.server [req-21088902-536b-4d9e-a33c-76692f455e5b - - - - -] 127.0.0.1 "GET /v1/nodes/93494378-56ee-5e22-b6f0-e3be3a9ebdf1 HTTP/1.1" status: 200 len: 1748 time: 0.0206921
2017-05-24 03:00:57.586 5733 INFO eventlet.wsgi.server [req-da33ee69-d6b6-4f22-b02b-844fb66cd72b - - - - -] 127.0.0.1 "GET /v1/nodes/c1a56cb3-fcef-59d5-8105-7e6815154f70 HTTP/1.1" status: 200 len: 1752 time: 0.0271950
2017-05-24 03:00:58.015 5724 INFO eventlet.wsgi.server [req-177c822c-6af1-4c2a-9fb6-2caef9793f1e - - - - -] 127.0.0.1 "GET /v1/nodes/e1369efa-5391-5035-8533-3a065c44a584 HTTP/1.1" status: 200 len: 1755 time: 0.0140002
2017-05-24 03:00:58.036 5724 INFO eventlet.wsgi.server [req-67f837b2-d605-4e78-a07a-fff1776a1ec2 - - - - -] 127.0.0.1 "GET /v1/nodes/93494378-56ee-5e22-b6f0-e3be3a9ebdf1 HTTP/1.1" status: 200 len: 1748 time: 0.0124500
2017-05-24 03:00:59.622 5733 INFO eventlet.wsgi.server [req-add47849-9778-455b-b38e-2a92217864d3 - - - - -] 127.0.0.1 "GET /v1/nodes/c1a56cb3-fcef-59d5-8105-7e6815154f70 HTTP/1.1" status: 200 len: 1752 time: 0.0293651
2017-05-24 03:01:00.039 5724 INFO eventlet.wsgi.server [req-66e78064-2157-4b50-a9b1-f812d497a020 - - - - -] 127.0.0.1 "GET /v1/nodes/e1369efa-5391-5035-8533-3a065c44a584 HTTP/1.1" status: 200 len: 1755 time: 0.0184901
2017-05-24 03:01:00.066 5724 INFO eventlet.wsgi.server [req-b6724a93-1449-4aaf-8843-028b6762ce4b - - - - -] 127.0.0.1 "GET /v1/nodes/93494378-56ee-5e22-b6f0-e3be3a9ebdf1 HTTP/1.1" status: 200 len: 1748 time: 0.0262270
2017-05-24 03:01:01.652 5733 INFO eventlet.wsgi.server [req-6b908bd3-b4ee-4197-a34a-ba39dfcc722c - - - - -] 127.0.0.1 "GET /v1/nodes/c1a56cb3-fcef-59d5-8105-7e6815154f70 HTTP/1.1" status: 200 len: 1752 time: 0.0250609
2017-05-24 03:01:02.073 5724 INFO eventlet.wsgi.server [req-41d58fe7-6778-46bc-84f0-2d44022f05f3 - - - - -] 127.0.0.1 "GET /v1/nodes/e1369efa-5391-5035-8533-3a065c44a584 HTTP/1.1" status: 200 len: 1755 time: 0.0289299
2017-05-24 03:01:02.099 5724 INFO eventlet.wsgi.server [req-3112c252-bfbc-41dd-acdb-e21224c28c62 - - - - -] 127.0.0.1 "GET /v1/nodes/93494378-56ee-5e22-b6f0-e3be3a9ebdf1 HTTP/1.1" status: 200 len: 1748 time: 0.0252841
2017-05-24 03:01:03.685 5733 INFO eventlet.wsgi.server [req-322b85ad-667f-42df-8c89-3aa9a4e9fb02 - - - - -] 127.0.0.1 "GET /v1/nodes/c1a56cb3-fcef-59d5-8105-7e6815154f70 HTTP/1.1" status: 200 len: 1752 time: 0.0282090
2017-05-24 03:01:04.107 5724 INFO eventlet.wsgi.server [req-473b1812-6b7f-441c-9d27-03f09542c52d - - - - -] 127.0.0.1 "GET /v1/nodes/e1369efa-5391-5035-8533-3a065c44a584 HTTP/1.1" status: 200 len: 1755 time: 0.0279930
2017-05-24 03:01:04.130 5724 INFO eventlet.wsgi.server [req-1b6cb81d-642f-4f6c-a584-c24c2331fe5a - - - - -] 127.0.0.1 "GET /v1/nodes/93494378-56ee-5e22-b6f0-e3be3a9ebdf1 HTTP/1.1" status: 200 len: 1748 time: 0.0214319
2017-05-24 03:01:05.721 5733 INFO eventlet.wsgi.server [req-3bbbf199-3d76-4418-9d35-40165d1b03f8 - - - - -] 127.0.0.1 "GET /v1/nodes/c1a56cb3-fcef-59d5-8105-7e6815154f70 HTTP/1.1" status: 200 len: 1752 time: 0.0310030
2017-05-24 03:01:06.142 5724 INFO eventlet.wsgi.server [req-c23d0151-2cec-4787-bcab-24270a6b3b73 - - - - -] 127.0.0.1 "GET /v1/nodes/e1369efa-5391-5035-8533-3a065c44a584 HTTP/1.1" status: 200 len: 1755 time: 0.0295820
2017-05-24 03:01:06.165 5724 INFO eventlet.wsgi.server [req-d3cdc38b-f21a-43fd-88e5-27acc6c79787 - - - - -] 127.0.0.1 "GET /v1/nodes/93494378-56ee-5e22-b6f0-e3be3a9ebdf1 HTTP/1.1" status: 200 len: 1748 time: 0.0223899
2017-05-24 03:01:07.741 5733 INFO eventlet.wsgi.server [req-54326571-846e-4497-ad96-3c8fe14f4940 - - - - -] 127.0.0.1 "GET /v1/nodes/c1a56cb3-fcef-59d5-8105-7e6815154f70 HTTP/1.1" status: 200 len: 1752 time: 0.0160141
2017-05-24 03:01:08.178 5724 INFO eventlet.wsgi.server [req-64c98f21-3e9a-4725-838e-3c0cf5ef66f0 - - - - -] 127.0.0.1 "GET /v1/nodes/e1369efa-5391-5035-8533-3a065c44a584 HTTP/1.1" status: 200 len: 1755 time: 0.0302782
2017-05-24 03:01:08.203 5724 INFO eventlet.wsgi.server [req-a3b016b9-1314-484d-a737-e0052d930c24 - - - - -] 127.0.0.1 "GET /v1/nodes/93494378-56ee-5e22-b6f0-e3be3a9ebdf1 HTTP/1.1" status: 200 len: 1748 time: 0.0235541
2017-05-24 03:01:09.760 5733 INFO eventlet.wsgi.server [req-3f825c38-5103-4510-a97f-d5631b5a4b1a - - - - -] 127.0.0.1 "GET /v1/nodes/c1a56cb3-fcef-59d5-8105-7e6815154f70 HTTP/1.1" status: 200 len: 1752 time: 0.0152531
2017-05-24 03:01:10.212 5724 INFO eventlet.wsgi.server [req-5cbecbd4-b6a9-4be4-9c49-55fbaad86dd6 - - - - -] 127.0.0.1 "GET /v1/nodes/e1369efa-5391-5035-8533-3a065c44a584 HTTP/1.1" status: 200 len: 1755 time: 0.0280309
2017-05-24 03:01:10.234 5724 INFO eventlet.wsgi.server [req-71de3fa5-6b32-40c5-bc3e-b65fe366f553 - - - - -] 127.0.0.1 "GET /v1/nodes/93494378-56ee-5e22-b6f0-e3be3a9ebdf1 HTTP/1.1" status: 200 len: 1748 time: 0.0207641
2017-05-24 03:01:11.778 5733 INFO eventlet.wsgi.server [req-b9fbfb8c-3060-401f-af8b-5b4b29b43527 - - - - -] 127.0.0.1 "GET /v1/nodes/c1a56cb3-fcef-59d5-8105-7e6815154f70 HTTP/1.1" status: 200 len: 1752 time: 0.0140562
2017-05-24 03:01:12.247 5724 INFO eventlet.wsgi.server [req-7b3282d7-1d7a-4e74-bc4b-70071414960f - - - - -] 127.0.0.1 "GET /v1/nodes/e1369efa-5391-5035-8533-3a065c44a584 HTTP/1.1" status: 200 len: 1755 time: 0.0293722
2017-05-24 03:01:12.269 5724 INFO eventlet.wsgi.server [req-b9d0b004-b122-4b58-8164-3a38d9c4d2e9 - - - - -] 127.0.0.1 "GET /v1/nodes/93494378-56ee-5e22-b6f0-e3be3a9ebdf1 HTTP/1.1" status: 200 len: 1748 time: 0.0211859
2017-05-24 03:01:13.813 5733 INFO eventlet.wsgi.server [req-70033b55-5351-484f-8b54-cdb808d31688 - - - - -] 127.0.0.1 "GET /v1/nodes/c1a56cb3-fcef-59d5-8105-7e6815154f70 HTTP/1.1" status: 200 len: 1752 time: 0.0290132
2017-05-24 03:01:14.279 5724 INFO eventlet.wsgi.server [req-069e8e4f-544e-44f5-9a46-35c45d690333 - - - - -] 127.0.0.1 "GET /v1/nodes/e1369efa-5391-5035-8533-3a065c44a584 HTTP/1.1" status: 200 len: 1755 time: 0.0264859
2017-05-24 03:01:14.301 5724 INFO eventlet.wsgi.server [req-271b2b54-cc73-451f-b51c-afbd00d2fc6c - - - - -] 127.0.0.1 "GET /v1/nodes/93494378-56ee-5e22-b6f0-e3be3a9ebdf1 HTTP/1.1" status: 200 len: 1748 time: 0.0205350
2017-05-24 03:01:15.845 5733 INFO eventlet.wsgi.server [req-5a608494-a625-4c55-8d1d-ff5dd76dc39e - - - - -] 127.0.0.1 "GET /v1/nodes/c1a56cb3-fcef-59d5-8105-7e6815154f70 HTTP/1.1" status: 200 len: 1752 time: 0.0274820
2017-05-24 03:01:16.311 5724 INFO eventlet.wsgi.server [req-e536f550-488e-4617-b0d5-7d1c023904db - - - - -] 127.0.0.1 "GET /v1/nodes/e1369efa-5391-5035-8533-3a065c44a584 HTTP/1.1" status: 200 len: 1755 time: 0.0269310
2017-05-24 03:01:16.325 5724 INFO eventlet.wsgi.server [req-eb46f36e-4509-42f1-a49e-ef41c621b582 - - - - -] 127.0.0.1 "GET /v1/nodes/93494378-56ee-5e22-b6f0-e3be3a9ebdf1 HTTP/1.1" status: 200 len: 1748 time: 0.0129039
2017-05-24 03:01:16.507 5724 INFO eventlet.wsgi.server [req-552a7c4e-cdcd-4159-8a32-366b9cf513b3 - - - - -] 127.0.0.1 "GET /v1/nodes HTTP/1.1" status: 200 len: 1477 time: 0.0580499
2017-05-24 03:01:17.878 5733 INFO eventlet.wsgi.server [req-ee661c47-6122-4bba-adf2-ffdb5b570ffb - - - - -] 127.0.0.1 "GET /v1/nodes/c1a56cb3-fcef-59d5-8105-7e6815154f70 HTTP/1.1" status: 200 len: 1752 time: 0.0281050
2017-05-24 03:01:18.345 5724 INFO eventlet.wsgi.server [req-dadfb59c-7400-4b75-917f-baa2ea4c3f8e - - - - -] 127.0.0.1 "GET /v1/nodes/e1369efa-5391-5035-8533-3a065c44a584 HTTP/1.1" status: 200 len: 1755 time: 0.0278080
2017-05-24 03:01:18.368 5724 INFO eventlet.wsgi.server [req-5a204ee3-e36d-4749-9725-aed85b9dba75 - - - - -] 127.0.0.1 "GET /v1/nodes/93494378-56ee-5e22-b6f0-e3be3a9ebdf1 HTTP/1.1" status: 200 len: 1748 time: 0.0218871
2017-05-24 03:01:19.914 5733 INFO eventlet.wsgi.server [req-45fe7477-4ed8-49f3-b62d-c0ecbae6f5aa - - - - -] 127.0.0.1 "GET /v1/nodes/c1a56cb3-fcef-59d5-8105-7e6815154f70 HTTP/1.1" status: 200 len: 1752 time: 0.0292931
2017-05-24 03:01:20.382 5724 INFO eventlet.wsgi.server [req-ae47a214-25ee-448e-b9a1-47022f5f02ad - - - - -] 127.0.0.1 "GET /v1/nodes/e1369efa-5391-5035-8533-3a065c44a584 HTTP/1.1" status: 200 len: 1755 time: 0.0299029
2017-05-24 03:01:20.404 5724 INFO eventlet.wsgi.server [req-197549cd-ad41-4376-9912-784a2fe42566 - - - - -] 127.0.0.1 "GET /v1/nodes/93494378-56ee-5e22-b6f0-e3be3a9ebdf1 HTTP/1.1" status: 200 len: 1748 time: 0.0211389
2017-05-24 03:01:21.947 5733 INFO eventlet.wsgi.server [req-a0a54b13-2841-461c-8c76-13ded9e28510 - - - - -] 127.0.0.1 "GET /v1/nodes/c1a56cb3-fcef-59d5-8105-7e6815154f70 HTTP/1.1" status: 200 len: 1752 time: 0.0284569
2017-05-24 03:01:22.418 5724 INFO eventlet.wsgi.server [req-de6df7a1-11c8-44ee-8029-f496cb201629 - - - - -] 127.0.0.1 "GET /v1/nodes/e1369efa-5391-5035-8533-3a065c44a584 HTTP/1.1" status: 200 len: 1755 time: 0.0305250
2017-05-24 03:01:22.442 5724 INFO eventlet.wsgi.server [req-b7ef4daa-2097-4738-9ecd-212c8eec5ab0 - - - - -] 127.0.0.1 "GET /v1/nodes/93494378-56ee-5e22-b6f0-e3be3a9ebdf1 HTTP/1.1" status: 200 len: 1748 time: 0.0233319
