2017-05-24 03:01:23.981 5733 INFO eventlet.wsgi.server [req-f6687813-7351-4a82-b127-4cfe6fc72b74 - - - - -] 127.0.0.1 "GET /v1/nodes/c1a56cb3-fcef-59d5-8105-7e6815154f70 HTTP/1.1" status: 200 len: 1752 time: 0.0284040
2017-05-24 03:01:24.439 5724 INFO eventlet.wsgi.server [req-863f2a8a-56e0-405c-87d1-de84aae490d0 - - - - -] 127.0.0.1 "GET /v1/nodes/e1369efa-5391-5035-8533-3a065c44a584 HTTP/1.1" status: 200 len: 1755 time: 0.0184519
2017-05-24 03:01:24.464 5724 INFO eventlet.wsgi.server [req-9ea0bff2-ea69-48a4-9262-5830bc17cf8d - - - - -] 127.0.0.1 "GET /v1/nodes/93494378-56ee-5e22-b6f0-e3be3a9ebdf1 HTTP/1.1" status: 200 len: 1748 time: 0.0147219
2017-05-24 03:01:26.021 5733 INFO eventlet.wsgi.server [req-a53b877c-3769-45da-a7c9-57564a3d79c2 - - - - -] 127.0.0.1 "GET /v1/nodes/c1a56cb3-fcef-59d5-8105-7e6815154f70 HTTP/1.1" status: 200 len: 1752 time: 0.0320420
2017-05-24 03:01:26.477 5724 INFO eventlet.wsgi.server [req-30618657-e7fe-4eb3-8756-7102e3e23bc4 - - - - -] 127.0.0.1 "GET /v1/nodes/e1369efa-5391-5035-8533-3a065c44a584 HTTP/1.1" status: 200 len: 1755 time: 0.0306549
2017-05-24 03:01:26.499 5724 INFO eventlet.wsgi.server [req-d72c5839-0d38-4255-9d8d-c92fc2775b36 - - - - -] 127.0.0.1 "GET /v1/nodes/93494378-56ee-5e22-b6f0-e3be3a9ebdf1 HTTP/1.1" status: 200 len: 1748 time: 0.0203831
2017-05-24 03:01:28.059 5733 INFO eventlet.wsgi.server [req-1294a349-ce22-4195-adc1-7b8e1374063a - - - - -] 127.0.0.1 "GET /v1/nodes/c1a56cb3-fcef-59d5-8105-7e6815154f70 HTTP/1.1" status: 200 len: 1752 time: 0.0310428
2017-05-24 03:01:28.520 5724 INFO eventlet.wsgi.server [req-357d9171-05be-471b-a568-0ad9661f1865 - - - - -] 127.0.0.1 "GET /v1/nodes/e1369efa-5391-5035-8533-3a065c44a584 HTTP/1.1" status: 200 len: 1755 time: 0.0355101
2017-05-24 03:01:28.541 5724 INFO eventlet.wsgi.server [req-580b34fb-2fb1-47cd-90ec-0bde4fb0abab - - - - -] 127.0.0.1 "GET /v1/nodes/93494378-56ee-5e22-b6f0-e3be3a9ebdf1 HTTP/1.1" status: 200 len: 1748 time: 0.0195122
2017-05-24 03:01:30.094 5733 INFO eventlet.wsgi.server [req-e17fb0d2-c952-40b5-a876-ca8efc7598c5 - - - - -] 127.0.0.1 "GET /v1/nodes/c1a56cb3-fcef-59d5-8105-7e6815154f70 HTTP/1.1" status: 200 len: 1752 time: 0.0286932
2017-05-24 03:01:30.554 5724 INFO eventlet.wsgi.server [req-da2272f3-d470-4c4a-9b3d-30183d3e23f7 - - - - -] 127.0.0.1 "GET /v1/nodes/e1369efa-5391-5035-8533-3a065c44a584 HTTP/1.1" status: 200 len: 1755 time: 0.0278809
2017-05-24 03:01:30.578 5724 INFO eventlet.wsgi.server [req-a17d2b17-8eac-40a9-86c5-c7cd85eb28ff - - - - -] 127.0.0.1 "GET /v1/nodes/93494378-56ee-5e22-b6f0-e3be3a9ebdf1 HTTP/1.1" status: 200 len: 1748 time: 0.0224571
2017-05-24 03:01:32.130 5733 INFO eventlet.wsgi.server [req-9519610d-05a3-4aaf-b385-9a062bb1ea45 - - - - -] 127.0.0.1 "GET /v1/nodes/c1a56cb3-fcef-59d5-8105-7e6815154f70 HTTP/1.1" status: 200 len: 1752 time: 0.0279601
2017-05-24 03:01:32.579 5724 INFO eventlet.wsgi.server [req-7f19477b-f92c-4cdf-b19c-e6ece2fc03a6 - - - - -] 127.0.0.1 "GET /v1/nodes/e1369efa-5391-5035-8533-3a065c44a584 HTTP/1.1" status: 200 len: 1755 time: 0.0209920
2017-05-24 03:01:32.602 5724 INFO eventlet.wsgi.server [req-b51ea099-5a5d-4dfc-a8fe-5d17f27dd06e - - - - -] 127.0.0.1 "GET /v1/nodes/93494378-56ee-5e22-b6f0-e3be3a9ebdf1 HTTP/1.1" status: 200 len: 1748 time: 0.0177732
2017-05-24 03:01:34.167 5733 INFO eventlet.wsgi.server [req-aee1997c-2b20-4576-b9fd-4a175f376cab - - - - -] 127.0.0.1 "GET /v1/nodes/c1a56cb3-fcef-59d5-8105-7e6815154f70 HTTP/1.1" status: 200 len: 1752 time: 0.0292699
2017-05-24 03:01:34.616 5724 INFO eventlet.wsgi.server [req-de0c8b64-0919-40be-8e8d-2203c09676d4 - - - - -] 127.0.0.1 "GET /v1/nodes/e1369efa-5391-5035-8533-3a065c44a584 HTTP/1.1" status: 200 len: 1755 time: 0.0306959
2017-05-24 03:01:34.640 5724 INFO eventlet.wsgi.server [req-7a9ef848-dfa1-4c70-88ed-a428d15ae2af - - - - -] 127.0.0.1 "GET /v1/nodes/93494378-56ee-5e22-b6f0-e3be3a9ebdf1 HTTP/1.1" status: 200 len: 1748 time: 0.0225511
2017-05-24 03:01:36.200 5733 INFO eventlet.wsgi.server [req-4ce78664-fcb8-4f13-9e47-4008e9894d3a - - - - -] 127.0.0.1 "GET /v1/nodes/c1a56cb3-fcef-59d5-8105-7e6815154f70 HTTP/1.1" status: 200 len: 1752 time: 0.0259869
2017-05-24 03:01:36.650 5724 INFO eventlet.wsgi.server [req-c67c4391-3661-4bf7-9f69-01dfbc35b6c6 - - - - -] 127.0.0.1 "GET /v1/nodes/e1369efa-5391-5035-8533-3a065c44a584 HTTP/1.1" status: 200 len: 1755 time: 0.0287910
2017-05-24 03:01:36.672 5724 INFO eventlet.wsgi.server [req-b6f03548-d067-451f-a0ae-301980199a06 - - - - -] 127.0.0.1 "GET /v1/nodes/93494378-56ee-5e22-b6f0-e3be3a9ebdf1 HTTP/1.1" status: 200 len: 1748 time: 0.0205920
2017-05-24 03:01:38.235 5733 INFO eventlet.wsgi.server [req-644365c9-d166-4180-bee9-5d556aa6d217 - - - - -] 127.0.0.1 "GET /v1/nodes/c1a56cb3-fcef-59d5-8105-7e6815154f70 HTTP/1.1" status: 200 len: 1752 time: 0.0293510
2017-05-24 03:01:38.684 5724 INFO eventlet.wsgi.server [req-a7b2f06d-4176-4197-a525-eb81d8ab2d01 - - - - -] 127.0.0.1 "GET /v1/nodes/e1369efa-5391-5035-8533-3a065c44a584 HTTP/1.1" status: 200 len: 1755 time: 0.0297761
2017-05-24 03:01:38.706 5724 INFO eventlet.wsgi.server [req-634e87a3-ba35-44c4-9e80-341a1af24722 - - - - -] 127.0.0.1 "GET /v1/nodes/93494378-56ee-5e22-b6f0-e3be3a9ebdf1 HTTP/1.1" status: 200 len: 1748 time: 0.0210030
2017-05-24 03:01:40.265 5733 INFO eventlet.wsgi.server [req-a86a0483-ff18-492f-b0f8-e5e0ccc1fa44 - - - - -] 127.0.0.1 "GET /v1/nodes/c1a56cb3-fcef-59d5-8105-7e6815154f70 HTTP/1.1" status: 200 len: 1752 time: 0.0260730
2017-05-24 03:01:40.712 5724 INFO eventlet.wsgi.server [req-20d85b0b-c997-448e-b789-502f93bd671a - - - - -] 127.0.0.1 "GET /v1/nodes/e1369efa-5391-5035-8533-3a065c44a584 HTTP/1.1" status: 200 len: 1755 time: 0.0239320
2017-05-24 03:01:40.734 5724 INFO eventlet.wsgi.server [req-36d4b482-eb2c-4970-a337-0d871d8de812 - - - - -] 127.0.0.1 "GET /v1/nodes/93494378-56ee-5e22-b6f0-e3be3a9ebdf1 HTTP/1.1" status: 200 len: 1748 time: 0.0202320
2017-05-24 03:01:42.299 5733 INFO eventlet.wsgi.server [req-4a725015-bd72-4b5b-9751-6c39b8f048f5 - - - - -] 127.0.0.1 "GET /v1/nodes/c1a56cb3-fcef-59d5-8105-7e6815154f70 HTTP/1.1" status: 200 len: 1752 time: 0.0284128
2017-05-24 03:01:42.750 5724 INFO eventlet.wsgi.server [req-2c614226-d997-4551-85a0-7305ca7f809a - - - - -] 127.0.0.1 "GET /v1/nodes/e1369efa-5391-5035-8533-3a065c44a584 HTTP/1.1" status: 200 len: 1755 time: 0.0312240
2017-05-24 03:01:42.774 5724 INFO eventlet.wsgi.server [req-205153ba-a61a-4187-b987-e865a3f7cf91 - - - - -] 127.0.0.1 "GET /v1/nodes/93494378-56ee-5e22-b6f0-e3be3a9ebdf1 HTTP/1.1" status: 200 len: 1748 time: 0.0229001
2017-05-24 03:01:44.332 5733 INFO eventlet.wsgi.server [req-a878f41c-55e7-4c6f-a944-bea53d65c205 - - - - -] 127.0.0.1 "GET /v1/nodes/c1a56cb3-fcef-59d5-8105-7e6815154f70 HTTP/1.1" status: 200 len: 1752 time: 0.0280879
2017-05-24 03:01:44.783 5724 INFO eventlet.wsgi.server [req-3afb9c17-cfb9-4e8a-a94b-df5f7991c3db - - - - -] 127.0.0.1 "GET /v1/nodes/e1369efa-5391-5035-8533-3a065c44a584 HTTP/1.1" status: 200 len: 1755 time: 0.0281780
2017-05-24 03:01:44.807 5724 INFO eventlet.wsgi.server [req-8cf86a95-c4ac-49ea-beee-dd53559077a4 - - - - -] 127.0.0.1 "GET /v1/nodes/93494378-56ee-5e22-b6f0-e3be3a9ebdf1 HTTP/1.1" status: 200 len: 1748 time: 0.0229380
2017-05-24 03:01:46.367 5733 INFO eventlet.wsgi.server [req-09588bec-1b24-420a-a02a-429812c040f1 - - - - -] 127.0.0.1 "GET /v1/nodes/c1a56cb3-fcef-59d5-8105-7e6815154f70 HTTP/1.1" status: 200 len: 1752 time: 0.0295880
2017-05-24 03:01:46.819 5724 INFO eventlet.wsgi.server [req-c93c552b-3d1e-4fb9-8f12-d4c6e26db1b9 - - - - -] 127.0.0.1 "GET /v1/nodes/e1369efa-5391-5035-8533-3a065c44a584 HTTP/1.1" status: 200 len: 1755 time: 0.0299211
2017-05-24 03:01:46.842 5724 INFO eventlet.wsgi.server [req-7ccc0b66-5cd5-4e4a-b631-9735c88b4966 - - - - -] 127.0.0.1 "GET /v1/nodes/93494378-56ee-5e22-b6f0-e3be3a9ebdf1 HTTP/1.1" status: 200 len: 1748 time: 0.0210629
2017-05-24 03:01:48.397 5733 INFO eventlet.wsgi.server [req-6360debc-06b2-4988-9ed4-a424eeaf8280 - - - - -] 127.0.0.1 "GET /v1/nodes/c1a56cb3-fcef-59d5-8105-7e6815154f70 HTTP/1.1" status: 200 len: 1752 time: 0.0244150
2017-05-24 03:01:48.855 5724 INFO eventlet.wsgi.server [req-6139ae54-0e5f-46c4-bfe6-df67990db3f6 - - - - -] 127.0.0.1 "GET /v1/nodes/e1369efa-5391-5035-8533-3a065c44a584 HTTP/1.1" status: 200 len: 1755 time: 0.0297270
2017-05-24 03:01:48.878 5724 INFO eventlet.wsgi.server [req-b581501c-c527-4498-8c1b-8b33b867cb78 - - - - -] 127.0.0.1 "GET /v1/nodes/93494378-56ee-5e22-b6f0-e3be3a9ebdf1 HTTP/1.1" status: 200 len: 1748 time: 0.0223079
2017-05-24 03:01:50.432 5733 INFO eventlet.wsgi.server [req-061b9ca9-8bcf-4abf-8ead-b38a3d6c252c - - - - -] 127.0.0.1 "GET /v1/nodes/c1a56cb3-fcef-59d5-8105-7e6815154f70 HTTP/1.1" status: 200 len: 1752 time: 0.0298641
2017-05-24 03:01:50.888 5724 INFO eventlet.wsgi.server [req-e7be7a10-3d2e-4c25-ab9a-be2cd49dab53 - - - - -] 127.0.0.1 "GET /v1/nodes/e1369efa-5391-5035-8533-3a065c44a584 HTTP/1.1" status: 200 len: 1755 time: 0.0271351
2017-05-24 03:01:50.900 5724 INFO eventlet.wsgi.server [req-da09022c-8e62-4b5d-87ce-5f3d555947f0 - - - - -] 127.0.0.1 "GET /v1/nodes/93494378-56ee-5e22-b6f0-e3be3a9ebdf1 HTTP/1.1" status: 200 len: 1748 time: 0.0114050
2017-05-24 03:01:52.471 5733 INFO eventlet.wsgi.server [req-48b12aa5-bed3-494a-adc6-1f35ba76d322 - - - - -] 127.0.0.1 "GET /v1/nodes/c1a56cb3-fcef-59d5-8105-7e6815154f70 HTTP/1.1" status: 200 len: 1752 time: 0.0332580
2017-05-24 03:01:52.931 5724 INFO eventlet.wsgi.server [req-b754e77b-43ed-4760-b511-d1dca5af66fb - - - - -] 127.0.0.1 "GET /v1/nodes/e1369efa-5391-5035-8533-3a065c44a584 HTTP/1.1" status: 200 len: 1755 time: 0.0371540
2017-05-24 03:01:52.943 5724 INFO eventlet.wsgi.server [req-2a0d5973-bf19-4200-ae38-e2e94900b4c3 - - - - -] 127.0.0.1 "GET /v1/nodes/93494378-56ee-5e22-b6f0-e3be3a9ebdf1 HTTP/1.1" status: 200 len: 1748 time: 0.0352740
2017-05-24 03:01:54.505 5733 INFO eventlet.wsgi.server [req-53d50f51-e24c-48db-923e-1bee14e213f6 - - - - -] 127.0.0.1 "GET /v1/nodes/c1a56cb3-fcef-59d5-8105-7e6815154f70 HTTP/1.1" status: 200 len: 1752 time: 0.0289762
2017-05-24 03:01:54.967 5724 INFO eventlet.wsgi.server [req-f38ed985-6955-4224-b095-2df1d3b03fd2 - - - - -] 127.0.0.1 "GET /v1/nodes/e1369efa-5391-5035-8533-3a065c44a584 HTTP/1.1" status: 200 len: 1755 time: 0.0300140
2017-05-24 03:01:54.995 5724 INFO eventlet.wsgi.server [req-0016d478-2159-4a5b-a83d-308af4e6e694 - - - - -] 127.0.0.1 "GET /v1/nodes/93494378-56ee-5e22-b6f0-e3be3a9ebdf1 HTTP/1.1" status: 200 len: 1748 time: 0.0268831
2017-05-24 03:01:56.541 5733 INFO eventlet.wsgi.server [req-21fba726-de1c-47a1-a4a0-7d7f1654d7d7 - - - - -] 127.0.0.1 "GET /v1/nodes/c1a56cb3-fcef-59d5-8105-7e6815154f70 HTTP/1.1" status: 200 len: 1752 time: 0.0296559
2017-05-24 03:01:57.005 5724 INFO eventlet.wsgi.server [req-1e503bd8-f65e-42e5-bd30-0fe11d51e819 - - - - -] 127.0.0.1 "GET /v1/nodes/e1369efa-5391-5035-8533-3a065c44a584 HTTP/1.1" status: 200 len: 1755 time: 0.0320539
2017-05-24 03:01:57.028 5724 INFO eventlet.wsgi.server [req-633da9fb-e129-4603-a5ed-e91af99599ad - - - - -] 127.0.0.1 "GET /v1/nodes/93494378-56ee-5e22-b6f0-e3be3a9ebdf1 HTTP/1.1" status: 200 len: 1748 time: 0.0215271
2017-05-24 03:01:58.577 5733 INFO eventlet.wsgi.server [req-758f6b63-806e-4809-a4fc-5a4f717b7756 - - - - -] 127.0.0.1 "GET /v1/nodes/c1a56cb3-fcef-59d5-8105-7e6815154f70 HTTP/1.1" status: 200 len: 1752 time: 0.0298450
2017-05-24 03:01:59.037 5724 INFO eventlet.wsgi.server [req-8a715e6b-4bf0-46fe-bc14-f7afc03c18ac - - - - -] 127.0.0.1 "GET /v1/nodes/e1369efa-5391-5035-8533-3a065c44a584 HTTP/1.1" status: 200 len: 1755 time: 0.0246160
2017-05-24 03:01:59.058 5724 INFO eventlet.wsgi.server [req-dd6e10b1-b4d1-409e-ad3f-72c280da08c0 - - - - -] 127.0.0.1 "GET /v1/nodes/93494378-56ee-5e22-b6f0-e3be3a9ebdf1 HTTP/1.1" status: 200 len: 1748 time: 0.0202930
2017-05-24 03:02:00.605 5733 INFO eventlet.wsgi.server [req-f57f1588-cd9b-458c-93e1-30aff0589127 - - - - -] 127.0.0.1 "GET /v1/nodes/c1a56cb3-fcef-59d5-8105-7e6815154f70 HTTP/1.1" status: 200 len: 1752 time: 0.0231500
2017-05-24 03:02:01.072 5724 INFO eventlet.wsgi.server [req-ccbba689-b7b0-44be-9b6d-2d5d140c627f - - - - -] 127.0.0.1 "GET /v1/nodes/e1369efa-5391-5035-8533-3a065c44a584 HTTP/1.1" status: 200 len: 1755 time: 0.0298390
2017-05-24 03:02:01.099 5724 INFO eventlet.wsgi.server [req-d9131bfd-e92c-4c76-a21b-f1be17687c09 - - - - -] 127.0.0.1 "GET /v1/nodes/93494378-56ee-5e22-b6f0-e3be3a9ebdf1 HTTP/1.1" status: 200 len: 1748 time: 0.0250149
2017-05-24 03:02:02.639 5733 INFO eventlet.wsgi.server [req-6a8ac3b2-f701-4b65-9fd6-e44905574dec - - - - -] 127.0.0.1 "GET /v1/nodes/c1a56cb3-fcef-59d5-8105-7e6815154f70 HTTP/1.1" status: 200 len: 1752 time: 0.0268312
2017-05-24 03:02:03.108 5724 INFO eventlet.wsgi.server [req-0bc4d1f7-8f03-4745-b0b8-0954184cf156 - - - - -] 127.0.0.1 "GET /v1/nodes/e1369efa-5391-5035-8533-3a065c44a584 HTTP/1.1" status: 200 len: 1755 time: 0.0296121
2017-05-24 03:02:03.132 5724 INFO eventlet.wsgi.server [req-1ed910e5-f534-4232-abeb-a3714eda1b65 - - - - -] 127.0.0.1 "GET /v1/nodes/93494378-56ee-5e22-b6f0-e3be3a9ebdf1 HTTP/1.1" status: 200 len: 1748 time: 0.0232151
2017-05-24 03:02:04.673 5733 INFO eventlet.wsgi.server [req-97125b82-ff9f-4b91-9e5a-ef215485ceab - - - - -] 127.0.0.1 "GET /v1/nodes/c1a56cb3-fcef-59d5-8105-7e6815154f70 HTTP/1.1" status: 200 len: 1752 time: 0.0280309
2017-05-24 03:02:05.147 5724 INFO eventlet.wsgi.server [req-fa4db7c5-d042-44c4-9e0a-7ce1a8432a26 - - - - -] 127.0.0.1 "GET /v1/nodes/e1369efa-5391-5035-8533-3a065c44a584 HTTP/1.1" status: 200 len: 1755 time: 0.0335159
2017-05-24 03:02:05.172 5724 INFO eventlet.wsgi.server [req-017d4b1f-ffcd-4593-98f4-11026b61c031 - - - - -] 127.0.0.1 "GET /v1/nodes/93494378-56ee-5e22-b6f0-e3be3a9ebdf1 HTTP/1.1" status: 200 len: 1748 time: 0.0238731
2017-05-24 03:02:06.708 5733 INFO eventlet.wsgi.server [req-c8db8b54-724d-4e06-bf84-28562e81fb19 - - - - -] 127.0.0.1 "GET /v1/nodes/c1a56cb3-fcef-59d5-8105-7e6815154f70 HTTP/1.1" status: 200 len: 1752 time: 0.0282891
2017-05-24 03:02:07.179 5724 INFO eventlet.wsgi.server [req-fc5d514b-c0f9-42d5-a68e-2d4ede49134f - - - - -] 127.0.0.1 "GET /v1/nodes/e1369efa-5391-5035-8533-3a065c44a584 HTTP/1.1" status: 200 len: 1755 time: 0.0280581
2017-05-24 03:02:07.207 5724 INFO eventlet.wsgi.server [req-c235700e-5a67-47d0-ace1-a8b7f9df00d7 - - - - -] 127.0.0.1 "GET /v1/nodes/93494378-56ee-5e22-b6f0-e3be3a9ebdf1 HTTP/1.1" status: 200 len: 1748 time: 0.0258150
2017-05-24 03:02:08.745 5733 INFO eventlet.wsgi.server [req-7e13f131-dd5f-403f-a2b5-62657491ae4d - - - - -] 127.0.0.1 "GET /v1/nodes/c1a56cb3-fcef-59d5-8105-7e6815154f70 HTTP/1.1" status: 200 len: 1752 time: 0.0315990
2017-05-24 03:02:09.215 5724 INFO eventlet.wsgi.server [req-61c04b7a-7ebe-47a6-8279-372f3e28b2d8 - - - - -] 127.0.0.1 "GET /v1/nodes/e1369efa-5391-5035-8533-3a065c44a584 HTTP/1.1" status: 200 len: 1755 time: 0.0286059
2017-05-24 03:02:09.243 5724 INFO eventlet.wsgi.server [req-f1babaaf-2f4f-44ca-94b0-08a8c00ae29f - - - - -] 127.0.0.1 "GET /v1/nodes/93494378-56ee-5e22-b6f0-e3be3a9ebdf1 HTTP/1.1" status: 200 len: 1748 time: 0.0265729
2017-05-24 03:02:10.781 5733 INFO eventlet.wsgi.server [req-3bb3bc48-b95b-47e3-8366-1060e7ba4341 - - - - -] 127.0.0.1 "GET /v1/nodes/c1a56cb3-fcef-59d5-8105-7e6815154f70 HTTP/1.1" status: 200 len: 1752 time: 0.0293660
2017-05-24 03:02:11.253 5724 INFO eventlet.wsgi.server [req-accc9bd1-eaed-4288-b089-2ac0b523e492 - - - - -] 127.0.0.1 "GET /v1/nodes/e1369efa-5391-5035-8533-3a065c44a584 HTTP/1.1" status: 200 len: 1755 time: 0.0304730
2017-05-24 03:02:11.279 5724 INFO eventlet.wsgi.server [req-61bbd69c-40ca-4641-9019-54d78ec1338a - - - - -] 127.0.0.1 "GET /v1/nodes/93494378-56ee-5e22-b6f0-e3be3a9ebdf1 HTTP/1.1" status: 200 len: 1748 time: 0.0247011
2017-05-24 03:02:12.815 5733 INFO eventlet.wsgi.server [req-82f1b1e6-fb7b-4e04-9108-7cf5fff06a55 - - - - -] 127.0.0.1 "GET /v1/nodes/c1a56cb3-fcef-59d5-8105-7e6815154f70 HTTP/1.1" status: 200 len: 1752 time: 0.0289891
2017-05-24 03:02:13.288 5724 INFO eventlet.wsgi.server [req-4753ec97-3fc3-474a-ab92-60f01526c79e - - - - -] 127.0.0.1 "GET /v1/nodes/e1369efa-5391-5035-8533-3a065c44a584 HTTP/1.1" status: 200 len: 1755 time: 0.0302889
2017-05-24 03:02:13.313 5724 INFO eventlet.wsgi.server [req-456fb1e3-c540-4bbb-9a42-1658a22b8210 - - - - -] 127.0.0.1 "GET /v1/nodes/93494378-56ee-5e22-b6f0-e3be3a9ebdf1 HTTP/1.1" status: 200 len: 1748 time: 0.0236571
2017-05-24 03:02:14.850 5733 INFO eventlet.wsgi.server [req-91c37b52-26d4-477f-872f-51947a27de16 - - - - -] 127.0.0.1 "GET /v1/nodes/c1a56cb3-fcef-59d5-8105-7e6815154f70 HTTP/1.1" status: 200 len: 1752 time: 0.0290689
2017-05-24 03:02:15.328 5724 INFO eventlet.wsgi.server [req-f2f4f731-4884-463d-85bc-d427fbdd0422 - - - - -] 127.0.0.1 "GET /v1/nodes/e1369efa-5391-5035-8533-3a065c44a584 HTTP/1.1" status: 200 len: 1755 time: 0.0350530
2017-05-24 03:02:15.352 5724 INFO eventlet.wsgi.server [req-de074de0-a1e4-4c0d-b18e-d2995e67190e - - - - -] 127.0.0.1 "GET /v1/nodes/93494378-56ee-5e22-b6f0-e3be3a9ebdf1 HTTP/1.1" status: 200 len: 1748 time: 0.0222740
2017-05-24 03:02:16.480 5735 INFO eventlet.wsgi.server [req-bd0830b1-3ffc-4c5c-ad47-1bedbc9509dc - - - - -] 127.0.0.1 "GET /v1/nodes HTTP/1.1" status: 200 len: 1477 time: 0.0359070
2017-05-24 03:02:16.885 5733 INFO eventlet.wsgi.server [req-eda982b5-f493-4916-b803-0a0defcec987 - - - - -] 127.0.0.1 "GET /v1/nodes/c1a56cb3-fcef-59d5-8105-7e6815154f70 HTTP/1.1" status: 200 len: 1752 time: 0.0304420
2017-05-24 03:02:17.360 5724 INFO eventlet.wsgi.server [req-028e74a6-3a1e-4b23-9615-f3873497f90b - - - - -] 127.0.0.1 "GET /v1/nodes/e1369efa-5391-5035-8533-3a065c44a584 HTTP/1.1" status: 200 len: 1755 time: 0.0266149
2017-05-24 03:02:17.377 5724 INFO eventlet.wsgi.server [req-9430b0a2-d954-43d2-ba78-e08b67a90563 - - - - -] 127.0.0.1 "GET /v1/nodes/93494378-56ee-5e22-b6f0-e3be3a9ebdf1 HTTP/1.1" status: 200 len: 1748 time: 0.0159309
2017-05-24 03:02:18.919 5733 INFO eventlet.wsgi.server [req-e6422b08-f968-4efc-b5a3-40e876d1cde4 - - - - -] 127.0.0.1 "GET /v1/nodes/c1a56cb3-fcef-59d5-8105-7e6815154f70 HTTP/1.1" status: 200 len: 1752 time: 0.0286281
2017-05-24 03:02:19.396 5724 INFO eventlet.wsgi.server [req-6d7e506b-209f-483c-9a8f-15650442bb4a - - - - -] 127.0.0.1 "GET /v1/nodes/e1369efa-5391-5035-8533-3a065c44a584 HTTP/1.1" status: 200 len: 1755 time: 0.0305710
2017-05-24 03:02:19.421 5724 INFO eventlet.wsgi.server [req-08c40f47-1fa3-4469-b823-6c86a31ddb7a - - - - -] 127.0.0.1 "GET /v1/nodes/93494378-56ee-5e22-b6f0-e3be3a9ebdf1 HTTP/1.1" status: 200 len: 1748 time: 0.0234711
2017-05-24 03:02:20.955 5733 INFO eventlet.wsgi.server [req-c230fb63-9483-4b39-8b2c-1be1f75dd5ca - - - - -] 127.0.0.1 "GET /v1/nodes/c1a56cb3-fcef-59d5-8105-7e6815154f70 HTTP/1.1" status: 200 len: 1752 time: 0.0299230
2017-05-24 03:02:21.434 5724 INFO eventlet.wsgi.server [req-1d22ad6a-b58b-461d-b1cb-97a236452139 - - - - -] 127.0.0.1 "GET /v1/nodes/e1369efa-5391-5035-8533-3a065c44a584 HTTP/1.1" status: 200 len: 1755 time: 0.0315208
2017-05-24 03:02:21.461 5724 INFO eventlet.wsgi.server [req-062247c6-23ad-487b-9096-93e432d75443 - - - - -] 127.0.0.1 "GET /v1/nodes/93494378-56ee-5e22-b6f0-e3be3a9ebdf1 HTTP/1.1" status: 200 len: 1748 time: 0.0250630
2017-05-24 03:02:22.989 5733 INFO eventlet.wsgi.server [req-93a70cf8-df91-42f0-8349-7621d5095f34 - - - - -] 127.0.0.1 "GET /v1/nodes/c1a56cb3-fcef-59d5-8105-7e6815154f70 HTTP/1.1" status: 200 len: 1752 time: 0.0281689
2017-05-24 03:02:23.470 5724 INFO eventlet.wsgi.server [req-2c8aa203-d485-4adc-8812-2b8ee2764720 - - - - -] 127.0.0.1 "GET /v1/nodes/e1369efa-5391-5035-8533-3a065c44a584 HTTP/1.1" status: 200 len: 1755 time: 0.0284331
2017-05-24 03:02:23.492 5724 INFO eventlet.wsgi.server [req-7c4c4a36-33d8-457f-aa7c-67b1c21481ce - - - - -] 127.0.0.1 "GET /v1/nodes/93494378-56ee-5e22-b6f0-e3be3a9ebdf1 HTTP/1.1" status: 200 len: 1748 time: 0.0209689
2017-05-24 03:02:25.024 5733 INFO eventlet.wsgi.server [req-9ebd331e-241c-4340-a2d5-71f2d9209b22 - - - - -] 127.0.0.1 "GET /v1/nodes/c1a56cb3-fcef-59d5-8105-7e6815154f70 HTTP/1.1" status: 200 len: 1752 time: 0.0290959
2017-05-24 03:02:25.508 5724 INFO eventlet.wsgi.server [req-43dfc690-bfb0-4f2e-aec8-f5dda22739d9 - - - - -] 127.0.0.1 "GET /v1/nodes/e1369efa-5391-5035-8533-3a065c44a584 HTTP/1.1" status: 200 len: 1755 time: 0.0314820
2017-05-24 03:02:25.531 5724 INFO eventlet.wsgi.server [req-eec16792-5f4b-4697-bfba-0ef9e1c4b270 - - - - -] 127.0.0.1 "GET /v1/nodes/93494378-56ee-5e22-b6f0-e3be3a9ebdf1 HTTP/1.1" status: 200 len: 1748 time: 0.0217559
2017-05-24 03:02:27.057 5733 INFO eventlet.wsgi.server [req-6c7cd148-4da6-4816-b859-69c9ff721f4b - - - - -] 127.0.0.1 "GET /v1/nodes/c1a56cb3-fcef-59d5-8105-7e6815154f70 HTTP/1.1" status: 200 len: 1752 time: 0.0280631
2017-05-24 03:02:27.544 5724 INFO eventlet.wsgi.server [req-774f0138-c0ae-4061-b670-1bc076d43502 - - - - -] 127.0.0.1 "GET /v1/nodes/e1369efa-5391-5035-8533-3a065c44a584 HTTP/1.1" status: 200 len: 1755 time: 0.0309961
2017-05-24 03:02:27.567 5724 INFO eventlet.wsgi.server [req-7a8348eb-ca49-4838-9fcd-b0f377fc3b52 - - - - -] 127.0.0.1 "GET /v1/nodes/93494378-56ee-5e22-b6f0-e3be3a9ebdf1 HTTP/1.1" status: 200 len: 1748 time: 0.0219049
2017-05-24 03:02:29.092 5733 INFO eventlet.wsgi.server [req-29ab5b6f-3e77-4625-885d-088881f333f6 - - - - -] 127.0.0.1 "GET /v1/nodes/c1a56cb3-fcef-59d5-8105-7e6815154f70 HTTP/1.1" status: 200 len: 1752 time: 0.0293090
2017-05-24 03:02:29.578 5724 INFO eventlet.wsgi.server [req-e82a5598-2520-46ec-8116-9a7852623e13 - - - - -] 127.0.0.1 "GET /v1/nodes/e1369efa-5391-5035-8533-3a065c44a584 HTTP/1.1" status: 200 len: 1755 time: 0.0285981
2017-05-24 03:02:29.600 5724 INFO eventlet.wsgi.server [req-7a9d453a-3132-4c10-ac9a-ee9e334fe880 - - - - -] 127.0.0.1 "GET /v1/nodes/93494378-56ee-5e22-b6f0-e3be3a9ebdf1 HTTP/1.1" status: 200 len: 1748 time: 0.0204761
2017-05-24 03:02:31.127 5733 INFO eventlet.wsgi.server [req-3decb3d1-afcb-44f6-b014-ba39727a1ad1 - - - - -] 127.0.0.1 "GET /v1/nodes/c1a56cb3-fcef-59d5-8105-7e6815154f70 HTTP/1.1" status: 200 len: 1752 time: 0.0286980
2017-05-24 03:02:31.611 5724 INFO eventlet.wsgi.server [req-f39c6882-8992-445e-a376-bf90e7f5f509 - - - - -] 127.0.0.1 "GET /v1/nodes/e1369efa-5391-5035-8533-3a065c44a584 HTTP/1.1" status: 200 len: 1755 time: 0.0283461
2017-05-24 03:02:31.633 5724 INFO eventlet.wsgi.server [req-6fc76117-2e9d-4503-87c7-3892073c0115 - - - - -] 127.0.0.1 "GET /v1/nodes/93494378-56ee-5e22-b6f0-e3be3a9ebdf1 HTTP/1.1" status: 200 len: 1748 time: 0.0205410
2017-05-24 03:02:33.163 5733 INFO eventlet.wsgi.server [req-94c9d583-eb8c-48cb-a95e-62ea0b402ada - - - - -] 127.0.0.1 "GET /v1/nodes/c1a56cb3-fcef-59d5-8105-7e6815154f70 HTTP/1.1" status: 200 len: 1752 time: 0.0304010
2017-05-24 03:02:33.646 5724 INFO eventlet.wsgi.server [req-cbcb3f4d-1eec-4d29-aa00-698a44db8ef3 - - - - -] 127.0.0.1 "GET /v1/nodes/e1369efa-5391-5035-8533-3a065c44a584 HTTP/1.1" status: 200 len: 1755 time: 0.0293698
2017-05-24 03:02:33.668 5724 INFO eventlet.wsgi.server [req-1ac9634e-2169-4a8f-9680-91ddd2da2841 - - - - -] 127.0.0.1 "GET /v1/nodes/93494378-56ee-5e22-b6f0-e3be3a9ebdf1 HTTP/1.1" status: 200 len: 1748 time: 0.0210199
2017-05-24 03:02:35.198 5733 INFO eventlet.wsgi.server [req-33b71d92-5a28-4731-9b58-934450a839bb - - - - -] 127.0.0.1 "GET /v1/nodes/c1a56cb3-fcef-59d5-8105-7e6815154f70 HTTP/1.1" status: 200 len: 1752 time: 0.0292211
2017-05-24 03:02:35.679 5724 INFO eventlet.wsgi.server [req-16f6056d-562a-4234-a56e-606606daa969 - - - - -] 127.0.0.1 "GET /v1/nodes/e1369efa-5391-5035-8533-3a065c44a584 HTTP/1.1" status: 200 len: 1755 time: 0.0274251
2017-05-24 03:02:35.705 5724 INFO eventlet.wsgi.server [req-b7d5af63-7684-4cdc-8ef2-eb6292dddb84 - - - - -] 127.0.0.1 "GET /v1/nodes/93494378-56ee-5e22-b6f0-e3be3a9ebdf1 HTTP/1.1" status: 200 len: 1748 time: 0.0258269
2017-05-24 03:02:37.218 5733 INFO eventlet.wsgi.server [req-bd70006f-604e-40d7-a329-d2cdbea6a682 - - - - -] 127.0.0.1 "GET /v1/nodes/c1a56cb3-fcef-59d5-8105-7e6815154f70 HTTP/1.1" status: 200 len: 1752 time: 0.0154569
2017-05-24 03:02:37.717 5724 INFO eventlet.wsgi.server [req-78acaf8a-485c-4834-b501-c89a9b8244a1 - - - - -] 127.0.0.1 "GET /v1/nodes/e1369efa-5391-5035-8533-3a065c44a584 HTTP/1.1" status: 200 len: 1755 time: 0.0323381
2017-05-24 03:02:37.747 5724 INFO eventlet.wsgi.server [req-04e5d7a1-ace6-4f8f-b3d7-aa9c29ec8e0c - - - - -] 127.0.0.1 "GET /v1/nodes/93494378-56ee-5e22-b6f0-e3be3a9ebdf1 HTTP/1.1" status: 200 len: 1748 time: 0.0288060
2017-05-24 03:02:39.255 5733 INFO eventlet.wsgi.server [req-aa699016-2620-4cb0-9f43-feccdbfe02c5 - - - - -] 127.0.0.1 "GET /v1/nodes/c1a56cb3-fcef-59d5-8105-7e6815154f70 HTTP/1.1" status: 200 len: 1752 time: 0.0321560
2017-05-24 03:02:39.750 5724 INFO eventlet.wsgi.server [req-1b0be943-8312-4a8e-9222-3464f60e202a - - - - -] 127.0.0.1 "GET /v1/nodes/e1369efa-5391-5035-8533-3a065c44a584 HTTP/1.1" status: 200 len: 1755 time: 0.0285339
2017-05-24 03:02:39.779 5724 INFO eventlet.wsgi.server [req-6dc9e4da-74e9-4d14-9efb-7e507bf8ae1e - - - - -] 127.0.0.1 "GET /v1/nodes/93494378-56ee-5e22-b6f0-e3be3a9ebdf1 HTTP/1.1" status: 200 len: 1748 time: 0.0253339
2017-05-24 03:02:41.291 5733 INFO eventlet.wsgi.server [req-2a9b1c09-63ac-45aa-9632-d6786a7b823c - - - - -] 127.0.0.1 "GET /v1/nodes/c1a56cb3-fcef-59d5-8105-7e6815154f70 HTTP/1.1" status: 200 len: 1752 time: 0.0299881
2017-05-24 03:02:41.781 5724 INFO eventlet.wsgi.server [req-4aee16ed-b72a-46f4-86a0-f3f8c76af13d - - - - -] 127.0.0.1 "GET /v1/nodes/e1369efa-5391-5035-8533-3a065c44a584 HTTP/1.1" status: 200 len: 1755 time: 0.0262072
2017-05-24 03:02:41.806 5724 INFO eventlet.wsgi.server [req-5a93c5cb-b0b5-4d4b-85de-20d4fbdde78c - - - - -] 127.0.0.1 "GET /v1/nodes/93494378-56ee-5e22-b6f0-e3be3a9ebdf1 HTTP/1.1" status: 200 len: 1748 time: 0.0209420
2017-05-24 03:02:43.310 5733 INFO eventlet.wsgi.server [req-6cb98aa0-dd55-4a95-b17f-03e546803a3b - - - - -] 127.0.0.1 "GET /v1/nodes/c1a56cb3-fcef-59d5-8105-7e6815154f70 HTTP/1.1" status: 200 len: 1752 time: 0.0153821
2017-05-24 03:02:43.817 5724 INFO eventlet.wsgi.server [req-f0a73cc1-97e8-4808-96d7-1fc426d60583 - - - - -] 127.0.0.1 "GET /v1/nodes/e1369efa-5391-5035-8533-3a065c44a584 HTTP/1.1" status: 200 len: 1755 time: 0.0291700
2017-05-24 03:02:43.839 5724 INFO eventlet.wsgi.server [req-bff10d31-7a79-47e4-8781-620c92b73df7 - - - - -] 127.0.0.1 "GET /v1/nodes/93494378-56ee-5e22-b6f0-e3be3a9ebdf1 HTTP/1.1" status: 200 len: 1748 time: 0.0207419
2017-05-24 03:02:45.345 5733 INFO eventlet.wsgi.server [req-78916104-f881-4073-90dd-5cc3004a955b - - - - -] 127.0.0.1 "GET /v1/nodes/c1a56cb3-fcef-59d5-8105-7e6815154f70 HTTP/1.1" status: 200 len: 1752 time: 0.0276999
2017-05-24 03:02:45.852 5724 INFO eventlet.wsgi.server [req-0284abe8-cc6b-4059-9478-1ff377ebae83 - - - - -] 127.0.0.1 "GET /v1/nodes/e1369efa-5391-5035-8533-3a065c44a584 HTTP/1.1" status: 200 len: 1755 time: 0.0278649
2017-05-24 03:02:45.872 5724 INFO eventlet.wsgi.server [req-249fdb5b-461e-4fdd-add2-66bc5ab7d3ff - - - - -] 127.0.0.1 "GET /v1/nodes/93494378-56ee-5e22-b6f0-e3be3a9ebdf1 HTTP/1.1" status: 200 len: 1748 time: 0.0190279
2017-05-24 03:02:47.382 5733 INFO eventlet.wsgi.server [req-65e6f05a-8c37-47f4-bdb8-2b23fc7f0b87 - - - - -] 127.0.0.1 "GET /v1/nodes/c1a56cb3-fcef-59d5-8105-7e6815154f70 HTTP/1.1" status: 200 len: 1752 time: 0.0286949
2017-05-24 03:02:47.890 5724 INFO eventlet.wsgi.server [req-d89983a5-c523-4dae-86f1-1efc0ed56138 - - - - -] 127.0.0.1 "GET /v1/nodes/e1369efa-5391-5035-8533-3a065c44a584 HTTP/1.1" status: 200 len: 1755 time: 0.0273528
2017-05-24 03:02:47.908 5724 INFO eventlet.wsgi.server [req-edaccea9-9f60-493f-aa08-89aa85c1a67e - - - - -] 127.0.0.1 "GET /v1/nodes/93494378-56ee-5e22-b6f0-e3be3a9ebdf1 HTTP/1.1" status: 200 len: 1748 time: 0.0175481
2017-05-24 03:02:49.420 5733 INFO eventlet.wsgi.server [req-bff07619-7e9d-4dfc-acb8-3e10ce90c074 - - - - -] 127.0.0.1 "GET /v1/nodes/c1a56cb3-fcef-59d5-8105-7e6815154f70 HTTP/1.1" status: 200 len: 1752 time: 0.0302331
2017-05-24 03:02:49.925 5724 INFO eventlet.wsgi.server [req-fb653f6a-34c9-4e89-9024-bcdef50352c2 - - - - -] 127.0.0.1 "GET /v1/nodes/e1369efa-5391-5035-8533-3a065c44a584 HTTP/1.1" status: 200 len: 1755 time: 0.0289509
2017-05-24 03:02:49.946 5724 INFO eventlet.wsgi.server [req-9ee4e26f-981d-47af-a555-b3c038f515ce - - - - -] 127.0.0.1 "GET /v1/nodes/93494378-56ee-5e22-b6f0-e3be3a9ebdf1 HTTP/1.1" status: 200 len: 1748 time: 0.0205040
2017-05-24 03:02:51.453 5733 INFO eventlet.wsgi.server [req-e19359dd-1710-4bb0-b442-6e10652bdb41 - - - - -] 127.0.0.1 "GET /v1/nodes/c1a56cb3-fcef-59d5-8105-7e6815154f70 HTTP/1.1" status: 200 len: 1752 time: 0.0284121
2017-05-24 03:02:51.958 5724 INFO eventlet.wsgi.server [req-c94a8ec8-998d-4553-8c11-78488deb8d87 - - - - -] 127.0.0.1 "GET /v1/nodes/e1369efa-5391-5035-8533-3a065c44a584 HTTP/1.1" status: 200 len: 1755 time: 0.0291131
2017-05-24 03:02:51.982 5724 INFO eventlet.wsgi.server [req-7804e0dd-4e88-45c1-ab5d-e9fccdb8f788 - - - - -] 127.0.0.1 "GET /v1/nodes/93494378-56ee-5e22-b6f0-e3be3a9ebdf1 HTTP/1.1" status: 200 len: 1748 time: 0.0220039
2017-05-24 03:02:53.487 5733 INFO eventlet.wsgi.server [req-1604f11d-61b8-46a0-add8-614a78b4422f - - - - -] 127.0.0.1 "GET /v1/nodes/c1a56cb3-fcef-59d5-8105-7e6815154f70 HTTP/1.1" status: 200 len: 1752 time: 0.0288339
2017-05-24 03:02:53.990 5724 INFO eventlet.wsgi.server [req-d951daa3-a69b-405c-9ac7-9f2a29a2e92b - - - - -] 127.0.0.1 "GET /v1/nodes/e1369efa-5391-5035-8533-3a065c44a584 HTTP/1.1" status: 200 len: 1755 time: 0.0290022
2017-05-24 03:02:54.013 5724 INFO eventlet.wsgi.server [req-2675a5ea-b54a-42a8-aacb-277470ca8a52 - - - - -] 127.0.0.1 "GET /v1/nodes/93494378-56ee-5e22-b6f0-e3be3a9ebdf1 HTTP/1.1" status: 200 len: 1748 time: 0.0218961
2017-05-24 03:02:55.519 5733 INFO eventlet.wsgi.server [req-e9e496f6-4b6f-4801-948f-43a6608a969d - - - - -] 127.0.0.1 "GET /v1/nodes/c1a56cb3-fcef-59d5-8105-7e6815154f70 HTTP/1.1" status: 200 len: 1752 time: 0.0267019
2017-05-24 03:02:56.024 5724 INFO eventlet.wsgi.server [req-b2ed3fe2-3894-4254-83e4-7e2eac6ed796 - - - - -] 127.0.0.1 "GET /v1/nodes/e1369efa-5391-5035-8533-3a065c44a584 HTTP/1.1" status: 200 len: 1755 time: 0.0285132
2017-05-24 03:02:56.047 5724 INFO eventlet.wsgi.server [req-d406913e-43dd-424e-99a3-012e43a59bfa - - - - -] 127.0.0.1 "GET /v1/nodes/93494378-56ee-5e22-b6f0-e3be3a9ebdf1 HTTP/1.1" status: 200 len: 1748 time: 0.0223701
2017-05-24 03:02:57.555 5733 INFO eventlet.wsgi.server [req-a75d03ef-a372-4210-85a1-e6c81337df78 - - - - -] 127.0.0.1 "GET /v1/nodes/c1a56cb3-fcef-59d5-8105-7e6815154f70 HTTP/1.1" status: 200 len: 1752 time: 0.0312061
2017-05-24 03:02:58.058 5724 INFO eventlet.wsgi.server [req-8ee986ec-9780-42d1-8ed8-e9e35d53e998 - - - - -] 127.0.0.1 "GET /v1/nodes/e1369efa-5391-5035-8533-3a065c44a584 HTTP/1.1" status: 200 len: 1755 time: 0.0283911
2017-05-24 03:02:58.082 5724 INFO eventlet.wsgi.server [req-57df2bbf-e126-4663-be3a-23c1033a0fb9 - - - - -] 127.0.0.1 "GET /v1/nodes/93494378-56ee-5e22-b6f0-e3be3a9ebdf1 HTTP/1.1" status: 200 len: 1748 time: 0.0227790
2017-05-24 03:02:59.590 5733 INFO eventlet.wsgi.server [req-cea388cf-36b7-47a7-b5d8-0a80aa7302b6 - - - - -] 127.0.0.1 "GET /v1/nodes/c1a56cb3-fcef-59d5-8105-7e6815154f70 HTTP/1.1" status: 200 len: 1752 time: 0.0283470
2017-05-24 03:03:00.097 5724 INFO eventlet.wsgi.server [req-536a6049-6057-4763-9ad4-cd5eab1309f6 - - - - -] 127.0.0.1 "GET /v1/nodes/e1369efa-5391-5035-8533-3a065c44a584 HTTP/1.1" status: 200 len: 1755 time: 0.0338731
2017-05-24 03:03:00.119 5724 INFO eventlet.wsgi.server [req-ea1ed1f4-e5d1-4fa1-8f53-4ae07b7105ea - - - - -] 127.0.0.1 "GET /v1/nodes/93494378-56ee-5e22-b6f0-e3be3a9ebdf1 HTTP/1.1" status: 200 len: 1748 time: 0.0210741
2017-05-24 03:03:01.625 5733 INFO eventlet.wsgi.server [req-c6accc4d-314f-464f-b668-645ab64914dc - - - - -] 127.0.0.1 "GET /v1/nodes/c1a56cb3-fcef-59d5-8105-7e6815154f70 HTTP/1.1" status: 200 len: 1752 time: 0.0300300
2017-05-24 03:03:02.131 5724 INFO eventlet.wsgi.server [req-dc33a8f2-fe3e-4afc-a946-6e32a2578e98 - - - - -] 127.0.0.1 "GET /v1/nodes/e1369efa-5391-5035-8533-3a065c44a584 HTTP/1.1" status: 200 len: 1755 time: 0.0291679
2017-05-24 03:03:02.153 5724 INFO eventlet.wsgi.server [req-18fb5a28-6d7a-44b9-b411-030f02648852 - - - - -] 127.0.0.1 "GET /v1/nodes/93494378-56ee-5e22-b6f0-e3be3a9ebdf1 HTTP/1.1" status: 200 len: 1748 time: 0.0205340
2017-05-24 03:03:03.661 5733 INFO eventlet.wsgi.server [req-2a9c1118-2f98-4b38-925d-a39f3dbdad44 - - - - -] 127.0.0.1 "GET /v1/nodes/c1a56cb3-fcef-59d5-8105-7e6815154f70 HTTP/1.1" status: 200 len: 1752 time: 0.0307629
2017-05-24 03:03:04.166 5724 INFO eventlet.wsgi.server [req-1aa70422-2c8c-4e1a-b791-859e739923d1 - - - - -] 127.0.0.1 "GET /v1/nodes/e1369efa-5391-5035-8533-3a065c44a584 HTTP/1.1" status: 200 len: 1755 time: 0.0290020
2017-05-24 03:03:04.187 5724 INFO eventlet.wsgi.server [req-4330ff4d-0bb4-4c51-aae7-ecddc43ada5e - - - - -] 127.0.0.1 "GET /v1/nodes/93494378-56ee-5e22-b6f0-e3be3a9ebdf1 HTTP/1.1" status: 200 len: 1748 time: 0.0197620
2017-05-24 03:03:05.698 5733 INFO eventlet.wsgi.server [req-da4291c6-647b-49f2-93ce-9377d8dce0c5 - - - - -] 127.0.0.1 "GET /v1/nodes/c1a56cb3-fcef-59d5-8105-7e6815154f70 HTTP/1.1" status: 200 len: 1752 time: 0.0309610
2017-05-24 03:03:06.196 5724 INFO eventlet.wsgi.server [req-07e876a6-6ae0-484a-93fb-cffd14995521 - - - - -] 127.0.0.1 "GET /v1/nodes/e1369efa-5391-5035-8533-3a065c44a584 HTTP/1.1" status: 200 len: 1755 time: 0.0266759
2017-05-24 03:03:06.216 5724 INFO eventlet.wsgi.server [req-bda9fb62-bfb5-4805-95fb-5fa140ddbc8a - - - - -] 127.0.0.1 "GET /v1/nodes/93494378-56ee-5e22-b6f0-e3be3a9ebdf1 HTTP/1.1" status: 200 len: 1748 time: 0.0191660
2017-05-24 03:03:07.732 5733 INFO eventlet.wsgi.server [req-ccac7028-da49-4f81-bdad-d5aff0fc260a - - - - -] 127.0.0.1 "GET /v1/nodes/c1a56cb3-fcef-59d5-8105-7e6815154f70 HTTP/1.1" status: 200 len: 1752 time: 0.0283210
2017-05-24 03:03:08.233 5724 INFO eventlet.wsgi.server [req-fa5ef4a8-1c67-4114-a29b-1ab78a518512 - - - - -] 127.0.0.1 "GET /v1/nodes/e1369efa-5391-5035-8533-3a065c44a584 HTTP/1.1" status: 200 len: 1755 time: 0.0316811
2017-05-24 03:03:08.254 5724 INFO eventlet.wsgi.server [req-d94aaa6a-a97f-43c5-98ea-d46f4dbbb16b - - - - -] 127.0.0.1 "GET /v1/nodes/93494378-56ee-5e22-b6f0-e3be3a9ebdf1 HTTP/1.1" status: 200 len: 1748 time: 0.0202720
2017-05-24 03:03:09.765 5733 INFO eventlet.wsgi.server [req-1113c960-4ba1-491c-87ee-cc388cb4d6ef - - - - -] 127.0.0.1 "GET /v1/nodes/c1a56cb3-fcef-59d5-8105-7e6815154f70 HTTP/1.1" status: 200 len: 1752 time: 0.0277319
2017-05-24 03:03:10.265 5724 INFO eventlet.wsgi.server [req-af10b046-5964-4a7c-9847-51910a82add3 - - - - -] 127.0.0.1 "GET /v1/nodes/e1369efa-5391-5035-8533-3a065c44a584 HTTP/1.1" status: 200 len: 1755 time: 0.0270851
2017-05-24 03:03:10.286 5724 INFO eventlet.wsgi.server [req-a95c19e8-d328-474e-ab81-ca6263d97afe - - - - -] 127.0.0.1 "GET /v1/nodes/93494378-56ee-5e22-b6f0-e3be3a9ebdf1 HTTP/1.1" status: 200 len: 1748 time: 0.0200310
2017-05-24 03:03:11.799 5733 INFO eventlet.wsgi.server [req-26a77975-aee7-4ccc-bdf5-79d841961aa4 - - - - -] 127.0.0.1 "GET /v1/nodes/c1a56cb3-fcef-59d5-8105-7e6815154f70 HTTP/1.1" status: 200 len: 1752 time: 0.0288451
2017-05-24 03:03:12.298 5724 INFO eventlet.wsgi.server [req-880144b0-ef52-40de-a449-c18a18a7f3b7 - - - - -] 127.0.0.1 "GET /v1/nodes/e1369efa-5391-5035-8533-3a065c44a584 HTTP/1.1" status: 200 len: 1755 time: 0.0281210
2017-05-24 03:03:12.320 5724 INFO eventlet.wsgi.server [req-eb60c66b-ef8f-40a6-acf2-314f78f0d8e2 - - - - -] 127.0.0.1 "GET /v1/nodes/93494378-56ee-5e22-b6f0-e3be3a9ebdf1 HTTP/1.1" status: 200 len: 1748 time: 0.0206461
2017-05-24 03:03:13.835 5733 INFO eventlet.wsgi.server [req-8152e2c8-dc09-47dc-bd3f-b06bcb1e42a3 - - - - -] 127.0.0.1 "GET /v1/nodes/c1a56cb3-fcef-59d5-8105-7e6815154f70 HTTP/1.1" status: 200 len: 1752 time: 0.0285022
2017-05-24 03:03:14.333 5724 INFO eventlet.wsgi.server [req-08ad0d4e-4114-4de6-8c61-64f854cff1cc - - - - -] 127.0.0.1 "GET /v1/nodes/e1369efa-5391-5035-8533-3a065c44a584 HTTP/1.1" status: 200 len: 1755 time: 0.0289690
2017-05-24 03:03:14.355 5724 INFO eventlet.wsgi.server [req-c268b9a2-e86a-46f1-a049-34752e958f01 - - - - -] 127.0.0.1 "GET /v1/nodes/93494378-56ee-5e22-b6f0-e3be3a9ebdf1 HTTP/1.1" status: 200 len: 1748 time: 0.0209558
2017-05-24 03:03:15.867 5733 INFO eventlet.wsgi.server [req-47c30878-4fe6-4087-8cee-66a10ab88f5b - - - - -] 127.0.0.1 "GET /v1/nodes/c1a56cb3-fcef-59d5-8105-7e6815154f70 HTTP/1.1" status: 200 len: 1752 time: 0.0253808
2017-05-24 03:03:16.367 5724 INFO eventlet.wsgi.server [req-86fa400a-9190-432c-a4f8-5b831f6064f8 - - - - -] 127.0.0.1 "GET /v1/nodes/e1369efa-5391-5035-8533-3a065c44a584 HTTP/1.1" status: 200 len: 1755 time: 0.0286620
2017-05-24 03:03:16.400 5724 INFO eventlet.wsgi.server [req-58552632-6811-4323-9667-c5c73723896d - - - - -] 127.0.0.1 "GET /v1/nodes/93494378-56ee-5e22-b6f0-e3be3a9ebdf1 HTTP/1.1" status: 200 len: 1748 time: 0.0308900
2017-05-24 03:03:16.506 5724 INFO eventlet.wsgi.server [req-a5f93449-ac07-4cad-aa27-9ad472e4f03d - - - - -] 127.0.0.1 "GET /v1/nodes HTTP/1.1" status: 200 len: 1477 time: 0.0524700
2017-05-24 03:03:17.899 5733 INFO eventlet.wsgi.server [req-3e300a9f-1760-4348-ba84-b259233fb695 - - - - -] 127.0.0.1 "GET /v1/nodes/c1a56cb3-fcef-59d5-8105-7e6815154f70 HTTP/1.1" status: 200 len: 1752 time: 0.0275741
2017-05-24 03:03:18.401 5724 INFO eventlet.wsgi.server [req-b0ca8d13-e64d-43ed-a94c-4e65f815f89f - - - - -] 127.0.0.1 "GET /v1/nodes/e1369efa-5391-5035-8533-3a065c44a584 HTTP/1.1" status: 200 len: 1755 time: 0.0291770
2017-05-24 03:03:18.435 5724 INFO eventlet.wsgi.server [req-c0dba8a9-4061-4518-9f6e-159eb63630c1 - - - - -] 127.0.0.1 "GET /v1/nodes/93494378-56ee-5e22-b6f0-e3be3a9ebdf1 HTTP/1.1" status: 200 len: 1748 time: 0.0287359
2017-05-24 03:03:19.932 5733 INFO eventlet.wsgi.server [req-2ec03d8f-bce3-4edd-835e-10a7842c37ba - - - - -] 127.0.0.1 "GET /v1/nodes/c1a56cb3-fcef-59d5-8105-7e6815154f70 HTTP/1.1" status: 200 len: 1752 time: 0.0274649
2017-05-24 03:03:20.430 5724 INFO eventlet.wsgi.server [req-cd3fc656-01ed-4daf-8b96-2df314e25a2d - - - - -] 127.0.0.1 "GET /v1/nodes/e1369efa-5391-5035-8533-3a065c44a584 HTTP/1.1" status: 200 len: 1755 time: 0.0242541
2017-05-24 03:03:20.469 5724 INFO eventlet.wsgi.server [req-c1a772fa-77e1-4b47-91fc-18786fbd6d4d - - - - -] 127.0.0.1 "GET /v1/nodes/93494378-56ee-5e22-b6f0-e3be3a9ebdf1 HTTP/1.1" status: 200 len: 1748 time: 0.0268760
2017-05-24 03:03:21.963 5733 INFO eventlet.wsgi.server [req-e1eb78ef-f111-4cd3-bef0-9f2c328725a9 - - - - -] 127.0.0.1 "GET /v1/nodes/c1a56cb3-fcef-59d5-8105-7e6815154f70 HTTP/1.1" status: 200 len: 1752 time: 0.0261791
2017-05-24 03:03:22.462 5724 INFO eventlet.wsgi.server [req-ca77493e-cbc5-47bf-87d3-09a50ff80fc7 - - - - -] 127.0.0.1 "GET /v1/nodes/e1369efa-5391-5035-8533-3a065c44a584 HTTP/1.1" status: 200 len: 1755 time: 0.0281031
2017-05-24 03:03:22.506 5724 INFO eventlet.wsgi.server [req-ca15836a-ddb0-4a43-a8be-7f2cb9265b3e - - - - -] 127.0.0.1 "GET /v1/nodes/93494378-56ee-5e22-b6f0-e3be3a9ebdf1 HTTP/1.1" status: 200 len: 1748 time: 0.0308888
2017-05-24 03:03:23.997 5733 INFO eventlet.wsgi.server [req-90496ab9-5b7c-408c-830a-7f50c26afd2f - - - - -] 127.0.0.1 "GET /v1/nodes/c1a56cb3-fcef-59d5-8105-7e6815154f70 HTTP/1.1" status: 200 len: 1752 time: 0.0286732
2017-05-24 03:03:24.498 5724 INFO eventlet.wsgi.server [req-3b2144a5-d6eb-4b1f-9e62-58b619fcb86c - - - - -] 127.0.0.1 "GET /v1/nodes/e1369efa-5391-5035-8533-3a065c44a584 HTTP/1.1" status: 200 len: 1755 time: 0.0304918
2017-05-24 03:03:24.537 5724 INFO eventlet.wsgi.server [req-937e047a-475d-47ec-8d1f-6bf6a84e5bb8 - - - - -] 127.0.0.1 "GET /v1/nodes/93494378-56ee-5e22-b6f0-e3be3a9ebdf1 HTTP/1.1" status: 200 len: 1748 time: 0.0272379
2017-05-24 03:03:26.041 5733 INFO eventlet.wsgi.server [req-0c896fea-cc7f-4b95-b5e0-2ddc890dc87e - - - - -] 127.0.0.1 "GET /v1/nodes/c1a56cb3-fcef-59d5-8105-7e6815154f70 HTTP/1.1" status: 200 len: 1752 time: 0.0360272
2017-05-24 03:03:26.530 5724 INFO eventlet.wsgi.server [req-58d7e0f2-0003-4d09-ba52-4087cd64bfed - - - - -] 127.0.0.1 "GET /v1/nodes/e1369efa-5391-5035-8533-3a065c44a584 HTTP/1.1" status: 200 len: 1755 time: 0.0251341
2017-05-24 03:03:26.561 5724 INFO eventlet.wsgi.server [req-fe366b7b-98b0-4221-a76d-4ade71bd5667 - - - - -] 127.0.0.1 "GET /v1/nodes/93494378-56ee-5e22-b6f0-e3be3a9ebdf1 HTTP/1.1" status: 200 len: 1748 time: 0.0197031
2017-05-24 03:03:28.074 5733 INFO eventlet.wsgi.server [req-248fcbca-e8a1-4d7e-9467-ec68cdf1ed85 - - - - -] 127.0.0.1 "GET /v1/nodes/c1a56cb3-fcef-59d5-8105-7e6815154f70 HTTP/1.1" status: 200 len: 1752 time: 0.0271299
2017-05-24 03:03:28.567 5724 INFO eventlet.wsgi.server [req-68e271a8-35cd-45a4-a5dd-6e815c8676c2 - - - - -] 127.0.0.1 "GET /v1/nodes/e1369efa-5391-5035-8533-3a065c44a584 HTTP/1.1" status: 200 len: 1755 time: 0.0295811
2017-05-24 03:03:28.592 5724 INFO eventlet.wsgi.server [req-8134af02-64f2-48b4-9b82-66c4982ce086 - - - - -] 127.0.0.1 "GET /v1/nodes/93494378-56ee-5e22-b6f0-e3be3a9ebdf1 HTTP/1.1" status: 200 len: 1748 time: 0.0237241
2017-05-24 03:03:30.110 5733 INFO eventlet.wsgi.server [req-60a998cb-fe81-4fe7-b7f0-9d356975e535 - - - - -] 127.0.0.1 "GET /v1/nodes/c1a56cb3-fcef-59d5-8105-7e6815154f70 HTTP/1.1" status: 200 len: 1752 time: 0.0290849
2017-05-24 03:03:30.603 5724 INFO eventlet.wsgi.server [req-782c1796-2b55-42db-9431-a1e702c01737 - - - - -] 127.0.0.1 "GET /v1/nodes/e1369efa-5391-5035-8533-3a065c44a584 HTTP/1.1" status: 200 len: 1755 time: 0.0287650
2017-05-24 03:03:30.626 5724 INFO eventlet.wsgi.server [req-c42dc082-79a9-4072-821d-10f4288f997f - - - - -] 127.0.0.1 "GET /v1/nodes/93494378-56ee-5e22-b6f0-e3be3a9ebdf1 HTTP/1.1" status: 200 len: 1748 time: 0.0218139
2017-05-24 03:03:32.143 5733 INFO eventlet.wsgi.server [req-f61142ac-2493-4068-a34e-2748851105dc - - - - -] 127.0.0.1 "GET /v1/nodes/c1a56cb3-fcef-59d5-8105-7e6815154f70 HTTP/1.1" status: 200 len: 1752 time: 0.0263028
2017-05-24 03:03:32.642 5724 INFO eventlet.wsgi.server [req-7f2b63e7-4309-437c-87d2-05e051701769 - - - - -] 127.0.0.1 "GET /v1/nodes/e1369efa-5391-5035-8533-3a065c44a584 HTTP/1.1" status: 200 len: 1755 time: 0.0331368
2017-05-24 03:03:32.671 5724 INFO eventlet.wsgi.server [req-782d5cb5-7860-4c0a-9596-60e8f32f5230 - - - - -] 127.0.0.1 "GET /v1/nodes/93494378-56ee-5e22-b6f0-e3be3a9ebdf1 HTTP/1.1" status: 200 len: 1748 time: 0.0282671
2017-05-24 03:03:34.184 5733 INFO eventlet.wsgi.server [req-52c095c2-17b4-4331-a88e-9711586498fd - - - - -] 127.0.0.1 "GET /v1/nodes/c1a56cb3-fcef-59d5-8105-7e6815154f70 HTTP/1.1" status: 200 len: 1752 time: 0.0327301
2017-05-24 03:03:34.684 5724 INFO eventlet.wsgi.server [req-acc6f622-f666-46cc-ac06-f9a6cb190370 - - - - -] 127.0.0.1 "GET /v1/nodes/e1369efa-5391-5035-8533-3a065c44a584 HTTP/1.1" status: 200 len: 1755 time: 0.0340400
2017-05-24 03:03:34.707 5724 INFO eventlet.wsgi.server [req-99f46f97-d6e0-4f78-b4ac-1472d783dcb3 - - - - -] 127.0.0.1 "GET /v1/nodes/93494378-56ee-5e22-b6f0-e3be3a9ebdf1 HTTP/1.1" status: 200 len: 1748 time: 0.0213139
2017-05-24 03:03:36.226 5733 INFO eventlet.wsgi.server [req-4deb52cc-5750-4d24-a6c8-afce1794ccdf - - - - -] 127.0.0.1 "GET /v1/nodes/c1a56cb3-fcef-59d5-8105-7e6815154f70 HTTP/1.1" status: 200 len: 1752 time: 0.0327911
2017-05-24 03:03:36.720 5724 INFO eventlet.wsgi.server [req-647a30cc-6e39-4fbf-855f-a417f3cf2aae - - - - -] 127.0.0.1 "GET /v1/nodes/e1369efa-5391-5035-8533-3a065c44a584 HTTP/1.1" status: 200 len: 1755 time: 0.0291820
2017-05-24 03:03:36.744 5724 INFO eventlet.wsgi.server [req-021a8259-1acc-4f12-a743-16aeadb09195 - - - - -] 127.0.0.1 "GET /v1/nodes/93494378-56ee-5e22-b6f0-e3be3a9ebdf1 HTTP/1.1" status: 200 len: 1748 time: 0.0233440
2017-05-24 03:03:38.263 5733 INFO eventlet.wsgi.server [req-0c43e186-9e49-4d40-87c2-3ef06c94d34f - - - - -] 127.0.0.1 "GET /v1/nodes/c1a56cb3-fcef-59d5-8105-7e6815154f70 HTTP/1.1" status: 200 len: 1752 time: 0.0311370
2017-05-24 03:03:38.754 5724 INFO eventlet.wsgi.server [req-7fb85c0b-dded-47ad-94db-f02e70bf05db - - - - -] 127.0.0.1 "GET /v1/nodes/e1369efa-5391-5035-8533-3a065c44a584 HTTP/1.1" status: 200 len: 1755 time: 0.0291541
2017-05-24 03:03:38.777 5724 INFO eventlet.wsgi.server [req-63c7055c-7e4b-4def-ba64-52f16ec28582 - - - - -] 127.0.0.1 "GET /v1/nodes/93494378-56ee-5e22-b6f0-e3be3a9ebdf1 HTTP/1.1" status: 200 len: 1748 time: 0.0223069
2017-05-24 03:03:40.297 5733 INFO eventlet.wsgi.server [req-6ae03ab4-03c9-4213-bf55-8379da0d6b7e - - - - -] 127.0.0.1 "GET /v1/nodes/c1a56cb3-fcef-59d5-8105-7e6815154f70 HTTP/1.1" status: 200 len: 1752 time: 0.0282869
2017-05-24 03:03:40.790 5724 INFO eventlet.wsgi.server [req-f2571cb1-1d80-48de-a3f5-b821635773d9 - - - - -] 127.0.0.1 "GET /v1/nodes/e1369efa-5391-5035-8533-3a065c44a584 HTTP/1.1" status: 200 len: 1755 time: 0.0299010
2017-05-24 03:03:40.817 5724 INFO eventlet.wsgi.server [req-dcbde926-33df-494e-9101-5d5a92cd932d - - - - -] 127.0.0.1 "GET /v1/nodes/93494378-56ee-5e22-b6f0-e3be3a9ebdf1 HTTP/1.1" status: 200 len: 1748 time: 0.0259490
2017-05-24 03:03:42.329 5733 INFO eventlet.wsgi.server [req-ebfa8d70-cae6-4d39-91bd-b63a6a514128 - - - - -] 127.0.0.1 "GET /v1/nodes/c1a56cb3-fcef-59d5-8105-7e6815154f70 HTTP/1.1" status: 200 len: 1752 time: 0.0274911
2017-05-24 03:03:42.824 5724 INFO eventlet.wsgi.server [req-9afbd3ce-5916-459b-a143-56a1775f7bc6 - - - - -] 127.0.0.1 "GET /v1/nodes/e1369efa-5391-5035-8533-3a065c44a584 HTTP/1.1" status: 200 len: 1755 time: 0.0292680
2017-05-24 03:03:42.851 5724 INFO eventlet.wsgi.server [req-7575b67d-a247-4d71-aa84-c3904a17d105 - - - - -] 127.0.0.1 "GET /v1/nodes/93494378-56ee-5e22-b6f0-e3be3a9ebdf1 HTTP/1.1" status: 200 len: 1748 time: 0.0259950
2017-05-24 03:03:44.362 5733 INFO eventlet.wsgi.server [req-57056047-6dd8-4b9b-bd10-4316032b5361 - - - - -] 127.0.0.1 "GET /v1/nodes/c1a56cb3-fcef-59d5-8105-7e6815154f70 HTTP/1.1" status: 200 len: 1752 time: 0.0278401
2017-05-24 03:03:44.851 5724 INFO eventlet.wsgi.server [req-1a5a43e4-5257-4782-ac0f-32559d548886 - - - - -] 127.0.0.1 "GET /v1/nodes/e1369efa-5391-5035-8533-3a065c44a584 HTTP/1.1" status: 200 len: 1755 time: 0.0228021
2017-05-24 03:03:44.884 5724 INFO eventlet.wsgi.server [req-0ead9245-a68d-4ad7-a684-16d3a595db35 - - - - -] 127.0.0.1 "GET /v1/nodes/93494378-56ee-5e22-b6f0-e3be3a9ebdf1 HTTP/1.1" status: 200 len: 1748 time: 0.0258379
2017-05-24 03:03:46.396 5733 INFO eventlet.wsgi.server [req-11575715-994f-4811-9be2-6cf7cfd2bd24 - - - - -] 127.0.0.1 "GET /v1/nodes/c1a56cb3-fcef-59d5-8105-7e6815154f70 HTTP/1.1" status: 200 len: 1752 time: 0.0293422
2017-05-24 03:03:46.881 5724 INFO eventlet.wsgi.server [req-7f419740-97fb-4ef6-ac54-5afb02b3aa5b - - - - -] 127.0.0.1 "GET /v1/nodes/e1369efa-5391-5035-8533-3a065c44a584 HTTP/1.1" status: 200 len: 1755 time: 0.0258210
2017-05-24 03:03:46.908 5724 INFO eventlet.wsgi.server [req-6de35a45-41fc-426b-add1-d7dab138975a - - - - -] 127.0.0.1 "GET /v1/nodes/93494378-56ee-5e22-b6f0-e3be3a9ebdf1 HTTP/1.1" status: 200 len: 1748 time: 0.0186729
2017-05-24 03:03:48.429 5733 INFO eventlet.wsgi.server [req-009922ed-756b-46f9-87ef-700d0470621c - - - - -] 127.0.0.1 "GET /v1/nodes/c1a56cb3-fcef-59d5-8105-7e6815154f70 HTTP/1.1" status: 200 len: 1752 time: 0.0278730
2017-05-24 03:03:48.916 5724 INFO eventlet.wsgi.server [req-d25dd050-28fd-4267-9391-93391f32c189 - - - - -] 127.0.0.1 "GET /v1/nodes/e1369efa-5391-5035-8533-3a065c44a584 HTTP/1.1" status: 200 len: 1755 time: 0.0300682
2017-05-24 03:03:48.940 5724 INFO eventlet.wsgi.server [req-5b79be53-c036-4578-8bf8-c6e2ea00c17d - - - - -] 127.0.0.1 "GET /v1/nodes/93494378-56ee-5e22-b6f0-e3be3a9ebdf1 HTTP/1.1" status: 200 len: 1748 time: 0.0234950
2017-05-24 03:03:50.463 5733 INFO eventlet.wsgi.server [req-5d8957fc-77de-4622-9099-0471f4dc36d5 - - - - -] 127.0.0.1 "GET /v1/nodes/c1a56cb3-fcef-59d5-8105-7e6815154f70 HTTP/1.1" status: 200 len: 1752 time: 0.0289159
2017-05-24 03:03:50.952 5724 INFO eventlet.wsgi.server [req-740023f3-4136-46d5-b2db-857667158d59 - - - - -] 127.0.0.1 "GET /v1/nodes/e1369efa-5391-5035-8533-3a065c44a584 HTTP/1.1" status: 200 len: 1755 time: 0.0308340
2017-05-24 03:03:50.976 5724 INFO eventlet.wsgi.server [req-68e30585-6673-45c1-b3bd-ec2d58bd8089 - - - - -] 127.0.0.1 "GET /v1/nodes/93494378-56ee-5e22-b6f0-e3be3a9ebdf1 HTTP/1.1" status: 200 len: 1748 time: 0.0228820
2017-05-24 03:03:52.495 5733 INFO eventlet.wsgi.server [req-e168a9af-6bcf-41c2-9161-049183af3e7d - - - - -] 127.0.0.1 "GET /v1/nodes/c1a56cb3-fcef-59d5-8105-7e6815154f70 HTTP/1.1" status: 200 len: 1752 time: 0.0267620
2017-05-24 03:03:52.987 5724 INFO eventlet.wsgi.server [req-916925e4-0ea2-4b92-98d9-54b3ece8c4e1 - - - - -] 127.0.0.1 "GET /v1/nodes/e1369efa-5391-5035-8533-3a065c44a584 HTTP/1.1" status: 200 len: 1755 time: 0.0302579
2017-05-24 03:03:53.014 5724 INFO eventlet.wsgi.server [req-78b2f179-3f97-48d3-8e33-f7ddc5bda738 - - - - -] 127.0.0.1 "GET /v1/nodes/93494378-56ee-5e22-b6f0-e3be3a9ebdf1 HTTP/1.1" status: 200 len: 1748 time: 0.0262511
2017-05-24 03:03:54.531 5733 INFO eventlet.wsgi.server [req-ddf2a20c-0612-4cbd-b191-0a6337d18aa7 - - - - -] 127.0.0.1 "GET /v1/nodes/c1a56cb3-fcef-59d5-8105-7e6815154f70 HTTP/1.1" status: 200 len: 1752 time: 0.0300772
2017-05-24 03:03:55.023 5724 INFO eventlet.wsgi.server [req-cf1da7b6-a23a-40ea-96e5-26732f191dc1 - - - - -] 127.0.0.1 "GET /v1/nodes/e1369efa-5391-5035-8533-3a065c44a584 HTTP/1.1" status: 200 len: 1755 time: 0.0294380
2017-05-24 03:03:55.051 5724 INFO eventlet.wsgi.server [req-9460dab4-ad08-4767-a975-6e3beef0e9a5 - - - - -] 127.0.0.1 "GET /v1/nodes/93494378-56ee-5e22-b6f0-e3be3a9ebdf1 HTTP/1.1" status: 200 len: 1748 time: 0.0267990
2017-05-24 03:03:56.563 5733 INFO eventlet.wsgi.server [req-3d0a318b-ac96-4120-82da-b05a970821d2 - - - - -] 127.0.0.1 "GET /v1/nodes/c1a56cb3-fcef-59d5-8105-7e6815154f70 HTTP/1.1" status: 200 len: 1752 time: 0.0266600
2017-05-24 03:03:57.056 5724 INFO eventlet.wsgi.server [req-9cffdd9f-c762-4f85-82a8-8bc766712139 - - - - -] 127.0.0.1 "GET /v1/nodes/e1369efa-5391-5035-8533-3a065c44a584 HTTP/1.1" status: 200 len: 1755 time: 0.0278149
