2017-03-22 08:19:13.799 3316 DEBUG oslo.messaging._drivers.impl_rabbit [-] Timed out waiting for RPC response: Timeout while waiting on RPC response - topic: "", RPC method: "" info: "" _raise_timeout /usr/local/lib/python2.7/dist-packages/oslo_messaging/_drivers/impl_rabbit.py:1054
2017-03-22 08:19:13.937 3317 INFO eventlet.wsgi.server [req-27657e4d-c4f6-4dbc-aeca-77e888b7378c - - - - -] 127.0.0.1 "GET /v1/nodes/72010e8e-a3bd-519e-92fa-a69484f8298f HTTP/1.1" status: 200 len: 1752 time: 0.0317249
2017-03-22 08:19:14.088 3327 INFO eventlet.wsgi.server [req-9761da1e-cf20-4267-ac99-85e438d91cef - - - - -] 127.0.0.1 "GET /v1/nodes/e1369efa-5391-5035-8533-3a065c44a584 HTTP/1.1" status: 200 len: 1755 time: 0.0363851
2017-03-22 08:19:14.112 3327 INFO eventlet.wsgi.server [req-9e5a59aa-7943-4d92-af93-a2edbc5f9dd0 - - - - -] 127.0.0.1 "GET /v1/nodes/c1a56cb3-fcef-59d5-8105-7e6815154f70 HTTP/1.1" status: 200 len: 1752 time: 0.0223660
2017-03-22 08:19:14.228 3331 DEBUG oslo.messaging._drivers.impl_rabbit [-] Timed out waiting for RPC response: timed out _raise_timeout /usr/local/lib/python2.7/dist-packages/oslo_messaging/_drivers/impl_rabbit.py:1054
2017-03-22 08:19:14.228 3331 DEBUG oslo.messaging._drivers.impl_rabbit [-] Timed out waiting for RPC response: Timeout while waiting on RPC response - topic: "", RPC method: "" info: "" _raise_timeout /usr/local/lib/python2.7/dist-packages/oslo_messaging/_drivers/impl_rabbit.py:1054
2017-03-22 08:19:15.064 3316 INFO eventlet.wsgi.server [req-9086c09a-6d20-473e-8278-d103cc808322 - - - - -] 127.0.0.1 "GET /v1/nodes/72010e8e-a3bd-519e-92fa-a69484f8298f HTTP/1.1" status: 200 len: 1771 time: 0.0226362
2017-03-22 08:19:15.175 3316 INFO eventlet.wsgi.server [req-d5cf6a06-6fdf-4d13-a7f0-b74b833feb97 - - - - -] 127.0.0.1 "GET /v1/nodes/72010e8e-a3bd-519e-92fa-a69484f8298f/ports HTTP/1.1" status: 200 len: 623 time: 0.0335848
2017-03-22 08:19:15.357 3316 INFO eventlet.wsgi.server [req-18793455-85ab-4f34-88bd-fced00b5622c - - - - -] 127.0.0.1 "PATCH /v1/nodes/72010e8e-a3bd-519e-92fa-a69484f8298f HTTP/1.1" status: 200 len: 1771 time: 0.1743209
2017-03-22 08:19:15.358 3316 DEBUG oslo.messaging._drivers.impl_rabbit [-] Timed out waiting for RPC response: timed out _raise_timeout /usr/local/lib/python2.7/dist-packages/oslo_messaging/_drivers/impl_rabbit.py:1054
2017-03-22 08:19:15.359 3316 DEBUG oslo.messaging._drivers.impl_rabbit [-] Timed out waiting for RPC response: Timeout while waiting on RPC response - topic: "", RPC method: "" info: "" _raise_timeout /usr/local/lib/python2.7/dist-packages/oslo_messaging/_drivers/impl_rabbit.py:1054
2017-03-22 08:19:15.575 3316 INFO eventlet.wsgi.server [req-f10d56f7-ecff-4bec-85f4-ea5d9a36400c - - - - -] 127.0.0.1 "PATCH /v1/nodes/72010e8e-a3bd-519e-92fa-a69484f8298f HTTP/1.1" status: 200 len: 1821 time: 0.2093928
2017-03-22 08:19:15.576 3316 DEBUG oslo.messaging._drivers.impl_rabbit [-] Timed out waiting for RPC response: timed out _raise_timeout /usr/local/lib/python2.7/dist-packages/oslo_messaging/_drivers/impl_rabbit.py:1054
2017-03-22 08:19:15.577 3316 DEBUG oslo.messaging._drivers.impl_rabbit [-] Timed out waiting for RPC response: Timeout while waiting on RPC response - topic: "", RPC method: "" info: "" _raise_timeout /usr/local/lib/python2.7/dist-packages/oslo_messaging/_drivers/impl_rabbit.py:1054
2017-03-22 08:19:15.747 3323 INFO eventlet.wsgi.server [req-65fe95c4-af3d-4931-95d5-105fde23a063 - - - - -] 127.0.0.1 "PUT /v1/nodes/72010e8e-a3bd-519e-92fa-a69484f8298f/states/power HTTP/1.1" status: 202 len: 384 time: 0.1363201
2017-03-22 08:19:15.748 3323 DEBUG oslo.messaging._drivers.impl_rabbit [-] Timed out waiting for RPC response: timed out _raise_timeout /usr/local/lib/python2.7/dist-packages/oslo_messaging/_drivers/impl_rabbit.py:1054
2017-03-22 08:19:15.749 3323 DEBUG oslo.messaging._drivers.impl_rabbit [-] Timed out waiting for RPC response: Timeout while waiting on RPC response - topic: "", RPC method: "" info: "" _raise_timeout /usr/local/lib/python2.7/dist-packages/oslo_messaging/_drivers/impl_rabbit.py:1054
2017-03-22 08:19:15.976 3317 INFO eventlet.wsgi.server [req-cb23f0e1-ddb6-440e-8a26-682deec57246 - - - - -] 127.0.0.1 "GET /v1/nodes/72010e8e-a3bd-519e-92fa-a69484f8298f HTTP/1.1" status: 200 len: 1829 time: 0.0324519
2017-03-22 08:19:16.123 3327 INFO eventlet.wsgi.server [req-0790edee-2872-4659-9b32-d38dd48a1f13 - - - - -] 127.0.0.1 "GET /v1/nodes/e1369efa-5391-5035-8533-3a065c44a584 HTTP/1.1" status: 200 len: 1755 time: 0.0293889
2017-03-22 08:19:16.146 3327 INFO eventlet.wsgi.server [req-b449dbaf-6ffe-415d-b4f9-6e02142fbbbf - - - - -] 127.0.0.1 "GET /v1/nodes/c1a56cb3-fcef-59d5-8105-7e6815154f70 HTTP/1.1" status: 200 len: 1752 time: 0.0221260
2017-03-22 08:19:16.578 3316 DEBUG oslo.messaging._drivers.impl_rabbit [-] Timed out waiting for RPC response: timed out _raise_timeout /usr/local/lib/python2.7/dist-packages/oslo_messaging/_drivers/impl_rabbit.py:1054
2017-03-22 08:19:16.579 3316 DEBUG oslo.messaging._drivers.impl_rabbit [-] Timed out waiting for RPC response: Timeout while waiting on RPC response - topic: "", RPC method: "" info: "" _raise_timeout /usr/local/lib/python2.7/dist-packages/oslo_messaging/_drivers/impl_rabbit.py:1054
2017-03-22 08:19:16.751 3323 DEBUG oslo.messaging._drivers.impl_rabbit [-] Timed out waiting for RPC response: timed out _raise_timeout /usr/local/lib/python2.7/dist-packages/oslo_messaging/_drivers/impl_rabbit.py:1054
2017-03-22 08:19:16.752 3323 DEBUG oslo.messaging._drivers.impl_rabbit [-] Timed out waiting for RPC response: Timeout while waiting on RPC response - topic: "", RPC method: "" info: "" _raise_timeout /usr/local/lib/python2.7/dist-packages/oslo_messaging/_drivers/impl_rabbit.py:1054
2017-03-22 08:19:17.358 3330 DEBUG oslo.messaging._drivers.impl_rabbit [-] Timed out waiting for RPC response: timed out _raise_timeout /usr/local/lib/python2.7/dist-packages/oslo_messaging/_drivers/impl_rabbit.py:1054
2017-03-22 08:19:17.359 3330 DEBUG oslo.messaging._drivers.impl_rabbit [-] Timed out waiting for RPC response: Timeout while waiting on RPC response - topic: "", RPC method: "" info: "" _raise_timeout /usr/local/lib/python2.7/dist-packages/oslo_messaging/_drivers/impl_rabbit.py:1054
2017-03-22 08:19:18.018 3317 INFO eventlet.wsgi.server [req-d480fd93-547a-4203-888f-7218df39a87c - - - - -] 127.0.0.1 "GET /v1/nodes/72010e8e-a3bd-519e-92fa-a69484f8298f HTTP/1.1" status: 200 len: 1829 time: 0.0350361
2017-03-22 08:19:18.166 3327 INFO eventlet.wsgi.server [req-0f202abd-435f-42be-a4dc-1e397a0354bb - - - - -] 127.0.0.1 "GET /v1/nodes/e1369efa-5391-5035-8533-3a065c44a584 HTTP/1.1" status: 200 len: 1755 time: 0.0363181
2017-03-22 08:19:18.196 3327 INFO eventlet.wsgi.server [req-24c7a1fe-ae58-4681-8692-7058eef0e68d - - - - -] 127.0.0.1 "GET /v1/nodes/c1a56cb3-fcef-59d5-8105-7e6815154f70 HTTP/1.1" status: 200 len: 1752 time: 0.0290930
2017-03-22 08:19:18.582 3316 DEBUG oslo.messaging._drivers.impl_rabbit [-] Timed out waiting for RPC response: timed out _raise_timeout /usr/local/lib/python2.7/dist-packages/oslo_messaging/_drivers/impl_rabbit.py:1054
2017-03-22 08:19:18.583 3316 DEBUG oslo.messaging._drivers.impl_rabbit [-] Timed out waiting for RPC response: Timeout while waiting on RPC response - topic: "", RPC method: "" info: "" _raise_timeout /usr/local/lib/python2.7/dist-packages/oslo_messaging/_drivers/impl_rabbit.py:1054
2017-03-22 08:19:18.756 3323 DEBUG oslo.messaging._drivers.impl_rabbit [-] Timed out waiting for RPC response: timed out _raise_timeout /usr/local/lib/python2.7/dist-packages/oslo_messaging/_drivers/impl_rabbit.py:1054
2017-03-22 08:19:18.757 3323 DEBUG oslo.messaging._drivers.impl_rabbit [-] Timed out waiting for RPC response: Timeout while waiting on RPC response - topic: "", RPC method: "" info: "" _raise_timeout /usr/local/lib/python2.7/dist-packages/oslo_messaging/_drivers/impl_rabbit.py:1054
2017-03-22 08:19:20.066 3317 INFO eventlet.wsgi.server [req-a85db195-aa6d-421d-a7b8-f2a0c39ba6db - - - - -] 127.0.0.1 "GET /v1/nodes/72010e8e-a3bd-519e-92fa-a69484f8298f HTTP/1.1" status: 200 len: 1829 time: 0.0401559
2017-03-22 08:19:20.204 3327 INFO eventlet.wsgi.server [req-30653e05-a5e3-44a4-af53-60f45eac06f6 - - - - -] 127.0.0.1 "GET /v1/nodes/e1369efa-5391-5035-8533-3a065c44a584 HTTP/1.1" status: 200 len: 1755 time: 0.0327210
2017-03-22 08:19:20.230 3327 INFO eventlet.wsgi.server [req-c815f0a7-4009-4d42-a1f6-d31720984015 - - - - -] 127.0.0.1 "GET /v1/nodes/c1a56cb3-fcef-59d5-8105-7e6815154f70 HTTP/1.1" status: 200 len: 1752 time: 0.0250130
2017-03-22 08:19:21.385 3317 DEBUG oslo.messaging._drivers.impl_rabbit [-] Timed out waiting for RPC response: timed out _raise_timeout /usr/local/lib/python2.7/dist-packages/oslo_messaging/_drivers/impl_rabbit.py:1054
2017-03-22 08:19:21.387 3317 DEBUG oslo.messaging._drivers.impl_rabbit [-] Timed out waiting for RPC response: Timeout while waiting on RPC response - topic: "", RPC method: "" info: "" _raise_timeout /usr/local/lib/python2.7/dist-packages/oslo_messaging/_drivers/impl_rabbit.py:1054
2017-03-22 08:19:21.437 3327 DEBUG oslo.messaging._drivers.impl_rabbit [-] Timed out waiting for RPC response: timed out _raise_timeout /usr/local/lib/python2.7/dist-packages/oslo_messaging/_drivers/impl_rabbit.py:1054
2017-03-22 08:19:21.438 3327 DEBUG oslo.messaging._drivers.impl_rabbit [-] Timed out waiting for RPC response: Timeout while waiting on RPC response - topic: "", RPC method: "" info: "" _raise_timeout /usr/local/lib/python2.7/dist-packages/oslo_messaging/_drivers/impl_rabbit.py:1054
2017-03-22 08:19:22.104 3317 INFO eventlet.wsgi.server [req-3258f868-b29a-46eb-908c-283581c8db3d - - - - -] 127.0.0.1 "GET /v1/nodes/72010e8e-a3bd-519e-92fa-a69484f8298f HTTP/1.1" status: 200 len: 1829 time: 0.0309200
2017-03-22 08:19:22.230 3331 DEBUG oslo.messaging._drivers.impl_rabbit [-] Timed out waiting for RPC response: timed out _raise_timeout /usr/local/lib/python2.7/dist-packages/oslo_messaging/_drivers/impl_rabbit.py:1054
2017-03-22 08:19:22.231 3331 DEBUG oslo.messaging._drivers.impl_rabbit [-] Timed out waiting for RPC response: Timeout while waiting on RPC response - topic: "", RPC method: "" info: "" _raise_timeout /usr/local/lib/python2.7/dist-packages/oslo_messaging/_drivers/impl_rabbit.py:1054
2017-03-22 08:19:22.241 3322 DEBUG oslo_concurrency.lockutils [req-ca4e5ed0-4f01-456e-a0fd-ab36462d8f5d - - - - -] Lock "policy_enforcer" acquired by "ironic.common.policy.init_enforcer" :: waited 0.000s inner /usr/local/lib/python2.7/dist-packages/oslo_concurrency/lockutils.py:270
2017-03-22 08:19:22.243 3322 DEBUG oslo_concurrency.lockutils [req-ca4e5ed0-4f01-456e-a0fd-ab36462d8f5d - - - - -] Lock "policy_enforcer" released by "ironic.common.policy.init_enforcer" :: held 0.002s inner /usr/local/lib/python2.7/dist-packages/oslo_concurrency/lockutils.py:282
2017-03-22 08:19:22.243 3327 INFO eventlet.wsgi.server [req-980132d5-91fb-4609-9732-d33c38bccc74 - - - - -] 127.0.0.1 "GET /v1/nodes/e1369efa-5391-5035-8533-3a065c44a584 HTTP/1.1" status: 200 len: 1755 time: 0.0324321
2017-03-22 08:19:22.244 3322 DEBUG oslo_policy._cache_handler [req-ca4e5ed0-4f01-456e-a0fd-ab36462d8f5d - - - - -] Reloading cached file /etc/ironic/policy.json read_cached_file /usr/local/lib/python2.7/dist-packages/oslo_policy/_cache_handler.py:40
2017-03-22 08:19:22.247 3322 DEBUG oslo_policy.policy [req-ca4e5ed0-4f01-456e-a0fd-ab36462d8f5d - - - - -] Reloaded policy file: /etc/ironic/policy.json _load_policy_file /usr/local/lib/python2.7/dist-packages/oslo_policy/policy.py:683
2017-03-22 08:19:22.254 3322 DEBUG oslo_db.api [req-ca4e5ed0-4f01-456e-a0fd-ab36462d8f5d - - - - -] Loading backend 'sqlalchemy' from 'ironic.db.sqlalchemy.api' _load_backend /usr/local/lib/python2.7/dist-packages/oslo_db/api.py:238
2017-03-22 08:19:22.272 3327 INFO eventlet.wsgi.server [req-ce646ccb-bf6b-48c1-ad10-89ae0dda982c - - - - -] 127.0.0.1 "GET /v1/nodes/c1a56cb3-fcef-59d5-8105-7e6815154f70 HTTP/1.1" status: 200 len: 1752 time: 0.0277150
2017-03-22 08:19:22.409 3322 DEBUG oslo_db.sqlalchemy.engines [req-ca4e5ed0-4f01-456e-a0fd-ab36462d8f5d - - - - -] MySQL server mode set to STRICT_TRANS_TABLES,STRICT_ALL_TABLES,NO_ZERO_IN_DATE,NO_ZERO_DATE,ERROR_FOR_DIVISION_BY_ZERO,TRADITIONAL,NO_AUTO_CREATE_USER,NO_ENGINE_SUBSTITUTION _check_effective_sql_mode /usr/local/lib/python2.7/dist-packages/oslo_db/sqlalchemy/engines.py:261
2017-03-22 08:19:22.444 3322 INFO eventlet.wsgi.server [req-ca4e5ed0-4f01-456e-a0fd-ab36462d8f5d - - - - -] 127.0.0.1 "GET /v1/nodes/c1a56cb3-fcef-59d5-8105-7e6815154f70 HTTP/1.1" status: 200 len: 1771 time: 0.2147601
2017-03-22 08:19:22.560 3322 INFO eventlet.wsgi.server [req-5b229c9b-a9ed-4ddc-b3ca-1f7f2cc6a367 - - - - -] 127.0.0.1 "GET /v1/nodes/c1a56cb3-fcef-59d5-8105-7e6815154f70/ports HTTP/1.1" status: 200 len: 623 time: 0.0412641
2017-03-22 08:19:22.585 3316 DEBUG oslo.messaging._drivers.impl_rabbit [-] Timed out waiting for RPC response: timed out _raise_timeout /usr/local/lib/python2.7/dist-packages/oslo_messaging/_drivers/impl_rabbit.py:1054
2017-03-22 08:19:22.586 3316 DEBUG oslo.messaging._drivers.impl_rabbit [-] Timed out waiting for RPC response: Timeout while waiting on RPC response - topic: "", RPC method: "" info: "" _raise_timeout /usr/local/lib/python2.7/dist-packages/oslo_messaging/_drivers/impl_rabbit.py:1054
2017-03-22 08:19:22.599 3322 DEBUG oslo.messaging._drivers.pool [req-5012784d-ef9f-44d9-902f-7f0b08e6cfd5 - - - - -] Pool creating new connection create /usr/local/lib/python2.7/dist-packages/oslo_messaging/_drivers/pool.py:143
2017-03-22 08:19:22.600 3322 WARNING oslo_config.cfg [req-5012784d-ef9f-44d9-902f-7f0b08e6cfd5 - - - - -] Option "rabbit_userid" from group "DEFAULT" is deprecated. Use option "rabbit_userid" from group "oslo_messaging_rabbit".
2017-03-22 08:19:22.601 3322 WARNING oslo_config.cfg [req-5012784d-ef9f-44d9-902f-7f0b08e6cfd5 - - - - -] Option "rabbit_userid" from group "oslo_messaging_rabbit" is deprecated for removal. Its value may be silently ignored in the future.
2017-03-22 08:19:22.601 3322 WARNING oslo_config.cfg [req-5012784d-ef9f-44d9-902f-7f0b08e6cfd5 - - - - -] Option "rabbit_password" from group "DEFAULT" is deprecated. Use option "rabbit_password" from group "oslo_messaging_rabbit".
2017-03-22 08:19:22.601 3322 WARNING oslo_config.cfg [req-5012784d-ef9f-44d9-902f-7f0b08e6cfd5 - - - - -] Option "rabbit_password" from group "oslo_messaging_rabbit" is deprecated for removal. Its value may be silently ignored in the future.
2017-03-22 08:19:22.607 3322 DEBUG oslo.messaging._drivers.impl_rabbit [req-5012784d-ef9f-44d9-902f-7f0b08e6cfd5 - - - - -] [2e3c86c2-37c5-4987-a503-e3cfe516f275] Connecting to AMQP server on localhost:5672 __init__ /usr/local/lib/python2.7/dist-packages/oslo_messaging/_drivers/impl_rabbit.py:597
2017-03-22 08:19:22.619 3322 DEBUG oslo.messaging._drivers.impl_rabbit [req-5012784d-ef9f-44d9-902f-7f0b08e6cfd5 - - - - -] [2e3c86c2-37c5-4987-a503-e3cfe516f275] Connected to AMQP server on 127.0.0.1:5672 via [amqp] client with port 56404. __init__ /usr/local/lib/python2.7/dist-packages/oslo_messaging/_drivers/impl_rabbit.py:644
2017-03-22 08:19:22.620 3322 DEBUG oslo.messaging._drivers.impl_rabbit [req-5012784d-ef9f-44d9-902f-7f0b08e6cfd5 - - - - -] [2e3c86c2-37c5-4987-a503-e3cfe516f275] Queue.declare: reply_a6df8325a8d64632bf9a715d439e4cd2 declare /usr/local/lib/python2.7/dist-packages/oslo_messaging/_drivers/impl_rabbit.py:303
2017-03-22 08:19:22.626 3322 DEBUG oslo.messaging._drivers.pool [req-5012784d-ef9f-44d9-902f-7f0b08e6cfd5 - - - - -] Pool creating new connection create /usr/local/lib/python2.7/dist-packages/oslo_messaging/_drivers/pool.py:143
2017-03-22 08:19:22.627 3322 DEBUG oslo.messaging._drivers.impl_rabbit [req-5012784d-ef9f-44d9-902f-7f0b08e6cfd5 - - - - -] [62cbb188-f0fa-4496-95d0-fef1dd5141c0] Connecting to AMQP server on localhost:5672 __init__ /usr/local/lib/python2.7/dist-packages/oslo_messaging/_drivers/impl_rabbit.py:597
2017-03-22 08:19:22.635 3322 DEBUG oslo.messaging._drivers.impl_rabbit [-] Timed out waiting for RPC response: timed out _raise_timeout /usr/local/lib/python2.7/dist-packages/oslo_messaging/_drivers/impl_rabbit.py:1054
2017-03-22 08:19:22.636 3322 DEBUG oslo.messaging._drivers.impl_rabbit [-] Timed out waiting for RPC response: Timeout while waiting on RPC response - topic: "", RPC method: "" info: "" _raise_timeout /usr/local/lib/python2.7/dist-packages/oslo_messaging/_drivers/impl_rabbit.py:1054
2017-03-22 08:19:22.638 3322 DEBUG oslo.messaging._drivers.impl_rabbit [req-5012784d-ef9f-44d9-902f-7f0b08e6cfd5 - - - - -] [62cbb188-f0fa-4496-95d0-fef1dd5141c0] Connected to AMQP server on 127.0.0.1:5672 via [amqp] client with port 56406. __init__ /usr/local/lib/python2.7/dist-packages/oslo_messaging/_drivers/impl_rabbit.py:644
2017-03-22 08:19:22.759 3323 DEBUG oslo.messaging._drivers.impl_rabbit [-] Timed out waiting for RPC response: timed out _raise_timeout /usr/local/lib/python2.7/dist-packages/oslo_messaging/_drivers/impl_rabbit.py:1054
2017-03-22 08:19:22.760 3323 DEBUG oslo.messaging._drivers.impl_rabbit [-] Timed out waiting for RPC response: Timeout while waiting on RPC response - topic: "", RPC method: "" info: "" _raise_timeout /usr/local/lib/python2.7/dist-packages/oslo_messaging/_drivers/impl_rabbit.py:1054
2017-03-22 08:19:22.784 3322 INFO eventlet.wsgi.server [req-5012784d-ef9f-44d9-902f-7f0b08e6cfd5 - - - - -] 127.0.0.1 "PATCH /v1/nodes/c1a56cb3-fcef-59d5-8105-7e6815154f70 HTTP/1.1" status: 200 len: 1771 time: 0.2163591
2017-03-22 08:19:22.785 3322 DEBUG oslo.messaging._drivers.impl_rabbit [-] Timed out waiting for RPC response: timed out _raise_timeout /usr/local/lib/python2.7/dist-packages/oslo_messaging/_drivers/impl_rabbit.py:1054
2017-03-22 08:19:22.786 3322 DEBUG oslo.messaging._drivers.impl_rabbit [-] Timed out waiting for RPC response: Timeout while waiting on RPC response - topic: "", RPC method: "" info: "" _raise_timeout /usr/local/lib/python2.7/dist-packages/oslo_messaging/_drivers/impl_rabbit.py:1054
2017-03-22 08:19:23.193 3322 INFO eventlet.wsgi.server [req-9363386d-36d7-42e6-8c1e-7e6d751d5c7e - - - - -] 127.0.0.1 "PATCH /v1/nodes/c1a56cb3-fcef-59d5-8105-7e6815154f70 HTTP/1.1" status: 200 len: 1821 time: 0.4001582
2017-03-22 08:19:23.194 3322 DEBUG oslo.messaging._drivers.impl_rabbit [-] Timed out waiting for RPC response: timed out _raise_timeout /usr/local/lib/python2.7/dist-packages/oslo_messaging/_drivers/impl_rabbit.py:1054
2017-03-22 08:19:23.195 3322 DEBUG oslo.messaging._drivers.impl_rabbit [-] Timed out waiting for RPC response: Timeout while waiting on RPC response - topic: "", RPC method: "" info: "" _raise_timeout /usr/local/lib/python2.7/dist-packages/oslo_messaging/_drivers/impl_rabbit.py:1054
2017-03-22 08:19:23.467 3330 INFO eventlet.wsgi.server [req-6b580f17-4525-4536-896e-ca1c2ed538d5 - - - - -] 127.0.0.1 "PUT /v1/nodes/c1a56cb3-fcef-59d5-8105-7e6815154f70/states/power HTTP/1.1" status: 202 len: 384 time: 0.2448521
2017-03-22 08:19:23.468 3330 DEBUG oslo.messaging._drivers.impl_rabbit [-] Timed out waiting for RPC response: timed out _raise_timeout /usr/local/lib/python2.7/dist-packages/oslo_messaging/_drivers/impl_rabbit.py:1054
2017-03-22 08:19:23.468 3330 DEBUG oslo.messaging._drivers.impl_rabbit [-] Timed out waiting for RPC response: Timeout while waiting on RPC response - topic: "", RPC method: "" info: "" _raise_timeout /usr/local/lib/python2.7/dist-packages/oslo_messaging/_drivers/impl_rabbit.py:1054
2017-03-22 08:19:23.915 3330 INFO eventlet.wsgi.server [req-5888d50f-6df7-4ea1-92b4-297707839c84 - - - - -] 127.0.0.1 "GET /v1/nodes/e1369efa-5391-5035-8533-3a065c44a584 HTTP/1.1" status: 200 len: 1774 time: 0.0176830
2017-03-22 08:19:24.140 3317 INFO eventlet.wsgi.server [req-3088f559-7f28-43a7-885c-ea72c51b817a - - - - -] 127.0.0.1 "GET /v1/nodes/72010e8e-a3bd-519e-92fa-a69484f8298f HTTP/1.1" status: 200 len: 1829 time: 0.0291340
2017-03-22 08:19:24.196 3322 DEBUG oslo.messaging._drivers.impl_rabbit [-] Timed out waiting for RPC response: timed out _raise_timeout /usr/local/lib/python2.7/dist-packages/oslo_messaging/_drivers/impl_rabbit.py:1054
2017-03-22 08:19:24.197 3322 DEBUG oslo.messaging._drivers.impl_rabbit [-] Timed out waiting for RPC response: Timeout while waiting on RPC response - topic: "", RPC method: "" info: "" _raise_timeout /usr/local/lib/python2.7/dist-packages/oslo_messaging/_drivers/impl_rabbit.py:1054
2017-03-22 08:19:24.272 3330 INFO eventlet.wsgi.server [req-8425d37a-bbf8-4020-9695-98a12d2c0604 - - - - -] 127.0.0.1 "GET /v1/nodes/e1369efa-5391-5035-8533-3a065c44a584/ports HTTP/1.1" status: 200 len: 623 time: 0.0273559
2017-03-22 08:19:24.281 3327 INFO eventlet.wsgi.server [req-de2099c6-af00-4c83-b8fe-e996145ce53c - - - - -] 127.0.0.1 "GET /v1/nodes/e1369efa-5391-5035-8533-3a065c44a584 HTTP/1.1" status: 200 len: 1755 time: 0.0314851
2017-03-22 08:19:24.307 3327 INFO eventlet.wsgi.server [req-761a71f0-7733-4a4c-bc57-6a3f4f77bc71 - - - - -] 127.0.0.1 "GET /v1/nodes/c1a56cb3-fcef-59d5-8105-7e6815154f70 HTTP/1.1" status: 200 len: 1829 time: 0.0245540
2017-03-22 08:19:24.469 3330 DEBUG oslo.messaging._drivers.impl_rabbit [-] Timed out waiting for RPC response: timed out _raise_timeout /usr/local/lib/python2.7/dist-packages/oslo_messaging/_drivers/impl_rabbit.py:1054
2017-03-22 08:19:24.470 3330 DEBUG oslo.messaging._drivers.impl_rabbit [-] Timed out waiting for RPC response: Timeout while waiting on RPC response - topic: "", RPC method: "" info: "" _raise_timeout /usr/local/lib/python2.7/dist-packages/oslo_messaging/_drivers/impl_rabbit.py:1054
2017-03-22 08:19:24.603 3330 INFO eventlet.wsgi.server [req-37662adf-06f5-4003-a770-5fefc4943b5f - - - - -] 127.0.0.1 "PATCH /v1/nodes/e1369efa-5391-5035-8533-3a065c44a584 HTTP/1.1" status: 200 len: 1774 time: 0.3221478
2017-03-22 08:19:24.603 3330 DEBUG oslo.messaging._drivers.impl_rabbit [-] Timed out waiting for RPC response: timed out _raise_timeout /usr/local/lib/python2.7/dist-packages/oslo_messaging/_drivers/impl_rabbit.py:1054
2017-03-22 08:19:24.604 3330 DEBUG oslo.messaging._drivers.impl_rabbit [-] Timed out waiting for RPC response: Timeout while waiting on RPC response - topic: "", RPC method: "" info: "" _raise_timeout /usr/local/lib/python2.7/dist-packages/oslo_messaging/_drivers/impl_rabbit.py:1054
2017-03-22 08:19:24.894 3330 INFO eventlet.wsgi.server [req-15c337d6-1f8d-4d31-bdb4-7420f975fa78 - - - - -] 127.0.0.1 "PATCH /v1/nodes/e1369efa-5391-5035-8533-3a065c44a584 HTTP/1.1" status: 200 len: 1824 time: 0.2836952
2017-03-22 08:19:24.895 3330 DEBUG oslo.messaging._drivers.impl_rabbit [-] Timed out waiting for RPC response: timed out _raise_timeout /usr/local/lib/python2.7/dist-packages/oslo_messaging/_drivers/impl_rabbit.py:1054
2017-03-22 08:19:24.895 3330 DEBUG oslo.messaging._drivers.impl_rabbit [-] Timed out waiting for RPC response: Timeout while waiting on RPC response - topic: "", RPC method: "" info: "" _raise_timeout /usr/local/lib/python2.7/dist-packages/oslo_messaging/_drivers/impl_rabbit.py:1054
2017-03-22 08:19:25.110 3330 INFO eventlet.wsgi.server [req-31e73660-f3dd-4302-a855-3667872ad936 - - - - -] 127.0.0.1 "PUT /v1/nodes/e1369efa-5391-5035-8533-3a065c44a584/states/power HTTP/1.1" status: 202 len: 384 time: 0.1915300
2017-03-22 08:19:25.111 3330 DEBUG oslo.messaging._drivers.impl_rabbit [-] Timed out waiting for RPC response: timed out _raise_timeout /usr/local/lib/python2.7/dist-packages/oslo_messaging/_drivers/impl_rabbit.py:1054
2017-03-22 08:19:25.112 3330 DEBUG oslo.messaging._drivers.impl_rabbit [-] Timed out waiting for RPC response: Timeout while waiting on RPC response - topic: "", RPC method: "" info: "" _raise_timeout /usr/local/lib/python2.7/dist-packages/oslo_messaging/_drivers/impl_rabbit.py:1054
2017-03-22 08:19:26.113 3330 DEBUG oslo.messaging._drivers.impl_rabbit [-] Timed out waiting for RPC response: timed out _raise_timeout /usr/local/lib/python2.7/dist-packages/oslo_messaging/_drivers/impl_rabbit.py:1054
2017-03-22 08:19:26.113 3330 DEBUG oslo.messaging._drivers.impl_rabbit [-] Timed out waiting for RPC response: Timeout while waiting on RPC response - topic: "", RPC method: "" info: "" _raise_timeout /usr/local/lib/python2.7/dist-packages/oslo_messaging/_drivers/impl_rabbit.py:1054
2017-03-22 08:19:26.176 3317 INFO eventlet.wsgi.server [req-a33f8545-8f67-445f-a877-25d362661068 - - - - -] 127.0.0.1 "GET /v1/nodes/72010e8e-a3bd-519e-92fa-a69484f8298f HTTP/1.1" status: 200 len: 1829 time: 0.0294371
2017-03-22 08:19:26.199 3322 DEBUG oslo.messaging._drivers.impl_rabbit [-] Timed out waiting for RPC response: timed out _raise_timeout /usr/local/lib/python2.7/dist-packages/oslo_messaging/_drivers/impl_rabbit.py:1054
2017-03-22 08:19:26.200 3322 DEBUG oslo.messaging._drivers.impl_rabbit [-] Timed out waiting for RPC response: Timeout while waiting on RPC response - topic: "", RPC method: "" info: "" _raise_timeout /usr/local/lib/python2.7/dist-packages/oslo_messaging/_drivers/impl_rabbit.py:1054
2017-03-22 08:19:26.316 3327 INFO eventlet.wsgi.server [req-125140d2-6f37-4b18-b35b-1e8fb269ef05 - - - - -] 127.0.0.1 "GET /v1/nodes/e1369efa-5391-5035-8533-3a065c44a584 HTTP/1.1" status: 200 len: 1832 time: 0.0296941
2017-03-22 08:19:26.339 3327 INFO eventlet.wsgi.server [req-24bc7fbc-7012-4352-8e8d-72b1bcd39299 - - - - -] 127.0.0.1 "GET /v1/nodes/c1a56cb3-fcef-59d5-8105-7e6815154f70 HTTP/1.1" status: 200 len: 1829 time: 0.0215919
2017-03-22 08:19:28.116 3330 DEBUG oslo.messaging._drivers.impl_rabbit [-] Timed out waiting for RPC response: timed out _raise_timeout /usr/local/lib/python2.7/dist-packages/oslo_messaging/_drivers/impl_rabbit.py:1054
2017-03-22 08:19:28.117 3330 DEBUG oslo.messaging._drivers.impl_rabbit [-] Timed out waiting for RPC response: Timeout while waiting on RPC response - topic: "", RPC method: "" info: "" _raise_timeout /usr/local/lib/python2.7/dist-packages/oslo_messaging/_drivers/impl_rabbit.py:1054
2017-03-22 08:19:28.213 3317 INFO eventlet.wsgi.server [req-eb3405b2-5109-4e71-a925-774099889e0b - - - - -] 127.0.0.1 "GET /v1/nodes/72010e8e-a3bd-519e-92fa-a69484f8298f HTTP/1.1" status: 200 len: 1829 time: 0.0311959
2017-03-22 08:19:28.352 3327 INFO eventlet.wsgi.server [req-88d2c9ba-248a-4921-9be7-ae1612d63a7a - - - - -] 127.0.0.1 "GET /v1/nodes/e1369efa-5391-5035-8533-3a065c44a584 HTTP/1.1" status: 200 len: 1832 time: 0.0307109
2017-03-22 08:19:28.376 3327 INFO eventlet.wsgi.server [req-363d34a8-e0d7-4a4c-9b6a-e6ecbcfc74e1 - - - - -] 127.0.0.1 "GET /v1/nodes/c1a56cb3-fcef-59d5-8105-7e6815154f70 HTTP/1.1" status: 200 len: 1829 time: 0.0232530
2017-03-22 08:19:30.203 3322 DEBUG oslo.messaging._drivers.impl_rabbit [-] Timed out waiting for RPC response: timed out _raise_timeout /usr/local/lib/python2.7/dist-packages/oslo_messaging/_drivers/impl_rabbit.py:1054
2017-03-22 08:19:30.204 3322 DEBUG oslo.messaging._drivers.impl_rabbit [-] Timed out waiting for RPC response: Timeout while waiting on RPC response - topic: "", RPC method: "" info: "" _raise_timeout /usr/local/lib/python2.7/dist-packages/oslo_messaging/_drivers/impl_rabbit.py:1054
2017-03-22 08:19:30.247 3317 INFO eventlet.wsgi.server [req-ae580342-c171-4f28-b54c-5cb0bafd3683 - - - - -] 127.0.0.1 "GET /v1/nodes/72010e8e-a3bd-519e-92fa-a69484f8298f HTTP/1.1" status: 200 len: 1829 time: 0.0284050
2017-03-22 08:19:30.378 3327 INFO eventlet.wsgi.server [req-b0a4b4c4-fe9c-4cfd-88be-bf83c53bae81 - - - - -] 127.0.0.1 "GET /v1/nodes/e1369efa-5391-5035-8533-3a065c44a584 HTTP/1.1" status: 200 len: 1832 time: 0.0219340
2017-03-22 08:19:30.408 3327 INFO eventlet.wsgi.server [req-e3e1f403-dbd5-4e6a-81ae-5bbd31668a54 - - - - -] 127.0.0.1 "GET /v1/nodes/c1a56cb3-fcef-59d5-8105-7e6815154f70 HTTP/1.1" status: 200 len: 1829 time: 0.0286031
2017-03-22 08:19:30.587 3316 DEBUG oslo.messaging._drivers.impl_rabbit [-] Timed out waiting for RPC response: timed out _raise_timeout /usr/local/lib/python2.7/dist-packages/oslo_messaging/_drivers/impl_rabbit.py:1054
2017-03-22 08:19:30.588 3316 DEBUG oslo.messaging._drivers.impl_rabbit [-] Timed out waiting for RPC response: Timeout while waiting on RPC response - topic: "", RPC method: "" info: "" _raise_timeout /usr/local/lib/python2.7/dist-packages/oslo_messaging/_drivers/impl_rabbit.py:1054
2017-03-22 08:19:30.762 3323 DEBUG oslo.messaging._drivers.impl_rabbit [-] Timed out waiting for RPC response: timed out _raise_timeout /usr/local/lib/python2.7/dist-packages/oslo_messaging/_drivers/impl_rabbit.py:1054
2017-03-22 08:19:30.763 3323 DEBUG oslo.messaging._drivers.impl_rabbit [-] Timed out waiting for RPC response: Timeout while waiting on RPC response - topic: "", RPC method: "" info: "" _raise_timeout /usr/local/lib/python2.7/dist-packages/oslo_messaging/_drivers/impl_rabbit.py:1054
2017-03-22 08:19:32.121 3330 DEBUG oslo.messaging._drivers.impl_rabbit [-] Timed out waiting for RPC response: timed out _raise_timeout /usr/local/lib/python2.7/dist-packages/oslo_messaging/_drivers/impl_rabbit.py:1054
2017-03-22 08:19:32.122 3330 DEBUG oslo.messaging._drivers.impl_rabbit [-] Timed out waiting for RPC response: Timeout while waiting on RPC response - topic: "", RPC method: "" info: "" _raise_timeout /usr/local/lib/python2.7/dist-packages/oslo_messaging/_drivers/impl_rabbit.py:1054
2017-03-22 08:19:32.283 3317 INFO eventlet.wsgi.server [req-d0f13bd8-450a-4d18-8a11-fecec6c947bc - - - - -] 127.0.0.1 "GET /v1/nodes/72010e8e-a3bd-519e-92fa-a69484f8298f HTTP/1.1" status: 200 len: 1803 time: 0.0305440
2017-03-22 08:19:32.414 3327 INFO eventlet.wsgi.server [req-87fd784d-1dc5-4ac6-a7cb-2aff6f108ac2 - - - - -] 127.0.0.1 "GET /v1/nodes/e1369efa-5391-5035-8533-3a065c44a584 HTTP/1.1" status: 200 len: 1832 time: 0.0302050
2017-03-22 08:19:32.507 3327 INFO eventlet.wsgi.server [req-713b94c4-5602-49f1-b6f0-83424656925e - - - - -] 127.0.0.1 "GET /v1/nodes/c1a56cb3-fcef-59d5-8105-7e6815154f70 HTTP/1.1" status: 200 len: 1829 time: 0.0922320
2017-03-22 08:19:34.317 3317 INFO eventlet.wsgi.server [req-19d6f9a0-e0f6-4b86-b28c-4485fce8d935 - - - - -] 127.0.0.1 "GET /v1/nodes/72010e8e-a3bd-519e-92fa-a69484f8298f HTTP/1.1" status: 200 len: 1803 time: 0.0286469
2017-03-22 08:19:34.433 3327 INFO eventlet.wsgi.server [req-3ea1a577-6880-48b5-8dc8-cf433402baaf - - - - -] 127.0.0.1 "GET /v1/nodes/e1369efa-5391-5035-8533-3a065c44a584 HTTP/1.1" status: 200 len: 1832 time: 0.0153301
2017-03-22 08:19:34.536 3327 INFO eventlet.wsgi.server [req-ba63c24d-d8a9-45be-a772-86879c0b7e91 - - - - -] 127.0.0.1 "GET /v1/nodes/c1a56cb3-fcef-59d5-8105-7e6815154f70 HTTP/1.1" status: 200 len: 1829 time: 0.0237079
2017-03-22 08:19:36.353 3317 INFO eventlet.wsgi.server [req-a9fa1c59-5aad-48a1-9d0f-291db8b6089e - - - - -] 127.0.0.1 "GET /v1/nodes/72010e8e-a3bd-519e-92fa-a69484f8298f HTTP/1.1" status: 200 len: 1803 time: 0.0315340
2017-03-22 08:19:36.470 3327 INFO eventlet.wsgi.server [req-e5f34c94-b7cd-4754-b5b5-9df8a51633eb - - - - -] 127.0.0.1 "GET /v1/nodes/e1369efa-5391-5035-8533-3a065c44a584 HTTP/1.1" status: 200 len: 1832 time: 0.0311110
2017-03-22 08:19:36.572 3327 INFO eventlet.wsgi.server [req-a632411f-7415-40af-9bc9-60edc88bc31e - - - - -] 127.0.0.1 "GET /v1/nodes/c1a56cb3-fcef-59d5-8105-7e6815154f70 HTTP/1.1" status: 200 len: 1803 time: 0.0292921
2017-03-22 08:19:37.389 3317 DEBUG oslo.messaging._drivers.impl_rabbit [-] Timed out waiting for RPC response: timed out _raise_timeout /usr/local/lib/python2.7/dist-packages/oslo_messaging/_drivers/impl_rabbit.py:1054
2017-03-22 08:19:37.390 3317 DEBUG oslo.messaging._drivers.impl_rabbit [-] Timed out waiting for RPC response: Timeout while waiting on RPC response - topic: "", RPC method: "" info: "" _raise_timeout /usr/local/lib/python2.7/dist-packages/oslo_messaging/_drivers/impl_rabbit.py:1054
2017-03-22 08:19:37.439 3327 DEBUG oslo.messaging._drivers.impl_rabbit [-] Timed out waiting for RPC response: timed out _raise_timeout /usr/local/lib/python2.7/dist-packages/oslo_messaging/_drivers/impl_rabbit.py:1054
2017-03-22 08:19:37.440 3327 DEBUG oslo.messaging._drivers.impl_rabbit [-] Timed out waiting for RPC response: Timeout while waiting on RPC response - topic: "", RPC method: "" info: "" _raise_timeout /usr/local/lib/python2.7/dist-packages/oslo_messaging/_drivers/impl_rabbit.py:1054
2017-03-22 08:19:38.206 3322 DEBUG oslo.messaging._drivers.impl_rabbit [-] Timed out waiting for RPC response: timed out _raise_timeout /usr/local/lib/python2.7/dist-packages/oslo_messaging/_drivers/impl_rabbit.py:1054
2017-03-22 08:19:38.207 3322 DEBUG oslo.messaging._drivers.impl_rabbit [-] Timed out waiting for RPC response: Timeout while waiting on RPC response - topic: "", RPC method: "" info: "" _raise_timeout /usr/local/lib/python2.7/dist-packages/oslo_messaging/_drivers/impl_rabbit.py:1054
2017-03-22 08:19:38.233 3331 DEBUG oslo.messaging._drivers.impl_rabbit [-] Timed out waiting for RPC response: timed out _raise_timeout /usr/local/lib/python2.7/dist-packages/oslo_messaging/_drivers/impl_rabbit.py:1054
2017-03-22 08:19:38.235 3331 DEBUG oslo.messaging._drivers.impl_rabbit [-] Timed out waiting for RPC response: Timeout while waiting on RPC response - topic: "", RPC method: "" info: "" _raise_timeout /usr/local/lib/python2.7/dist-packages/oslo_messaging/_drivers/impl_rabbit.py:1054
2017-03-22 08:19:38.389 3317 INFO eventlet.wsgi.server [req-d682ffb2-1ed1-4c72-99d8-59469bd2e2c7 - - - - -] 127.0.0.1 "GET /v1/nodes/72010e8e-a3bd-519e-92fa-a69484f8298f HTTP/1.1" status: 200 len: 1803 time: 0.0302100
2017-03-22 08:19:38.506 3327 INFO eventlet.wsgi.server [req-0ce51f31-10ec-4f38-bed8-fcd86f478d33 - - - - -] 127.0.0.1 "GET /v1/nodes/e1369efa-5391-5035-8533-3a065c44a584 HTTP/1.1" status: 200 len: 1832 time: 0.0313389
2017-03-22 08:19:38.608 3327 INFO eventlet.wsgi.server [req-8aa14c25-f869-4b67-b160-6d66de0b7d4b - - - - -] 127.0.0.1 "GET /v1/nodes/c1a56cb3-fcef-59d5-8105-7e6815154f70 HTTP/1.1" status: 200 len: 1803 time: 0.0294030
2017-03-22 08:19:40.131 3330 DEBUG oslo.messaging._drivers.impl_rabbit [-] Timed out waiting for RPC response: timed out _raise_timeout /usr/local/lib/python2.7/dist-packages/oslo_messaging/_drivers/impl_rabbit.py:1054
2017-03-22 08:19:40.132 3330 DEBUG oslo.messaging._drivers.impl_rabbit [-] Timed out waiting for RPC response: Timeout while waiting on RPC response - topic: "", RPC method: "" info: "" _raise_timeout /usr/local/lib/python2.7/dist-packages/oslo_messaging/_drivers/impl_rabbit.py:1054
2017-03-22 08:19:40.425 3317 INFO eventlet.wsgi.server [req-10627845-32c8-4b66-a65c-789d71e26ba5 - - - - -] 127.0.0.1 "GET /v1/nodes/72010e8e-a3bd-519e-92fa-a69484f8298f HTTP/1.1" status: 200 len: 1803 time: 0.0310900
2017-03-22 08:19:40.545 3327 INFO eventlet.wsgi.server [req-d2959b34-5611-483c-a2b9-e622f1048af4 - - - - -] 127.0.0.1 "GET /v1/nodes/e1369efa-5391-5035-8533-3a065c44a584 HTTP/1.1" status: 200 len: 1832 time: 0.0307460
2017-03-22 08:19:40.641 3327 INFO eventlet.wsgi.server [req-ab808045-e38a-4017-9080-6e23aee4083b - - - - -] 127.0.0.1 "GET /v1/nodes/c1a56cb3-fcef-59d5-8105-7e6815154f70 HTTP/1.1" status: 200 len: 1803 time: 0.0273938
2017-03-22 08:19:42.458 3317 INFO eventlet.wsgi.server [req-dfab5137-af18-4c14-b11c-cca2b02adea7 - - - - -] 127.0.0.1 "GET /v1/nodes/72010e8e-a3bd-519e-92fa-a69484f8298f HTTP/1.1" status: 200 len: 1803 time: 0.0294070
2017-03-22 08:19:42.579 3327 INFO eventlet.wsgi.server [req-3c8bfd5a-464e-4f86-a4ee-188c9ca42427 - - - - -] 127.0.0.1 "GET /v1/nodes/e1369efa-5391-5035-8533-3a065c44a584 HTTP/1.1" status: 200 len: 1826 time: 0.0289631
2017-03-22 08:19:42.674 3327 INFO eventlet.wsgi.server [req-7c37770e-f32d-40cb-b69b-d3d5a0f6d95e - - - - -] 127.0.0.1 "GET /v1/nodes/c1a56cb3-fcef-59d5-8105-7e6815154f70 HTTP/1.1" status: 200 len: 1803 time: 0.0265989
2017-03-22 08:19:44.492 3317 INFO eventlet.wsgi.server [req-07165cdb-7e3c-457f-9085-ac7274264395 - - - - -] 127.0.0.1 "GET /v1/nodes/72010e8e-a3bd-519e-92fa-a69484f8298f HTTP/1.1" status: 200 len: 1803 time: 0.0296788
2017-03-22 08:19:44.615 3327 INFO eventlet.wsgi.server [req-2ce3de47-0525-4eda-a551-263862501cf5 - - - - -] 127.0.0.1 "GET /v1/nodes/e1369efa-5391-5035-8533-3a065c44a584 HTTP/1.1" status: 200 len: 1806 time: 0.0298541
2017-03-22 08:19:44.710 3327 INFO eventlet.wsgi.server [req-94ba1c43-bb0f-4cd5-a777-991342ba3c3c - - - - -] 127.0.0.1 "GET /v1/nodes/c1a56cb3-fcef-59d5-8105-7e6815154f70 HTTP/1.1" status: 200 len: 1803 time: 0.0309291
2017-03-22 08:19:46.528 3317 INFO eventlet.wsgi.server [req-4009a4b8-2e8f-49c1-bed9-013769966244 - - - - -] 127.0.0.1 "GET /v1/nodes/72010e8e-a3bd-519e-92fa-a69484f8298f HTTP/1.1" status: 200 len: 1803 time: 0.0306990
2017-03-22 08:19:46.589 3316 DEBUG oslo.messaging._drivers.impl_rabbit [-] Timed out waiting for RPC response: timed out _raise_timeout /usr/local/lib/python2.7/dist-packages/oslo_messaging/_drivers/impl_rabbit.py:1054
2017-03-22 08:19:46.590 3316 DEBUG oslo.messaging._drivers.impl_rabbit [-] Timed out waiting for RPC response: Timeout while waiting on RPC response - topic: "", RPC method: "" info: "" _raise_timeout /usr/local/lib/python2.7/dist-packages/oslo_messaging/_drivers/impl_rabbit.py:1054
2017-03-22 08:19:46.651 3327 INFO eventlet.wsgi.server [req-191d756e-730d-42fe-abdc-d1dd5d6e4b3c - - - - -] 127.0.0.1 "GET /v1/nodes/e1369efa-5391-5035-8533-3a065c44a584 HTTP/1.1" status: 200 len: 1806 time: 0.0296421
2017-03-22 08:19:46.743 3327 INFO eventlet.wsgi.server [req-fd9a5ddd-07db-4abe-a536-5b32e8fd5a8d - - - - -] 127.0.0.1 "GET /v1/nodes/c1a56cb3-fcef-59d5-8105-7e6815154f70 HTTP/1.1" status: 200 len: 1803 time: 0.0294390
2017-03-22 08:19:46.764 3323 DEBUG oslo.messaging._drivers.impl_rabbit [-] Timed out waiting for RPC response: timed out _raise_timeout /usr/local/lib/python2.7/dist-packages/oslo_messaging/_drivers/impl_rabbit.py:1054
2017-03-22 08:19:46.765 3323 DEBUG oslo.messaging._drivers.impl_rabbit [-] Timed out waiting for RPC response: Timeout while waiting on RPC response - topic: "", RPC method: "" info: "" _raise_timeout /usr/local/lib/python2.7/dist-packages/oslo_messaging/_drivers/impl_rabbit.py:1054
2017-03-22 08:19:48.562 3317 INFO eventlet.wsgi.server [req-ebc46cb1-7052-424f-90bf-fd21bd431b78 - - - - -] 127.0.0.1 "GET /v1/nodes/72010e8e-a3bd-519e-92fa-a69484f8298f HTTP/1.1" status: 200 len: 1803 time: 0.0297871
2017-03-22 08:19:48.688 3327 INFO eventlet.wsgi.server [req-0fd0165f-e8fa-4bab-acd5-f5b51ef1e5a6 - - - - -] 127.0.0.1 "GET /v1/nodes/e1369efa-5391-5035-8533-3a065c44a584 HTTP/1.1" status: 200 len: 1806 time: 0.0304730
2017-03-22 08:19:48.775 3327 INFO eventlet.wsgi.server [req-ed42c571-04e3-44e9-b741-ac8728df46f0 - - - - -] 127.0.0.1 "GET /v1/nodes/c1a56cb3-fcef-59d5-8105-7e6815154f70 HTTP/1.1" status: 200 len: 1803 time: 0.0279350
2017-03-22 08:19:50.597 3317 INFO eventlet.wsgi.server [req-f0d1d029-c5b3-4854-810e-037703ecd604 - - - - -] 127.0.0.1 "GET /v1/nodes/72010e8e-a3bd-519e-92fa-a69484f8298f HTTP/1.1" status: 200 len: 1803 time: 0.0299680
2017-03-22 08:19:50.726 3327 INFO eventlet.wsgi.server [req-74f2358e-7cda-4424-9d0a-ab77e4aaef97 - - - - -] 127.0.0.1 "GET /v1/nodes/e1369efa-5391-5035-8533-3a065c44a584 HTTP/1.1" status: 200 len: 1806 time: 0.0331311
2017-03-22 08:19:50.808 3327 INFO eventlet.wsgi.server [req-589769e4-a449-46bb-bea1-9c8e64d30d4f - - - - -] 127.0.0.1 "GET /v1/nodes/c1a56cb3-fcef-59d5-8105-7e6815154f70 HTTP/1.1" status: 200 len: 1803 time: 0.0275309
2017-03-22 08:19:52.635 3317 INFO eventlet.wsgi.server [req-d88d7877-56dd-42fe-a558-11ab4ef678d1 - - - - -] 127.0.0.1 "GET /v1/nodes/72010e8e-a3bd-519e-92fa-a69484f8298f HTTP/1.1" status: 200 len: 1803 time: 0.0325079
2017-03-22 08:19:52.760 3327 INFO eventlet.wsgi.server [req-b415f3ea-062f-41d2-b1e7-e8e1b483a298 - - - - -] 127.0.0.1 "GET /v1/nodes/e1369efa-5391-5035-8533-3a065c44a584 HTTP/1.1" status: 200 len: 1806 time: 0.0288272
2017-03-22 08:19:52.843 3327 INFO eventlet.wsgi.server [req-770b9b28-1f45-49eb-92fb-a6c5013364c7 - - - - -] 127.0.0.1 "GET /v1/nodes/c1a56cb3-fcef-59d5-8105-7e6815154f70 HTTP/1.1" status: 200 len: 1803 time: 0.0300910
2017-03-22 08:19:54.209 3322 DEBUG oslo.messaging._drivers.impl_rabbit [-] Timed out waiting for RPC response: timed out _raise_timeout /usr/local/lib/python2.7/dist-packages/oslo_messaging/_drivers/impl_rabbit.py:1054
2017-03-22 08:19:54.209 3322 DEBUG oslo.messaging._drivers.impl_rabbit [-] Timed out waiting for RPC response: Timeout while waiting on RPC response - topic: "", RPC method: "" info: "" _raise_timeout /usr/local/lib/python2.7/dist-packages/oslo_messaging/_drivers/impl_rabbit.py:1054
2017-03-22 08:19:54.672 3317 INFO eventlet.wsgi.server [req-e46e1f5d-5e37-4347-b395-49a05129d55c - - - - -] 127.0.0.1 "GET /v1/nodes/72010e8e-a3bd-519e-92fa-a69484f8298f HTTP/1.1" status: 200 len: 1803 time: 0.0320950
2017-03-22 08:19:54.795 3327 INFO eventlet.wsgi.server [req-0746dde1-b011-4d63-aa6d-b4701c71ccfd - - - - -] 127.0.0.1 "GET /v1/nodes/e1369efa-5391-5035-8533-3a065c44a584 HTTP/1.1" status: 200 len: 1806 time: 0.0283711
2017-03-22 08:19:54.873 3327 INFO eventlet.wsgi.server [req-a6a4e201-7ddd-47c9-acb2-af79d52a7e97 - - - - -] 127.0.0.1 "GET /v1/nodes/c1a56cb3-fcef-59d5-8105-7e6815154f70 HTTP/1.1" status: 200 len: 1803 time: 0.0252120
2017-03-22 08:19:56.134 3330 DEBUG oslo.messaging._drivers.impl_rabbit [-] Timed out waiting for RPC response: timed out _raise_timeout /usr/local/lib/python2.7/dist-packages/oslo_messaging/_drivers/impl_rabbit.py:1054
2017-03-22 08:19:56.135 3330 DEBUG oslo.messaging._drivers.impl_rabbit [-] Timed out waiting for RPC response: Timeout while waiting on RPC response - topic: "", RPC method: "" info: "" _raise_timeout /usr/local/lib/python2.7/dist-packages/oslo_messaging/_drivers/impl_rabbit.py:1054
2017-03-22 08:19:56.708 3317 INFO eventlet.wsgi.server [req-d654adba-c710-4320-9304-a3c1062f7d01 - - - - -] 127.0.0.1 "GET /v1/nodes/72010e8e-a3bd-519e-92fa-a69484f8298f HTTP/1.1" status: 200 len: 1803 time: 0.0303700
2017-03-22 08:19:56.832 3327 INFO eventlet.wsgi.server [req-c58f1ba4-ac79-4ef2-99d1-6c7291045c66 - - - - -] 127.0.0.1 "GET /v1/nodes/e1369efa-5391-5035-8533-3a065c44a584 HTTP/1.1" status: 200 len: 1806 time: 0.0305841
2017-03-22 08:19:56.907 3327 INFO eventlet.wsgi.server [req-cd2e7db3-3c60-42af-b4d9-562176e6a49d - - - - -] 127.0.0.1 "GET /v1/nodes/c1a56cb3-fcef-59d5-8105-7e6815154f70 HTTP/1.1" status: 200 len: 1803 time: 0.0299790
2017-03-22 08:19:58.741 3317 INFO eventlet.wsgi.server [req-60d20072-6895-40e6-b3c8-859e72d6b03a - - - - -] 127.0.0.1 "GET /v1/nodes/72010e8e-a3bd-519e-92fa-a69484f8298f HTTP/1.1" status: 200 len: 1803 time: 0.0258360
2017-03-22 08:19:58.864 3327 INFO eventlet.wsgi.server [req-72cc27fa-f07e-43fd-84e1-899148c79f6a - - - - -] 127.0.0.1 "GET /v1/nodes/e1369efa-5391-5035-8533-3a065c44a584 HTTP/1.1" status: 200 len: 1806 time: 0.0249639
2017-03-22 08:19:58.941 3327 INFO eventlet.wsgi.server [req-e1318acc-15eb-439e-b260-b653b5e7a30f - - - - -] 127.0.0.1 "GET /v1/nodes/c1a56cb3-fcef-59d5-8105-7e6815154f70 HTTP/1.1" status: 200 len: 1803 time: 0.0284619
2017-03-22 08:20:00.778 3317 INFO eventlet.wsgi.server [req-a091a33f-20fe-4ade-bc6d-c138112eb985 - - - - -] 127.0.0.1 "GET /v1/nodes/72010e8e-a3bd-519e-92fa-a69484f8298f HTTP/1.1" status: 200 len: 1803 time: 0.0296059
2017-03-22 08:20:00.899 3327 INFO eventlet.wsgi.server [req-36f330f6-192d-4a92-842a-0786444e2c04 - - - - -] 127.0.0.1 "GET /v1/nodes/e1369efa-5391-5035-8533-3a065c44a584 HTTP/1.1" status: 200 len: 1806 time: 0.0295749
2017-03-22 08:20:00.976 3327 INFO eventlet.wsgi.server [req-d3ff150f-bbed-490e-8789-18b0c127ed7e - - - - -] 127.0.0.1 "GET /v1/nodes/c1a56cb3-fcef-59d5-8105-7e6815154f70 HTTP/1.1" status: 200 len: 1803 time: 0.0310121
2017-03-22 08:20:02.274 3323 DEBUG oslo.messaging._drivers.impl_rabbit [-] Timed out waiting for RPC response: timed out _raise_timeout /usr/local/lib/python2.7/dist-packages/oslo_messaging/_drivers/impl_rabbit.py:1054
2017-03-22 08:20:02.275 3323 DEBUG oslo.messaging._drivers.impl_rabbit [-] Timed out waiting for RPC response: Timeout while waiting on RPC response - topic: "", RPC method: "" info: "" _raise_timeout /usr/local/lib/python2.7/dist-packages/oslo_messaging/_drivers/impl_rabbit.py:1054
2017-03-22 08:20:02.349 3330 DEBUG oslo.messaging._drivers.impl_rabbit [-] Timed out waiting for RPC response: timed out _raise_timeout /usr/local/lib/python2.7/dist-packages/oslo_messaging/_drivers/impl_rabbit.py:1054
2017-03-22 08:20:02.349 3330 DEBUG oslo.messaging._drivers.impl_rabbit [-] Timed out waiting for RPC response: Timeout while waiting on RPC response - topic: "", RPC method: "" info: "" _raise_timeout /usr/local/lib/python2.7/dist-packages/oslo_messaging/_drivers/impl_rabbit.py:1054
2017-03-22 08:20:02.814 3317 INFO eventlet.wsgi.server [req-1f3429ff-e814-41bf-a5c5-940a19a000d6 - - - - -] 127.0.0.1 "GET /v1/nodes/72010e8e-a3bd-519e-92fa-a69484f8298f HTTP/1.1" status: 200 len: 1803 time: 0.0297990
2017-03-22 08:20:02.933 3327 INFO eventlet.wsgi.server [req-395dc243-f29e-4fec-b4a6-62b748e14425 - - - - -] 127.0.0.1 "GET /v1/nodes/e1369efa-5391-5035-8533-3a065c44a584 HTTP/1.1" status: 200 len: 1806 time: 0.0295811
2017-03-22 08:20:03.012 3327 INFO eventlet.wsgi.server [req-6f41ad9b-b0c4-4ca1-bbf1-9e1ee999e28b - - - - -] 127.0.0.1 "GET /v1/nodes/c1a56cb3-fcef-59d5-8105-7e6815154f70 HTTP/1.1" status: 200 len: 1803 time: 0.0313849
2017-03-22 08:20:03.277 3323 DEBUG oslo.messaging._drivers.impl_rabbit [-] Timed out waiting for RPC response: timed out _raise_timeout /usr/local/lib/python2.7/dist-packages/oslo_messaging/_drivers/impl_rabbit.py:1054
2017-03-22 08:20:03.278 3323 DEBUG oslo.messaging._drivers.impl_rabbit [-] Timed out waiting for RPC response: Timeout while waiting on RPC response - topic: "", RPC method: "" info: "" _raise_timeout /usr/local/lib/python2.7/dist-packages/oslo_messaging/_drivers/impl_rabbit.py:1054
2017-03-22 08:20:03.351 3330 DEBUG oslo.messaging._drivers.impl_rabbit [-] Timed out waiting for RPC response: timed out _raise_timeout /usr/local/lib/python2.7/dist-packages/oslo_messaging/_drivers/impl_rabbit.py:1054
2017-03-22 08:20:03.351 3330 DEBUG oslo.messaging._drivers.impl_rabbit [-] Timed out waiting for RPC response: Timeout while waiting on RPC response - topic: "", RPC method: "" info: "" _raise_timeout /usr/local/lib/python2.7/dist-packages/oslo_messaging/_drivers/impl_rabbit.py:1054
2017-03-22 08:20:04.086 3330 INFO eventlet.wsgi.server [req-e9a5faa8-84fa-4c44-a2eb-9c78b1b6beb7 - - - - -] 127.0.0.1 "GET /v1/nodes HTTP/1.1" status: 200 len: 1484 time: 0.0612721
2017-03-22 08:20:04.847 3317 INFO eventlet.wsgi.server [req-67065f60-6578-45d1-bf27-bba51b09f697 - - - - -] 127.0.0.1 "GET /v1/nodes/72010e8e-a3bd-519e-92fa-a69484f8298f HTTP/1.1" status: 200 len: 1803 time: 0.0285380
2017-03-22 08:20:04.968 3327 INFO eventlet.wsgi.server [req-a8a63bfc-72b0-489c-8315-e5054aa8cd86 - - - - -] 127.0.0.1 "GET /v1/nodes/e1369efa-5391-5035-8533-3a065c44a584 HTTP/1.1" status: 200 len: 1806 time: 0.0302341
2017-03-22 08:20:05.045 3327 INFO eventlet.wsgi.server [req-62f17a8f-a5cc-44df-8614-2bb9558bc897 - - - - -] 127.0.0.1 "GET /v1/nodes/c1a56cb3-fcef-59d5-8105-7e6815154f70 HTTP/1.1" status: 200 len: 1803 time: 0.0285199
2017-03-22 08:20:05.281 3323 DEBUG oslo.messaging._drivers.impl_rabbit [-] Timed out waiting for RPC response: timed out _raise_timeout /usr/local/lib/python2.7/dist-packages/oslo_messaging/_drivers/impl_rabbit.py:1054
2017-03-22 08:20:05.282 3323 DEBUG oslo.messaging._drivers.impl_rabbit [-] Timed out waiting for RPC response: Timeout while waiting on RPC response - topic: "", RPC method: "" info: "" _raise_timeout /usr/local/lib/python2.7/dist-packages/oslo_messaging/_drivers/impl_rabbit.py:1054
2017-03-22 08:20:05.353 3330 DEBUG oslo.messaging._drivers.impl_rabbit [-] Timed out waiting for RPC response: timed out _raise_timeout /usr/local/lib/python2.7/dist-packages/oslo_messaging/_drivers/impl_rabbit.py:1054
2017-03-22 08:20:05.354 3330 DEBUG oslo.messaging._drivers.impl_rabbit [-] Timed out waiting for RPC response: Timeout while waiting on RPC response - topic: "", RPC method: "" info: "" _raise_timeout /usr/local/lib/python2.7/dist-packages/oslo_messaging/_drivers/impl_rabbit.py:1054
2017-03-22 08:20:06.374 3317 DEBUG oslo.messaging._drivers.impl_rabbit [-] Timed out waiting for RPC response: timed out _raise_timeout /usr/local/lib/python2.7/dist-packages/oslo_messaging/_drivers/impl_rabbit.py:1054
2017-03-22 08:20:06.375 3317 DEBUG oslo.messaging._drivers.impl_rabbit [-] Timed out waiting for RPC response: Timeout while waiting on RPC response - topic: "", RPC method: "" info: "" _raise_timeout /usr/local/lib/python2.7/dist-packages/oslo_messaging/_drivers/impl_rabbit.py:1054
2017-03-22 08:20:06.427 3327 DEBUG oslo.messaging._drivers.impl_rabbit [-] Timed out waiting for RPC response: timed out _raise_timeout /usr/local/lib/python2.7/dist-packages/oslo_messaging/_drivers/impl_rabbit.py:1054
2017-03-22 08:20:06.428 3327 DEBUG oslo.messaging._drivers.impl_rabbit [-] Timed out waiting for RPC response: Timeout while waiting on RPC response - topic: "", RPC method: "" info: "" _raise_timeout /usr/local/lib/python2.7/dist-packages/oslo_messaging/_drivers/impl_rabbit.py:1054
2017-03-22 08:20:06.789 3316 DEBUG oslo.messaging._drivers.impl_rabbit [-] Timed out waiting for RPC response: timed out _raise_timeout /usr/local/lib/python2.7/dist-packages/oslo_messaging/_drivers/impl_rabbit.py:1054
2017-03-22 08:20:06.790 3316 DEBUG oslo.messaging._drivers.impl_rabbit [-] Timed out waiting for RPC response: Timeout while waiting on RPC response - topic: "", RPC method: "" info: "" _raise_timeout /usr/local/lib/python2.7/dist-packages/oslo_messaging/_drivers/impl_rabbit.py:1054
2017-03-22 08:20:06.878 3317 INFO eventlet.wsgi.server [req-33f25e12-497c-4a77-8739-af46d1715a28 - - - - -] 127.0.0.1 "GET /v1/nodes/72010e8e-a3bd-519e-92fa-a69484f8298f HTTP/1.1" status: 200 len: 1815 time: 0.0264211
